216.73.217.1 - - [21/Sep/2026:06:57:53 +0200] "GET /133-thoughts-on-5-some-thing-husbands-accomplish-2/contacto HTTP/1.1" 301 5554 "-" "Mozilla/5.0 AppleWebKit/537.36 (KHTML, like Gecko; compatible; ClaudeBot/1.0; +claudebot@anthropic.com)"
216.73.217.1 - - [21/Sep/2026:06:57:53 +0200] "GET /contacto/ HTTP/1.1" 200 37717 "https://gessing.es/133-thoughts-on-5-some-thing-husbands-accomplish-2/contacto" "Mozilla/5.0 AppleWebKit/537.36 (KHTML, like Gecko; compatible; ClaudeBot/1.0; +claudebot@anthropic.com)"
74.57.59.97 - - [21/Sep/2026:06:58:28 +0200] "GET /las-mi-s-grandes-travestis-de-madrid-en-sustitutas/politica-de-cookies HTTP/1.1" 301 5581 "-" "Mozilla/5.0 (Macintosh; Intel Mac OS X 15.3; rv:134.0) Gecko/20100101 Firefox/134.0"
74.57.59.97 - - [21/Sep/2026:06:58:29 +0200] "GET /politica-de-cookies/ HTTP/1.1" 200 36167 "-" "Mozilla/5.0 (Macintosh; Intel Mac OS X 15.3; rv:134.0) Gecko/20100101 Firefox/134.0"
51.89.129.246 - - [21/Sep/2026:06:58:34 +0200] "GET /category/adventist-dating-de-review-2/ HTTP/1.1" 200 36718 "-" "Mozilla/5.0 (compatible; AhrefsBot/7.0; +http://ahrefs.com/robot/)"
216.73.217.1 - - [21/Sep/2026:06:59:15 +0200] "GET /133-thoughts-on-5-some-thing-husbands-accomplish-2/medio-ambiente HTTP/1.1" 301 5576 "-" "Mozilla/5.0 AppleWebKit/537.36 (KHTML, like Gecko; compatible; ClaudeBot/1.0; +claudebot@anthropic.com)"
216.73.217.1 - - [21/Sep/2026:06:59:16 +0200] "GET /medio-ambiente/ HTTP/1.1" 200 35031 "https://gessing.es/133-thoughts-on-5-some-thing-husbands-accomplish-2/medio-ambiente" "Mozilla/5.0 AppleWebKit/537.36 (KHTML, like Gecko; compatible; ClaudeBot/1.0; +claudebot@anthropic.com)"
216.73.217.1 - - [21/Sep/2026:06:59:22 +0200] "GET /133-thoughts-on-5-some-thing-husbands-accomplish-2/actividades HTTP/1.1" 301 5573 "-" "Mozilla/5.0 AppleWebKit/537.36 (KHTML, like Gecko; compatible; ClaudeBot/1.0; +claudebot@anthropic.com)"
216.73.217.1 - - [21/Sep/2026:06:59:22 +0200] "GET /actividades/ HTTP/1.1" 200 39444 "https://gessing.es/133-thoughts-on-5-some-thing-husbands-accomplish-2/actividades" "Mozilla/5.0 AppleWebKit/537.36 (KHTML, like Gecko; compatible; ClaudeBot/1.0; +claudebot@anthropic.com)"
216.73.217.1 - - [21/Sep/2026:06:59:23 +0200] "GET /133-thoughts-on-5-some-thing-husbands-accomplish-2/adjudicaciones HTTP/1.1" 301 5592 "-" "Mozilla/5.0 AppleWebKit/537.36 (KHTML, like Gecko; compatible; ClaudeBot/1.0; +claudebot@anthropic.com)"
216.73.217.1 - - [21/Sep/2026:06:59:24 +0200] "GET /adjudicaciones/ HTTP/1.1" 200 53257 "https://gessing.es/133-thoughts-on-5-some-thing-husbands-accomplish-2/adjudicaciones" "Mozilla/5.0 AppleWebKit/537.36 (KHTML, like Gecko; compatible; ClaudeBot/1.0; +claudebot@anthropic.com)"
216.73.217.1 - - [21/Sep/2026:06:59:22 +0200] "GET /133-thoughts-on-5-some-thing-husbands-accomplish-2/feed/ HTTP/1.1" 200 6683 "-" "Mozilla/5.0 AppleWebKit/537.36 (KHTML, like Gecko; compatible; ClaudeBot/1.0; +claudebot@anthropic.com)"
196.189.56.40 - - [21/Sep/2026:06:59:43 +0200] "POST /xmlrpc.php HTTP/1.1" 200 5868 "-" "Jetpack by WordPress.com (Jetpack 12.1; WordPress 6.4)"
198.244.226.237 - - [21/Sep/2026:06:59:43 +0200] "GET /category/chat-avenue-de-review/ HTTP/1.1" 200 37016 "-" "Mozilla/5.0 (compatible; AhrefsBot/7.0; +http://ahrefs.com/robot/)"
196.189.56.40 - - [21/Sep/2026:06:59:53 +0200] "POST /xmlrpc.php HTTP/1.1" 200 5868 "-" "Jetpack by WordPress.com"
196.189.56.40 - - [21/Sep/2026:07:00:04 +0200] "POST /xmlrpc.php HTTP/1.1" 200 5884 "-" "WordPress.com; https://wordpress.com"
220.181.108.158 - - [21/Sep/2026:07:00:12 +0200] "GET /if-you-re-still-in-the-senior-school-you-may-want/medio-ambiente HTTP/1.1" 301 5576 "-" "Mozilla/5.0 (compatible; Baiduspider/2.0; +http://www.baidu.com/search/spider.html)"
220.181.108.147 - - [21/Sep/2026:07:00:13 +0200] "GET /medio-ambiente/ HTTP/1.1" 200 35047 "-" "Mozilla/5.0 (compatible; Baiduspider/2.0; +http://www.baidu.com/search/spider.html)"
196.189.56.40 - - [21/Sep/2026:07:00:15 +0200] "POST /xmlrpc.php HTTP/1.1" 200 5900 "-" "WordPress.com; https://wordpress.com"
196.189.56.40 - - [21/Sep/2026:07:00:26 +0200] "POST /xmlrpc.php HTTP/1.1" 200 5884 "-" "Jetpack/12.0; WordPress/6.2; http://site88327608.com"
196.189.56.40 - - [21/Sep/2026:07:00:37 +0200] "POST /xmlrpc.php HTTP/1.1" 200 5868 "-" "Jetpack by WordPress.com"
103.69.151.32 - - [21/Sep/2026:07:00:37 +0200] "GET /contacto/adjudicaciones HTTP/1.1" 301 5576 "-" "Mozilla/5.0 (iPhone; CPU iPhone OS 18_4 like Mac OS X) AppleWebKit/605.1.15 (KHTML, like Gecko) FxiOS/150.0 Mobile/15E148 Safari/604.1"
103.69.151.32 - - [21/Sep/2026:07:00:41 +0200] "GET /adjudicaciones/ HTTP/1.1" 200 53257 "https://gessing.es/contacto/adjudicaciones" "Mozilla/5.0 (iPhone; CPU iPhone OS 18_4 like Mac OS X) AppleWebKit/605.1.15 (KHTML, like Gecko) FxiOS/150.0 Mobile/15E148 Safari/604.1"
196.189.56.40 - - [21/Sep/2026:07:00:48 +0200] "POST /xmlrpc.php HTTP/1.1" 200 5900 "-" "Jetpack by WordPress.com (Jetpack 12.1; WordPress 6.4)"
198.244.168.54 - - [21/Sep/2026:07:00:52 +0200] "GET /category/cougar-life-plaudern-2/ HTTP/1.1" 200 36590 "-" "Mozilla/5.0 (compatible; AhrefsBot/7.0; +http://ahrefs.com/robot/)"
196.189.56.40 - - [21/Sep/2026:07:00:59 +0200] "POST /xmlrpc.php HTTP/1.1" 200 5884 "-" "Jetpack/12.0; WordPress/6.3; http://site85878962.com"
196.189.56.40 - - [21/Sep/2026:07:01:10 +0200] "POST /xmlrpc.php HTTP/1.1" 200 5884 "-" "Jetpack by WordPress.com"
196.189.56.40 - - [21/Sep/2026:07:01:20 +0200] "POST /xmlrpc.php HTTP/1.1" 200 5900 "-" "WordPress.com; https://wordpress.com"
196.189.56.40 - - [21/Sep/2026:07:01:31 +0200] "POST /xmlrpc.php HTTP/1.1" 200 5884 "-" "Jetpack by WordPress.com (Jetpack 13.0; WordPress 6.1)"
196.189.56.40 - - [21/Sep/2026:07:01:42 +0200] "POST /xmlrpc.php HTTP/1.1" 200 5884 "-" "Jetpack/12.0; WordPress/6.3; http://site78431726.com"
196.189.56.40 - - [21/Sep/2026:07:01:53 +0200] "POST /xmlrpc.php HTTP/1.1" 200 5900 "-" "Jetpack by WordPress.com (Jetpack 12.5; WordPress 6.1)"
196.189.56.40 - - [21/Sep/2026:07:02:04 +0200] "POST /xmlrpc.php HTTP/1.1" 200 5884 "-" "Jetpack/12.5; WordPress/6.4; http://site63631100.com"
51.89.129.154 - - [21/Sep/2026:07:02:07 +0200] "GET /category/dine-app-recenze-recenze-2/ HTTP/1.1" 200 36611 "-" "Mozilla/5.0 (compatible; AhrefsBot/7.0; +http://ahrefs.com/robot/)"
196.189.56.40 - - [21/Sep/2026:07:02:15 +0200] "POST /xmlrpc.php HTTP/1.1" 200 5884 "-" "Jetpack by WordPress.com"
196.189.56.40 - - [21/Sep/2026:07:02:26 +0200] "POST /xmlrpc.php HTTP/1.1" 200 5884 "-" "WordPress.com; https://wordpress.com"
196.189.56.40 - - [21/Sep/2026:07:02:37 +0200] "POST /xmlrpc.php HTTP/1.1" 200 5884 "-" "Jetpack by WordPress.com"
85.208.96.208 - - [21/Sep/2026:07:02:37 +0200] "GET /typical-correspondence-range-from-composing-in-a/ HTTP/1.1" 200 43505 "-" "Mozilla/5.0 (compatible; SemrushBot/7~bl; +http://www.semrush.com/bot.html)"
196.189.56.40 - - [21/Sep/2026:07:02:47 +0200] "POST /xmlrpc.php HTTP/1.1" 200 5884 "-" "WordPress.com; https://wordpress.com"
196.189.56.40 - - [21/Sep/2026:07:02:58 +0200] "POST /xmlrpc.php HTTP/1.1" 200 5868 "-" "Jetpack/12.1; WordPress/6.2; http://site62067629.com"
196.189.56.40 - - [21/Sep/2026:07:03:09 +0200] "POST /xmlrpc.php HTTP/1.1" 200 5868 "-" "Jetpack by WordPress.com (Jetpack 12.1; WordPress 6.4)"
196.189.56.40 - - [21/Sep/2026:07:03:20 +0200] "POST /xmlrpc.php HTTP/1.1" 200 5900 "-" "WordPress.com; https://wordpress.com"
51.195.215.199 - - [21/Sep/2026:07:03:22 +0200] "GET /category/montana-dating-review/ HTTP/1.1" 200 37065 "-" "Mozilla/5.0 (compatible; AhrefsBot/7.0; +http://ahrefs.com/robot/)"
196.189.56.40 - - [21/Sep/2026:07:03:31 +0200] "POST /xmlrpc.php HTTP/1.1" 200 5868 "-" "WordPress.com; https://wordpress.com"
196.189.56.40 - - [21/Sep/2026:07:03:42 +0200] "POST /xmlrpc.php HTTP/1.1" 200 5900 "-" "Jetpack by WordPress.com"
196.189.56.40 - - [21/Sep/2026:07:03:53 +0200] "POST /xmlrpc.php HTTP/1.1" 200 5868 "-" "Jetpack by WordPress.com"
196.189.56.40 - - [21/Sep/2026:07:04:04 +0200] "POST /xmlrpc.php HTTP/1.1" 200 5868 "-" "Jetpack/12.5; WordPress/6.3; http://site15143635.com"
216.73.217.1 - - [21/Sep/2026:07:04:14 +0200] "GET /?p=4323 HTTP/1.1" 301 5573 "-" "Mozilla/5.0 AppleWebKit/537.36 (KHTML, like Gecko; compatible; ClaudeBot/1.0; +claudebot@anthropic.com)"
216.73.217.1 - - [21/Sep/2026:07:04:14 +0200] "GET /meilleur-rencontre-comme-10-sujets-discours-a/ HTTP/1.1" 200 45576 "-" "Mozilla/5.0 AppleWebKit/537.36 (KHTML, like Gecko; compatible; ClaudeBot/1.0; +claudebot@anthropic.com)"
216.73.217.1 - - [21/Sep/2026:07:04:14 +0200] "GET /meilleur-rencontre-comme-10-sujets-discours-a/ HTTP/1.1" 200 45608 "https://gessing.es/?p=4323" "Mozilla/5.0 AppleWebKit/537.36 (KHTML, like Gecko; compatible; ClaudeBot/1.0; +claudebot@anthropic.com)"
196.189.56.40 - - [21/Sep/2026:07:04:15 +0200] "POST /xmlrpc.php HTTP/1.1" 200 5884 "-" "Jetpack/13.0; WordPress/6.1; http://site27040643.com"
216.73.217.1 - - [21/Sep/2026:07:04:15 +0200] "GET /meilleur-rencontre-comme-10-sujets-discours-a/actividades HTTP/1.1" 301 5573 "-" "Mozilla/5.0 AppleWebKit/537.36 (KHTML, like Gecko; compatible; ClaudeBot/1.0; +claudebot@anthropic.com)"
216.73.217.1 - - [21/Sep/2026:07:04:16 +0200] "GET /actividades/ HTTP/1.1" 200 39428 "https://gessing.es/meilleur-rencontre-comme-10-sujets-discours-a/actividades" "Mozilla/5.0 AppleWebKit/537.36 (KHTML, like Gecko; compatible; ClaudeBot/1.0; +claudebot@anthropic.com)"
216.73.217.1 - - [21/Sep/2026:07:04:15 +0200] "GET /meilleur-rencontre-comme-10-sujets-discours-a/feed/ HTTP/1.1" 200 6664 "-" "Mozilla/5.0 AppleWebKit/537.36 (KHTML, like Gecko; compatible; ClaudeBot/1.0; +claudebot@anthropic.com)"
196.189.56.40 - - [21/Sep/2026:07:04:26 +0200] "POST /xmlrpc.php HTTP/1.1" 200 5884 "-" "Jetpack by WordPress.com (Jetpack 12.5; WordPress 6.2)"
216.73.217.1 - - [21/Sep/2026:07:04:26 +0200] "GET /meilleur-rencontre-comme-10-sujets-discours-a/contacto HTTP/1.1" 301 5570 "-" "Mozilla/5.0 AppleWebKit/537.36 (KHTML, like Gecko; compatible; ClaudeBot/1.0; +claudebot@anthropic.com)"
216.73.217.1 - - [21/Sep/2026:07:04:26 +0200] "GET /meilleur-rencontre-comme-10-sujets-discours-a/nosotros HTTP/1.1" 301 5586 "-" "Mozilla/5.0 AppleWebKit/537.36 (KHTML, like Gecko; compatible; ClaudeBot/1.0; +claudebot@anthropic.com)"
216.73.217.1 - - [21/Sep/2026:07:04:26 +0200] "GET /contacto/ HTTP/1.1" 200 37685 "https://gessing.es/meilleur-rencontre-comme-10-sujets-discours-a/contacto" "Mozilla/5.0 AppleWebKit/537.36 (KHTML, like Gecko; compatible; ClaudeBot/1.0; +claudebot@anthropic.com)"
216.73.217.1 - - [21/Sep/2026:07:04:26 +0200] "GET /nosotros/ HTTP/1.1" 200 35924 "https://gessing.es/meilleur-rencontre-comme-10-sujets-discours-a/nosotros" "Mozilla/5.0 AppleWebKit/537.36 (KHTML, like Gecko; compatible; ClaudeBot/1.0; +claudebot@anthropic.com)"
216.73.217.1 - - [21/Sep/2026:07:04:27 +0200] "GET /meilleur-rencontre-comme-10-sujets-discours-a/medio-ambiente HTTP/1.1" 301 5560 "-" "Mozilla/5.0 AppleWebKit/537.36 (KHTML, like Gecko; compatible; ClaudeBot/1.0; +claudebot@anthropic.com)"
216.73.217.1 - - [21/Sep/2026:07:04:27 +0200] "GET /medio-ambiente/ HTTP/1.1" 200 35031 "https://gessing.es/meilleur-rencontre-comme-10-sujets-discours-a/medio-ambiente" "Mozilla/5.0 AppleWebKit/537.36 (KHTML, like Gecko; compatible; ClaudeBot/1.0; +claudebot@anthropic.com)"
216.73.217.1 - - [21/Sep/2026:07:04:27 +0200] "GET /meilleur-rencontre-comme-10-sujets-discours-a/adjudicaciones HTTP/1.1" 301 5560 "-" "Mozilla/5.0 AppleWebKit/537.36 (KHTML, like Gecko; compatible; ClaudeBot/1.0; +claudebot@anthropic.com)"
216.73.217.1 - - [21/Sep/2026:07:04:28 +0200] "GET /adjudicaciones/ HTTP/1.1" 200 53257 "https://gessing.es/meilleur-rencontre-comme-10-sujets-discours-a/adjudicaciones" "Mozilla/5.0 AppleWebKit/537.36 (KHTML, like Gecko; compatible; ClaudeBot/1.0; +claudebot@anthropic.com)"
16.216.88.216 - - [21/Sep/2026:07:04:36 +0200] "GET /in-both-cases-yet-not-there-clearly-was-broad-type/contacto HTTP/1.1" 301 5586 "-" "Mozilla/5.0 AppleWebKit/537.36 (KHTML, like Gecko; compatible; Reflectionbot/1.0; +https://reflection.ai/bot) Chrome/151.0.0.0 Safari/537.36"
196.189.56.40 - - [21/Sep/2026:07:04:36 +0200] "POST /xmlrpc.php HTTP/1.1" 200 5900 "-" "WordPress.com; https://wordpress.com"
16.216.88.216 - - [21/Sep/2026:07:04:37 +0200] "GET /contacto/ HTTP/1.1" 200 37701 "-" "Mozilla/5.0 AppleWebKit/537.36 (KHTML, like Gecko; compatible; Reflectionbot/1.0; +https://reflection.ai/bot) Chrome/151.0.0.0 Safari/537.36"
54.38.147.16 - - [21/Sep/2026:07:04:37 +0200] "GET /category/oasis-active-bezplatna-aplikace-2/ HTTP/1.1" 200 36688 "-" "Mozilla/5.0 (compatible; AhrefsBot/7.0; +http://ahrefs.com/robot/)"
196.189.56.40 - - [21/Sep/2026:07:04:47 +0200] "POST /xmlrpc.php HTTP/1.1" 200 5884 "-" "Jetpack by WordPress.com (Jetpack 12.5; WordPress 6.1)"
216.73.217.1 - - [21/Sep/2026:07:04:48 +0200] "GET /?p=4545 HTTP/1.1" 301 5579 "-" "Mozilla/5.0 AppleWebKit/537.36 (KHTML, like Gecko; compatible; ClaudeBot/1.0; +claudebot@anthropic.com)"
216.73.217.1 - - [21/Sep/2026:07:04:48 +0200] "GET /?p=1583 HTTP/1.1" 301 5554 "-" "Mozilla/5.0 AppleWebKit/537.36 (KHTML, like Gecko; compatible; ClaudeBot/1.0; +claudebot@anthropic.com)"
216.73.217.1 - - [21/Sep/2026:07:04:48 +0200] "GET /leigh-is-5ft-11-has-a-sexy-toned-body-and-huge-g-13/ HTTP/1.1" 200 42862 "https://gessing.es/?p=4545" "Mozilla/5.0 AppleWebKit/537.36 (KHTML, like Gecko; compatible; ClaudeBot/1.0; +claudebot@anthropic.com)"
216.73.217.1 - - [21/Sep/2026:07:04:48 +0200] "GET /the-fresh-new-character-away-from-activity/ HTTP/1.1" 200 43038 "https://gessing.es/?p=1583" "Mozilla/5.0 AppleWebKit/537.36 (KHTML, like Gecko; compatible; ClaudeBot/1.0; +claudebot@anthropic.com)"
216.73.217.1 - - [21/Sep/2026:07:04:49 +0200] "GET /meilleur-rencontre-comme-10-sujets-discours-a/politica-de-cookies HTTP/1.1" 301 5565 "-" "Mozilla/5.0 AppleWebKit/537.36 (KHTML, like Gecko; compatible; ClaudeBot/1.0; +claudebot@anthropic.com)"
216.73.217.1 - - [21/Sep/2026:07:04:49 +0200] "GET /politica-de-cookies/ HTTP/1.1" 200 36167 "https://gessing.es/meilleur-rencontre-comme-10-sujets-discours-a/politica-de-cookies" "Mozilla/5.0 AppleWebKit/537.36 (KHTML, like Gecko; compatible; ClaudeBot/1.0; +claudebot@anthropic.com)"
216.73.217.1 - - [21/Sep/2026:07:04:49 +0200] "GET /meilleur-rencontre-comme-10-sujets-discours-a/politica-de-privacidad HTTP/1.1" 301 5568 "-" "Mozilla/5.0 AppleWebKit/537.36 (KHTML, like Gecko; compatible; ClaudeBot/1.0; +claudebot@anthropic.com)"
216.73.217.1 - - [21/Sep/2026:07:04:49 +0200] "GET /politica-de-privacidad/ HTTP/1.1" 200 37406 "https://gessing.es/meilleur-rencontre-comme-10-sujets-discours-a/politica-de-privacidad" "Mozilla/5.0 AppleWebKit/537.36 (KHTML, like Gecko; compatible; ClaudeBot/1.0; +claudebot@anthropic.com)"
196.189.56.40 - - [21/Sep/2026:07:04:58 +0200] "POST /xmlrpc.php HTTP/1.1" 200 5900 "-" "Jetpack by WordPress.com (Jetpack 12.0; WordPress 6.1)"
216.73.217.1 - - [21/Sep/2026:07:05:05 +0200] "GET /?p=2459 HTTP/1.1" 301 5558 "-" "Mozilla/5.0 AppleWebKit/537.36 (KHTML, like Gecko; compatible; ClaudeBot/1.0; +claudebot@anthropic.com)"
216.73.217.1 - - [21/Sep/2026:07:05:05 +0200] "GET /the-fresh-new-character-away-from-activity/ HTTP/1.1" 200 43022 "-" "Mozilla/5.0 AppleWebKit/537.36 (KHTML, like Gecko; compatible; ClaudeBot/1.0; +claudebot@anthropic.com)"
216.73.217.1 - - [21/Sep/2026:07:05:06 +0200] "GET /international-participants-have-a-much-simpler/ HTTP/1.1" 200 43766 "https://gessing.es/?p=2459" "Mozilla/5.0 AppleWebKit/537.36 (KHTML, like Gecko; compatible; ClaudeBot/1.0; +claudebot@anthropic.com)"
216.73.217.1 - - [21/Sep/2026:07:05:06 +0200] "GET /international-participants-have-a-much-simpler/ HTTP/1.1" 200 43734 "-" "Mozilla/5.0 AppleWebKit/537.36 (KHTML, like Gecko; compatible; ClaudeBot/1.0; +claudebot@anthropic.com)"
216.73.217.1 - - [21/Sep/2026:07:05:06 +0200] "GET /the-fresh-new-character-away-from-activity/feed/ HTTP/1.1" 200 6666 "-" "Mozilla/5.0 AppleWebKit/537.36 (KHTML, like Gecko; compatible; ClaudeBot/1.0; +claudebot@anthropic.com)"
196.189.56.40 - - [21/Sep/2026:07:05:09 +0200] "POST /xmlrpc.php HTTP/1.1" 200 5884 "-" "WordPress.com; https://wordpress.com"
17.166.153.109 - - [21/Sep/2026:07:05:11 +0200] "GET /down-hitched-is-actually-still-another-information-2/medio-ambiente HTTP/1.1" 301 5576 "-" "Mozilla/5.0 (Macintosh; Intel Mac OS X 10_15_7) AppleWebKit/605.1.15 (KHTML, like Gecko) Version/17.4 Safari/605.1.15 (Applebot/0.1; +http://www.apple.com/go/applebot)"
85.208.96.211 - - [21/Sep/2026:07:05:12 +0200] "GET /payday-loans-regarding-vallejo-ca-package-dollars/ HTTP/1.1" 200 44421 "-" "Mozilla/5.0 (compatible; SemrushBot/7~bl; +http://www.semrush.com/bot.html)"
216.73.217.1 - - [21/Sep/2026:07:05:16 +0200] "GET /ella-sera-plenamente-consciente-desplazandolo/actividades HTTP/1.1" 301 5557 "-" "Mozilla/5.0 AppleWebKit/537.36 (KHTML, like Gecko; compatible; ClaudeBot/1.0; +claudebot@anthropic.com)"
216.73.217.1 - - [21/Sep/2026:07:05:16 +0200] "GET /dating-online-game-software-the-latest-15-better/ HTTP/1.1" 200 45778 "-" "Mozilla/5.0 AppleWebKit/537.36 (KHTML, like Gecko; compatible; ClaudeBot/1.0; +claudebot@anthropic.com)"
216.73.217.1 - - [21/Sep/2026:07:05:16 +0200] "GET /actividades/ HTTP/1.1" 200 39428 "https://gessing.es/ella-sera-plenamente-consciente-desplazandolo/actividades" "Mozilla/5.0 AppleWebKit/537.36 (KHTML, like Gecko; compatible; ClaudeBot/1.0; +claudebot@anthropic.com)"
216.73.217.1 - - [21/Sep/2026:07:05:17 +0200] "GET /the-fresh-new-afas-falcon-loan-program-is-actually/contacto HTTP/1.1" 301 5554 "-" "Mozilla/5.0 AppleWebKit/537.36 (KHTML, like Gecko; compatible; ClaudeBot/1.0; +claudebot@anthropic.com)"
216.73.217.1 - - [21/Sep/2026:07:05:17 +0200] "GET /contacto/ HTTP/1.1" 200 37701 "https://gessing.es/the-fresh-new-afas-falcon-loan-program-is-actually/contacto" "Mozilla/5.0 AppleWebKit/537.36 (KHTML, like Gecko; compatible; ClaudeBot/1.0; +claudebot@anthropic.com)"
216.73.217.1 - - [21/Sep/2026:07:05:17 +0200] "GET /international-participants-have-a-much-simpler/feed/ HTTP/1.1" 200 6719 "-" "Mozilla/5.0 AppleWebKit/537.36 (KHTML, like Gecko; compatible; ClaudeBot/1.0; +claudebot@anthropic.com)"
196.189.56.40 - - [21/Sep/2026:07:05:20 +0200] "POST /xmlrpc.php HTTP/1.1" 200 5900 "-" "WordPress.com; https://wordpress.com"
196.189.56.40 - - [21/Sep/2026:07:05:31 +0200] "POST /xmlrpc.php HTTP/1.1" 200 5900 "-" "WordPress.com; https://wordpress.com"
216.73.217.1 - - [21/Sep/2026:07:05:35 +0200] "GET /the-fresh-new-afas-falcon-loan-program-is-actually/nosotros HTTP/1.1" 301 5554 "-" "Mozilla/5.0 AppleWebKit/537.36 (KHTML, like Gecko; compatible; ClaudeBot/1.0; +claudebot@anthropic.com)"
216.73.217.1 - - [21/Sep/2026:07:05:35 +0200] "GET /the-fresh-new-character-away-from-activity/actividades HTTP/1.1" 301 5573 "-" "Mozilla/5.0 AppleWebKit/537.36 (KHTML, like Gecko; compatible; ClaudeBot/1.0; +claudebot@anthropic.com)"
216.73.217.1 - - [21/Sep/2026:07:05:36 +0200] "GET /nosotros/ HTTP/1.1" 200 35908 "https://gessing.es/the-fresh-new-afas-falcon-loan-program-is-actually/nosotros" "Mozilla/5.0 AppleWebKit/537.36 (KHTML, like Gecko; compatible; ClaudeBot/1.0; +claudebot@anthropic.com)"
216.73.217.1 - - [21/Sep/2026:07:05:36 +0200] "GET /actividades/ HTTP/1.1" 200 39444 "https://gessing.es/the-fresh-new-character-away-from-activity/actividades" "Mozilla/5.0 AppleWebKit/537.36 (KHTML, like Gecko; compatible; ClaudeBot/1.0; +claudebot@anthropic.com)"
216.73.217.1 - - [21/Sep/2026:07:05:37 +0200] "GET /the-fresh-new-character-away-from-activity/contacto HTTP/1.1" 301 5586 "-" "Mozilla/5.0 AppleWebKit/537.36 (KHTML, like Gecko; compatible; ClaudeBot/1.0; +claudebot@anthropic.com)"
216.73.217.1 - - [21/Sep/2026:07:05:37 +0200] "GET /contacto/ HTTP/1.1" 200 37717 "https://gessing.es/the-fresh-new-character-away-from-activity/contacto" "Mozilla/5.0 AppleWebKit/537.36 (KHTML, like Gecko; compatible; ClaudeBot/1.0; +claudebot@anthropic.com)"
216.73.217.1 - - [21/Sep/2026:07:05:37 +0200] "GET /the-fresh-new-character-away-from-activity/nosotros HTTP/1.1" 301 5554 "-" "Mozilla/5.0 AppleWebKit/537.36 (KHTML, like Gecko; compatible; ClaudeBot/1.0; +claudebot@anthropic.com)"
216.73.217.1 - - [21/Sep/2026:07:05:38 +0200] "GET /nosotros/ HTTP/1.1" 200 35924 "https://gessing.es/the-fresh-new-character-away-from-activity/nosotros" "Mozilla/5.0 AppleWebKit/537.36 (KHTML, like Gecko; compatible; ClaudeBot/1.0; +claudebot@anthropic.com)"
196.189.56.40 - - [21/Sep/2026:07:05:42 +0200] "POST /xmlrpc.php HTTP/1.1" 200 5868 "-" "Jetpack/12.5; WordPress/6.2; http://site32969272.com"
216.73.217.1 - - [21/Sep/2026:07:05:51 +0200] "GET /international-participants-have-a-much-simpler/actividades HTTP/1.1" 301 5573 "-" "Mozilla/5.0 AppleWebKit/537.36 (KHTML, like Gecko; compatible; ClaudeBot/1.0; +claudebot@anthropic.com)"
216.73.217.1 - - [21/Sep/2026:07:05:51 +0200] "GET /the-fresh-new-character-away-from-activity/medio-ambiente HTTP/1.1" 301 5560 "-" "Mozilla/5.0 AppleWebKit/537.36 (KHTML, like Gecko; compatible; ClaudeBot/1.0; +claudebot@anthropic.com)"
216.73.217.1 - - [21/Sep/2026:07:05:51 +0200] "GET /actividades/ HTTP/1.1" 200 39428 "https://gessing.es/international-participants-have-a-much-simpler/actividades" "Mozilla/5.0 AppleWebKit/537.36 (KHTML, like Gecko; compatible; ClaudeBot/1.0; +claudebot@anthropic.com)"
216.73.217.1 - - [21/Sep/2026:07:05:52 +0200] "GET /international-participants-have-a-much-simpler/contacto HTTP/1.1" 301 5570 "-" "Mozilla/5.0 AppleWebKit/537.36 (KHTML, like Gecko; compatible; ClaudeBot/1.0; +claudebot@anthropic.com)"
51.195.183.212 - - [21/Sep/2026:07:05:52 +0200] "GET /category/strapon-dating-website-kostenlos-2/ HTTP/1.1" 200 36826 "-" "Mozilla/5.0 (compatible; AhrefsBot/7.0; +http://ahrefs.com/robot/)"
216.73.217.1 - - [21/Sep/2026:07:05:52 +0200] "GET /contacto/ HTTP/1.1" 200 37717 "https://gessing.es/international-participants-have-a-much-simpler/contacto" "Mozilla/5.0 AppleWebKit/537.36 (KHTML, like Gecko; compatible; ClaudeBot/1.0; +claudebot@anthropic.com)"
216.73.217.1 - - [21/Sep/2026:07:05:53 +0200] "GET /medio-ambiente/ HTTP/1.1" 200 35047 "https://gessing.es/the-fresh-new-character-away-from-activity/medio-ambiente" "Mozilla/5.0 AppleWebKit/537.36 (KHTML, like Gecko; compatible; ClaudeBot/1.0; +claudebot@anthropic.com)"
196.189.56.40 - - [21/Sep/2026:07:05:53 +0200] "POST /xmlrpc.php HTTP/1.1" 200 5884 "-" "Jetpack by WordPress.com"
216.73.217.1 - - [21/Sep/2026:07:05:53 +0200] "GET /dating-online-game-software-the-latest-15-better/nosotros HTTP/1.1" 301 5554 "-" "Mozilla/5.0 AppleWebKit/537.36 (KHTML, like Gecko; compatible; ClaudeBot/1.0; +claudebot@anthropic.com)"
216.73.217.1 - - [21/Sep/2026:07:05:54 +0200] "GET /nosotros/ HTTP/1.1" 200 35924 "https://gessing.es/dating-online-game-software-the-latest-15-better/nosotros" "Mozilla/5.0 AppleWebKit/537.36 (KHTML, like Gecko; compatible; ClaudeBot/1.0; +claudebot@anthropic.com)"
216.73.217.1 - - [21/Sep/2026:07:06:02 +0200] "GET /ella-sera-plenamente-consciente-desplazandolo/adjudicaciones HTTP/1.1" 301 5592 "-" "Mozilla/5.0 AppleWebKit/537.36 (KHTML, like Gecko; compatible; ClaudeBot/1.0; +claudebot@anthropic.com)"
216.73.217.1 - - [21/Sep/2026:07:06:02 +0200] "GET /international-participants-have-a-much-simpler/nosotros HTTP/1.1" 301 5554 "-" "Mozilla/5.0 AppleWebKit/537.36 (KHTML, like Gecko; compatible; ClaudeBot/1.0; +claudebot@anthropic.com)"
216.73.217.1 - - [21/Sep/2026:07:06:02 +0200] "GET /nosotros/ HTTP/1.1" 200 35908 "https://gessing.es/international-participants-have-a-much-simpler/nosotros" "Mozilla/5.0 AppleWebKit/537.36 (KHTML, like Gecko; compatible; ClaudeBot/1.0; +claudebot@anthropic.com)"
216.73.217.1 - - [21/Sep/2026:07:06:02 +0200] "GET /adjudicaciones/ HTTP/1.1" 200 53273 "https://gessing.es/ella-sera-plenamente-consciente-desplazandolo/adjudicaciones" "Mozilla/5.0 AppleWebKit/537.36 (KHTML, like Gecko; compatible; ClaudeBot/1.0; +claudebot@anthropic.com)"
216.73.217.1 - - [21/Sep/2026:07:06:03 +0200] "GET /international-participants-have-a-much-simpler/medio-ambiente HTTP/1.1" 301 5560 "-" "Mozilla/5.0 AppleWebKit/537.36 (KHTML, like Gecko; compatible; ClaudeBot/1.0; +claudebot@anthropic.com)"
216.73.217.1 - - [21/Sep/2026:07:06:03 +0200] "GET /medio-ambiente/ HTTP/1.1" 200 35047 "https://gessing.es/international-participants-have-a-much-simpler/medio-ambiente" "Mozilla/5.0 AppleWebKit/537.36 (KHTML, like Gecko; compatible; ClaudeBot/1.0; +claudebot@anthropic.com)"
196.189.56.40 - - [21/Sep/2026:07:06:04 +0200] "POST /xmlrpc.php HTTP/1.1" 200 5884 "-" "Jetpack by WordPress.com (Jetpack 12.5; WordPress 6.1)"
196.189.56.40 - - [21/Sep/2026:07:06:15 +0200] "POST /xmlrpc.php HTTP/1.1" 200 5884 "-" "Jetpack by WordPress.com (Jetpack 12.0; WordPress 6.4)"
196.189.56.40 - - [21/Sep/2026:07:06:26 +0200] "POST /xmlrpc.php HTTP/1.1" 200 5900 "-" "WordPress.com; https://wordpress.com"
216.73.217.1 - - [21/Sep/2026:07:06:29 +0200] "GET /should-i-big-date-whilst-getting-a-separation-into/politica-de-privacidad HTTP/1.1" 301 5584 "-" "Mozilla/5.0 AppleWebKit/537.36 (KHTML, like Gecko; compatible; ClaudeBot/1.0; +claudebot@anthropic.com)"
216.73.217.1 - - [21/Sep/2026:07:06:29 +0200] "GET /should-i-big-date-whilst-getting-a-separation-into/politica-de-cookies HTTP/1.1" 301 5565 "-" "Mozilla/5.0 AppleWebKit/537.36 (KHTML, like Gecko; compatible; ClaudeBot/1.0; +claudebot@anthropic.com)"
216.73.217.1 - - [21/Sep/2026:07:06:29 +0200] "GET /politica-de-privacidad/ HTTP/1.1" 200 37406 "https://gessing.es/should-i-big-date-whilst-getting-a-separation-into/politica-de-privacidad" "Mozilla/5.0 AppleWebKit/537.36 (KHTML, like Gecko; compatible; ClaudeBot/1.0; +claudebot@anthropic.com)"
216.73.217.1 - - [21/Sep/2026:07:06:30 +0200] "GET /politica-de-cookies/ HTTP/1.1" 200 36167 "https://gessing.es/should-i-big-date-whilst-getting-a-separation-into/politica-de-cookies" "Mozilla/5.0 AppleWebKit/537.36 (KHTML, like Gecko; compatible; ClaudeBot/1.0; +claudebot@anthropic.com)"
216.73.217.1 - - [21/Sep/2026:07:06:30 +0200] "GET /the-fresh-new-character-away-from-activity/adjudicaciones HTTP/1.1" 301 5592 "-" "Mozilla/5.0 AppleWebKit/537.36 (KHTML, like Gecko; compatible; ClaudeBot/1.0; +claudebot@anthropic.com)"
216.73.217.1 - - [21/Sep/2026:07:06:30 +0200] "GET /adjudicaciones/ HTTP/1.1" 200 53273 "https://gessing.es/the-fresh-new-character-away-from-activity/adjudicaciones" "Mozilla/5.0 AppleWebKit/537.36 (KHTML, like Gecko; compatible; ClaudeBot/1.0; +claudebot@anthropic.com)"
196.189.56.40 - - [21/Sep/2026:07:06:37 +0200] "POST /xmlrpc.php HTTP/1.1" 200 5900 "-" "WordPress.com; https://wordpress.com"
216.73.217.1 - - [21/Sep/2026:07:06:41 +0200] "GET /international-participants-have-a-much-simpler/adjudicaciones HTTP/1.1" 301 5560 "-" "Mozilla/5.0 AppleWebKit/537.36 (KHTML, like Gecko; compatible; ClaudeBot/1.0; +claudebot@anthropic.com)"
216.73.217.1 - - [21/Sep/2026:07:06:41 +0200] "GET /dating-online-game-software-the-latest-15-better/adjudicaciones HTTP/1.1" 301 5560 "-" "Mozilla/5.0 AppleWebKit/537.36 (KHTML, like Gecko; compatible; ClaudeBot/1.0; +claudebot@anthropic.com)"
216.73.217.1 - - [21/Sep/2026:07:06:42 +0200] "GET /adjudicaciones/ HTTP/1.1" 200 53257 "https://gessing.es/international-participants-have-a-much-simpler/adjudicaciones" "Mozilla/5.0 AppleWebKit/537.36 (KHTML, like Gecko; compatible; ClaudeBot/1.0; +claudebot@anthropic.com)"
216.73.217.1 - - [21/Sep/2026:07:06:42 +0200] "GET /adjudicaciones/ HTTP/1.1" 200 53257 "https://gessing.es/dating-online-game-software-the-latest-15-better/adjudicaciones" "Mozilla/5.0 AppleWebKit/537.36 (KHTML, like Gecko; compatible; ClaudeBot/1.0; +claudebot@anthropic.com)"
216.73.217.1 - - [21/Sep/2026:07:06:42 +0200] "GET /the-fresh-new-afas-falcon-loan-program-is-actually/politica-de-privacidad HTTP/1.1" 301 5600 "-" "Mozilla/5.0 AppleWebKit/537.36 (KHTML, like Gecko; compatible; ClaudeBot/1.0; +claudebot@anthropic.com)"
216.73.217.1 - - [21/Sep/2026:07:06:42 +0200] "GET /politica-de-privacidad/ HTTP/1.1" 200 37406 "https://gessing.es/the-fresh-new-afas-falcon-loan-program-is-actually/politica-de-privacidad" "Mozilla/5.0 AppleWebKit/537.36 (KHTML, like Gecko; compatible; ClaudeBot/1.0; +claudebot@anthropic.com)"
216.73.217.1 - - [21/Sep/2026:07:06:46 +0200] "GET /the-fresh-new-character-away-from-activity/politica-de-cookies HTTP/1.1" 301 5581 "-" "Mozilla/5.0 AppleWebKit/537.36 (KHTML, like Gecko; compatible; ClaudeBot/1.0; +claudebot@anthropic.com)"
216.73.217.1 - - [21/Sep/2026:07:06:46 +0200] "GET /the-fresh-new-character-away-from-activity/politica-de-privacidad HTTP/1.1" 301 5584 "-" "Mozilla/5.0 AppleWebKit/537.36 (KHTML, like Gecko; compatible; ClaudeBot/1.0; +claudebot@anthropic.com)"
216.73.217.1 - - [21/Sep/2026:07:06:47 +0200] "GET /politica-de-privacidad/ HTTP/1.1" 200 37406 "https://gessing.es/the-fresh-new-character-away-from-activity/politica-de-privacidad" "Mozilla/5.0 AppleWebKit/537.36 (KHTML, like Gecko; compatible; ClaudeBot/1.0; +claudebot@anthropic.com)"
216.73.217.1 - - [21/Sep/2026:07:06:47 +0200] "GET /politica-de-cookies/ HTTP/1.1" 200 36167 "https://gessing.es/the-fresh-new-character-away-from-activity/politica-de-cookies" "Mozilla/5.0 AppleWebKit/537.36 (KHTML, like Gecko; compatible; ClaudeBot/1.0; +claudebot@anthropic.com)"
196.189.56.40 - - [21/Sep/2026:07:06:48 +0200] "POST /xmlrpc.php HTTP/1.1" 200 5868 "-" "Jetpack by WordPress.com"
216.73.217.1 - - [21/Sep/2026:07:06:48 +0200] "GET /leigh-is-5ft-11-has-a-sexy-toned-body-and-huge-g-13/ HTTP/1.1" 200 42846 "-" "Mozilla/5.0 AppleWebKit/537.36 (KHTML, like Gecko; compatible; ClaudeBot/1.0; +claudebot@anthropic.com)"
216.73.217.1 - - [21/Sep/2026:07:06:58 +0200] "GET /dating-online-game-software-the-latest-15-better/politica-de-privacidad HTTP/1.1" 301 5584 "-" "Mozilla/5.0 AppleWebKit/537.36 (KHTML, like Gecko; compatible; ClaudeBot/1.0; +claudebot@anthropic.com)"
216.73.217.1 - - [21/Sep/2026:07:06:58 +0200] "GET /dating-online-game-software-the-latest-15-better/politica-de-cookies HTTP/1.1" 301 5565 "-" "Mozilla/5.0 AppleWebKit/537.36 (KHTML, like Gecko; compatible; ClaudeBot/1.0; +claudebot@anthropic.com)"
216.73.217.1 - - [21/Sep/2026:07:06:58 +0200] "GET /politica-de-privacidad/ HTTP/1.1" 200 37390 "https://gessing.es/dating-online-game-software-the-latest-15-better/politica-de-privacidad" "Mozilla/5.0 AppleWebKit/537.36 (KHTML, like Gecko; compatible; ClaudeBot/1.0; +claudebot@anthropic.com)"
216.73.217.1 - - [21/Sep/2026:07:06:58 +0200] "GET /politica-de-cookies/ HTTP/1.1" 200 36167 "https://gessing.es/dating-online-game-software-the-latest-15-better/politica-de-cookies" "Mozilla/5.0 AppleWebKit/537.36 (KHTML, like Gecko; compatible; ClaudeBot/1.0; +claudebot@anthropic.com)"
216.73.217.1 - - [21/Sep/2026:07:06:58 +0200] "GET /international-participants-have-a-much-simpler/politica-de-cookies HTTP/1.1" 301 5581 "-" "Mozilla/5.0 AppleWebKit/537.36 (KHTML, like Gecko; compatible; ClaudeBot/1.0; +claudebot@anthropic.com)"
196.189.56.40 - - [21/Sep/2026:07:06:58 +0200] "POST /xmlrpc.php HTTP/1.1" 200 5868 "-" "Jetpack by WordPress.com (Jetpack 12.5; WordPress 6.2)"
216.73.217.1 - - [21/Sep/2026:07:06:59 +0200] "GET /politica-de-cookies/ HTTP/1.1" 200 36151 "https://gessing.es/international-participants-have-a-much-simpler/politica-de-cookies" "Mozilla/5.0 AppleWebKit/537.36 (KHTML, like Gecko; compatible; ClaudeBot/1.0; +claudebot@anthropic.com)"
85.208.96.206 - - [21/Sep/2026:07:07:06 +0200] "GET /we-ended-up-parting-means-once-the-people-even/ HTTP/1.1" 200 44248 "-" "Mozilla/5.0 (compatible; SemrushBot/7~bl; +http://www.semrush.com/bot.html)"
198.244.242.133 - - [21/Sep/2026:07:07:07 +0200] "GET /category/taiwan-chat-rooms-reviews-2/ HTTP/1.1" 200 36793 "-" "Mozilla/5.0 (compatible; AhrefsBot/7.0; +http://ahrefs.com/robot/)"
85.208.96.199 - - [21/Sep/2026:07:07:08 +0200] "GET /if-you-do-have-a-less-than-perfect-credit/ HTTP/1.1" 200 43444 "-" "Mozilla/5.0 (compatible; SemrushBot/7~bl; +http://www.semrush.com/bot.html)"
196.189.56.40 - - [21/Sep/2026:07:07:09 +0200] "POST /xmlrpc.php HTTP/1.1" 200 5900 "-" "Jetpack/13.0; WordPress/6.2; http://site37126851.com"
196.189.56.40 - - [21/Sep/2026:07:07:20 +0200] "POST /xmlrpc.php HTTP/1.1" 200 5884 "-" "Jetpack/12.0; WordPress/6.1; http://site21966982.com"
216.73.217.1 - - [21/Sep/2026:07:07:25 +0200] "GET /international-participants-have-a-much-simpler/politica-de-privacidad HTTP/1.1" 301 5600 "-" "Mozilla/5.0 AppleWebKit/537.36 (KHTML, like Gecko; compatible; ClaudeBot/1.0; +claudebot@anthropic.com)"
216.73.217.1 - - [21/Sep/2026:07:07:25 +0200] "GET /politica-de-privacidad/ HTTP/1.1" 200 37406 "https://gessing.es/international-participants-have-a-much-simpler/politica-de-privacidad" "Mozilla/5.0 AppleWebKit/537.36 (KHTML, like Gecko; compatible; ClaudeBot/1.0; +claudebot@anthropic.com)"
216.73.217.1 - - [21/Sep/2026:07:07:26 +0200] "GET /leigh-is-5ft-11-has-a-sexy-toned-body-and-huge-g-13/actividades HTTP/1.1" 301 5573 "-" "Mozilla/5.0 AppleWebKit/537.36 (KHTML, like Gecko; compatible; ClaudeBot/1.0; +claudebot@anthropic.com)"
216.73.217.1 - - [21/Sep/2026:07:07:26 +0200] "GET /actividades/ HTTP/1.1" 200 39460 "https://gessing.es/leigh-is-5ft-11-has-a-sexy-toned-body-and-huge-g-13/actividades" "Mozilla/5.0 AppleWebKit/537.36 (KHTML, like Gecko; compatible; ClaudeBot/1.0; +claudebot@anthropic.com)"
216.73.217.1 - - [21/Sep/2026:07:07:25 +0200] "GET /leigh-is-5ft-11-has-a-sexy-toned-body-and-huge-g-13/feed/ HTTP/1.1" 200 6630 "-" "Mozilla/5.0 AppleWebKit/537.36 (KHTML, like Gecko; compatible; ClaudeBot/1.0; +claudebot@anthropic.com)"
216.73.217.1 - - [21/Sep/2026:07:07:30 +0200] "GET /leigh-is-5ft-11-has-a-sexy-toned-body-and-huge-g-13/medio-ambiente HTTP/1.1" 301 5592 "-" "Mozilla/5.0 AppleWebKit/537.36 (KHTML, like Gecko; compatible; ClaudeBot/1.0; +claudebot@anthropic.com)"
216.73.217.1 - - [21/Sep/2026:07:07:30 +0200] "GET /leigh-is-5ft-11-has-a-sexy-toned-body-and-huge-g-13/contacto HTTP/1.1" 301 5570 "-" "Mozilla/5.0 AppleWebKit/537.36 (KHTML, like Gecko; compatible; ClaudeBot/1.0; +claudebot@anthropic.com)"
216.73.217.1 - - [21/Sep/2026:07:07:31 +0200] "GET /medio-ambiente/ HTTP/1.1" 200 35047 "https://gessing.es/leigh-is-5ft-11-has-a-sexy-toned-body-and-huge-g-13/medio-ambiente" "Mozilla/5.0 AppleWebKit/537.36 (KHTML, like Gecko; compatible; ClaudeBot/1.0; +claudebot@anthropic.com)"
216.73.217.1 - - [21/Sep/2026:07:07:31 +0200] "GET /contacto/ HTTP/1.1" 200 37701 "https://gessing.es/leigh-is-5ft-11-has-a-sexy-toned-body-and-huge-g-13/contacto" "Mozilla/5.0 AppleWebKit/537.36 (KHTML, like Gecko; compatible; ClaudeBot/1.0; +claudebot@anthropic.com)"
196.189.56.40 - - [21/Sep/2026:07:07:31 +0200] "POST /xmlrpc.php HTTP/1.1" 200 5884 "-" "Jetpack/12.1; WordPress/6.4; http://site99344682.com"
216.73.217.1 - - [21/Sep/2026:07:07:31 +0200] "GET /leigh-is-5ft-11-has-a-sexy-toned-body-and-huge-g-13/nosotros HTTP/1.1" 301 5570 "-" "Mozilla/5.0 AppleWebKit/537.36 (KHTML, like Gecko; compatible; ClaudeBot/1.0; +claudebot@anthropic.com)"
216.73.217.1 - - [21/Sep/2026:07:07:31 +0200] "GET /nosotros/ HTTP/1.1" 200 35940 "https://gessing.es/leigh-is-5ft-11-has-a-sexy-toned-body-and-huge-g-13/nosotros" "Mozilla/5.0 AppleWebKit/537.36 (KHTML, like Gecko; compatible; ClaudeBot/1.0; +claudebot@anthropic.com)"
196.189.56.40 - - [21/Sep/2026:07:07:42 +0200] "POST /xmlrpc.php HTTP/1.1" 200 5884 "-" "Jetpack by WordPress.com (Jetpack 12.0; WordPress 6.2)"
216.73.217.1 - - [21/Sep/2026:07:07:44 +0200] "GET /leigh-is-5ft-11-has-a-sexy-toned-body-and-huge-g-13/politica-de-cookies HTTP/1.1" 301 5581 "-" "Mozilla/5.0 AppleWebKit/537.36 (KHTML, like Gecko; compatible; ClaudeBot/1.0; +claudebot@anthropic.com)"
216.73.217.1 - - [21/Sep/2026:07:07:44 +0200] "GET /leigh-is-5ft-11-has-a-sexy-toned-body-and-huge-g-13/adjudicaciones HTTP/1.1" 301 5592 "-" "Mozilla/5.0 AppleWebKit/537.36 (KHTML, like Gecko; compatible; ClaudeBot/1.0; +claudebot@anthropic.com)"
216.73.217.1 - - [21/Sep/2026:07:07:45 +0200] "GET /politica-de-cookies/ HTTP/1.1" 200 36183 "https://gessing.es/leigh-is-5ft-11-has-a-sexy-toned-body-and-huge-g-13/politica-de-cookies" "Mozilla/5.0 AppleWebKit/537.36 (KHTML, like Gecko; compatible; ClaudeBot/1.0; +claudebot@anthropic.com)"
216.73.217.1 - - [21/Sep/2026:07:07:45 +0200] "GET /adjudicaciones/ HTTP/1.1" 200 53257 "https://gessing.es/leigh-is-5ft-11-has-a-sexy-toned-body-and-huge-g-13/adjudicaciones" "Mozilla/5.0 AppleWebKit/537.36 (KHTML, like Gecko; compatible; ClaudeBot/1.0; +claudebot@anthropic.com)"
216.73.217.1 - - [21/Sep/2026:07:07:46 +0200] "GET /leigh-is-5ft-11-has-a-sexy-toned-body-and-huge-g-13/politica-de-privacidad HTTP/1.1" 301 5584 "-" "Mozilla/5.0 AppleWebKit/537.36 (KHTML, like Gecko; compatible; ClaudeBot/1.0; +claudebot@anthropic.com)"
216.73.217.1 - - [21/Sep/2026:07:07:46 +0200] "GET /politica-de-privacidad/ HTTP/1.1" 200 37390 "https://gessing.es/leigh-is-5ft-11-has-a-sexy-toned-body-and-huge-g-13/politica-de-privacidad" "Mozilla/5.0 AppleWebKit/537.36 (KHTML, like Gecko; compatible; ClaudeBot/1.0; +claudebot@anthropic.com)"
196.189.56.40 - - [21/Sep/2026:07:07:53 +0200] "POST /xmlrpc.php HTTP/1.1" 200 5900 "-" "Jetpack/12.5; WordPress/6.2; http://site33717459.com"
196.189.56.40 - - [21/Sep/2026:07:08:04 +0200] "POST /xmlrpc.php HTTP/1.1" 200 5900 "-" "Jetpack/12.5; WordPress/6.1; http://site96846374.com"
196.189.56.40 - - [21/Sep/2026:07:08:14 +0200] "POST /xmlrpc.php HTTP/1.1" 200 5884 "-" "Jetpack/13.0; WordPress/6.1; http://site84220048.com"
198.244.242.128 - - [21/Sep/2026:07:08:22 +0200] "GET /category/the-inner-circle-modere-2/ HTTP/1.1" 200 37153 "-" "Mozilla/5.0 (compatible; AhrefsBot/7.0; +http://ahrefs.com/robot/)"
196.189.56.40 - - [21/Sep/2026:07:08:25 +0200] "POST /xmlrpc.php HTTP/1.1" 200 5900 "-" "Jetpack by WordPress.com"
196.189.56.40 - - [21/Sep/2026:07:08:36 +0200] "POST /xmlrpc.php HTTP/1.1" 200 5900 "-" "WordPress.com; https://wordpress.com"
196.189.56.40 - - [21/Sep/2026:07:08:47 +0200] "POST /xmlrpc.php HTTP/1.1" 200 5900 "-" "Jetpack by WordPress.com"
196.189.56.40 - - [21/Sep/2026:07:08:58 +0200] "POST /xmlrpc.php HTTP/1.1" 200 5900 "-" "Jetpack/13.0; WordPress/6.4; http://site92725291.com"
85.208.96.206 - - [21/Sep/2026:07:09:07 +0200] "GET /simple-tips-to-look-after-a-wholesome-relationship/ HTTP/1.1" 200 42736 "-" "Mozilla/5.0 (compatible; SemrushBot/7~bl; +http://www.semrush.com/bot.html)"
196.189.56.40 - - [21/Sep/2026:07:09:08 +0200] "POST /xmlrpc.php HTTP/1.1" 200 5900 "-" "Jetpack/13.0; WordPress/6.3; http://site69490554.com"
196.189.56.40 - - [21/Sep/2026:07:09:19 +0200] "POST /xmlrpc.php HTTP/1.1" 200 5900 "-" "WordPress.com; https://wordpress.com"
196.189.56.40 - - [21/Sep/2026:07:09:30 +0200] "POST /xmlrpc.php HTTP/1.1" 200 5884 "-" "Jetpack by WordPress.com (Jetpack 12.0; WordPress 6.1)"
51.195.244.0 - - [21/Sep/2026:07:09:37 +0200] "GET /category/okcupid-halle-berry-dating-2/ HTTP/1.1" 200 36630 "-" "Mozilla/5.0 (compatible; AhrefsBot/7.0; +http://ahrefs.com/robot/)"
196.189.56.40 - - [21/Sep/2026:07:09:41 +0200] "POST /xmlrpc.php HTTP/1.1" 200 5900 "-" "Jetpack by WordPress.com (Jetpack 12.1; WordPress 6.4)"
196.189.56.40 - - [21/Sep/2026:07:09:52 +0200] "POST /xmlrpc.php HTTP/1.1" 200 5900 "-" "Jetpack by WordPress.com (Jetpack 12.0; WordPress 6.1)"
196.189.56.40 - - [21/Sep/2026:07:10:03 +0200] "POST /xmlrpc.php HTTP/1.1" 200 5900 "-" "WordPress.com; https://wordpress.com"
196.189.56.40 - - [21/Sep/2026:07:10:14 +0200] "POST /xmlrpc.php HTTP/1.1" 200 5900 "-" "Jetpack by WordPress.com (Jetpack 12.5; WordPress 6.4)"
196.189.56.40 - - [21/Sep/2026:07:10:25 +0200] "POST /xmlrpc.php HTTP/1.1" 200 5884 "-" "Jetpack by WordPress.com"
196.189.56.40 - - [21/Sep/2026:07:10:36 +0200] "POST /xmlrpc.php HTTP/1.1" 200 5884 "-" "WordPress.com; https://wordpress.com"
196.189.56.40 - - [21/Sep/2026:07:10:47 +0200] "POST /xmlrpc.php HTTP/1.1" 200 5900 "-" "Jetpack by WordPress.com (Jetpack 13.0; WordPress 6.4)"
209.42.18.223 - - [21/Sep/2026:07:10:52 +0200] "GET /wp-login.php HTTP/1.1" 200 13767 "-" "Mozilla/5.0 (Macintosh; Intel Mac OS X 10_15_7) AppleWebKit/537.36 (KHTML, like Gecko) Chrome/146.0.0.0 Safari/537.36"
209.42.18.223 - - [21/Sep/2026:07:10:52 +0200] "POST /wp-login.php HTTP/1.1" 200 14186 "https://gessing.es/wp-login.php" "Mozilla/5.0 (Macintosh; Intel Mac OS X 10_15_7) AppleWebKit/537.36 (KHTML, like Gecko) Chrome/146.0.0.0 Safari/537.36"
209.42.18.223 - - [21/Sep/2026:07:10:52 +0200] "GET /wp-json/wp/v2/users/me HTTP/1.1" 401 5821 "-" "Mozilla/5.0 (Macintosh; Intel Mac OS X 10_15_7) AppleWebKit/537.36 (KHTML, like Gecko) Chrome/146.0.0.0 Safari/537.36"
198.244.242.199 - - [21/Sep/2026:07:10:52 +0200] "GET /category/cougar-chat-rooms-app-2/ HTTP/1.1" 200 36574 "-" "Mozilla/5.0 (compatible; AhrefsBot/7.0; +http://ahrefs.com/robot/)"
196.189.56.40 - - [21/Sep/2026:07:10:58 +0200] "POST /xmlrpc.php HTTP/1.1" 200 5884 "-" "WordPress.com; https://wordpress.com"
196.189.56.40 - - [21/Sep/2026:07:11:09 +0200] "POST /xmlrpc.php HTTP/1.1" 200 5868 "-" "Jetpack by WordPress.com"
85.208.96.196 - - [21/Sep/2026:07:11:13 +0200] "GET /the-psychology-of-online-dating/politica-de-cookies HTTP/1.1" 301 5581 "-" "Mozilla/5.0 (compatible; SemrushBot/7~bl; +http://www.semrush.com/bot.html)"
196.189.56.40 - - [21/Sep/2026:07:11:20 +0200] "POST /xmlrpc.php HTTP/1.1" 200 5884 "-" "Jetpack by WordPress.com (Jetpack 12.1; WordPress 6.4)"
196.189.56.40 - - [21/Sep/2026:07:11:32 +0200] "POST /xmlrpc.php HTTP/1.1" 200 5884 "-" "WordPress.com; https://wordpress.com"
17.166.232.36 - - [21/Sep/2026:07:11:32 +0200] "GET /meet-filipino-women-of-all-ages-on-line-29/feed/ HTTP/1.1" 200 6591 "-" "Mozilla/5.0 (Macintosh; Intel Mac OS X 10_15_7) AppleWebKit/605.1.15 (KHTML, like Gecko) Version/17.4 Safari/605.1.15 (Applebot/0.1; +http://www.apple.com/go/applebot)"
196.189.56.40 - - [21/Sep/2026:07:11:43 +0200] "POST /xmlrpc.php HTTP/1.1" 200 5868 "-" "Jetpack by WordPress.com"
85.208.96.195 - - [21/Sep/2026:07:11:53 +0200] "GET /translate-complimentary-on-the-web-with-machine-12/ HTTP/1.1" 200 44147 "-" "Mozilla/5.0 (compatible; SemrushBot/7~bl; +http://www.semrush.com/bot.html)"
196.189.56.40 - - [21/Sep/2026:07:11:53 +0200] "POST /xmlrpc.php HTTP/1.1" 200 5868 "-" "Jetpack by WordPress.com"
209.141.37.250 - - [21/Sep/2026:07:11:56 +0200] "GET /wp-login.php HTTP/1.1" 200 13751 "-" "Mozilla/5.0 (X11; Linux x86_64; rv:123.0) Gecko/20100101 Firefox/123.0"
196.189.56.40 - - [21/Sep/2026:07:12:04 +0200] "POST /xmlrpc.php HTTP/1.1" 200 5900 "-" "Jetpack/12.1; WordPress/6.1; http://site59797400.com"
51.195.183.65 - - [21/Sep/2026:07:12:07 +0200] "GET /category/fdatingpartnersuche-de-ohne-mitgef-hl-2/ HTTP/1.1" 200 36925 "-" "Mozilla/5.0 (compatible; AhrefsBot/7.0; +http://ahrefs.com/robot/)"
196.189.56.40 - - [21/Sep/2026:07:12:15 +0200] "POST /xmlrpc.php HTTP/1.1" 200 5884 "-" "Jetpack/13.0; WordPress/6.2; http://site97529972.com"
196.189.56.40 - - [21/Sep/2026:07:12:26 +0200] "POST /xmlrpc.php HTTP/1.1" 200 5868 "-" "WordPress.com; https://wordpress.com"
196.189.56.40 - - [21/Sep/2026:07:12:37 +0200] "POST /xmlrpc.php HTTP/1.1" 200 5884 "-" "Jetpack/12.5; WordPress/6.1; http://site26383156.com"
209.141.37.250 - - [21/Sep/2026:07:12:44 +0200] "POST /wp-login.php HTTP/1.1" 200 14204 "-" "Mozilla/5.0 (X11; Linux x86_64; rv:123.0) Gecko/20100101 Firefox/123.0"
196.189.56.40 - - [21/Sep/2026:07:12:48 +0200] "POST /xmlrpc.php HTTP/1.1" 200 5900 "-" "Jetpack by WordPress.com (Jetpack 13.0; WordPress 6.1)"
196.189.56.40 - - [21/Sep/2026:07:12:59 +0200] "POST /xmlrpc.php HTTP/1.1" 200 5884 "-" "Jetpack by WordPress.com"
196.189.56.40 - - [21/Sep/2026:07:13:09 +0200] "POST /xmlrpc.php HTTP/1.1" 200 5884 "-" "WordPress.com; https://wordpress.com"
196.189.56.40 - - [21/Sep/2026:07:13:20 +0200] "POST /xmlrpc.php HTTP/1.1" 200 5884 "-" "Jetpack by WordPress.com"
198.244.226.21 - - [21/Sep/2026:07:13:22 +0200] "GET /category/fuckswipe-es-review-2/ HTTP/1.1" 200 36752 "-" "Mozilla/5.0 (compatible; AhrefsBot/7.0; +http://ahrefs.com/robot/)"
47.79.207.251 - - [21/Sep/2026:07:13:29 +0200] "GET /?p=829 HTTP/1.1" 301 5570 "https://www.google.com/" "Mozilla/5.0 (Linux; Android 10; K) AppleWebKit/537.36 (KHTML, like Gecko) Chrome/132.0.0.0 Mobile Safari/537.36"
47.79.207.251 - - [21/Sep/2026:07:13:30 +0200] "GET /nosotros/ HTTP/1.1" 200 35908 "https://www.google.com/" "Mozilla/5.0 (Linux; Android 10; K) AppleWebKit/537.36 (KHTML, like Gecko) Chrome/132.0.0.0 Mobile Safari/537.36"
196.189.56.40 - - [21/Sep/2026:07:13:31 +0200] "POST /xmlrpc.php HTTP/1.1" 200 5884 "-" "Jetpack by WordPress.com (Jetpack 12.0; WordPress 6.3)"
16.216.88.173 - - [21/Sep/2026:07:13:41 +0200] "GET /payday-advances-utilizing-head-screen-credit/medio-ambiente HTTP/1.1" 301 5560 "-" "Mozilla/5.0 AppleWebKit/537.36 (KHTML, like Gecko; compatible; Reflectionbot/1.0; +https://reflection.ai/bot) Chrome/151.0.0.0 Safari/537.36"
16.216.88.173 - - [21/Sep/2026:07:13:41 +0200] "GET /medio-ambiente/ HTTP/1.1" 200 35047 "-" "Mozilla/5.0 AppleWebKit/537.36 (KHTML, like Gecko; compatible; Reflectionbot/1.0; +https://reflection.ai/bot) Chrome/151.0.0.0 Safari/537.36"
196.189.56.40 - - [21/Sep/2026:07:13:42 +0200] "POST /xmlrpc.php HTTP/1.1" 200 5900 "-" "Jetpack by WordPress.com"
196.189.56.40 - - [21/Sep/2026:07:13:53 +0200] "POST /xmlrpc.php HTTP/1.1" 200 5868 "-" "WordPress.com; https://wordpress.com"
196.189.56.40 - - [21/Sep/2026:07:14:04 +0200] "POST /xmlrpc.php HTTP/1.1" 200 5884 "-" "WordPress.com; https://wordpress.com"
85.208.96.200 - - [21/Sep/2026:07:14:09 +0200] "GET /the-way-the-cares-operate-influences-scientific/actividades HTTP/1.1" 301 5573 "-" "Mozilla/5.0 (compatible; SemrushBot/7~bl; +http://www.semrush.com/bot.html)"
85.208.96.209 - - [21/Sep/2026:07:14:11 +0200] "GET /avoid-using-synthetic-liquids-bins-dining-internet/ HTTP/1.1" 200 42839 "-" "Mozilla/5.0 (compatible; SemrushBot/7~bl; +http://www.semrush.com/bot.html)"
196.189.56.40 - - [21/Sep/2026:07:14:15 +0200] "POST /xmlrpc.php HTTP/1.1" 200 5868 "-" "WordPress.com; https://wordpress.com"
196.189.56.40 - - [21/Sep/2026:07:14:26 +0200] "POST /xmlrpc.php HTTP/1.1" 200 5884 "-" "Jetpack by WordPress.com (Jetpack 12.0; WordPress 6.1)"
196.189.56.40 - - [21/Sep/2026:07:14:37 +0200] "POST /xmlrpc.php HTTP/1.1" 200 5900 "-" "Jetpack/12.1; WordPress/6.3; http://site57859901.com"
198.244.168.87 - - [21/Sep/2026:07:14:37 +0200] "GET /category/meetville-dating/ HTTP/1.1" 200 37062 "-" "Mozilla/5.0 (compatible; AhrefsBot/7.0; +http://ahrefs.com/robot/)"
196.189.56.40 - - [21/Sep/2026:07:14:47 +0200] "POST /xmlrpc.php HTTP/1.1" 200 5900 "-" "Jetpack by WordPress.com (Jetpack 13.0; WordPress 6.2)"
196.189.56.40 - - [21/Sep/2026:07:14:58 +0200] "POST /xmlrpc.php HTTP/1.1" 200 5900 "-" "Jetpack/12.1; WordPress/6.3; http://site94159211.com"
196.189.56.40 - - [21/Sep/2026:07:15:09 +0200] "POST /xmlrpc.php HTTP/1.1" 200 5868 "-" "Jetpack by WordPress.com"
196.189.56.40 - - [21/Sep/2026:07:15:20 +0200] "POST /xmlrpc.php HTTP/1.1" 200 5884 "-" "Jetpack by WordPress.com (Jetpack 12.1; WordPress 6.3)"
78.57.214.252 - - [21/Sep/2026:07:15:25 +0200] "POST /xmlrpc.php HTTP/1.1" 200 5882 "-" "Mozilla/5.0 (Windows NT 10.0; Win64; x64) AppleWebKit/537.36 (KHTML, like Gecko) Chrome/151.0.0.0 Safari/537.36"
220.181.108.175 - - [21/Sep/2026:07:15:30 +0200] "GET /his-mountaine-is-actually-from-an-effective/actividades HTTP/1.1" 301 5573 "-" "Mozilla/5.0 (compatible; Baiduspider/2.0; +http://www.baidu.com/search/spider.html)"
196.189.56.40 - - [21/Sep/2026:07:15:31 +0200] "POST /xmlrpc.php HTTP/1.1" 200 5900 "-" "Jetpack by WordPress.com (Jetpack 12.1; WordPress 6.3)"
220.181.108.157 - - [21/Sep/2026:07:15:32 +0200] "GET /actividades/ HTTP/1.1" 200 39444 "-" "Mozilla/5.0 (compatible; Baiduspider/2.0; +http://www.baidu.com/search/spider.html)"
196.189.56.40 - - [21/Sep/2026:07:15:42 +0200] "POST /xmlrpc.php HTTP/1.1" 200 5884 "-" "WordPress.com; https://wordpress.com"
198.244.242.75 - - [21/Sep/2026:07:15:52 +0200] "GET /category/mexican-cupid-review-2/ HTTP/1.1" 200 36801 "-" "Mozilla/5.0 (compatible; AhrefsBot/7.0; +http://ahrefs.com/robot/)"
196.189.56.40 - - [21/Sep/2026:07:15:53 +0200] "POST /xmlrpc.php HTTP/1.1" 200 5884 "-" "Jetpack/12.1; WordPress/6.4; http://site55398465.com"
216.73.216.101 - - [21/Sep/2026:07:15:54 +0200] "GET /robots.txt HTTP/1.1" 200 5679 "-" "Mozilla/5.0 (Macintosh; Intel Mac OS X 10_15_7) AppleWebKit/537.36 (KHTML, like Gecko) Chrome/131.0.0.0 Safari/537.36; ClaudeBot/1.0; +claudebot@anthropic.com)"
216.73.216.101 - - [21/Sep/2026:07:15:54 +0200] "GET /desde-mi-experencia-sobre-casi-9-meses/ HTTP/1.1" 200 46160 "-" "Mozilla/5.0 (Macintosh; Intel Mac OS X 10_15_7) AppleWebKit/537.36 (KHTML, like Gecko) Chrome/131.0.0.0 Safari/537.36; ClaudeBot/1.0; +claudebot@anthropic.com)"
196.189.56.40 - - [21/Sep/2026:07:16:04 +0200] "POST /xmlrpc.php HTTP/1.1" 200 5900 "-" "Jetpack by WordPress.com (Jetpack 13.0; WordPress 6.4)"
196.189.56.40 - - [21/Sep/2026:07:16:15 +0200] "POST /xmlrpc.php HTTP/1.1" 200 5884 "-" "Jetpack by WordPress.com (Jetpack 13.0; WordPress 6.4)"
196.189.56.40 - - [21/Sep/2026:07:16:26 +0200] "POST /xmlrpc.php HTTP/1.1" 200 5884 "-" "WordPress.com; https://wordpress.com"
196.189.56.40 - - [21/Sep/2026:07:16:37 +0200] "POST /xmlrpc.php HTTP/1.1" 200 5868 "-" "WordPress.com; https://wordpress.com"
196.189.56.40 - - [21/Sep/2026:07:16:48 +0200] "POST /xmlrpc.php HTTP/1.1" 200 5884 "-" "Jetpack by WordPress.com (Jetpack 12.1; WordPress 6.4)"
85.208.96.201 - - [21/Sep/2026:07:16:53 +0200] "GET /category/illinois-dating-sign-in-2/politica-de-cookies HTTP/1.1" 404 36566 "-" "Mozilla/5.0 (compatible; SemrushBot/7~bl; +http://www.semrush.com/bot.html)"
196.189.56.40 - - [21/Sep/2026:07:16:58 +0200] "POST /xmlrpc.php HTTP/1.1" 200 5884 "-" "WordPress.com; https://wordpress.com"
198.244.183.138 - - [21/Sep/2026:07:17:07 +0200] "GET /category/minneapolis-mn-minnesota-review-2/ HTTP/1.1" 200 36926 "-" "Mozilla/5.0 (compatible; AhrefsBot/7.0; +http://ahrefs.com/robot/)"
