35.198.31.208 - - [21/Sep/2026:11:08:16 +0200] "GET /dev/phpinfo.php HTTP/1.1" 301 5592 "-" "Mozilla/5.0 (X11; Linux x86_64) AppleWebKit/537.36 (KHTML, like Gecko) Chrome/131.0.0.0 Safari/537.36"
34.16.174.0 - - [21/Sep/2026:11:08:17 +0200] "GET /store/.env HTTP/1.1" 301 5610 "-" "Mozilla/5.0 (Macintosh; Intel Mac OS X 10_15_7) AppleWebKit/537.36 (KHTML, like Gecko) Chrome/131.0.0.0 Safari/537.36"
34.16.174.0 - - [21/Sep/2026:11:08:17 +0200] "GET /saas/.env HTTP/1.1" 301 5610 "-" "Mozilla/5.0 (Macintosh; Intel Mac OS X 10_15_7) AppleWebKit/537.36 (KHTML, like Gecko) Chrome/131.0.0.0 Safari/537.36"
35.198.31.208 - - [21/Sep/2026:11:08:17 +0200] "GET /old/phpinfo.php HTTP/1.1" 301 5592 "-" "Mozilla/5.0 (X11; Linux x86_64) AppleWebKit/537.36 (KHTML, like Gecko) Chrome/131.0.0.0 Safari/537.36"
34.16.174.0 - - [21/Sep/2026:11:08:17 +0200] "GET /client/.env HTTP/1.1" 301 5610 "-" "Mozilla/5.0 (Macintosh; Intel Mac OS X 10_15_7) AppleWebKit/537.36 (KHTML, like Gecko) Chrome/131.0.0.0 Safari/537.36"
35.198.31.208 - - [21/Sep/2026:11:08:17 +0200] "GET /tmp/phpinfo.php HTTP/1.1" 301 5592 "-" "Mozilla/5.0 (X11; Linux x86_64) AppleWebKit/537.36 (KHTML, like Gecko) Chrome/131.0.0.0 Safari/537.36"
34.16.174.0 - - [21/Sep/2026:11:08:18 +0200] "GET /project/.env HTTP/1.1" 301 5610 "-" "Mozilla/5.0 (Macintosh; Intel Mac OS X 10_15_7) AppleWebKit/537.36 (KHTML, like Gecko) Chrome/131.0.0.0 Safari/537.36"
35.198.31.208 - - [21/Sep/2026:11:08:18 +0200] "GET /public/phpinfo.php HTTP/1.1" 301 5595 "-" "Mozilla/5.0 (X11; Linux x86_64) AppleWebKit/537.36 (KHTML, like Gecko) Chrome/131.0.0.0 Safari/537.36"
34.16.174.0 - - [21/Sep/2026:11:08:18 +0200] "GET /admin-panel/.env HTTP/1.1" 301 5594 "-" "Mozilla/5.0 (Macintosh; Intel Mac OS X 10_15_7) AppleWebKit/537.36 (KHTML, like Gecko) Chrome/131.0.0.0 Safari/537.36"
34.16.174.0 - - [21/Sep/2026:11:08:18 +0200] "GET /control-panel/.env HTTP/1.1" 301 5610 "-" "Mozilla/5.0 (Macintosh; Intel Mac OS X 10_15_7) AppleWebKit/537.36 (KHTML, like Gecko) Chrome/131.0.0.0 Safari/537.36"
35.198.31.208 - - [21/Sep/2026:11:08:18 +0200] "GET /info HTTP/1.1" 301 5627 "-" "Mozilla/5.0 (X11; Linux x86_64) AppleWebKit/537.36 (KHTML, like Gecko) Chrome/131.0.0.0 Safari/537.36"
34.16.174.0 - - [21/Sep/2026:11:08:19 +0200] "GET /user-panel/.env HTTP/1.1" 301 5626 "-" "Mozilla/5.0 (Macintosh; Intel Mac OS X 10_15_7) AppleWebKit/537.36 (KHTML, like Gecko) Chrome/131.0.0.0 Safari/537.36"
35.198.31.208 - - [21/Sep/2026:11:08:19 +0200] "GET /php-info.php HTTP/1.1" 301 5589 "-" "Mozilla/5.0 (X11; Linux x86_64) AppleWebKit/537.36 (KHTML, like Gecko) Chrome/131.0.0.0 Safari/537.36"
34.16.174.0 - - [21/Sep/2026:11:08:19 +0200] "GET /node/.env HTTP/1.1" 301 5626 "-" "Mozilla/5.0 (Macintosh; Intel Mac OS X 10_15_7) AppleWebKit/537.36 (KHTML, like Gecko) Chrome/131.0.0.0 Safari/537.36"
34.16.174.0 - - [21/Sep/2026:11:08:19 +0200] "GET /express/.env HTTP/1.1" 301 5626 "-" "Mozilla/5.0 (Macintosh; Intel Mac OS X 10_15_7) AppleWebKit/537.36 (KHTML, like Gecko) Chrome/131.0.0.0 Safari/537.36"
35.198.31.208 - - [21/Sep/2026:11:08:19 +0200] "GET /phpversion.php HTTP/1.1" 301 5591 "-" "Mozilla/5.0 (X11; Linux x86_64) AppleWebKit/537.36 (KHTML, like Gecko) Chrome/131.0.0.0 Safari/537.36"
34.16.174.0 - - [21/Sep/2026:11:08:20 +0200] "GET /next/.env HTTP/1.1" 301 5594 "-" "Mozilla/5.0 (Macintosh; Intel Mac OS X 10_15_7) AppleWebKit/537.36 (KHTML, like Gecko) Chrome/131.0.0.0 Safari/537.36"
35.198.31.208 - - [21/Sep/2026:11:08:20 +0200] "GET /_phpinfo.php HTTP/1.1" 301 5589 "-" "Mozilla/5.0 (X11; Linux x86_64) AppleWebKit/537.36 (KHTML, like Gecko) Chrome/131.0.0.0 Safari/537.36"
34.16.174.0 - - [21/Sep/2026:11:08:20 +0200] "GET /nuxt/.env HTTP/1.1" 301 5610 "-" "Mozilla/5.0 (Macintosh; Intel Mac OS X 10_15_7) AppleWebKit/537.36 (KHTML, like Gecko) Chrome/131.0.0.0 Safari/537.36"
35.198.31.208 - - [21/Sep/2026:11:08:20 +0200] "GET /old_phpinfo.php HTTP/1.1" 301 5592 "-" "Mozilla/5.0 (X11; Linux x86_64) AppleWebKit/537.36 (KHTML, like Gecko) Chrome/131.0.0.0 Safari/537.36"
34.16.174.0 - - [21/Sep/2026:11:08:20 +0200] "GET /nest/.env HTTP/1.1" 301 5610 "-" "Mozilla/5.0 (Macintosh; Intel Mac OS X 10_15_7) AppleWebKit/537.36 (KHTML, like Gecko) Chrome/131.0.0.0 Safari/537.36"
34.16.174.0 - - [21/Sep/2026:11:08:21 +0200] "GET /react/.env HTTP/1.1" 301 5610 "-" "Mozilla/5.0 (Macintosh; Intel Mac OS X 10_15_7) AppleWebKit/537.36 (KHTML, like Gecko) Chrome/131.0.0.0 Safari/537.36"
35.198.31.208 - - [21/Sep/2026:11:08:21 +0200] "GET /server-info.php HTTP/1.1" 301 5592 "-" "Mozilla/5.0 (X11; Linux x86_64) AppleWebKit/537.36 (KHTML, like Gecko) Chrome/131.0.0.0 Safari/537.36"
34.16.174.0 - - [21/Sep/2026:11:08:21 +0200] "GET /vue/.env HTTP/1.1" 301 5626 "-" "Mozilla/5.0 (Macintosh; Intel Mac OS X 10_15_7) AppleWebKit/537.36 (KHTML, like Gecko) Chrome/131.0.0.0 Safari/537.36"
35.198.31.208 - - [21/Sep/2026:11:08:21 +0200] "GET /server-status.php HTTP/1.1" 301 5594 "-" "Mozilla/5.0 (X11; Linux x86_64) AppleWebKit/537.36 (KHTML, like Gecko) Chrome/131.0.0.0 Safari/537.36"
34.16.174.0 - - [21/Sep/2026:11:08:22 +0200] "GET /angular/.env HTTP/1.1" 301 5594 "-" "Mozilla/5.0 (Macintosh; Intel Mac OS X 10_15_7) AppleWebKit/537.36 (KHTML, like Gecko) Chrome/131.0.0.0 Safari/537.36"
35.198.31.208 - - [21/Sep/2026:11:08:22 +0200] "GET /_profiler/phpinfo HTTP/1.1" 301 5594 "-" "Mozilla/5.0 (X11; Linux x86_64) AppleWebKit/537.36 (KHTML, like Gecko) Chrome/131.0.0.0 Safari/537.36"
34.16.174.0 - - [21/Sep/2026:11:08:22 +0200] "GET /svelte/.env HTTP/1.1" 301 5610 "-" "Mozilla/5.0 (Macintosh; Intel Mac OS X 10_15_7) AppleWebKit/537.36 (KHTML, like Gecko) Chrome/131.0.0.0 Safari/537.36"
34.16.174.0 - - [21/Sep/2026:11:08:22 +0200] "GET /vite/.env HTTP/1.1" 301 5610 "-" "Mozilla/5.0 (Macintosh; Intel Mac OS X 10_15_7) AppleWebKit/537.36 (KHTML, like Gecko) Chrome/131.0.0.0 Safari/537.36"
35.198.31.208 - - [21/Sep/2026:11:08:22 +0200] "GET /_environment HTTP/1.1" 301 5589 "-" "Mozilla/5.0 (X11; Linux x86_64) AppleWebKit/537.36 (KHTML, like Gecko) Chrome/131.0.0.0 Safari/537.36"
34.16.174.0 - - [21/Sep/2026:11:08:23 +0200] "GET /backup/.env HTTP/1.1" 301 5610 "-" "Mozilla/5.0 (Macintosh; Intel Mac OS X 10_15_7) AppleWebKit/537.36 (KHTML, like Gecko) Chrome/131.0.0.0 Safari/537.36"
35.198.31.208 - - [21/Sep/2026:11:08:23 +0200] "GET /webroot/index.php/_environment HTTP/1.1" 301 5597 "-" "Mozilla/5.0 (X11; Linux x86_64) AppleWebKit/537.36 (KHTML, like Gecko) Chrome/131.0.0.0 Safari/537.36"
34.16.174.0 - - [21/Sep/2026:11:08:23 +0200] "GET /backups/.env HTTP/1.1" 301 5594 "-" "Mozilla/5.0 (Macintosh; Intel Mac OS X 10_15_7) AppleWebKit/537.36 (KHTML, like Gecko) Chrome/131.0.0.0 Safari/537.36"
35.198.31.208 - - [21/Sep/2026:11:08:23 +0200] "GET /mail/phpinfo.php HTTP/1.1" 301 5593 "-" "Mozilla/5.0 (X11; Linux x86_64) AppleWebKit/537.36 (KHTML, like Gecko) Chrome/131.0.0.0 Safari/537.36"
34.16.174.0 - - [21/Sep/2026:11:08:23 +0200] "GET /old/.env HTTP/1.1" 301 5594 "-" "Mozilla/5.0 (Macintosh; Intel Mac OS X 10_15_7) AppleWebKit/537.36 (KHTML, like Gecko) Chrome/131.0.0.0 Safari/537.36"
35.198.31.208 - - [21/Sep/2026:11:08:24 +0200] "GET /cpanel/phpinfo.php HTTP/1.1" 301 5595 "-" "Mozilla/5.0 (X11; Linux x86_64) AppleWebKit/537.36 (KHTML, like Gecko) Chrome/131.0.0.0 Safari/537.36"
34.16.174.0 - - [21/Sep/2026:11:08:24 +0200] "GET /tmp/.env HTTP/1.1" 301 5594 "-" "Mozilla/5.0 (Macintosh; Intel Mac OS X 10_15_7) AppleWebKit/537.36 (KHTML, like Gecko) Chrome/131.0.0.0 Safari/537.36"
34.16.174.0 - - [21/Sep/2026:11:08:24 +0200] "GET /temp/.env HTTP/1.1" 301 5610 "-" "Mozilla/5.0 (Macintosh; Intel Mac OS X 10_15_7) AppleWebKit/537.36 (KHTML, like Gecko) Chrome/131.0.0.0 Safari/537.36"
35.198.31.208 - - [21/Sep/2026:11:08:24 +0200] "GET /hosting/phpinfo.php HTTP/1.1" 301 5596 "-" "Mozilla/5.0 (X11; Linux x86_64) AppleWebKit/537.36 (KHTML, like Gecko) Chrome/131.0.0.0 Safari/537.36"
34.16.174.0 - - [21/Sep/2026:11:08:24 +0200] "GET /lab/.env HTTP/1.1" 301 5610 "-" "Mozilla/5.0 (Macintosh; Intel Mac OS X 10_15_7) AppleWebKit/537.36 (KHTML, like Gecko) Chrome/131.0.0.0 Safari/537.36"
35.198.31.208 - - [21/Sep/2026:11:08:25 +0200] "GET /webmail/phpinfo.php HTTP/1.1" 301 5596 "-" "Mozilla/5.0 (X11; Linux x86_64) AppleWebKit/537.36 (KHTML, like Gecko) Chrome/131.0.0.0 Safari/537.36"
34.16.174.0 - - [21/Sep/2026:11:08:25 +0200] "GET /cronlab/.env HTTP/1.1" 301 5610 "-" "Mozilla/5.0 (Macintosh; Intel Mac OS X 10_15_7) AppleWebKit/537.36 (KHTML, like Gecko) Chrome/131.0.0.0 Safari/537.36"
34.16.174.0 - - [21/Sep/2026:11:08:25 +0200] "GET /cron/.env HTTP/1.1" 301 5626 "-" "Mozilla/5.0 (Macintosh; Intel Mac OS X 10_15_7) AppleWebKit/537.36 (KHTML, like Gecko) Chrome/131.0.0.0 Safari/537.36"
35.198.31.208 - - [21/Sep/2026:11:08:25 +0200] "GET /smtp/phpinfo.php HTTP/1.1" 301 5593 "-" "Mozilla/5.0 (X11; Linux x86_64) AppleWebKit/537.36 (KHTML, like Gecko) Chrome/131.0.0.0 Safari/537.36"
34.16.174.0 - - [21/Sep/2026:11:08:26 +0200] "GET /en/.env HTTP/1.1" 301 5594 "-" "Mozilla/5.0 (Macintosh; Intel Mac OS X 10_15_7) AppleWebKit/537.36 (KHTML, like Gecko) Chrome/131.0.0.0 Safari/537.36"
35.198.31.208 - - [21/Sep/2026:11:08:26 +0200] "GET /phpinfo.php.bak HTTP/1.1" 301 5592 "-" "Mozilla/5.0 (X11; Linux x86_64) AppleWebKit/537.36 (KHTML, like Gecko) Chrome/131.0.0.0 Safari/537.36"
34.16.174.0 - - [21/Sep/2026:11:08:26 +0200] "GET /administrator/.env HTTP/1.1" 301 5610 "-" "Mozilla/5.0 (Macintosh; Intel Mac OS X 10_15_7) AppleWebKit/537.36 (KHTML, like Gecko) Chrome/131.0.0.0 Safari/537.36"
35.198.31.208 - - [21/Sep/2026:11:08:26 +0200] "GET /phpinfo.php.old HTTP/1.1" 301 5592 "-" "Mozilla/5.0 (X11; Linux x86_64) AppleWebKit/537.36 (KHTML, like Gecko) Chrome/131.0.0.0 Safari/537.36"
34.16.174.0 - - [21/Sep/2026:11:08:26 +0200] "GET /psnlink/.env HTTP/1.1" 301 5610 "-" "Mozilla/5.0 (Macintosh; Intel Mac OS X 10_15_7) AppleWebKit/537.36 (KHTML, like Gecko) Chrome/131.0.0.0 Safari/537.36"
34.16.174.0 - - [21/Sep/2026:11:08:27 +0200] "GET /exapi/.env HTTP/1.1" 301 5610 "-" "Mozilla/5.0 (Macintosh; Intel Mac OS X 10_15_7) AppleWebKit/537.36 (KHTML, like Gecko) Chrome/131.0.0.0 Safari/537.36"
35.198.31.208 - - [21/Sep/2026:11:08:27 +0200] "GET /phpinfo.php~ HTTP/1.1" 301 5589 "-" "Mozilla/5.0 (X11; Linux x86_64) AppleWebKit/537.36 (KHTML, like Gecko) Chrome/131.0.0.0 Safari/537.36"
34.16.174.0 - - [21/Sep/2026:11:08:27 +0200] "GET /sitemaps/.env HTTP/1.1" 301 5626 "-" "Mozilla/5.0 (Macintosh; Intel Mac OS X 10_15_7) AppleWebKit/537.36 (KHTML, like Gecko) Chrome/131.0.0.0 Safari/537.36"
35.198.31.208 - - [21/Sep/2026:11:08:27 +0200] "GET /info.php.bak HTTP/1.1" 301 5589 "-" "Mozilla/5.0 (X11; Linux x86_64) AppleWebKit/537.36 (KHTML, like Gecko) Chrome/131.0.0.0 Safari/537.36"
34.16.174.0 - - [21/Sep/2026:11:08:27 +0200] "GET /.env.backup1 HTTP/1.1" 404 36534 "-" "Mozilla/5.0 (Macintosh; Intel Mac OS X 10_15_7) AppleWebKit/537.36 (KHTML, like Gecko) Chrome/131.0.0.0 Safari/537.36"
35.198.31.208 - - [21/Sep/2026:11:08:28 +0200] "GET /phpinfo.php.save HTTP/1.1" 301 5593 "-" "Mozilla/5.0 (X11; Linux x86_64) AppleWebKit/537.36 (KHTML, like Gecko) Chrome/131.0.0.0 Safari/537.36"
35.198.31.208 - - [21/Sep/2026:11:08:28 +0200] "GET /staging/phpinfo.php HTTP/1.1" 301 5596 "-" "Mozilla/5.0 (X11; Linux x86_64) AppleWebKit/537.36 (KHTML, like Gecko) Chrome/131.0.0.0 Safari/537.36"
34.16.174.0 - - [21/Sep/2026:11:08:28 +0200] "GET /.env.backup2 HTTP/1.1" 404 36550 "-" "Mozilla/5.0 (Macintosh; Intel Mac OS X 10_15_7) AppleWebKit/537.36 (KHTML, like Gecko) Chrome/131.0.0.0 Safari/537.36"
198.244.183.224 - - [21/Sep/2026:11:08:28 +0200] "GET /category/bgclive-chiacchierare-2/ HTTP/1.1" 200 36647 "-" "Mozilla/5.0 (compatible; AhrefsBot/7.0; +http://ahrefs.com/robot/)"
35.198.31.208 - - [21/Sep/2026:11:08:29 +0200] "GET /beta/phpinfo.php HTTP/1.1" 301 5593 "-" "Mozilla/5.0 (X11; Linux x86_64) AppleWebKit/537.36 (KHTML, like Gecko) Chrome/131.0.0.0 Safari/537.36"
34.16.174.0 - - [21/Sep/2026:11:08:29 +0200] "GET /logs/.env HTTP/1.1" 301 5594 "-" "Mozilla/5.0 (Macintosh; Intel Mac OS X 10_15_7) AppleWebKit/537.36 (KHTML, like Gecko) Chrome/131.0.0.0 Safari/537.36"
34.16.174.0 - - [21/Sep/2026:11:08:29 +0200] "GET /cache/.env HTTP/1.1" 301 5626 "-" "Mozilla/5.0 (Macintosh; Intel Mac OS X 10_15_7) AppleWebKit/537.36 (KHTML, like Gecko) Chrome/131.0.0.0 Safari/537.36"
35.198.31.208 - - [21/Sep/2026:11:08:29 +0200] "GET /uat/phpinfo.php HTTP/1.1" 301 5592 "-" "Mozilla/5.0 (X11; Linux x86_64) AppleWebKit/537.36 (KHTML, like Gecko) Chrome/131.0.0.0 Safari/537.36"
34.16.174.0 - - [21/Sep/2026:11:08:30 +0200] "GET /mailer/.env HTTP/1.1" 301 5626 "-" "Mozilla/5.0 (Macintosh; Intel Mac OS X 10_15_7) AppleWebKit/537.36 (KHTML, like Gecko) Chrome/131.0.0.0 Safari/537.36"
35.198.31.208 - - [21/Sep/2026:11:08:30 +0200] "GET /qa/phpinfo.php HTTP/1.1" 301 5591 "-" "Mozilla/5.0 (X11; Linux x86_64) AppleWebKit/537.36 (KHTML, like Gecko) Chrome/131.0.0.0 Safari/537.36"
34.16.174.0 - - [21/Sep/2026:11:08:30 +0200] "GET /mail/.env HTTP/1.1" 301 5610 "-" "Mozilla/5.0 (Macintosh; Intel Mac OS X 10_15_7) AppleWebKit/537.36 (KHTML, like Gecko) Chrome/131.0.0.0 Safari/537.36"
35.198.31.208 - - [21/Sep/2026:11:08:30 +0200] "GET /preview/phpinfo.php HTTP/1.1" 301 5596 "-" "Mozilla/5.0 (X11; Linux x86_64) AppleWebKit/537.36 (KHTML, like Gecko) Chrome/131.0.0.0 Safari/537.36"
34.16.174.0 - - [21/Sep/2026:11:08:30 +0200] "GET /email/.env HTTP/1.1" 301 5610 "-" "Mozilla/5.0 (Macintosh; Intel Mac OS X 10_15_7) AppleWebKit/537.36 (KHTML, like Gecko) Chrome/131.0.0.0 Safari/537.36"
34.16.174.0 - - [21/Sep/2026:11:08:31 +0200] "GET /smtp/.env HTTP/1.1" 301 5610 "-" "Mozilla/5.0 (Macintosh; Intel Mac OS X 10_15_7) AppleWebKit/537.36 (KHTML, like Gecko) Chrome/131.0.0.0 Safari/537.36"
35.198.31.208 - - [21/Sep/2026:11:08:31 +0200] "GET /www/phpinfo.php HTTP/1.1" 301 5592 "-" "Mozilla/5.0 (X11; Linux x86_64) AppleWebKit/537.36 (KHTML, like Gecko) Chrome/131.0.0.0 Safari/537.36"
34.16.174.0 - - [21/Sep/2026:11:08:31 +0200] "GET /mailing/.env HTTP/1.1" 301 5594 "-" "Mozilla/5.0 (Macintosh; Intel Mac OS X 10_15_7) AppleWebKit/537.36 (KHTML, like Gecko) Chrome/131.0.0.0 Safari/537.36"
35.198.31.208 - - [21/Sep/2026:11:08:31 +0200] "GET /htdocs/phpinfo.php HTTP/1.1" 301 5595 "-" "Mozilla/5.0 (X11; Linux x86_64) AppleWebKit/537.36 (KHTML, like Gecko) Chrome/131.0.0.0 Safari/537.36"
34.16.174.0 - - [21/Sep/2026:11:08:31 +0200] "GET /notifications/.env HTTP/1.1" 301 5610 "-" "Mozilla/5.0 (Macintosh; Intel Mac OS X 10_15_7) AppleWebKit/537.36 (KHTML, like Gecko) Chrome/131.0.0.0 Safari/537.36"
34.16.174.0 - - [21/Sep/2026:11:08:32 +0200] "GET /notify/.env HTTP/1.1" 301 5594 "-" "Mozilla/5.0 (Macintosh; Intel Mac OS X 10_15_7) AppleWebKit/537.36 (KHTML, like Gecko) Chrome/131.0.0.0 Safari/537.36"
35.198.31.208 - - [21/Sep/2026:11:08:32 +0200] "GET /public_html/phpinfo.php HTTP/1.1" 301 5600 "-" "Mozilla/5.0 (X11; Linux x86_64) AppleWebKit/537.36 (KHTML, like Gecko) Chrome/131.0.0.0 Safari/537.36"
34.16.174.0 - - [21/Sep/2026:11:08:32 +0200] "GET /sender/.env HTTP/1.1" 301 5610 "-" "Mozilla/5.0 (Macintosh; Intel Mac OS X 10_15_7) AppleWebKit/537.36 (KHTML, like Gecko) Chrome/131.0.0.0 Safari/537.36"
35.198.31.208 - - [21/Sep/2026:11:08:32 +0200] "GET /site/phpinfo.php HTTP/1.1" 301 5593 "-" "Mozilla/5.0 (X11; Linux x86_64) AppleWebKit/537.36 (KHTML, like Gecko) Chrome/131.0.0.0 Safari/537.36"
34.16.174.0 - - [21/Sep/2026:11:08:32 +0200] "GET /campaign/.env HTTP/1.1" 301 5610 "-" "Mozilla/5.0 (Macintosh; Intel Mac OS X 10_15_7) AppleWebKit/537.36 (KHTML, like Gecko) Chrome/131.0.0.0 Safari/537.36"
35.198.31.208 - - [21/Sep/2026:11:08:32 +0200] "GET /docs/phpinfo.php HTTP/1.1" 301 5593 "-" "Mozilla/5.0 (X11; Linux x86_64) AppleWebKit/537.36 (KHTML, like Gecko) Chrome/131.0.0.0 Safari/537.36"
34.16.174.0 - - [21/Sep/2026:11:08:33 +0200] "GET /newsletter/.env HTTP/1.1" 301 5626 "-" "Mozilla/5.0 (Macintosh; Intel Mac OS X 10_15_7) AppleWebKit/537.36 (KHTML, like Gecko) Chrome/131.0.0.0 Safari/537.36"
34.16.174.0 - - [21/Sep/2026:11:08:33 +0200] "GET /ses/.env HTTP/1.1" 301 5610 "-" "Mozilla/5.0 (Macintosh; Intel Mac OS X 10_15_7) AppleWebKit/537.36 (KHTML, like Gecko) Chrome/131.0.0.0 Safari/537.36"
35.198.31.208 - - [21/Sep/2026:11:08:33 +0200] "GET /wp-admin/phpinfo.php HTTP/1.1" 301 5597 "-" "Mozilla/5.0 (X11; Linux x86_64) AppleWebKit/537.36 (KHTML, like Gecko) Chrome/131.0.0.0 Safari/537.36"
34.16.174.0 - - [21/Sep/2026:11:08:33 +0200] "GET /sendgrid/.env HTTP/1.1" 301 5610 "-" "Mozilla/5.0 (Macintosh; Intel Mac OS X 10_15_7) AppleWebKit/537.36 (KHTML, like Gecko) Chrome/131.0.0.0 Safari/537.36"
35.198.31.208 - - [21/Sep/2026:11:08:33 +0200] "GET /administrator/phpinfo.php HTTP/1.1" 301 5602 "-" "Mozilla/5.0 (X11; Linux x86_64) AppleWebKit/537.36 (KHTML, like Gecko) Chrome/131.0.0.0 Safari/537.36"
34.16.174.0 - - [21/Sep/2026:11:08:34 +0200] "GET /sparkpost/.env HTTP/1.1" 301 5610 "-" "Mozilla/5.0 (Macintosh; Intel Mac OS X 10_15_7) AppleWebKit/537.36 (KHTML, like Gecko) Chrome/131.0.0.0 Safari/537.36"
35.198.31.208 - - [21/Sep/2026:11:08:34 +0200] "GET /core/phpinfo.php HTTP/1.1" 301 5593 "-" "Mozilla/5.0 (X11; Linux x86_64) AppleWebKit/537.36 (KHTML, like Gecko) Chrome/131.0.0.0 Safari/537.36"
34.16.174.0 - - [21/Sep/2026:11:08:34 +0200] "GET /postmark/.env HTTP/1.1" 301 5594 "-" "Mozilla/5.0 (Macintosh; Intel Mac OS X 10_15_7) AppleWebKit/537.36 (KHTML, like Gecko) Chrome/131.0.0.0 Safari/537.36"
34.16.174.0 - - [21/Sep/2026:11:08:34 +0200] "GET /mailgun/.env HTTP/1.1" 301 5626 "-" "Mozilla/5.0 (Macintosh; Intel Mac OS X 10_15_7) AppleWebKit/537.36 (KHTML, like Gecko) Chrome/131.0.0.0 Safari/537.36"
35.198.31.208 - - [21/Sep/2026:11:08:34 +0200] "GET /includes/phpinfo.php HTTP/1.1" 301 5597 "-" "Mozilla/5.0 (X11; Linux x86_64) AppleWebKit/537.36 (KHTML, like Gecko) Chrome/131.0.0.0 Safari/537.36"
34.16.174.0 - - [21/Sep/2026:11:08:35 +0200] "GET /mandrill/.env HTTP/1.1" 301 5594 "-" "Mozilla/5.0 (Macintosh; Intel Mac OS X 10_15_7) AppleWebKit/537.36 (KHTML, like Gecko) Chrome/131.0.0.0 Safari/537.36"
35.198.31.208 - - [21/Sep/2026:11:08:35 +0200] "GET /service-account.json HTTP/1.1" 301 5597 "-" "Mozilla/5.0 (X11; Linux x86_64) AppleWebKit/537.36 (KHTML, like Gecko) Chrome/131.0.0.0 Safari/537.36"
34.16.174.0 - - [21/Sep/2026:11:08:35 +0200] "GET /mailjet/.env HTTP/1.1" 301 5610 "-" "Mozilla/5.0 (Macintosh; Intel Mac OS X 10_15_7) AppleWebKit/537.36 (KHTML, like Gecko) Chrome/131.0.0.0 Safari/537.36"
35.198.31.208 - - [21/Sep/2026:11:08:35 +0200] "GET /sa.json HTTP/1.1" 301 5584 "-" "Mozilla/5.0 (X11; Linux x86_64) AppleWebKit/537.36 (KHTML, like Gecko) Chrome/131.0.0.0 Safari/537.36"
34.16.174.0 - - [21/Sep/2026:11:08:35 +0200] "GET /brevo/.env HTTP/1.1" 301 5626 "-" "Mozilla/5.0 (Macintosh; Intel Mac OS X 10_15_7) AppleWebKit/537.36 (KHTML, like Gecko) Chrome/131.0.0.0 Safari/537.36"
34.16.174.0 - - [21/Sep/2026:11:08:36 +0200] "GET /transactional/.env HTTP/1.1" 301 5610 "-" "Mozilla/5.0 (Macintosh; Intel Mac OS X 10_15_7) AppleWebKit/537.36 (KHTML, like Gecko) Chrome/131.0.0.0 Safari/537.36"
35.198.31.208 - - [21/Sep/2026:11:08:36 +0200] "GET /gcp-key.json HTTP/1.1" 301 5589 "-" "Mozilla/5.0 (X11; Linux x86_64) AppleWebKit/537.36 (KHTML, like Gecko) Chrome/131.0.0.0 Safari/537.36"
34.16.174.0 - - [21/Sep/2026:11:08:36 +0200] "GET /bulk/.env HTTP/1.1" 301 5610 "-" "Mozilla/5.0 (Macintosh; Intel Mac OS X 10_15_7) AppleWebKit/537.36 (KHTML, like Gecko) Chrome/131.0.0.0 Safari/537.36"
35.198.31.208 - - [21/Sep/2026:11:08:36 +0200] "GET /gcp-credentials.json HTTP/1.1" 301 5597 "-" "Mozilla/5.0 (X11; Linux x86_64) AppleWebKit/537.36 (KHTML, like Gecko) Chrome/131.0.0.0 Safari/537.36"
34.16.174.0 - - [21/Sep/2026:11:08:36 +0200] "GET /aws/.env HTTP/1.1" 301 5594 "-" "Mozilla/5.0 (Macintosh; Intel Mac OS X 10_15_7) AppleWebKit/537.36 (KHTML, like Gecko) Chrome/131.0.0.0 Safari/537.36"
35.198.31.208 - - [21/Sep/2026:11:08:37 +0200] "GET /gcp-sa.json HTTP/1.1" 301 5588 "-" "Mozilla/5.0 (X11; Linux x86_64) AppleWebKit/537.36 (KHTML, like Gecko) Chrome/131.0.0.0 Safari/537.36"
34.16.174.0 - - [21/Sep/2026:11:08:37 +0200] "GET /azure/.env HTTP/1.1" 301 5610 "-" "Mozilla/5.0 (Macintosh; Intel Mac OS X 10_15_7) AppleWebKit/537.36 (KHTML, like Gecko) Chrome/131.0.0.0 Safari/537.36"
34.16.174.0 - - [21/Sep/2026:11:08:37 +0200] "GET /gcp/.env HTTP/1.1" 301 5594 "-" "Mozilla/5.0 (Macintosh; Intel Mac OS X 10_15_7) AppleWebKit/537.36 (KHTML, like Gecko) Chrome/131.0.0.0 Safari/537.36"
35.198.31.208 - - [21/Sep/2026:11:08:37 +0200] "GET /credentials.json HTTP/1.1" 301 5593 "-" "Mozilla/5.0 (X11; Linux x86_64) AppleWebKit/537.36 (KHTML, like Gecko) Chrome/131.0.0.0 Safari/537.36"
34.16.174.0 - - [21/Sep/2026:11:08:38 +0200] "GET /cloud/.env HTTP/1.1" 301 5594 "-" "Mozilla/5.0 (Macintosh; Intel Mac OS X 10_15_7) AppleWebKit/537.36 (KHTML, like Gecko) Chrome/131.0.0.0 Safari/537.36"
35.198.31.208 - - [21/Sep/2026:11:08:38 +0200] "GET /google-credentials.json HTTP/1.1" 301 5600 "-" "Mozilla/5.0 (X11; Linux x86_64) AppleWebKit/537.36 (KHTML, like Gecko) Chrome/131.0.0.0 Safari/537.36"
34.16.174.0 - - [21/Sep/2026:11:08:38 +0200] "GET /infrastructure/.env HTTP/1.1" 301 5610 "-" "Mozilla/5.0 (Macintosh; Intel Mac OS X 10_15_7) AppleWebKit/537.36 (KHTML, like Gecko) Chrome/131.0.0.0 Safari/537.36"
35.198.31.208 - - [21/Sep/2026:11:08:38 +0200] "GET /google-key.json HTTP/1.1" 301 5592 "-" "Mozilla/5.0 (X11; Linux x86_64) AppleWebKit/537.36 (KHTML, like Gecko) Chrome/131.0.0.0 Safari/537.36"
34.16.174.0 - - [21/Sep/2026:11:08:38 +0200] "GET /docker/.env HTTP/1.1" 301 5610 "-" "Mozilla/5.0 (Macintosh; Intel Mac OS X 10_15_7) AppleWebKit/537.36 (KHTML, like Gecko) Chrome/131.0.0.0 Safari/537.36"
34.16.174.0 - - [21/Sep/2026:11:08:39 +0200] "GET /k8s/.env HTTP/1.1" 301 5610 "-" "Mozilla/5.0 (Macintosh; Intel Mac OS X 10_15_7) AppleWebKit/537.36 (KHTML, like Gecko) Chrome/131.0.0.0 Safari/537.36"
35.198.31.208 - - [21/Sep/2026:11:08:39 +0200] "GET /.config/gcloud/application_default_credentials.json HTTP/1.1" 301 5628 "-" "Mozilla/5.0 (X11; Linux x86_64) AppleWebKit/537.36 (KHTML, like Gecko) Chrome/131.0.0.0 Safari/537.36"
34.16.174.0 - - [21/Sep/2026:11:08:39 +0200] "GET /kubernetes/.env HTTP/1.1" 301 5610 "-" "Mozilla/5.0 (Macintosh; Intel Mac OS X 10_15_7) AppleWebKit/537.36 (KHTML, like Gecko) Chrome/131.0.0.0 Safari/537.36"
35.198.31.208 - - [21/Sep/2026:11:08:39 +0200] "GET /application_default_credentials.json HTTP/1.1" 301 5613 "-" "Mozilla/5.0 (X11; Linux x86_64) AppleWebKit/537.36 (KHTML, like Gecko) Chrome/131.0.0.0 Safari/537.36"
34.16.174.0 - - [21/Sep/2026:11:08:39 +0200] "GET /terraform/.env HTTP/1.1" 301 5594 "-" "Mozilla/5.0 (Macintosh; Intel Mac OS X 10_15_7) AppleWebKit/537.36 (KHTML, like Gecko) Chrome/131.0.0.0 Safari/537.36"
35.198.31.208 - - [21/Sep/2026:11:08:40 +0200] "GET /key.json HTTP/1.1" 301 5585 "-" "Mozilla/5.0 (X11; Linux x86_64) AppleWebKit/537.36 (KHTML, like Gecko) Chrome/131.0.0.0 Safari/537.36"
34.16.174.0 - - [21/Sep/2026:11:08:40 +0200] "GET /ansible/.env HTTP/1.1" 301 5610 "-" "Mozilla/5.0 (Macintosh; Intel Mac OS X 10_15_7) AppleWebKit/537.36 (KHTML, like Gecko) Chrome/131.0.0.0 Safari/537.36"
35.198.31.208 - - [21/Sep/2026:11:08:40 +0200] "GET /keyfile.json HTTP/1.1" 301 5589 "-" "Mozilla/5.0 (X11; Linux x86_64) AppleWebKit/537.36 (KHTML, like Gecko) Chrome/131.0.0.0 Safari/537.36"
34.16.174.0 - - [21/Sep/2026:11:08:40 +0200] "GET /.git/.env HTTP/1.1" 301 5594 "-" "Mozilla/5.0 (Macintosh; Intel Mac OS X 10_15_7) AppleWebKit/537.36 (KHTML, like Gecko) Chrome/131.0.0.0 Safari/537.36"
34.16.174.0 - - [21/Sep/2026:11:08:41 +0200] "GET /ci/.env HTTP/1.1" 301 5626 "-" "Mozilla/5.0 (Macintosh; Intel Mac OS X 10_15_7) AppleWebKit/537.36 (KHTML, like Gecko) Chrome/131.0.0.0 Safari/537.36"
35.198.31.208 - - [21/Sep/2026:11:08:41 +0200] "GET /firebase-adminsdk.json HTTP/1.1" 301 5599 "-" "Mozilla/5.0 (X11; Linux x86_64) AppleWebKit/537.36 (KHTML, like Gecko) Chrome/131.0.0.0 Safari/537.36"
34.16.174.0 - - [21/Sep/2026:11:08:41 +0200] "GET /cd/.env HTTP/1.1" 301 5610 "-" "Mozilla/5.0 (Macintosh; Intel Mac OS X 10_15_7) AppleWebKit/537.36 (KHTML, like Gecko) Chrome/131.0.0.0 Safari/537.36"
35.198.31.208 - - [21/Sep/2026:11:08:41 +0200] "GET /firebase-key.json HTTP/1.1" 301 5594 "-" "Mozilla/5.0 (X11; Linux x86_64) AppleWebKit/537.36 (KHTML, like Gecko) Chrome/131.0.0.0 Safari/537.36"
34.16.174.0 - - [21/Sep/2026:11:08:41 +0200] "GET /jenkins/.env HTTP/1.1" 301 5610 "-" "Mozilla/5.0 (Macintosh; Intel Mac OS X 10_15_7) AppleWebKit/537.36 (KHTML, like Gecko) Chrome/131.0.0.0 Safari/537.36"
34.16.174.0 - - [21/Sep/2026:11:08:42 +0200] "GET /gitlab/.env HTTP/1.1" 301 5626 "-" "Mozilla/5.0 (Macintosh; Intel Mac OS X 10_15_7) AppleWebKit/537.36 (KHTML, like Gecko) Chrome/131.0.0.0 Safari/537.36"
34.16.174.0 - - [21/Sep/2026:11:08:42 +0200] "GET /github/.env HTTP/1.1" 301 5594 "-" "Mozilla/5.0 (Macintosh; Intel Mac OS X 10_15_7) AppleWebKit/537.36 (KHTML, like Gecko) Chrome/131.0.0.0 Safari/537.36"
35.198.31.208 - - [21/Sep/2026:11:08:42 +0200] "GET / HTTP/1.1" 301 5484 "-" "Mozilla/5.0 (Macintosh; Intel Mac OS X 10_15_7) AppleWebKit/537.36 (KHTML, like Gecko) Chrome/131.0.0.0 Safari/537.36"
34.16.174.0 - - [21/Sep/2026:11:08:42 +0200] "GET /actions/.env HTTP/1.1" 301 5610 "-" "Mozilla/5.0 (Macintosh; Intel Mac OS X 10_15_7) AppleWebKit/537.36 (KHTML, like Gecko) Chrome/131.0.0.0 Safari/537.36"
34.16.174.0 - - [21/Sep/2026:11:08:43 +0200] "GET /circleci/.env HTTP/1.1" 301 5610 "-" "Mozilla/5.0 (Macintosh; Intel Mac OS X 10_15_7) AppleWebKit/537.36 (KHTML, like Gecko) Chrome/131.0.0.0 Safari/537.36"
34.16.174.0 - - [21/Sep/2026:11:08:43 +0200] "GET /travis/.env HTTP/1.1" 301 5626 "-" "Mozilla/5.0 (Macintosh; Intel Mac OS X 10_15_7) AppleWebKit/537.36 (KHTML, like Gecko) Chrome/131.0.0.0 Safari/537.36"
35.198.31.208 - - [21/Sep/2026:11:08:43 +0200] "GET / HTTP/1.1" 200 36214 "-" "Mozilla/5.0 (Macintosh; Intel Mac OS X 10_15_7) AppleWebKit/537.36 (KHTML, like Gecko) Chrome/131.0.0.0 Safari/537.36"
34.16.174.0 - - [21/Sep/2026:11:08:43 +0200] "GET /buildkite/.env HTTP/1.1" 301 5610 "-" "Mozilla/5.0 (Macintosh; Intel Mac OS X 10_15_7) AppleWebKit/537.36 (KHTML, like Gecko) Chrome/131.0.0.0 Safari/537.36"
34.16.174.0 - - [21/Sep/2026:11:08:44 +0200] "GET /mysql/.env HTTP/1.1" 301 5626 "-" "Mozilla/5.0 (Macintosh; Intel Mac OS X 10_15_7) AppleWebKit/537.36 (KHTML, like Gecko) Chrome/131.0.0.0 Safari/537.36"
34.16.174.0 - - [21/Sep/2026:11:08:44 +0200] "GET /postgres/.env HTTP/1.1" 301 5626 "-" "Mozilla/5.0 (Macintosh; Intel Mac OS X 10_15_7) AppleWebKit/537.36 (KHTML, like Gecko) Chrome/131.0.0.0 Safari/537.36"
34.16.174.0 - - [21/Sep/2026:11:08:44 +0200] "GET /mongodb/.env HTTP/1.1" 301 5610 "-" "Mozilla/5.0 (Macintosh; Intel Mac OS X 10_15_7) AppleWebKit/537.36 (KHTML, like Gecko) Chrome/131.0.0.0 Safari/537.36"
34.16.174.0 - - [21/Sep/2026:11:08:45 +0200] "GET /redis/.env HTTP/1.1" 301 5610 "-" "Mozilla/5.0 (Macintosh; Intel Mac OS X 10_15_7) AppleWebKit/537.36 (KHTML, like Gecko) Chrome/131.0.0.0 Safari/537.36"
34.16.174.0 - - [21/Sep/2026:11:08:45 +0200] "GET /elasticsearch/.env HTTP/1.1" 301 5594 "-" "Mozilla/5.0 (Macintosh; Intel Mac OS X 10_15_7) AppleWebKit/537.36 (KHTML, like Gecko) Chrome/131.0.0.0 Safari/537.36"
34.16.174.0 - - [21/Sep/2026:11:08:45 +0200] "GET /rabbitmq/.env HTTP/1.1" 301 5626 "-" "Mozilla/5.0 (Macintosh; Intel Mac OS X 10_15_7) AppleWebKit/537.36 (KHTML, like Gecko) Chrome/131.0.0.0 Safari/537.36"
34.16.174.0 - - [21/Sep/2026:11:08:46 +0200] "GET /kafka/.env HTTP/1.1" 301 5626 "-" "Mozilla/5.0 (Macintosh; Intel Mac OS X 10_15_7) AppleWebKit/537.36 (KHTML, like Gecko) Chrome/131.0.0.0 Safari/537.36"
34.16.174.0 - - [21/Sep/2026:11:08:46 +0200] "GET /queue/.env HTTP/1.1" 301 5610 "-" "Mozilla/5.0 (Macintosh; Intel Mac OS X 10_15_7) AppleWebKit/537.36 (KHTML, like Gecko) Chrome/131.0.0.0 Safari/537.36"
34.16.174.0 - - [21/Sep/2026:11:08:46 +0200] "GET /worker/.env HTTP/1.1" 301 5594 "-" "Mozilla/5.0 (Macintosh; Intel Mac OS X 10_15_7) AppleWebKit/537.36 (KHTML, like Gecko) Chrome/131.0.0.0 Safari/537.36"
34.16.174.0 - - [21/Sep/2026:11:08:47 +0200] "GET /job/.env HTTP/1.1" 301 5626 "-" "Mozilla/5.0 (Macintosh; Intel Mac OS X 10_15_7) AppleWebKit/537.36 (KHTML, like Gecko) Chrome/131.0.0.0 Safari/537.36"
34.16.174.0 - - [21/Sep/2026:11:08:47 +0200] "GET /test/.env HTTP/1.1" 301 5610 "-" "Mozilla/5.0 (Macintosh; Intel Mac OS X 10_15_7) AppleWebKit/537.36 (KHTML, like Gecko) Chrome/131.0.0.0 Safari/537.36"
34.16.174.0 - - [21/Sep/2026:11:08:47 +0200] "GET /qa/.env HTTP/1.1" 301 5594 "-" "Mozilla/5.0 (Macintosh; Intel Mac OS X 10_15_7) AppleWebKit/537.36 (KHTML, like Gecko) Chrome/131.0.0.0 Safari/537.36"
34.16.174.0 - - [21/Sep/2026:11:08:48 +0200] "GET /preview/.env HTTP/1.1" 301 5626 "-" "Mozilla/5.0 (Macintosh; Intel Mac OS X 10_15_7) AppleWebKit/537.36 (KHTML, like Gecko) Chrome/131.0.0.0 Safari/537.36"
34.16.174.0 - - [21/Sep/2026:11:08:48 +0200] "GET /beta/.env HTTP/1.1" 301 5594 "-" "Mozilla/5.0 (Macintosh; Intel Mac OS X 10_15_7) AppleWebKit/537.36 (KHTML, like Gecko) Chrome/131.0.0.0 Safari/537.36"
34.16.174.0 - - [21/Sep/2026:11:08:48 +0200] "GET /uat/.env HTTP/1.1" 301 5594 "-" "Mozilla/5.0 (Macintosh; Intel Mac OS X 10_15_7) AppleWebKit/537.36 (KHTML, like Gecko) Chrome/131.0.0.0 Safari/537.36"
34.16.174.0 - - [21/Sep/2026:11:08:49 +0200] "GET /stage/.env HTTP/1.1" 301 5610 "-" "Mozilla/5.0 (Macintosh; Intel Mac OS X 10_15_7) AppleWebKit/537.36 (KHTML, like Gecko) Chrome/131.0.0.0 Safari/537.36"
34.16.174.0 - - [21/Sep/2026:11:08:49 +0200] "GET /development/.env HTTP/1.1" 301 5610 "-" "Mozilla/5.0 (Macintosh; Intel Mac OS X 10_15_7) AppleWebKit/537.36 (KHTML, like Gecko) Chrome/131.0.0.0 Safari/537.36"
34.16.174.0 - - [21/Sep/2026:11:08:49 +0200] "GET /production/.env HTTP/1.1" 301 5610 "-" "Mozilla/5.0 (Macintosh; Intel Mac OS X 10_15_7) AppleWebKit/537.36 (KHTML, like Gecko) Chrome/131.0.0.0 Safari/537.36"
34.16.174.0 - - [21/Sep/2026:11:08:50 +0200] "GET /config/app/.env HTTP/1.1" 404 36550 "-" "Mozilla/5.0 (Macintosh; Intel Mac OS X 10_15_7) AppleWebKit/537.36 (KHTML, like Gecko) Chrome/131.0.0.0 Safari/537.36"
34.16.174.0 - - [21/Sep/2026:11:08:50 +0200] "GET /phpinfo.php HTTP/1.1" 404 36550 "-" "Mozilla/5.0 (Macintosh; Intel Mac OS X 10_15_7) AppleWebKit/537.36 (KHTML, like Gecko) Chrome/131.0.0.0 Safari/537.36"
34.16.174.0 - - [21/Sep/2026:11:08:51 +0200] "GET /info.php HTTP/1.1" 404 36550 "-" "Mozilla/5.0 (Macintosh; Intel Mac OS X 10_15_7) AppleWebKit/537.36 (KHTML, like Gecko) Chrome/131.0.0.0 Safari/537.36"
34.16.174.0 - - [21/Sep/2026:11:08:51 +0200] "GET /php.php HTTP/1.1" 404 36550 "-" "Mozilla/5.0 (Macintosh; Intel Mac OS X 10_15_7) AppleWebKit/537.36 (KHTML, like Gecko) Chrome/131.0.0.0 Safari/537.36"
34.16.174.0 - - [21/Sep/2026:11:08:52 +0200] "GET /i.php HTTP/1.1" 404 36550 "-" "Mozilla/5.0 (Macintosh; Intel Mac OS X 10_15_7) AppleWebKit/537.36 (KHTML, like Gecko) Chrome/131.0.0.0 Safari/537.36"
34.16.174.0 - - [21/Sep/2026:11:08:53 +0200] "GET /pi.php HTTP/1.1" 404 36550 "-" "Mozilla/5.0 (Macintosh; Intel Mac OS X 10_15_7) AppleWebKit/537.36 (KHTML, like Gecko) Chrome/131.0.0.0 Safari/537.36"
34.16.174.0 - - [21/Sep/2026:11:08:54 +0200] "GET /pinfo.php HTTP/1.1" 404 36550 "-" "Mozilla/5.0 (Macintosh; Intel Mac OS X 10_15_7) AppleWebKit/537.36 (KHTML, like Gecko) Chrome/131.0.0.0 Safari/537.36"
34.16.174.0 - - [21/Sep/2026:11:08:54 +0200] "GET /test.php HTTP/1.1" 404 36550 "-" "Mozilla/5.0 (Macintosh; Intel Mac OS X 10_15_7) AppleWebKit/537.36 (KHTML, like Gecko) Chrome/131.0.0.0 Safari/537.36"
34.16.174.0 - - [21/Sep/2026:11:08:55 +0200] "GET /phpinfo HTTP/1.1" 404 36550 "-" "Mozilla/5.0 (Macintosh; Intel Mac OS X 10_15_7) AppleWebKit/537.36 (KHTML, like Gecko) Chrome/131.0.0.0 Safari/537.36"
34.16.174.0 - - [21/Sep/2026:11:08:55 +0200] "GET /p.php HTTP/1.1" 404 36566 "-" "Mozilla/5.0 (Macintosh; Intel Mac OS X 10_15_7) AppleWebKit/537.36 (KHTML, like Gecko) Chrome/131.0.0.0 Safari/537.36"
34.16.174.0 - - [21/Sep/2026:11:08:56 +0200] "GET /debug.php HTTP/1.1" 404 36534 "-" "Mozilla/5.0 (Macintosh; Intel Mac OS X 10_15_7) AppleWebKit/537.36 (KHTML, like Gecko) Chrome/131.0.0.0 Safari/537.36"
34.16.174.0 - - [21/Sep/2026:11:08:57 +0200] "GET /admin/phpinfo.php HTTP/1.1" 404 36550 "-" "Mozilla/5.0 (Macintosh; Intel Mac OS X 10_15_7) AppleWebKit/537.36 (KHTML, like Gecko) Chrome/131.0.0.0 Safari/537.36"
34.16.174.0 - - [21/Sep/2026:11:08:57 +0200] "GET /test/phpinfo.php HTTP/1.1" 404 36550 "-" "Mozilla/5.0 (Macintosh; Intel Mac OS X 10_15_7) AppleWebKit/537.36 (KHTML, like Gecko) Chrome/131.0.0.0 Safari/537.36"
34.16.174.0 - - [21/Sep/2026:11:08:58 +0200] "GET /dev/phpinfo.php HTTP/1.1" 404 36566 "-" "Mozilla/5.0 (Macintosh; Intel Mac OS X 10_15_7) AppleWebKit/537.36 (KHTML, like Gecko) Chrome/131.0.0.0 Safari/537.36"
34.16.174.0 - - [21/Sep/2026:11:08:59 +0200] "GET /old/phpinfo.php HTTP/1.1" 404 36534 "-" "Mozilla/5.0 (Macintosh; Intel Mac OS X 10_15_7) AppleWebKit/537.36 (KHTML, like Gecko) Chrome/131.0.0.0 Safari/537.36"
34.16.174.0 - - [21/Sep/2026:11:08:59 +0200] "GET /tmp/phpinfo.php HTTP/1.1" 404 36566 "-" "Mozilla/5.0 (Macintosh; Intel Mac OS X 10_15_7) AppleWebKit/537.36 (KHTML, like Gecko) Chrome/131.0.0.0 Safari/537.36"
34.16.174.0 - - [21/Sep/2026:11:09:00 +0200] "GET /public/phpinfo.php HTTP/1.1" 404 36550 "-" "Mozilla/5.0 (Macintosh; Intel Mac OS X 10_15_7) AppleWebKit/537.36 (KHTML, like Gecko) Chrome/131.0.0.0 Safari/537.36"
34.16.174.0 - - [21/Sep/2026:11:09:01 +0200] "GET /info HTTP/1.1" 301 5627 "-" "Mozilla/5.0 (Macintosh; Intel Mac OS X 10_15_7) AppleWebKit/537.36 (KHTML, like Gecko) Chrome/131.0.0.0 Safari/537.36"
34.16.174.0 - - [21/Sep/2026:11:09:01 +0200] "GET /php-info.php HTTP/1.1" 404 36550 "-" "Mozilla/5.0 (Macintosh; Intel Mac OS X 10_15_7) AppleWebKit/537.36 (KHTML, like Gecko) Chrome/131.0.0.0 Safari/537.36"
34.16.174.0 - - [21/Sep/2026:11:09:02 +0200] "GET /phpversion.php HTTP/1.1" 404 36566 "-" "Mozilla/5.0 (Macintosh; Intel Mac OS X 10_15_7) AppleWebKit/537.36 (KHTML, like Gecko) Chrome/131.0.0.0 Safari/537.36"
34.16.174.0 - - [21/Sep/2026:11:09:03 +0200] "GET /_phpinfo.php HTTP/1.1" 404 36550 "-" "Mozilla/5.0 (Macintosh; Intel Mac OS X 10_15_7) AppleWebKit/537.36 (KHTML, like Gecko) Chrome/131.0.0.0 Safari/537.36"
34.16.174.0 - - [21/Sep/2026:11:09:03 +0200] "GET /old_phpinfo.php HTTP/1.1" 404 36534 "-" "Mozilla/5.0 (Macintosh; Intel Mac OS X 10_15_7) AppleWebKit/537.36 (KHTML, like Gecko) Chrome/131.0.0.0 Safari/537.36"
34.16.174.0 - - [21/Sep/2026:11:09:04 +0200] "GET /server-info.php HTTP/1.1" 404 36566 "-" "Mozilla/5.0 (Macintosh; Intel Mac OS X 10_15_7) AppleWebKit/537.36 (KHTML, like Gecko) Chrome/131.0.0.0 Safari/537.36"
34.16.174.0 - - [21/Sep/2026:11:09:05 +0200] "GET /server-status.php HTTP/1.1" 404 36534 "-" "Mozilla/5.0 (Macintosh; Intel Mac OS X 10_15_7) AppleWebKit/537.36 (KHTML, like Gecko) Chrome/131.0.0.0 Safari/537.36"
34.16.174.0 - - [21/Sep/2026:11:09:06 +0200] "GET /_profiler/phpinfo HTTP/1.1" 404 36534 "-" "Mozilla/5.0 (Macintosh; Intel Mac OS X 10_15_7) AppleWebKit/537.36 (KHTML, like Gecko) Chrome/131.0.0.0 Safari/537.36"
34.16.174.0 - - [21/Sep/2026:11:09:06 +0200] "GET /_environment HTTP/1.1" 404 36550 "-" "Mozilla/5.0 (Macintosh; Intel Mac OS X 10_15_7) AppleWebKit/537.36 (KHTML, like Gecko) Chrome/131.0.0.0 Safari/537.36"
34.16.174.0 - - [21/Sep/2026:11:09:07 +0200] "GET /webroot/index.php/_environment HTTP/1.1" 301 5581 "-" "Mozilla/5.0 (Macintosh; Intel Mac OS X 10_15_7) AppleWebKit/537.36 (KHTML, like Gecko) Chrome/131.0.0.0 Safari/537.36"
34.16.174.0 - - [21/Sep/2026:11:09:08 +0200] "GET /mail/phpinfo.php HTTP/1.1" 404 36550 "-" "Mozilla/5.0 (Macintosh; Intel Mac OS X 10_15_7) AppleWebKit/537.36 (KHTML, like Gecko) Chrome/131.0.0.0 Safari/537.36"
34.16.174.0 - - [21/Sep/2026:11:09:08 +0200] "GET /cpanel/phpinfo.php HTTP/1.1" 404 36550 "-" "Mozilla/5.0 (Macintosh; Intel Mac OS X 10_15_7) AppleWebKit/537.36 (KHTML, like Gecko) Chrome/131.0.0.0 Safari/537.36"
34.16.174.0 - - [21/Sep/2026:11:09:09 +0200] "GET /hosting/phpinfo.php HTTP/1.1" 404 36550 "-" "Mozilla/5.0 (Macintosh; Intel Mac OS X 10_15_7) AppleWebKit/537.36 (KHTML, like Gecko) Chrome/131.0.0.0 Safari/537.36"
34.16.174.0 - - [21/Sep/2026:11:09:09 +0200] "GET /webmail/phpinfo.php HTTP/1.1" 404 36550 "-" "Mozilla/5.0 (Macintosh; Intel Mac OS X 10_15_7) AppleWebKit/537.36 (KHTML, like Gecko) Chrome/131.0.0.0 Safari/537.36"
34.16.174.0 - - [21/Sep/2026:11:09:10 +0200] "GET /smtp/phpinfo.php HTTP/1.1" 404 36550 "-" "Mozilla/5.0 (Macintosh; Intel Mac OS X 10_15_7) AppleWebKit/537.36 (KHTML, like Gecko) Chrome/131.0.0.0 Safari/537.36"
34.16.174.0 - - [21/Sep/2026:11:09:11 +0200] "GET /phpinfo.php.bak HTTP/1.1" 404 36566 "-" "Mozilla/5.0 (Macintosh; Intel Mac OS X 10_15_7) AppleWebKit/537.36 (KHTML, like Gecko) Chrome/131.0.0.0 Safari/537.36"
34.16.174.0 - - [21/Sep/2026:11:09:12 +0200] "GET /phpinfo.php.old HTTP/1.1" 404 36534 "-" "Mozilla/5.0 (Macintosh; Intel Mac OS X 10_15_7) AppleWebKit/537.36 (KHTML, like Gecko) Chrome/131.0.0.0 Safari/537.36"
34.16.174.0 - - [21/Sep/2026:11:09:12 +0200] "GET /phpinfo.php~ HTTP/1.1" 404 36534 "-" "Mozilla/5.0 (Macintosh; Intel Mac OS X 10_15_7) AppleWebKit/537.36 (KHTML, like Gecko) Chrome/131.0.0.0 Safari/537.36"
34.16.174.0 - - [21/Sep/2026:11:09:13 +0200] "GET /info.php.bak HTTP/1.1" 404 36550 "-" "Mozilla/5.0 (Macintosh; Intel Mac OS X 10_15_7) AppleWebKit/537.36 (KHTML, like Gecko) Chrome/131.0.0.0 Safari/537.36"
34.16.174.0 - - [21/Sep/2026:11:09:14 +0200] "GET /phpinfo.php.save HTTP/1.1" 404 36566 "-" "Mozilla/5.0 (Macintosh; Intel Mac OS X 10_15_7) AppleWebKit/537.36 (KHTML, like Gecko) Chrome/131.0.0.0 Safari/537.36"
34.16.174.0 - - [21/Sep/2026:11:09:14 +0200] "GET /staging/phpinfo.php HTTP/1.1" 404 36550 "-" "Mozilla/5.0 (Macintosh; Intel Mac OS X 10_15_7) AppleWebKit/537.36 (KHTML, like Gecko) Chrome/131.0.0.0 Safari/537.36"
34.16.174.0 - - [21/Sep/2026:11:09:15 +0200] "GET /beta/phpinfo.php HTTP/1.1" 404 36566 "-" "Mozilla/5.0 (Macintosh; Intel Mac OS X 10_15_7) AppleWebKit/537.36 (KHTML, like Gecko) Chrome/131.0.0.0 Safari/537.36"
34.16.174.0 - - [21/Sep/2026:11:09:16 +0200] "GET /uat/phpinfo.php HTTP/1.1" 404 36534 "-" "Mozilla/5.0 (Macintosh; Intel Mac OS X 10_15_7) AppleWebKit/537.36 (KHTML, like Gecko) Chrome/131.0.0.0 Safari/537.36"
34.16.174.0 - - [21/Sep/2026:11:09:17 +0200] "GET /qa/phpinfo.php HTTP/1.1" 404 36550 "-" "Mozilla/5.0 (Macintosh; Intel Mac OS X 10_15_7) AppleWebKit/537.36 (KHTML, like Gecko) Chrome/131.0.0.0 Safari/537.36"
34.16.174.0 - - [21/Sep/2026:11:09:18 +0200] "GET /preview/phpinfo.php HTTP/1.1" 404 36534 "-" "Mozilla/5.0 (Macintosh; Intel Mac OS X 10_15_7) AppleWebKit/537.36 (KHTML, like Gecko) Chrome/131.0.0.0 Safari/537.36"
34.16.174.0 - - [21/Sep/2026:11:09:18 +0200] "GET /www/phpinfo.php HTTP/1.1" 404 36550 "-" "Mozilla/5.0 (Macintosh; Intel Mac OS X 10_15_7) AppleWebKit/537.36 (KHTML, like Gecko) Chrome/131.0.0.0 Safari/537.36"
34.16.174.0 - - [21/Sep/2026:11:09:19 +0200] "GET /htdocs/phpinfo.php HTTP/1.1" 404 36550 "-" "Mozilla/5.0 (Macintosh; Intel Mac OS X 10_15_7) AppleWebKit/537.36 (KHTML, like Gecko) Chrome/131.0.0.0 Safari/537.36"
16.216.88.222 - - [21/Sep/2026:11:09:20 +0200] "GET /we-are-not-probably-do-this-as-a-whole-lender/politica-de-cookies HTTP/1.1" 301 5597 "-" "Mozilla/5.0 AppleWebKit/537.36 (KHTML, like Gecko; compatible; Reflectionbot/1.0; +https://reflection.ai/bot) Chrome/151.0.0.0 Safari/537.36"
34.16.174.0 - - [21/Sep/2026:11:09:20 +0200] "GET /public_html/phpinfo.php HTTP/1.1" 404 36550 "-" "Mozilla/5.0 (Macintosh; Intel Mac OS X 10_15_7) AppleWebKit/537.36 (KHTML, like Gecko) Chrome/131.0.0.0 Safari/537.36"
34.16.174.0 - - [21/Sep/2026:11:09:20 +0200] "GET /site/phpinfo.php HTTP/1.1" 404 36550 "-" "Mozilla/5.0 (Macintosh; Intel Mac OS X 10_15_7) AppleWebKit/537.36 (KHTML, like Gecko) Chrome/131.0.0.0 Safari/537.36"
16.216.88.222 - - [21/Sep/2026:11:09:20 +0200] "GET /politica-de-cookies/ HTTP/1.1" 200 36151 "-" "Mozilla/5.0 AppleWebKit/537.36 (KHTML, like Gecko; compatible; Reflectionbot/1.0; +https://reflection.ai/bot) Chrome/151.0.0.0 Safari/537.36"
34.16.174.0 - - [21/Sep/2026:11:09:21 +0200] "GET /docs/phpinfo.php HTTP/1.1" 404 36550 "-" "Mozilla/5.0 (Macintosh; Intel Mac OS X 10_15_7) AppleWebKit/537.36 (KHTML, like Gecko) Chrome/131.0.0.0 Safari/537.36"
34.16.174.0 - - [21/Sep/2026:11:09:22 +0200] "GET /wp-admin/phpinfo.php HTTP/1.1" 404 36550 "-" "Mozilla/5.0 (Macintosh; Intel Mac OS X 10_15_7) AppleWebKit/537.36 (KHTML, like Gecko) Chrome/131.0.0.0 Safari/537.36"
34.16.174.0 - - [21/Sep/2026:11:09:22 +0200] "GET /administrator/phpinfo.php HTTP/1.1" 404 36550 "-" "Mozilla/5.0 (Macintosh; Intel Mac OS X 10_15_7) AppleWebKit/537.36 (KHTML, like Gecko) Chrome/131.0.0.0 Safari/537.36"
34.16.174.0 - - [21/Sep/2026:11:09:23 +0200] "GET /core/phpinfo.php HTTP/1.1" 404 36550 "-" "Mozilla/5.0 (Macintosh; Intel Mac OS X 10_15_7) AppleWebKit/537.36 (KHTML, like Gecko) Chrome/131.0.0.0 Safari/537.36"
34.16.174.0 - - [21/Sep/2026:11:09:24 +0200] "GET /includes/phpinfo.php HTTP/1.1" 404 36550 "-" "Mozilla/5.0 (Macintosh; Intel Mac OS X 10_15_7) AppleWebKit/537.36 (KHTML, like Gecko) Chrome/131.0.0.0 Safari/537.36"
34.16.174.0 - - [21/Sep/2026:11:09:24 +0200] "GET /service-account.json HTTP/1.1" 404 36550 "-" "Mozilla/5.0 (Macintosh; Intel Mac OS X 10_15_7) AppleWebKit/537.36 (KHTML, like Gecko) Chrome/131.0.0.0 Safari/537.36"
34.16.174.0 - - [21/Sep/2026:11:09:25 +0200] "GET /sa.json HTTP/1.1" 404 36550 "-" "Mozilla/5.0 (Macintosh; Intel Mac OS X 10_15_7) AppleWebKit/537.36 (KHTML, like Gecko) Chrome/131.0.0.0 Safari/537.36"
34.16.174.0 - - [21/Sep/2026:11:09:25 +0200] "GET /gcp-key.json HTTP/1.1" 404 36550 "-" "Mozilla/5.0 (Macintosh; Intel Mac OS X 10_15_7) AppleWebKit/537.36 (KHTML, like Gecko) Chrome/131.0.0.0 Safari/537.36"
34.16.174.0 - - [21/Sep/2026:11:09:26 +0200] "GET /gcp-credentials.json HTTP/1.1" 404 36534 "-" "Mozilla/5.0 (Macintosh; Intel Mac OS X 10_15_7) AppleWebKit/537.36 (KHTML, like Gecko) Chrome/131.0.0.0 Safari/537.36"
34.16.174.0 - - [21/Sep/2026:11:09:27 +0200] "GET /gcp-sa.json HTTP/1.1" 404 36534 "-" "Mozilla/5.0 (Macintosh; Intel Mac OS X 10_15_7) AppleWebKit/537.36 (KHTML, like Gecko) Chrome/131.0.0.0 Safari/537.36"
34.16.174.0 - - [21/Sep/2026:11:09:28 +0200] "GET /credentials.json HTTP/1.1" 404 36550 "-" "Mozilla/5.0 (Macintosh; Intel Mac OS X 10_15_7) AppleWebKit/537.36 (KHTML, like Gecko) Chrome/131.0.0.0 Safari/537.36"
34.16.174.0 - - [21/Sep/2026:11:09:29 +0200] "GET /google-credentials.json HTTP/1.1" 404 36534 "-" "Mozilla/5.0 (Macintosh; Intel Mac OS X 10_15_7) AppleWebKit/537.36 (KHTML, like Gecko) Chrome/131.0.0.0 Safari/537.36"
34.16.174.0 - - [21/Sep/2026:11:09:29 +0200] "GET /google-key.json HTTP/1.1" 404 36550 "-" "Mozilla/5.0 (Macintosh; Intel Mac OS X 10_15_7) AppleWebKit/537.36 (KHTML, like Gecko) Chrome/131.0.0.0 Safari/537.36"
34.16.174.0 - - [21/Sep/2026:11:09:30 +0200] "GET /.config/gcloud/application_default_credentials.json HTTP/1.1" 404 36550 "-" "Mozilla/5.0 (Macintosh; Intel Mac OS X 10_15_7) AppleWebKit/537.36 (KHTML, like Gecko) Chrome/131.0.0.0 Safari/537.36"
34.16.174.0 - - [21/Sep/2026:11:09:31 +0200] "GET /application_default_credentials.json HTTP/1.1" 404 36566 "-" "Mozilla/5.0 (Macintosh; Intel Mac OS X 10_15_7) AppleWebKit/537.36 (KHTML, like Gecko) Chrome/131.0.0.0 Safari/537.36"
34.16.174.0 - - [21/Sep/2026:11:09:31 +0200] "GET /key.json HTTP/1.1" 404 36566 "-" "Mozilla/5.0 (Macintosh; Intel Mac OS X 10_15_7) AppleWebKit/537.36 (KHTML, like Gecko) Chrome/131.0.0.0 Safari/537.36"
34.16.174.0 - - [21/Sep/2026:11:09:32 +0200] "GET /keyfile.json HTTP/1.1" 404 36550 "-" "Mozilla/5.0 (Macintosh; Intel Mac OS X 10_15_7) AppleWebKit/537.36 (KHTML, like Gecko) Chrome/131.0.0.0 Safari/537.36"
34.16.174.0 - - [21/Sep/2026:11:09:33 +0200] "GET /firebase-adminsdk.json HTTP/1.1" 404 36550 "-" "Mozilla/5.0 (Macintosh; Intel Mac OS X 10_15_7) AppleWebKit/537.36 (KHTML, like Gecko) Chrome/131.0.0.0 Safari/537.36"
34.16.174.0 - - [21/Sep/2026:11:09:33 +0200] "GET /firebase-key.json HTTP/1.1" 404 36550 "-" "Mozilla/5.0 (Macintosh; Intel Mac OS X 10_15_7) AppleWebKit/537.36 (KHTML, like Gecko) Chrome/131.0.0.0 Safari/537.36"
34.16.174.0 - - [21/Sep/2026:11:09:34 +0200] "GET / HTTP/1.1" 200 36230 "-" "Mozilla/5.0 (Macintosh; Intel Mac OS X 10_15_7) AppleWebKit/537.36 (KHTML, like Gecko) Chrome/131.0.0.0 Safari/537.36"
51.195.215.255 - - [21/Sep/2026:11:09:40 +0200] "GET /category/pittsburgh-ks-kansas-my-review-here-2/ HTTP/1.1" 200 36989 "-" "Mozilla/5.0 (compatible; AhrefsBot/7.0; +http://ahrefs.com/robot/)"
180.74.65.155 - - [21/Sep/2026:11:10:19 +0200] "GET /?p=892 HTTP/1.1" 301 5570 "-" "Mozilla/5.0 (iPhone; CPU iPhone OS 26_3 like Mac OS X) AppleWebKit/605.1.15 (KHTML, like Gecko) FxiOS/153.0 Mobile/15E148 Safari/604.1"
16.216.88.4 - - [21/Sep/2026:11:10:21 +0200] "GET /all-the-stuff-that-often-hop-out-those-who-have/actividades HTTP/1.1" 301 5589 "-" "Mozilla/5.0 AppleWebKit/537.36 (KHTML, like Gecko; compatible; Reflectionbot/1.0; +https://reflection.ai/bot) Chrome/151.0.0.0 Safari/537.36"
180.74.65.155 - - [21/Sep/2026:11:10:21 +0200] "GET /contacto/ HTTP/1.1" 200 37717 "https://gessing.es/?p=892" "Mozilla/5.0 (iPhone; CPU iPhone OS 26_3 like Mac OS X) AppleWebKit/605.1.15 (KHTML, like Gecko) FxiOS/153.0 Mobile/15E148 Safari/604.1"
16.216.88.4 - - [21/Sep/2026:11:10:22 +0200] "GET /actividades/ HTTP/1.1" 200 39444 "-" "Mozilla/5.0 AppleWebKit/537.36 (KHTML, like Gecko; compatible; Reflectionbot/1.0; +https://reflection.ai/bot) Chrome/151.0.0.0 Safari/537.36"
198.244.226.72 - - [21/Sep/2026:11:10:59 +0200] "GET /category/citas-trans-opiniones/ HTTP/1.1" 200 36778 "-" "Mozilla/5.0 (compatible; AhrefsBot/7.0; +http://ahrefs.com/robot/)"
161.35.69.250 - - [21/Sep/2026:11:11:12 +0200] "POST /wp-login.php HTTP/1.1" 200 14202 "-" "Mozilla/5.0"
161.35.69.250 - - [21/Sep/2026:11:11:12 +0200] "POST /wp-login.php HTTP/1.1" 200 14198 "-" "Mozilla/5.0"
85.208.96.196 - - [21/Sep/2026:11:11:13 +0200] "GET /wafer-besten-kostenlosen-dating-apps-dank-welcher/adjudicaciones HTTP/1.1" 301 5576 "-" "Mozilla/5.0 (compatible; SemrushBot/7~bl; +http://www.semrush.com/bot.html)"
85.208.96.200 - - [21/Sep/2026:11:11:44 +0200] "GET /try-african-women-dating-sites-not-the-same-as-the/politica-de-privacidad HTTP/1.1" 301 5568 "-" "Mozilla/5.0 (compatible; SemrushBot/7~bl; +http://www.semrush.com/bot.html)"
51.195.244.119 - - [21/Sep/2026:11:12:11 +0200] "GET /category/farmersonly-overzicht-mobiele-site-2/ HTTP/1.1" 200 36796 "-" "Mozilla/5.0 (compatible; AhrefsBot/7.0; +http://ahrefs.com/robot/)"
66.249.64.6 - - [21/Sep/2026:11:13:15 +0200] "GET /5-beste-cryptocurrencies-logg-til-btc-a-investere-i-na-2021-hvordan-kjope-kryptovaluta-i-norge/ HTTP/1.1" 200 72731 "-" "Mozilla/5.0 (Linux; Android 6.0.1; Nexus 5X Build/MMB29P) AppleWebKit/537.36 (KHTML, like Gecko) Chrome/153.0.8010.47 Mobile Safari/537.36 (compatible; Googlebot/2.1; +http://www.google.com/bot.html)"
198.244.240.225 - - [21/Sep/2026:11:13:23 +0200] "GET /category/bumble-vs-okcupid-hookup-2/ HTTP/1.1" 200 36816 "-" "Mozilla/5.0 (compatible; AhrefsBot/7.0; +http://ahrefs.com/robot/)"
103.188.19.230 - - [21/Sep/2026:11:13:29 +0200] "POST /xmlrpc.php HTTP/1.1" 200 5868 "-" "WordPress.com; https://wordpress.com"
103.188.19.230 - - [21/Sep/2026:11:13:38 +0200] "POST /xmlrpc.php HTTP/1.1" 200 5884 "-" "WordPress.com; https://wordpress.com"
103.188.19.230 - - [21/Sep/2026:11:13:49 +0200] "POST /xmlrpc.php HTTP/1.1" 200 5884 "-" "Jetpack by WordPress.com"
103.188.19.230 - - [21/Sep/2026:11:13:59 +0200] "POST /xmlrpc.php HTTP/1.1" 200 5900 "-" "Jetpack by WordPress.com (Jetpack 12.5; WordPress 6.3)"
85.208.96.209 - - [21/Sep/2026:11:14:02 +0200] "GET /dos-it-is-popular-with-be-told-what-you-re/nosotros HTTP/1.1" 301 5554 "-" "Mozilla/5.0 (compatible; SemrushBot/7~bl; +http://www.semrush.com/bot.html)"
103.188.19.230 - - [21/Sep/2026:11:14:10 +0200] "POST /xmlrpc.php HTTP/1.1" 200 5884 "-" "Jetpack by WordPress.com"
103.188.19.230 - - [21/Sep/2026:11:14:20 +0200] "POST /xmlrpc.php HTTP/1.1" 200 5884 "-" "Jetpack by WordPress.com"
103.188.19.230 - - [21/Sep/2026:11:14:31 +0200] "POST /xmlrpc.php HTTP/1.1" 200 5884 "-" "WordPress.com; https://wordpress.com"
51.89.129.183 - - [21/Sep/2026:11:14:35 +0200] "GET /category/milwaukee-dating-review/ HTTP/1.1" 200 36617 "-" "Mozilla/5.0 (compatible; AhrefsBot/7.0; +http://ahrefs.com/robot/)"
103.188.19.230 - - [21/Sep/2026:11:14:41 +0200] "POST /xmlrpc.php HTTP/1.1" 200 5900 "-" "Jetpack by WordPress.com (Jetpack 12.1; WordPress 6.2)"
103.188.19.230 - - [21/Sep/2026:11:14:52 +0200] "POST /xmlrpc.php HTTP/1.1" 200 5884 "-" "Jetpack by WordPress.com"
103.188.19.230 - - [21/Sep/2026:11:15:02 +0200] "POST /xmlrpc.php HTTP/1.1" 200 5884 "-" "Jetpack by WordPress.com (Jetpack 12.5; WordPress 6.4)"
103.188.19.230 - - [21/Sep/2026:11:15:13 +0200] "POST /xmlrpc.php HTTP/1.1" 200 5884 "-" "Jetpack by WordPress.com (Jetpack 13.0; WordPress 6.1)"
20.237.144.223 - - [21/Sep/2026:11:15:20 +0200] "GET /robots.txt HTTP/1.1" 200 5663 "-" "Mozilla/5.0 (compatible; LeadGennyResearchBot/0.1; +https://detris.ai/bot)"
20.237.144.223 - - [21/Sep/2026:11:15:21 +0200] "GET / HTTP/1.1" 200 36230 "-" "Mozilla/5.0 (compatible; LeadGennyResearchBot/0.1; +https://detris.ai/bot)"
20.237.144.223 - - [21/Sep/2026:11:15:22 +0200] "GET /medio-ambiente HTTP/1.1" 301 5483 "-" "Mozilla/5.0 (compatible; LeadGennyResearchBot/0.1; +https://detris.ai/bot)"
20.237.144.223 - - [21/Sep/2026:11:15:22 +0200] "GET /medio-ambiente/ HTTP/1.1" 200 35047 "-" "Mozilla/5.0 (compatible; LeadGennyResearchBot/0.1; +https://detris.ai/bot)"
103.188.19.230 - - [21/Sep/2026:11:15:23 +0200] "POST /xmlrpc.php HTTP/1.1" 200 5884 "-" "WordPress.com; https://wordpress.com"
20.237.144.223 - - [21/Sep/2026:11:15:24 +0200] "GET /politica-de-cookies HTTP/1.1" 301 5488 "-" "Mozilla/5.0 (compatible; LeadGennyResearchBot/0.1; +https://detris.ai/bot)"
