216.73.217.1 - - [21/Sep/2026:13:49:21 +0200] "GET /so-many-out-of-their-fans-would-love-to-learn/ HTTP/1.1" 200 43112 "https://gessing.es/so-many-out-of-their-fans-would-love-to-learn" "Mozilla/5.0 AppleWebKit/537.36 (KHTML, like Gecko; compatible; ClaudeBot/1.0; +claudebot@anthropic.com)"
216.73.217.1 - - [21/Sep/2026:13:49:21 +0200] "GET /adjudicaciones/ HTTP/1.1" 200 53257 "https://gessing.es/so-why-do-make-use-of-a-robotic-so-you-re-able-to/adjudicaciones" "Mozilla/5.0 AppleWebKit/537.36 (KHTML, like Gecko; compatible; ClaudeBot/1.0; +claudebot@anthropic.com)"
216.73.217.1 - - [21/Sep/2026:13:49:21 +0200] "GET /therefore-just-how-truthful-and-jackd-or-grindr/politica-de-privacidad HTTP/1.1" 301 5568 "-" "Mozilla/5.0 AppleWebKit/537.36 (KHTML, like Gecko; compatible; ClaudeBot/1.0; +claudebot@anthropic.com)"
216.73.217.1 - - [21/Sep/2026:13:49:22 +0200] "GET /politica-de-privacidad/ HTTP/1.1" 200 37390 "https://gessing.es/therefore-just-how-truthful-and-jackd-or-grindr/politica-de-privacidad" "Mozilla/5.0 AppleWebKit/537.36 (KHTML, like Gecko; compatible; ClaudeBot/1.0; +claudebot@anthropic.com)"
216.73.217.1 - - [21/Sep/2026:13:49:22 +0200] "GET /le-migliori-chat-verso-adulti-una-turno-nella/ HTTP/1.1" 200 45017 "-" "Mozilla/5.0 AppleWebKit/537.36 (KHTML, like Gecko; compatible; ClaudeBot/1.0; +claudebot@anthropic.com)"
216.73.217.1 - - [21/Sep/2026:13:49:23 +0200] "GET /10-warning-flag-that-he-is-nonetheless-in-love/politica-de-cookies HTTP/1.1" 301 5597 "-" "Mozilla/5.0 AppleWebKit/537.36 (KHTML, like Gecko; compatible; ClaudeBot/1.0; +claudebot@anthropic.com)"
103.226.201.150 - - [21/Sep/2026:13:49:23 +0200] "POST /xmlrpc.php HTTP/1.1" 200 5900 "-" "Jetpack/13.0; WordPress/6.1; http://site70599893.com"
216.73.217.1 - - [21/Sep/2026:13:49:23 +0200] "GET /politica-de-cookies/ HTTP/1.1" 200 36167 "https://gessing.es/10-warning-flag-that-he-is-nonetheless-in-love/politica-de-cookies" "Mozilla/5.0 AppleWebKit/537.36 (KHTML, like Gecko; compatible; ClaudeBot/1.0; +claudebot@anthropic.com)"
216.73.217.1 - - [21/Sep/2026:13:49:24 +0200] "GET /10-warning-flag-that-he-is-nonetheless-in-love/politica-de-privacidad HTTP/1.1" 301 5584 "-" "Mozilla/5.0 AppleWebKit/537.36 (KHTML, like Gecko; compatible; ClaudeBot/1.0; +claudebot@anthropic.com)"
216.73.217.1 - - [21/Sep/2026:13:49:24 +0200] "GET /politica-de-privacidad/ HTTP/1.1" 200 37422 "https://gessing.es/10-warning-flag-that-he-is-nonetheless-in-love/politica-de-privacidad" "Mozilla/5.0 AppleWebKit/537.36 (KHTML, like Gecko; compatible; ClaudeBot/1.0; +claudebot@anthropic.com)"
216.73.217.1 - - [21/Sep/2026:13:49:22 +0200] "GET /le-migliori-chat-verso-adulti-una-turno-nella/feed/ HTTP/1.1" 200 6792 "-" "Mozilla/5.0 AppleWebKit/537.36 (KHTML, like Gecko; compatible; ClaudeBot/1.0; +claudebot@anthropic.com)"
103.226.201.150 - - [21/Sep/2026:13:49:34 +0200] "POST /xmlrpc.php HTTP/1.1" 200 5900 "-" "Jetpack by WordPress.com"
216.73.217.1 - - [21/Sep/2026:13:49:34 +0200] "GET /so-why-do-make-use-of-a-robotic-so-you-re-able-to/politica-de-cookies HTTP/1.1" 301 5581 "-" "Mozilla/5.0 AppleWebKit/537.36 (KHTML, like Gecko; compatible; ClaudeBot/1.0; +claudebot@anthropic.com)"
216.73.217.1 - - [21/Sep/2026:13:49:34 +0200] "GET /kristiansand-escort-eskorte-halden-dirty-dating-real-sensual-massage/ HTTP/1.1" 200 77432 "-" "Mozilla/5.0 AppleWebKit/537.36 (KHTML, like Gecko; compatible; ClaudeBot/1.0; +claudebot@anthropic.com)"
216.73.217.1 - - [21/Sep/2026:13:49:35 +0200] "GET /politica-de-cookies/ HTTP/1.1" 200 36151 "https://gessing.es/so-why-do-make-use-of-a-robotic-so-you-re-able-to/politica-de-cookies" "Mozilla/5.0 AppleWebKit/537.36 (KHTML, like Gecko; compatible; ClaudeBot/1.0; +claudebot@anthropic.com)"
216.73.217.1 - - [21/Sep/2026:13:49:35 +0200] "GET /le-migliori-chat-verso-adulti-una-turno-nella/adjudicaciones HTTP/1.1" 301 5576 "-" "Mozilla/5.0 AppleWebKit/537.36 (KHTML, like Gecko; compatible; ClaudeBot/1.0; +claudebot@anthropic.com)"
216.73.217.1 - - [21/Sep/2026:13:49:36 +0200] "GET /adjudicaciones/ HTTP/1.1" 200 53257 "https://gessing.es/le-migliori-chat-verso-adulti-una-turno-nella/adjudicaciones" "Mozilla/5.0 AppleWebKit/537.36 (KHTML, like Gecko; compatible; ClaudeBot/1.0; +claudebot@anthropic.com)"
216.73.217.1 - - [21/Sep/2026:13:49:36 +0200] "GET /so-why-do-make-use-of-a-robotic-so-you-re-able-to/politica-de-privacidad HTTP/1.1" 301 5600 "-" "Mozilla/5.0 AppleWebKit/537.36 (KHTML, like Gecko; compatible; ClaudeBot/1.0; +claudebot@anthropic.com)"
216.73.217.1 - - [21/Sep/2026:13:49:36 +0200] "GET /politica-de-privacidad/ HTTP/1.1" 200 37422 "https://gessing.es/so-why-do-make-use-of-a-robotic-so-you-re-able-to/politica-de-privacidad" "Mozilla/5.0 AppleWebKit/537.36 (KHTML, like Gecko; compatible; ClaudeBot/1.0; +claudebot@anthropic.com)"
216.73.217.1 - - [21/Sep/2026:13:49:37 +0200] "GET /kristiansand-escort-eskorte-halden-dirty-dating-real-sensual-massage/medio-ambiente HTTP/1.1" 301 5576 "-" "Mozilla/5.0 AppleWebKit/537.36 (KHTML, like Gecko; compatible; ClaudeBot/1.0; +claudebot@anthropic.com)"
216.73.217.1 - - [21/Sep/2026:13:49:37 +0200] "GET /medio-ambiente/ HTTP/1.1" 200 35063 "https://gessing.es/kristiansand-escort-eskorte-halden-dirty-dating-real-sensual-massage/medio-ambiente" "Mozilla/5.0 AppleWebKit/537.36 (KHTML, like Gecko; compatible; ClaudeBot/1.0; +claudebot@anthropic.com)"
216.73.217.1 - - [21/Sep/2026:13:49:36 +0200] "GET /kristiansand-escort-eskorte-halden-dirty-dating-real-sensual-massage/feed/ HTTP/1.1" 200 6680 "-" "Mozilla/5.0 AppleWebKit/537.36 (KHTML, like Gecko; compatible; ClaudeBot/1.0; +claudebot@anthropic.com)"
216.73.217.1 - - [21/Sep/2026:13:49:38 +0200] "GET /kristiansand-escort-eskorte-halden-dirty-dating-real-sensual-massage/actividades HTTP/1.1" 301 5557 "-" "Mozilla/5.0 AppleWebKit/537.36 (KHTML, like Gecko; compatible; ClaudeBot/1.0; +claudebot@anthropic.com)"
216.73.217.1 - - [21/Sep/2026:13:49:38 +0200] "GET /actividades/ HTTP/1.1" 200 39444 "https://gessing.es/kristiansand-escort-eskorte-halden-dirty-dating-real-sensual-massage/actividades" "Mozilla/5.0 AppleWebKit/537.36 (KHTML, like Gecko; compatible; ClaudeBot/1.0; +claudebot@anthropic.com)"
103.226.201.150 - - [21/Sep/2026:13:49:44 +0200] "POST /xmlrpc.php HTTP/1.1" 200 5900 "-" "Jetpack by WordPress.com"
216.73.217.1 - - [21/Sep/2026:13:49:52 +0200] "GET /borrowing-from-the-bank-an-ascent-mortgage-getting/politica-de-cookies HTTP/1.1" 301 5581 "-" "Mozilla/5.0 AppleWebKit/537.36 (KHTML, like Gecko; compatible; ClaudeBot/1.0; +claudebot@anthropic.com)"
216.73.217.1 - - [21/Sep/2026:13:49:52 +0200] "GET /other-chill-ambigram-tat-on-the-forearm-which-2/politica-de-cookies HTTP/1.1" 301 5581 "-" "Mozilla/5.0 AppleWebKit/537.36 (KHTML, like Gecko; compatible; ClaudeBot/1.0; +claudebot@anthropic.com)"
216.73.217.1 - - [21/Sep/2026:13:49:53 +0200] "GET /politica-de-cookies/ HTTP/1.1" 200 36167 "https://gessing.es/borrowing-from-the-bank-an-ascent-mortgage-getting/politica-de-cookies" "Mozilla/5.0 AppleWebKit/537.36 (KHTML, like Gecko; compatible; ClaudeBot/1.0; +claudebot@anthropic.com)"
216.73.217.1 - - [21/Sep/2026:13:49:53 +0200] "GET /politica-de-cookies/ HTTP/1.1" 200 36167 "https://gessing.es/other-chill-ambigram-tat-on-the-forearm-which-2/politica-de-cookies" "Mozilla/5.0 AppleWebKit/537.36 (KHTML, like Gecko; compatible; ClaudeBot/1.0; +claudebot@anthropic.com)"
216.73.217.1 - - [21/Sep/2026:13:49:54 +0200] "GET /therefore-i-usually-ask-girls-are-you-currently/politica-de-cookies HTTP/1.1" 301 5581 "-" "Mozilla/5.0 AppleWebKit/537.36 (KHTML, like Gecko; compatible; ClaudeBot/1.0; +claudebot@anthropic.com)"
216.73.217.1 - - [21/Sep/2026:13:49:54 +0200] "GET /politica-de-cookies/ HTTP/1.1" 200 36167 "https://gessing.es/therefore-i-usually-ask-girls-are-you-currently/politica-de-cookies" "Mozilla/5.0 AppleWebKit/537.36 (KHTML, like Gecko; compatible; ClaudeBot/1.0; +claudebot@anthropic.com)"
216.73.217.1 - - [21/Sep/2026:13:49:55 +0200] "GET /borrowing-from-the-bank-an-ascent-mortgage-getting/politica-de-privacidad HTTP/1.1" 301 5568 "-" "Mozilla/5.0 AppleWebKit/537.36 (KHTML, like Gecko; compatible; ClaudeBot/1.0; +claudebot@anthropic.com)"
103.226.201.150 - - [21/Sep/2026:13:49:55 +0200] "POST /xmlrpc.php HTTP/1.1" 200 5868 "-" "Jetpack by WordPress.com (Jetpack 12.1; WordPress 6.3)"
216.73.217.1 - - [21/Sep/2026:13:49:55 +0200] "GET /politica-de-privacidad/ HTTP/1.1" 200 37406 "https://gessing.es/borrowing-from-the-bank-an-ascent-mortgage-getting/politica-de-privacidad" "Mozilla/5.0 AppleWebKit/537.36 (KHTML, like Gecko; compatible; ClaudeBot/1.0; +claudebot@anthropic.com)"
216.73.217.1 - - [21/Sep/2026:13:49:55 +0200] "GET /other-chill-ambigram-tat-on-the-forearm-which-2/politica-de-privacidad HTTP/1.1" 301 5568 "-" "Mozilla/5.0 AppleWebKit/537.36 (KHTML, like Gecko; compatible; ClaudeBot/1.0; +claudebot@anthropic.com)"
216.73.217.1 - - [21/Sep/2026:13:49:56 +0200] "GET /politica-de-privacidad/ HTTP/1.1" 200 37422 "https://gessing.es/other-chill-ambigram-tat-on-the-forearm-which-2/politica-de-privacidad" "Mozilla/5.0 AppleWebKit/537.36 (KHTML, like Gecko; compatible; ClaudeBot/1.0; +claudebot@anthropic.com)"
216.73.217.1 - - [21/Sep/2026:13:49:56 +0200] "GET /badoo-premium-e-la-disputa-di-aspetto-per-causa-di/politica-de-cookies HTTP/1.1" 301 5581 "-" "Mozilla/5.0 AppleWebKit/537.36 (KHTML, like Gecko; compatible; ClaudeBot/1.0; +claudebot@anthropic.com)"
216.73.217.1 - - [21/Sep/2026:13:49:56 +0200] "GET /politica-de-cookies/ HTTP/1.1" 200 36183 "https://gessing.es/badoo-premium-e-la-disputa-di-aspetto-per-causa-di/politica-de-cookies" "Mozilla/5.0 AppleWebKit/537.36 (KHTML, like Gecko; compatible; ClaudeBot/1.0; +claudebot@anthropic.com)"
216.73.217.1 - - [21/Sep/2026:13:49:56 +0200] "GET /if-you-do-have-a-less-than-perfect-credit/politica-de-cookies HTTP/1.1" 301 5581 "-" "Mozilla/5.0 AppleWebKit/537.36 (KHTML, like Gecko; compatible; ClaudeBot/1.0; +claudebot@anthropic.com)"
216.73.217.1 - - [21/Sep/2026:13:49:56 +0200] "GET /politica-de-cookies/ HTTP/1.1" 200 36167 "https://gessing.es/if-you-do-have-a-less-than-perfect-credit/politica-de-cookies" "Mozilla/5.0 AppleWebKit/537.36 (KHTML, like Gecko; compatible; ClaudeBot/1.0; +claudebot@anthropic.com)"
103.226.201.150 - - [21/Sep/2026:13:50:05 +0200] "POST /xmlrpc.php HTTP/1.1" 200 5884 "-" "Jetpack by WordPress.com"
161.35.69.250 - - [21/Sep/2026:13:50:07 +0200] "POST /wp-login.php HTTP/1.1" 200 14202 "-" "Mozilla/5.0"
161.35.69.250 - - [21/Sep/2026:13:50:07 +0200] "POST /wp-login.php HTTP/1.1" 200 14198 "-" "Mozilla/5.0"
103.226.201.150 - - [21/Sep/2026:13:50:16 +0200] "POST /xmlrpc.php HTTP/1.1" 200 5868 "-" "Jetpack by WordPress.com"
216.73.217.1 - - [21/Sep/2026:13:50:21 +0200] "GET /robots.txt HTTP/1.1" 200 5679 "-" "Mozilla/5.0 AppleWebKit/537.36 (KHTML, like Gecko; compatible; ClaudeBot/1.0; +claudebot@anthropic.com)"
216.73.217.1 - - [21/Sep/2026:13:50:21 +0200] "GET /le-migliori-chat-verso-adulti-una-turno-nella/medio-ambiente HTTP/1.1" 301 5576 "-" "Mozilla/5.0 AppleWebKit/537.36 (KHTML, like Gecko; compatible; ClaudeBot/1.0; +claudebot@anthropic.com)"
216.73.217.1 - - [21/Sep/2026:13:50:22 +0200] "GET /therefore-i-usually-ask-girls-are-you-currently/politica-de-privacidad HTTP/1.1" 301 5584 "-" "Mozilla/5.0 AppleWebKit/537.36 (KHTML, like Gecko; compatible; ClaudeBot/1.0; +claudebot@anthropic.com)"
216.73.217.1 - - [21/Sep/2026:13:50:22 +0200] "GET /medio-ambiente/ HTTP/1.1" 200 35063 "https://gessing.es/le-migliori-chat-verso-adulti-una-turno-nella/medio-ambiente" "Mozilla/5.0 AppleWebKit/537.36 (KHTML, like Gecko; compatible; ClaudeBot/1.0; +claudebot@anthropic.com)"
216.73.217.1 - - [21/Sep/2026:13:50:22 +0200] "GET /politica-de-privacidad/ HTTP/1.1" 200 37390 "https://gessing.es/therefore-i-usually-ask-girls-are-you-currently/politica-de-privacidad" "Mozilla/5.0 AppleWebKit/537.36 (KHTML, like Gecko; compatible; ClaudeBot/1.0; +claudebot@anthropic.com)"
216.73.217.1 - - [21/Sep/2026:13:50:23 +0200] "GET /le-migliori-chat-verso-adulti-una-turno-nella/actividades HTTP/1.1" 301 5557 "-" "Mozilla/5.0 AppleWebKit/537.36 (KHTML, like Gecko; compatible; ClaudeBot/1.0; +claudebot@anthropic.com)"
216.73.217.1 - - [21/Sep/2026:13:50:24 +0200] "GET /actividades/ HTTP/1.1" 200 39444 "https://gessing.es/le-migliori-chat-verso-adulti-una-turno-nella/actividades" "Mozilla/5.0 AppleWebKit/537.36 (KHTML, like Gecko; compatible; ClaudeBot/1.0; +claudebot@anthropic.com)"
216.73.217.1 - - [21/Sep/2026:13:50:24 +0200] "GET /le-migliori-chat-verso-adulti-una-turno-nella/contacto HTTP/1.1" 301 5570 "-" "Mozilla/5.0 AppleWebKit/537.36 (KHTML, like Gecko; compatible; ClaudeBot/1.0; +claudebot@anthropic.com)"
216.73.217.1 - - [21/Sep/2026:13:50:25 +0200] "GET /contacto/ HTTP/1.1" 200 37717 "https://gessing.es/le-migliori-chat-verso-adulti-una-turno-nella/contacto" "Mozilla/5.0 AppleWebKit/537.36 (KHTML, like Gecko; compatible; ClaudeBot/1.0; +claudebot@anthropic.com)"
216.73.217.1 - - [21/Sep/2026:13:50:25 +0200] "GET /le-migliori-chat-verso-adulti-una-turno-nella/nosotros HTTP/1.1" 301 5570 "-" "Mozilla/5.0 AppleWebKit/537.36 (KHTML, like Gecko; compatible; ClaudeBot/1.0; +claudebot@anthropic.com)"
17.166.22.38 - - [21/Sep/2026:13:50:25 +0200] "GET /13-pisces-aries-ideal-and-you-may-worst-2/politica-de-privacidad HTTP/1.1" 301 5568 "-" "Mozilla/5.0 (Macintosh; Intel Mac OS X 10_15_7) AppleWebKit/605.1.15 (KHTML, like Gecko) Version/17.4 Safari/605.1.15 (Applebot/0.1; +http://www.apple.com/go/applebot)"
216.73.217.1 - - [21/Sep/2026:13:50:26 +0200] "GET /badoo-premium-e-la-disputa-di-aspetto-per-causa-di/politica-de-privacidad HTTP/1.1" 301 5568 "-" "Mozilla/5.0 AppleWebKit/537.36 (KHTML, like Gecko; compatible; ClaudeBot/1.0; +claudebot@anthropic.com)"
216.73.217.1 - - [21/Sep/2026:13:50:26 +0200] "GET /nosotros/ HTTP/1.1" 200 35924 "https://gessing.es/le-migliori-chat-verso-adulti-una-turno-nella/nosotros" "Mozilla/5.0 AppleWebKit/537.36 (KHTML, like Gecko; compatible; ClaudeBot/1.0; +claudebot@anthropic.com)"
17.166.22.38 - - [21/Sep/2026:13:50:26 +0200] "GET /politica-de-privacidad/ HTTP/1.1" 200 37390 "-" "Mozilla/5.0 (Macintosh; Intel Mac OS X 10_15_7) AppleWebKit/605.1.15 (KHTML, like Gecko) Version/17.4 Safari/605.1.15 (Applebot/0.1; +http://www.apple.com/go/applebot)"
103.226.201.150 - - [21/Sep/2026:13:50:26 +0200] "POST /xmlrpc.php HTTP/1.1" 200 5868 "-" "Jetpack/12.5; WordPress/6.1; http://site50233718.com"
216.73.217.1 - - [21/Sep/2026:13:50:27 +0200] "GET /politica-de-privacidad/ HTTP/1.1" 200 37390 "https://gessing.es/badoo-premium-e-la-disputa-di-aspetto-per-causa-di/politica-de-privacidad" "Mozilla/5.0 AppleWebKit/537.36 (KHTML, like Gecko; compatible; ClaudeBot/1.0; +claudebot@anthropic.com)"
216.73.217.1 - - [21/Sep/2026:13:50:28 +0200] "GET /if-you-do-have-a-less-than-perfect-credit/politica-de-privacidad HTTP/1.1" 301 5584 "-" "Mozilla/5.0 AppleWebKit/537.36 (KHTML, like Gecko; compatible; ClaudeBot/1.0; +claudebot@anthropic.com)"
216.73.217.1 - - [21/Sep/2026:13:50:28 +0200] "GET /politica-de-privacidad/ HTTP/1.1" 200 37390 "https://gessing.es/if-you-do-have-a-less-than-perfect-credit/politica-de-privacidad" "Mozilla/5.0 AppleWebKit/537.36 (KHTML, like Gecko; compatible; ClaudeBot/1.0; +claudebot@anthropic.com)"
103.226.201.150 - - [21/Sep/2026:13:50:37 +0200] "POST /xmlrpc.php HTTP/1.1" 200 5900 "-" "Jetpack/12.1; WordPress/6.2; http://site68549074.com"
216.73.217.1 - - [21/Sep/2026:13:50:40 +0200] "GET /kristiansand-escort-eskorte-halden-dirty-dating-real-sensual-massage/nosotros HTTP/1.1" 301 5570 "-" "Mozilla/5.0 AppleWebKit/537.36 (KHTML, like Gecko; compatible; ClaudeBot/1.0; +claudebot@anthropic.com)"
216.73.217.1 - - [21/Sep/2026:13:50:40 +0200] "GET /kristiansand-escort-eskorte-halden-dirty-dating-real-sensual-massage/contacto HTTP/1.1" 301 5570 "-" "Mozilla/5.0 AppleWebKit/537.36 (KHTML, like Gecko; compatible; ClaudeBot/1.0; +claudebot@anthropic.com)"
216.73.217.1 - - [21/Sep/2026:13:50:40 +0200] "GET /nosotros/ HTTP/1.1" 200 35908 "https://gessing.es/kristiansand-escort-eskorte-halden-dirty-dating-real-sensual-massage/nosotros" "Mozilla/5.0 AppleWebKit/537.36 (KHTML, like Gecko; compatible; ClaudeBot/1.0; +claudebot@anthropic.com)"
216.73.217.1 - - [21/Sep/2026:13:50:41 +0200] "GET /contacto/ HTTP/1.1" 200 37701 "https://gessing.es/kristiansand-escort-eskorte-halden-dirty-dating-real-sensual-massage/contacto" "Mozilla/5.0 AppleWebKit/537.36 (KHTML, like Gecko; compatible; ClaudeBot/1.0; +claudebot@anthropic.com)"
216.73.217.1 - - [21/Sep/2026:13:50:41 +0200] "GET /le-migliori-chat-verso-adulti-una-turno-nella/politica-de-cookies HTTP/1.1" 301 5581 "-" "Mozilla/5.0 AppleWebKit/537.36 (KHTML, like Gecko; compatible; ClaudeBot/1.0; +claudebot@anthropic.com)"
216.73.217.1 - - [21/Sep/2026:13:50:42 +0200] "GET /politica-de-cookies/ HTTP/1.1" 200 36167 "https://gessing.es/le-migliori-chat-verso-adulti-una-turno-nella/politica-de-cookies" "Mozilla/5.0 AppleWebKit/537.36 (KHTML, like Gecko; compatible; ClaudeBot/1.0; +claudebot@anthropic.com)"
216.73.217.1 - - [21/Sep/2026:13:50:42 +0200] "GET /kristiansand-escort-eskorte-halden-dirty-dating-real-sensual-massage/adjudicaciones HTTP/1.1" 301 5576 "-" "Mozilla/5.0 AppleWebKit/537.36 (KHTML, like Gecko; compatible; ClaudeBot/1.0; +claudebot@anthropic.com)"
216.73.217.1 - - [21/Sep/2026:13:50:42 +0200] "GET /le-migliori-chat-verso-adulti-una-turno-nella/politica-de-privacidad HTTP/1.1" 301 5568 "-" "Mozilla/5.0 AppleWebKit/537.36 (KHTML, like Gecko; compatible; ClaudeBot/1.0; +claudebot@anthropic.com)"
216.73.217.1 - - [21/Sep/2026:13:50:42 +0200] "GET /adjudicaciones/ HTTP/1.1" 200 53257 "https://gessing.es/kristiansand-escort-eskorte-halden-dirty-dating-real-sensual-massage/adjudicaciones" "Mozilla/5.0 AppleWebKit/537.36 (KHTML, like Gecko; compatible; ClaudeBot/1.0; +claudebot@anthropic.com)"
85.208.96.211 - - [21/Sep/2026:13:50:43 +0200] "GET /mi-scuso-per-il-energia-di-ammonimento-cosicche-si/politica-de-privacidad HTTP/1.1" 301 5584 "-" "Mozilla/5.0 (compatible; SemrushBot/7~bl; +http://www.semrush.com/bot.html)"
216.73.217.1 - - [21/Sep/2026:13:50:43 +0200] "GET /politica-de-privacidad/ HTTP/1.1" 200 37390 "https://gessing.es/le-migliori-chat-verso-adulti-una-turno-nella/politica-de-privacidad" "Mozilla/5.0 AppleWebKit/537.36 (KHTML, like Gecko; compatible; ClaudeBot/1.0; +claudebot@anthropic.com)"
216.73.217.1 - - [21/Sep/2026:13:50:43 +0200] "GET /kristiansand-escort-eskorte-halden-dirty-dating-real-sensual-massage/politica-de-cookies HTTP/1.1" 301 5597 "-" "Mozilla/5.0 AppleWebKit/537.36 (KHTML, like Gecko; compatible; ClaudeBot/1.0; +claudebot@anthropic.com)"
216.73.217.1 - - [21/Sep/2026:13:50:44 +0200] "GET /kristiansand-escort-eskorte-halden-dirty-dating-real-sensual-massage/politica-de-privacidad HTTP/1.1" 301 5600 "-" "Mozilla/5.0 AppleWebKit/537.36 (KHTML, like Gecko; compatible; ClaudeBot/1.0; +claudebot@anthropic.com)"
216.73.217.1 - - [21/Sep/2026:13:50:44 +0200] "GET /politica-de-cookies/ HTTP/1.1" 200 36151 "https://gessing.es/kristiansand-escort-eskorte-halden-dirty-dating-real-sensual-massage/politica-de-cookies" "Mozilla/5.0 AppleWebKit/537.36 (KHTML, like Gecko; compatible; ClaudeBot/1.0; +claudebot@anthropic.com)"
216.73.217.1 - - [21/Sep/2026:13:50:44 +0200] "GET /politica-de-privacidad/ HTTP/1.1" 200 37390 "https://gessing.es/kristiansand-escort-eskorte-halden-dirty-dating-real-sensual-massage/politica-de-privacidad" "Mozilla/5.0 AppleWebKit/537.36 (KHTML, like Gecko; compatible; ClaudeBot/1.0; +claudebot@anthropic.com)"
51.89.129.23 - - [21/Sep/2026:13:50:46 +0200] "GET /category/instant-funds-payday-loans/ HTTP/1.1" 200 36924 "-" "Mozilla/5.0 (compatible; AhrefsBot/7.0; +http://ahrefs.com/robot/)"
103.226.201.150 - - [21/Sep/2026:13:50:47 +0200] "POST /xmlrpc.php HTTP/1.1" 200 5868 "-" "Jetpack by WordPress.com (Jetpack 13.0; WordPress 6.4)"
103.226.201.150 - - [21/Sep/2026:13:50:58 +0200] "POST /xmlrpc.php HTTP/1.1" 200 5868 "-" "Jetpack/13.0; WordPress/6.1; http://site18198770.com"
103.226.201.150 - - [21/Sep/2026:13:51:08 +0200] "POST /xmlrpc.php HTTP/1.1" 200 5868 "-" "Jetpack/12.5; WordPress/6.2; http://site16826373.com"
85.208.96.209 - - [21/Sep/2026:13:51:14 +0200] "GET /what-are-you-selecting-just-how-to-ask-address/politica-de-cookies HTTP/1.1" 301 5565 "-" "Mozilla/5.0 (compatible; SemrushBot/7~bl; +http://www.semrush.com/bot.html)"
103.226.201.150 - - [21/Sep/2026:13:51:19 +0200] "POST /xmlrpc.php HTTP/1.1" 200 5900 "-" "Jetpack/12.1; WordPress/6.3; http://site96593509.com"
103.226.201.150 - - [21/Sep/2026:13:51:29 +0200] "POST /xmlrpc.php HTTP/1.1" 200 5868 "-" "WordPress.com; https://wordpress.com"
145.239.73.224 - - [21/Sep/2026:13:51:31 +0200] "POST /xmlrpc.php HTTP/1.1" 200 5868 "-" "Mozilla/5.0 (Windows NT 10.0; Win64; x64) AppleWebKit/537.36 (KHTML, like Gecko) Chrome/140.0.0.0 Safari/537.36"
103.226.201.150 - - [21/Sep/2026:13:51:40 +0200] "POST /xmlrpc.php HTTP/1.1" 200 5884 "-" "WordPress.com; https://wordpress.com"
103.226.201.150 - - [21/Sep/2026:13:51:50 +0200] "POST /xmlrpc.php HTTP/1.1" 200 5884 "-" "Jetpack/12.5; WordPress/6.4; http://site41404813.com"
103.226.201.150 - - [21/Sep/2026:13:52:01 +0200] "POST /xmlrpc.php HTTP/1.1" 200 5884 "-" "Jetpack by WordPress.com (Jetpack 12.1; WordPress 6.1)"
103.226.201.150 - - [21/Sep/2026:13:52:12 +0200] "POST /xmlrpc.php HTTP/1.1" 200 5900 "-" "Jetpack/12.0; WordPress/6.2; http://site30791980.com"
198.244.240.242 - - [21/Sep/2026:13:52:12 +0200] "GET /category/heated-affairs-sign-in/ HTTP/1.1" 200 36631 "-" "Mozilla/5.0 (compatible; AhrefsBot/7.0; +http://ahrefs.com/robot/)"
103.226.201.150 - - [21/Sep/2026:13:52:22 +0200] "POST /xmlrpc.php HTTP/1.1" 200 5868 "-" "Jetpack by WordPress.com"
103.226.201.150 - - [21/Sep/2026:13:52:33 +0200] "POST /xmlrpc.php HTTP/1.1" 200 5884 "-" "Jetpack by WordPress.com"
103.226.201.150 - - [21/Sep/2026:13:52:43 +0200] "POST /xmlrpc.php HTTP/1.1" 200 5900 "-" "Jetpack by WordPress.com"
103.226.201.150 - - [21/Sep/2026:13:52:54 +0200] "POST /xmlrpc.php HTTP/1.1" 200 5884 "-" "Jetpack by WordPress.com (Jetpack 12.0; WordPress 6.1)"
103.226.201.150 - - [21/Sep/2026:13:53:04 +0200] "POST /xmlrpc.php HTTP/1.1" 200 5884 "-" "Jetpack/12.0; WordPress/6.1; http://site70378780.com"
202.153.80.8 - - [21/Sep/2026:13:53:12 +0200] "POST /xmlrpc.php HTTP/1.1" 200 5884 "-" "Jetpack/12.0; WordPress/6.4; http://site69910224.com"
103.226.201.150 - - [21/Sep/2026:13:53:15 +0200] "POST /xmlrpc.php HTTP/1.1" 200 5868 "-" "Jetpack by WordPress.com"
16.216.88.236 - - [21/Sep/2026:13:53:22 +0200] "GET /nosotros/contacto HTTP/1.1" 301 5570 "-" "Mozilla/5.0 AppleWebKit/537.36 (KHTML, like Gecko; compatible; Reflectionbot/1.0; +https://reflection.ai/bot) Chrome/151.0.0.0 Safari/537.36"
202.153.80.8 - - [21/Sep/2026:13:53:22 +0200] "POST /xmlrpc.php HTTP/1.1" 200 5884 "-" "Jetpack by WordPress.com (Jetpack 13.0; WordPress 6.4)"
16.216.88.236 - - [21/Sep/2026:13:53:23 +0200] "GET /contacto/ HTTP/1.1" 200 37685 "-" "Mozilla/5.0 AppleWebKit/537.36 (KHTML, like Gecko; compatible; Reflectionbot/1.0; +https://reflection.ai/bot) Chrome/151.0.0.0 Safari/537.36"
103.226.201.150 - - [21/Sep/2026:13:53:25 +0200] "POST /xmlrpc.php HTTP/1.1" 200 5868 "-" "Jetpack/12.1; WordPress/6.2; http://site73398782.com"
100.50.94.209 - - [21/Sep/2026:13:53:28 +0200] "GET / HTTP/1.1" 200 36214 "-" "Mozilla/5.0 (Windows NT 6.3; Win64; x64) AppleWebKit/537.36 (KHTML, like Gecko) HeadlessChrome/109.0.5414.168 Safari/537.36"
202.153.80.8 - - [21/Sep/2026:13:53:32 +0200] "POST /xmlrpc.php HTTP/1.1" 200 5900 "-" "WordPress.com; https://wordpress.com"
103.226.201.150 - - [21/Sep/2026:13:53:36 +0200] "POST /xmlrpc.php HTTP/1.1" 200 5884 "-" "Jetpack/13.0; WordPress/6.4; http://site78151674.com"
51.195.215.1 - - [21/Sep/2026:13:53:38 +0200] "GET /category/ohlala-kosten/ HTTP/1.1" 200 37014 "-" "Mozilla/5.0 (compatible; AhrefsBot/7.0; +http://ahrefs.com/robot/)"
202.153.80.8 - - [21/Sep/2026:13:53:43 +0200] "POST /xmlrpc.php HTTP/1.1" 200 5884 "-" "Jetpack/12.5; WordPress/6.3; http://site18932894.com"
202.153.80.8 - - [21/Sep/2026:13:53:53 +0200] "POST /xmlrpc.php HTTP/1.1" 200 5868 "-" "Jetpack by WordPress.com (Jetpack 12.1; WordPress 6.2)"
202.153.80.8 - - [21/Sep/2026:13:54:04 +0200] "POST /xmlrpc.php HTTP/1.1" 200 5884 "-" "WordPress.com; https://wordpress.com"
202.153.80.8 - - [21/Sep/2026:13:54:14 +0200] "POST /xmlrpc.php HTTP/1.1" 200 5884 "-" "WordPress.com; https://wordpress.com"
202.153.80.8 - - [21/Sep/2026:13:54:25 +0200] "POST /xmlrpc.php HTTP/1.1" 200 5884 "-" "WordPress.com; https://wordpress.com"
202.153.80.8 - - [21/Sep/2026:13:54:35 +0200] "POST /xmlrpc.php HTTP/1.1" 200 5884 "-" "Jetpack/12.5; WordPress/6.2; http://site79767398.com"
202.153.80.8 - - [21/Sep/2026:13:54:46 +0200] "POST /xmlrpc.php HTTP/1.1" 200 5884 "-" "Jetpack/12.5; WordPress/6.3; http://site58549616.com"
202.153.80.8 - - [21/Sep/2026:13:54:56 +0200] "POST /xmlrpc.php HTTP/1.1" 200 5884 "-" "Jetpack by WordPress.com"
51.195.183.75 - - [21/Sep/2026:13:55:03 +0200] "GET /category/meet-an-inmate-it-review/ HTTP/1.1" 200 36664 "-" "Mozilla/5.0 (compatible; AhrefsBot/7.0; +http://ahrefs.com/robot/)"
202.153.80.8 - - [21/Sep/2026:13:55:07 +0200] "POST /xmlrpc.php HTTP/1.1" 200 5868 "-" "Jetpack/13.0; WordPress/6.4; http://site58693651.com"
202.153.80.8 - - [21/Sep/2026:13:55:17 +0200] "POST /xmlrpc.php HTTP/1.1" 200 5868 "-" "Jetpack by WordPress.com (Jetpack 13.0; WordPress 6.4)"
202.153.80.8 - - [21/Sep/2026:13:55:28 +0200] "POST /xmlrpc.php HTTP/1.1" 200 5884 "-" "Jetpack/12.0; WordPress/6.2; http://site94416776.com"
66.249.64.7 - - [21/Sep/2026:13:55:33 +0200] "GET /disaster-loans-to-possess-underemployed/nosotros HTTP/1.1" 301 5554 "-" "Mozilla/5.0 (Linux; Android 6.0.1; Nexus 5X Build/MMB29P) AppleWebKit/537.36 (KHTML, like Gecko) Chrome/153.0.8010.47 Mobile Safari/537.36 (compatible; Googlebot/2.1; +http://www.google.com/bot.html)"
66.249.64.5 - - [21/Sep/2026:13:55:34 +0200] "GET /nosotros/ HTTP/1.1" 200 35924 "-" "Mozilla/5.0 (Linux; Android 6.0.1; Nexus 5X Build/MMB29P) AppleWebKit/537.36 (KHTML, like Gecko) Chrome/153.0.8010.47 Mobile Safari/537.36 (compatible; Googlebot/2.1; +http://www.google.com/bot.html)"
202.153.80.8 - - [21/Sep/2026:13:55:38 +0200] "POST /xmlrpc.php HTTP/1.1" 200 5900 "-" "Jetpack by WordPress.com (Jetpack 13.0; WordPress 6.1)"
66.249.64.6 - - [21/Sep/2026:13:55:39 +0200] "GET /category/iamnaughty-cs-review/ HTTP/1.1" 200 36613 "-" "Mozilla/5.0 (Linux; Android 6.0.1; Nexus 5X Build/MMB29P) AppleWebKit/537.36 (KHTML, like Gecko) Chrome/153.0.8010.47 Mobile Safari/537.36 (compatible; Googlebot/2.1; +http://www.google.com/bot.html)"
202.153.80.8 - - [21/Sep/2026:13:55:49 +0200] "POST /xmlrpc.php HTTP/1.1" 200 5884 "-" "WordPress.com; https://wordpress.com"
202.153.80.8 - - [21/Sep/2026:13:55:59 +0200] "POST /xmlrpc.php HTTP/1.1" 200 5884 "-" "Jetpack/12.0; WordPress/6.2; http://site80892715.com"
202.153.80.8 - - [21/Sep/2026:13:56:10 +0200] "POST /xmlrpc.php HTTP/1.1" 200 5900 "-" "Jetpack/12.5; WordPress/6.4; http://site88674888.com"
202.153.80.8 - - [21/Sep/2026:13:56:20 +0200] "POST /xmlrpc.php HTTP/1.1" 200 5884 "-" "WordPress.com; https://wordpress.com"
198.244.242.206 - - [21/Sep/2026:13:56:29 +0200] "GET /category/tinder-review-2/ HTTP/1.1" 200 37260 "-" "Mozilla/5.0 (compatible; AhrefsBot/7.0; +http://ahrefs.com/robot/)"
202.153.80.8 - - [21/Sep/2026:13:56:31 +0200] "POST /xmlrpc.php HTTP/1.1" 200 5884 "-" "Jetpack/12.0; WordPress/6.2; http://site13729893.com"
202.153.80.8 - - [21/Sep/2026:13:56:41 +0200] "POST /xmlrpc.php HTTP/1.1" 200 5900 "-" "Jetpack by WordPress.com (Jetpack 12.1; WordPress 6.4)"
202.153.80.8 - - [21/Sep/2026:13:56:52 +0200] "POST /xmlrpc.php HTTP/1.1" 200 5884 "-" "Jetpack by WordPress.com (Jetpack 12.0; WordPress 6.4)"
202.153.80.8 - - [21/Sep/2026:13:57:02 +0200] "POST /xmlrpc.php HTTP/1.1" 200 5884 "-" "Jetpack by WordPress.com (Jetpack 12.5; WordPress 6.1)"
202.153.80.8 - - [21/Sep/2026:13:57:13 +0200] "POST /xmlrpc.php HTTP/1.1" 200 5868 "-" "Jetpack by WordPress.com (Jetpack 12.5; WordPress 6.2)"
202.153.80.8 - - [21/Sep/2026:13:57:23 +0200] "POST /xmlrpc.php HTTP/1.1" 200 5868 "-" "Jetpack/13.0; WordPress/6.1; http://site22402112.com"
85.208.96.206 - - [21/Sep/2026:13:57:31 +0200] "GET /payday-loans-wilmington-delaware-payday-advances-2/adjudicaciones HTTP/1.1" 301 5576 "-" "Mozilla/5.0 (compatible; SemrushBot/7~bl; +http://www.semrush.com/bot.html)"
202.153.80.8 - - [21/Sep/2026:13:57:34 +0200] "POST /xmlrpc.php HTTP/1.1" 200 5884 "-" "Jetpack by WordPress.com"
202.153.80.8 - - [21/Sep/2026:13:57:44 +0200] "POST /xmlrpc.php HTTP/1.1" 200 5884 "-" "Jetpack by WordPress.com (Jetpack 12.1; WordPress 6.2)"
51.195.244.234 - - [21/Sep/2026:13:57:55 +0200] "GET /category/jswipe-dating-site-2/ HTTP/1.1" 200 36773 "-" "Mozilla/5.0 (compatible; AhrefsBot/7.0; +http://ahrefs.com/robot/)"
202.153.80.8 - - [21/Sep/2026:13:57:55 +0200] "POST /xmlrpc.php HTTP/1.1" 200 5900 "-" "Jetpack/12.1; WordPress/6.3; http://site12543802.com"
118.70.192.58 - - [21/Sep/2026:13:57:59 +0200] "POST /xmlrpc.php HTTP/1.1" 200 5868 "-" "Jetpack by WordPress.com (Jetpack 13.0; WordPress 6.3)"
202.153.80.8 - - [21/Sep/2026:13:58:05 +0200] "POST /xmlrpc.php HTTP/1.1" 200 5900 "-" "WordPress.com; https://wordpress.com"
118.70.192.58 - - [21/Sep/2026:13:58:09 +0200] "POST /xmlrpc.php HTTP/1.1" 200 5868 "-" "Jetpack by WordPress.com (Jetpack 12.0; WordPress 6.2)"
202.153.80.8 - - [21/Sep/2026:13:58:16 +0200] "POST /xmlrpc.php HTTP/1.1" 200 5884 "-" "Jetpack/12.0; WordPress/6.1; http://site54265694.com"
118.70.192.58 - - [21/Sep/2026:13:58:20 +0200] "POST /xmlrpc.php HTTP/1.1" 200 5868 "-" "WordPress.com; https://wordpress.com"
202.153.80.8 - - [21/Sep/2026:13:58:26 +0200] "POST /xmlrpc.php HTTP/1.1" 200 5900 "-" "Jetpack by WordPress.com (Jetpack 12.0; WordPress 6.3)"
118.70.192.58 - - [21/Sep/2026:13:58:30 +0200] "POST /xmlrpc.php HTTP/1.1" 200 5868 "-" "Jetpack by WordPress.com (Jetpack 13.0; WordPress 6.4)"
202.153.80.8 - - [21/Sep/2026:13:58:37 +0200] "POST /xmlrpc.php HTTP/1.1" 200 5900 "-" "Jetpack by WordPress.com (Jetpack 12.1; WordPress 6.1)"
17.166.25.152 - - [21/Sep/2026:13:58:41 +0200] "GET /you-also-can-create-this-a-couple-of-times-yet/medio-ambiente HTTP/1.1" 301 5576 "-" "Mozilla/5.0 (Macintosh; Intel Mac OS X 10_15_7) AppleWebKit/605.1.15 (KHTML, like Gecko) Version/17.4 Safari/605.1.15 (Applebot/0.1; +http://www.apple.com/go/applebot)"
118.70.192.58 - - [21/Sep/2026:13:58:41 +0200] "POST /xmlrpc.php HTTP/1.1" 200 5884 "-" "WordPress.com; https://wordpress.com"
202.153.80.8 - - [21/Sep/2026:13:58:48 +0200] "POST /xmlrpc.php HTTP/1.1" 200 5900 "-" "Jetpack by WordPress.com"
118.70.192.58 - - [21/Sep/2026:13:58:51 +0200] "POST /xmlrpc.php HTTP/1.1" 200 5900 "-" "Jetpack by WordPress.com"
202.153.80.8 - - [21/Sep/2026:13:58:58 +0200] "POST /xmlrpc.php HTTP/1.1" 200 5900 "-" "WordPress.com; https://wordpress.com"
118.70.192.58 - - [21/Sep/2026:13:59:02 +0200] "POST /xmlrpc.php HTTP/1.1" 200 5884 "-" "Jetpack/12.0; WordPress/6.2; http://site86782823.com"
202.153.80.8 - - [21/Sep/2026:13:59:09 +0200] "POST /xmlrpc.php HTTP/1.1" 200 5884 "-" "Jetpack/12.0; WordPress/6.4; http://site56327821.com"
118.70.192.58 - - [21/Sep/2026:13:59:12 +0200] "POST /xmlrpc.php HTTP/1.1" 200 5868 "-" "Jetpack/12.0; WordPress/6.3; http://site47572393.com"
202.153.80.8 - - [21/Sep/2026:13:59:19 +0200] "POST /xmlrpc.php HTTP/1.1" 200 5884 "-" "Jetpack by WordPress.com (Jetpack 13.0; WordPress 6.2)"
198.244.168.166 - - [21/Sep/2026:13:59:20 +0200] "GET /category/belleville-canada-hookup-sites/ HTTP/1.1" 200 36587 "-" "Mozilla/5.0 (compatible; AhrefsBot/7.0; +http://ahrefs.com/robot/)"
118.70.192.58 - - [21/Sep/2026:13:59:23 +0200] "POST /xmlrpc.php HTTP/1.1" 200 5868 "-" "Jetpack/12.5; WordPress/6.4; http://site75424863.com"
202.153.80.8 - - [21/Sep/2026:13:59:30 +0200] "POST /xmlrpc.php HTTP/1.1" 200 5884 "-" "Jetpack by WordPress.com"
118.70.192.58 - - [21/Sep/2026:13:59:34 +0200] "POST /xmlrpc.php HTTP/1.1" 200 5884 "-" "WordPress.com; https://wordpress.com"
202.153.80.8 - - [21/Sep/2026:13:59:40 +0200] "POST /xmlrpc.php HTTP/1.1" 200 5900 "-" "Jetpack by WordPress.com"
118.70.192.58 - - [21/Sep/2026:13:59:44 +0200] "POST /xmlrpc.php HTTP/1.1" 200 5900 "-" "Jetpack by WordPress.com"
202.153.80.8 - - [21/Sep/2026:13:59:51 +0200] "POST /xmlrpc.php HTTP/1.1" 200 5884 "-" "Jetpack by WordPress.com"
118.70.192.58 - - [21/Sep/2026:13:59:55 +0200] "POST /xmlrpc.php HTTP/1.1" 200 5884 "-" "WordPress.com; https://wordpress.com"
202.153.80.8 - - [21/Sep/2026:14:00:01 +0200] "POST /xmlrpc.php HTTP/1.1" 200 5884 "-" "Jetpack by WordPress.com"
118.70.192.58 - - [21/Sep/2026:14:00:05 +0200] "POST /xmlrpc.php HTTP/1.1" 200 5884 "-" "Jetpack by WordPress.com (Jetpack 12.0; WordPress 6.4)"
16.216.88.198 - - [21/Sep/2026:14:00:11 +0200] "GET /attributes-of-taking-out-a-simple-payday-loan/nosotros HTTP/1.1" 301 5570 "-" "Mozilla/5.0 AppleWebKit/537.36 (KHTML, like Gecko; compatible; Reflectionbot/1.0; +https://reflection.ai/bot) Chrome/151.0.0.0 Safari/537.36"
16.216.88.198 - - [21/Sep/2026:14:00:11 +0200] "GET /nosotros/ HTTP/1.1" 200 35940 "-" "Mozilla/5.0 AppleWebKit/537.36 (KHTML, like Gecko; compatible; Reflectionbot/1.0; +https://reflection.ai/bot) Chrome/151.0.0.0 Safari/537.36"
202.153.80.8 - - [21/Sep/2026:14:00:12 +0200] "POST /xmlrpc.php HTTP/1.1" 200 5900 "-" "WordPress.com; https://wordpress.com"
118.70.192.58 - - [21/Sep/2026:14:00:16 +0200] "POST /xmlrpc.php HTTP/1.1" 200 5900 "-" "Jetpack by WordPress.com"
202.153.80.8 - - [21/Sep/2026:14:00:22 +0200] "POST /xmlrpc.php HTTP/1.1" 200 5884 "-" "Jetpack by WordPress.com (Jetpack 12.5; WordPress 6.1)"
118.70.192.58 - - [21/Sep/2026:14:00:26 +0200] "POST /xmlrpc.php HTTP/1.1" 200 5868 "-" "WordPress.com; https://wordpress.com"
202.153.80.8 - - [21/Sep/2026:14:00:33 +0200] "POST /xmlrpc.php HTTP/1.1" 200 5900 "-" "WordPress.com; https://wordpress.com"
118.70.192.58 - - [21/Sep/2026:14:00:37 +0200] "POST /xmlrpc.php HTTP/1.1" 200 5884 "-" "Jetpack/13.0; WordPress/6.4; http://site17760277.com"
202.153.80.8 - - [21/Sep/2026:14:00:43 +0200] "POST /xmlrpc.php HTTP/1.1" 200 5884 "-" "WordPress.com; https://wordpress.com"
198.244.168.6 - - [21/Sep/2026:14:00:46 +0200] "GET /category/senior-match-como-funciona-2/ HTTP/1.1" 200 36639 "-" "Mozilla/5.0 (compatible; AhrefsBot/7.0; +http://ahrefs.com/robot/)"
118.70.192.58 - - [21/Sep/2026:14:00:48 +0200] "POST /xmlrpc.php HTTP/1.1" 200 5884 "-" "WordPress.com; https://wordpress.com"
202.153.80.8 - - [21/Sep/2026:14:00:54 +0200] "POST /xmlrpc.php HTTP/1.1" 200 5900 "-" "Jetpack/13.0; WordPress/6.2; http://site14944727.com"
118.70.192.58 - - [21/Sep/2026:14:00:58 +0200] "POST /xmlrpc.php HTTP/1.1" 200 5868 "-" "WordPress.com; https://wordpress.com"
202.153.80.8 - - [21/Sep/2026:14:01:04 +0200] "POST /xmlrpc.php HTTP/1.1" 200 5868 "-" "Jetpack by WordPress.com (Jetpack 12.0; WordPress 6.2)"
118.70.192.58 - - [21/Sep/2026:14:01:09 +0200] "POST /xmlrpc.php HTTP/1.1" 200 5868 "-" "WordPress.com; https://wordpress.com"
202.153.80.8 - - [21/Sep/2026:14:01:15 +0200] "POST /xmlrpc.php HTTP/1.1" 200 5868 "-" "Jetpack/12.1; WordPress/6.2; http://site81510665.com"
118.70.192.58 - - [21/Sep/2026:14:01:19 +0200] "POST /xmlrpc.php HTTP/1.1" 200 5868 "-" "WordPress.com; https://wordpress.com"
202.153.80.8 - - [21/Sep/2026:14:01:25 +0200] "POST /xmlrpc.php HTTP/1.1" 200 5900 "-" "Jetpack by WordPress.com"
118.70.192.58 - - [21/Sep/2026:14:01:30 +0200] "POST /xmlrpc.php HTTP/1.1" 200 5868 "-" "Jetpack by WordPress.com"
202.153.80.8 - - [21/Sep/2026:14:01:36 +0200] "POST /xmlrpc.php HTTP/1.1" 200 5900 "-" "Jetpack by WordPress.com (Jetpack 12.5; WordPress 6.2)"
118.70.192.58 - - [21/Sep/2026:14:01:40 +0200] "POST /xmlrpc.php HTTP/1.1" 200 5868 "-" "Jetpack by WordPress.com (Jetpack 12.5; WordPress 6.4)"
202.153.80.8 - - [21/Sep/2026:14:01:46 +0200] "POST /xmlrpc.php HTTP/1.1" 200 5884 "-" "Jetpack by WordPress.com"
118.70.192.58 - - [21/Sep/2026:14:01:51 +0200] "POST /xmlrpc.php HTTP/1.1" 200 5900 "-" "WordPress.com; https://wordpress.com"
202.153.80.8 - - [21/Sep/2026:14:01:57 +0200] "POST /xmlrpc.php HTTP/1.1" 200 5884 "-" "Jetpack by WordPress.com"
118.70.192.58 - - [21/Sep/2026:14:02:02 +0200] "POST /xmlrpc.php HTTP/1.1" 200 5884 "-" "Jetpack by WordPress.com"
202.153.80.8 - - [21/Sep/2026:14:02:07 +0200] "POST /xmlrpc.php HTTP/1.1" 200 5884 "-" "Jetpack by WordPress.com"
51.195.244.229 - - [21/Sep/2026:14:02:12 +0200] "GET /category/chicago-escort-review-2/ HTTP/1.1" 200 36740 "-" "Mozilla/5.0 (compatible; AhrefsBot/7.0; +http://ahrefs.com/robot/)"
118.70.192.58 - - [21/Sep/2026:14:02:12 +0200] "POST /xmlrpc.php HTTP/1.1" 200 5900 "-" "Jetpack/12.1; WordPress/6.3; http://site92454515.com"
202.153.80.8 - - [21/Sep/2026:14:02:18 +0200] "POST /xmlrpc.php HTTP/1.1" 200 5900 "-" "Jetpack/12.0; WordPress/6.2; http://site33837236.com"
118.70.192.58 - - [21/Sep/2026:14:02:23 +0200] "POST /xmlrpc.php HTTP/1.1" 200 5900 "-" "Jetpack by WordPress.com"
202.153.80.8 - - [21/Sep/2026:14:02:28 +0200] "POST /xmlrpc.php HTTP/1.1" 200 5884 "-" "Jetpack by WordPress.com"
118.70.192.58 - - [21/Sep/2026:14:02:33 +0200] "POST /xmlrpc.php HTTP/1.1" 200 5884 "-" "Jetpack/12.5; WordPress/6.4; http://site18442149.com"
202.153.80.8 - - [21/Sep/2026:14:02:39 +0200] "POST /xmlrpc.php HTTP/1.1" 200 5884 "-" "Jetpack by WordPress.com (Jetpack 12.5; WordPress 6.4)"
118.70.192.58 - - [21/Sep/2026:14:02:44 +0200] "POST /xmlrpc.php HTTP/1.1" 200 5884 "-" "Jetpack by WordPress.com (Jetpack 13.0; WordPress 6.2)"
202.153.80.8 - - [21/Sep/2026:14:02:49 +0200] "POST /xmlrpc.php HTTP/1.1" 200 5884 "-" "Jetpack by WordPress.com"
16.216.88.177 - - [21/Sep/2026:14:02:52 +0200] "GET /actually-regarding-the-rushmore-payday-advances/actividades HTTP/1.1" 301 5573 "-" "Mozilla/5.0 AppleWebKit/537.36 (KHTML, like Gecko; compatible; Reflectionbot/1.0; +https://reflection.ai/bot) Chrome/151.0.0.0 Safari/537.36"
16.216.88.177 - - [21/Sep/2026:14:02:53 +0200] "GET /actividades/ HTTP/1.1" 200 39444 "-" "Mozilla/5.0 AppleWebKit/537.36 (KHTML, like Gecko; compatible; Reflectionbot/1.0; +https://reflection.ai/bot) Chrome/151.0.0.0 Safari/537.36"
118.70.192.58 - - [21/Sep/2026:14:02:55 +0200] "POST /xmlrpc.php HTTP/1.1" 200 5884 "-" "Jetpack/12.5; WordPress/6.4; http://site99837794.com"
202.153.80.8 - - [21/Sep/2026:14:03:00 +0200] "POST /xmlrpc.php HTTP/1.1" 200 5900 "-" "WordPress.com; https://wordpress.com"
118.70.192.58 - - [21/Sep/2026:14:03:05 +0200] "POST /xmlrpc.php HTTP/1.1" 200 5884 "-" "Jetpack/13.0; WordPress/6.4; http://site82717600.com"
202.153.80.8 - - [21/Sep/2026:14:03:10 +0200] "POST /xmlrpc.php HTTP/1.1" 200 5884 "-" "Jetpack by WordPress.com (Jetpack 12.1; WordPress 6.1)"
118.70.192.58 - - [21/Sep/2026:14:03:16 +0200] "POST /xmlrpc.php HTTP/1.1" 200 5884 "-" "Jetpack by WordPress.com (Jetpack 12.1; WordPress 6.4)"
202.153.80.8 - - [21/Sep/2026:14:03:21 +0200] "POST /xmlrpc.php HTTP/1.1" 200 5900 "-" "Jetpack by WordPress.com"
118.70.192.58 - - [21/Sep/2026:14:03:26 +0200] "POST /xmlrpc.php HTTP/1.1" 200 5884 "-" "Jetpack/12.0; WordPress/6.3; http://site50675083.com"
202.153.80.8 - - [21/Sep/2026:14:03:31 +0200] "POST /xmlrpc.php HTTP/1.1" 200 5884 "-" "WordPress.com; https://wordpress.com"
118.70.192.58 - - [21/Sep/2026:14:03:37 +0200] "POST /xmlrpc.php HTTP/1.1" 200 5900 "-" "Jetpack by WordPress.com"
202.153.80.8 - - [21/Sep/2026:14:03:42 +0200] "POST /xmlrpc.php HTTP/1.1" 200 5884 "-" "WordPress.com; https://wordpress.com"
118.70.192.58 - - [21/Sep/2026:14:03:48 +0200] "POST /xmlrpc.php HTTP/1.1" 200 5868 "-" "Jetpack by WordPress.com"
202.153.80.8 - - [21/Sep/2026:14:03:52 +0200] "POST /xmlrpc.php HTTP/1.1" 200 5884 "-" "WordPress.com; https://wordpress.com"
51.195.215.68 - - [21/Sep/2026:14:03:58 +0200] "GET /category/date-me-review/ HTTP/1.1" 200 36526 "-" "Mozilla/5.0 (compatible; AhrefsBot/7.0; +http://ahrefs.com/robot/)"
118.70.192.58 - - [21/Sep/2026:14:03:58 +0200] "POST /xmlrpc.php HTTP/1.1" 200 5900 "-" "Jetpack by WordPress.com"
202.153.80.8 - - [21/Sep/2026:14:04:03 +0200] "POST /xmlrpc.php HTTP/1.1" 200 5884 "-" "WordPress.com; https://wordpress.com"
118.70.192.58 - - [21/Sep/2026:14:04:09 +0200] "POST /xmlrpc.php HTTP/1.1" 200 5884 "-" "WordPress.com; https://wordpress.com"
202.153.80.8 - - [21/Sep/2026:14:04:13 +0200] "POST /xmlrpc.php HTTP/1.1" 200 5884 "-" "Jetpack by WordPress.com (Jetpack 12.0; WordPress 6.1)"
118.70.192.58 - - [21/Sep/2026:14:04:19 +0200] "POST /xmlrpc.php HTTP/1.1" 200 5884 "-" "Jetpack by WordPress.com"
16.216.88.173 - - [21/Sep/2026:14:04:23 +0200] "GET /reports-write-document-proposal-exactly-how-apa-in/contacto HTTP/1.1" 301 5586 "-" "Mozilla/5.0 AppleWebKit/537.36 (KHTML, like Gecko; compatible; Reflectionbot/1.0; +https://reflection.ai/bot) Chrome/151.0.0.0 Safari/537.36"
202.153.80.8 - - [21/Sep/2026:14:04:23 +0200] "POST /xmlrpc.php HTTP/1.1" 200 5868 "-" "Jetpack/13.0; WordPress/6.3; http://site20152665.com"
16.216.88.173 - - [21/Sep/2026:14:04:24 +0200] "GET /contacto/ HTTP/1.1" 200 37701 "-" "Mozilla/5.0 AppleWebKit/537.36 (KHTML, like Gecko; compatible; Reflectionbot/1.0; +https://reflection.ai/bot) Chrome/151.0.0.0 Safari/537.36"
16.216.88.116 - - [21/Sep/2026:14:04:25 +0200] "GET /six-types-of-positive-discipline-used/politica-de-cookies HTTP/1.1" 301 5581 "-" "Mozilla/5.0 AppleWebKit/537.36 (KHTML, like Gecko; compatible; Reflectionbot/1.0; +https://reflection.ai/bot) Chrome/151.0.0.0 Safari/537.36"
16.216.88.116 - - [21/Sep/2026:14:04:25 +0200] "GET /politica-de-cookies/ HTTP/1.1" 200 36167 "-" "Mozilla/5.0 AppleWebKit/537.36 (KHTML, like Gecko; compatible; Reflectionbot/1.0; +https://reflection.ai/bot) Chrome/151.0.0.0 Safari/537.36"
118.70.192.58 - - [21/Sep/2026:14:04:30 +0200] "POST /xmlrpc.php HTTP/1.1" 200 5884 "-" "WordPress.com; https://wordpress.com"
202.153.80.8 - - [21/Sep/2026:14:04:34 +0200] "POST /xmlrpc.php HTTP/1.1" 200 5884 "-" "Jetpack/13.0; WordPress/6.4; http://site36235029.com"
118.70.192.58 - - [21/Sep/2026:14:04:40 +0200] "POST /xmlrpc.php HTTP/1.1" 200 5868 "-" "Jetpack/12.1; WordPress/6.2; http://site50322982.com"
202.153.80.8 - - [21/Sep/2026:14:04:45 +0200] "POST /xmlrpc.php HTTP/1.1" 200 5900 "-" "Jetpack by WordPress.com (Jetpack 13.0; WordPress 6.1)"
118.70.192.58 - - [21/Sep/2026:14:04:51 +0200] "POST /xmlrpc.php HTTP/1.1" 200 5884 "-" "Jetpack by WordPress.com (Jetpack 12.5; WordPress 6.2)"
202.153.80.8 - - [21/Sep/2026:14:04:55 +0200] "POST /xmlrpc.php HTTP/1.1" 200 5884 "-" "Jetpack/12.1; WordPress/6.4; http://site60365622.com"
118.70.192.58 - - [21/Sep/2026:14:05:02 +0200] "POST /xmlrpc.php HTTP/1.1" 200 5884 "-" "Jetpack/12.0; WordPress/6.2; http://site19876746.com"
202.153.80.8 - - [21/Sep/2026:14:05:06 +0200] "POST /xmlrpc.php HTTP/1.1" 200 5868 "-" "Jetpack/12.5; WordPress/6.4; http://site94598433.com"
118.70.192.58 - - [21/Sep/2026:14:05:12 +0200] "POST /xmlrpc.php HTTP/1.1" 200 5884 "-" "Jetpack by WordPress.com"
161.35.69.250 - - [21/Sep/2026:14:05:14 +0200] "POST /wp-login.php HTTP/1.1" 200 14214 "-" "Mozilla/5.0"
161.35.69.250 - - [21/Sep/2026:14:05:14 +0200] "POST /wp-login.php HTTP/1.1" 200 14186 "-" "Mozilla/5.0"
202.153.80.8 - - [21/Sep/2026:14:05:16 +0200] "POST /xmlrpc.php HTTP/1.1" 200 5884 "-" "Jetpack/12.1; WordPress/6.3; http://site80620586.com"
118.70.192.58 - - [21/Sep/2026:14:05:23 +0200] "POST /xmlrpc.php HTTP/1.1" 200 5884 "-" "Jetpack/12.0; WordPress/6.3; http://site36262257.com"
16.216.88.134 - - [21/Sep/2026:14:05:25 +0200] "GET /three-ways-to-save-more-income-without-seeking/nosotros HTTP/1.1" 301 5554 "-" "Mozilla/5.0 AppleWebKit/537.36 (KHTML, like Gecko; compatible; Reflectionbot/1.0; +https://reflection.ai/bot) Chrome/151.0.0.0 Safari/537.36"
16.216.88.134 - - [21/Sep/2026:14:05:26 +0200] "GET /nosotros/ HTTP/1.1" 200 35940 "-" "Mozilla/5.0 AppleWebKit/537.36 (KHTML, like Gecko; compatible; Reflectionbot/1.0; +https://reflection.ai/bot) Chrome/151.0.0.0 Safari/537.36"
202.153.80.8 - - [21/Sep/2026:14:05:27 +0200] "POST /xmlrpc.php HTTP/1.1" 200 5884 "-" "WordPress.com; https://wordpress.com"
118.70.192.58 - - [21/Sep/2026:14:05:33 +0200] "POST /xmlrpc.php HTTP/1.1" 200 5868 "-" "WordPress.com; https://wordpress.com"
202.153.80.8 - - [21/Sep/2026:14:05:37 +0200] "POST /xmlrpc.php HTTP/1.1" 200 5900 "-" "Jetpack by WordPress.com"
51.195.244.35 - - [21/Sep/2026:14:05:44 +0200] "GET /category/mali-lide-seznamka-seznamka-2/ HTTP/1.1" 200 37000 "-" "Mozilla/5.0 (compatible; AhrefsBot/7.0; +http://ahrefs.com/robot/)"
118.70.192.58 - - [21/Sep/2026:14:05:44 +0200] "POST /xmlrpc.php HTTP/1.1" 200 5884 "-" "Jetpack by WordPress.com (Jetpack 12.0; WordPress 6.4)"
202.153.80.8 - - [21/Sep/2026:14:05:48 +0200] "POST /xmlrpc.php HTTP/1.1" 200 5884 "-" "WordPress.com; https://wordpress.com"
118.70.192.58 - - [21/Sep/2026:14:05:54 +0200] "POST /xmlrpc.php HTTP/1.1" 200 5900 "-" "Jetpack/12.1; WordPress/6.4; http://site60947089.com"
202.153.80.8 - - [21/Sep/2026:14:05:58 +0200] "POST /xmlrpc.php HTTP/1.1" 200 5884 "-" "WordPress.com; https://wordpress.com"
118.70.192.58 - - [21/Sep/2026:14:06:05 +0200] "POST /xmlrpc.php HTTP/1.1" 200 5884 "-" "Jetpack by WordPress.com (Jetpack 12.0; WordPress 6.4)"
202.153.80.8 - - [21/Sep/2026:14:06:09 +0200] "POST /xmlrpc.php HTTP/1.1" 200 5900 "-" "Jetpack/12.1; WordPress/6.1; http://site24554377.com"
118.70.192.58 - - [21/Sep/2026:14:06:16 +0200] "POST /xmlrpc.php HTTP/1.1" 200 5900 "-" "Jetpack/13.0; WordPress/6.3; http://site89438617.com"
202.153.80.8 - - [21/Sep/2026:14:06:19 +0200] "POST /xmlrpc.php HTTP/1.1" 200 5884 "-" "Jetpack by WordPress.com (Jetpack 12.0; WordPress 6.4)"
118.70.192.58 - - [21/Sep/2026:14:06:26 +0200] "POST /xmlrpc.php HTTP/1.1" 200 5884 "-" "Jetpack/12.1; WordPress/6.2; http://site96080766.com"
16.216.88.116 - - [21/Sep/2026:14:06:26 +0200] "GET /label-financing-deals-suggest-that-the-mortgage-is/politica-de-privacidad HTTP/1.1" 301 5600 "-" "Mozilla/5.0 AppleWebKit/537.36 (KHTML, like Gecko; compatible; Reflectionbot/1.0; +https://reflection.ai/bot) Chrome/151.0.0.0 Safari/537.36"
16.216.88.116 - - [21/Sep/2026:14:06:27 +0200] "GET /politica-de-privacidad/ HTTP/1.1" 200 37422 "-" "Mozilla/5.0 AppleWebKit/537.36 (KHTML, like Gecko; compatible; Reflectionbot/1.0; +https://reflection.ai/bot) Chrome/151.0.0.0 Safari/537.36"
202.153.80.8 - - [21/Sep/2026:14:06:30 +0200] "POST /xmlrpc.php HTTP/1.1" 200 5884 "-" "Jetpack by WordPress.com (Jetpack 12.1; WordPress 6.2)"
118.70.192.58 - - [21/Sep/2026:14:06:37 +0200] "POST /xmlrpc.php HTTP/1.1" 200 5868 "-" "WordPress.com; https://wordpress.com"
202.153.80.8 - - [21/Sep/2026:14:06:40 +0200] "POST /xmlrpc.php HTTP/1.1" 200 5900 "-" "Jetpack by WordPress.com"
118.70.192.58 - - [21/Sep/2026:14:06:47 +0200] "POST /xmlrpc.php HTTP/1.1" 200 5884 "-" "WordPress.com; https://wordpress.com"
202.153.80.8 - - [21/Sep/2026:14:06:51 +0200] "POST /xmlrpc.php HTTP/1.1" 200 5884 "-" "WordPress.com; https://wordpress.com"
118.70.192.58 - - [21/Sep/2026:14:06:58 +0200] "POST /xmlrpc.php HTTP/1.1" 200 5868 "-" "Jetpack/12.1; WordPress/6.2; http://site33152313.com"
202.153.80.8 - - [21/Sep/2026:14:07:01 +0200] "POST /xmlrpc.php HTTP/1.1" 200 5900 "-" "Jetpack by WordPress.com (Jetpack 12.1; WordPress 6.2)"
118.70.192.58 - - [21/Sep/2026:14:07:08 +0200] "POST /xmlrpc.php HTTP/1.1" 200 5900 "-" "Jetpack by WordPress.com"
202.153.80.8 - - [21/Sep/2026:14:07:12 +0200] "POST /xmlrpc.php HTTP/1.1" 200 5884 "-" "Jetpack/12.5; WordPress/6.3; http://site80940607.com"
220.181.108.144 - - [21/Sep/2026:14:07:16 +0200] "GET /so-sehr-manch-unser-suchender-junggeselle-gibt/contacto HTTP/1.1" 301 5586 "-" "Mozilla/5.0 (compatible; Baiduspider/2.0; +http://www.baidu.com/search/spider.html)"
220.181.108.82 - - [21/Sep/2026:14:07:18 +0200] "GET /contacto/ HTTP/1.1" 200 37717 "-" "Mozilla/5.0 (compatible; Baiduspider/2.0; +http://www.baidu.com/search/spider.html)"
118.70.192.58 - - [21/Sep/2026:14:07:19 +0200] "POST /xmlrpc.php HTTP/1.1" 200 5884 "-" "Jetpack/12.1; WordPress/6.4; http://site13133356.com"
202.153.80.8 - - [21/Sep/2026:14:07:22 +0200] "POST /xmlrpc.php HTTP/1.1" 200 5884 "-" "Jetpack by WordPress.com"
51.195.244.246 - - [21/Sep/2026:14:07:29 +0200] "GET /category/blackpeoplemeet-review/ HTTP/1.1" 200 29783 "-" "Mozilla/5.0 (compatible; AhrefsBot/7.0; +http://ahrefs.com/robot/)"
118.70.192.58 - - [21/Sep/2026:14:07:30 +0200] "POST /xmlrpc.php HTTP/1.1" 200 5900 "-" "WordPress.com; https://wordpress.com"
202.153.80.8 - - [21/Sep/2026:14:07:33 +0200] "POST /xmlrpc.php HTTP/1.1" 200 5900 "-" "Jetpack by WordPress.com"
118.70.192.58 - - [21/Sep/2026:14:07:40 +0200] "POST /xmlrpc.php HTTP/1.1" 200 5868 "-" "Jetpack by WordPress.com"
202.153.80.8 - - [21/Sep/2026:14:07:43 +0200] "POST /xmlrpc.php HTTP/1.1" 200 5884 "-" "WordPress.com; https://wordpress.com"
118.70.192.58 - - [21/Sep/2026:14:07:51 +0200] "POST /xmlrpc.php HTTP/1.1" 200 5868 "-" "WordPress.com; https://wordpress.com"
202.153.80.8 - - [21/Sep/2026:14:07:54 +0200] "POST /xmlrpc.php HTTP/1.1" 200 5884 "-" "Jetpack by WordPress.com (Jetpack 12.1; WordPress 6.1)"
118.70.192.58 - - [21/Sep/2026:14:08:01 +0200] "POST /xmlrpc.php HTTP/1.1" 200 5884 "-" "WordPress.com; https://wordpress.com"
202.153.80.8 - - [21/Sep/2026:14:08:04 +0200] "POST /xmlrpc.php HTTP/1.1" 200 5884 "-" "Jetpack/12.0; WordPress/6.1; http://site87662736.com"
118.70.192.58 - - [21/Sep/2026:14:08:12 +0200] "POST /xmlrpc.php HTTP/1.1" 200 5884 "-" "WordPress.com; https://wordpress.com"
202.153.80.8 - - [21/Sep/2026:14:08:15 +0200] "POST /xmlrpc.php HTTP/1.1" 200 5868 "-" "Jetpack by WordPress.com (Jetpack 12.1; WordPress 6.4)"
118.70.192.58 - - [21/Sep/2026:14:08:23 +0200] "POST /xmlrpc.php HTTP/1.1" 200 5868 "-" "Jetpack by WordPress.com"
202.153.80.8 - - [21/Sep/2026:14:08:25 +0200] "POST /xmlrpc.php HTTP/1.1" 200 5900 "-" "WordPress.com; https://wordpress.com"
118.70.192.58 - - [21/Sep/2026:14:08:33 +0200] "POST /xmlrpc.php HTTP/1.1" 200 5884 "-" "Jetpack/12.0; WordPress/6.1; http://site58211966.com"
