35.240.127.197 - - [21/Sep/2026:07:42:34 +0200] "GET /envie-de-detecter-un-amour-bio-aussi-bien-que-ma/ HTTP/1.1" 200 43580 "-" "Mozilla/5.0 (Windows NT 10.0; Win64; x64) AppleWebKit/537.36 (KHTML, like Gecko) Chrome/131.0.0.0 Safari/537.36"
35.240.127.197 - - [21/Sep/2026:07:42:34 +0200] "GET /campaign/.env HTTP/1.1" 301 5594 "-" "Mozilla/5.0 (Windows NT 10.0; Win64; x64) AppleWebKit/537.36 (KHTML, like Gecko) Chrome/131.0.0.0 Safari/537.36"
35.240.127.197 - - [21/Sep/2026:07:42:34 +0200] "GET /envie-de-detecter-un-amour-bio-aussi-bien-que-ma/ HTTP/1.1" 200 43580 "-" "Mozilla/5.0 (Windows NT 10.0; Win64; x64) AppleWebKit/537.36 (KHTML, like Gecko) Chrome/131.0.0.0 Safari/537.36"
36.80.169.150 - - [21/Sep/2026:07:42:34 +0200] "POST /xmlrpc.php HTTP/1.1" 200 5884 "-" "Jetpack by WordPress.com"
103.79.168.78 - - [21/Sep/2026:07:42:34 +0200] "POST /xmlrpc.php HTTP/1.1" 200 5868 "-" "Jetpack/12.1; WordPress/6.4; http://site30737870.com"
35.240.127.197 - - [21/Sep/2026:07:42:34 +0200] "GET /newsletter/.env HTTP/1.1" 301 5610 "-" "Mozilla/5.0 (Windows NT 10.0; Win64; x64) AppleWebKit/537.36 (KHTML, like Gecko) Chrome/131.0.0.0 Safari/537.36"
35.240.127.197 - - [21/Sep/2026:07:42:35 +0200] "GET /envie-de-detecter-un-amour-bio-aussi-bien-que-ma/ HTTP/1.1" 200 43580 "-" "Mozilla/5.0 (Windows NT 10.0; Win64; x64) AppleWebKit/537.36 (KHTML, like Gecko) Chrome/131.0.0.0 Safari/537.36"
35.240.127.197 - - [21/Sep/2026:07:42:35 +0200] "GET /ses/.env HTTP/1.1" 301 5610 "-" "Mozilla/5.0 (Windows NT 10.0; Win64; x64) AppleWebKit/537.36 (KHTML, like Gecko) Chrome/131.0.0.0 Safari/537.36"
35.240.127.197 - - [21/Sep/2026:07:42:35 +0200] "GET /envie-de-detecter-un-amour-bio-aussi-bien-que-ma/ HTTP/1.1" 200 43596 "-" "Mozilla/5.0 (Windows NT 10.0; Win64; x64) AppleWebKit/537.36 (KHTML, like Gecko) Chrome/131.0.0.0 Safari/537.36"
35.240.127.197 - - [21/Sep/2026:07:42:35 +0200] "GET /sendgrid/.env HTTP/1.1" 301 5594 "-" "Mozilla/5.0 (Windows NT 10.0; Win64; x64) AppleWebKit/537.36 (KHTML, like Gecko) Chrome/131.0.0.0 Safari/537.36"
35.240.127.197 - - [21/Sep/2026:07:42:35 +0200] "GET /envie-de-detecter-un-amour-bio-aussi-bien-que-ma/ HTTP/1.1" 200 43596 "-" "Mozilla/5.0 (Windows NT 10.0; Win64; x64) AppleWebKit/537.36 (KHTML, like Gecko) Chrome/131.0.0.0 Safari/537.36"
35.240.127.197 - - [21/Sep/2026:07:42:36 +0200] "GET /sparkpost/.env HTTP/1.1" 301 5594 "-" "Mozilla/5.0 (Windows NT 10.0; Win64; x64) AppleWebKit/537.36 (KHTML, like Gecko) Chrome/131.0.0.0 Safari/537.36"
35.240.127.197 - - [21/Sep/2026:07:42:36 +0200] "GET /envie-de-detecter-un-amour-bio-aussi-bien-que-ma/ HTTP/1.1" 200 43580 "-" "Mozilla/5.0 (Windows NT 10.0; Win64; x64) AppleWebKit/537.36 (KHTML, like Gecko) Chrome/131.0.0.0 Safari/537.36"
35.240.127.197 - - [21/Sep/2026:07:42:36 +0200] "GET /postmark/.env HTTP/1.1" 301 5594 "-" "Mozilla/5.0 (Windows NT 10.0; Win64; x64) AppleWebKit/537.36 (KHTML, like Gecko) Chrome/131.0.0.0 Safari/537.36"
35.240.127.197 - - [21/Sep/2026:07:42:36 +0200] "GET /envie-de-detecter-un-amour-bio-aussi-bien-que-ma/ HTTP/1.1" 200 43580 "-" "Mozilla/5.0 (Windows NT 10.0; Win64; x64) AppleWebKit/537.36 (KHTML, like Gecko) Chrome/131.0.0.0 Safari/537.36"
35.240.127.197 - - [21/Sep/2026:07:42:37 +0200] "GET /mailgun/.env HTTP/1.1" 301 5594 "-" "Mozilla/5.0 (Windows NT 10.0; Win64; x64) AppleWebKit/537.36 (KHTML, like Gecko) Chrome/131.0.0.0 Safari/537.36"
35.240.127.197 - - [21/Sep/2026:07:42:37 +0200] "GET /envie-de-detecter-un-amour-bio-aussi-bien-que-ma/ HTTP/1.1" 200 43580 "-" "Mozilla/5.0 (Windows NT 10.0; Win64; x64) AppleWebKit/537.36 (KHTML, like Gecko) Chrome/131.0.0.0 Safari/537.36"
35.240.127.197 - - [21/Sep/2026:07:42:37 +0200] "GET /mandrill/.env HTTP/1.1" 301 5610 "-" "Mozilla/5.0 (Windows NT 10.0; Win64; x64) AppleWebKit/537.36 (KHTML, like Gecko) Chrome/131.0.0.0 Safari/537.36"
35.240.127.197 - - [21/Sep/2026:07:42:37 +0200] "GET /envie-de-detecter-un-amour-bio-aussi-bien-que-ma/ HTTP/1.1" 200 43564 "-" "Mozilla/5.0 (Windows NT 10.0; Win64; x64) AppleWebKit/537.36 (KHTML, like Gecko) Chrome/131.0.0.0 Safari/537.36"
35.240.127.197 - - [21/Sep/2026:07:42:37 +0200] "GET /mailjet/.env HTTP/1.1" 301 5610 "-" "Mozilla/5.0 (Windows NT 10.0; Win64; x64) AppleWebKit/537.36 (KHTML, like Gecko) Chrome/131.0.0.0 Safari/537.36"
35.240.127.197 - - [21/Sep/2026:07:42:38 +0200] "GET /envie-de-detecter-un-amour-bio-aussi-bien-que-ma/ HTTP/1.1" 200 43596 "-" "Mozilla/5.0 (Windows NT 10.0; Win64; x64) AppleWebKit/537.36 (KHTML, like Gecko) Chrome/131.0.0.0 Safari/537.36"
35.240.127.197 - - [21/Sep/2026:07:42:38 +0200] "GET /brevo/.env HTTP/1.1" 301 5610 "-" "Mozilla/5.0 (Windows NT 10.0; Win64; x64) AppleWebKit/537.36 (KHTML, like Gecko) Chrome/131.0.0.0 Safari/537.36"
35.240.127.197 - - [21/Sep/2026:07:42:38 +0200] "GET /envie-de-detecter-un-amour-bio-aussi-bien-que-ma/ HTTP/1.1" 200 43564 "-" "Mozilla/5.0 (Windows NT 10.0; Win64; x64) AppleWebKit/537.36 (KHTML, like Gecko) Chrome/131.0.0.0 Safari/537.36"
35.240.127.197 - - [21/Sep/2026:07:42:38 +0200] "GET /transactional/.env HTTP/1.1" 301 5594 "-" "Mozilla/5.0 (Windows NT 10.0; Win64; x64) AppleWebKit/537.36 (KHTML, like Gecko) Chrome/131.0.0.0 Safari/537.36"
35.240.127.197 - - [21/Sep/2026:07:42:38 +0200] "GET /envie-de-detecter-un-amour-bio-aussi-bien-que-ma/ HTTP/1.1" 200 43596 "-" "Mozilla/5.0 (Windows NT 10.0; Win64; x64) AppleWebKit/537.36 (KHTML, like Gecko) Chrome/131.0.0.0 Safari/537.36"
35.240.127.197 - - [21/Sep/2026:07:42:39 +0200] "GET /bulk/.env HTTP/1.1" 301 5594 "-" "Mozilla/5.0 (Windows NT 10.0; Win64; x64) AppleWebKit/537.36 (KHTML, like Gecko) Chrome/131.0.0.0 Safari/537.36"
35.240.127.197 - - [21/Sep/2026:07:42:39 +0200] "GET /envie-de-detecter-un-amour-bio-aussi-bien-que-ma/ HTTP/1.1" 200 43564 "-" "Mozilla/5.0 (Windows NT 10.0; Win64; x64) AppleWebKit/537.36 (KHTML, like Gecko) Chrome/131.0.0.0 Safari/537.36"
35.240.127.197 - - [21/Sep/2026:07:42:39 +0200] "GET /aws/.env HTTP/1.1" 301 5610 "-" "Mozilla/5.0 (Windows NT 10.0; Win64; x64) AppleWebKit/537.36 (KHTML, like Gecko) Chrome/131.0.0.0 Safari/537.36"
35.240.127.197 - - [21/Sep/2026:07:42:39 +0200] "GET /envie-de-detecter-un-amour-bio-aussi-bien-que-ma/ HTTP/1.1" 200 43580 "-" "Mozilla/5.0 (Windows NT 10.0; Win64; x64) AppleWebKit/537.36 (KHTML, like Gecko) Chrome/131.0.0.0 Safari/537.36"
35.240.127.197 - - [21/Sep/2026:07:42:39 +0200] "GET /azure/.env HTTP/1.1" 301 5610 "-" "Mozilla/5.0 (Windows NT 10.0; Win64; x64) AppleWebKit/537.36 (KHTML, like Gecko) Chrome/131.0.0.0 Safari/537.36"
35.240.127.197 - - [21/Sep/2026:07:42:40 +0200] "GET /envie-de-detecter-un-amour-bio-aussi-bien-que-ma/ HTTP/1.1" 200 43580 "-" "Mozilla/5.0 (Windows NT 10.0; Win64; x64) AppleWebKit/537.36 (KHTML, like Gecko) Chrome/131.0.0.0 Safari/537.36"
35.240.127.197 - - [21/Sep/2026:07:42:40 +0200] "GET /gcp/.env HTTP/1.1" 301 5610 "-" "Mozilla/5.0 (Windows NT 10.0; Win64; x64) AppleWebKit/537.36 (KHTML, like Gecko) Chrome/131.0.0.0 Safari/537.36"
35.240.127.197 - - [21/Sep/2026:07:42:40 +0200] "GET /envie-de-detecter-un-amour-bio-aussi-bien-que-ma/ HTTP/1.1" 200 43580 "-" "Mozilla/5.0 (Windows NT 10.0; Win64; x64) AppleWebKit/537.36 (KHTML, like Gecko) Chrome/131.0.0.0 Safari/537.36"
35.240.127.197 - - [21/Sep/2026:07:42:40 +0200] "GET /cloud/.env HTTP/1.1" 301 5610 "-" "Mozilla/5.0 (Windows NT 10.0; Win64; x64) AppleWebKit/537.36 (KHTML, like Gecko) Chrome/131.0.0.0 Safari/537.36"
35.240.127.197 - - [21/Sep/2026:07:42:40 +0200] "GET /envie-de-detecter-un-amour-bio-aussi-bien-que-ma/ HTTP/1.1" 200 43580 "-" "Mozilla/5.0 (Windows NT 10.0; Win64; x64) AppleWebKit/537.36 (KHTML, like Gecko) Chrome/131.0.0.0 Safari/537.36"
35.240.127.197 - - [21/Sep/2026:07:42:41 +0200] "GET /infrastructure/.env HTTP/1.1" 301 5610 "-" "Mozilla/5.0 (Windows NT 10.0; Win64; x64) AppleWebKit/537.36 (KHTML, like Gecko) Chrome/131.0.0.0 Safari/537.36"
35.240.127.197 - - [21/Sep/2026:07:42:41 +0200] "GET /envie-de-detecter-un-amour-bio-aussi-bien-que-ma/ HTTP/1.1" 200 43580 "-" "Mozilla/5.0 (Windows NT 10.0; Win64; x64) AppleWebKit/537.36 (KHTML, like Gecko) Chrome/131.0.0.0 Safari/537.36"
35.240.127.197 - - [21/Sep/2026:07:42:41 +0200] "GET /docker/.env HTTP/1.1" 301 5610 "-" "Mozilla/5.0 (Windows NT 10.0; Win64; x64) AppleWebKit/537.36 (KHTML, like Gecko) Chrome/131.0.0.0 Safari/537.36"
35.240.127.197 - - [21/Sep/2026:07:42:41 +0200] "GET /envie-de-detecter-un-amour-bio-aussi-bien-que-ma/ HTTP/1.1" 200 43580 "-" "Mozilla/5.0 (Windows NT 10.0; Win64; x64) AppleWebKit/537.36 (KHTML, like Gecko) Chrome/131.0.0.0 Safari/537.36"
35.240.127.197 - - [21/Sep/2026:07:42:42 +0200] "GET /k8s/.env HTTP/1.1" 301 5594 "-" "Mozilla/5.0 (Windows NT 10.0; Win64; x64) AppleWebKit/537.36 (KHTML, like Gecko) Chrome/131.0.0.0 Safari/537.36"
35.240.127.197 - - [21/Sep/2026:07:42:42 +0200] "GET /envie-de-detecter-un-amour-bio-aussi-bien-que-ma/ HTTP/1.1" 200 43580 "-" "Mozilla/5.0 (Windows NT 10.0; Win64; x64) AppleWebKit/537.36 (KHTML, like Gecko) Chrome/131.0.0.0 Safari/537.36"
35.240.127.197 - - [21/Sep/2026:07:42:42 +0200] "GET /kubernetes/.env HTTP/1.1" 301 5626 "-" "Mozilla/5.0 (Windows NT 10.0; Win64; x64) AppleWebKit/537.36 (KHTML, like Gecko) Chrome/131.0.0.0 Safari/537.36"
17.166.152.224 - - [21/Sep/2026:07:42:42 +0200] "GET /so-it-browser-isnt-supported-please-use-other/medio-ambiente HTTP/1.1" 301 5560 "-" "Mozilla/5.0 (Macintosh; Intel Mac OS X 10_15_7) AppleWebKit/605.1.15 (KHTML, like Gecko) Version/17.4 Safari/605.1.15 (Applebot/0.1; +http://www.apple.com/go/applebot)"
35.240.127.197 - - [21/Sep/2026:07:42:42 +0200] "GET /envie-de-detecter-un-amour-bio-aussi-bien-que-ma/ HTTP/1.1" 200 43580 "-" "Mozilla/5.0 (Windows NT 10.0; Win64; x64) AppleWebKit/537.36 (KHTML, like Gecko) Chrome/131.0.0.0 Safari/537.36"
35.240.127.197 - - [21/Sep/2026:07:42:42 +0200] "GET /terraform/.env HTTP/1.1" 301 5626 "-" "Mozilla/5.0 (Windows NT 10.0; Win64; x64) AppleWebKit/537.36 (KHTML, like Gecko) Chrome/131.0.0.0 Safari/537.36"
35.240.127.197 - - [21/Sep/2026:07:42:43 +0200] "GET /envie-de-detecter-un-amour-bio-aussi-bien-que-ma/ HTTP/1.1" 200 43580 "-" "Mozilla/5.0 (Windows NT 10.0; Win64; x64) AppleWebKit/537.36 (KHTML, like Gecko) Chrome/131.0.0.0 Safari/537.36"
35.240.127.197 - - [21/Sep/2026:07:42:43 +0200] "GET /ansible/.env HTTP/1.1" 301 5610 "-" "Mozilla/5.0 (Windows NT 10.0; Win64; x64) AppleWebKit/537.36 (KHTML, like Gecko) Chrome/131.0.0.0 Safari/537.36"
35.240.127.197 - - [21/Sep/2026:07:42:43 +0200] "GET /envie-de-detecter-un-amour-bio-aussi-bien-que-ma/ HTTP/1.1" 200 43580 "-" "Mozilla/5.0 (Windows NT 10.0; Win64; x64) AppleWebKit/537.36 (KHTML, like Gecko) Chrome/131.0.0.0 Safari/537.36"
35.240.127.197 - - [21/Sep/2026:07:42:43 +0200] "GET /.git/.env HTTP/1.1" 301 5610 "-" "Mozilla/5.0 (Windows NT 10.0; Win64; x64) AppleWebKit/537.36 (KHTML, like Gecko) Chrome/131.0.0.0 Safari/537.36"
17.166.152.224 - - [21/Sep/2026:07:42:43 +0200] "GET /medio-ambiente/ HTTP/1.1" 200 35063 "-" "Mozilla/5.0 (Macintosh; Intel Mac OS X 10_15_7) AppleWebKit/605.1.15 (KHTML, like Gecko) Version/17.4 Safari/605.1.15 (Applebot/0.1; +http://www.apple.com/go/applebot)"
35.240.127.197 - - [21/Sep/2026:07:42:43 +0200] "GET /envie-de-detecter-un-amour-bio-aussi-bien-que-ma/ HTTP/1.1" 200 43580 "-" "Mozilla/5.0 (Windows NT 10.0; Win64; x64) AppleWebKit/537.36 (KHTML, like Gecko) Chrome/131.0.0.0 Safari/537.36"
35.240.127.197 - - [21/Sep/2026:07:42:44 +0200] "GET /ci/.env HTTP/1.1" 301 5610 "-" "Mozilla/5.0 (Windows NT 10.0; Win64; x64) AppleWebKit/537.36 (KHTML, like Gecko) Chrome/131.0.0.0 Safari/537.36"
110.227.208.180 - - [21/Sep/2026:07:42:44 +0200] "POST /xmlrpc.php HTTP/1.1" 200 5884 "-" "Jetpack by WordPress.com"
35.240.127.197 - - [21/Sep/2026:07:42:44 +0200] "GET /envie-de-detecter-un-amour-bio-aussi-bien-que-ma/ HTTP/1.1" 200 43580 "-" "Mozilla/5.0 (Windows NT 10.0; Win64; x64) AppleWebKit/537.36 (KHTML, like Gecko) Chrome/131.0.0.0 Safari/537.36"
35.240.127.197 - - [21/Sep/2026:07:42:44 +0200] "GET /cd/.env HTTP/1.1" 301 5610 "-" "Mozilla/5.0 (Windows NT 10.0; Win64; x64) AppleWebKit/537.36 (KHTML, like Gecko) Chrome/131.0.0.0 Safari/537.36"
35.240.127.197 - - [21/Sep/2026:07:42:44 +0200] "GET /envie-de-detecter-un-amour-bio-aussi-bien-que-ma/ HTTP/1.1" 200 43564 "-" "Mozilla/5.0 (Windows NT 10.0; Win64; x64) AppleWebKit/537.36 (KHTML, like Gecko) Chrome/131.0.0.0 Safari/537.36"
35.240.127.197 - - [21/Sep/2026:07:42:45 +0200] "GET /jenkins/.env HTTP/1.1" 301 5626 "-" "Mozilla/5.0 (Windows NT 10.0; Win64; x64) AppleWebKit/537.36 (KHTML, like Gecko) Chrome/131.0.0.0 Safari/537.36"
36.80.169.150 - - [21/Sep/2026:07:42:45 +0200] "POST /xmlrpc.php HTTP/1.1" 200 5900 "-" "WordPress.com; https://wordpress.com"
35.240.127.197 - - [21/Sep/2026:07:42:45 +0200] "GET /envie-de-detecter-un-amour-bio-aussi-bien-que-ma/ HTTP/1.1" 200 43596 "-" "Mozilla/5.0 (Windows NT 10.0; Win64; x64) AppleWebKit/537.36 (KHTML, like Gecko) Chrome/131.0.0.0 Safari/537.36"
35.240.127.197 - - [21/Sep/2026:07:42:45 +0200] "GET /gitlab/.env HTTP/1.1" 301 5610 "-" "Mozilla/5.0 (Windows NT 10.0; Win64; x64) AppleWebKit/537.36 (KHTML, like Gecko) Chrome/131.0.0.0 Safari/537.36"
103.79.168.78 - - [21/Sep/2026:07:42:45 +0200] "POST /xmlrpc.php HTTP/1.1" 200 5868 "-" "Jetpack by WordPress.com"
35.240.127.197 - - [21/Sep/2026:07:42:45 +0200] "GET /envie-de-detecter-un-amour-bio-aussi-bien-que-ma/ HTTP/1.1" 200 43580 "-" "Mozilla/5.0 (Windows NT 10.0; Win64; x64) AppleWebKit/537.36 (KHTML, like Gecko) Chrome/131.0.0.0 Safari/537.36"
35.240.127.197 - - [21/Sep/2026:07:42:45 +0200] "GET /github/.env HTTP/1.1" 301 5626 "-" "Mozilla/5.0 (Windows NT 10.0; Win64; x64) AppleWebKit/537.36 (KHTML, like Gecko) Chrome/131.0.0.0 Safari/537.36"
35.240.127.197 - - [21/Sep/2026:07:42:46 +0200] "GET /envie-de-detecter-un-amour-bio-aussi-bien-que-ma/ HTTP/1.1" 200 43564 "-" "Mozilla/5.0 (Windows NT 10.0; Win64; x64) AppleWebKit/537.36 (KHTML, like Gecko) Chrome/131.0.0.0 Safari/537.36"
35.240.127.197 - - [21/Sep/2026:07:42:46 +0200] "GET /actions/.env HTTP/1.1" 301 5594 "-" "Mozilla/5.0 (Windows NT 10.0; Win64; x64) AppleWebKit/537.36 (KHTML, like Gecko) Chrome/131.0.0.0 Safari/537.36"
35.240.127.197 - - [21/Sep/2026:07:42:46 +0200] "GET /envie-de-detecter-un-amour-bio-aussi-bien-que-ma/ HTTP/1.1" 200 43596 "-" "Mozilla/5.0 (Windows NT 10.0; Win64; x64) AppleWebKit/537.36 (KHTML, like Gecko) Chrome/131.0.0.0 Safari/537.36"
35.240.127.197 - - [21/Sep/2026:07:42:46 +0200] "GET /circleci/.env HTTP/1.1" 301 5610 "-" "Mozilla/5.0 (Windows NT 10.0; Win64; x64) AppleWebKit/537.36 (KHTML, like Gecko) Chrome/131.0.0.0 Safari/537.36"
35.240.127.197 - - [21/Sep/2026:07:42:46 +0200] "GET /envie-de-detecter-un-amour-bio-aussi-bien-que-ma/ HTTP/1.1" 200 43596 "-" "Mozilla/5.0 (Windows NT 10.0; Win64; x64) AppleWebKit/537.36 (KHTML, like Gecko) Chrome/131.0.0.0 Safari/537.36"
35.240.127.197 - - [21/Sep/2026:07:42:47 +0200] "GET /travis/.env HTTP/1.1" 301 5626 "-" "Mozilla/5.0 (Windows NT 10.0; Win64; x64) AppleWebKit/537.36 (KHTML, like Gecko) Chrome/131.0.0.0 Safari/537.36"
35.240.127.197 - - [21/Sep/2026:07:42:47 +0200] "GET /envie-de-detecter-un-amour-bio-aussi-bien-que-ma/ HTTP/1.1" 200 43596 "-" "Mozilla/5.0 (Windows NT 10.0; Win64; x64) AppleWebKit/537.36 (KHTML, like Gecko) Chrome/131.0.0.0 Safari/537.36"
35.240.127.197 - - [21/Sep/2026:07:42:47 +0200] "GET /buildkite/.env HTTP/1.1" 301 5594 "-" "Mozilla/5.0 (Windows NT 10.0; Win64; x64) AppleWebKit/537.36 (KHTML, like Gecko) Chrome/131.0.0.0 Safari/537.36"
35.240.127.197 - - [21/Sep/2026:07:42:47 +0200] "GET /envie-de-detecter-un-amour-bio-aussi-bien-que-ma/ HTTP/1.1" 200 43580 "-" "Mozilla/5.0 (Windows NT 10.0; Win64; x64) AppleWebKit/537.36 (KHTML, like Gecko) Chrome/131.0.0.0 Safari/537.36"
35.240.127.197 - - [21/Sep/2026:07:42:47 +0200] "GET /mysql/.env HTTP/1.1" 301 5610 "-" "Mozilla/5.0 (Windows NT 10.0; Win64; x64) AppleWebKit/537.36 (KHTML, like Gecko) Chrome/131.0.0.0 Safari/537.36"
35.240.127.197 - - [21/Sep/2026:07:42:48 +0200] "GET /envie-de-detecter-un-amour-bio-aussi-bien-que-ma/ HTTP/1.1" 200 43580 "-" "Mozilla/5.0 (Windows NT 10.0; Win64; x64) AppleWebKit/537.36 (KHTML, like Gecko) Chrome/131.0.0.0 Safari/537.36"
35.240.127.197 - - [21/Sep/2026:07:42:48 +0200] "GET /postgres/.env HTTP/1.1" 301 5594 "-" "Mozilla/5.0 (Windows NT 10.0; Win64; x64) AppleWebKit/537.36 (KHTML, like Gecko) Chrome/131.0.0.0 Safari/537.36"
35.240.127.197 - - [21/Sep/2026:07:42:48 +0200] "GET /envie-de-detecter-un-amour-bio-aussi-bien-que-ma/ HTTP/1.1" 200 43580 "-" "Mozilla/5.0 (Windows NT 10.0; Win64; x64) AppleWebKit/537.36 (KHTML, like Gecko) Chrome/131.0.0.0 Safari/537.36"
35.240.127.197 - - [21/Sep/2026:07:42:48 +0200] "GET /mongodb/.env HTTP/1.1" 301 5610 "-" "Mozilla/5.0 (Windows NT 10.0; Win64; x64) AppleWebKit/537.36 (KHTML, like Gecko) Chrome/131.0.0.0 Safari/537.36"
35.240.127.197 - - [21/Sep/2026:07:42:48 +0200] "GET /envie-de-detecter-un-amour-bio-aussi-bien-que-ma/ HTTP/1.1" 200 43596 "-" "Mozilla/5.0 (Windows NT 10.0; Win64; x64) AppleWebKit/537.36 (KHTML, like Gecko) Chrome/131.0.0.0 Safari/537.36"
35.240.127.197 - - [21/Sep/2026:07:42:49 +0200] "GET /redis/.env HTTP/1.1" 301 5610 "-" "Mozilla/5.0 (Windows NT 10.0; Win64; x64) AppleWebKit/537.36 (KHTML, like Gecko) Chrome/131.0.0.0 Safari/537.36"
35.240.127.197 - - [21/Sep/2026:07:42:49 +0200] "GET /envie-de-detecter-un-amour-bio-aussi-bien-que-ma/ HTTP/1.1" 200 43596 "-" "Mozilla/5.0 (Windows NT 10.0; Win64; x64) AppleWebKit/537.36 (KHTML, like Gecko) Chrome/131.0.0.0 Safari/537.36"
35.240.127.197 - - [21/Sep/2026:07:42:49 +0200] "GET /elasticsearch/.env HTTP/1.1" 301 5610 "-" "Mozilla/5.0 (Windows NT 10.0; Win64; x64) AppleWebKit/537.36 (KHTML, like Gecko) Chrome/131.0.0.0 Safari/537.36"
35.240.127.197 - - [21/Sep/2026:07:42:49 +0200] "GET /envie-de-detecter-un-amour-bio-aussi-bien-que-ma/ HTTP/1.1" 200 43596 "-" "Mozilla/5.0 (Windows NT 10.0; Win64; x64) AppleWebKit/537.36 (KHTML, like Gecko) Chrome/131.0.0.0 Safari/537.36"
35.240.127.197 - - [21/Sep/2026:07:42:49 +0200] "GET /rabbitmq/.env HTTP/1.1" 301 5626 "-" "Mozilla/5.0 (Windows NT 10.0; Win64; x64) AppleWebKit/537.36 (KHTML, like Gecko) Chrome/131.0.0.0 Safari/537.36"
35.240.127.197 - - [21/Sep/2026:07:42:50 +0200] "GET /envie-de-detecter-un-amour-bio-aussi-bien-que-ma/ HTTP/1.1" 200 43580 "-" "Mozilla/5.0 (Windows NT 10.0; Win64; x64) AppleWebKit/537.36 (KHTML, like Gecko) Chrome/131.0.0.0 Safari/537.36"
35.240.127.197 - - [21/Sep/2026:07:42:50 +0200] "GET /kafka/.env HTTP/1.1" 301 5610 "-" "Mozilla/5.0 (Windows NT 10.0; Win64; x64) AppleWebKit/537.36 (KHTML, like Gecko) Chrome/131.0.0.0 Safari/537.36"
35.240.127.197 - - [21/Sep/2026:07:42:50 +0200] "GET /envie-de-detecter-un-amour-bio-aussi-bien-que-ma/ HTTP/1.1" 200 43596 "-" "Mozilla/5.0 (Windows NT 10.0; Win64; x64) AppleWebKit/537.36 (KHTML, like Gecko) Chrome/131.0.0.0 Safari/537.36"
35.240.127.197 - - [21/Sep/2026:07:42:50 +0200] "GET /queue/.env HTTP/1.1" 301 5626 "-" "Mozilla/5.0 (Windows NT 10.0; Win64; x64) AppleWebKit/537.36 (KHTML, like Gecko) Chrome/131.0.0.0 Safari/537.36"
35.240.127.197 - - [21/Sep/2026:07:42:50 +0200] "GET /envie-de-detecter-un-amour-bio-aussi-bien-que-ma/ HTTP/1.1" 200 43580 "-" "Mozilla/5.0 (Windows NT 10.0; Win64; x64) AppleWebKit/537.36 (KHTML, like Gecko) Chrome/131.0.0.0 Safari/537.36"
35.240.127.197 - - [21/Sep/2026:07:42:51 +0200] "GET /worker/.env HTTP/1.1" 301 5626 "-" "Mozilla/5.0 (Windows NT 10.0; Win64; x64) AppleWebKit/537.36 (KHTML, like Gecko) Chrome/131.0.0.0 Safari/537.36"
35.240.127.197 - - [21/Sep/2026:07:42:51 +0200] "GET /envie-de-detecter-un-amour-bio-aussi-bien-que-ma/ HTTP/1.1" 200 43564 "-" "Mozilla/5.0 (Windows NT 10.0; Win64; x64) AppleWebKit/537.36 (KHTML, like Gecko) Chrome/131.0.0.0 Safari/537.36"
35.240.127.197 - - [21/Sep/2026:07:42:51 +0200] "GET /job/.env HTTP/1.1" 301 5594 "-" "Mozilla/5.0 (Windows NT 10.0; Win64; x64) AppleWebKit/537.36 (KHTML, like Gecko) Chrome/131.0.0.0 Safari/537.36"
35.240.127.197 - - [21/Sep/2026:07:42:51 +0200] "GET /envie-de-detecter-un-amour-bio-aussi-bien-que-ma/ HTTP/1.1" 200 43580 "-" "Mozilla/5.0 (Windows NT 10.0; Win64; x64) AppleWebKit/537.36 (KHTML, like Gecko) Chrome/131.0.0.0 Safari/537.36"
35.240.127.197 - - [21/Sep/2026:07:42:51 +0200] "GET /test/.env HTTP/1.1" 301 5594 "-" "Mozilla/5.0 (Windows NT 10.0; Win64; x64) AppleWebKit/537.36 (KHTML, like Gecko) Chrome/131.0.0.0 Safari/537.36"
35.240.127.197 - - [21/Sep/2026:07:42:52 +0200] "GET /envie-de-detecter-un-amour-bio-aussi-bien-que-ma/ HTTP/1.1" 200 43596 "-" "Mozilla/5.0 (Windows NT 10.0; Win64; x64) AppleWebKit/537.36 (KHTML, like Gecko) Chrome/131.0.0.0 Safari/537.36"
35.240.127.197 - - [21/Sep/2026:07:42:52 +0200] "GET /qa/.env HTTP/1.1" 301 5626 "-" "Mozilla/5.0 (Windows NT 10.0; Win64; x64) AppleWebKit/537.36 (KHTML, like Gecko) Chrome/131.0.0.0 Safari/537.36"
35.240.127.197 - - [21/Sep/2026:07:42:52 +0200] "GET /envie-de-detecter-un-amour-bio-aussi-bien-que-ma/ HTTP/1.1" 200 43564 "-" "Mozilla/5.0 (Windows NT 10.0; Win64; x64) AppleWebKit/537.36 (KHTML, like Gecko) Chrome/131.0.0.0 Safari/537.36"
35.240.127.197 - - [21/Sep/2026:07:42:52 +0200] "GET /preview/.env HTTP/1.1" 301 5610 "-" "Mozilla/5.0 (Windows NT 10.0; Win64; x64) AppleWebKit/537.36 (KHTML, like Gecko) Chrome/131.0.0.0 Safari/537.36"
35.240.127.197 - - [21/Sep/2026:07:42:52 +0200] "GET /envie-de-detecter-un-amour-bio-aussi-bien-que-ma/ HTTP/1.1" 200 43580 "-" "Mozilla/5.0 (Windows NT 10.0; Win64; x64) AppleWebKit/537.36 (KHTML, like Gecko) Chrome/131.0.0.0 Safari/537.36"
35.240.127.197 - - [21/Sep/2026:07:42:53 +0200] "GET /beta/.env HTTP/1.1" 301 5594 "-" "Mozilla/5.0 (Windows NT 10.0; Win64; x64) AppleWebKit/537.36 (KHTML, like Gecko) Chrome/131.0.0.0 Safari/537.36"
35.240.127.197 - - [21/Sep/2026:07:42:53 +0200] "GET /envie-de-detecter-un-amour-bio-aussi-bien-que-ma/ HTTP/1.1" 200 43564 "-" "Mozilla/5.0 (Windows NT 10.0; Win64; x64) AppleWebKit/537.36 (KHTML, like Gecko) Chrome/131.0.0.0 Safari/537.36"
35.240.127.197 - - [21/Sep/2026:07:42:53 +0200] "GET /uat/.env HTTP/1.1" 301 5626 "-" "Mozilla/5.0 (Windows NT 10.0; Win64; x64) AppleWebKit/537.36 (KHTML, like Gecko) Chrome/131.0.0.0 Safari/537.36"
35.240.127.197 - - [21/Sep/2026:07:42:53 +0200] "GET /envie-de-detecter-un-amour-bio-aussi-bien-que-ma/ HTTP/1.1" 200 43596 "-" "Mozilla/5.0 (Windows NT 10.0; Win64; x64) AppleWebKit/537.36 (KHTML, like Gecko) Chrome/131.0.0.0 Safari/537.36"
35.240.127.197 - - [21/Sep/2026:07:42:53 +0200] "GET /stage/.env HTTP/1.1" 301 5626 "-" "Mozilla/5.0 (Windows NT 10.0; Win64; x64) AppleWebKit/537.36 (KHTML, like Gecko) Chrome/131.0.0.0 Safari/537.36"
35.240.127.197 - - [21/Sep/2026:07:42:54 +0200] "GET /envie-de-detecter-un-amour-bio-aussi-bien-que-ma/ HTTP/1.1" 200 43580 "-" "Mozilla/5.0 (Windows NT 10.0; Win64; x64) AppleWebKit/537.36 (KHTML, like Gecko) Chrome/131.0.0.0 Safari/537.36"
35.240.127.197 - - [21/Sep/2026:07:42:54 +0200] "GET /development/.env HTTP/1.1" 301 5594 "-" "Mozilla/5.0 (Windows NT 10.0; Win64; x64) AppleWebKit/537.36 (KHTML, like Gecko) Chrome/131.0.0.0 Safari/537.36"
35.240.127.197 - - [21/Sep/2026:07:42:54 +0200] "GET /envie-de-detecter-un-amour-bio-aussi-bien-que-ma/ HTTP/1.1" 200 43596 "-" "Mozilla/5.0 (Windows NT 10.0; Win64; x64) AppleWebKit/537.36 (KHTML, like Gecko) Chrome/131.0.0.0 Safari/537.36"
35.240.127.197 - - [21/Sep/2026:07:42:54 +0200] "GET /production/.env HTTP/1.1" 301 5610 "-" "Mozilla/5.0 (Windows NT 10.0; Win64; x64) AppleWebKit/537.36 (KHTML, like Gecko) Chrome/131.0.0.0 Safari/537.36"
110.227.208.180 - - [21/Sep/2026:07:42:54 +0200] "POST /xmlrpc.php HTTP/1.1" 200 5900 "-" "WordPress.com; https://wordpress.com"
35.240.127.197 - - [21/Sep/2026:07:42:54 +0200] "GET /envie-de-detecter-un-amour-bio-aussi-bien-que-ma/ HTTP/1.1" 200 43564 "-" "Mozilla/5.0 (Windows NT 10.0; Win64; x64) AppleWebKit/537.36 (KHTML, like Gecko) Chrome/131.0.0.0 Safari/537.36"
35.240.127.197 - - [21/Sep/2026:07:42:55 +0200] "GET /config/app/.env HTTP/1.1" 404 36550 "-" "Mozilla/5.0 (Windows NT 10.0; Win64; x64) AppleWebKit/537.36 (KHTML, like Gecko) Chrome/131.0.0.0 Safari/537.36"
35.240.127.197 - - [21/Sep/2026:07:42:55 +0200] "GET /phpinfo.php HTTP/1.1" 403 6478 "-" "Mozilla/5.0 (Windows NT 10.0; Win64; x64) AppleWebKit/537.36 (KHTML, like Gecko) Chrome/131.0.0.0 Safari/537.36"
35.240.127.197 - - [21/Sep/2026:07:42:55 +0200] "GET /info.php HTTP/1.1" 403 6478 "-" "Mozilla/5.0 (Windows NT 10.0; Win64; x64) AppleWebKit/537.36 (KHTML, like Gecko) Chrome/131.0.0.0 Safari/537.36"
35.240.127.197 - - [21/Sep/2026:07:42:55 +0200] "GET /php.php HTTP/1.1" 403 6478 "-" "Mozilla/5.0 (Windows NT 10.0; Win64; x64) AppleWebKit/537.36 (KHTML, like Gecko) Chrome/131.0.0.0 Safari/537.36"
35.240.127.197 - - [21/Sep/2026:07:42:55 +0200] "GET /i.php HTTP/1.1" 403 6494 "-" "Mozilla/5.0 (Windows NT 10.0; Win64; x64) AppleWebKit/537.36 (KHTML, like Gecko) Chrome/131.0.0.0 Safari/537.36"
35.240.127.197 - - [21/Sep/2026:07:42:55 +0200] "GET /pi.php HTTP/1.1" 403 6478 "-" "Mozilla/5.0 (Windows NT 10.0; Win64; x64) AppleWebKit/537.36 (KHTML, like Gecko) Chrome/131.0.0.0 Safari/537.36"
35.240.127.197 - - [21/Sep/2026:07:42:55 +0200] "GET /pinfo.php HTTP/1.1" 403 6478 "-" "Mozilla/5.0 (Windows NT 10.0; Win64; x64) AppleWebKit/537.36 (KHTML, like Gecko) Chrome/131.0.0.0 Safari/537.36"
35.240.127.197 - - [21/Sep/2026:07:42:55 +0200] "GET /test.php HTTP/1.1" 403 6478 "-" "Mozilla/5.0 (Windows NT 10.0; Win64; x64) AppleWebKit/537.36 (KHTML, like Gecko) Chrome/131.0.0.0 Safari/537.36"
35.240.127.197 - - [21/Sep/2026:07:42:55 +0200] "GET /phpinfo HTTP/1.1" 404 36550 "-" "Mozilla/5.0 (Windows NT 10.0; Win64; x64) AppleWebKit/537.36 (KHTML, like Gecko) Chrome/131.0.0.0 Safari/537.36"
35.240.127.197 - - [21/Sep/2026:07:42:56 +0200] "GET /p.php HTTP/1.1" 403 6478 "-" "Mozilla/5.0 (Windows NT 10.0; Win64; x64) AppleWebKit/537.36 (KHTML, like Gecko) Chrome/131.0.0.0 Safari/537.36"
35.240.127.197 - - [21/Sep/2026:07:42:56 +0200] "GET /debug.php HTTP/1.1" 403 6478 "-" "Mozilla/5.0 (Windows NT 10.0; Win64; x64) AppleWebKit/537.36 (KHTML, like Gecko) Chrome/131.0.0.0 Safari/537.36"
36.80.169.150 - - [21/Sep/2026:07:42:56 +0200] "POST /xmlrpc.php HTTP/1.1" 200 5868 "-" "WordPress.com; https://wordpress.com"
35.240.127.197 - - [21/Sep/2026:07:42:56 +0200] "GET /admin/phpinfo.php HTTP/1.1" 404 36550 "-" "Mozilla/5.0 (Windows NT 10.0; Win64; x64) AppleWebKit/537.36 (KHTML, like Gecko) Chrome/131.0.0.0 Safari/537.36"
103.79.168.78 - - [21/Sep/2026:07:42:56 +0200] "POST /xmlrpc.php HTTP/1.1" 200 5884 "-" "WordPress.com; https://wordpress.com"
110.227.208.180 - - [21/Sep/2026:07:43:05 +0200] "POST /xmlrpc.php HTTP/1.1" 200 5884 "-" "Jetpack/12.5; WordPress/6.4; http://site34027046.com"
103.79.168.78 - - [21/Sep/2026:07:43:06 +0200] "POST /xmlrpc.php HTTP/1.1" 200 5884 "-" "Jetpack by WordPress.com"
36.80.169.150 - - [21/Sep/2026:07:43:07 +0200] "POST /xmlrpc.php HTTP/1.1" 200 5884 "-" "Jetpack/12.1; WordPress/6.3; http://site43015037.com"
198.244.240.72 - - [21/Sep/2026:07:43:07 +0200] "GET /category/senior-dating-sites-seiten-2/ HTTP/1.1" 200 36776 "-" "Mozilla/5.0 (compatible; AhrefsBot/7.0; +http://ahrefs.com/robot/)"
110.227.208.180 - - [21/Sep/2026:07:43:16 +0200] "POST /xmlrpc.php HTTP/1.1" 200 5884 "-" "WordPress.com; https://wordpress.com"
103.79.168.78 - - [21/Sep/2026:07:43:17 +0200] "POST /xmlrpc.php HTTP/1.1" 200 5900 "-" "Jetpack by WordPress.com"
36.80.169.150 - - [21/Sep/2026:07:43:18 +0200] "POST /xmlrpc.php HTTP/1.1" 200 5868 "-" "Jetpack/12.0; WordPress/6.4; http://site34606637.com"
110.227.208.180 - - [21/Sep/2026:07:43:27 +0200] "POST /xmlrpc.php HTTP/1.1" 200 5884 "-" "Jetpack by WordPress.com (Jetpack 13.0; WordPress 6.1)"
103.79.168.78 - - [21/Sep/2026:07:43:28 +0200] "POST /xmlrpc.php HTTP/1.1" 200 5900 "-" "Jetpack/12.0; WordPress/6.1; http://site88102196.com"
36.80.169.150 - - [21/Sep/2026:07:43:29 +0200] "POST /xmlrpc.php HTTP/1.1" 200 5884 "-" "Jetpack by WordPress.com (Jetpack 12.1; WordPress 6.3)"
110.227.208.180 - - [21/Sep/2026:07:43:37 +0200] "POST /xmlrpc.php HTTP/1.1" 200 5884 "-" "Jetpack by WordPress.com"
103.79.168.78 - - [21/Sep/2026:07:43:39 +0200] "POST /xmlrpc.php HTTP/1.1" 200 5900 "-" "Jetpack/13.0; WordPress/6.1; http://site62270394.com"
36.80.169.150 - - [21/Sep/2026:07:43:40 +0200] "POST /xmlrpc.php HTTP/1.1" 200 5900 "-" "WordPress.com; https://wordpress.com"
85.208.96.212 - - [21/Sep/2026:07:43:47 +0200] "GET /category/hongkongcupid-precios-2/contacto HTTP/1.1" 404 36550 "-" "Mozilla/5.0 (compatible; SemrushBot/7~bl; +http://www.semrush.com/bot.html)"
110.227.208.180 - - [21/Sep/2026:07:43:48 +0200] "POST /xmlrpc.php HTTP/1.1" 200 5900 "-" "Jetpack by WordPress.com"
103.79.168.78 - - [21/Sep/2026:07:43:49 +0200] "POST /xmlrpc.php HTTP/1.1" 200 5884 "-" "Jetpack by WordPress.com"
36.80.169.150 - - [21/Sep/2026:07:43:51 +0200] "POST /xmlrpc.php HTTP/1.1" 200 5884 "-" "WordPress.com; https://wordpress.com"
110.227.208.180 - - [21/Sep/2026:07:43:59 +0200] "POST /xmlrpc.php HTTP/1.1" 200 5868 "-" "Jetpack/12.1; WordPress/6.4; http://site39438044.com"
103.79.168.78 - - [21/Sep/2026:07:44:00 +0200] "POST /xmlrpc.php HTTP/1.1" 200 5868 "-" "WordPress.com; https://wordpress.com"
36.80.169.150 - - [21/Sep/2026:07:44:03 +0200] "POST /xmlrpc.php HTTP/1.1" 200 5884 "-" "Jetpack by WordPress.com (Jetpack 12.5; WordPress 6.2)"
110.227.208.180 - - [21/Sep/2026:07:44:09 +0200] "POST /xmlrpc.php HTTP/1.1" 200 5900 "-" "Jetpack by WordPress.com"
103.79.168.78 - - [21/Sep/2026:07:44:10 +0200] "POST /xmlrpc.php HTTP/1.1" 200 5868 "-" "WordPress.com; https://wordpress.com"
36.80.169.150 - - [21/Sep/2026:07:44:14 +0200] "POST /xmlrpc.php HTTP/1.1" 200 5884 "-" "WordPress.com; https://wordpress.com"
51.195.215.250 - - [21/Sep/2026:07:44:19 +0200] "GET /category/cuckold-dating-review/ HTTP/1.1" 200 36761 "-" "Mozilla/5.0 (compatible; AhrefsBot/7.0; +http://ahrefs.com/robot/)"
110.227.208.180 - - [21/Sep/2026:07:44:20 +0200] "POST /xmlrpc.php HTTP/1.1" 200 5884 "-" "Jetpack by WordPress.com (Jetpack 12.1; WordPress 6.4)"
103.79.168.78 - - [21/Sep/2026:07:44:21 +0200] "POST /xmlrpc.php HTTP/1.1" 200 5868 "-" "WordPress.com; https://wordpress.com"
36.80.169.150 - - [21/Sep/2026:07:44:25 +0200] "POST /xmlrpc.php HTTP/1.1" 200 5884 "-" "Jetpack by WordPress.com (Jetpack 13.0; WordPress 6.3)"
110.227.208.180 - - [21/Sep/2026:07:44:31 +0200] "POST /xmlrpc.php HTTP/1.1" 200 5868 "-" "Jetpack/13.0; WordPress/6.2; http://site76774681.com"
103.79.168.78 - - [21/Sep/2026:07:44:32 +0200] "POST /xmlrpc.php HTTP/1.1" 200 5884 "-" "Jetpack/13.0; WordPress/6.3; http://site80327089.com"
36.80.169.150 - - [21/Sep/2026:07:44:36 +0200] "POST /xmlrpc.php HTTP/1.1" 200 5884 "-" "WordPress.com; https://wordpress.com"
110.227.208.180 - - [21/Sep/2026:07:44:42 +0200] "POST /xmlrpc.php HTTP/1.1" 200 5884 "-" "WordPress.com; https://wordpress.com"
103.79.168.78 - - [21/Sep/2026:07:44:42 +0200] "POST /xmlrpc.php HTTP/1.1" 200 5900 "-" "WordPress.com; https://wordpress.com"
36.80.169.150 - - [21/Sep/2026:07:44:47 +0200] "POST /xmlrpc.php HTTP/1.1" 200 5884 "-" "WordPress.com; https://wordpress.com"
110.227.208.180 - - [21/Sep/2026:07:44:52 +0200] "POST /xmlrpc.php HTTP/1.1" 200 5900 "-" "Jetpack/13.0; WordPress/6.1; http://site54518546.com"
103.79.168.78 - - [21/Sep/2026:07:44:53 +0200] "POST /xmlrpc.php HTTP/1.1" 200 5884 "-" "WordPress.com; https://wordpress.com"
36.80.169.150 - - [21/Sep/2026:07:44:58 +0200] "POST /xmlrpc.php HTTP/1.1" 200 5868 "-" "Jetpack by WordPress.com"
110.227.208.180 - - [21/Sep/2026:07:45:03 +0200] "POST /xmlrpc.php HTTP/1.1" 200 5868 "-" "Jetpack/12.5; WordPress/6.2; http://site52514175.com"
103.79.168.78 - - [21/Sep/2026:07:45:04 +0200] "POST /xmlrpc.php HTTP/1.1" 200 5884 "-" "Jetpack by WordPress.com"
36.80.169.150 - - [21/Sep/2026:07:45:09 +0200] "POST /xmlrpc.php HTTP/1.1" 200 5868 "-" "Jetpack by WordPress.com (Jetpack 12.1; WordPress 6.4)"
110.227.208.180 - - [21/Sep/2026:07:45:13 +0200] "POST /xmlrpc.php HTTP/1.1" 200 5900 "-" "Jetpack by WordPress.com (Jetpack 12.1; WordPress 6.4)"
103.79.168.78 - - [21/Sep/2026:07:45:14 +0200] "POST /xmlrpc.php HTTP/1.1" 200 5884 "-" "Jetpack by WordPress.com (Jetpack 12.0; WordPress 6.4)"
36.80.169.150 - - [21/Sep/2026:07:45:20 +0200] "POST /xmlrpc.php HTTP/1.1" 200 5884 "-" "Jetpack by WordPress.com"
110.227.208.180 - - [21/Sep/2026:07:45:24 +0200] "POST /xmlrpc.php HTTP/1.1" 200 5900 "-" "Jetpack by WordPress.com (Jetpack 12.5; WordPress 6.1)"
103.79.168.78 - - [21/Sep/2026:07:45:25 +0200] "POST /xmlrpc.php HTTP/1.1" 200 5868 "-" "Jetpack by WordPress.com"
51.195.183.58 - - [21/Sep/2026:07:45:31 +0200] "GET /category/gay-hookup-apps-use-anonymously-2/ HTTP/1.1" 200 36754 "-" "Mozilla/5.0 (compatible; AhrefsBot/7.0; +http://ahrefs.com/robot/)"
36.80.169.150 - - [21/Sep/2026:07:45:31 +0200] "POST /xmlrpc.php HTTP/1.1" 200 5884 "-" "WordPress.com; https://wordpress.com"
110.227.208.180 - - [21/Sep/2026:07:45:35 +0200] "POST /xmlrpc.php HTTP/1.1" 200 5868 "-" "Jetpack by WordPress.com"
103.79.168.78 - - [21/Sep/2026:07:45:35 +0200] "POST /xmlrpc.php HTTP/1.1" 200 5900 "-" "Jetpack by WordPress.com (Jetpack 12.1; WordPress 6.4)"
36.80.169.150 - - [21/Sep/2026:07:45:43 +0200] "POST /xmlrpc.php HTTP/1.1" 200 5884 "-" "WordPress.com; https://wordpress.com"
110.227.208.180 - - [21/Sep/2026:07:45:45 +0200] "POST /xmlrpc.php HTTP/1.1" 200 5884 "-" "Jetpack/12.0; WordPress/6.1; http://site54116453.com"
103.79.168.78 - - [21/Sep/2026:07:45:46 +0200] "POST /xmlrpc.php HTTP/1.1" 200 5884 "-" "Jetpack by WordPress.com (Jetpack 12.0; WordPress 6.3)"
158.94.210.156 - - [21/Sep/2026:07:45:53 +0200] "GET / HTTP/1.1" 200 36230 "-" "Mozilla/5.0 (Windows NT 10.0; Win64; x64) AppleWebKit/537.36 (KHTML, like Gecko) Chrome/124.0.0.0 Safari/537.36"
158.94.210.156 - - [21/Sep/2026:07:45:53 +0200] "GET / HTTP/1.1" 200 36230 "-" "Mozilla/5.0 (Windows NT 10.0; Win64; x64) AppleWebKit/537.36 (KHTML, like Gecko) Chrome/124.0.0.0 Safari/537.36"
36.80.169.150 - - [21/Sep/2026:07:45:54 +0200] "POST /xmlrpc.php HTTP/1.1" 200 5884 "-" "Jetpack by WordPress.com"
158.94.210.156 - - [21/Sep/2026:07:45:54 +0200] "GET / HTTP/1.1" 200 36246 "http://gessing.es" "Mozilla/5.0 (Windows NT 10.0; Win64; x64) AppleWebKit/537.36 (KHTML, like Gecko) Chrome/124.0.0.0 Safari/537.36"
158.94.210.156 - - [21/Sep/2026:07:45:54 +0200] "GET / HTTP/1.1" 200 36230 "http://gessing.es" "Mozilla/5.0 (Windows NT 10.0; Win64; x64) AppleWebKit/537.36 (KHTML, like Gecko) Chrome/124.0.0.0 Safari/537.36"
110.227.208.180 - - [21/Sep/2026:07:45:56 +0200] "POST /xmlrpc.php HTTP/1.1" 200 5868 "-" "WordPress.com; https://wordpress.com"
103.79.168.78 - - [21/Sep/2026:07:45:57 +0200] "POST /xmlrpc.php HTTP/1.1" 200 5868 "-" "WordPress.com; https://wordpress.com"
36.80.169.150 - - [21/Sep/2026:07:46:05 +0200] "POST /xmlrpc.php HTTP/1.1" 200 5900 "-" "Jetpack by WordPress.com (Jetpack 13.0; WordPress 6.1)"
110.227.208.180 - - [21/Sep/2026:07:46:07 +0200] "POST /xmlrpc.php HTTP/1.1" 200 5884 "-" "WordPress.com; https://wordpress.com"
103.79.168.78 - - [21/Sep/2026:07:46:08 +0200] "POST /xmlrpc.php HTTP/1.1" 200 5900 "-" "WordPress.com; https://wordpress.com"
36.80.169.150 - - [21/Sep/2026:07:46:16 +0200] "POST /xmlrpc.php HTTP/1.1" 200 5884 "-" "Jetpack/12.5; WordPress/6.3; http://site77475694.com"
110.227.208.180 - - [21/Sep/2026:07:46:17 +0200] "POST /xmlrpc.php HTTP/1.1" 200 5868 "-" "Jetpack by WordPress.com (Jetpack 12.0; WordPress 6.1)"
103.79.168.78 - - [21/Sep/2026:07:46:18 +0200] "POST /xmlrpc.php HTTP/1.1" 200 5884 "-" "Jetpack by WordPress.com"
36.80.169.150 - - [21/Sep/2026:07:46:27 +0200] "POST /xmlrpc.php HTTP/1.1" 200 5884 "-" "WordPress.com; https://wordpress.com"
110.227.208.180 - - [21/Sep/2026:07:46:28 +0200] "POST /xmlrpc.php HTTP/1.1" 200 5884 "-" "Jetpack by WordPress.com (Jetpack 13.0; WordPress 6.4)"
103.79.168.78 - - [21/Sep/2026:07:46:29 +0200] "POST /xmlrpc.php HTTP/1.1" 200 5868 "-" "Jetpack by WordPress.com"
36.80.169.150 - - [21/Sep/2026:07:46:38 +0200] "POST /xmlrpc.php HTTP/1.1" 200 5884 "-" "WordPress.com; https://wordpress.com"
110.227.208.180 - - [21/Sep/2026:07:46:39 +0200] "POST /xmlrpc.php HTTP/1.1" 200 5884 "-" "Jetpack/12.5; WordPress/6.2; http://site47394754.com"
103.79.168.78 - - [21/Sep/2026:07:46:40 +0200] "POST /xmlrpc.php HTTP/1.1" 200 5884 "-" "Jetpack by WordPress.com (Jetpack 13.0; WordPress 6.2)"
51.195.215.27 - - [21/Sep/2026:07:46:43 +0200] "GET /category/happn-numero-de-telefono-2/ HTTP/1.1" 200 36817 "-" "Mozilla/5.0 (compatible; AhrefsBot/7.0; +http://ahrefs.com/robot/)"
110.227.208.180 - - [21/Sep/2026:07:46:49 +0200] "POST /xmlrpc.php HTTP/1.1" 200 5868 "-" "Jetpack by WordPress.com (Jetpack 12.5; WordPress 6.1)"
36.80.169.150 - - [21/Sep/2026:07:46:50 +0200] "POST /xmlrpc.php HTTP/1.1" 200 5884 "-" "Jetpack/12.0; WordPress/6.1; http://site59979398.com"
103.79.168.78 - - [21/Sep/2026:07:46:51 +0200] "POST /xmlrpc.php HTTP/1.1" 200 5884 "-" "Jetpack/12.0; WordPress/6.3; http://site41442301.com"
16.216.88.134 - - [21/Sep/2026:07:46:56 +0200] "GET /and-you-can-be-greater-matchmaking-together/politica-de-cookies HTTP/1.1" 301 5581 "-" "Mozilla/5.0 AppleWebKit/537.36 (KHTML, like Gecko; compatible; Reflectionbot/1.0; +https://reflection.ai/bot) Chrome/151.0.0.0 Safari/537.36"
16.216.88.134 - - [21/Sep/2026:07:46:56 +0200] "GET /politica-de-cookies/ HTTP/1.1" 200 36151 "-" "Mozilla/5.0 AppleWebKit/537.36 (KHTML, like Gecko; compatible; Reflectionbot/1.0; +https://reflection.ai/bot) Chrome/151.0.0.0 Safari/537.36"
110.227.208.180 - - [21/Sep/2026:07:47:00 +0200] "POST /xmlrpc.php HTTP/1.1" 200 5884 "-" "Jetpack by WordPress.com"
36.80.169.150 - - [21/Sep/2026:07:47:01 +0200] "POST /xmlrpc.php HTTP/1.1" 200 5900 "-" "Jetpack by WordPress.com"
103.79.168.78 - - [21/Sep/2026:07:47:01 +0200] "POST /xmlrpc.php HTTP/1.1" 200 5868 "-" "Jetpack by WordPress.com"
110.227.208.180 - - [21/Sep/2026:07:47:10 +0200] "POST /xmlrpc.php HTTP/1.1" 200 5900 "-" "WordPress.com; https://wordpress.com"
103.79.168.78 - - [21/Sep/2026:07:47:12 +0200] "POST /xmlrpc.php HTTP/1.1" 200 5884 "-" "Jetpack by WordPress.com"
180.243.197.57 - - [21/Sep/2026:07:47:13 +0200] "POST /xmlrpc.php HTTP/1.1" 200 5868 "-" "WordPress.com; https://wordpress.com"
110.227.208.180 - - [21/Sep/2026:07:47:21 +0200] "POST /xmlrpc.php HTTP/1.1" 200 5900 "-" "Jetpack/12.0; WordPress/6.1; http://site73166775.com"
180.243.197.57 - - [21/Sep/2026:07:47:23 +0200] "POST /xmlrpc.php HTTP/1.1" 200 5884 "-" "Jetpack by WordPress.com"
103.79.168.78 - - [21/Sep/2026:07:47:23 +0200] "POST /xmlrpc.php HTTP/1.1" 200 5884 "-" "Jetpack/13.0; WordPress/6.2; http://site25445023.com"
110.227.208.180 - - [21/Sep/2026:07:47:32 +0200] "POST /xmlrpc.php HTTP/1.1" 200 5868 "-" "Jetpack/12.0; WordPress/6.1; http://site35417279.com"
103.79.168.78 - - [21/Sep/2026:07:47:33 +0200] "POST /xmlrpc.php HTTP/1.1" 200 5900 "-" "Jetpack by WordPress.com (Jetpack 12.1; WordPress 6.2)"
180.243.197.57 - - [21/Sep/2026:07:47:34 +0200] "POST /xmlrpc.php HTTP/1.1" 200 5884 "-" "Jetpack/13.0; WordPress/6.2; http://site44137068.com"
110.227.208.180 - - [21/Sep/2026:07:47:42 +0200] "POST /xmlrpc.php HTTP/1.1" 200 5868 "-" "Jetpack by WordPress.com (Jetpack 12.1; WordPress 6.1)"
103.79.168.78 - - [21/Sep/2026:07:47:44 +0200] "POST /xmlrpc.php HTTP/1.1" 200 5884 "-" "Jetpack/12.1; WordPress/6.2; http://site41426333.com"
180.243.197.57 - - [21/Sep/2026:07:47:45 +0200] "POST /xmlrpc.php HTTP/1.1" 200 5884 "-" "Jetpack by WordPress.com (Jetpack 12.5; WordPress 6.3)"
110.227.208.180 - - [21/Sep/2026:07:47:53 +0200] "POST /xmlrpc.php HTTP/1.1" 200 5884 "-" "WordPress.com; https://wordpress.com"
103.79.168.78 - - [21/Sep/2026:07:47:55 +0200] "POST /xmlrpc.php HTTP/1.1" 200 5900 "-" "Jetpack by WordPress.com (Jetpack 12.0; WordPress 6.1)"
51.89.129.239 - - [21/Sep/2026:07:47:55 +0200] "GET /category/hi5-pc/ HTTP/1.1" 200 36363 "-" "Mozilla/5.0 (compatible; AhrefsBot/7.0; +http://ahrefs.com/robot/)"
180.243.197.57 - - [21/Sep/2026:07:47:56 +0200] "POST /xmlrpc.php HTTP/1.1" 200 5884 "-" "WordPress.com; https://wordpress.com"
110.227.208.180 - - [21/Sep/2026:07:48:04 +0200] "POST /xmlrpc.php HTTP/1.1" 200 5900 "-" "Jetpack/13.0; WordPress/6.2; http://site40576006.com"
103.79.168.78 - - [21/Sep/2026:07:48:05 +0200] "POST /xmlrpc.php HTTP/1.1" 200 5900 "-" "Jetpack/13.0; WordPress/6.1; http://site83234279.com"
180.243.197.57 - - [21/Sep/2026:07:48:07 +0200] "POST /xmlrpc.php HTTP/1.1" 200 5884 "-" "Jetpack by WordPress.com"
110.227.208.180 - - [21/Sep/2026:07:48:15 +0200] "POST /xmlrpc.php HTTP/1.1" 200 5900 "-" "WordPress.com; https://wordpress.com"
103.79.168.78 - - [21/Sep/2026:07:48:16 +0200] "POST /xmlrpc.php HTTP/1.1" 200 5900 "-" "Jetpack/12.0; WordPress/6.4; http://site51119561.com"
180.243.197.57 - - [21/Sep/2026:07:48:18 +0200] "POST /xmlrpc.php HTTP/1.1" 200 5884 "-" "Jetpack/13.0; WordPress/6.3; http://site16402067.com"
16.216.88.0 - - [21/Sep/2026:07:48:22 +0200] "GET /all-the-stuff-that-often-hop-out-those-who-have/politica-de-privacidad HTTP/1.1" 301 5568 "-" "Mozilla/5.0 AppleWebKit/537.36 (KHTML, like Gecko; compatible; Reflectionbot/1.0; +https://reflection.ai/bot) Chrome/151.0.0.0 Safari/537.36"
16.216.88.0 - - [21/Sep/2026:07:48:23 +0200] "GET /politica-de-privacidad/ HTTP/1.1" 200 37390 "-" "Mozilla/5.0 AppleWebKit/537.36 (KHTML, like Gecko; compatible; Reflectionbot/1.0; +https://reflection.ai/bot) Chrome/151.0.0.0 Safari/537.36"
110.227.208.180 - - [21/Sep/2026:07:48:25 +0200] "POST /xmlrpc.php HTTP/1.1" 200 5868 "-" "Jetpack/13.0; WordPress/6.2; http://site92508759.com"
103.79.168.78 - - [21/Sep/2026:07:48:26 +0200] "POST /xmlrpc.php HTTP/1.1" 200 5884 "-" "WordPress.com; https://wordpress.com"
180.243.197.57 - - [21/Sep/2026:07:48:29 +0200] "POST /xmlrpc.php HTTP/1.1" 200 5884 "-" "Jetpack/13.0; WordPress/6.2; http://site48793373.com"
110.227.208.180 - - [21/Sep/2026:07:48:36 +0200] "POST /xmlrpc.php HTTP/1.1" 200 5868 "-" "Jetpack/12.5; WordPress/6.1; http://site35513991.com"
103.79.168.78 - - [21/Sep/2026:07:48:37 +0200] "POST /xmlrpc.php HTTP/1.1" 200 5884 "-" "Jetpack/13.0; WordPress/6.1; http://site74218896.com"
180.243.197.57 - - [21/Sep/2026:07:48:40 +0200] "POST /xmlrpc.php HTTP/1.1" 200 5884 "-" "Jetpack by WordPress.com"
72.145.83.93 - - [21/Sep/2026:07:48:43 +0200] "GET / HTTP/1.1" 200 36246 "-" "Mozilla/5.0 (Windows NT 10.0; Win64; x64) AppleWebKit/537.36 (KHTML, like Gecko) Chrome/142.0.7444.162 Safari/537.36"
110.227.208.180 - - [21/Sep/2026:07:48:47 +0200] "POST /xmlrpc.php HTTP/1.1" 200 5884 "-" "Jetpack/12.1; WordPress/6.1; http://site28631211.com"
103.79.168.78 - - [21/Sep/2026:07:48:48 +0200] "POST /xmlrpc.php HTTP/1.1" 200 5884 "-" "Jetpack by WordPress.com (Jetpack 13.0; WordPress 6.1)"
180.243.197.57 - - [21/Sep/2026:07:48:52 +0200] "POST /xmlrpc.php HTTP/1.1" 200 5884 "-" "Jetpack by WordPress.com"
40.77.167.230 - - [21/Sep/2026:07:48:53 +0200] "GET /the-functions-of-a-good-marriage/contacto HTTP/1.1" 301 5570 "-" "Mozilla/5.0 AppleWebKit/537.36 (KHTML, like Gecko; compatible; bingbot/2.0; +http://www.bing.com/bingbot.htm) Chrome/116.0.1938.76 Safari/537.36"
110.227.208.180 - - [21/Sep/2026:07:48:57 +0200] "POST /xmlrpc.php HTTP/1.1" 200 5884 "-" "Jetpack/12.0; WordPress/6.3; http://site37992604.com"
72.145.83.93 - - [21/Sep/2026:07:48:58 +0200] "GET /favicon.ico HTTP/1.1" 302 5562 "https://gessing.es/" "Mozilla/5.0 (Windows NT 10.0; Win64; x64) AppleWebKit/537.36 (KHTML, like Gecko) Chrome/142.0.7444.162 Safari/537.36"
103.79.168.78 - - [21/Sep/2026:07:48:58 +0200] "POST /xmlrpc.php HTTP/1.1" 200 5868 "-" "WordPress.com; https://wordpress.com"
180.243.197.57 - - [21/Sep/2026:07:49:03 +0200] "POST /xmlrpc.php HTTP/1.1" 200 5868 "-" "Jetpack/12.0; WordPress/6.1; http://site44643434.com"
198.244.240.86 - - [21/Sep/2026:07:49:07 +0200] "GET /category/mixxxer-dating-2/ HTTP/1.1" 200 36630 "-" "Mozilla/5.0 (compatible; AhrefsBot/7.0; +http://ahrefs.com/robot/)"
110.227.208.180 - - [21/Sep/2026:07:49:08 +0200] "POST /xmlrpc.php HTTP/1.1" 200 5884 "-" "Jetpack by WordPress.com"
103.79.168.78 - - [21/Sep/2026:07:49:10 +0200] "POST /xmlrpc.php HTTP/1.1" 200 5884 "-" "WordPress.com; https://wordpress.com"
180.243.197.57 - - [21/Sep/2026:07:49:14 +0200] "POST /xmlrpc.php HTTP/1.1" 200 5868 "-" "Jetpack by WordPress.com"
110.227.208.180 - - [21/Sep/2026:07:49:18 +0200] "POST /xmlrpc.php HTTP/1.1" 200 5884 "-" "WordPress.com; https://wordpress.com"
103.79.168.78 - - [21/Sep/2026:07:49:20 +0200] "POST /xmlrpc.php HTTP/1.1" 200 5900 "-" "Jetpack by WordPress.com"
180.243.197.57 - - [21/Sep/2026:07:49:25 +0200] "POST /xmlrpc.php HTTP/1.1" 200 5868 "-" "Jetpack/12.5; WordPress/6.1; http://site43993934.com"
216.73.217.1 - - [21/Sep/2026:07:49:25 +0200] "GET /?p=4477 HTTP/1.1" 301 5578 "-" "Mozilla/5.0 AppleWebKit/537.36 (KHTML, like Gecko; compatible; ClaudeBot/1.0; +claudebot@anthropic.com)"
216.73.217.1 - - [21/Sep/2026:07:49:25 +0200] "GET /is-i-permitted-to-render-financing-in-the-place-of/ HTTP/1.1" 200 44394 "-" "Mozilla/5.0 AppleWebKit/537.36 (KHTML, like Gecko; compatible; ClaudeBot/1.0; +claudebot@anthropic.com)"
216.73.217.1 - - [21/Sep/2026:07:49:26 +0200] "GET /is-i-permitted-to-render-financing-in-the-place-of/ HTTP/1.1" 200 44394 "https://gessing.es/?p=4477" "Mozilla/5.0 AppleWebKit/537.36 (KHTML, like Gecko; compatible; ClaudeBot/1.0; +claudebot@anthropic.com)"
216.73.217.1 - - [21/Sep/2026:07:49:26 +0200] "GET /is-i-permitted-to-render-financing-in-the-place-of/feed/ HTTP/1.1" 200 6670 "-" "Mozilla/5.0 AppleWebKit/537.36 (KHTML, like Gecko; compatible; ClaudeBot/1.0; +claudebot@anthropic.com)"
110.227.208.180 - - [21/Sep/2026:07:49:29 +0200] "POST /xmlrpc.php HTTP/1.1" 200 5884 "-" "Jetpack/13.0; WordPress/6.4; http://site13160223.com"
103.79.168.78 - - [21/Sep/2026:07:49:31 +0200] "POST /xmlrpc.php HTTP/1.1" 200 5868 "-" "Jetpack/13.0; WordPress/6.2; http://site31796886.com"
180.243.197.57 - - [21/Sep/2026:07:49:36 +0200] "POST /xmlrpc.php HTTP/1.1" 200 5884 "-" "Jetpack by WordPress.com"
85.208.96.204 - - [21/Sep/2026:07:49:36 +0200] "GET /what-things-to-see-prior-to-getting-towards-an/ HTTP/1.1" 200 43647 "-" "Mozilla/5.0 (compatible; SemrushBot/7~bl; +http://www.semrush.com/bot.html)"
110.227.208.180 - - [21/Sep/2026:07:49:40 +0200] "POST /xmlrpc.php HTTP/1.1" 200 5900 "-" "Jetpack by WordPress.com (Jetpack 12.5; WordPress 6.4)"
103.79.168.78 - - [21/Sep/2026:07:49:41 +0200] "POST /xmlrpc.php HTTP/1.1" 200 5868 "-" "Jetpack by WordPress.com"
180.243.197.57 - - [21/Sep/2026:07:49:47 +0200] "POST /xmlrpc.php HTTP/1.1" 200 5884 "-" "Jetpack by WordPress.com (Jetpack 13.0; WordPress 6.3)"
216.73.217.1 - - [21/Sep/2026:07:49:50 +0200] "GET /is-i-permitted-to-render-financing-in-the-place-of/actividades HTTP/1.1" 301 5589 "-" "Mozilla/5.0 AppleWebKit/537.36 (KHTML, like Gecko; compatible; ClaudeBot/1.0; +claudebot@anthropic.com)"
216.73.217.1 - - [21/Sep/2026:07:49:50 +0200] "GET /is-i-permitted-to-render-financing-in-the-place-of/contacto HTTP/1.1" 301 5554 "-" "Mozilla/5.0 AppleWebKit/537.36 (KHTML, like Gecko; compatible; ClaudeBot/1.0; +claudebot@anthropic.com)"
216.73.217.1 - - [21/Sep/2026:07:49:50 +0200] "GET /contacto/ HTTP/1.1" 200 37685 "https://gessing.es/is-i-permitted-to-render-financing-in-the-place-of/contacto" "Mozilla/5.0 AppleWebKit/537.36 (KHTML, like Gecko; compatible; ClaudeBot/1.0; +claudebot@anthropic.com)"
216.73.217.1 - - [21/Sep/2026:07:49:50 +0200] "GET /actividades/ HTTP/1.1" 200 39428 "https://gessing.es/is-i-permitted-to-render-financing-in-the-place-of/actividades" "Mozilla/5.0 AppleWebKit/537.36 (KHTML, like Gecko; compatible; ClaudeBot/1.0; +claudebot@anthropic.com)"
110.227.208.180 - - [21/Sep/2026:07:49:51 +0200] "POST /xmlrpc.php HTTP/1.1" 200 5900 "-" "Jetpack by WordPress.com"
216.73.217.1 - - [21/Sep/2026:07:49:51 +0200] "GET /is-i-permitted-to-render-financing-in-the-place-of/nosotros HTTP/1.1" 301 5570 "-" "Mozilla/5.0 AppleWebKit/537.36 (KHTML, like Gecko; compatible; ClaudeBot/1.0; +claudebot@anthropic.com)"
216.73.217.1 - - [21/Sep/2026:07:49:51 +0200] "GET /nosotros/ HTTP/1.1" 200 35908 "https://gessing.es/is-i-permitted-to-render-financing-in-the-place-of/nosotros" "Mozilla/5.0 AppleWebKit/537.36 (KHTML, like Gecko; compatible; ClaudeBot/1.0; +claudebot@anthropic.com)"
103.79.168.78 - - [21/Sep/2026:07:49:52 +0200] "POST /xmlrpc.php HTTP/1.1" 200 5884 "-" "WordPress.com; https://wordpress.com"
180.243.197.57 - - [21/Sep/2026:07:49:58 +0200] "POST /xmlrpc.php HTTP/1.1" 200 5884 "-" "Jetpack by WordPress.com (Jetpack 12.0; WordPress 6.2)"
216.73.217.1 - - [21/Sep/2026:07:50:00 +0200] "GET /is-i-permitted-to-render-financing-in-the-place-of/medio-ambiente HTTP/1.1" 301 5576 "-" "Mozilla/5.0 AppleWebKit/537.36 (KHTML, like Gecko; compatible; ClaudeBot/1.0; +claudebot@anthropic.com)"
216.73.217.1 - - [21/Sep/2026:07:50:00 +0200] "GET /is-i-permitted-to-render-financing-in-the-place-of/adjudicaciones HTTP/1.1" 301 5592 "-" "Mozilla/5.0 AppleWebKit/537.36 (KHTML, like Gecko; compatible; ClaudeBot/1.0; +claudebot@anthropic.com)"
216.73.217.1 - - [21/Sep/2026:07:50:01 +0200] "GET /medio-ambiente/ HTTP/1.1" 200 35047 "https://gessing.es/is-i-permitted-to-render-financing-in-the-place-of/medio-ambiente" "Mozilla/5.0 AppleWebKit/537.36 (KHTML, like Gecko; compatible; ClaudeBot/1.0; +claudebot@anthropic.com)"
216.73.217.1 - - [21/Sep/2026:07:50:01 +0200] "GET /adjudicaciones/ HTTP/1.1" 200 53273 "https://gessing.es/is-i-permitted-to-render-financing-in-the-place-of/adjudicaciones" "Mozilla/5.0 AppleWebKit/537.36 (KHTML, like Gecko; compatible; ClaudeBot/1.0; +claudebot@anthropic.com)"
110.227.208.180 - - [21/Sep/2026:07:50:01 +0200] "POST /xmlrpc.php HTTP/1.1" 200 5868 "-" "Jetpack by WordPress.com (Jetpack 12.5; WordPress 6.1)"
103.79.168.78 - - [21/Sep/2026:07:50:03 +0200] "POST /xmlrpc.php HTTP/1.1" 200 5884 "-" "WordPress.com; https://wordpress.com"
