85.208.96.194 - - [21/Sep/2026:09:42:02 +0200] "GET /wild-west-gold-yorumlar-oyuncularn-goruleri/adjudicaciones HTTP/1.1" 301 5576 "-" "Mozilla/5.0 (compatible; SemrushBot/7~bl; +http://www.semrush.com/bot.html)"
51.195.183.84 - - [21/Sep/2026:09:42:18 +0200] "GET /category/green-dating-sites-username/ HTTP/1.1" 200 36716 "-" "Mozilla/5.0 (compatible; AhrefsBot/7.0; +http://ahrefs.com/robot/)"
66.249.64.7 - - [21/Sep/2026:09:42:22 +0200] "GET /category/indian-dating-review-2/ HTTP/1.1" 200 29965 "-" "Mozilla/5.0 (Linux; Android 6.0.1; Nexus 5X Build/MMB29P) AppleWebKit/537.36 (KHTML, like Gecko) Chrome/153.0.8010.47 Mobile Safari/537.36 (compatible; Googlebot/2.1; +http://www.google.com/bot.html)"
216.73.217.1 - - [21/Sep/2026:09:43:24 +0200] "GET /quali-sono-le-nuove-frontiere-del-dating-online-e-4/nosotros HTTP/1.1" 301 5586 "-" "Mozilla/5.0 AppleWebKit/537.36 (KHTML, like Gecko; compatible; ClaudeBot/1.0; +claudebot@anthropic.com)"
216.73.217.1 - - [21/Sep/2026:09:43:24 +0200] "GET /nosotros/ HTTP/1.1" 200 35940 "https://gessing.es/quali-sono-le-nuove-frontiere-del-dating-online-e-4/nosotros" "Mozilla/5.0 AppleWebKit/537.36 (KHTML, like Gecko; compatible; ClaudeBot/1.0; +claudebot@anthropic.com)"
198.244.226.38 - - [21/Sep/2026:09:43:36 +0200] "GET /category/the-best-interracial-dating-site-2/ HTTP/1.1" 200 36899 "-" "Mozilla/5.0 (compatible; AhrefsBot/7.0; +http://ahrefs.com/robot/)"
85.240.243.46 - - [21/Sep/2026:09:44:13 +0200] "GET /wp-json/wp/v2/pages/892 HTTP/1.1" 200 12586 "-" "Mozilla/5.0 (iPhone; CPU iPhone OS 17_6_1 like Mac OS X) AppleWebKit/605.1.15 (KHTML, like Gecko) CriOS/133.0.6943.99 Mobile/15E148 Safari/604.1"
54.38.147.245 - - [21/Sep/2026:09:44:55 +0200] "GET /category/texas-laredo-dating-reviews-2/ HTTP/1.1" 200 36860 "-" "Mozilla/5.0 (compatible; AhrefsBot/7.0; +http://ahrefs.com/robot/)"
27.60.23.8 - - [21/Sep/2026:09:45:52 +0200] "POST /xmlrpc.php HTTP/1.1" 200 5900 "-" "WordPress.com; https://wordpress.com"
27.60.23.8 - - [21/Sep/2026:09:46:01 +0200] "POST /xmlrpc.php HTTP/1.1" 200 5884 "-" "Jetpack by WordPress.com"
27.60.23.8 - - [21/Sep/2026:09:46:12 +0200] "POST /xmlrpc.php HTTP/1.1" 200 5900 "-" "Jetpack by WordPress.com"
198.244.240.93 - - [21/Sep/2026:09:46:13 +0200] "GET /category/citas-recta-visitors/ HTTP/1.1" 200 36751 "-" "Mozilla/5.0 (compatible; AhrefsBot/7.0; +http://ahrefs.com/robot/)"
27.60.23.8 - - [21/Sep/2026:09:46:22 +0200] "POST /xmlrpc.php HTTP/1.1" 200 5900 "-" "WordPress.com; https://wordpress.com"
27.60.23.8 - - [21/Sep/2026:09:46:33 +0200] "POST /xmlrpc.php HTTP/1.1" 200 5884 "-" "Jetpack by WordPress.com (Jetpack 12.0; WordPress 6.2)"
216.73.217.1 - - [21/Sep/2026:09:46:38 +0200] "GET /?p=4641 HTTP/1.1" 301 5541 "-" "Mozilla/5.0 AppleWebKit/537.36 (KHTML, like Gecko; compatible; ClaudeBot/1.0; +claudebot@anthropic.com)"
216.73.217.1 - - [21/Sep/2026:09:46:38 +0200] "GET /in-the-end-grows-during-the-student-loan-debt/ HTTP/1.1" 200 43879 "https://gessing.es/?p=4641" "Mozilla/5.0 AppleWebKit/537.36 (KHTML, like Gecko; compatible; ClaudeBot/1.0; +claudebot@anthropic.com)"
27.60.23.8 - - [21/Sep/2026:09:46:43 +0200] "POST /xmlrpc.php HTTP/1.1" 200 5900 "-" "WordPress.com; https://wordpress.com"
27.60.23.8 - - [21/Sep/2026:09:46:54 +0200] "POST /xmlrpc.php HTTP/1.1" 200 5884 "-" "Jetpack/13.0; WordPress/6.4; http://site73257466.com"
216.73.217.1 - - [21/Sep/2026:09:46:54 +0200] "GET /in-the-end-grows-during-the-student-loan-debt/ HTTP/1.1" 200 43863 "-" "Mozilla/5.0 AppleWebKit/537.36 (KHTML, like Gecko; compatible; ClaudeBot/1.0; +claudebot@anthropic.com)"
85.208.96.207 - - [21/Sep/2026:09:46:55 +0200] "GET /some-lives-borrowing-can-cause-plenty-of/politica-de-privacidad HTTP/1.1" 301 5600 "-" "Mozilla/5.0 (compatible; SemrushBot/7~bl; +http://www.semrush.com/bot.html)"
85.208.96.197 - - [21/Sep/2026:09:46:57 +0200] "GET /eight-signs-your-own-matchmaking-has-stopped-being/nosotros HTTP/1.1" 301 5570 "-" "Mozilla/5.0 (compatible; SemrushBot/7~bl; +http://www.semrush.com/bot.html)"
27.60.23.8 - - [21/Sep/2026:09:47:04 +0200] "POST /xmlrpc.php HTTP/1.1" 200 5884 "-" "Jetpack by WordPress.com"
27.60.23.8 - - [21/Sep/2026:09:47:15 +0200] "POST /xmlrpc.php HTTP/1.1" 200 5868 "-" "WordPress.com; https://wordpress.com"
188.253.209.146 - - [21/Sep/2026:09:47:16 +0200] "GET /category/sexchats-reviews/politica-de-cookies HTTP/1.1" 404 36566 "-" "Mozilla/5.0 (Macintosh; U; PPC Mac OS X; ja-jp) AppleWebKit/416.12 (KHTML, like Gecko) Safari/416.13"
216.73.217.1 - - [21/Sep/2026:09:47:23 +0200] "GET /in-the-end-grows-during-the-student-loan-debt/actividades HTTP/1.1" 301 5589 "-" "Mozilla/5.0 AppleWebKit/537.36 (KHTML, like Gecko; compatible; ClaudeBot/1.0; +claudebot@anthropic.com)"
216.73.217.1 - - [21/Sep/2026:09:47:24 +0200] "GET /actividades/ HTTP/1.1" 200 39444 "https://gessing.es/in-the-end-grows-during-the-student-loan-debt/actividades" "Mozilla/5.0 AppleWebKit/537.36 (KHTML, like Gecko; compatible; ClaudeBot/1.0; +claudebot@anthropic.com)"
27.60.23.8 - - [21/Sep/2026:09:47:25 +0200] "POST /xmlrpc.php HTTP/1.1" 200 5884 "-" "Jetpack/12.0; WordPress/6.2; http://site60967395.com"
216.73.217.1 - - [21/Sep/2026:09:47:23 +0200] "GET /in-the-end-grows-during-the-student-loan-debt/feed/ HTTP/1.1" 200 6698 "-" "Mozilla/5.0 AppleWebKit/537.36 (KHTML, like Gecko; compatible; ClaudeBot/1.0; +claudebot@anthropic.com)"
198.244.168.253 - - [21/Sep/2026:09:47:31 +0200] "GET /category/uk-cougar-dating-review-2/ HTTP/1.1" 200 36658 "-" "Mozilla/5.0 (compatible; AhrefsBot/7.0; +http://ahrefs.com/robot/)"
27.60.23.8 - - [21/Sep/2026:09:47:36 +0200] "POST /xmlrpc.php HTTP/1.1" 200 5884 "-" "WordPress.com; https://wordpress.com"
16.216.88.226 - - [21/Sep/2026:09:47:37 +0200] "GET /pay-day-loans-toward-rushmore-minnesota-as-to-the/medio-ambiente HTTP/1.1" 301 5592 "-" "Mozilla/5.0 AppleWebKit/537.36 (KHTML, like Gecko; compatible; Reflectionbot/1.0; +https://reflection.ai/bot) Chrome/151.0.0.0 Safari/537.36"
16.216.88.226 - - [21/Sep/2026:09:47:37 +0200] "GET /medio-ambiente/ HTTP/1.1" 200 35031 "-" "Mozilla/5.0 AppleWebKit/537.36 (KHTML, like Gecko; compatible; Reflectionbot/1.0; +https://reflection.ai/bot) Chrome/151.0.0.0 Safari/537.36"
216.73.217.1 - - [21/Sep/2026:09:47:43 +0200] "GET /in-the-end-grows-during-the-student-loan-debt/contacto HTTP/1.1" 301 5554 "-" "Mozilla/5.0 AppleWebKit/537.36 (KHTML, like Gecko; compatible; ClaudeBot/1.0; +claudebot@anthropic.com)"
216.73.217.1 - - [21/Sep/2026:09:47:43 +0200] "GET /contacto/ HTTP/1.1" 200 37701 "https://gessing.es/in-the-end-grows-during-the-student-loan-debt/contacto" "Mozilla/5.0 AppleWebKit/537.36 (KHTML, like Gecko; compatible; ClaudeBot/1.0; +claudebot@anthropic.com)"
27.60.23.8 - - [21/Sep/2026:09:47:47 +0200] "POST /xmlrpc.php HTTP/1.1" 200 5884 "-" "Jetpack by WordPress.com"
216.73.217.1 - - [21/Sep/2026:09:47:51 +0200] "GET /in-the-end-grows-during-the-student-loan-debt/nosotros HTTP/1.1" 301 5570 "-" "Mozilla/5.0 AppleWebKit/537.36 (KHTML, like Gecko; compatible; ClaudeBot/1.0; +claudebot@anthropic.com)"
216.73.217.1 - - [21/Sep/2026:09:47:52 +0200] "GET /nosotros/ HTTP/1.1" 200 35924 "https://gessing.es/in-the-end-grows-during-the-student-loan-debt/nosotros" "Mozilla/5.0 AppleWebKit/537.36 (KHTML, like Gecko; compatible; ClaudeBot/1.0; +claudebot@anthropic.com)"
27.60.23.8 - - [21/Sep/2026:09:47:57 +0200] "POST /xmlrpc.php HTTP/1.1" 200 5900 "-" "Jetpack/13.0; WordPress/6.2; http://site94542221.com"
220.181.108.159 - - [21/Sep/2026:09:47:58 +0200] "GET /adjudicaciones/nosotros HTTP/1.1" 301 5570 "-" "Mozilla/5.0 (compatible; Baiduspider/2.0; +http://www.baidu.com/search/spider.html)"
220.181.108.84 - - [21/Sep/2026:09:47:59 +0200] "GET /nosotros/ HTTP/1.1" 200 35924 "-" "Mozilla/5.0 (compatible; Baiduspider/2.0; +http://www.baidu.com/search/spider.html)"
27.60.23.8 - - [21/Sep/2026:09:48:08 +0200] "POST /xmlrpc.php HTTP/1.1" 200 5900 "-" "WordPress.com; https://wordpress.com"
27.60.23.8 - - [21/Sep/2026:09:48:18 +0200] "POST /xmlrpc.php HTTP/1.1" 200 5884 "-" "WordPress.com; https://wordpress.com"
216.73.217.1 - - [21/Sep/2026:09:48:18 +0200] "GET /in-the-end-grows-during-the-student-loan-debt/medio-ambiente HTTP/1.1" 301 5576 "-" "Mozilla/5.0 AppleWebKit/537.36 (KHTML, like Gecko; compatible; ClaudeBot/1.0; +claudebot@anthropic.com)"
216.73.217.1 - - [21/Sep/2026:09:48:19 +0200] "GET /medio-ambiente/ HTTP/1.1" 200 35047 "https://gessing.es/in-the-end-grows-during-the-student-loan-debt/medio-ambiente" "Mozilla/5.0 AppleWebKit/537.36 (KHTML, like Gecko; compatible; ClaudeBot/1.0; +claudebot@anthropic.com)"
216.73.217.1 - - [21/Sep/2026:09:48:20 +0200] "GET /in-the-end-grows-during-the-student-loan-debt/adjudicaciones HTTP/1.1" 301 5592 "-" "Mozilla/5.0 AppleWebKit/537.36 (KHTML, like Gecko; compatible; ClaudeBot/1.0; +claudebot@anthropic.com)"
216.73.217.1 - - [21/Sep/2026:09:48:20 +0200] "GET /adjudicaciones/ HTTP/1.1" 200 53241 "https://gessing.es/in-the-end-grows-during-the-student-loan-debt/adjudicaciones" "Mozilla/5.0 AppleWebKit/537.36 (KHTML, like Gecko; compatible; ClaudeBot/1.0; +claudebot@anthropic.com)"
27.60.23.8 - - [21/Sep/2026:09:48:30 +0200] "POST /xmlrpc.php HTTP/1.1" 200 5900 "-" "Jetpack/13.0; WordPress/6.2; http://site20792887.com"
216.73.217.1 - - [21/Sep/2026:09:48:40 +0200] "GET /in-the-end-grows-during-the-student-loan-debt/politica-de-cookies HTTP/1.1" 301 5581 "-" "Mozilla/5.0 AppleWebKit/537.36 (KHTML, like Gecko; compatible; ClaudeBot/1.0; +claudebot@anthropic.com)"
216.73.217.1 - - [21/Sep/2026:09:48:41 +0200] "GET /politica-de-cookies/ HTTP/1.1" 200 36167 "https://gessing.es/in-the-end-grows-during-the-student-loan-debt/politica-de-cookies" "Mozilla/5.0 AppleWebKit/537.36 (KHTML, like Gecko; compatible; ClaudeBot/1.0; +claudebot@anthropic.com)"
198.244.168.183 - - [21/Sep/2026:09:48:49 +0200] "GET /category/hot-or-not-review/ HTTP/1.1" 200 36566 "-" "Mozilla/5.0 (compatible; AhrefsBot/7.0; +http://ahrefs.com/robot/)"
216.73.217.1 - - [21/Sep/2026:09:48:50 +0200] "GET /in-the-end-grows-during-the-student-loan-debt/politica-de-privacidad HTTP/1.1" 301 5584 "-" "Mozilla/5.0 AppleWebKit/537.36 (KHTML, like Gecko; compatible; ClaudeBot/1.0; +claudebot@anthropic.com)"
216.73.217.1 - - [21/Sep/2026:09:48:50 +0200] "GET /politica-de-privacidad/ HTTP/1.1" 200 37422 "https://gessing.es/in-the-end-grows-during-the-student-loan-debt/politica-de-privacidad" "Mozilla/5.0 AppleWebKit/537.36 (KHTML, like Gecko; compatible; ClaudeBot/1.0; +claudebot@anthropic.com)"
27.60.23.8 - - [21/Sep/2026:09:48:51 +0200] "POST /xmlrpc.php HTTP/1.1" 200 5868 "-" "WordPress.com; https://wordpress.com"
27.60.23.8 - - [21/Sep/2026:09:49:00 +0200] "POST /xmlrpc.php HTTP/1.1" 200 5884 "-" "Jetpack by WordPress.com (Jetpack 12.5; WordPress 6.2)"
85.208.96.209 - - [21/Sep/2026:09:49:01 +0200] "GET /linterface-orient-elementaire-pour-prendre-puis/ HTTP/1.1" 200 45323 "-" "Mozilla/5.0 (compatible; SemrushBot/7~bl; +http://www.semrush.com/bot.html)"
216.73.217.1 - - [21/Sep/2026:09:49:03 +0200] "GET /she-enjoys-they-and-you-may-choose-to-feel-filled/politica-de-privacidad HTTP/1.1" 301 5568 "-" "Mozilla/5.0 AppleWebKit/537.36 (KHTML, like Gecko; compatible; ClaudeBot/1.0; +claudebot@anthropic.com)"
216.73.217.1 - - [21/Sep/2026:09:49:03 +0200] "GET /politica-de-privacidad/ HTTP/1.1" 200 37390 "https://gessing.es/she-enjoys-they-and-you-may-choose-to-feel-filled/politica-de-privacidad" "Mozilla/5.0 AppleWebKit/537.36 (KHTML, like Gecko; compatible; ClaudeBot/1.0; +claudebot@anthropic.com)"
216.73.217.1 - - [21/Sep/2026:09:49:09 +0200] "GET /she-enjoys-they-and-you-may-choose-to-feel-filled/adjudicaciones HTTP/1.1" 301 5576 "-" "Mozilla/5.0 AppleWebKit/537.36 (KHTML, like Gecko; compatible; ClaudeBot/1.0; +claudebot@anthropic.com)"
216.73.217.1 - - [21/Sep/2026:09:49:09 +0200] "GET /adjudicaciones/ HTTP/1.1" 200 53257 "https://gessing.es/she-enjoys-they-and-you-may-choose-to-feel-filled/adjudicaciones" "Mozilla/5.0 AppleWebKit/537.36 (KHTML, like Gecko; compatible; ClaudeBot/1.0; +claudebot@anthropic.com)"
27.60.23.8 - - [21/Sep/2026:09:49:11 +0200] "POST /xmlrpc.php HTTP/1.1" 200 5884 "-" "Jetpack by WordPress.com"
27.60.23.8 - - [21/Sep/2026:09:49:21 +0200] "POST /xmlrpc.php HTTP/1.1" 200 5884 "-" "Jetpack by WordPress.com (Jetpack 12.1; WordPress 6.3)"
27.60.23.8 - - [21/Sep/2026:09:49:32 +0200] "POST /xmlrpc.php HTTP/1.1" 200 5884 "-" "Jetpack by WordPress.com"
27.60.23.8 - - [21/Sep/2026:09:49:42 +0200] "POST /xmlrpc.php HTTP/1.1" 200 5884 "-" "Jetpack by WordPress.com"
216.73.217.1 - - [21/Sep/2026:09:49:51 +0200] "GET /she-enjoys-they-and-you-may-choose-to-feel-filled/feed/ HTTP/1.1" 200 6673 "-" "Mozilla/5.0 AppleWebKit/537.36 (KHTML, like Gecko; compatible; ClaudeBot/1.0; +claudebot@anthropic.com)"
27.60.23.8 - - [21/Sep/2026:09:49:53 +0200] "POST /xmlrpc.php HTTP/1.1" 200 5884 "-" "Jetpack by WordPress.com (Jetpack 12.5; WordPress 6.1)"
216.73.217.1 - - [21/Sep/2026:09:50:02 +0200] "GET /she-enjoys-they-and-you-may-choose-to-feel-filled/politica-de-cookies HTTP/1.1" 301 5597 "-" "Mozilla/5.0 AppleWebKit/537.36 (KHTML, like Gecko; compatible; ClaudeBot/1.0; +claudebot@anthropic.com)"
216.73.217.1 - - [21/Sep/2026:09:50:02 +0200] "GET /politica-de-cookies/ HTTP/1.1" 200 36167 "https://gessing.es/she-enjoys-they-and-you-may-choose-to-feel-filled/politica-de-cookies" "Mozilla/5.0 AppleWebKit/537.36 (KHTML, like Gecko; compatible; ClaudeBot/1.0; +claudebot@anthropic.com)"
27.60.23.8 - - [21/Sep/2026:09:50:03 +0200] "POST /xmlrpc.php HTTP/1.1" 200 5884 "-" "Jetpack/12.0; WordPress/6.3; http://site14848497.com"
51.195.215.231 - - [21/Sep/2026:09:50:08 +0200] "GET /category/catholic-dating-sites-siti-per-adulti-2/ HTTP/1.1" 200 37011 "-" "Mozilla/5.0 (compatible; AhrefsBot/7.0; +http://ahrefs.com/robot/)"
27.60.23.8 - - [21/Sep/2026:09:50:14 +0200] "POST /xmlrpc.php HTTP/1.1" 200 5884 "-" "Jetpack/12.5; WordPress/6.2; http://site30446949.com"
34.156.35.225 - - [21/Sep/2026:09:50:18 +0200] "GET /robots.txt HTTP/1.1" 200 5663 "-" "Mozilla/5.0 (compatible; VelenPublicWebCrawler/1.0; +https://velen.io)"
216.73.217.1 - - [21/Sep/2026:09:50:18 +0200] "GET /?p=10685 HTTP/1.1" 301 5561 "-" "Mozilla/5.0 AppleWebKit/537.36 (KHTML, like Gecko; compatible; ClaudeBot/1.0; +claudebot@anthropic.com)"
216.73.217.1 - - [21/Sep/2026:09:50:18 +0200] "GET /she-enjoys-they-and-you-may-choose-to-feel-filled/ HTTP/1.1" 200 42897 "https://gessing.es/?p=10685" "Mozilla/5.0 AppleWebKit/537.36 (KHTML, like Gecko; compatible; ClaudeBot/1.0; +claudebot@anthropic.com)"
16.216.88.236 - - [21/Sep/2026:09:50:19 +0200] "GET /5-ideas-to-paying-down-your-loan-loans-reduced/adjudicaciones HTTP/1.1" 301 5560 "-" "Mozilla/5.0 AppleWebKit/537.36 (KHTML, like Gecko; compatible; Reflectionbot/1.0; +https://reflection.ai/bot) Chrome/151.0.0.0 Safari/537.36"
34.156.35.225 - - [21/Sep/2026:09:50:19 +0200] "GET /bibliographie-surs-ameliorees-apps-avec HTTP/1.1" 301 5567 "http://gessing.es/bibliographie-surs-ameliorees-apps-avec" "Mozilla/5.0 (compatible; VelenPublicWebCrawler/1.0; +https://velen.io)"
16.216.88.236 - - [21/Sep/2026:09:50:20 +0200] "GET /adjudicaciones/ HTTP/1.1" 200 53273 "-" "Mozilla/5.0 AppleWebKit/537.36 (KHTML, like Gecko; compatible; Reflectionbot/1.0; +https://reflection.ai/bot) Chrome/151.0.0.0 Safari/537.36"
34.156.35.225 - - [21/Sep/2026:09:50:21 +0200] "GET /bibliographie-surs-ameliorees-apps-avec/ HTTP/1.1" 200 44287 "https://gessing.es/bibliographie-surs-ameliorees-apps-avec" "Mozilla/5.0 (compatible; VelenPublicWebCrawler/1.0; +https://velen.io)"
27.60.23.8 - - [21/Sep/2026:09:50:24 +0200] "POST /xmlrpc.php HTTP/1.1" 200 5884 "-" "Jetpack/12.5; WordPress/6.1; http://site60312270.com"
27.60.23.8 - - [21/Sep/2026:09:50:35 +0200] "POST /xmlrpc.php HTTP/1.1" 200 5884 "-" "Jetpack by WordPress.com (Jetpack 13.0; WordPress 6.2)"
27.60.23.8 - - [21/Sep/2026:09:50:45 +0200] "POST /xmlrpc.php HTTP/1.1" 200 5900 "-" "Jetpack by WordPress.com"
216.73.217.1 - - [21/Sep/2026:09:50:51 +0200] "GET /she-enjoys-they-and-you-may-choose-to-feel-filled/actividades HTTP/1.1" 301 5557 "-" "Mozilla/5.0 AppleWebKit/537.36 (KHTML, like Gecko; compatible; ClaudeBot/1.0; +claudebot@anthropic.com)"
216.73.217.1 - - [21/Sep/2026:09:50:51 +0200] "GET /she-enjoys-they-and-you-may-choose-to-feel-filled/contacto HTTP/1.1" 301 5554 "-" "Mozilla/5.0 AppleWebKit/537.36 (KHTML, like Gecko; compatible; ClaudeBot/1.0; +claudebot@anthropic.com)"
216.73.217.1 - - [21/Sep/2026:09:50:51 +0200] "GET /actividades/ HTTP/1.1" 200 39428 "https://gessing.es/she-enjoys-they-and-you-may-choose-to-feel-filled/actividades" "Mozilla/5.0 AppleWebKit/537.36 (KHTML, like Gecko; compatible; ClaudeBot/1.0; +claudebot@anthropic.com)"
216.73.217.1 - - [21/Sep/2026:09:50:51 +0200] "GET /contacto/ HTTP/1.1" 200 37685 "https://gessing.es/she-enjoys-they-and-you-may-choose-to-feel-filled/contacto" "Mozilla/5.0 AppleWebKit/537.36 (KHTML, like Gecko; compatible; ClaudeBot/1.0; +claudebot@anthropic.com)"
27.60.23.8 - - [21/Sep/2026:09:50:56 +0200] "POST /xmlrpc.php HTTP/1.1" 200 5884 "-" "WordPress.com; https://wordpress.com"
85.208.96.194 - - [21/Sep/2026:09:51:05 +0200] "GET /an-educated-internet-dating-sites-having-catholics/nosotros HTTP/1.1" 301 5554 "-" "Mozilla/5.0 (compatible; SemrushBot/7~bl; +http://www.semrush.com/bot.html)"
27.60.23.8 - - [21/Sep/2026:09:51:07 +0200] "POST /xmlrpc.php HTTP/1.1" 200 5900 "-" "Jetpack/12.1; WordPress/6.1; http://site52705872.com"
27.60.23.8 - - [21/Sep/2026:09:51:17 +0200] "POST /xmlrpc.php HTTP/1.1" 200 5900 "-" "Jetpack by WordPress.com"
198.244.168.201 - - [21/Sep/2026:09:51:26 +0200] "GET /category/corpus-christi-escort-review-2/ HTTP/1.1" 200 36877 "-" "Mozilla/5.0 (compatible; AhrefsBot/7.0; +http://ahrefs.com/robot/)"
27.60.23.8 - - [21/Sep/2026:09:51:28 +0200] "POST /xmlrpc.php HTTP/1.1" 200 5900 "-" "Jetpack by WordPress.com"
216.73.217.1 - - [21/Sep/2026:09:51:30 +0200] "GET /she-enjoys-they-and-you-may-choose-to-feel-filled/medio-ambiente HTTP/1.1" 301 5560 "-" "Mozilla/5.0 AppleWebKit/537.36 (KHTML, like Gecko; compatible; ClaudeBot/1.0; +claudebot@anthropic.com)"
216.73.217.1 - - [21/Sep/2026:09:51:30 +0200] "GET /she-enjoys-they-and-you-may-choose-to-feel-filled/nosotros HTTP/1.1" 301 5554 "-" "Mozilla/5.0 AppleWebKit/537.36 (KHTML, like Gecko; compatible; ClaudeBot/1.0; +claudebot@anthropic.com)"
216.73.217.1 - - [21/Sep/2026:09:51:30 +0200] "GET /medio-ambiente/ HTTP/1.1" 200 35047 "https://gessing.es/she-enjoys-they-and-you-may-choose-to-feel-filled/medio-ambiente" "Mozilla/5.0 AppleWebKit/537.36 (KHTML, like Gecko; compatible; ClaudeBot/1.0; +claudebot@anthropic.com)"
216.73.217.1 - - [21/Sep/2026:09:51:30 +0200] "GET /nosotros/ HTTP/1.1" 200 35908 "https://gessing.es/she-enjoys-they-and-you-may-choose-to-feel-filled/nosotros" "Mozilla/5.0 AppleWebKit/537.36 (KHTML, like Gecko; compatible; ClaudeBot/1.0; +claudebot@anthropic.com)"
216.73.217.1 - - [21/Sep/2026:09:51:38 +0200] "GET /?p=3783 HTTP/1.1" 301 5554 "-" "Mozilla/5.0 AppleWebKit/537.36 (KHTML, like Gecko; compatible; ClaudeBot/1.0; +claudebot@anthropic.com)"
216.73.217.1 - - [21/Sep/2026:09:51:38 +0200] "GET /the-fact-is-you-get-everything-you-pay-for/ HTTP/1.1" 200 42625 "-" "Mozilla/5.0 AppleWebKit/537.36 (KHTML, like Gecko; compatible; ClaudeBot/1.0; +claudebot@anthropic.com)"
216.73.217.1 - - [21/Sep/2026:09:51:38 +0200] "GET /the-fact-is-you-get-everything-you-pay-for/ HTTP/1.1" 200 42625 "https://gessing.es/?p=3783" "Mozilla/5.0 AppleWebKit/537.36 (KHTML, like Gecko; compatible; ClaudeBot/1.0; +claudebot@anthropic.com)"
27.60.23.8 - - [21/Sep/2026:09:51:38 +0200] "POST /xmlrpc.php HTTP/1.1" 200 5900 "-" "Jetpack by WordPress.com"
216.73.217.1 - - [21/Sep/2026:09:51:38 +0200] "GET /the-fact-is-you-get-everything-you-pay-for/feed/ HTTP/1.1" 200 6627 "-" "Mozilla/5.0 AppleWebKit/537.36 (KHTML, like Gecko; compatible; ClaudeBot/1.0; +claudebot@anthropic.com)"
27.60.23.8 - - [21/Sep/2026:09:51:49 +0200] "POST /xmlrpc.php HTTP/1.1" 200 5900 "-" "Jetpack by WordPress.com"
216.73.217.1 - - [21/Sep/2026:09:51:59 +0200] "GET /the-fact-is-you-get-everything-you-pay-for/actividades HTTP/1.1" 301 5589 "-" "Mozilla/5.0 AppleWebKit/537.36 (KHTML, like Gecko; compatible; ClaudeBot/1.0; +claudebot@anthropic.com)"
216.73.217.1 - - [21/Sep/2026:09:51:59 +0200] "GET /the-fact-is-you-get-everything-you-pay-for/contacto HTTP/1.1" 301 5570 "-" "Mozilla/5.0 AppleWebKit/537.36 (KHTML, like Gecko; compatible; ClaudeBot/1.0; +claudebot@anthropic.com)"
216.73.217.1 - - [21/Sep/2026:09:51:59 +0200] "GET /actividades/ HTTP/1.1" 200 39460 "https://gessing.es/the-fact-is-you-get-everything-you-pay-for/actividades" "Mozilla/5.0 AppleWebKit/537.36 (KHTML, like Gecko; compatible; ClaudeBot/1.0; +claudebot@anthropic.com)"
216.73.217.1 - - [21/Sep/2026:09:51:59 +0200] "GET /contacto/ HTTP/1.1" 200 37701 "https://gessing.es/the-fact-is-you-get-everything-you-pay-for/contacto" "Mozilla/5.0 AppleWebKit/537.36 (KHTML, like Gecko; compatible; ClaudeBot/1.0; +claudebot@anthropic.com)"
27.60.23.8 - - [21/Sep/2026:09:51:59 +0200] "POST /xmlrpc.php HTTP/1.1" 200 5868 "-" "Jetpack by WordPress.com"
216.73.217.1 - - [21/Sep/2026:09:52:00 +0200] "GET /the-fact-is-you-get-everything-you-pay-for/nosotros HTTP/1.1" 301 5570 "-" "Mozilla/5.0 AppleWebKit/537.36 (KHTML, like Gecko; compatible; ClaudeBot/1.0; +claudebot@anthropic.com)"
216.73.217.1 - - [21/Sep/2026:09:52:00 +0200] "GET /nosotros/ HTTP/1.1" 200 35924 "https://gessing.es/the-fact-is-you-get-everything-you-pay-for/nosotros" "Mozilla/5.0 AppleWebKit/537.36 (KHTML, like Gecko; compatible; ClaudeBot/1.0; +claudebot@anthropic.com)"
216.73.217.1 - - [21/Sep/2026:09:52:02 +0200] "GET /the-fact-is-you-get-everything-you-pay-for/medio-ambiente HTTP/1.1" 301 5576 "-" "Mozilla/5.0 AppleWebKit/537.36 (KHTML, like Gecko; compatible; ClaudeBot/1.0; +claudebot@anthropic.com)"
216.73.217.1 - - [21/Sep/2026:09:52:02 +0200] "GET /the-fact-is-you-get-everything-you-pay-for/adjudicaciones HTTP/1.1" 301 5576 "-" "Mozilla/5.0 AppleWebKit/537.36 (KHTML, like Gecko; compatible; ClaudeBot/1.0; +claudebot@anthropic.com)"
216.73.217.1 - - [21/Sep/2026:09:52:02 +0200] "GET /medio-ambiente/ HTTP/1.1" 200 35063 "https://gessing.es/the-fact-is-you-get-everything-you-pay-for/medio-ambiente" "Mozilla/5.0 AppleWebKit/537.36 (KHTML, like Gecko; compatible; ClaudeBot/1.0; +claudebot@anthropic.com)"
216.73.217.1 - - [21/Sep/2026:09:52:02 +0200] "GET /adjudicaciones/ HTTP/1.1" 200 53241 "https://gessing.es/the-fact-is-you-get-everything-you-pay-for/adjudicaciones" "Mozilla/5.0 AppleWebKit/537.36 (KHTML, like Gecko; compatible; ClaudeBot/1.0; +claudebot@anthropic.com)"
216.73.217.1 - - [21/Sep/2026:09:52:07 +0200] "GET /the-fact-is-you-get-everything-you-pay-for/politica-de-cookies HTTP/1.1" 301 5581 "-" "Mozilla/5.0 AppleWebKit/537.36 (KHTML, like Gecko; compatible; ClaudeBot/1.0; +claudebot@anthropic.com)"
216.73.217.1 - - [21/Sep/2026:09:52:08 +0200] "GET /the-fact-is-you-get-everything-you-pay-for/politica-de-privacidad HTTP/1.1" 301 5600 "-" "Mozilla/5.0 AppleWebKit/537.36 (KHTML, like Gecko; compatible; ClaudeBot/1.0; +claudebot@anthropic.com)"
216.73.217.1 - - [21/Sep/2026:09:52:08 +0200] "GET /politica-de-cookies/ HTTP/1.1" 200 36183 "https://gessing.es/the-fact-is-you-get-everything-you-pay-for/politica-de-cookies" "Mozilla/5.0 AppleWebKit/537.36 (KHTML, like Gecko; compatible; ClaudeBot/1.0; +claudebot@anthropic.com)"
216.73.217.1 - - [21/Sep/2026:09:52:08 +0200] "GET /politica-de-privacidad/ HTTP/1.1" 200 37406 "https://gessing.es/the-fact-is-you-get-everything-you-pay-for/politica-de-privacidad" "Mozilla/5.0 AppleWebKit/537.36 (KHTML, like Gecko; compatible; ClaudeBot/1.0; +claudebot@anthropic.com)"
27.60.23.8 - - [21/Sep/2026:09:52:10 +0200] "POST /xmlrpc.php HTTP/1.1" 200 5884 "-" "Jetpack/12.1; WordPress/6.3; http://site99277492.com"
27.60.23.8 - - [21/Sep/2026:09:52:20 +0200] "POST /xmlrpc.php HTTP/1.1" 200 5900 "-" "WordPress.com; https://wordpress.com"
17.166.232.110 - - [21/Sep/2026:09:52:22 +0200] "GET /ou-comment-mieux-communiquer-dans-une-relation-a-2/politica-de-privacidad HTTP/1.1" 301 5600 "-" "Mozilla/5.0 (Macintosh; Intel Mac OS X 10_15_7) AppleWebKit/605.1.15 (KHTML, like Gecko) Version/17.4 Safari/605.1.15 (Applebot/0.1; +http://www.apple.com/go/applebot)"
216.73.217.1 - - [21/Sep/2026:09:52:28 +0200] "GET /?p=3585 HTTP/1.1" 301 5544 "-" "Mozilla/5.0 AppleWebKit/537.36 (KHTML, like Gecko; compatible; ClaudeBot/1.0; +claudebot@anthropic.com)"
216.73.217.1 - - [21/Sep/2026:09:52:28 +0200] "GET /lass-mich-im-zuge-dessen-erortern-uber-beischlaf/ HTTP/1.1" 200 48775 "-" "Mozilla/5.0 AppleWebKit/537.36 (KHTML, like Gecko; compatible; ClaudeBot/1.0; +claudebot@anthropic.com)"
216.73.217.1 - - [21/Sep/2026:09:52:28 +0200] "GET /lass-mich-im-zuge-dessen-erortern-uber-beischlaf/ HTTP/1.1" 200 48807 "https://gessing.es/?p=3585" "Mozilla/5.0 AppleWebKit/537.36 (KHTML, like Gecko; compatible; ClaudeBot/1.0; +claudebot@anthropic.com)"
27.60.23.8 - - [21/Sep/2026:09:52:31 +0200] "POST /xmlrpc.php HTTP/1.1" 200 5900 "-" "WordPress.com; https://wordpress.com"
66.249.64.6 - - [21/Sep/2026:09:52:31 +0200] "GET /top-indie-like-songs-of-all-time/ HTTP/1.1" 200 45913 "-" "Mozilla/5.0 (Linux; Android 6.0.1; Nexus 5X Build/MMB29P) AppleWebKit/537.36 (KHTML, like Gecko) Chrome/153.0.8010.47 Mobile Safari/537.36 (compatible; Googlebot/2.1; +http://www.google.com/bot.html)"
161.35.69.250 - - [21/Sep/2026:09:52:37 +0200] "GET /wp-json/batch/v1 HTTP/1.1" 404 5883 "-" "Mozilla/5.0 (X11; Linux x86_64) AppleWebKit/537.36 (KHTML, like Gecko) Chrome/126.0.0.0 Safari/537.36"
161.35.69.250 - - [21/Sep/2026:09:52:38 +0200] "GET /?rest_route=/batch/v1 HTTP/1.1" 404 5883 "-" "Mozilla/5.0 (X11; Linux x86_64) AppleWebKit/537.36 (KHTML, like Gecko) Chrome/126.0.0.0 Safari/537.36"
161.35.69.250 - - [21/Sep/2026:09:52:38 +0200] "GET /wp-json/batch/v1 HTTP/1.1" 404 5899 "-" "Mozilla/5.0 (X11; Linux x86_64) AppleWebKit/537.36 (KHTML, like Gecko) Chrome/126.0.0.0 Safari/537.36"
27.60.23.8 - - [21/Sep/2026:09:52:41 +0200] "POST /xmlrpc.php HTTP/1.1" 200 5868 "-" "Jetpack by WordPress.com"
51.195.215.156 - - [21/Sep/2026:09:52:44 +0200] "GET /category/fuckr-inceleme-review/ HTTP/1.1" 200 36642 "-" "Mozilla/5.0 (compatible; AhrefsBot/7.0; +http://ahrefs.com/robot/)"
216.73.217.1 - - [21/Sep/2026:09:52:49 +0200] "GET /lass-mich-im-zuge-dessen-erortern-uber-beischlaf/actividades HTTP/1.1" 301 5557 "-" "Mozilla/5.0 AppleWebKit/537.36 (KHTML, like Gecko; compatible; ClaudeBot/1.0; +claudebot@anthropic.com)"
216.73.217.1 - - [21/Sep/2026:09:52:50 +0200] "GET /actividades/ HTTP/1.1" 200 39444 "https://gessing.es/lass-mich-im-zuge-dessen-erortern-uber-beischlaf/actividades" "Mozilla/5.0 AppleWebKit/537.36 (KHTML, like Gecko; compatible; ClaudeBot/1.0; +claudebot@anthropic.com)"
216.73.217.1 - - [21/Sep/2026:09:52:49 +0200] "GET /lass-mich-im-zuge-dessen-erortern-uber-beischlaf/feed/ HTTP/1.1" 200 6659 "-" "Mozilla/5.0 AppleWebKit/537.36 (KHTML, like Gecko; compatible; ClaudeBot/1.0; +claudebot@anthropic.com)"
27.60.23.8 - - [21/Sep/2026:09:52:52 +0200] "POST /xmlrpc.php HTTP/1.1" 200 5900 "-" "Jetpack by WordPress.com"
118.69.224.16 - - [21/Sep/2026:09:52:52 +0200] "POST /xmlrpc.php HTTP/1.1" 200 5868 "-" "Mozilla/5.0 (Windows NT 10.0; arm64) AppleWebKit/537.36 (KHTML, like Gecko) Safari/11.0.0.0 Safari/537.36"
27.60.23.8 - - [21/Sep/2026:09:53:03 +0200] "POST /xmlrpc.php HTTP/1.1" 200 5884 "-" "Jetpack by WordPress.com"
27.60.23.8 - - [21/Sep/2026:09:53:15 +0200] "POST /xmlrpc.php HTTP/1.1" 200 5900 "-" "WordPress.com; https://wordpress.com"
216.73.217.1 - - [21/Sep/2026:09:53:17 +0200] "GET /lass-mich-im-zuge-dessen-erortern-uber-beischlaf/contacto HTTP/1.1" 301 5554 "-" "Mozilla/5.0 AppleWebKit/537.36 (KHTML, like Gecko; compatible; ClaudeBot/1.0; +claudebot@anthropic.com)"
216.73.217.1 - - [21/Sep/2026:09:53:17 +0200] "GET /lass-mich-im-zuge-dessen-erortern-uber-beischlaf/nosotros HTTP/1.1" 301 5570 "-" "Mozilla/5.0 AppleWebKit/537.36 (KHTML, like Gecko; compatible; ClaudeBot/1.0; +claudebot@anthropic.com)"
216.73.217.1 - - [21/Sep/2026:09:53:17 +0200] "GET /contacto/ HTTP/1.1" 200 37701 "https://gessing.es/lass-mich-im-zuge-dessen-erortern-uber-beischlaf/contacto" "Mozilla/5.0 AppleWebKit/537.36 (KHTML, like Gecko; compatible; ClaudeBot/1.0; +claudebot@anthropic.com)"
216.73.217.1 - - [21/Sep/2026:09:53:17 +0200] "GET /nosotros/ HTTP/1.1" 200 35908 "https://gessing.es/lass-mich-im-zuge-dessen-erortern-uber-beischlaf/nosotros" "Mozilla/5.0 AppleWebKit/537.36 (KHTML, like Gecko; compatible; ClaudeBot/1.0; +claudebot@anthropic.com)"
216.73.217.1 - - [21/Sep/2026:09:53:21 +0200] "GET /lass-mich-im-zuge-dessen-erortern-uber-beischlaf/medio-ambiente HTTP/1.1" 301 5576 "-" "Mozilla/5.0 AppleWebKit/537.36 (KHTML, like Gecko; compatible; ClaudeBot/1.0; +claudebot@anthropic.com)"
216.73.217.1 - - [21/Sep/2026:09:53:22 +0200] "GET /lass-mich-im-zuge-dessen-erortern-uber-beischlaf/adjudicaciones HTTP/1.1" 301 5576 "-" "Mozilla/5.0 AppleWebKit/537.36 (KHTML, like Gecko; compatible; ClaudeBot/1.0; +claudebot@anthropic.com)"
216.73.217.1 - - [21/Sep/2026:09:53:22 +0200] "GET /medio-ambiente/ HTTP/1.1" 200 35031 "https://gessing.es/lass-mich-im-zuge-dessen-erortern-uber-beischlaf/medio-ambiente" "Mozilla/5.0 AppleWebKit/537.36 (KHTML, like Gecko; compatible; ClaudeBot/1.0; +claudebot@anthropic.com)"
216.73.217.1 - - [21/Sep/2026:09:53:22 +0200] "GET /adjudicaciones/ HTTP/1.1" 200 53257 "https://gessing.es/lass-mich-im-zuge-dessen-erortern-uber-beischlaf/adjudicaciones" "Mozilla/5.0 AppleWebKit/537.36 (KHTML, like Gecko; compatible; ClaudeBot/1.0; +claudebot@anthropic.com)"
27.60.23.8 - - [21/Sep/2026:09:53:23 +0200] "POST /xmlrpc.php HTTP/1.1" 200 5884 "-" "Jetpack by WordPress.com (Jetpack 13.0; WordPress 6.3)"
216.73.217.1 - - [21/Sep/2026:09:53:29 +0200] "GET /lass-mich-im-zuge-dessen-erortern-uber-beischlaf/politica-de-cookies HTTP/1.1" 301 5581 "-" "Mozilla/5.0 AppleWebKit/537.36 (KHTML, like Gecko; compatible; ClaudeBot/1.0; +claudebot@anthropic.com)"
216.73.217.1 - - [21/Sep/2026:09:53:30 +0200] "GET /lass-mich-im-zuge-dessen-erortern-uber-beischlaf/politica-de-privacidad HTTP/1.1" 301 5568 "-" "Mozilla/5.0 AppleWebKit/537.36 (KHTML, like Gecko; compatible; ClaudeBot/1.0; +claudebot@anthropic.com)"
216.73.217.1 - - [21/Sep/2026:09:53:30 +0200] "GET /politica-de-cookies/ HTTP/1.1" 200 36151 "https://gessing.es/lass-mich-im-zuge-dessen-erortern-uber-beischlaf/politica-de-cookies" "Mozilla/5.0 AppleWebKit/537.36 (KHTML, like Gecko; compatible; ClaudeBot/1.0; +claudebot@anthropic.com)"
216.73.217.1 - - [21/Sep/2026:09:53:30 +0200] "GET /politica-de-privacidad/ HTTP/1.1" 200 37406 "https://gessing.es/lass-mich-im-zuge-dessen-erortern-uber-beischlaf/politica-de-privacidad" "Mozilla/5.0 AppleWebKit/537.36 (KHTML, like Gecko; compatible; ClaudeBot/1.0; +claudebot@anthropic.com)"
27.60.23.8 - - [21/Sep/2026:09:53:34 +0200] "POST /xmlrpc.php HTTP/1.1" 200 5868 "-" "Jetpack/13.0; WordPress/6.4; http://site99804886.com"
27.60.23.8 - - [21/Sep/2026:09:53:44 +0200] "POST /xmlrpc.php HTTP/1.1" 200 5884 "-" "Jetpack by WordPress.com"
118.69.224.16 - - [21/Sep/2026:09:53:50 +0200] "POST /xmlrpc.php HTTP/1.1" 200 5884 "-" "Mozilla/5.0 (Windows NT 10.0; x86) AppleWebKit/537.36 (KHTML, like Gecko) Edge/90.0.0.0 Safari/537.36"
27.60.23.8 - - [21/Sep/2026:09:53:55 +0200] "POST /xmlrpc.php HTTP/1.1" 200 5900 "-" "Jetpack by WordPress.com"
27.60.23.8 - - [21/Sep/2026:09:54:06 +0200] "POST /xmlrpc.php HTTP/1.1" 200 5884 "-" "Jetpack/12.1; WordPress/6.1; http://site53502432.com"
54.38.147.217 - - [21/Sep/2026:09:54:07 +0200] "GET /category/bbwdesire-cs-review/ HTTP/1.1" 200 36529 "-" "Mozilla/5.0 (compatible; AhrefsBot/7.0; +http://ahrefs.com/robot/)"
27.60.23.8 - - [21/Sep/2026:09:54:16 +0200] "POST /xmlrpc.php HTTP/1.1" 200 5900 "-" "Jetpack/13.0; WordPress/6.4; http://site21353434.com"
27.60.23.8 - - [21/Sep/2026:09:54:27 +0200] "POST /xmlrpc.php HTTP/1.1" 200 5868 "-" "Jetpack/12.5; WordPress/6.3; http://site38264936.com"
118.69.224.16 - - [21/Sep/2026:09:54:29 +0200] "POST /xmlrpc.php HTTP/1.1" 200 5884 "-" "Mozilla/5.0 (Windows NT 10.0; x86) AppleWebKit/537.36 (KHTML, like Gecko) Opera/80.0.0.0 Safari/537.36"
27.60.23.8 - - [21/Sep/2026:09:54:37 +0200] "POST /xmlrpc.php HTTP/1.1" 200 5900 "-" "Jetpack by WordPress.com (Jetpack 12.1; WordPress 6.1)"
27.60.23.8 - - [21/Sep/2026:09:54:48 +0200] "POST /xmlrpc.php HTTP/1.1" 200 5900 "-" "WordPress.com; https://wordpress.com"
118.69.224.16 - - [21/Sep/2026:09:54:57 +0200] "POST /xmlrpc.php HTTP/1.1" 200 5884 "-" "Mozilla/5.0 (Windows NT 6.2; x64) AppleWebKit/537.36 (KHTML, like Gecko) Edge/99.0.0.0 Safari/537.36"
27.60.23.8 - - [21/Sep/2026:09:54:58 +0200] "POST /xmlrpc.php HTTP/1.1" 200 5900 "-" "Jetpack by WordPress.com (Jetpack 12.0; WordPress 6.2)"
118.69.224.16 - - [21/Sep/2026:09:55:05 +0200] "POST /xmlrpc.php HTTP/1.1" 200 5884 "-" "Mozilla/5.0 (Windows NT 10.0; x86) AppleWebKit/537.36 (KHTML, like Gecko) Chrome/97.0.0.0 Safari/537.36"
27.60.23.8 - - [21/Sep/2026:09:55:09 +0200] "POST /xmlrpc.php HTTP/1.1" 200 5868 "-" "Jetpack/12.0; WordPress/6.3; http://site40483111.com"
118.69.224.16 - - [21/Sep/2026:09:55:13 +0200] "POST /xmlrpc.php HTTP/1.1" 200 5900 "-" "Mozilla/5.0 (Windows NT 6.3; x86) AppleWebKit/537.36 (KHTML, like Gecko) Safari/11.0.0.0 Safari/537.36"
27.60.23.8 - - [21/Sep/2026:09:55:19 +0200] "POST /xmlrpc.php HTTP/1.1" 200 5884 "-" "Jetpack by WordPress.com (Jetpack 13.0; WordPress 6.1)"
118.69.224.16 - - [21/Sep/2026:09:55:20 +0200] "POST /xmlrpc.php HTTP/1.1" 200 5884 "-" "Mozilla/5.0 (Windows NT 6.3; x86) AppleWebKit/537.36 (KHTML, like Gecko) Firefox/83.0.0.0 Safari/537.36"
51.195.183.38 - - [21/Sep/2026:09:55:21 +0200] "GET /category/top-20-dating-site/ HTTP/1.1" 200 36711 "-" "Mozilla/5.0 (compatible; AhrefsBot/7.0; +http://ahrefs.com/robot/)"
27.60.23.8 - - [21/Sep/2026:09:55:30 +0200] "POST /xmlrpc.php HTTP/1.1" 200 5868 "-" "Jetpack by WordPress.com (Jetpack 12.0; WordPress 6.3)"
118.69.224.16 - - [21/Sep/2026:09:55:30 +0200] "POST /xmlrpc.php HTTP/1.1" 200 5884 "-" "Mozilla/5.0 (Windows NT 6.2; x64) AppleWebKit/537.36 (KHTML, like Gecko) Firefox/99.0.0.0 Safari/537.36"
118.69.224.16 - - [21/Sep/2026:09:55:37 +0200] "POST /xmlrpc.php HTTP/1.1" 200 5884 "-" "Mozilla/5.0 (Windows NT 6.2; x64) AppleWebKit/537.36 (KHTML, like Gecko) Firefox/97.0.0.0 Safari/537.36"
27.60.23.8 - - [21/Sep/2026:09:55:40 +0200] "POST /xmlrpc.php HTTP/1.1" 200 5868 "-" "Jetpack by WordPress.com"
118.69.224.16 - - [21/Sep/2026:09:55:46 +0200] "POST /xmlrpc.php HTTP/1.1" 200 5868 "-" "Mozilla/5.0 (Macintosh; Intel Mac OS X 10_15_7; x86) AppleWebKit/537.36 (KHTML, like Gecko) Opera/67.0.0.0 Safari/537.36"
216.73.217.1 - - [21/Sep/2026:09:55:50 +0200] "GET /?p=4385 HTTP/1.1" 301 5531 "-" "Mozilla/5.0 AppleWebKit/537.36 (KHTML, like Gecko; compatible; ClaudeBot/1.0; +claudebot@anthropic.com)"
216.73.217.1 - - [21/Sep/2026:09:55:50 +0200] "GET /?p=3703 HTTP/1.1" 301 5562 "-" "Mozilla/5.0 AppleWebKit/537.36 (KHTML, like Gecko; compatible; ClaudeBot/1.0; +claudebot@anthropic.com)"
216.73.217.1 - - [21/Sep/2026:09:55:50 +0200] "GET /payday-loan-chula-views-uncategorized-pay-day-loan/ HTTP/1.1" 200 44798 "https://gessing.es/?p=3703" "Mozilla/5.0 AppleWebKit/537.36 (KHTML, like Gecko; compatible; ClaudeBot/1.0; +claudebot@anthropic.com)"
216.73.217.1 - - [21/Sep/2026:09:55:50 +0200] "GET /4-an-encouraging-verse-to-the-alone/ HTTP/1.1" 200 42276 "https://gessing.es/?p=4385" "Mozilla/5.0 AppleWebKit/537.36 (KHTML, like Gecko; compatible; ClaudeBot/1.0; +claudebot@anthropic.com)"
27.60.23.8 - - [21/Sep/2026:09:55:51 +0200] "POST /xmlrpc.php HTTP/1.1" 200 5868 "-" "WordPress.com; https://wordpress.com"
216.73.217.1 - - [21/Sep/2026:09:55:51 +0200] "GET /4-an-encouraging-verse-to-the-alone/ HTTP/1.1" 200 42260 "-" "Mozilla/5.0 AppleWebKit/537.36 (KHTML, like Gecko; compatible; ClaudeBot/1.0; +claudebot@anthropic.com)"
118.69.224.16 - - [21/Sep/2026:09:55:56 +0200] "POST /xmlrpc.php HTTP/1.1" 200 5884 "-" "Mozilla/5.0 (Linux; Android 10; x86) AppleWebKit/537.36 (KHTML, like Gecko) Chrome/101.0.0.0 Safari/537.36"
72.255.8.130 - - [21/Sep/2026:09:55:59 +0200] "GET /?p=892 HTTP/1.1" 301 5586 "-" "Mozilla/5.0 (Android 12; Mobile; rv:150.0) Gecko/150.0 Firefox/150.0"
72.255.8.130 - - [21/Sep/2026:09:56:01 +0200] "GET /contacto/ HTTP/1.1" 200 37717 "https://gessing.es/?p=892" "Mozilla/5.0 (Android 12; Mobile; rv:150.0) Gecko/150.0 Firefox/150.0"
27.60.23.8 - - [21/Sep/2026:09:56:01 +0200] "POST /xmlrpc.php HTTP/1.1" 200 5884 "-" "Jetpack/12.1; WordPress/6.2; http://site54901777.com"
216.73.217.1 - - [21/Sep/2026:09:56:02 +0200] "GET /payday-loan-chula-views-uncategorized-pay-day-loan/ HTTP/1.1" 200 44798 "-" "Mozilla/5.0 AppleWebKit/537.36 (KHTML, like Gecko; compatible; ClaudeBot/1.0; +claudebot@anthropic.com)"
216.73.217.1 - - [21/Sep/2026:09:56:03 +0200] "GET /payday-loan-chula-views-uncategorized-pay-day-loan/feed/ HTTP/1.1" 200 6666 "-" "Mozilla/5.0 AppleWebKit/537.36 (KHTML, like Gecko; compatible; ClaudeBot/1.0; +claudebot@anthropic.com)"
216.73.217.1 - - [21/Sep/2026:09:56:03 +0200] "GET /4-an-encouraging-verse-to-the-alone/feed/ HTTP/1.1" 200 6590 "-" "Mozilla/5.0 AppleWebKit/537.36 (KHTML, like Gecko; compatible; ClaudeBot/1.0; +claudebot@anthropic.com)"
118.69.224.16 - - [21/Sep/2026:09:56:06 +0200] "POST /xmlrpc.php HTTP/1.1" 200 5900 "-" "Mozilla/5.0 (Windows NT 6.3; x86) AppleWebKit/537.36 (KHTML, like Gecko) Safari/12.0.0.0 Safari/537.36"
16.216.88.11 - - [21/Sep/2026:09:56:06 +0200] "GET /purchasing-your-basic-vehicles-in-high-school-or/contacto HTTP/1.1" 301 5586 "-" "Mozilla/5.0 AppleWebKit/537.36 (KHTML, like Gecko; compatible; Reflectionbot/1.0; +https://reflection.ai/bot) Chrome/151.0.0.0 Safari/537.36"
16.216.88.11 - - [21/Sep/2026:09:56:07 +0200] "GET /contacto/ HTTP/1.1" 200 37685 "-" "Mozilla/5.0 AppleWebKit/537.36 (KHTML, like Gecko; compatible; Reflectionbot/1.0; +https://reflection.ai/bot) Chrome/151.0.0.0 Safari/537.36"
216.73.217.1 - - [21/Sep/2026:09:56:10 +0200] "GET /4-an-encouraging-verse-to-the-alone/actividades HTTP/1.1" 301 5573 "-" "Mozilla/5.0 AppleWebKit/537.36 (KHTML, like Gecko; compatible; ClaudeBot/1.0; +claudebot@anthropic.com)"
216.73.217.1 - - [21/Sep/2026:09:56:10 +0200] "GET /payday-loan-chula-views-uncategorized-pay-day-loan/actividades HTTP/1.1" 301 5557 "-" "Mozilla/5.0 AppleWebKit/537.36 (KHTML, like Gecko; compatible; ClaudeBot/1.0; +claudebot@anthropic.com)"
216.73.217.1 - - [21/Sep/2026:09:56:10 +0200] "GET /actividades/ HTTP/1.1" 200 39444 "https://gessing.es/4-an-encouraging-verse-to-the-alone/actividades" "Mozilla/5.0 AppleWebKit/537.36 (KHTML, like Gecko; compatible; ClaudeBot/1.0; +claudebot@anthropic.com)"
216.73.217.1 - - [21/Sep/2026:09:56:10 +0200] "GET /actividades/ HTTP/1.1" 200 39428 "https://gessing.es/payday-loan-chula-views-uncategorized-pay-day-loan/actividades" "Mozilla/5.0 AppleWebKit/537.36 (KHTML, like Gecko; compatible; ClaudeBot/1.0; +claudebot@anthropic.com)"
216.73.217.1 - - [21/Sep/2026:09:56:11 +0200] "GET /4-an-encouraging-verse-to-the-alone/contacto HTTP/1.1" 301 5570 "-" "Mozilla/5.0 AppleWebKit/537.36 (KHTML, like Gecko; compatible; ClaudeBot/1.0; +claudebot@anthropic.com)"
216.73.217.1 - - [21/Sep/2026:09:56:11 +0200] "GET /contacto/ HTTP/1.1" 200 37717 "https://gessing.es/4-an-encouraging-verse-to-the-alone/contacto" "Mozilla/5.0 AppleWebKit/537.36 (KHTML, like Gecko; compatible; ClaudeBot/1.0; +claudebot@anthropic.com)"
27.60.23.8 - - [21/Sep/2026:09:56:12 +0200] "POST /xmlrpc.php HTTP/1.1" 200 5900 "-" "WordPress.com; https://wordpress.com"
216.73.217.1 - - [21/Sep/2026:09:56:14 +0200] "GET /payday-loan-chula-views-uncategorized-pay-day-loan/contacto HTTP/1.1" 301 5554 "-" "Mozilla/5.0 AppleWebKit/537.36 (KHTML, like Gecko; compatible; ClaudeBot/1.0; +claudebot@anthropic.com)"
216.73.217.1 - - [21/Sep/2026:09:56:14 +0200] "GET /payday-loan-chula-views-uncategorized-pay-day-loan/nosotros HTTP/1.1" 301 5586 "-" "Mozilla/5.0 AppleWebKit/537.36 (KHTML, like Gecko; compatible; ClaudeBot/1.0; +claudebot@anthropic.com)"
216.73.217.1 - - [21/Sep/2026:09:56:14 +0200] "GET /contacto/ HTTP/1.1" 200 37717 "https://gessing.es/payday-loan-chula-views-uncategorized-pay-day-loan/contacto" "Mozilla/5.0 AppleWebKit/537.36 (KHTML, like Gecko; compatible; ClaudeBot/1.0; +claudebot@anthropic.com)"
118.69.224.16 - - [21/Sep/2026:09:56:15 +0200] "POST /xmlrpc.php HTTP/1.1" 200 5868 "-" "Mozilla/5.0 (Linux; Android 10; x64) AppleWebKit/537.36 (KHTML, like Gecko) Firefox/97.0.0.0 Safari/537.36"
216.73.217.1 - - [21/Sep/2026:09:56:15 +0200] "GET /nosotros/ HTTP/1.1" 200 35908 "https://gessing.es/payday-loan-chula-views-uncategorized-pay-day-loan/nosotros" "Mozilla/5.0 AppleWebKit/537.36 (KHTML, like Gecko; compatible; ClaudeBot/1.0; +claudebot@anthropic.com)"
216.73.217.1 - - [21/Sep/2026:09:56:15 +0200] "GET /4-an-encouraging-verse-to-the-alone/nosotros HTTP/1.1" 301 5570 "-" "Mozilla/5.0 AppleWebKit/537.36 (KHTML, like Gecko; compatible; ClaudeBot/1.0; +claudebot@anthropic.com)"
216.73.217.1 - - [21/Sep/2026:09:56:16 +0200] "GET /nosotros/ HTTP/1.1" 200 35908 "https://gessing.es/4-an-encouraging-verse-to-the-alone/nosotros" "Mozilla/5.0 AppleWebKit/537.36 (KHTML, like Gecko; compatible; ClaudeBot/1.0; +claudebot@anthropic.com)"
27.60.23.8 - - [21/Sep/2026:09:56:22 +0200] "POST /xmlrpc.php HTTP/1.1" 200 5900 "-" "Jetpack/12.1; WordPress/6.4; http://site83663488.com"
118.69.224.16 - - [21/Sep/2026:09:56:24 +0200] "POST /xmlrpc.php HTTP/1.1" 200 5884 "-" "Mozilla/5.0 (Windows NT 6.3; arm64) AppleWebKit/537.36 (KHTML, like Gecko) Opera/71.0.0.0 Safari/537.36"
193.93.22.7 - - [21/Sep/2026:09:56:26 +0200] "POST /xmlrpc.php HTTP/1.1" 200 5900 "-" "Mozilla/5.0 (Windows NT 10.0; Win64; x64) AppleWebKit/537.43 (KHTML, like Gecko) Chrome/134.0.0.0 Safari/537.36 OPR/119.0.0.0"
27.60.23.8 - - [21/Sep/2026:09:56:33 +0200] "POST /xmlrpc.php HTTP/1.1" 200 5884 "-" "Jetpack by WordPress.com (Jetpack 13.0; WordPress 6.2)"
118.69.224.16 - - [21/Sep/2026:09:56:38 +0200] "POST /xmlrpc.php HTTP/1.1" 200 5884 "-" "Mozilla/5.0 (Macintosh; Intel Mac OS X 10_15_7; arm64) AppleWebKit/537.36 (KHTML, like Gecko) Chrome/89.0.0.0 Safari/537.36"
198.244.242.2 - - [21/Sep/2026:09:56:39 +0200] "GET /category/online-direct-lender-installment-loans/ HTTP/1.1" 200 37134 "-" "Mozilla/5.0 (compatible; AhrefsBot/7.0; +http://ahrefs.com/robot/)"
216.73.217.1 - - [21/Sep/2026:09:56:42 +0200] "GET /payday-loan-chula-views-uncategorized-pay-day-loan/medio-ambiente HTTP/1.1" 301 5576 "-" "Mozilla/5.0 AppleWebKit/537.36 (KHTML, like Gecko; compatible; ClaudeBot/1.0; +claudebot@anthropic.com)"
216.73.217.1 - - [21/Sep/2026:09:56:42 +0200] "GET /4-an-encouraging-verse-to-the-alone/medio-ambiente HTTP/1.1" 301 5576 "-" "Mozilla/5.0 AppleWebKit/537.36 (KHTML, like Gecko; compatible; ClaudeBot/1.0; +claudebot@anthropic.com)"
216.73.217.1 - - [21/Sep/2026:09:56:43 +0200] "GET /medio-ambiente/ HTTP/1.1" 200 35031 "https://gessing.es/payday-loan-chula-views-uncategorized-pay-day-loan/medio-ambiente" "Mozilla/5.0 AppleWebKit/537.36 (KHTML, like Gecko; compatible; ClaudeBot/1.0; +claudebot@anthropic.com)"
216.73.217.1 - - [21/Sep/2026:09:56:43 +0200] "GET /medio-ambiente/ HTTP/1.1" 200 35047 "https://gessing.es/4-an-encouraging-verse-to-the-alone/medio-ambiente" "Mozilla/5.0 AppleWebKit/537.36 (KHTML, like Gecko; compatible; ClaudeBot/1.0; +claudebot@anthropic.com)"
27.60.23.8 - - [21/Sep/2026:09:56:46 +0200] "POST /xmlrpc.php HTTP/1.1" 200 5884 "-" "Jetpack/13.0; WordPress/6.4; http://site69295110.com"
118.69.224.16 - - [21/Sep/2026:09:56:48 +0200] "POST /xmlrpc.php HTTP/1.1" 200 5868 "-" "Mozilla/5.0 (Windows NT 6.3; x64) AppleWebKit/537.36 (KHTML, like Gecko) Opera/68.0.0.0 Safari/537.36"
216.73.217.1 - - [21/Sep/2026:09:56:49 +0200] "GET /payday-loan-chula-views-uncategorized-pay-day-loan/adjudicaciones HTTP/1.1" 301 5576 "-" "Mozilla/5.0 AppleWebKit/537.36 (KHTML, like Gecko; compatible; ClaudeBot/1.0; +claudebot@anthropic.com)"
216.73.217.1 - - [21/Sep/2026:09:56:49 +0200] "GET /4-an-encouraging-verse-to-the-alone/adjudicaciones HTTP/1.1" 301 5560 "-" "Mozilla/5.0 AppleWebKit/537.36 (KHTML, like Gecko; compatible; ClaudeBot/1.0; +claudebot@anthropic.com)"
216.73.217.1 - - [21/Sep/2026:09:56:49 +0200] "GET /adjudicaciones/ HTTP/1.1" 200 53241 "https://gessing.es/payday-loan-chula-views-uncategorized-pay-day-loan/adjudicaciones" "Mozilla/5.0 AppleWebKit/537.36 (KHTML, like Gecko; compatible; ClaudeBot/1.0; +claudebot@anthropic.com)"
216.73.217.1 - - [21/Sep/2026:09:56:50 +0200] "GET /adjudicaciones/ HTTP/1.1" 200 53257 "https://gessing.es/4-an-encouraging-verse-to-the-alone/adjudicaciones" "Mozilla/5.0 AppleWebKit/537.36 (KHTML, like Gecko; compatible; ClaudeBot/1.0; +claudebot@anthropic.com)"
118.69.224.16 - - [21/Sep/2026:09:56:57 +0200] "POST /xmlrpc.php HTTP/1.1" 200 5884 "-" "Mozilla/5.0 (Windows NT 6.3; arm64) AppleWebKit/537.36 (KHTML, like Gecko) Opera/76.0.0.0 Safari/537.36"
27.60.23.8 - - [21/Sep/2026:09:56:58 +0200] "POST /xmlrpc.php HTTP/1.1" 200 5884 "-" "Jetpack/13.0; WordPress/6.4; http://site48942407.com"
27.60.23.8 - - [21/Sep/2026:09:57:05 +0200] "POST /xmlrpc.php HTTP/1.1" 200 5884 "-" "Jetpack by WordPress.com (Jetpack 12.0; WordPress 6.4)"
118.69.224.16 - - [21/Sep/2026:09:57:06 +0200] "POST /xmlrpc.php HTTP/1.1" 200 5884 "-" "Mozilla/5.0 (Windows NT 10.0; x64) AppleWebKit/537.36 (KHTML, like Gecko) Safari/14.0.0.0 Safari/537.36"
216.73.217.1 - - [21/Sep/2026:09:57:10 +0200] "GET /payday-loan-chula-views-uncategorized-pay-day-loan/politica-de-cookies HTTP/1.1" 301 5581 "-" "Mozilla/5.0 AppleWebKit/537.36 (KHTML, like Gecko; compatible; ClaudeBot/1.0; +claudebot@anthropic.com)"
216.73.217.1 - - [21/Sep/2026:09:57:10 +0200] "GET /payday-loan-chula-views-uncategorized-pay-day-loan/politica-de-privacidad HTTP/1.1" 301 5568 "-" "Mozilla/5.0 AppleWebKit/537.36 (KHTML, like Gecko; compatible; ClaudeBot/1.0; +claudebot@anthropic.com)"
216.73.217.1 - - [21/Sep/2026:09:57:10 +0200] "GET /politica-de-cookies/ HTTP/1.1" 200 36183 "https://gessing.es/payday-loan-chula-views-uncategorized-pay-day-loan/politica-de-cookies" "Mozilla/5.0 AppleWebKit/537.36 (KHTML, like Gecko; compatible; ClaudeBot/1.0; +claudebot@anthropic.com)"
216.73.217.1 - - [21/Sep/2026:09:57:10 +0200] "GET /politica-de-privacidad/ HTTP/1.1" 200 37422 "https://gessing.es/payday-loan-chula-views-uncategorized-pay-day-loan/politica-de-privacidad" "Mozilla/5.0 AppleWebKit/537.36 (KHTML, like Gecko; compatible; ClaudeBot/1.0; +claudebot@anthropic.com)"
118.69.224.16 - - [21/Sep/2026:09:57:13 +0200] "POST /xmlrpc.php HTTP/1.1" 200 5868 "-" "Mozilla/5.0 (Macintosh; Intel Mac OS X 10_15_7; x86) AppleWebKit/537.36 (KHTML, like Gecko) Firefox/71.0.0.0 Safari/537.36"
27.60.23.8 - - [21/Sep/2026:09:57:16 +0200] "POST /xmlrpc.php HTTP/1.1" 200 5884 "-" "Jetpack by WordPress.com"
118.69.224.16 - - [21/Sep/2026:09:57:21 +0200] "POST /xmlrpc.php HTTP/1.1" 200 5900 "-" "Mozilla/5.0 (X11; Ubuntu; Linux x86_64; arm64) AppleWebKit/537.36 (KHTML, like Gecko) Edge/91.0.0.0 Safari/537.36"
85.208.96.195 - - [21/Sep/2026:09:57:22 +0200] "GET /8-on-individual-that-has-airpods-airpods/adjudicaciones HTTP/1.1" 301 5576 "-" "Mozilla/5.0 (compatible; SemrushBot/7~bl; +http://www.semrush.com/bot.html)"
216.73.217.1 - - [21/Sep/2026:09:57:24 +0200] "GET /4-an-encouraging-verse-to-the-alone/politica-de-privacidad HTTP/1.1" 301 5584 "-" "Mozilla/5.0 AppleWebKit/537.36 (KHTML, like Gecko; compatible; ClaudeBot/1.0; +claudebot@anthropic.com)"
216.73.217.1 - - [21/Sep/2026:09:57:24 +0200] "GET /4-an-encouraging-verse-to-the-alone/politica-de-cookies HTTP/1.1" 301 5565 "-" "Mozilla/5.0 AppleWebKit/537.36 (KHTML, like Gecko; compatible; ClaudeBot/1.0; +claudebot@anthropic.com)"
216.73.217.1 - - [21/Sep/2026:09:57:24 +0200] "GET /politica-de-cookies/ HTTP/1.1" 200 36183 "https://gessing.es/4-an-encouraging-verse-to-the-alone/politica-de-cookies" "Mozilla/5.0 AppleWebKit/537.36 (KHTML, like Gecko; compatible; ClaudeBot/1.0; +claudebot@anthropic.com)"
216.73.217.1 - - [21/Sep/2026:09:57:24 +0200] "GET /politica-de-privacidad/ HTTP/1.1" 200 37406 "https://gessing.es/4-an-encouraging-verse-to-the-alone/politica-de-privacidad" "Mozilla/5.0 AppleWebKit/537.36 (KHTML, like Gecko; compatible; ClaudeBot/1.0; +claudebot@anthropic.com)"
27.60.23.8 - - [21/Sep/2026:09:57:26 +0200] "POST /xmlrpc.php HTTP/1.1" 200 5884 "-" "Jetpack by WordPress.com"
85.208.96.208 - - [21/Sep/2026:09:57:27 +0200] "GET /team-building-events-craft-work-for-seven-expands/adjudicaciones HTTP/1.1" 301 5576 "-" "Mozilla/5.0 (compatible; SemrushBot/7~bl; +http://www.semrush.com/bot.html)"
85.208.96.207 - - [21/Sep/2026:09:57:30 +0200] "GET /meine-wenigkeit-habe-mich-bei-irgendeiner/politica-de-privacidad HTTP/1.1" 301 5584 "-" "Mozilla/5.0 (compatible; SemrushBot/7~bl; +http://www.semrush.com/bot.html)"
85.208.96.203 - - [21/Sep/2026:09:57:32 +0200] "GET /pay-day-loans-toward-rushmore-minnesota-as-to-the/politica-de-privacidad HTTP/1.1" 301 5600 "-" "Mozilla/5.0 (compatible; SemrushBot/7~bl; +http://www.semrush.com/bot.html)"
118.69.224.16 - - [21/Sep/2026:09:57:33 +0200] "POST /xmlrpc.php HTTP/1.1" 200 5900 "-" "Mozilla/5.0 (Linux; Android 10; x86) AppleWebKit/537.36 (KHTML, like Gecko) Safari/13.0.0.0 Safari/537.36"
85.208.96.210 - - [21/Sep/2026:09:57:34 +0200] "GET /como-entrar-empezar-sesion-asi-como-registrarme-en-3/nosotros HTTP/1.1" 301 5554 "-" "Mozilla/5.0 (compatible; SemrushBot/7~bl; +http://www.semrush.com/bot.html)"
27.60.23.8 - - [21/Sep/2026:09:57:37 +0200] "POST /xmlrpc.php HTTP/1.1" 200 5900 "-" "Jetpack/13.0; WordPress/6.4; http://site91934151.com"
216.73.217.1 - - [21/Sep/2026:09:57:43 +0200] "GET /?p=2017 HTTP/1.1" 301 5562 "-" "Mozilla/5.0 AppleWebKit/537.36 (KHTML, like Gecko; compatible; ClaudeBot/1.0; +claudebot@anthropic.com)"
216.73.217.1 - - [21/Sep/2026:09:57:43 +0200] "GET /?p=3229 HTTP/1.1" 301 5555 "-" "Mozilla/5.0 AppleWebKit/537.36 (KHTML, like Gecko; compatible; ClaudeBot/1.0; +claudebot@anthropic.com)"
