202.153.80.8 - - [21/Sep/2026:14:08:36 +0200] "POST /xmlrpc.php HTTP/1.1" 200 5884 "-" "WordPress.com; https://wordpress.com"
66.249.64.6 - - [21/Sep/2026:14:08:43 +0200] "GET /immediately-after-confirmation-out-of-plans/nosotros HTTP/1.1" 301 5570 "-" "Mozilla/5.0 (Linux; Android 6.0.1; Nexus 5X Build/MMB29P) AppleWebKit/537.36 (KHTML, like Gecko) Chrome/153.0.8010.47 Mobile Safari/537.36 (compatible; Googlebot/2.1; +http://www.google.com/bot.html)"
118.70.192.58 - - [21/Sep/2026:14:08:44 +0200] "POST /xmlrpc.php HTTP/1.1" 200 5900 "-" "Jetpack by WordPress.com"
202.153.80.8 - - [21/Sep/2026:14:08:46 +0200] "POST /xmlrpc.php HTTP/1.1" 200 5868 "-" "Jetpack by WordPress.com"
17.166.23.103 - - [21/Sep/2026:14:08:49 +0200] "GET /category/chatiw-overzicht-online-dating-2/actividades HTTP/1.1" 404 36566 "-" "Mozilla/5.0 (Macintosh; Intel Mac OS X 10_15_7) AppleWebKit/605.1.15 (KHTML, like Gecko) Version/17.4 Safari/605.1.15 (Applebot/0.1; +http://www.apple.com/go/applebot)"
118.70.192.58 - - [21/Sep/2026:14:08:54 +0200] "POST /xmlrpc.php HTTP/1.1" 200 5884 "-" "WordPress.com; https://wordpress.com"
202.153.80.8 - - [21/Sep/2026:14:08:57 +0200] "POST /xmlrpc.php HTTP/1.1" 200 5884 "-" "WordPress.com; https://wordpress.com"
52.167.144.219 - - [21/Sep/2026:14:09:05 +0200] "GET /genau-so-wie-findest-du-welche-richtige-dating/actividades HTTP/1.1" 301 5589 "-" "Mozilla/5.0 AppleWebKit/537.36 (KHTML, like Gecko; compatible; bingbot/2.0; +http://www.bing.com/bingbot.htm) Chrome/116.0.1938.76 Safari/537.36"
118.70.192.58 - - [21/Sep/2026:14:09:05 +0200] "POST /xmlrpc.php HTTP/1.1" 200 5900 "-" "WordPress.com; https://wordpress.com"
52.167.144.219 - - [21/Sep/2026:14:09:06 +0200] "GET /actividades/ HTTP/1.1" 200 39460 "-" "Mozilla/5.0 AppleWebKit/537.36 (KHTML, like Gecko; compatible; bingbot/2.0; +http://www.bing.com/bingbot.htm) Chrome/116.0.1938.76 Safari/537.36"
202.153.80.8 - - [21/Sep/2026:14:09:07 +0200] "POST /xmlrpc.php HTTP/1.1" 200 5868 "-" "Jetpack/12.1; WordPress/6.4; http://site95352718.com"
198.244.168.17 - - [21/Sep/2026:14:09:15 +0200] "GET /category/okcupid-vs-pof-article-2/ HTTP/1.1" 200 36626 "-" "Mozilla/5.0 (compatible; AhrefsBot/7.0; +http://ahrefs.com/robot/)"
118.70.192.58 - - [21/Sep/2026:14:09:16 +0200] "POST /xmlrpc.php HTTP/1.1" 200 5868 "-" "Jetpack by WordPress.com"
202.153.80.8 - - [21/Sep/2026:14:09:18 +0200] "POST /xmlrpc.php HTTP/1.1" 200 5868 "-" "WordPress.com; https://wordpress.com"
118.70.192.58 - - [21/Sep/2026:14:09:26 +0200] "POST /xmlrpc.php HTTP/1.1" 200 5868 "-" "Jetpack/13.0; WordPress/6.2; http://site33015555.com"
202.153.80.8 - - [21/Sep/2026:14:09:28 +0200] "POST /xmlrpc.php HTTP/1.1" 200 5884 "-" "WordPress.com; https://wordpress.com"
118.70.192.58 - - [21/Sep/2026:14:09:37 +0200] "POST /xmlrpc.php HTTP/1.1" 200 5900 "-" "Jetpack/12.1; WordPress/6.3; http://site57801093.com"
202.153.80.8 - - [21/Sep/2026:14:09:39 +0200] "POST /xmlrpc.php HTTP/1.1" 200 5884 "-" "Jetpack by WordPress.com (Jetpack 13.0; WordPress 6.4)"
16.216.88.253 - - [21/Sep/2026:14:09:41 +0200] "GET /of-course-this-appears-to-be-an-ideal-equipment-to/politica-de-privacidad HTTP/1.1" 301 5568 "-" "Mozilla/5.0 AppleWebKit/537.36 (KHTML, like Gecko; compatible; Reflectionbot/1.0; +https://reflection.ai/bot) Chrome/151.0.0.0 Safari/537.36"
16.216.88.253 - - [21/Sep/2026:14:09:42 +0200] "GET /politica-de-privacidad/ HTTP/1.1" 200 37406 "-" "Mozilla/5.0 AppleWebKit/537.36 (KHTML, like Gecko; compatible; Reflectionbot/1.0; +https://reflection.ai/bot) Chrome/151.0.0.0 Safari/537.36"
118.70.192.58 - - [21/Sep/2026:14:09:47 +0200] "POST /xmlrpc.php HTTP/1.1" 200 5884 "-" "Jetpack/12.1; WordPress/6.1; http://site16290318.com"
202.153.80.8 - - [21/Sep/2026:14:09:49 +0200] "POST /xmlrpc.php HTTP/1.1" 200 5884 "-" "Jetpack by WordPress.com (Jetpack 12.1; WordPress 6.3)"
34.80.211.205 - - [21/Sep/2026:14:09:52 +0200] "POST /xmlrpc.php HTTP/1.1" 200 5868 "-" "Mozilla/5.0 (Windows NT 10.0; Win64; x64) AppleWebKit/537.43 (KHTML, like Gecko) Chrome/138.0.0.0 Safari/537.36 OPR/122.0.0.0"
118.70.192.58 - - [21/Sep/2026:14:09:58 +0200] "POST /xmlrpc.php HTTP/1.1" 200 5884 "-" "Jetpack by WordPress.com"
202.153.80.8 - - [21/Sep/2026:14:10:00 +0200] "POST /xmlrpc.php HTTP/1.1" 200 5868 "-" "WordPress.com; https://wordpress.com"
118.70.192.58 - - [21/Sep/2026:14:10:09 +0200] "POST /xmlrpc.php HTTP/1.1" 200 5900 "-" "Jetpack/12.5; WordPress/6.4; http://site58228403.com"
202.153.80.8 - - [21/Sep/2026:14:10:10 +0200] "POST /xmlrpc.php HTTP/1.1" 200 5884 "-" "Jetpack/12.0; WordPress/6.2; http://site51522861.com"
118.70.192.58 - - [21/Sep/2026:14:10:19 +0200] "POST /xmlrpc.php HTTP/1.1" 200 5900 "-" "Jetpack by WordPress.com (Jetpack 12.1; WordPress 6.1)"
202.153.80.8 - - [21/Sep/2026:14:10:21 +0200] "POST /xmlrpc.php HTTP/1.1" 200 5884 "-" "Jetpack by WordPress.com"
118.70.192.58 - - [21/Sep/2026:14:10:30 +0200] "POST /xmlrpc.php HTTP/1.1" 200 5884 "-" "Jetpack by WordPress.com (Jetpack 12.0; WordPress 6.4)"
202.153.80.8 - - [21/Sep/2026:14:10:31 +0200] "POST /xmlrpc.php HTTP/1.1" 200 5884 "-" "Jetpack by WordPress.com (Jetpack 12.5; WordPress 6.1)"
118.70.192.58 - - [21/Sep/2026:14:10:40 +0200] "POST /xmlrpc.php HTTP/1.1" 200 5900 "-" "Jetpack/12.0; WordPress/6.2; http://site14722309.com"
17.166.23.180 - - [21/Sep/2026:14:10:40 +0200] "GET /secured-finance-aren-t-dischargeable-if-you-do-not/medio-ambiente HTTP/1.1" 301 5576 "-" "Mozilla/5.0 (Macintosh; Intel Mac OS X 10_15_7) AppleWebKit/605.1.15 (KHTML, like Gecko) Version/17.4 Safari/605.1.15 (Applebot/0.1; +http://www.apple.com/go/applebot)"
202.153.80.8 - - [21/Sep/2026:14:10:42 +0200] "POST /xmlrpc.php HTTP/1.1" 200 5868 "-" "Jetpack by WordPress.com"
118.70.192.58 - - [21/Sep/2026:14:10:51 +0200] "POST /xmlrpc.php HTTP/1.1" 200 5884 "-" "WordPress.com; https://wordpress.com"
202.153.80.8 - - [21/Sep/2026:14:10:52 +0200] "POST /xmlrpc.php HTTP/1.1" 200 5900 "-" "Jetpack/12.0; WordPress/6.1; http://site30123994.com"
198.244.168.88 - - [21/Sep/2026:14:11:01 +0200] "GET /category/muzmatch-visitors/ HTTP/1.1" 200 29918 "-" "Mozilla/5.0 (compatible; AhrefsBot/7.0; +http://ahrefs.com/robot/)"
118.70.192.58 - - [21/Sep/2026:14:11:01 +0200] "POST /xmlrpc.php HTTP/1.1" 200 5884 "-" "Jetpack/13.0; WordPress/6.4; http://site16014129.com"
202.153.80.8 - - [21/Sep/2026:14:11:03 +0200] "POST /xmlrpc.php HTTP/1.1" 200 5900 "-" "Jetpack by WordPress.com (Jetpack 13.0; WordPress 6.2)"
118.70.192.58 - - [21/Sep/2026:14:11:12 +0200] "POST /xmlrpc.php HTTP/1.1" 200 5884 "-" "Jetpack by WordPress.com"
202.153.80.8 - - [21/Sep/2026:14:11:13 +0200] "POST /xmlrpc.php HTTP/1.1" 200 5884 "-" "WordPress.com; https://wordpress.com"
118.70.192.58 - - [21/Sep/2026:14:11:23 +0200] "POST /xmlrpc.php HTTP/1.1" 200 5884 "-" "Jetpack/12.1; WordPress/6.4; http://site10995395.com"
202.153.80.8 - - [21/Sep/2026:14:11:24 +0200] "POST /xmlrpc.php HTTP/1.1" 200 5884 "-" "Jetpack/12.1; WordPress/6.2; http://site78162000.com"
118.70.192.58 - - [21/Sep/2026:14:11:33 +0200] "POST /xmlrpc.php HTTP/1.1" 200 5868 "-" "Jetpack by WordPress.com (Jetpack 12.5; WordPress 6.4)"
202.153.80.8 - - [21/Sep/2026:14:11:34 +0200] "POST /xmlrpc.php HTTP/1.1" 200 5884 "-" "WordPress.com; https://wordpress.com"
118.70.192.58 - - [21/Sep/2026:14:11:44 +0200] "POST /xmlrpc.php HTTP/1.1" 200 5900 "-" "Jetpack by WordPress.com"
202.153.80.8 - - [21/Sep/2026:14:11:45 +0200] "POST /xmlrpc.php HTTP/1.1" 200 5884 "-" "WordPress.com; https://wordpress.com"
118.70.192.58 - - [21/Sep/2026:14:11:54 +0200] "POST /xmlrpc.php HTTP/1.1" 200 5900 "-" "Jetpack by WordPress.com (Jetpack 13.0; WordPress 6.3)"
202.153.80.8 - - [21/Sep/2026:14:11:55 +0200] "POST /xmlrpc.php HTTP/1.1" 200 5884 "-" "WordPress.com; https://wordpress.com"
118.70.192.58 - - [21/Sep/2026:14:12:05 +0200] "POST /xmlrpc.php HTTP/1.1" 200 5884 "-" "Jetpack by WordPress.com"
202.153.80.8 - - [21/Sep/2026:14:12:06 +0200] "POST /xmlrpc.php HTTP/1.1" 200 5884 "-" "Jetpack by WordPress.com"
118.70.192.58 - - [21/Sep/2026:14:12:15 +0200] "POST /xmlrpc.php HTTP/1.1" 200 5868 "-" "Jetpack by WordPress.com"
202.153.80.8 - - [21/Sep/2026:14:12:16 +0200] "POST /xmlrpc.php HTTP/1.1" 200 5868 "-" "Jetpack by WordPress.com (Jetpack 12.1; WordPress 6.4)"
118.70.192.58 - - [21/Sep/2026:14:12:26 +0200] "POST /xmlrpc.php HTTP/1.1" 200 5884 "-" "Jetpack by WordPress.com"
202.153.80.8 - - [21/Sep/2026:14:12:27 +0200] "POST /xmlrpc.php HTTP/1.1" 200 5868 "-" "WordPress.com; https://wordpress.com"
118.70.192.58 - - [21/Sep/2026:14:12:37 +0200] "POST /xmlrpc.php HTTP/1.1" 200 5884 "-" "Jetpack by WordPress.com (Jetpack 12.0; WordPress 6.3)"
202.153.80.8 - - [21/Sep/2026:14:12:37 +0200] "POST /xmlrpc.php HTTP/1.1" 200 5884 "-" "Jetpack by WordPress.com"
37.59.204.144 - - [21/Sep/2026:14:12:47 +0200] "GET /robots.txt HTTP/1.1" 200 5679 "-" "Mozilla/5.0 (compatible; AhrefsBot/7.0; +http://ahrefs.com/robot/)"
118.70.192.58 - - [21/Sep/2026:14:12:47 +0200] "POST /xmlrpc.php HTTP/1.1" 200 5900 "-" "Jetpack by WordPress.com"
51.195.244.225 - - [21/Sep/2026:14:12:48 +0200] "GET /category/title-loans-near-me-online-2/ HTTP/1.1" 200 36543 "-" "Mozilla/5.0 (compatible; AhrefsBot/7.0; +http://ahrefs.com/robot/)"
202.153.80.8 - - [21/Sep/2026:14:12:48 +0200] "POST /xmlrpc.php HTTP/1.1" 200 5884 "-" "Jetpack/12.5; WordPress/6.4; http://site34482866.com"
118.70.192.58 - - [21/Sep/2026:14:12:58 +0200] "POST /xmlrpc.php HTTP/1.1" 200 5868 "-" "WordPress.com; https://wordpress.com"
202.153.80.8 - - [21/Sep/2026:14:12:58 +0200] "POST /xmlrpc.php HTTP/1.1" 200 5884 "-" "WordPress.com; https://wordpress.com"
118.70.192.58 - - [21/Sep/2026:14:13:08 +0200] "POST /xmlrpc.php HTTP/1.1" 200 5884 "-" "Jetpack by WordPress.com (Jetpack 12.0; WordPress 6.1)"
202.153.80.8 - - [21/Sep/2026:14:13:09 +0200] "POST /xmlrpc.php HTTP/1.1" 200 5900 "-" "Jetpack by WordPress.com"
118.70.192.58 - - [21/Sep/2026:14:13:19 +0200] "POST /xmlrpc.php HTTP/1.1" 200 5868 "-" "Jetpack by WordPress.com"
202.153.80.8 - - [21/Sep/2026:14:13:19 +0200] "POST /xmlrpc.php HTTP/1.1" 200 5900 "-" "Jetpack/13.0; WordPress/6.1; http://site80941700.com"
118.70.192.58 - - [21/Sep/2026:14:13:30 +0200] "POST /xmlrpc.php HTTP/1.1" 200 5884 "-" "Jetpack/13.0; WordPress/6.3; http://site83700578.com"
202.153.80.8 - - [21/Sep/2026:14:13:30 +0200] "POST /xmlrpc.php HTTP/1.1" 200 5868 "-" "Jetpack by WordPress.com (Jetpack 13.0; WordPress 6.3)"
118.70.192.58 - - [21/Sep/2026:14:13:40 +0200] "POST /xmlrpc.php HTTP/1.1" 200 5900 "-" "Jetpack/13.0; WordPress/6.2; http://site56982608.com"
202.153.80.8 - - [21/Sep/2026:14:13:40 +0200] "POST /xmlrpc.php HTTP/1.1" 200 5868 "-" "Jetpack by WordPress.com (Jetpack 12.5; WordPress 6.3)"
118.70.192.58 - - [21/Sep/2026:14:13:51 +0200] "POST /xmlrpc.php HTTP/1.1" 200 5868 "-" "Jetpack by WordPress.com"
202.153.80.8 - - [21/Sep/2026:14:13:51 +0200] "POST /xmlrpc.php HTTP/1.1" 200 5884 "-" "Jetpack by WordPress.com (Jetpack 13.0; WordPress 6.4)"
202.153.80.8 - - [21/Sep/2026:14:14:01 +0200] "POST /xmlrpc.php HTTP/1.1" 200 5900 "-" "Jetpack/12.0; WordPress/6.3; http://site84677200.com"
118.70.192.58 - - [21/Sep/2026:14:14:01 +0200] "POST /xmlrpc.php HTTP/1.1" 200 5868 "-" "Jetpack/12.5; WordPress/6.2; http://site81109533.com"
202.153.80.8 - - [21/Sep/2026:14:14:12 +0200] "POST /xmlrpc.php HTTP/1.1" 200 5884 "-" "WordPress.com; https://wordpress.com"
118.70.192.58 - - [21/Sep/2026:14:14:12 +0200] "POST /xmlrpc.php HTTP/1.1" 200 5868 "-" "Jetpack by WordPress.com"
202.153.80.8 - - [21/Sep/2026:14:14:22 +0200] "POST /xmlrpc.php HTTP/1.1" 200 5900 "-" "Jetpack by WordPress.com"
118.70.192.58 - - [21/Sep/2026:14:14:22 +0200] "POST /xmlrpc.php HTTP/1.1" 200 5900 "-" "Jetpack by WordPress.com (Jetpack 12.0; WordPress 6.1)"
202.153.80.8 - - [21/Sep/2026:14:14:33 +0200] "POST /xmlrpc.php HTTP/1.1" 200 5900 "-" "Jetpack by WordPress.com (Jetpack 12.1; WordPress 6.2)"
118.70.192.58 - - [21/Sep/2026:14:14:33 +0200] "POST /xmlrpc.php HTTP/1.1" 200 5900 "-" "WordPress.com; https://wordpress.com"
198.244.183.112 - - [21/Sep/2026:14:14:33 +0200] "GET /category/sugar-daddies-usa-in-indianapolis-review/ HTTP/1.1" 200 30502 "-" "Mozilla/5.0 (compatible; AhrefsBot/7.0; +http://ahrefs.com/robot/)"
202.153.80.8 - - [21/Sep/2026:14:14:43 +0200] "POST /xmlrpc.php HTTP/1.1" 200 5884 "-" "Jetpack by WordPress.com"
118.70.192.58 - - [21/Sep/2026:14:14:44 +0200] "POST /xmlrpc.php HTTP/1.1" 200 5884 "-" "Jetpack/12.1; WordPress/6.2; http://site96780202.com"
52.167.144.166 - - [21/Sep/2026:14:14:47 +0200] "GET /como-hablar-sobre-sexo-con-tu-pareja-sigue-estos/feed/ HTTP/1.1" 200 6639 "-" "Mozilla/5.0 AppleWebKit/537.36 (KHTML, like Gecko; compatible; bingbot/2.0; +http://www.bing.com/bingbot.htm) Chrome/116.0.1938.76 Safari/537.36"
202.153.80.8 - - [21/Sep/2026:14:14:54 +0200] "POST /xmlrpc.php HTTP/1.1" 200 5884 "-" "WordPress.com; https://wordpress.com"
118.70.192.58 - - [21/Sep/2026:14:14:54 +0200] "POST /xmlrpc.php HTTP/1.1" 200 5884 "-" "Jetpack by WordPress.com (Jetpack 12.1; WordPress 6.2)"
202.153.80.8 - - [21/Sep/2026:14:15:04 +0200] "POST /xmlrpc.php HTTP/1.1" 200 5868 "-" "Jetpack by WordPress.com (Jetpack 13.0; WordPress 6.2)"
118.70.192.58 - - [21/Sep/2026:14:15:05 +0200] "POST /xmlrpc.php HTTP/1.1" 200 5900 "-" "Jetpack by WordPress.com"
202.153.80.8 - - [21/Sep/2026:14:15:15 +0200] "POST /xmlrpc.php HTTP/1.1" 200 5868 "-" "Jetpack by WordPress.com (Jetpack 12.5; WordPress 6.1)"
118.70.192.58 - - [21/Sep/2026:14:15:15 +0200] "POST /xmlrpc.php HTTP/1.1" 200 5868 "-" "Jetpack/12.0; WordPress/6.4; http://site88776581.com"
202.153.80.8 - - [21/Sep/2026:14:15:25 +0200] "POST /xmlrpc.php HTTP/1.1" 200 5884 "-" "Jetpack by WordPress.com (Jetpack 12.0; WordPress 6.4)"
118.70.192.58 - - [21/Sep/2026:14:15:26 +0200] "POST /xmlrpc.php HTTP/1.1" 200 5884 "-" "Jetpack by WordPress.com (Jetpack 12.5; WordPress 6.3)"
202.153.80.8 - - [21/Sep/2026:14:15:36 +0200] "POST /xmlrpc.php HTTP/1.1" 200 5884 "-" "Jetpack by WordPress.com"
118.70.192.58 - - [21/Sep/2026:14:15:36 +0200] "POST /xmlrpc.php HTTP/1.1" 200 5868 "-" "Jetpack by WordPress.com (Jetpack 13.0; WordPress 6.1)"
66.249.64.7 - - [21/Sep/2026:14:15:41 +0200] "GET /payday-advances-iowa-is-key-to-your-company/ HTTP/1.1" 200 42395 "-" "Mozilla/5.0 (Linux; Android 6.0.1; Nexus 5X Build/MMB29P) AppleWebKit/537.36 (KHTML, like Gecko) Chrome/153.0.8010.47 Mobile Safari/537.36 (compatible; Googlebot/2.1; +http://www.google.com/bot.html)"
202.153.80.8 - - [21/Sep/2026:14:15:46 +0200] "POST /xmlrpc.php HTTP/1.1" 200 5900 "-" "Jetpack by WordPress.com (Jetpack 12.1; WordPress 6.1)"
118.70.192.58 - - [21/Sep/2026:14:15:47 +0200] "POST /xmlrpc.php HTTP/1.1" 200 5900 "-" "WordPress.com; https://wordpress.com"
202.153.80.8 - - [21/Sep/2026:14:15:57 +0200] "POST /xmlrpc.php HTTP/1.1" 200 5900 "-" "WordPress.com; https://wordpress.com"
118.70.192.58 - - [21/Sep/2026:14:15:58 +0200] "POST /xmlrpc.php HTTP/1.1" 200 5884 "-" "WordPress.com; https://wordpress.com"
202.153.80.8 - - [21/Sep/2026:14:16:07 +0200] "POST /xmlrpc.php HTTP/1.1" 200 5900 "-" "WordPress.com; https://wordpress.com"
118.70.192.58 - - [21/Sep/2026:14:16:08 +0200] "POST /xmlrpc.php HTTP/1.1" 200 5884 "-" "Jetpack/13.0; WordPress/6.2; http://site38186588.com"
202.153.80.8 - - [21/Sep/2026:14:16:18 +0200] "POST /xmlrpc.php HTTP/1.1" 200 5884 "-" "Jetpack by WordPress.com (Jetpack 13.0; WordPress 6.3)"
118.70.192.58 - - [21/Sep/2026:14:16:19 +0200] "POST /xmlrpc.php HTTP/1.1" 200 5884 "-" "Jetpack by WordPress.com"
198.244.242.16 - - [21/Sep/2026:14:16:19 +0200] "GET /category/bondage-com-es-reviews/ HTTP/1.1" 200 36736 "-" "Mozilla/5.0 (compatible; AhrefsBot/7.0; +http://ahrefs.com/robot/)"
202.153.80.8 - - [21/Sep/2026:14:16:28 +0200] "POST /xmlrpc.php HTTP/1.1" 200 5884 "-" "Jetpack by WordPress.com (Jetpack 13.0; WordPress 6.2)"
118.70.192.58 - - [21/Sep/2026:14:16:29 +0200] "POST /xmlrpc.php HTTP/1.1" 200 5900 "-" "Jetpack by WordPress.com"
202.153.80.8 - - [21/Sep/2026:14:16:39 +0200] "POST /xmlrpc.php HTTP/1.1" 200 5900 "-" "Jetpack/12.0; WordPress/6.4; http://site41930024.com"
118.70.192.58 - - [21/Sep/2026:14:16:40 +0200] "POST /xmlrpc.php HTTP/1.1" 200 5900 "-" "WordPress.com; https://wordpress.com"
202.153.80.8 - - [21/Sep/2026:14:16:49 +0200] "POST /xmlrpc.php HTTP/1.1" 200 5884 "-" "Jetpack by WordPress.com (Jetpack 12.1; WordPress 6.3)"
118.70.192.58 - - [21/Sep/2026:14:16:51 +0200] "POST /xmlrpc.php HTTP/1.1" 200 5884 "-" "Jetpack by WordPress.com"
202.153.80.8 - - [21/Sep/2026:14:17:00 +0200] "POST /xmlrpc.php HTTP/1.1" 200 5900 "-" "Jetpack by WordPress.com (Jetpack 12.0; WordPress 6.4)"
118.70.192.58 - - [21/Sep/2026:14:17:01 +0200] "POST /xmlrpc.php HTTP/1.1" 200 5884 "-" "Jetpack by WordPress.com"
202.153.80.8 - - [21/Sep/2026:14:17:10 +0200] "POST /xmlrpc.php HTTP/1.1" 200 5900 "-" "Jetpack by WordPress.com"
118.70.192.58 - - [21/Sep/2026:14:17:12 +0200] "POST /xmlrpc.php HTTP/1.1" 200 5868 "-" "Jetpack by WordPress.com"
202.153.80.8 - - [21/Sep/2026:14:17:21 +0200] "POST /xmlrpc.php HTTP/1.1" 200 5884 "-" "Jetpack/12.5; WordPress/6.3; http://site72224470.com"
118.70.192.58 - - [21/Sep/2026:14:17:22 +0200] "POST /xmlrpc.php HTTP/1.1" 200 5900 "-" "Jetpack by WordPress.com"
202.153.80.8 - - [21/Sep/2026:14:17:31 +0200] "POST /xmlrpc.php HTTP/1.1" 200 5884 "-" "WordPress.com; https://wordpress.com"
118.70.192.58 - - [21/Sep/2026:14:17:33 +0200] "POST /xmlrpc.php HTTP/1.1" 200 5884 "-" "WordPress.com; https://wordpress.com"
202.153.80.8 - - [21/Sep/2026:14:17:42 +0200] "POST /xmlrpc.php HTTP/1.1" 200 5868 "-" "WordPress.com; https://wordpress.com"
118.70.192.58 - - [21/Sep/2026:14:17:43 +0200] "POST /xmlrpc.php HTTP/1.1" 200 5868 "-" "Jetpack by WordPress.com"
202.153.80.8 - - [21/Sep/2026:14:17:52 +0200] "POST /xmlrpc.php HTTP/1.1" 200 5884 "-" "Jetpack by WordPress.com (Jetpack 12.1; WordPress 6.1)"
118.70.192.58 - - [21/Sep/2026:14:17:54 +0200] "POST /xmlrpc.php HTTP/1.1" 200 5900 "-" "Jetpack by WordPress.com"
202.153.80.8 - - [21/Sep/2026:14:18:03 +0200] "POST /xmlrpc.php HTTP/1.1" 200 5884 "-" "WordPress.com; https://wordpress.com"
118.70.192.58 - - [21/Sep/2026:14:18:05 +0200] "POST /xmlrpc.php HTTP/1.1" 200 5884 "-" "Jetpack/12.1; WordPress/6.4; http://site45410480.com"
198.244.226.121 - - [21/Sep/2026:14:18:05 +0200] "GET /category/christian-cupid-test/ HTTP/1.1" 200 36581 "-" "Mozilla/5.0 (compatible; AhrefsBot/7.0; +http://ahrefs.com/robot/)"
202.153.80.8 - - [21/Sep/2026:14:18:13 +0200] "POST /xmlrpc.php HTTP/1.1" 200 5868 "-" "Jetpack/12.5; WordPress/6.4; http://site88461656.com"
118.70.192.58 - - [21/Sep/2026:14:18:15 +0200] "POST /xmlrpc.php HTTP/1.1" 200 5900 "-" "Jetpack/12.0; WordPress/6.4; http://site32135630.com"
202.153.80.8 - - [21/Sep/2026:14:18:24 +0200] "POST /xmlrpc.php HTTP/1.1" 200 5868 "-" "WordPress.com; https://wordpress.com"
118.70.192.58 - - [21/Sep/2026:14:18:26 +0200] "POST /xmlrpc.php HTTP/1.1" 200 5868 "-" "Jetpack by WordPress.com"
202.153.80.8 - - [21/Sep/2026:14:18:34 +0200] "POST /xmlrpc.php HTTP/1.1" 200 5900 "-" "Jetpack by WordPress.com (Jetpack 12.0; WordPress 6.3)"
118.70.192.58 - - [21/Sep/2026:14:18:36 +0200] "POST /xmlrpc.php HTTP/1.1" 200 5868 "-" "Jetpack/12.1; WordPress/6.4; http://site11891412.com"
202.153.80.8 - - [21/Sep/2026:14:18:45 +0200] "POST /xmlrpc.php HTTP/1.1" 200 5868 "-" "WordPress.com; https://wordpress.com"
118.70.192.58 - - [21/Sep/2026:14:18:47 +0200] "POST /xmlrpc.php HTTP/1.1" 200 5884 "-" "WordPress.com; https://wordpress.com"
202.153.80.8 - - [21/Sep/2026:14:18:55 +0200] "POST /xmlrpc.php HTTP/1.1" 200 5900 "-" "WordPress.com; https://wordpress.com"
118.70.192.58 - - [21/Sep/2026:14:18:57 +0200] "POST /xmlrpc.php HTTP/1.1" 200 5900 "-" "Jetpack by WordPress.com"
202.153.80.8 - - [21/Sep/2026:14:19:06 +0200] "POST /xmlrpc.php HTTP/1.1" 200 5868 "-" "WordPress.com; https://wordpress.com"
118.70.192.58 - - [21/Sep/2026:14:19:08 +0200] "POST /xmlrpc.php HTTP/1.1" 200 5868 "-" "Jetpack by WordPress.com"
202.153.80.8 - - [21/Sep/2026:14:19:16 +0200] "POST /xmlrpc.php HTTP/1.1" 200 5884 "-" "Jetpack by WordPress.com (Jetpack 12.0; WordPress 6.2)"
118.70.192.58 - - [21/Sep/2026:14:19:19 +0200] "POST /xmlrpc.php HTTP/1.1" 200 5900 "-" "Jetpack/12.5; WordPress/6.2; http://site95498877.com"
118.70.192.58 - - [21/Sep/2026:14:19:29 +0200] "POST /xmlrpc.php HTTP/1.1" 200 5884 "-" "Jetpack by WordPress.com (Jetpack 12.1; WordPress 6.4)"
118.70.192.58 - - [21/Sep/2026:14:19:40 +0200] "POST /xmlrpc.php HTTP/1.1" 200 5884 "-" "WordPress.com; https://wordpress.com"
118.70.192.58 - - [21/Sep/2026:14:19:50 +0200] "POST /xmlrpc.php HTTP/1.1" 200 5868 "-" "Jetpack by WordPress.com"
51.195.183.229 - - [21/Sep/2026:14:19:51 +0200] "GET /category/instasext-it-reviews/ HTTP/1.1" 200 36606 "-" "Mozilla/5.0 (compatible; AhrefsBot/7.0; +http://ahrefs.com/robot/)"
118.70.192.58 - - [21/Sep/2026:14:20:01 +0200] "POST /xmlrpc.php HTTP/1.1" 200 5884 "-" "Jetpack by WordPress.com"
161.35.69.250 - - [21/Sep/2026:14:20:11 +0200] "POST /wp-login.php HTTP/1.1" 200 14218 "-" "Mozilla/5.0"
161.35.69.250 - - [21/Sep/2026:14:20:11 +0200] "POST /wp-login.php HTTP/1.1" 200 14214 "-" "Mozilla/5.0"
118.70.192.58 - - [21/Sep/2026:14:20:12 +0200] "POST /xmlrpc.php HTTP/1.1" 200 5868 "-" "Jetpack by WordPress.com"
118.70.192.58 - - [21/Sep/2026:14:20:22 +0200] "POST /xmlrpc.php HTTP/1.1" 200 5868 "-" "Jetpack/13.0; WordPress/6.1; http://site63330506.com"
118.70.192.58 - - [21/Sep/2026:14:20:33 +0200] "POST /xmlrpc.php HTTP/1.1" 200 5868 "-" "WordPress.com; https://wordpress.com"
85.208.96.197 - - [21/Sep/2026:14:20:35 +0200] "GET /jen-was-a-professional-indebted-and-borrowing-from/medio-ambiente HTTP/1.1" 301 5576 "-" "Mozilla/5.0 (compatible; SemrushBot/7~bl; +http://www.semrush.com/bot.html)"
118.70.192.58 - - [21/Sep/2026:14:20:43 +0200] "POST /xmlrpc.php HTTP/1.1" 200 5884 "-" "WordPress.com; https://wordpress.com"
118.70.192.58 - - [21/Sep/2026:14:20:54 +0200] "POST /xmlrpc.php HTTP/1.1" 200 5884 "-" "WordPress.com; https://wordpress.com"
118.70.192.58 - - [21/Sep/2026:14:21:04 +0200] "POST /xmlrpc.php HTTP/1.1" 200 5868 "-" "Jetpack by WordPress.com"
85.208.96.207 - - [21/Sep/2026:14:21:07 +0200] "GET /online-haphazard-movies-talk-to-have-conference/actividades HTTP/1.1" 301 5573 "-" "Mozilla/5.0 (compatible; SemrushBot/7~bl; +http://www.semrush.com/bot.html)"
118.70.192.58 - - [21/Sep/2026:14:21:15 +0200] "POST /xmlrpc.php HTTP/1.1" 200 5900 "-" "WordPress.com; https://wordpress.com"
118.70.192.58 - - [21/Sep/2026:14:21:25 +0200] "POST /xmlrpc.php HTTP/1.1" 200 5884 "-" "Jetpack by WordPress.com (Jetpack 12.0; WordPress 6.2)"
118.70.192.58 - - [21/Sep/2026:14:21:36 +0200] "POST /xmlrpc.php HTTP/1.1" 200 5884 "-" "Jetpack by WordPress.com (Jetpack 13.0; WordPress 6.4)"
51.195.244.246 - - [21/Sep/2026:14:21:37 +0200] "GET /category/lebanon-dating-review-2/ HTTP/1.1" 200 36563 "-" "Mozilla/5.0 (compatible; AhrefsBot/7.0; +http://ahrefs.com/robot/)"
118.70.192.58 - - [21/Sep/2026:14:21:47 +0200] "POST /xmlrpc.php HTTP/1.1" 200 5884 "-" "Jetpack by WordPress.com (Jetpack 12.0; WordPress 6.3)"
118.70.192.58 - - [21/Sep/2026:14:21:57 +0200] "POST /xmlrpc.php HTTP/1.1" 200 5868 "-" "Jetpack by WordPress.com (Jetpack 12.0; WordPress 6.4)"
118.70.192.58 - - [21/Sep/2026:14:22:08 +0200] "POST /xmlrpc.php HTTP/1.1" 200 5900 "-" "Jetpack/12.0; WordPress/6.2; http://site14390307.com"
118.70.192.58 - - [21/Sep/2026:14:22:18 +0200] "POST /xmlrpc.php HTTP/1.1" 200 5868 "-" "Jetpack/12.1; WordPress/6.1; http://site27113664.com"
118.70.192.58 - - [21/Sep/2026:14:22:29 +0200] "POST /xmlrpc.php HTTP/1.1" 200 5884 "-" "Jetpack/12.1; WordPress/6.1; http://site99233151.com"
66.249.64.6 - - [21/Sep/2026:14:22:33 +0200] "GET /norsk-volafile-kvinnelig-ejakulasjon-knuling-sex-naken-cupido-erotikk-chat-sex-posisjon-klumper-i-saed/ HTTP/1.1" 200 78579 "-" "Mozilla/5.0 (Linux; Android 6.0.1; Nexus 5X Build/MMB29P) AppleWebKit/537.36 (KHTML, like Gecko) Chrome/153.0.8010.47 Mobile Safari/537.36 (compatible; Googlebot/2.1; +http://www.google.com/bot.html)"
118.70.192.58 - - [21/Sep/2026:14:22:39 +0200] "POST /xmlrpc.php HTTP/1.1" 200 5900 "-" "Jetpack by WordPress.com (Jetpack 12.1; WordPress 6.1)"
118.70.192.58 - - [21/Sep/2026:14:22:50 +0200] "POST /xmlrpc.php HTTP/1.1" 200 5868 "-" "Jetpack by WordPress.com"
118.70.192.58 - - [21/Sep/2026:14:23:01 +0200] "POST /xmlrpc.php HTTP/1.1" 200 5884 "-" "Jetpack by WordPress.com (Jetpack 12.0; WordPress 6.1)"
118.70.192.58 - - [21/Sep/2026:14:23:11 +0200] "POST /xmlrpc.php HTTP/1.1" 200 5884 "-" "Jetpack by WordPress.com (Jetpack 12.1; WordPress 6.2)"
118.70.192.58 - - [21/Sep/2026:14:23:22 +0200] "POST /xmlrpc.php HTTP/1.1" 200 5900 "-" "Jetpack by WordPress.com"
198.244.226.76 - - [21/Sep/2026:14:23:22 +0200] "GET /category/daly-city-escort-2/ HTTP/1.1" 200 36606 "-" "Mozilla/5.0 (compatible; AhrefsBot/7.0; +http://ahrefs.com/robot/)"
118.70.192.58 - - [21/Sep/2026:14:23:32 +0200] "POST /xmlrpc.php HTTP/1.1" 200 5884 "-" "Jetpack by WordPress.com"
118.70.192.58 - - [21/Sep/2026:14:23:43 +0200] "POST /xmlrpc.php HTTP/1.1" 200 5884 "-" "Jetpack/12.5; WordPress/6.2; http://site73894546.com"
118.70.192.58 - - [21/Sep/2026:14:23:53 +0200] "POST /xmlrpc.php HTTP/1.1" 200 5900 "-" "WordPress.com; https://wordpress.com"
118.70.192.58 - - [21/Sep/2026:14:24:04 +0200] "POST /xmlrpc.php HTTP/1.1" 200 5884 "-" "Jetpack by WordPress.com"
118.70.192.58 - - [21/Sep/2026:14:24:15 +0200] "POST /xmlrpc.php HTTP/1.1" 200 5900 "-" "WordPress.com; https://wordpress.com"
85.208.96.196 - - [21/Sep/2026:14:24:23 +0200] "GET /category/gaydar-inceleme-mobil-site-2/adjudicaciones HTTP/1.1" 404 36534 "-" "Mozilla/5.0 (compatible; SemrushBot/7~bl; +http://www.semrush.com/bot.html)"
94.154.43.158 - - [21/Sep/2026:14:24:31 +0200] "GET / HTTP/1.1" 200 36230 "-" "Mozilla/5.0 (Windows NT 10.0; Win64; x64) AppleWebKit/537.36 (KHTML, like Gecko) Chrome/147.0.0.0 Safari/537.36"
198.244.240.47 - - [21/Sep/2026:14:25:08 +0200] "GET /category/eharmony-halle-berry-dating-2/ HTTP/1.1" 200 36953 "-" "Mozilla/5.0 (compatible; AhrefsBot/7.0; +http://ahrefs.com/robot/)"
17.166.232.189 - - [21/Sep/2026:14:25:25 +0200] "GET /lass-mich-daruber-erzahlen-kreuzwortratsel-pro-2/politica-de-privacidad HTTP/1.1" 301 5568 "-" "Mozilla/5.0 (Macintosh; Intel Mac OS X 10_15_7) AppleWebKit/605.1.15 (KHTML, like Gecko) Version/17.4 Safari/605.1.15 (Applebot/0.1; +http://www.apple.com/go/applebot)"
17.166.232.189 - - [21/Sep/2026:14:25:26 +0200] "GET /politica-de-privacidad/ HTTP/1.1" 200 37390 "-" "Mozilla/5.0 (Macintosh; Intel Mac OS X 10_15_7) AppleWebKit/605.1.15 (KHTML, like Gecko) Version/17.4 Safari/605.1.15 (Applebot/0.1; +http://www.apple.com/go/applebot)"
47.106.35.158 - - [21/Sep/2026:14:26:15 +0200] "GET / HTTP/1.1" 301 5484 "http://www.gessing.es" "Mozilla/5.0 (iPhone; CPU iPhone OS 13_2_3 like Mac OS X) AppleWebKit/605.1.15 (KHTML, like Gecko) Version/13.0.3 Mobile/15E148 Safari/604.1"
85.208.96.210 - - [21/Sep/2026:14:26:16 +0200] "GET /the-latest-tmx-fund-class-of-businesses-brings/ HTTP/1.1" 200 47355 "-" "Mozilla/5.0 (compatible; SemrushBot/7~bl; +http://www.semrush.com/bot.html)"
47.106.35.158 - - [21/Sep/2026:14:26:22 +0200] "GET / HTTP/1.1" 200 36230 "https://www.gessing.es/" "Mozilla/5.0 (iPhone; CPU iPhone OS 13_2_3 like Mac OS X) AppleWebKit/605.1.15 (KHTML, like Gecko) Version/13.0.3 Mobile/15E148 Safari/604.1"
85.208.96.193 - - [21/Sep/2026:14:26:25 +0200] "GET /en-manifestacion-se-va-a-apoyar-sobre-el-sillin/politica-de-privacidad HTTP/1.1" 301 5568 "-" "Mozilla/5.0 (compatible; SemrushBot/7~bl; +http://www.semrush.com/bot.html)"
54.38.147.10 - - [21/Sep/2026:14:26:54 +0200] "GET /category/fubar-dating-2/ HTTP/1.1" 200 36562 "-" "Mozilla/5.0 (compatible; AhrefsBot/7.0; +http://ahrefs.com/robot/)"
213.180.203.234 - - [21/Sep/2026:14:27:12 +0200] "GET /robots.txt HTTP/1.1" 200 5679 "-" "Mozilla/5.0 (compatible; YandexBot/3.0; +http://yandex.com/bots)"
95.108.213.157 - - [21/Sep/2026:14:27:13 +0200] "GET /partly-since-it-was-the-first-major-talk-webpages/ HTTP/1.1" 200 42684 "-" "Mozilla/5.0 (compatible; YandexBot/3.0; +http://yandex.com/bots)"
52.167.144.183 - - [21/Sep/2026:14:27:19 +0200] "GET /hallan-grabados-prehistoricos-sobre-animales-por-3/adjudicaciones HTTP/1.1" 301 5560 "-" "Mozilla/5.0 AppleWebKit/537.36 (KHTML, like Gecko; compatible; bingbot/2.0; +http://www.bing.com/bingbot.htm) Chrome/116.0.1938.76 Safari/537.36"
17.166.154.62 - - [21/Sep/2026:14:27:24 +0200] "GET /psa-losing-in-love-on-the-internet-is-hella-high-2/medio-ambiente HTTP/1.1" 301 5576 "-" "Mozilla/5.0 (Macintosh; Intel Mac OS X 10_15_7) AppleWebKit/605.1.15 (KHTML, like Gecko) Version/17.4 Safari/605.1.15 (Applebot/0.1; +http://www.apple.com/go/applebot)"
17.166.154.62 - - [21/Sep/2026:14:27:25 +0200] "GET /medio-ambiente/ HTTP/1.1" 200 35031 "-" "Mozilla/5.0 (Macintosh; Intel Mac OS X 10_15_7) AppleWebKit/605.1.15 (KHTML, like Gecko) Version/17.4 Safari/605.1.15 (Applebot/0.1; +http://www.apple.com/go/applebot)"
198.244.242.30 - - [21/Sep/2026:14:28:40 +0200] "GET /category/fruzo-visitors/ HTTP/1.1" 200 36710 "-" "Mozilla/5.0 (compatible; AhrefsBot/7.0; +http://ahrefs.com/robot/)"
66.249.64.5 - - [21/Sep/2026:14:29:31 +0200] "GET /transen-sexchat-private-computer-aided-2/contacto HTTP/1.1" 301 5570 "-" "Mozilla/5.0 (Linux; Android 6.0.1; Nexus 5X Build/MMB29P) AppleWebKit/537.36 (KHTML, like Gecko) Chrome/153.0.8010.47 Mobile Safari/537.36 (compatible; Googlebot/2.1; +http://www.google.com/bot.html)"
52.167.144.183 - - [21/Sep/2026:14:30:14 +0200] "GET /genau-so-wie-findest-du-welche-richtige-dating/nosotros HTTP/1.1" 301 5570 "-" "Mozilla/5.0 AppleWebKit/537.36 (KHTML, like Gecko; compatible; bingbot/2.0; +http://www.bing.com/bingbot.htm) Chrome/116.0.1938.76 Safari/537.36"
52.167.144.183 - - [21/Sep/2026:14:30:16 +0200] "GET /nosotros/ HTTP/1.1" 200 35908 "-" "Mozilla/5.0 AppleWebKit/537.36 (KHTML, like Gecko; compatible; bingbot/2.0; +http://www.bing.com/bingbot.htm) Chrome/116.0.1938.76 Safari/537.36"
51.195.215.152 - - [21/Sep/2026:14:30:26 +0200] "GET /category/top-gay-dating-services-sites-2/ HTTP/1.1" 200 36722 "-" "Mozilla/5.0 (compatible; AhrefsBot/7.0; +http://ahrefs.com/robot/)"
116.179.32.49 - - [21/Sep/2026:14:31:15 +0200] "GET /is-there-a-casino-luck-mobile-app-13/politica-de-cookies HTTP/1.1" 301 5597 "-" "Mozilla/5.0 (compatible; Baiduspider/2.0; +http://www.baidu.com/search/spider.html)"
116.179.32.95 - - [21/Sep/2026:14:31:17 +0200] "GET /politica-de-cookies/ HTTP/1.1" 200 36167 "-" "Mozilla/5.0 (compatible; Baiduspider/2.0; +http://www.baidu.com/search/spider.html)"
198.244.240.245 - - [21/Sep/2026:14:32:12 +0200] "GET /category/scruff-service-clients-2/ HTTP/1.1" 200 37770 "-" "Mozilla/5.0 (compatible; AhrefsBot/7.0; +http://ahrefs.com/robot/)"
198.244.242.198 - - [21/Sep/2026:14:33:52 +0200] "GET /category/charmdate-quizzen-2/ HTTP/1.1" 200 36537 "-" "Mozilla/5.0 (compatible; AhrefsBot/7.0; +http://ahrefs.com/robot/)"
16.216.88.222 - - [21/Sep/2026:14:34:05 +0200] "GET /pawn-america-pay-day-loan-in-which-do-you-changes/adjudicaciones HTTP/1.1" 301 5592 "-" "Mozilla/5.0 AppleWebKit/537.36 (KHTML, like Gecko; compatible; Reflectionbot/1.0; +https://reflection.ai/bot) Chrome/151.0.0.0 Safari/537.36"
16.216.88.222 - - [21/Sep/2026:14:34:06 +0200] "GET /adjudicaciones/ HTTP/1.1" 200 53273 "-" "Mozilla/5.0 AppleWebKit/537.36 (KHTML, like Gecko; compatible; Reflectionbot/1.0; +https://reflection.ai/bot) Chrome/151.0.0.0 Safari/537.36"
161.35.69.250 - - [21/Sep/2026:14:35:08 +0200] "POST /wp-login.php HTTP/1.1" 200 14202 "-" "Mozilla/5.0"
161.35.69.250 - - [21/Sep/2026:14:35:08 +0200] "POST /wp-login.php HTTP/1.1" 200 14214 "-" "Mozilla/5.0"
85.208.96.208 - - [21/Sep/2026:14:35:30 +0200] "GET /the-extroverted-womans-guide-to-dating-and-mating-10/ HTTP/1.1" 200 42219 "-" "Mozilla/5.0 (compatible; SemrushBot/7~bl; +http://www.semrush.com/bot.html)"
198.244.242.184 - - [21/Sep/2026:14:35:32 +0200] "GET /category/payday-long-term-loans-2/ HTTP/1.1" 200 36769 "-" "Mozilla/5.0 (compatible; AhrefsBot/7.0; +http://ahrefs.com/robot/)"
89.248.107.232 - - [21/Sep/2026:14:35:58 +0200] "POST /wp-cron.php?doing_wp_cron=1789994158.6961901187896728515625 HTTP/1.1" 200 5505 "https://gessing.es/wp-cron.php?doing_wp_cron=1789994158.6961901187896728515625" "WordPress/6.1.13; https://gessing.es"
17.166.232.26 - - [21/Sep/2026:14:35:58 +0200] "GET /id-will-tell-about-best-lesbian-apps-which-can-be/adjudicaciones HTTP/1.1" 301 5560 "-" "Mozilla/5.0 (Macintosh; Intel Mac OS X 10_15_7) AppleWebKit/605.1.15 (KHTML, like Gecko) Version/17.4 Safari/605.1.15 (Applebot/0.1; +http://www.apple.com/go/applebot)"
17.166.232.26 - - [21/Sep/2026:14:35:59 +0200] "GET /adjudicaciones/ HTTP/1.1" 200 53241 "-" "Mozilla/5.0 (Macintosh; Intel Mac OS X 10_15_7) AppleWebKit/605.1.15 (KHTML, like Gecko) Version/17.4 Safari/605.1.15 (Applebot/0.1; +http://www.apple.com/go/applebot)"
66.249.64.6 - - [21/Sep/2026:14:36:23 +0200] "GET /le-10-migliori-app-da-parte-a-parte-chattare-nello-4/ HTTP/1.1" 200 46076 "-" "Mozilla/5.0 (Linux; Android 6.0.1; Nexus 5X Build/MMB29P) AppleWebKit/537.36 (KHTML, like Gecko) Chrome/153.0.8010.47 Mobile Safari/537.36 (compatible; Googlebot/2.1; +http://www.google.com/bot.html)"
198.244.183.98 - - [21/Sep/2026:14:37:32 +0200] "GET /category/countrymatch-aplikacja-2/ HTTP/1.1" 200 36652 "-" "Mozilla/5.0 (compatible; AhrefsBot/7.0; +http://ahrefs.com/robot/)"
216.73.217.1 - - [21/Sep/2026:14:37:48 +0200] "GET /?p=1981 HTTP/1.1" 301 5557 "-" "Mozilla/5.0 AppleWebKit/537.36 (KHTML, like Gecko; compatible; ClaudeBot/1.0; +claudebot@anthropic.com)"
216.73.217.1 - - [21/Sep/2026:14:37:49 +0200] "GET /so-many-out-of-their-fans-would-love-to-learn/ HTTP/1.1" 200 43112 "https://gessing.es/?p=1981" "Mozilla/5.0 AppleWebKit/537.36 (KHTML, like Gecko; compatible; ClaudeBot/1.0; +claudebot@anthropic.com)"
216.73.217.1 - - [21/Sep/2026:14:37:48 +0200] "GET /sitemap_index.xml HTTP/1.1" 200 7538 "-" "Mozilla/5.0 AppleWebKit/537.36 (KHTML, like Gecko; compatible; ClaudeBot/1.0; +claudebot@anthropic.com)"
216.73.217.1 - - [21/Sep/2026:14:38:05 +0200] "GET /?p=10565 HTTP/1.1" 301 5543 "-" "Mozilla/5.0 AppleWebKit/537.36 (KHTML, like Gecko; compatible; ClaudeBot/1.0; +claudebot@anthropic.com)"
216.73.217.1 - - [21/Sep/2026:14:38:05 +0200] "GET /?p=1525 HTTP/1.1" 301 5561 "-" "Mozilla/5.0 AppleWebKit/537.36 (KHTML, like Gecko; compatible; ClaudeBot/1.0; +claudebot@anthropic.com)"
216.73.217.1 - - [21/Sep/2026:14:38:06 +0200] "GET /difficulties-providing-money-here-are-a-few-bad/ HTTP/1.1" 200 43117 "https://gessing.es/?p=10565" "Mozilla/5.0 AppleWebKit/537.36 (KHTML, like Gecko; compatible; ClaudeBot/1.0; +claudebot@anthropic.com)"
216.73.217.1 - - [21/Sep/2026:14:38:06 +0200] "GET /ragazze-troie-per-mezzo-di-numeri-di-telefonino-2/ HTTP/1.1" 200 45747 "https://gessing.es/?p=1525" "Mozilla/5.0 AppleWebKit/537.36 (KHTML, like Gecko; compatible; ClaudeBot/1.0; +claudebot@anthropic.com)"
216.73.217.1 - - [21/Sep/2026:14:38:10 +0200] "GET /blog/page/112/ HTTP/1.1" 200 29475 "-" "Mozilla/5.0 AppleWebKit/537.36 (KHTML, like Gecko; compatible; ClaudeBot/1.0; +claudebot@anthropic.com)"
216.73.217.1 - - [21/Sep/2026:14:38:10 +0200] "GET /difficulties-providing-money-here-are-a-few-bad/feed/ HTTP/1.1" 200 6699 "-" "Mozilla/5.0 AppleWebKit/537.36 (KHTML, like Gecko; compatible; ClaudeBot/1.0; +claudebot@anthropic.com)"
216.73.217.1 - - [21/Sep/2026:14:38:40 +0200] "GET /difficulties-providing-money-here-are-a-few-bad/actividades HTTP/1.1" 301 5573 "-" "Mozilla/5.0 AppleWebKit/537.36 (KHTML, like Gecko; compatible; ClaudeBot/1.0; +claudebot@anthropic.com)"
216.73.217.1 - - [21/Sep/2026:14:38:40 +0200] "GET /difficulties-providing-money-here-are-a-few-bad/contacto HTTP/1.1" 301 5554 "-" "Mozilla/5.0 AppleWebKit/537.36 (KHTML, like Gecko; compatible; ClaudeBot/1.0; +claudebot@anthropic.com)"
216.73.217.1 - - [21/Sep/2026:14:38:40 +0200] "GET /contacto/ HTTP/1.1" 200 37685 "https://gessing.es/difficulties-providing-money-here-are-a-few-bad/contacto" "Mozilla/5.0 AppleWebKit/537.36 (KHTML, like Gecko; compatible; ClaudeBot/1.0; +claudebot@anthropic.com)"
216.73.217.1 - - [21/Sep/2026:14:38:40 +0200] "GET /actividades/ HTTP/1.1" 200 39444 "https://gessing.es/difficulties-providing-money-here-are-a-few-bad/actividades" "Mozilla/5.0 AppleWebKit/537.36 (KHTML, like Gecko; compatible; ClaudeBot/1.0; +claudebot@anthropic.com)"
103.199.19.90 - - [21/Sep/2026:14:38:51 +0200] "POST /xmlrpc.php HTTP/1.1" 200 5884 "-" "Mozilla/5.0 (Windows NT 10.0; WOW64) AppleWebKit/537.36 (KHTML, like Gecko) Chrome/140.0.0.0 Safari/537.36"
216.73.217.1 - - [21/Sep/2026:14:38:51 +0200] "GET /difficulties-providing-money-here-are-a-few-bad/nosotros HTTP/1.1" 301 5586 "-" "Mozilla/5.0 AppleWebKit/537.36 (KHTML, like Gecko; compatible; ClaudeBot/1.0; +claudebot@anthropic.com)"
216.73.217.1 - - [21/Sep/2026:14:38:51 +0200] "GET /nosotros/ HTTP/1.1" 200 35908 "https://gessing.es/difficulties-providing-money-here-are-a-few-bad/nosotros" "Mozilla/5.0 AppleWebKit/537.36 (KHTML, like Gecko; compatible; ClaudeBot/1.0; +claudebot@anthropic.com)"
216.73.217.1 - - [21/Sep/2026:14:38:53 +0200] "GET /difficulties-providing-money-here-are-a-few-bad/medio-ambiente HTTP/1.1" 301 5576 "-" "Mozilla/5.0 AppleWebKit/537.36 (KHTML, like Gecko; compatible; ClaudeBot/1.0; +claudebot@anthropic.com)"
216.73.217.1 - - [21/Sep/2026:14:38:53 +0200] "GET /medio-ambiente/ HTTP/1.1" 200 35047 "https://gessing.es/difficulties-providing-money-here-are-a-few-bad/medio-ambiente" "Mozilla/5.0 AppleWebKit/537.36 (KHTML, like Gecko; compatible; ClaudeBot/1.0; +claudebot@anthropic.com)"
85.208.96.208 - - [21/Sep/2026:14:39:02 +0200] "GET /category/adam4adam-reviews/ HTTP/1.1" 200 36608 "-" "Mozilla/5.0 (compatible; SemrushBot/7~bl; +http://www.semrush.com/bot.html)"
216.73.217.1 - - [21/Sep/2026:14:39:02 +0200] "GET /difficulties-providing-money-here-are-a-few-bad/adjudicaciones HTTP/1.1" 301 5560 "-" "Mozilla/5.0 AppleWebKit/537.36 (KHTML, like Gecko; compatible; ClaudeBot/1.0; +claudebot@anthropic.com)"
216.73.217.1 - - [21/Sep/2026:14:39:03 +0200] "GET /adjudicaciones/ HTTP/1.1" 200 53241 "https://gessing.es/difficulties-providing-money-here-are-a-few-bad/adjudicaciones" "Mozilla/5.0 AppleWebKit/537.36 (KHTML, like Gecko; compatible; ClaudeBot/1.0; +claudebot@anthropic.com)"
216.73.217.1 - - [21/Sep/2026:14:39:05 +0200] "GET /ragazze-troie-per-mezzo-di-numeri-di-telefonino-2/feed/ HTTP/1.1" 200 6645 "-" "Mozilla/5.0 AppleWebKit/537.36 (KHTML, like Gecko; compatible; ClaudeBot/1.0; +claudebot@anthropic.com)"
198.244.183.251 - - [21/Sep/2026:14:39:13 +0200] "GET /category/japanese-dating-reviews-2/ HTTP/1.1" 200 36674 "-" "Mozilla/5.0 (compatible; AhrefsBot/7.0; +http://ahrefs.com/robot/)"
85.208.96.206 - - [21/Sep/2026:14:39:33 +0200] "GET /liscrizione-a-c-date-e-gratuita-questo-vuol/ HTTP/1.1" 200 43007 "-" "Mozilla/5.0 (compatible; SemrushBot/7~bl; +http://www.semrush.com/bot.html)"
216.73.217.1 - - [21/Sep/2026:14:39:54 +0200] "GET /difficulties-providing-money-here-are-a-few-bad/politica-de-cookies HTTP/1.1" 301 5597 "-" "Mozilla/5.0 AppleWebKit/537.36 (KHTML, like Gecko; compatible; ClaudeBot/1.0; +claudebot@anthropic.com)"
216.73.217.1 - - [21/Sep/2026:14:39:54 +0200] "GET /avvenimento-comporre-sopra-tinder-fatto-produrre/ HTTP/1.1" 200 46630 "-" "Mozilla/5.0 AppleWebKit/537.36 (KHTML, like Gecko; compatible; ClaudeBot/1.0; +claudebot@anthropic.com)"
216.73.217.1 - - [21/Sep/2026:14:39:55 +0200] "GET /politica-de-cookies/ HTTP/1.1" 200 36167 "https://gessing.es/difficulties-providing-money-here-are-a-few-bad/politica-de-cookies" "Mozilla/5.0 AppleWebKit/537.36 (KHTML, like Gecko; compatible; ClaudeBot/1.0; +claudebot@anthropic.com)"
216.73.217.1 - - [21/Sep/2026:14:40:08 +0200] "GET /difficulties-providing-money-here-are-a-few-bad/politica-de-privacidad HTTP/1.1" 301 5600 "-" "Mozilla/5.0 AppleWebKit/537.36 (KHTML, like Gecko; compatible; ClaudeBot/1.0; +claudebot@anthropic.com)"
216.73.217.1 - - [21/Sep/2026:14:40:08 +0200] "GET /ragazze-troie-per-mezzo-di-numeri-di-telefonino-2/actividades HTTP/1.1" 301 5573 "-" "Mozilla/5.0 AppleWebKit/537.36 (KHTML, like Gecko; compatible; ClaudeBot/1.0; +claudebot@anthropic.com)"
216.73.217.1 - - [21/Sep/2026:14:40:09 +0200] "GET /politica-de-privacidad/ HTTP/1.1" 200 37406 "https://gessing.es/difficulties-providing-money-here-are-a-few-bad/politica-de-privacidad" "Mozilla/5.0 AppleWebKit/537.36 (KHTML, like Gecko; compatible; ClaudeBot/1.0; +claudebot@anthropic.com)"
216.73.217.1 - - [21/Sep/2026:14:40:09 +0200] "GET /actividades/ HTTP/1.1" 200 39428 "https://gessing.es/ragazze-troie-per-mezzo-di-numeri-di-telefonino-2/actividades" "Mozilla/5.0 AppleWebKit/537.36 (KHTML, like Gecko; compatible; ClaudeBot/1.0; +claudebot@anthropic.com)"
216.73.217.1 - - [21/Sep/2026:14:40:13 +0200] "GET /ragazze-troie-per-mezzo-di-numeri-di-telefonino-2/contacto HTTP/1.1" 301 5570 "-" "Mozilla/5.0 AppleWebKit/537.36 (KHTML, like Gecko; compatible; ClaudeBot/1.0; +claudebot@anthropic.com)"
216.73.217.1 - - [21/Sep/2026:14:40:14 +0200] "GET /contacto/ HTTP/1.1" 200 37701 "https://gessing.es/ragazze-troie-per-mezzo-di-numeri-di-telefonino-2/contacto" "Mozilla/5.0 AppleWebKit/537.36 (KHTML, like Gecko; compatible; ClaudeBot/1.0; +claudebot@anthropic.com)"
216.73.217.1 - - [21/Sep/2026:14:40:13 +0200] "GET /so-many-out-of-their-fans-would-love-to-learn/feed/ HTTP/1.1" 200 6604 "-" "Mozilla/5.0 AppleWebKit/537.36 (KHTML, like Gecko; compatible; ClaudeBot/1.0; +claudebot@anthropic.com)"
216.73.217.1 - - [21/Sep/2026:14:40:29 +0200] "GET /ragazze-troie-per-mezzo-di-numeri-di-telefonino-2/nosotros HTTP/1.1" 301 5586 "-" "Mozilla/5.0 AppleWebKit/537.36 (KHTML, like Gecko; compatible; ClaudeBot/1.0; +claudebot@anthropic.com)"
216.73.217.1 - - [21/Sep/2026:14:40:29 +0200] "GET /ragazze-troie-per-mezzo-di-numeri-di-telefonino-2/medio-ambiente HTTP/1.1" 301 5592 "-" "Mozilla/5.0 AppleWebKit/537.36 (KHTML, like Gecko; compatible; ClaudeBot/1.0; +claudebot@anthropic.com)"
216.73.217.1 - - [21/Sep/2026:14:40:30 +0200] "GET /medio-ambiente/ HTTP/1.1" 200 35063 "https://gessing.es/ragazze-troie-per-mezzo-di-numeri-di-telefonino-2/medio-ambiente" "Mozilla/5.0 AppleWebKit/537.36 (KHTML, like Gecko; compatible; ClaudeBot/1.0; +claudebot@anthropic.com)"
216.73.217.1 - - [21/Sep/2026:14:40:30 +0200] "GET /nosotros/ HTTP/1.1" 200 35924 "https://gessing.es/ragazze-troie-per-mezzo-di-numeri-di-telefonino-2/nosotros" "Mozilla/5.0 AppleWebKit/537.36 (KHTML, like Gecko; compatible; ClaudeBot/1.0; +claudebot@anthropic.com)"
216.73.217.1 - - [21/Sep/2026:14:40:49 +0200] "GET /ragazze-troie-per-mezzo-di-numeri-di-telefonino-2/adjudicaciones HTTP/1.1" 301 5592 "-" "Mozilla/5.0 AppleWebKit/537.36 (KHTML, like Gecko; compatible; ClaudeBot/1.0; +claudebot@anthropic.com)"
216.73.217.1 - - [21/Sep/2026:14:40:49 +0200] "GET /so-many-out-of-their-fans-would-love-to-learn/contacto HTTP/1.1" 301 5570 "-" "Mozilla/5.0 AppleWebKit/537.36 (KHTML, like Gecko; compatible; ClaudeBot/1.0; +claudebot@anthropic.com)"
216.73.217.1 - - [21/Sep/2026:14:40:49 +0200] "GET /adjudicaciones/ HTTP/1.1" 200 53273 "https://gessing.es/ragazze-troie-per-mezzo-di-numeri-di-telefonino-2/adjudicaciones" "Mozilla/5.0 AppleWebKit/537.36 (KHTML, like Gecko; compatible; ClaudeBot/1.0; +claudebot@anthropic.com)"
216.73.217.1 - - [21/Sep/2026:14:40:49 +0200] "GET /contacto/ HTTP/1.1" 200 37701 "https://gessing.es/so-many-out-of-their-fans-would-love-to-learn/contacto" "Mozilla/5.0 AppleWebKit/537.36 (KHTML, like Gecko; compatible; ClaudeBot/1.0; +claudebot@anthropic.com)"
198.244.240.32 - - [21/Sep/2026:14:40:53 +0200] "GET /category/cupid-mobile-seite-2/ HTTP/1.1" 200 36678 "-" "Mozilla/5.0 (compatible; AhrefsBot/7.0; +http://ahrefs.com/robot/)"
216.73.217.1 - - [21/Sep/2026:14:41:01 +0200] "GET /so-many-out-of-their-fans-would-love-to-learn/actividades HTTP/1.1" 301 5573 "-" "Mozilla/5.0 AppleWebKit/537.36 (KHTML, like Gecko; compatible; ClaudeBot/1.0; +claudebot@anthropic.com)"
216.73.217.1 - - [21/Sep/2026:14:41:02 +0200] "GET /actividades/ HTTP/1.1" 200 39444 "https://gessing.es/so-many-out-of-their-fans-would-love-to-learn/actividades" "Mozilla/5.0 AppleWebKit/537.36 (KHTML, like Gecko; compatible; ClaudeBot/1.0; +claudebot@anthropic.com)"
216.73.217.1 - - [21/Sep/2026:14:41:03 +0200] "GET /so-many-out-of-their-fans-would-love-to-learn/medio-ambiente HTTP/1.1" 301 5576 "-" "Mozilla/5.0 AppleWebKit/537.36 (KHTML, like Gecko; compatible; ClaudeBot/1.0; +claudebot@anthropic.com)"
216.73.217.1 - - [21/Sep/2026:14:41:03 +0200] "GET /medio-ambiente/ HTTP/1.1" 200 35047 "https://gessing.es/so-many-out-of-their-fans-would-love-to-learn/medio-ambiente" "Mozilla/5.0 AppleWebKit/537.36 (KHTML, like Gecko; compatible; ClaudeBot/1.0; +claudebot@anthropic.com)"
216.73.217.1 - - [21/Sep/2026:14:41:20 +0200] "GET /so-many-out-of-their-fans-would-love-to-learn/nosotros HTTP/1.1" 301 5570 "-" "Mozilla/5.0 AppleWebKit/537.36 (KHTML, like Gecko; compatible; ClaudeBot/1.0; +claudebot@anthropic.com)"
216.73.217.1 - - [21/Sep/2026:14:41:21 +0200] "GET /nosotros/ HTTP/1.1" 200 35924 "https://gessing.es/so-many-out-of-their-fans-would-love-to-learn/nosotros" "Mozilla/5.0 AppleWebKit/537.36 (KHTML, like Gecko; compatible; ClaudeBot/1.0; +claudebot@anthropic.com)"
17.166.235.224 - - [21/Sep/2026:14:41:38 +0200] "GET /the-practice-online-dating-someone-at-some-other/medio-ambiente HTTP/1.1" 301 5592 "-" "Mozilla/5.0 (Macintosh; Intel Mac OS X 10_15_7) AppleWebKit/605.1.15 (KHTML, like Gecko) Version/17.4 Safari/605.1.15 (Applebot/0.1; +http://www.apple.com/go/applebot)"
17.166.235.224 - - [21/Sep/2026:14:41:39 +0200] "GET /medio-ambiente/ HTTP/1.1" 200 35047 "-" "Mozilla/5.0 (Macintosh; Intel Mac OS X 10_15_7) AppleWebKit/605.1.15 (KHTML, like Gecko) Version/17.4 Safari/605.1.15 (Applebot/0.1; +http://www.apple.com/go/applebot)"
52.167.144.182 - - [21/Sep/2026:14:41:56 +0200] "GET /enkel-2021-guide-til-a-kjope-kryptovaluta-blockchain-teknologi-som-vil-revolusjonere-verden/medio-ambiente HTTP/1.1" 301 5576 "-" "Mozilla/5.0 AppleWebKit/537.36 (KHTML, like Gecko; compatible; bingbot/2.0; +http://www.bing.com/bingbot.htm) Chrome/116.0.1938.76 Safari/537.36"
216.73.217.1 - - [21/Sep/2026:14:42:01 +0200] "GET /so-many-out-of-their-fans-would-love-to-learn/adjudicaciones HTTP/1.1" 301 5560 "-" "Mozilla/5.0 AppleWebKit/537.36 (KHTML, like Gecko; compatible; ClaudeBot/1.0; +claudebot@anthropic.com)"
216.73.217.1 - - [21/Sep/2026:14:42:02 +0200] "GET /adjudicaciones/ HTTP/1.1" 200 53257 "https://gessing.es/so-many-out-of-their-fans-would-love-to-learn/adjudicaciones" "Mozilla/5.0 AppleWebKit/537.36 (KHTML, like Gecko; compatible; ClaudeBot/1.0; +claudebot@anthropic.com)"
216.73.217.1 - - [21/Sep/2026:14:42:07 +0200] "GET /ragazze-troie-per-mezzo-di-numeri-di-telefonino-2/politica-de-cookies HTTP/1.1" 301 5597 "-" "Mozilla/5.0 AppleWebKit/537.36 (KHTML, like Gecko; compatible; ClaudeBot/1.0; +claudebot@anthropic.com)"
216.73.217.1 - - [21/Sep/2026:14:42:08 +0200] "GET /politica-de-cookies/ HTTP/1.1" 200 36183 "https://gessing.es/ragazze-troie-per-mezzo-di-numeri-di-telefonino-2/politica-de-cookies" "Mozilla/5.0 AppleWebKit/537.36 (KHTML, like Gecko; compatible; ClaudeBot/1.0; +claudebot@anthropic.com)"
216.73.217.1 - - [21/Sep/2026:14:42:12 +0200] "GET /so-many-out-of-their-fans-would-love-to-learn/politica-de-cookies HTTP/1.1" 301 5581 "-" "Mozilla/5.0 AppleWebKit/537.36 (KHTML, like Gecko; compatible; ClaudeBot/1.0; +claudebot@anthropic.com)"
216.73.217.1 - - [21/Sep/2026:14:42:12 +0200] "GET /politica-de-cookies/ HTTP/1.1" 200 36151 "https://gessing.es/so-many-out-of-their-fans-would-love-to-learn/politica-de-cookies" "Mozilla/5.0 AppleWebKit/537.36 (KHTML, like Gecko; compatible; ClaudeBot/1.0; +claudebot@anthropic.com)"
198.244.183.76 - - [21/Sep/2026:14:42:32 +0200] "GET /category/lgbt-nl-log-in-2/ HTTP/1.1" 200 36564 "-" "Mozilla/5.0 (compatible; AhrefsBot/7.0; +http://ahrefs.com/robot/)"
216.73.217.1 - - [21/Sep/2026:14:42:44 +0200] "GET /so-many-out-of-their-fans-would-love-to-learn/politica-de-privacidad HTTP/1.1" 301 5600 "-" "Mozilla/5.0 AppleWebKit/537.36 (KHTML, like Gecko; compatible; ClaudeBot/1.0; +claudebot@anthropic.com)"
216.73.217.1 - - [21/Sep/2026:14:42:45 +0200] "GET /politica-de-privacidad/ HTTP/1.1" 200 37406 "https://gessing.es/so-many-out-of-their-fans-would-love-to-learn/politica-de-privacidad" "Mozilla/5.0 AppleWebKit/537.36 (KHTML, like Gecko; compatible; ClaudeBot/1.0; +claudebot@anthropic.com)"
216.73.217.1 - - [21/Sep/2026:14:42:59 +0200] "GET /ragazze-troie-per-mezzo-di-numeri-di-telefonino-2/politica-de-privacidad HTTP/1.1" 301 5584 "-" "Mozilla/5.0 AppleWebKit/537.36 (KHTML, like Gecko; compatible; ClaudeBot/1.0; +claudebot@anthropic.com)"
216.73.217.1 - - [21/Sep/2026:14:43:00 +0200] "GET /politica-de-privacidad/ HTTP/1.1" 200 37390 "https://gessing.es/ragazze-troie-per-mezzo-di-numeri-di-telefonino-2/politica-de-privacidad" "Mozilla/5.0 AppleWebKit/537.36 (KHTML, like Gecko; compatible; ClaudeBot/1.0; +claudebot@anthropic.com)"
95.10.176.5 - - [21/Sep/2026:14:43:28 +0200] "GET /tyt-ayt-net-sihirbaz-15/tel:934301514 HTTP/1.1" 404 36550 "-" "Mozilla/5.0 (Macintosh; Intel Mac OS X 10_15_7) AppleWebKit/537.36 (KHTML, like Gecko) Chrome/145.0.0.0 Safari/537.36"
198.244.168.42 - - [21/Sep/2026:14:44:12 +0200] "GET /category/irvine-escort/ HTTP/1.1" 200 36681 "-" "Mozilla/5.0 (compatible; AhrefsBot/7.0; +http://ahrefs.com/robot/)"
198.244.183.73 - - [21/Sep/2026:14:45:52 +0200] "GET /category/local-hookup-sites-free-trial-2/ HTTP/1.1" 200 36885 "-" "Mozilla/5.0 (compatible; AhrefsBot/7.0; +http://ahrefs.com/robot/)"
85.208.96.210 - - [21/Sep/2026:14:46:15 +0200] "GET /conoce-estas-apps-para-citas-sobre-casados-4/ HTTP/1.1" 200 45615 "-" "Mozilla/5.0 (compatible; SemrushBot/7~bl; +http://www.semrush.com/bot.html)"

Youez - 2016 - github.com/yon3zu
LinuXploit