34.38.113.44 - - [21/Sep/2026:06:14:47 +0200] "GET /elasticsearch.yml HTTP/1.1" 404 36550 "-" "Mozilla/5.0 (Windows NT 10.0; Win64; x64) AppleWebKit/537.36"
34.38.113.44 - - [21/Sep/2026:06:14:47 +0200] "GET /env.js HTTP/1.1" 404 36550 "-" "Mozilla/5.0 (Windows NT 10.0; Win64; x64) AppleWebKit/537.36"
34.38.113.44 - - [21/Sep/2026:06:14:47 +0200] "GET /env.json HTTP/1.1" 404 36566 "-" "Mozilla/5.0 (Windows NT 10.0; Win64; x64) AppleWebKit/537.36"
34.38.113.44 - - [21/Sep/2026:06:14:47 +0200] "GET /env.txt HTTP/1.1" 404 36550 "-" "Mozilla/5.0 (Windows NT 10.0; Win64; x64) AppleWebKit/537.36"
216.73.217.1 - - [21/Sep/2026:06:14:47 +0200] "GET /the-fresh-new-afas-falcon-loan-program-is-actually/contacto HTTP/1.1" 301 5554 "-" "Mozilla/5.0 AppleWebKit/537.36 (KHTML, like Gecko; compatible; ClaudeBot/1.0; +claudebot@anthropic.com)"
34.38.113.44 - - [21/Sep/2026:06:14:47 +0200] "GET /env.yaml HTTP/1.1" 404 36534 "-" "Mozilla/5.0 (Windows NT 10.0; Win64; x64) AppleWebKit/537.36"
216.73.217.1 - - [21/Sep/2026:06:14:47 +0200] "GET /ella-sera-plenamente-consciente-desplazandolo/contacto HTTP/1.1" 301 5554 "-" "Mozilla/5.0 AppleWebKit/537.36 (KHTML, like Gecko; compatible; ClaudeBot/1.0; +claudebot@anthropic.com)"
34.38.113.44 - - [21/Sep/2026:06:14:48 +0200] "GET /frontend/.env HTTP/1.1" 301 5610 "-" "Mozilla/5.0 (Windows NT 10.0; Win64; x64) AppleWebKit/537.36"
34.38.113.44 - - [21/Sep/2026:06:14:48 +0200] "GET /laravel/.env HTTP/1.1" 301 5610 "-" "Mozilla/5.0 (Windows NT 10.0; Win64; x64) AppleWebKit/537.36"
34.38.113.44 - - [21/Sep/2026:06:14:48 +0200] "GET /media/.env HTTP/1.1" 301 5626 "-" "Mozilla/5.0 (Windows NT 10.0; Win64; x64) AppleWebKit/537.36"
34.38.113.44 - - [21/Sep/2026:06:14:48 +0200] "GET /id_rsa HTTP/1.1" 404 36550 "-" "Mozilla/5.0 (Windows NT 10.0; Win64; x64) AppleWebKit/537.36"
216.73.217.1 - - [21/Sep/2026:06:14:50 +0200] "GET /contacto/ HTTP/1.1" 200 37685 "https://gessing.es/the-fresh-new-afas-falcon-loan-program-is-actually/contacto" "Mozilla/5.0 AppleWebKit/537.36 (KHTML, like Gecko; compatible; ClaudeBot/1.0; +claudebot@anthropic.com)"
216.73.217.1 - - [21/Sep/2026:06:14:50 +0200] "GET /contacto/ HTTP/1.1" 200 37701 "https://gessing.es/ella-sera-plenamente-consciente-desplazandolo/contacto" "Mozilla/5.0 AppleWebKit/537.36 (KHTML, like Gecko; compatible; ClaudeBot/1.0; +claudebot@anthropic.com)"
34.38.113.44 - - [21/Sep/2026:06:14:48 +0200] "GET /netlify.toml HTTP/1.1" 404 36534 "-" "Mozilla/5.0 (Windows NT 10.0; Win64; x64) AppleWebKit/537.36"
216.73.217.1 - - [21/Sep/2026:06:14:51 +0200] "GET /should-i-big-date-whilst-getting-a-separation-into/adjudicaciones HTTP/1.1" 301 5560 "-" "Mozilla/5.0 AppleWebKit/537.36 (KHTML, like Gecko; compatible; ClaudeBot/1.0; +claudebot@anthropic.com)"
216.73.217.1 - - [21/Sep/2026:06:14:51 +0200] "GET /adjudicaciones/ HTTP/1.1" 200 53241 "https://gessing.es/should-i-big-date-whilst-getting-a-separation-into/adjudicaciones" "Mozilla/5.0 AppleWebKit/537.36 (KHTML, like Gecko; compatible; ClaudeBot/1.0; +claudebot@anthropic.com)"
118.69.224.16 - - [21/Sep/2026:06:14:53 +0200] "POST /xmlrpc.php HTTP/1.1" 200 5900 "-" "Mozilla/5.0 (Linux; Android 10; arm64) AppleWebKit/537.36 (KHTML, like Gecko) Firefox/73.0.0.0 Safari/537.36"
106.202.100.166 - - [21/Sep/2026:06:14:53 +0200] "POST /xmlrpc.php HTTP/1.1" 200 5868 "-" "Jetpack by WordPress.com"
216.73.217.1 - - [21/Sep/2026:06:15:00 +0200] "GET /ella-sera-plenamente-consciente-desplazandolo/nosotros HTTP/1.1" 301 5554 "-" "Mozilla/5.0 AppleWebKit/537.36 (KHTML, like Gecko; compatible; ClaudeBot/1.0; +claudebot@anthropic.com)"
216.73.217.1 - - [21/Sep/2026:06:15:01 +0200] "GET /nosotros/ HTTP/1.1" 200 35908 "https://gessing.es/ella-sera-plenamente-consciente-desplazandolo/nosotros" "Mozilla/5.0 AppleWebKit/537.36 (KHTML, like Gecko; compatible; ClaudeBot/1.0; +claudebot@anthropic.com)"
216.73.217.1 - - [21/Sep/2026:06:15:01 +0200] "GET /the-fresh-new-afas-falcon-loan-program-is-actually/nosotros HTTP/1.1" 301 5554 "-" "Mozilla/5.0 AppleWebKit/537.36 (KHTML, like Gecko; compatible; ClaudeBot/1.0; +claudebot@anthropic.com)"
216.73.217.1 - - [21/Sep/2026:06:15:00 +0200] "GET /dating-online-game-software-the-latest-15-better/feed/ HTTP/1.1" 200 6693 "-" "Mozilla/5.0 AppleWebKit/537.36 (KHTML, like Gecko; compatible; ClaudeBot/1.0; +claudebot@anthropic.com)"
216.73.217.1 - - [21/Sep/2026:06:15:02 +0200] "GET /nosotros/ HTTP/1.1" 200 35924 "https://gessing.es/the-fresh-new-afas-falcon-loan-program-is-actually/nosotros" "Mozilla/5.0 AppleWebKit/537.36 (KHTML, like Gecko; compatible; ClaudeBot/1.0; +claudebot@anthropic.com)"
106.202.100.166 - - [21/Sep/2026:06:15:06 +0200] "POST /xmlrpc.php HTTP/1.1" 200 5900 "-" "Jetpack by WordPress.com (Jetpack 13.0; WordPress 6.4)"
106.202.100.166 - - [21/Sep/2026:06:15:20 +0200] "POST /xmlrpc.php HTTP/1.1" 200 5900 "-" "Jetpack by WordPress.com (Jetpack 12.0; WordPress 6.1)"
216.73.217.1 - - [21/Sep/2026:06:15:27 +0200] "GET /the-fresh-new-afas-falcon-loan-program-is-actually/medio-ambiente HTTP/1.1" 301 5592 "-" "Mozilla/5.0 AppleWebKit/537.36 (KHTML, like Gecko; compatible; ClaudeBot/1.0; +claudebot@anthropic.com)"
216.73.217.1 - - [21/Sep/2026:06:15:27 +0200] "GET /ella-sera-plenamente-consciente-desplazandolo/medio-ambiente HTTP/1.1" 301 5576 "-" "Mozilla/5.0 AppleWebKit/537.36 (KHTML, like Gecko; compatible; ClaudeBot/1.0; +claudebot@anthropic.com)"
66.249.64.6 - - [21/Sep/2026:06:15:26 +0200] "GET /category/spanking-sites-hookup-site-2/adjudicaciones HTTP/1.1" 404 36550 "-" "Mozilla/5.0 (Linux; Android 6.0.1; Nexus 5X Build/MMB29P) AppleWebKit/537.36 (KHTML, like Gecko) Chrome/153.0.8010.47 Mobile Safari/537.36 (compatible; Googlebot/2.1; +http://www.google.com/bot.html)"
216.73.217.1 - - [21/Sep/2026:06:15:27 +0200] "GET /medio-ambiente/ HTTP/1.1" 200 35063 "https://gessing.es/the-fresh-new-afas-falcon-loan-program-is-actually/medio-ambiente" "Mozilla/5.0 AppleWebKit/537.36 (KHTML, like Gecko; compatible; ClaudeBot/1.0; +claudebot@anthropic.com)"
216.73.217.1 - - [21/Sep/2026:06:15:27 +0200] "GET /medio-ambiente/ HTTP/1.1" 200 35031 "https://gessing.es/ella-sera-plenamente-consciente-desplazandolo/medio-ambiente" "Mozilla/5.0 AppleWebKit/537.36 (KHTML, like Gecko; compatible; ClaudeBot/1.0; +claudebot@anthropic.com)"
216.73.217.1 - - [21/Sep/2026:06:15:28 +0200] "GET /dating-online-game-software-the-latest-15-better/actividades HTTP/1.1" 301 5573 "-" "Mozilla/5.0 AppleWebKit/537.36 (KHTML, like Gecko; compatible; ClaudeBot/1.0; +claudebot@anthropic.com)"
216.73.217.1 - - [21/Sep/2026:06:15:28 +0200] "GET /actividades/ HTTP/1.1" 200 39460 "https://gessing.es/dating-online-game-software-the-latest-15-better/actividades" "Mozilla/5.0 AppleWebKit/537.36 (KHTML, like Gecko; compatible; ClaudeBot/1.0; +claudebot@anthropic.com)"
118.69.224.16 - - [21/Sep/2026:06:15:29 +0200] "POST /xmlrpc.php HTTP/1.1" 200 5868 "-" "Mozilla/5.0 (X11; Ubuntu; Linux x86_64; x86) AppleWebKit/537.36 (KHTML, like Gecko) Safari/11.0.0.0 Safari/537.36"
106.202.100.166 - - [21/Sep/2026:06:15:33 +0200] "POST /xmlrpc.php HTTP/1.1" 200 5900 "-" "Jetpack by WordPress.com"
198.244.168.107 - - [21/Sep/2026:06:15:37 +0200] "GET /category/women-seeking-women-hookuphotties-mobile/ HTTP/1.1" 200 36913 "-" "Mozilla/5.0 (compatible; AhrefsBot/7.0; +http://ahrefs.com/robot/)"
216.73.217.1 - - [21/Sep/2026:06:15:45 +0200] "GET /dating-online-game-software-the-latest-15-better/contacto HTTP/1.1" 301 5554 "-" "Mozilla/5.0 AppleWebKit/537.36 (KHTML, like Gecko; compatible; ClaudeBot/1.0; +claudebot@anthropic.com)"
216.73.217.1 - - [21/Sep/2026:06:15:45 +0200] "GET /dating-online-game-software-the-latest-15-better/nosotros HTTP/1.1" 301 5570 "-" "Mozilla/5.0 AppleWebKit/537.36 (KHTML, like Gecko; compatible; ClaudeBot/1.0; +claudebot@anthropic.com)"
106.202.100.166 - - [21/Sep/2026:06:15:45 +0200] "POST /xmlrpc.php HTTP/1.1" 200 5884 "-" "WordPress.com; https://wordpress.com"
216.73.217.1 - - [21/Sep/2026:06:15:46 +0200] "GET /contacto/ HTTP/1.1" 200 37717 "https://gessing.es/dating-online-game-software-the-latest-15-better/contacto" "Mozilla/5.0 AppleWebKit/537.36 (KHTML, like Gecko; compatible; ClaudeBot/1.0; +claudebot@anthropic.com)"
216.73.217.1 - - [21/Sep/2026:06:15:46 +0200] "GET /nosotros/ HTTP/1.1" 200 35908 "https://gessing.es/dating-online-game-software-the-latest-15-better/nosotros" "Mozilla/5.0 AppleWebKit/537.36 (KHTML, like Gecko; compatible; ClaudeBot/1.0; +claudebot@anthropic.com)"
216.73.217.1 - - [21/Sep/2026:06:15:50 +0200] "GET /the-fresh-new-afas-falcon-loan-program-is-actually/adjudicaciones HTTP/1.1" 301 5560 "-" "Mozilla/5.0 AppleWebKit/537.36 (KHTML, like Gecko; compatible; ClaudeBot/1.0; +claudebot@anthropic.com)"
216.73.217.1 - - [21/Sep/2026:06:15:50 +0200] "GET /ella-sera-plenamente-consciente-desplazandolo/adjudicaciones HTTP/1.1" 301 5560 "-" "Mozilla/5.0 AppleWebKit/537.36 (KHTML, like Gecko; compatible; ClaudeBot/1.0; +claudebot@anthropic.com)"
216.73.217.1 - - [21/Sep/2026:06:15:50 +0200] "GET /adjudicaciones/ HTTP/1.1" 200 53257 "https://gessing.es/the-fresh-new-afas-falcon-loan-program-is-actually/adjudicaciones" "Mozilla/5.0 AppleWebKit/537.36 (KHTML, like Gecko; compatible; ClaudeBot/1.0; +claudebot@anthropic.com)"
216.73.217.1 - - [21/Sep/2026:06:15:50 +0200] "GET /adjudicaciones/ HTTP/1.1" 200 53257 "https://gessing.es/ella-sera-plenamente-consciente-desplazandolo/adjudicaciones" "Mozilla/5.0 AppleWebKit/537.36 (KHTML, like Gecko; compatible; ClaudeBot/1.0; +claudebot@anthropic.com)"
106.202.100.166 - - [21/Sep/2026:06:15:58 +0200] "POST /xmlrpc.php HTTP/1.1" 200 5884 "-" "WordPress.com; https://wordpress.com"
118.69.224.16 - - [21/Sep/2026:06:16:00 +0200] "POST /xmlrpc.php HTTP/1.1" 200 5884 "-" "Mozilla/5.0 (Macintosh; Intel Mac OS X 10_15_7; arm64) AppleWebKit/537.36 (KHTML, like Gecko) Firefox/88.0.0.0 Safari/537.36"
106.202.100.166 - - [21/Sep/2026:06:16:13 +0200] "POST /xmlrpc.php HTTP/1.1" 200 5868 "-" "WordPress.com; https://wordpress.com"
216.73.217.1 - - [21/Sep/2026:06:16:16 +0200] "GET /dating-online-game-software-the-latest-15-better/medio-ambiente HTTP/1.1" 301 5592 "-" "Mozilla/5.0 AppleWebKit/537.36 (KHTML, like Gecko; compatible; ClaudeBot/1.0; +claudebot@anthropic.com)"
216.73.217.1 - - [21/Sep/2026:06:16:16 +0200] "GET /should-i-big-date-whilst-getting-a-separation-into/politica-de-cookies HTTP/1.1" 301 5565 "-" "Mozilla/5.0 AppleWebKit/537.36 (KHTML, like Gecko; compatible; ClaudeBot/1.0; +claudebot@anthropic.com)"
216.73.217.1 - - [21/Sep/2026:06:16:16 +0200] "GET /medio-ambiente/ HTTP/1.1" 200 35047 "https://gessing.es/dating-online-game-software-the-latest-15-better/medio-ambiente" "Mozilla/5.0 AppleWebKit/537.36 (KHTML, like Gecko; compatible; ClaudeBot/1.0; +claudebot@anthropic.com)"
216.73.217.1 - - [21/Sep/2026:06:16:16 +0200] "GET /politica-de-cookies/ HTTP/1.1" 200 36167 "https://gessing.es/should-i-big-date-whilst-getting-a-separation-into/politica-de-cookies" "Mozilla/5.0 AppleWebKit/537.36 (KHTML, like Gecko; compatible; ClaudeBot/1.0; +claudebot@anthropic.com)"
216.73.217.1 - - [21/Sep/2026:06:16:22 +0200] "GET /the-fresh-new-afas-falcon-loan-program-is-actually/politica-de-cookies HTTP/1.1" 301 5597 "-" "Mozilla/5.0 AppleWebKit/537.36 (KHTML, like Gecko; compatible; ClaudeBot/1.0; +claudebot@anthropic.com)"
216.73.217.1 - - [21/Sep/2026:06:16:22 +0200] "GET /the-fresh-new-afas-falcon-loan-program-is-actually/politica-de-privacidad HTTP/1.1" 301 5568 "-" "Mozilla/5.0 AppleWebKit/537.36 (KHTML, like Gecko; compatible; ClaudeBot/1.0; +claudebot@anthropic.com)"
216.73.217.1 - - [21/Sep/2026:06:16:23 +0200] "GET /politica-de-cookies/ HTTP/1.1" 200 36183 "https://gessing.es/the-fresh-new-afas-falcon-loan-program-is-actually/politica-de-cookies" "Mozilla/5.0 AppleWebKit/537.36 (KHTML, like Gecko; compatible; ClaudeBot/1.0; +claudebot@anthropic.com)"
216.73.217.1 - - [21/Sep/2026:06:16:23 +0200] "GET /politica-de-privacidad/ HTTP/1.1" 200 37422 "https://gessing.es/the-fresh-new-afas-falcon-loan-program-is-actually/politica-de-privacidad" "Mozilla/5.0 AppleWebKit/537.36 (KHTML, like Gecko; compatible; ClaudeBot/1.0; +claudebot@anthropic.com)"
106.202.100.166 - - [21/Sep/2026:06:16:25 +0200] "POST /xmlrpc.php HTTP/1.1" 200 5868 "-" "Jetpack by WordPress.com"
118.69.224.16 - - [21/Sep/2026:06:16:35 +0200] "POST /xmlrpc.php HTTP/1.1" 200 5884 "-" "Mozilla/5.0 (Windows NT 10.0; x64) AppleWebKit/537.36 (KHTML, like Gecko) Safari/12.0.0.0 Safari/537.36"
106.202.100.166 - - [21/Sep/2026:06:16:37 +0200] "POST /xmlrpc.php HTTP/1.1" 200 5868 "-" "Jetpack by WordPress.com"
51.195.215.61 - - [21/Sep/2026:06:16:47 +0200] "GET /category/marriagemindedpeoplemeet-visitors/ HTTP/1.1" 200 30098 "-" "Mozilla/5.0 (compatible; AhrefsBot/7.0; +http://ahrefs.com/robot/)"
106.202.100.166 - - [21/Sep/2026:06:16:50 +0200] "POST /xmlrpc.php HTTP/1.1" 200 5884 "-" "WordPress.com; https://wordpress.com"
216.73.217.1 - - [21/Sep/2026:06:16:53 +0200] "GET /dating-online-game-software-the-latest-15-better/adjudicaciones HTTP/1.1" 301 5576 "-" "Mozilla/5.0 AppleWebKit/537.36 (KHTML, like Gecko; compatible; ClaudeBot/1.0; +claudebot@anthropic.com)"
216.73.217.1 - - [21/Sep/2026:06:16:53 +0200] "GET /should-i-big-date-whilst-getting-a-separation-into/politica-de-privacidad HTTP/1.1" 301 5600 "-" "Mozilla/5.0 AppleWebKit/537.36 (KHTML, like Gecko; compatible; ClaudeBot/1.0; +claudebot@anthropic.com)"
216.73.217.1 - - [21/Sep/2026:06:16:53 +0200] "GET /adjudicaciones/ HTTP/1.1" 200 53257 "https://gessing.es/dating-online-game-software-the-latest-15-better/adjudicaciones" "Mozilla/5.0 AppleWebKit/537.36 (KHTML, like Gecko; compatible; ClaudeBot/1.0; +claudebot@anthropic.com)"
216.73.217.1 - - [21/Sep/2026:06:16:54 +0200] "GET /politica-de-privacidad/ HTTP/1.1" 200 37390 "https://gessing.es/should-i-big-date-whilst-getting-a-separation-into/politica-de-privacidad" "Mozilla/5.0 AppleWebKit/537.36 (KHTML, like Gecko; compatible; ClaudeBot/1.0; +claudebot@anthropic.com)"
106.202.100.166 - - [21/Sep/2026:06:17:02 +0200] "POST /xmlrpc.php HTTP/1.1" 200 5900 "-" "Jetpack by WordPress.com"
216.73.217.1 - - [21/Sep/2026:06:17:06 +0200] "GET /ella-sera-plenamente-consciente-desplazandolo/politica-de-privacidad HTTP/1.1" 301 5568 "-" "Mozilla/5.0 AppleWebKit/537.36 (KHTML, like Gecko; compatible; ClaudeBot/1.0; +claudebot@anthropic.com)"
216.73.217.1 - - [21/Sep/2026:06:17:06 +0200] "GET /ella-sera-plenamente-consciente-desplazandolo/politica-de-cookies HTTP/1.1" 301 5565 "-" "Mozilla/5.0 AppleWebKit/537.36 (KHTML, like Gecko; compatible; ClaudeBot/1.0; +claudebot@anthropic.com)"
216.73.217.1 - - [21/Sep/2026:06:17:06 +0200] "GET /politica-de-privacidad/ HTTP/1.1" 200 37406 "https://gessing.es/ella-sera-plenamente-consciente-desplazandolo/politica-de-privacidad" "Mozilla/5.0 AppleWebKit/537.36 (KHTML, like Gecko; compatible; ClaudeBot/1.0; +claudebot@anthropic.com)"
216.73.217.1 - - [21/Sep/2026:06:17:06 +0200] "GET /politica-de-cookies/ HTTP/1.1" 200 36167 "https://gessing.es/ella-sera-plenamente-consciente-desplazandolo/politica-de-cookies" "Mozilla/5.0 AppleWebKit/537.36 (KHTML, like Gecko; compatible; ClaudeBot/1.0; +claudebot@anthropic.com)"
118.69.224.16 - - [21/Sep/2026:06:17:08 +0200] "POST /xmlrpc.php HTTP/1.1" 200 5884 "-" "Mozilla/5.0 (Windows NT 6.3; x64) AppleWebKit/537.36 (KHTML, like Gecko) Opera/80.0.0.0 Safari/537.36"
106.202.100.166 - - [21/Sep/2026:06:17:16 +0200] "POST /xmlrpc.php HTTP/1.1" 200 5884 "-" "Jetpack by WordPress.com (Jetpack 13.0; WordPress 6.3)"
106.202.100.166 - - [21/Sep/2026:06:17:28 +0200] "POST /xmlrpc.php HTTP/1.1" 200 5868 "-" "Jetpack/13.0; WordPress/6.4; http://site87612428.com"
216.73.217.1 - - [21/Sep/2026:06:17:35 +0200] "GET /dating-online-game-software-the-latest-15-better/politica-de-privacidad HTTP/1.1" 301 5568 "-" "Mozilla/5.0 AppleWebKit/537.36 (KHTML, like Gecko; compatible; ClaudeBot/1.0; +claudebot@anthropic.com)"
216.73.217.1 - - [21/Sep/2026:06:17:35 +0200] "GET /dating-online-game-software-the-latest-15-better/politica-de-cookies HTTP/1.1" 301 5597 "-" "Mozilla/5.0 AppleWebKit/537.36 (KHTML, like Gecko; compatible; ClaudeBot/1.0; +claudebot@anthropic.com)"
216.73.217.1 - - [21/Sep/2026:06:17:36 +0200] "GET /politica-de-privacidad/ HTTP/1.1" 200 37406 "https://gessing.es/dating-online-game-software-the-latest-15-better/politica-de-privacidad" "Mozilla/5.0 AppleWebKit/537.36 (KHTML, like Gecko; compatible; ClaudeBot/1.0; +claudebot@anthropic.com)"
216.73.217.1 - - [21/Sep/2026:06:17:36 +0200] "GET /politica-de-cookies/ HTTP/1.1" 200 36183 "https://gessing.es/dating-online-game-software-the-latest-15-better/politica-de-cookies" "Mozilla/5.0 AppleWebKit/537.36 (KHTML, like Gecko; compatible; ClaudeBot/1.0; +claudebot@anthropic.com)"
106.202.100.166 - - [21/Sep/2026:06:17:40 +0200] "POST /xmlrpc.php HTTP/1.1" 200 5868 "-" "Jetpack by WordPress.com"
118.69.224.16 - - [21/Sep/2026:06:17:47 +0200] "POST /xmlrpc.php HTTP/1.1" 200 5900 "-" "Mozilla/5.0 (Windows NT 10.0; x64) AppleWebKit/537.36 (KHTML, like Gecko) Opera/75.0.0.0 Safari/537.36"
106.202.100.166 - - [21/Sep/2026:06:17:55 +0200] "POST /xmlrpc.php HTTP/1.1" 200 5900 "-" "Jetpack by WordPress.com"
198.244.240.218 - - [21/Sep/2026:06:17:56 +0200] "GET /category/imeetzu-chiacchierare-2/ HTTP/1.1" 200 36649 "-" "Mozilla/5.0 (compatible; AhrefsBot/7.0; +http://ahrefs.com/robot/)"
106.202.100.166 - - [21/Sep/2026:06:18:08 +0200] "POST /xmlrpc.php HTTP/1.1" 200 5868 "-" "Jetpack by WordPress.com (Jetpack 12.5; WordPress 6.2)"
106.202.100.166 - - [21/Sep/2026:06:18:19 +0200] "POST /xmlrpc.php HTTP/1.1" 200 5868 "-" "Jetpack by WordPress.com (Jetpack 12.5; WordPress 6.2)"
118.69.224.16 - - [21/Sep/2026:06:18:24 +0200] "POST /xmlrpc.php HTTP/1.1" 200 5900 "-" "Mozilla/5.0 (Windows NT 6.3; x86) AppleWebKit/537.36 (KHTML, like Gecko) Edge/97.0.0.0 Safari/537.36"
106.202.100.166 - - [21/Sep/2026:06:18:31 +0200] "POST /xmlrpc.php HTTP/1.1" 200 5900 "-" "Jetpack by WordPress.com (Jetpack 13.0; WordPress 6.4)"
106.202.100.166 - - [21/Sep/2026:06:18:44 +0200] "POST /xmlrpc.php HTTP/1.1" 200 5884 "-" "WordPress.com; https://wordpress.com"
106.202.100.166 - - [21/Sep/2026:06:18:56 +0200] "POST /xmlrpc.php HTTP/1.1" 200 5884 "-" "WordPress.com; https://wordpress.com"
118.69.224.16 - - [21/Sep/2026:06:18:58 +0200] "POST /xmlrpc.php HTTP/1.1" 200 5868 "-" "Mozilla/5.0 (Linux; Android 10; arm64) AppleWebKit/537.36 (KHTML, like Gecko) Edge/91.0.0.0 Safari/537.36"
51.195.244.36 - - [21/Sep/2026:06:19:05 +0200] "GET /category/luvfree-connexion-2/ HTTP/1.1" 200 36621 "-" "Mozilla/5.0 (compatible; AhrefsBot/7.0; +http://ahrefs.com/robot/)"
106.202.100.166 - - [21/Sep/2026:06:19:08 +0200] "POST /xmlrpc.php HTTP/1.1" 200 5868 "-" "Jetpack by WordPress.com (Jetpack 12.1; WordPress 6.2)"
106.202.100.166 - - [21/Sep/2026:06:19:20 +0200] "POST /xmlrpc.php HTTP/1.1" 200 5884 "-" "Jetpack by WordPress.com (Jetpack 13.0; WordPress 6.1)"
118.69.224.16 - - [21/Sep/2026:06:19:28 +0200] "POST /xmlrpc.php HTTP/1.1" 200 5900 "-" "Mozilla/5.0 (X11; Ubuntu; Linux x86_64; x86) AppleWebKit/537.36 (KHTML, like Gecko) Chrome/107.0.0.0 Safari/537.36"
106.202.100.166 - - [21/Sep/2026:06:19:33 +0200] "POST /xmlrpc.php HTTP/1.1" 200 5868 "-" "Jetpack/12.0; WordPress/6.2; http://site59748725.com"
106.202.100.166 - - [21/Sep/2026:06:19:44 +0200] "POST /xmlrpc.php HTTP/1.1" 200 5900 "-" "Jetpack/12.5; WordPress/6.4; http://site53176703.com"
85.208.96.205 - - [21/Sep/2026:06:19:51 +0200] "GET /exactly-how-have-a-tendency-to-this-apply-at/ HTTP/1.1" 200 43995 "-" "Mozilla/5.0 (compatible; SemrushBot/7~bl; +http://www.semrush.com/bot.html)"
106.202.100.166 - - [21/Sep/2026:06:19:58 +0200] "POST /xmlrpc.php HTTP/1.1" 200 5884 "-" "WordPress.com; https://wordpress.com"
118.69.224.16 - - [21/Sep/2026:06:20:04 +0200] "POST /xmlrpc.php HTTP/1.1" 200 5884 "-" "Mozilla/5.0 (Linux; Android 10; x86) AppleWebKit/537.36 (KHTML, like Gecko) Chrome/98.0.0.0 Safari/537.36"
106.202.100.166 - - [21/Sep/2026:06:20:11 +0200] "POST /xmlrpc.php HTTP/1.1" 200 5900 "-" "Jetpack by WordPress.com (Jetpack 13.0; WordPress 6.3)"
198.244.240.228 - - [21/Sep/2026:06:20:14 +0200] "GET /category/mytranssexualdate-reviews-2/ HTTP/1.1" 200 36860 "-" "Mozilla/5.0 (compatible; AhrefsBot/7.0; +http://ahrefs.com/robot/)"
106.202.100.166 - - [21/Sep/2026:06:20:23 +0200] "POST /xmlrpc.php HTTP/1.1" 200 5868 "-" "Jetpack/12.1; WordPress/6.1; http://site97843657.com"
106.202.100.166 - - [21/Sep/2026:06:20:35 +0200] "POST /xmlrpc.php HTTP/1.1" 200 5884 "-" "Jetpack by WordPress.com"
118.69.224.16 - - [21/Sep/2026:06:20:37 +0200] "POST /xmlrpc.php HTTP/1.1" 200 5884 "-" "Mozilla/5.0 (Windows NT 10.0; arm64) AppleWebKit/537.36 (KHTML, like Gecko) Chrome/90.0.0.0 Safari/537.36"
106.202.100.166 - - [21/Sep/2026:06:20:47 +0200] "POST /xmlrpc.php HTTP/1.1" 200 5884 "-" "Jetpack/12.5; WordPress/6.2; http://site95852686.com"
106.202.100.166 - - [21/Sep/2026:06:20:59 +0200] "POST /xmlrpc.php HTTP/1.1" 200 5884 "-" "Jetpack by WordPress.com"
118.69.224.16 - - [21/Sep/2026:06:21:11 +0200] "POST /xmlrpc.php HTTP/1.1" 200 5900 "-" "Mozilla/5.0 (Windows NT 6.3; x64) AppleWebKit/537.36 (KHTML, like Gecko) Firefox/94.0.0.0 Safari/537.36"
106.202.100.166 - - [21/Sep/2026:06:21:12 +0200] "POST /xmlrpc.php HTTP/1.1" 200 5884 "-" "Jetpack by WordPress.com"
51.195.244.26 - - [21/Sep/2026:06:21:24 +0200] "GET /category/strizlivy-seznamka-meet-2/ HTTP/1.1" 200 36572 "-" "Mozilla/5.0 (compatible; AhrefsBot/7.0; +http://ahrefs.com/robot/)"
106.202.100.166 - - [21/Sep/2026:06:21:26 +0200] "POST /xmlrpc.php HTTP/1.1" 200 5884 "-" "Jetpack by WordPress.com (Jetpack 12.1; WordPress 6.1)"
17.166.236.194 - - [21/Sep/2026:06:21:30 +0200] "GET /she-was-also-an-accountable-elderly-sibling-to/medio-ambiente HTTP/1.1" 301 5560 "-" "Mozilla/5.0 (Macintosh; Intel Mac OS X 10_15_7) AppleWebKit/605.1.15 (KHTML, like Gecko) Version/17.4 Safari/605.1.15 (Applebot/0.1; +http://www.apple.com/go/applebot)"
106.202.100.166 - - [21/Sep/2026:06:21:37 +0200] "POST /xmlrpc.php HTTP/1.1" 200 5900 "-" "Jetpack/12.1; WordPress/6.4; http://site43420337.com"
118.69.224.16 - - [21/Sep/2026:06:21:48 +0200] "POST /xmlrpc.php HTTP/1.1" 200 5868 "-" "Mozilla/5.0 (Linux; Android 10; arm64) AppleWebKit/537.36 (KHTML, like Gecko) Opera/73.0.0.0 Safari/537.36"
106.202.100.166 - - [21/Sep/2026:06:21:50 +0200] "POST /xmlrpc.php HTTP/1.1" 200 5884 "-" "Jetpack by WordPress.com (Jetpack 13.0; WordPress 6.2)"
106.202.100.166 - - [21/Sep/2026:06:22:01 +0200] "POST /xmlrpc.php HTTP/1.1" 200 5884 "-" "Jetpack/13.0; WordPress/6.2; http://site67455205.com"
161.35.69.250 - - [21/Sep/2026:06:22:08 +0200] "GET /wp-login.php HTTP/1.1" 200 13767 "-" "Mozilla/5.0"
161.35.69.250 - - [21/Sep/2026:06:22:08 +0200] "GET /?author=1 HTTP/1.1" 301 5479 "-" "Mozilla/5.0"
161.35.69.250 - - [21/Sep/2026:06:22:09 +0200] "GET /?author=2 HTTP/1.1" 301 5469 "-" "Mozilla/5.0"
161.35.69.250 - - [21/Sep/2026:06:22:10 +0200] "GET /?author=3 HTTP/1.1" 404 36550 "-" "Mozilla/5.0"
106.202.100.166 - - [21/Sep/2026:06:22:14 +0200] "POST /xmlrpc.php HTTP/1.1" 200 5868 "-" "Jetpack/13.0; WordPress/6.2; http://site10620027.com"
118.69.224.16 - - [21/Sep/2026:06:22:25 +0200] "POST /xmlrpc.php HTTP/1.1" 200 5868 "-" "Mozilla/5.0 (X11; Ubuntu; Linux x86_64; x64) AppleWebKit/537.36 (KHTML, like Gecko) Safari/10.0.0.0 Safari/537.36"
106.202.100.166 - - [21/Sep/2026:06:22:25 +0200] "POST /xmlrpc.php HTTP/1.1" 200 5868 "-" "WordPress.com; https://wordpress.com"
198.244.168.92 - - [21/Sep/2026:06:22:33 +0200] "GET /category/garland-escort/ HTTP/1.1" 200 36664 "-" "Mozilla/5.0 (compatible; AhrefsBot/7.0; +http://ahrefs.com/robot/)"
106.202.100.166 - - [21/Sep/2026:06:22:39 +0200] "POST /xmlrpc.php HTTP/1.1" 200 5868 "-" "Jetpack by WordPress.com (Jetpack 12.5; WordPress 6.1)"
106.202.100.166 - - [21/Sep/2026:06:22:53 +0200] "POST /xmlrpc.php HTTP/1.1" 200 5884 "-" "WordPress.com; https://wordpress.com"
118.69.224.16 - - [21/Sep/2026:06:23:01 +0200] "POST /xmlrpc.php HTTP/1.1" 200 5884 "-" "Mozilla/5.0 (Windows NT 10.0; arm64) AppleWebKit/537.36 (KHTML, like Gecko) Safari/13.0.0.0 Safari/537.36"
106.202.100.166 - - [21/Sep/2026:06:23:07 +0200] "POST /xmlrpc.php HTTP/1.1" 200 5884 "-" "Jetpack by WordPress.com (Jetpack 13.0; WordPress 6.4)"
106.202.100.166 - - [21/Sep/2026:06:23:19 +0200] "POST /xmlrpc.php HTTP/1.1" 200 5884 "-" "WordPress.com; https://wordpress.com"
118.69.224.16 - - [21/Sep/2026:06:23:32 +0200] "POST /xmlrpc.php HTTP/1.1" 200 5868 "-" "Mozilla/5.0 (Macintosh; Intel Mac OS X 10_15_7; arm64) AppleWebKit/537.36 (KHTML, like Gecko) Firefox/83.0.0.0 Safari/537.36"
106.202.100.166 - - [21/Sep/2026:06:23:33 +0200] "POST /xmlrpc.php HTTP/1.1" 200 5884 "-" "Jetpack by WordPress.com"
51.195.215.155 - - [21/Sep/2026:06:23:42 +0200] "GET /category/together2night-como-funciona-2/ HTTP/1.1" 200 36932 "-" "Mozilla/5.0 (compatible; AhrefsBot/7.0; +http://ahrefs.com/robot/)"
106.202.100.166 - - [21/Sep/2026:06:23:46 +0200] "POST /xmlrpc.php HTTP/1.1" 200 5884 "-" "Jetpack/13.0; WordPress/6.1; http://site90435838.com"
106.202.100.166 - - [21/Sep/2026:06:24:00 +0200] "POST /xmlrpc.php HTTP/1.1" 200 5884 "-" "WordPress.com; https://wordpress.com"
118.69.224.16 - - [21/Sep/2026:06:24:10 +0200] "POST /xmlrpc.php HTTP/1.1" 200 5900 "-" "Mozilla/5.0 (Windows NT 6.3; arm64) AppleWebKit/537.36 (KHTML, like Gecko) Edge/89.0.0.0 Safari/537.36"
106.202.100.166 - - [21/Sep/2026:06:24:13 +0200] "POST /xmlrpc.php HTTP/1.1" 200 5884 "-" "Jetpack by WordPress.com"
106.202.100.166 - - [21/Sep/2026:06:24:24 +0200] "POST /xmlrpc.php HTTP/1.1" 200 5884 "-" "Jetpack/12.1; WordPress/6.2; http://site17913716.com"
106.202.100.166 - - [21/Sep/2026:06:24:37 +0200] "POST /xmlrpc.php HTTP/1.1" 200 5884 "-" "WordPress.com; https://wordpress.com"
118.69.224.16 - - [21/Sep/2026:06:24:50 +0200] "POST /xmlrpc.php HTTP/1.1" 200 5884 "-" "Mozilla/5.0 (Linux; Android 10; x64) AppleWebKit/537.36 (KHTML, like Gecko) Opera/79.0.0.0 Safari/537.36"
106.202.100.166 - - [21/Sep/2026:06:24:50 +0200] "POST /xmlrpc.php HTTP/1.1" 200 5868 "-" "Jetpack/12.1; WordPress/6.4; http://site68398399.com"
51.195.244.70 - - [21/Sep/2026:06:24:51 +0200] "GET /category/adventure-dating-site-2/ HTTP/1.1" 200 36688 "-" "Mozilla/5.0 (compatible; AhrefsBot/7.0; +http://ahrefs.com/robot/)"
106.202.100.166 - - [21/Sep/2026:06:25:04 +0200] "POST /xmlrpc.php HTTP/1.1" 200 5884 "-" "Jetpack/12.0; WordPress/6.2; http://site30910667.com"
106.202.100.166 - - [21/Sep/2026:06:25:15 +0200] "POST /xmlrpc.php HTTP/1.1" 200 5868 "-" "Jetpack/12.0; WordPress/6.2; http://site28352107.com"
106.202.100.166 - - [21/Sep/2026:06:25:27 +0200] "POST /xmlrpc.php HTTP/1.1" 200 5884 "-" "WordPress.com; https://wordpress.com"
118.69.224.16 - - [21/Sep/2026:06:25:31 +0200] "POST /xmlrpc.php HTTP/1.1" 200 5884 "-" "Mozilla/5.0 (Windows NT 6.3; x86) AppleWebKit/537.36 (KHTML, like Gecko) Opera/76.0.0.0 Safari/537.36"
106.202.100.166 - - [21/Sep/2026:06:25:40 +0200] "POST /xmlrpc.php HTTP/1.1" 200 5884 "-" "Jetpack by WordPress.com (Jetpack 12.5; WordPress 6.4)"
106.202.100.166 - - [21/Sep/2026:06:25:53 +0200] "POST /xmlrpc.php HTTP/1.1" 200 5884 "-" "WordPress.com; https://wordpress.com"
51.89.129.187 - - [21/Sep/2026:06:26:00 +0200] "GET /category/citas-sin-gluten-dating-2/ HTTP/1.1" 200 36668 "-" "Mozilla/5.0 (compatible; AhrefsBot/7.0; +http://ahrefs.com/robot/)"
106.202.100.166 - - [21/Sep/2026:06:26:04 +0200] "POST /xmlrpc.php HTTP/1.1" 200 5900 "-" "Jetpack/12.5; WordPress/6.1; http://site55202511.com"
118.69.224.16 - - [21/Sep/2026:06:26:11 +0200] "POST /xmlrpc.php HTTP/1.1" 200 5868 "-" "Mozilla/5.0 (Linux; Android 10; arm64) AppleWebKit/537.36 (KHTML, like Gecko) Chrome/100.0.0.0 Safari/537.36"
106.202.100.166 - - [21/Sep/2026:06:26:17 +0200] "POST /xmlrpc.php HTTP/1.1" 200 5884 "-" "WordPress.com; https://wordpress.com"
106.202.100.166 - - [21/Sep/2026:06:26:28 +0200] "POST /xmlrpc.php HTTP/1.1" 200 5884 "-" "Jetpack/13.0; WordPress/6.1; http://site60681732.com"
106.202.100.166 - - [21/Sep/2026:06:26:39 +0200] "POST /xmlrpc.php HTTP/1.1" 200 5868 "-" "Jetpack by WordPress.com (Jetpack 12.1; WordPress 6.4)"
106.202.100.166 - - [21/Sep/2026:06:26:52 +0200] "POST /xmlrpc.php HTTP/1.1" 200 5900 "-" "Jetpack by WordPress.com"
118.69.224.16 - - [21/Sep/2026:06:26:52 +0200] "POST /xmlrpc.php HTTP/1.1" 200 5900 "-" "Mozilla/5.0 (Linux; Android 10; arm64) AppleWebKit/537.36 (KHTML, like Gecko) Safari/12.0.0.0 Safari/537.36"
66.249.64.7 - - [21/Sep/2026:06:27:04 +0200] "GET /category/incontri-birazziali-recensioni/ HTTP/1.1" 200 36922 "-" "Mozilla/5.0 (Linux; Android 6.0.1; Nexus 5X Build/MMB29P) AppleWebKit/537.36 (KHTML, like Gecko) Chrome/153.0.8010.47 Mobile Safari/537.36 (compatible; Googlebot/2.1; +http://www.google.com/bot.html)"
106.202.100.166 - - [21/Sep/2026:06:27:05 +0200] "POST /xmlrpc.php HTTP/1.1" 200 5900 "-" "WordPress.com; https://wordpress.com"
51.195.183.204 - - [21/Sep/2026:06:27:10 +0200] "GET /category/datehookup-it-reviews/ HTTP/1.1" 200 36696 "-" "Mozilla/5.0 (compatible; AhrefsBot/7.0; +http://ahrefs.com/robot/)"
106.202.100.166 - - [21/Sep/2026:06:27:17 +0200] "POST /xmlrpc.php HTTP/1.1" 200 5900 "-" "Jetpack by WordPress.com (Jetpack 12.0; WordPress 6.2)"
106.202.100.166 - - [21/Sep/2026:06:27:30 +0200] "POST /xmlrpc.php HTTP/1.1" 200 5900 "-" "Jetpack/12.0; WordPress/6.4; http://site33119096.com"
85.208.96.201 - - [21/Sep/2026:06:27:33 +0200] "GET /lass-mich-daruber-referieren-nackte-weiber/ HTTP/1.1" 200 44435 "-" "Mozilla/5.0 (compatible; SemrushBot/7~bl; +http://www.semrush.com/bot.html)"
85.208.96.206 - - [21/Sep/2026:06:27:35 +0200] "GET /category/fruzo-inceleme-review/ HTTP/1.1" 200 36708 "-" "Mozilla/5.0 (compatible; SemrushBot/7~bl; +http://www.semrush.com/bot.html)"
106.202.100.166 - - [21/Sep/2026:06:27:41 +0200] "POST /xmlrpc.php HTTP/1.1" 200 5900 "-" "Jetpack by WordPress.com (Jetpack 12.1; WordPress 6.1)"
106.202.100.166 - - [21/Sep/2026:06:27:53 +0200] "POST /xmlrpc.php HTTP/1.1" 200 5884 "-" "Jetpack by WordPress.com"
106.202.100.166 - - [21/Sep/2026:06:28:06 +0200] "POST /xmlrpc.php HTTP/1.1" 200 5884 "-" "WordPress.com; https://wordpress.com"
198.244.183.91 - - [21/Sep/2026:06:28:19 +0200] "GET /category/san-francisco-ca-california-dating-2/ HTTP/1.1" 200 36927 "-" "Mozilla/5.0 (compatible; AhrefsBot/7.0; +http://ahrefs.com/robot/)"
106.202.100.166 - - [21/Sep/2026:06:28:19 +0200] "POST /xmlrpc.php HTTP/1.1" 200 5868 "-" "WordPress.com; https://wordpress.com"
106.202.100.166 - - [21/Sep/2026:06:28:33 +0200] "POST /xmlrpc.php HTTP/1.1" 200 5900 "-" "Jetpack by WordPress.com"
106.202.100.166 - - [21/Sep/2026:06:28:45 +0200] "POST /xmlrpc.php HTTP/1.1" 200 5868 "-" "Jetpack by WordPress.com (Jetpack 12.5; WordPress 6.2)"
106.202.100.166 - - [21/Sep/2026:06:28:57 +0200] "POST /xmlrpc.php HTTP/1.1" 200 5884 "-" "Jetpack by WordPress.com"
106.202.100.166 - - [21/Sep/2026:06:29:08 +0200] "POST /xmlrpc.php HTTP/1.1" 200 5900 "-" "Jetpack/12.5; WordPress/6.4; http://site83210653.com"
106.202.100.166 - - [21/Sep/2026:06:29:19 +0200] "POST /xmlrpc.php HTTP/1.1" 200 5868 "-" "Jetpack by WordPress.com"
198.244.242.242 - - [21/Sep/2026:06:29:28 +0200] "GET /category/vancouver-wa-washington-review-2/ HTTP/1.1" 200 36981 "-" "Mozilla/5.0 (compatible; AhrefsBot/7.0; +http://ahrefs.com/robot/)"
106.202.100.166 - - [21/Sep/2026:06:29:30 +0200] "POST /xmlrpc.php HTTP/1.1" 200 5884 "-" "Jetpack by WordPress.com"
220.181.108.93 - - [21/Sep/2026:06:29:32 +0200] "GET /8-3-the-new-go-back-out-of-normativity-in-order-to/medio-ambiente HTTP/1.1" 301 5560 "-" "Mozilla/5.0 (compatible; Baiduspider/2.0; +http://www.baidu.com/search/spider.html)"
220.181.108.145 - - [21/Sep/2026:06:29:33 +0200] "GET /medio-ambiente/ HTTP/1.1" 200 35031 "-" "Mozilla/5.0 (compatible; Baiduspider/2.0; +http://www.baidu.com/search/spider.html)"
106.202.100.166 - - [21/Sep/2026:06:29:41 +0200] "POST /xmlrpc.php HTTP/1.1" 200 5868 "-" "Jetpack by WordPress.com (Jetpack 12.0; WordPress 6.4)"
106.202.100.166 - - [21/Sep/2026:06:29:52 +0200] "POST /xmlrpc.php HTTP/1.1" 200 5884 "-" "Jetpack by WordPress.com"
106.202.100.166 - - [21/Sep/2026:06:30:04 +0200] "POST /xmlrpc.php HTTP/1.1" 200 5868 "-" "Jetpack by WordPress.com (Jetpack 12.1; WordPress 6.2)"
51.195.244.105 - - [21/Sep/2026:06:31:02 +0200] "GET /category/dallas-tx-texas-hookup-2/ HTTP/1.1" 200 36689 "-" "Mozilla/5.0 (compatible; AhrefsBot/7.0; +http://ahrefs.com/robot/)"
17.166.152.167 - - [21/Sep/2026:06:31:32 +0200] "GET /category/columbia-1-live-escort-reviews-2/medio-ambiente HTTP/1.1" 404 36566 "-" "Mozilla/5.0 (Macintosh; Intel Mac OS X 10_15_7) AppleWebKit/605.1.15 (KHTML, like Gecko) Version/17.4 Safari/605.1.15 (Applebot/0.1; +http://www.apple.com/go/applebot)"
216.73.217.1 - - [21/Sep/2026:06:31:39 +0200] "GET /busca-tu-pareja-latina-en-venezuela-busca-pareja-y/politica-de-cookies HTTP/1.1" 301 5565 "-" "Mozilla/5.0 AppleWebKit/537.36 (KHTML, like Gecko; compatible; ClaudeBot/1.0; +claudebot@anthropic.com)"
216.73.217.1 - - [21/Sep/2026:06:31:39 +0200] "GET /politica-de-cookies/ HTTP/1.1" 200 36183 "https://gessing.es/busca-tu-pareja-latina-en-venezuela-busca-pareja-y/politica-de-cookies" "Mozilla/5.0 AppleWebKit/537.36 (KHTML, like Gecko; compatible; ClaudeBot/1.0; +claudebot@anthropic.com)"
198.244.226.120 - - [21/Sep/2026:06:32:11 +0200] "GET /category/datierung-nach-alter-review-2/ HTTP/1.1" 200 37120 "-" "Mozilla/5.0 (compatible; AhrefsBot/7.0; +http://ahrefs.com/robot/)"
198.244.242.177 - - [21/Sep/2026:06:33:20 +0200] "GET /category/music-dating-reviews-2/ HTTP/1.1" 200 36619 "-" "Mozilla/5.0 (compatible; AhrefsBot/7.0; +http://ahrefs.com/robot/)"
216.73.217.1 - - [21/Sep/2026:06:33:35 +0200] "GET /busca-tu-pareja-latina-en-venezuela-busca-pareja-y/contacto HTTP/1.1" 301 5570 "-" "Mozilla/5.0 AppleWebKit/537.36 (KHTML, like Gecko; compatible; ClaudeBot/1.0; +claudebot@anthropic.com)"
216.73.217.1 - - [21/Sep/2026:06:33:35 +0200] "GET /contacto/ HTTP/1.1" 200 37701 "https://gessing.es/busca-tu-pareja-latina-en-venezuela-busca-pareja-y/contacto" "Mozilla/5.0 AppleWebKit/537.36 (KHTML, like Gecko; compatible; ClaudeBot/1.0; +claudebot@anthropic.com)"
216.73.217.1 - - [21/Sep/2026:06:33:51 +0200] "GET /busca-tu-pareja-latina-en-venezuela-busca-pareja-y/actividades HTTP/1.1" 301 5589 "-" "Mozilla/5.0 AppleWebKit/537.36 (KHTML, like Gecko; compatible; ClaudeBot/1.0; +claudebot@anthropic.com)"
216.73.217.1 - - [21/Sep/2026:06:33:51 +0200] "GET /busca-tu-pareja-latina-en-venezuela-busca-pareja-y/adjudicaciones HTTP/1.1" 301 5576 "-" "Mozilla/5.0 AppleWebKit/537.36 (KHTML, like Gecko; compatible; ClaudeBot/1.0; +claudebot@anthropic.com)"
216.73.217.1 - - [21/Sep/2026:06:33:51 +0200] "GET /actividades/ HTTP/1.1" 200 39428 "https://gessing.es/busca-tu-pareja-latina-en-venezuela-busca-pareja-y/actividades" "Mozilla/5.0 AppleWebKit/537.36 (KHTML, like Gecko; compatible; ClaudeBot/1.0; +claudebot@anthropic.com)"
216.73.217.1 - - [21/Sep/2026:06:33:51 +0200] "GET /adjudicaciones/ HTTP/1.1" 200 53241 "https://gessing.es/busca-tu-pareja-latina-en-venezuela-busca-pareja-y/adjudicaciones" "Mozilla/5.0 AppleWebKit/537.36 (KHTML, like Gecko; compatible; ClaudeBot/1.0; +claudebot@anthropic.com)"
47.128.98.144 - - [21/Sep/2026:06:33:56 +0200] "GET /robots.txt HTTP/1.1" 200 5679 "-" "Mozilla/5.0 (iPhone; CPU iPhone OS 7_1_2 like Mac OS X) AppleWebKit/537.36 (KHTML, like Gecko) Version/7.0 Mobile Safari/537.36 (compatible; Bytespider; https://bytedance.sg.larkoffice.com/docx/K5bxdypulop3IIxrJb0lOjLVgFe)"
54.38.147.17 - - [21/Sep/2026:06:34:30 +0200] "GET /category/travesta-kostenfalle-2/ HTTP/1.1" 200 36583 "-" "Mozilla/5.0 (compatible; AhrefsBot/7.0; +http://ahrefs.com/robot/)"
216.73.217.1 - - [21/Sep/2026:06:34:57 +0200] "GET /busca-tu-pareja-latina-en-venezuela-busca-pareja-y/medio-ambiente HTTP/1.1" 301 5576 "-" "Mozilla/5.0 AppleWebKit/537.36 (KHTML, like Gecko; compatible; ClaudeBot/1.0; +claudebot@anthropic.com)"
216.73.217.1 - - [21/Sep/2026:06:34:57 +0200] "GET /cash-advance-the-advantages-and-you-will-risks HTTP/1.1" 301 5558 "-" "Mozilla/5.0 AppleWebKit/537.36 (KHTML, like Gecko; compatible; ClaudeBot/1.0; +claudebot@anthropic.com)"
216.73.217.1 - - [21/Sep/2026:06:34:57 +0200] "GET /medio-ambiente/ HTTP/1.1" 200 35047 "https://gessing.es/busca-tu-pareja-latina-en-venezuela-busca-pareja-y/medio-ambiente" "Mozilla/5.0 AppleWebKit/537.36 (KHTML, like Gecko; compatible; ClaudeBot/1.0; +claudebot@anthropic.com)"
216.73.217.1 - - [21/Sep/2026:06:34:57 +0200] "GET /cash-advance-the-advantages-and-you-will-risks/ HTTP/1.1" 200 42170 "https://gessing.es/cash-advance-the-advantages-and-you-will-risks" "Mozilla/5.0 AppleWebKit/537.36 (KHTML, like Gecko; compatible; ClaudeBot/1.0; +claudebot@anthropic.com)"
16.216.88.247 - - [21/Sep/2026:06:35:30 +0200] "GET /describe-which-section-explores-the-importance-of/medio-ambiente HTTP/1.1" 301 5592 "-" "Mozilla/5.0 AppleWebKit/537.36 (KHTML, like Gecko; compatible; Reflectionbot/1.0; +https://reflection.ai/bot) Chrome/151.0.0.0 Safari/537.36"
16.216.88.247 - - [21/Sep/2026:06:35:30 +0200] "GET /medio-ambiente/ HTTP/1.1" 200 35031 "-" "Mozilla/5.0 AppleWebKit/537.36 (KHTML, like Gecko; compatible; Reflectionbot/1.0; +https://reflection.ai/bot) Chrome/151.0.0.0 Safari/537.36"
89.248.107.232 - - [21/Sep/2026:06:35:39 +0200] "POST /wp-cron.php?doing_wp_cron=1789965339.4479789733886718750000 HTTP/1.1" 200 5489 "https://gessing.es/wp-cron.php?doing_wp_cron=1789965339.4479789733886718750000" "WordPress/6.1.13; https://gessing.es"
51.195.244.69 - - [21/Sep/2026:06:35:39 +0200] "GET /category/daf-aplicacion-para-ligar-2/ HTTP/1.1" 200 37001 "-" "Mozilla/5.0 (compatible; AhrefsBot/7.0; +http://ahrefs.com/robot/)"
216.73.217.1 - - [21/Sep/2026:06:35:50 +0200] "GET /busca-tu-pareja-latina-en-venezuela-busca-pareja-y/nosotros HTTP/1.1" 301 5554 "-" "Mozilla/5.0 AppleWebKit/537.36 (KHTML, like Gecko; compatible; ClaudeBot/1.0; +claudebot@anthropic.com)"
216.73.217.1 - - [21/Sep/2026:06:35:57 +0200] "GET /?p=2127 HTTP/1.1" 301 5562 "-" "Mozilla/5.0 AppleWebKit/537.36 (KHTML, like Gecko; compatible; ClaudeBot/1.0; +claudebot@anthropic.com)"
216.73.217.1 - - [21/Sep/2026:06:35:57 +0200] "GET /busca-tu-pareja-latina-en-venezuela-busca-pareja-y/ HTTP/1.1" 200 45251 "https://gessing.es/?p=2127" "Mozilla/5.0 AppleWebKit/537.36 (KHTML, like Gecko; compatible; ClaudeBot/1.0; +claudebot@anthropic.com)"
216.73.217.1 - - [21/Sep/2026:06:35:57 +0200] "GET /busca-tu-pareja-latina-en-venezuela-busca-pareja-y/feed/ HTTP/1.1" 200 6730 "-" "Mozilla/5.0 AppleWebKit/537.36 (KHTML, like Gecko; compatible; ClaudeBot/1.0; +claudebot@anthropic.com)"
216.73.217.1 - - [21/Sep/2026:06:36:26 +0200] "GET /busca-tu-pareja-latina-en-venezuela-busca-pareja-y/politica-de-privacidad HTTP/1.1" 301 5600 "-" "Mozilla/5.0 AppleWebKit/537.36 (KHTML, like Gecko; compatible; ClaudeBot/1.0; +claudebot@anthropic.com)"
216.73.217.1 - - [21/Sep/2026:06:36:27 +0200] "GET /politica-de-privacidad/ HTTP/1.1" 200 37390 "https://gessing.es/busca-tu-pareja-latina-en-venezuela-busca-pareja-y/politica-de-privacidad" "Mozilla/5.0 AppleWebKit/537.36 (KHTML, like Gecko; compatible; ClaudeBot/1.0; +claudebot@anthropic.com)"
51.195.183.52 - - [21/Sep/2026:06:36:48 +0200] "GET /category/mexisgan-cupid-cs-review-490/ HTTP/1.1" 200 36699 "-" "Mozilla/5.0 (compatible; AhrefsBot/7.0; +http://ahrefs.com/robot/)"
51.8.102.5 - - [21/Sep/2026:06:36:58 +0200] "GET /robots.txt HTTP/1.1" 301 5494 "-" "Mozilla/5.0 (Macintosh; Intel Mac OS X 10_15_7) AppleWebKit/537.36 (KHTML, like Gecko) Chrome/131.0.0.0 Safari/537.36; compatible; OAI-SearchBot/1.0; +https://openai.com/searchbot"
51.8.102.170 - - [21/Sep/2026:06:36:58 +0200] "GET /robots.txt HTTP/1.1" 200 5679 "-" "Mozilla/5.0 (Macintosh; Intel Mac OS X 10_15_7) AppleWebKit/537.36 (KHTML, like Gecko) Chrome/131.0.0.0 Safari/537.36; compatible; OAI-SearchBot/1.0; +https://openai.com/searchbot"
51.195.215.3 - - [21/Sep/2026:06:37:57 +0200] "GET /category/fort-lauderdale-fl-florida-reviews/ HTTP/1.1" 200 36883 "-" "Mozilla/5.0 (compatible; AhrefsBot/7.0; +http://ahrefs.com/robot/)"
85.208.96.206 - - [21/Sep/2026:06:38:23 +0200] "GET /just-how-to-deal-with-government-direct-finance/ HTTP/1.1" 200 43113 "-" "Mozilla/5.0 (compatible; SemrushBot/7~bl; +http://www.semrush.com/bot.html)"
51.89.129.239 - - [21/Sep/2026:06:39:07 +0200] "GET /category/mature-quality-singles-dating-2/ HTTP/1.1" 200 36900 "-" "Mozilla/5.0 (compatible; AhrefsBot/7.0; +http://ahrefs.com/robot/)"
198.244.240.134 - - [21/Sep/2026:06:40:16 +0200] "GET /category/hookupdate-reviews/ HTTP/1.1" 200 36588 "-" "Mozilla/5.0 (compatible; AhrefsBot/7.0; +http://ahrefs.com/robot/)"
198.244.226.86 - - [21/Sep/2026:06:41:25 +0200] "GET /category/low-fee-payday-loans/ HTTP/1.1" 200 36637 "-" "Mozilla/5.0 (compatible; AhrefsBot/7.0; +http://ahrefs.com/robot/)"
85.208.96.202 - - [21/Sep/2026:06:42:28 +0200] "GET /robots.txt HTTP/1.1" 200 5695 "-" "Mozilla/5.0 (compatible; SemrushBot/7~bl; +http://www.semrush.com/bot.html)"
85.208.96.212 - - [21/Sep/2026:06:42:28 +0200] "GET /category/adultfriendfinder-profils-2/ HTTP/1.1" 200 37954 "-" "Mozilla/5.0 (compatible; SemrushBot/7~bl; +http://www.semrush.com/bot.html)"
141.98.11.224 - - [21/Sep/2026:06:42:29 +0200] "GET / HTTP/1.1" 200 36246 "https://gessing.es/" "Mozilla/5.0 (Windows NT 10.0; Win64; x64) AppleWebKit/537.36 (KHTML, like Gecko) Chrome/130.0.0.0 Safari/537.36"
141.98.11.224 - - [21/Sep/2026:06:42:30 +0200] "GET /contacto/ HTTP/1.1" 200 37685 "https://gessing.es/contacto/" "Mozilla/5.0 (Windows NT 10.0; Win64; x64) AppleWebKit/537.36 (KHTML, like Gecko) Chrome/130.0.0.0 Safari/537.36"
141.98.11.224 - - [21/Sep/2026:06:42:31 +0200] "POST /wp-content/themes/advtheme/php/formulario.php HTTP/1.1" 403 6478 "https://gessing.es/contacto/" "Mozilla/5.0 (Windows NT 10.0; Win64; x64) AppleWebKit/537.36 (KHTML, like Gecko) Chrome/130.0.0.0 Safari/537.36"
51.195.244.36 - - [21/Sep/2026:06:42:34 +0200] "GET /category/midland-escort-2/ HTTP/1.1" 200 36637 "-" "Mozilla/5.0 (compatible; AhrefsBot/7.0; +http://ahrefs.com/robot/)"
51.195.215.17 - - [21/Sep/2026:06:43:44 +0200] "GET /category/charlotte-eros-escort-2/ HTTP/1.1" 200 36730 "-" "Mozilla/5.0 (compatible; AhrefsBot/7.0; +http://ahrefs.com/robot/)"
16.216.88.112 - - [21/Sep/2026:06:44:05 +0200] "GET /everyone-loves-a-great-taurus-woman-who-s-6-years/contacto HTTP/1.1" 301 5554 "-" "Mozilla/5.0 AppleWebKit/537.36 (KHTML, like Gecko; compatible; Reflectionbot/1.0; +https://reflection.ai/bot) Chrome/151.0.0.0 Safari/537.36"
16.216.88.112 - - [21/Sep/2026:06:44:06 +0200] "GET /contacto/ HTTP/1.1" 200 37717 "-" "Mozilla/5.0 AppleWebKit/537.36 (KHTML, like Gecko; compatible; Reflectionbot/1.0; +https://reflection.ai/bot) Chrome/151.0.0.0 Safari/537.36"
85.208.96.202 - - [21/Sep/2026:06:44:21 +0200] "GET /category/military-dating-sites-review-2/ HTTP/1.1" 200 36629 "-" "Mozilla/5.0 (compatible; SemrushBot/7~bl; +http://www.semrush.com/bot.html)"
220.181.108.145 - - [21/Sep/2026:06:44:52 +0200] "GET /when-old-boyfriends-the-mate-can-be-and-willt-be/contacto HTTP/1.1" 301 5570 "-" "Mozilla/5.0 (compatible; Baiduspider/2.0; +http://www.baidu.com/search/spider.html)"
51.195.183.124 - - [21/Sep/2026:06:44:53 +0200] "GET /category/daf-reviews/ HTTP/1.1" 200 36505 "-" "Mozilla/5.0 (compatible; AhrefsBot/7.0; +http://ahrefs.com/robot/)"
220.181.108.92 - - [21/Sep/2026:06:44:53 +0200] "GET /contacto/ HTTP/1.1" 200 37717 "-" "Mozilla/5.0 (compatible; Baiduspider/2.0; +http://www.baidu.com/search/spider.html)"
51.195.183.114 - - [21/Sep/2026:06:46:02 +0200] "GET /category/e-chat-visitors-2/ HTTP/1.1" 200 37074 "-" "Mozilla/5.0 (compatible; AhrefsBot/7.0; +http://ahrefs.com/robot/)"
16.216.88.252 - - [21/Sep/2026:06:46:43 +0200] "GET /among-pay-day-loans-within-the-nebraska-an/politica-de-privacidad HTTP/1.1" 301 5568 "-" "Mozilla/5.0 AppleWebKit/537.36 (KHTML, like Gecko; compatible; Reflectionbot/1.0; +https://reflection.ai/bot) Chrome/151.0.0.0 Safari/537.36"
16.216.88.252 - - [21/Sep/2026:06:46:43 +0200] "GET /politica-de-privacidad/ HTTP/1.1" 200 37390 "-" "Mozilla/5.0 AppleWebKit/537.36 (KHTML, like Gecko; compatible; Reflectionbot/1.0; +https://reflection.ai/bot) Chrome/151.0.0.0 Safari/537.36"
198.244.242.224 - - [21/Sep/2026:06:47:11 +0200] "GET /category/tribal-payday-loans-2/ HTTP/1.1" 200 36595 "-" "Mozilla/5.0 (compatible; AhrefsBot/7.0; +http://ahrefs.com/robot/)"
198.244.168.61 - - [21/Sep/2026:06:48:20 +0200] "GET /category/dating-com-de-kosten-2/ HTTP/1.1" 200 36761 "-" "Mozilla/5.0 (compatible; AhrefsBot/7.0; +http://ahrefs.com/robot/)"
198.244.242.210 - - [21/Sep/2026:06:49:30 +0200] "GET /category/lendup-installment-loans/ HTTP/1.1" 200 30007 "-" "Mozilla/5.0 (compatible; AhrefsBot/7.0; +http://ahrefs.com/robot/)"
85.208.96.209 - - [21/Sep/2026:06:50:16 +0200] "GET /category/androide-review-2/ HTTP/1.1" 200 36736 "-" "Mozilla/5.0 (compatible; SemrushBot/7~bl; +http://www.semrush.com/bot.html)"
51.195.244.190 - - [21/Sep/2026:06:50:39 +0200] "GET /category/incontri-luterani-review/ HTTP/1.1" 200 36804 "-" "Mozilla/5.0 (compatible; AhrefsBot/7.0; +http://ahrefs.com/robot/)"
54.38.147.229 - - [21/Sep/2026:06:51:48 +0200] "GET /category/only-lads-bewertung/ HTTP/1.1" 200 36699 "-" "Mozilla/5.0 (compatible; AhrefsBot/7.0; +http://ahrefs.com/robot/)"
43.130.14.245 - - [21/Sep/2026:06:51:50 +0200] "GET / HTTP/1.1" 200 36230 "http://gessing.es" "Mozilla/5.0 (iPhone; CPU iPhone OS 13_2_3 like Mac OS X) AppleWebKit/605.1.15 (KHTML, like Gecko) Version/13.0.3 Mobile/15E148 Safari/604.1"
198.244.240.68 - - [21/Sep/2026:06:52:57 +0200] "GET /category/san-francisco-ca-california-review-2/ HTTP/1.1" 200 36748 "-" "Mozilla/5.0 (compatible; AhrefsBot/7.0; +http://ahrefs.com/robot/)"
51.195.215.105 - - [21/Sep/2026:06:54:07 +0200] "GET /category/sugar-daddies-usa-ma-review/ HTTP/1.1" 200 36835 "-" "Mozilla/5.0 (compatible; AhrefsBot/7.0; +http://ahrefs.com/robot/)"
16.216.88.191 - - [21/Sep/2026:06:54:20 +0200] "GET /george-osborne-is-aimed-at-taxation-credits-and-2/politica-de-privacidad HTTP/1.1" 301 5584 "-" "Mozilla/5.0 AppleWebKit/537.36 (KHTML, like Gecko; compatible; Reflectionbot/1.0; +https://reflection.ai/bot) Chrome/151.0.0.0 Safari/537.36"
16.216.88.191 - - [21/Sep/2026:06:54:21 +0200] "GET /politica-de-privacidad/ HTTP/1.1" 200 37406 "-" "Mozilla/5.0 AppleWebKit/537.36 (KHTML, like Gecko; compatible; Reflectionbot/1.0; +https://reflection.ai/bot) Chrome/151.0.0.0 Safari/537.36"
54.38.147.224 - - [21/Sep/2026:06:55:16 +0200] "GET /category/sugardaddymeet-inceleme-mobil-site-2/ HTTP/1.1" 200 36942 "-" "Mozilla/5.0 (compatible; AhrefsBot/7.0; +http://ahrefs.com/robot/)"
216.73.217.1 - - [21/Sep/2026:06:55:34 +0200] "GET /133-thoughts-on-5-some-thing-husbands-accomplish-2/politica-de-cookies HTTP/1.1" 301 5565 "-" "Mozilla/5.0 AppleWebKit/537.36 (KHTML, like Gecko; compatible; ClaudeBot/1.0; +claudebot@anthropic.com)"
216.73.217.1 - - [21/Sep/2026:06:55:34 +0200] "GET /politica-de-cookies/ HTTP/1.1" 200 36183 "https://gessing.es/133-thoughts-on-5-some-thing-husbands-accomplish-2/politica-de-cookies" "Mozilla/5.0 AppleWebKit/537.36 (KHTML, like Gecko; compatible; ClaudeBot/1.0; +claudebot@anthropic.com)"
66.249.64.6 - - [21/Sep/2026:06:56:19 +0200] "GET /learning-to-make-an-enthusiastic-inmate-love-you/ HTTP/1.1" 200 42299 "-" "Mozilla/5.0 (Linux; Android 6.0.1; Nexus 5X Build/MMB29P) AppleWebKit/537.36 (KHTML, like Gecko) Chrome/153.0.8010.47 Mobile Safari/537.36 (compatible; Googlebot/2.1; +http://www.google.com/bot.html)"
85.208.96.210 - - [21/Sep/2026:06:56:21 +0200] "GET /theres-no-restrict-into-the-linked-adult-sex-toys/nosotros HTTP/1.1" 301 5570 "-" "Mozilla/5.0 (compatible; SemrushBot/7~bl; +http://www.semrush.com/bot.html)"
216.73.217.1 - - [21/Sep/2026:06:56:28 +0200] "GET /133-thoughts-on-5-some-thing-husbands-accomplish-2/nosotros HTTP/1.1" 301 5570 "-" "Mozilla/5.0 AppleWebKit/537.36 (KHTML, like Gecko; compatible; ClaudeBot/1.0; +claudebot@anthropic.com)"
216.73.217.1 - - [21/Sep/2026:06:56:29 +0200] "GET /nosotros/ HTTP/1.1" 200 35924 "https://gessing.es/133-thoughts-on-5-some-thing-husbands-accomplish-2/nosotros" "Mozilla/5.0 AppleWebKit/537.36 (KHTML, like Gecko; compatible; ClaudeBot/1.0; +claudebot@anthropic.com)"
216.73.217.1 - - [21/Sep/2026:06:56:40 +0200] "GET /133-thoughts-on-5-some-thing-husbands-accomplish-2/politica-de-privacidad HTTP/1.1" 301 5600 "-" "Mozilla/5.0 AppleWebKit/537.36 (KHTML, like Gecko; compatible; ClaudeBot/1.0; +claudebot@anthropic.com)"
216.73.217.1 - - [21/Sep/2026:06:56:40 +0200] "GET /politica-de-privacidad/ HTTP/1.1" 200 37422 "https://gessing.es/133-thoughts-on-5-some-thing-husbands-accomplish-2/politica-de-privacidad" "Mozilla/5.0 AppleWebKit/537.36 (KHTML, like Gecko; compatible; ClaudeBot/1.0; +claudebot@anthropic.com)"
17.166.155.35 - - [21/Sep/2026:06:56:59 +0200] "GET /adherez-ma-maladresse-legtendaire-contrefait/medio-ambiente HTTP/1.1" 301 5576 "-" "Mozilla/5.0 (Macintosh; Intel Mac OS X 10_15_7) AppleWebKit/605.1.15 (KHTML, like Gecko) Version/17.4 Safari/605.1.15 (Applebot/0.1; +http://www.apple.com/go/applebot)"
17.166.155.35 - - [21/Sep/2026:06:57:00 +0200] "GET /medio-ambiente/ HTTP/1.1" 200 35031 "-" "Mozilla/5.0 (Macintosh; Intel Mac OS X 10_15_7) AppleWebKit/605.1.15 (KHTML, like Gecko) Version/17.4 Safari/605.1.15 (Applebot/0.1; +http://www.apple.com/go/applebot)"
216.73.217.1 - - [21/Sep/2026:06:57:24 +0200] "GET /?p=2039 HTTP/1.1" 301 5562 "-" "Mozilla/5.0 AppleWebKit/537.36 (KHTML, like Gecko; compatible; ClaudeBot/1.0; +claudebot@anthropic.com)"
216.73.217.1 - - [21/Sep/2026:06:57:24 +0200] "GET /133-thoughts-on-5-some-thing-husbands-accomplish-2/ HTTP/1.1" 200 42754 "https://gessing.es/?p=2039" "Mozilla/5.0 AppleWebKit/537.36 (KHTML, like Gecko; compatible; ClaudeBot/1.0; +claudebot@anthropic.com)"
54.38.147.114 - - [21/Sep/2026:06:57:25 +0200] "GET /category/ventura-hookup/ HTTP/1.1" 200 36432 "-" "Mozilla/5.0 (compatible; AhrefsBot/7.0; +http://ahrefs.com/robot/)"
