20.237.144.223 - - [21/Sep/2026:11:15:24 +0200] "GET /politica-de-cookies/ HTTP/1.1" 200 36167 "-" "Mozilla/5.0 (compatible; LeadGennyResearchBot/0.1; +https://detris.ai/bot)"
20.237.144.223 - - [21/Sep/2026:11:15:25 +0200] "GET /politica-de-privacidad HTTP/1.1" 301 5534 "-" "Mozilla/5.0 (compatible; LeadGennyResearchBot/0.1; +https://detris.ai/bot)"
20.237.144.223 - - [21/Sep/2026:11:15:25 +0200] "GET /politica-de-privacidad/ HTTP/1.1" 200 37422 "-" "Mozilla/5.0 (compatible; LeadGennyResearchBot/0.1; +https://detris.ai/bot)"
20.237.144.223 - - [21/Sep/2026:11:15:26 +0200] "GET /contacto HTTP/1.1" 301 5477 "-" "Mozilla/5.0 (compatible; LeadGennyResearchBot/0.1; +https://detris.ai/bot)"
20.237.144.223 - - [21/Sep/2026:11:15:27 +0200] "GET /contacto/ HTTP/1.1" 200 37701 "-" "Mozilla/5.0 (compatible; LeadGennyResearchBot/0.1; +https://detris.ai/bot)"
103.188.19.230 - - [21/Sep/2026:11:15:34 +0200] "POST /xmlrpc.php HTTP/1.1" 200 5868 "-" "WordPress.com; https://wordpress.com"
103.188.19.230 - - [21/Sep/2026:11:15:45 +0200] "POST /xmlrpc.php HTTP/1.1" 200 5900 "-" "Jetpack by WordPress.com"
54.38.147.52 - - [21/Sep/2026:11:15:47 +0200] "GET /category/belleville-canada-best-hookup-bar-2/ HTTP/1.1" 200 36941 "-" "Mozilla/5.0 (compatible; AhrefsBot/7.0; +http://ahrefs.com/robot/)"
103.188.19.230 - - [21/Sep/2026:11:15:55 +0200] "POST /xmlrpc.php HTTP/1.1" 200 5884 "-" "Jetpack by WordPress.com"
103.188.19.230 - - [21/Sep/2026:11:16:08 +0200] "POST /xmlrpc.php HTTP/1.1" 200 5884 "-" "Jetpack by WordPress.com (Jetpack 13.0; WordPress 6.1)"
103.188.19.230 - - [21/Sep/2026:11:16:16 +0200] "POST /xmlrpc.php HTTP/1.1" 200 5884 "-" "Jetpack by WordPress.com (Jetpack 12.0; WordPress 6.2)"
51.89.129.95 - - [21/Sep/2026:11:16:59 +0200] "GET /category/bristlr-sul-web-2/ HTTP/1.1" 200 36752 "-" "Mozilla/5.0 (compatible; AhrefsBot/7.0; +http://ahrefs.com/robot/)"
54.38.147.139 - - [21/Sep/2026:11:18:11 +0200] "GET /category/chatroulette-full-site-login-2/ HTTP/1.1" 200 36892 "-" "Mozilla/5.0 (compatible; AhrefsBot/7.0; +http://ahrefs.com/robot/)"
216.73.217.1 - - [21/Sep/2026:11:18:21 +0200] "GET /sitemap_index.xml HTTP/1.1" 200 7554 "-" "Mozilla/5.0 AppleWebKit/537.36 (KHTML, like Gecko; compatible; ClaudeBot/1.0; +claudebot@anthropic.com)"
17.166.22.124 - - [21/Sep/2026:11:18:49 +0200] "GET /10-best-black-dating-sites-to-meet-black-singles-4/politica-de-privacidad HTTP/1.1" 301 5568 "-" "Mozilla/5.0 (Macintosh; Intel Mac OS X 10_15_7) AppleWebKit/605.1.15 (KHTML, like Gecko) Version/17.4 Safari/605.1.15 (Applebot/0.1; +http://www.apple.com/go/applebot)"
17.166.22.124 - - [21/Sep/2026:11:18:49 +0200] "GET /politica-de-privacidad/ HTTP/1.1" 200 37422 "-" "Mozilla/5.0 (Macintosh; Intel Mac OS X 10_15_7) AppleWebKit/605.1.15 (KHTML, like Gecko) Version/17.4 Safari/605.1.15 (Applebot/0.1; +http://www.apple.com/go/applebot)"
92.241.94.233 - - [21/Sep/2026:11:18:50 +0200] "POST /xmlrpc.php HTTP/1.1" 200 5884 "-" "Jetpack/12.0; WordPress/6.3; http://site50314737.com"
92.241.94.233 - - [21/Sep/2026:11:19:00 +0200] "POST /xmlrpc.php HTTP/1.1" 200 5884 "-" "WordPress.com; https://wordpress.com"
216.73.217.1 - - [21/Sep/2026:11:19:05 +0200] "GET /setting-otherwise-just-how-slutty-elder/nosotros HTTP/1.1" 301 5554 "-" "Mozilla/5.0 AppleWebKit/537.36 (KHTML, like Gecko; compatible; ClaudeBot/1.0; +claudebot@anthropic.com)"
216.73.217.1 - - [21/Sep/2026:11:19:05 +0200] "GET /blog/page/108/ HTTP/1.1" 200 29680 "-" "Mozilla/5.0 AppleWebKit/537.36 (KHTML, like Gecko; compatible; ClaudeBot/1.0; +claudebot@anthropic.com)"
216.73.217.1 - - [21/Sep/2026:11:19:05 +0200] "GET /nosotros/ HTTP/1.1" 200 35908 "https://gessing.es/setting-otherwise-just-how-slutty-elder/nosotros" "Mozilla/5.0 AppleWebKit/537.36 (KHTML, like Gecko; compatible; ClaudeBot/1.0; +claudebot@anthropic.com)"
16.216.88.198 - - [21/Sep/2026:11:19:10 +0200] "GET /michael-burgess-was-released-from-the/contacto HTTP/1.1" 301 5570 "-" "Mozilla/5.0 AppleWebKit/537.36 (KHTML, like Gecko; compatible; Reflectionbot/1.0; +https://reflection.ai/bot) Chrome/151.0.0.0 Safari/537.36"
92.241.94.233 - - [21/Sep/2026:11:19:11 +0200] "POST /xmlrpc.php HTTP/1.1" 200 5884 "-" "WordPress.com; https://wordpress.com"
16.216.88.198 - - [21/Sep/2026:11:19:11 +0200] "GET /contacto/ HTTP/1.1" 200 37685 "-" "Mozilla/5.0 AppleWebKit/537.36 (KHTML, like Gecko; compatible; Reflectionbot/1.0; +https://reflection.ai/bot) Chrome/151.0.0.0 Safari/537.36"
66.249.64.6 - - [21/Sep/2026:11:19:20 +0200] "GET /category/gleeden-visitors/contacto HTTP/1.1" 404 36550 "-" "Mozilla/5.0 (Linux; Android 6.0.1; Nexus 5X Build/MMB29P) AppleWebKit/537.36 (KHTML, like Gecko) Chrome/153.0.8010.47 Mobile Safari/537.36 (compatible; Googlebot/2.1; +http://www.google.com/bot.html)"
92.241.94.233 - - [21/Sep/2026:11:19:21 +0200] "POST /xmlrpc.php HTTP/1.1" 200 5884 "-" "WordPress.com; https://wordpress.com"
198.244.168.156 - - [21/Sep/2026:11:19:23 +0200] "GET /category/militarycupid-meet-site-2/ HTTP/1.1" 200 38415 "-" "Mozilla/5.0 (compatible; AhrefsBot/7.0; +http://ahrefs.com/robot/)"
190.110.46.27 - - [21/Sep/2026:11:19:28 +0200] "GET /medio-ambiente/politica HTTP/1.1" 301 5564 "-" "Mozilla/5.0 (iPhone; CPU iPhone OS 18_0_1 like Mac OS X) AppleWebKit/605.1.15 (KHTML, like Gecko) FxiOS/150.0 Mobile/15E148 Safari/604.1"
190.110.46.27 - - [21/Sep/2026:11:19:30 +0200] "GET /politica-ambiental/ HTTP/1.1" 200 39920 "https://gessing.es/medio-ambiente/politica" "Mozilla/5.0 (iPhone; CPU iPhone OS 18_0_1 like Mac OS X) AppleWebKit/605.1.15 (KHTML, like Gecko) FxiOS/150.0 Mobile/15E148 Safari/604.1"
92.241.94.233 - - [21/Sep/2026:11:19:32 +0200] "POST /xmlrpc.php HTTP/1.1" 200 5900 "-" "Jetpack by WordPress.com (Jetpack 12.0; WordPress 6.3)"
85.208.96.199 - - [21/Sep/2026:11:19:36 +0200] "GET /michael-burgess-was-released-from-the/adjudicaciones HTTP/1.1" 301 5592 "-" "Mozilla/5.0 (compatible; SemrushBot/7~bl; +http://www.semrush.com/bot.html)"
92.241.94.233 - - [21/Sep/2026:11:19:42 +0200] "POST /xmlrpc.php HTTP/1.1" 200 5884 "-" "Jetpack by WordPress.com"
92.241.94.233 - - [21/Sep/2026:11:19:53 +0200] "POST /xmlrpc.php HTTP/1.1" 200 5900 "-" "Jetpack/12.1; WordPress/6.4; http://site26707230.com"
92.241.94.233 - - [21/Sep/2026:11:20:03 +0200] "POST /xmlrpc.php HTTP/1.1" 200 5900 "-" "Jetpack by WordPress.com"
92.241.94.233 - - [21/Sep/2026:11:20:14 +0200] "POST /xmlrpc.php HTTP/1.1" 200 5884 "-" "Jetpack by WordPress.com (Jetpack 12.0; WordPress 6.2)"
66.249.64.6 - - [21/Sep/2026:11:20:22 +0200] "GET /wanneer-letztes-jedoch-e-mail-addy-oder-codewort/ HTTP/1.1" 200 45117 "-" "Mozilla/5.0 (Linux; Android 6.0.1; Nexus 5X Build/MMB29P) AppleWebKit/537.36 (KHTML, like Gecko) Chrome/153.0.8010.47 Mobile Safari/537.36 (compatible; Googlebot/2.1; +http://www.google.com/bot.html)"
92.241.94.233 - - [21/Sep/2026:11:20:24 +0200] "POST /xmlrpc.php HTTP/1.1" 200 5884 "-" "WordPress.com; https://wordpress.com"
92.241.94.233 - - [21/Sep/2026:11:20:35 +0200] "POST /xmlrpc.php HTTP/1.1" 200 5884 "-" "WordPress.com; https://wordpress.com"
198.244.242.119 - - [21/Sep/2026:11:20:35 +0200] "GET /category/sites-de-rencontre-europeens-tiilt-2/ HTTP/1.1" 200 36917 "-" "Mozilla/5.0 (compatible; AhrefsBot/7.0; +http://ahrefs.com/robot/)"
181.228.219.100 - - [21/Sep/2026:11:20:44 +0200] "GET /hsbc-financials-personal-financing-system-goes/medio-ambiente HTTP/1.1" 301 5576 "-" "Mozilla/5.0 (Macintosh; Intel Mac OS X 15.2; rv:133.0) Gecko/20100101 Firefox/133.0"
181.228.219.100 - - [21/Sep/2026:11:20:45 +0200] "GET /medio-ambiente/ HTTP/1.1" 200 35047 "-" "Mozilla/5.0 (Macintosh; Intel Mac OS X 15.2; rv:133.0) Gecko/20100101 Firefox/133.0"
92.241.94.233 - - [21/Sep/2026:11:20:45 +0200] "POST /xmlrpc.php HTTP/1.1" 200 5884 "-" "Jetpack by WordPress.com (Jetpack 12.1; WordPress 6.1)"
92.241.94.233 - - [21/Sep/2026:11:20:56 +0200] "POST /xmlrpc.php HTTP/1.1" 200 5868 "-" "Jetpack by WordPress.com"
216.73.217.1 - - [21/Sep/2026:11:21:02 +0200] "GET /setting-otherwise-just-how-slutty-elder/politica-de-privacidad HTTP/1.1" 301 5568 "-" "Mozilla/5.0 AppleWebKit/537.36 (KHTML, like Gecko; compatible; ClaudeBot/1.0; +claudebot@anthropic.com)"
216.73.217.1 - - [21/Sep/2026:11:21:02 +0200] "GET /il-anteriore-posto-dincontri-giacche-calcola-2/ HTTP/1.1" 200 43278 "-" "Mozilla/5.0 AppleWebKit/537.36 (KHTML, like Gecko; compatible; ClaudeBot/1.0; +claudebot@anthropic.com)"
216.73.217.1 - - [21/Sep/2026:11:21:02 +0200] "GET /politica-de-privacidad/ HTTP/1.1" 200 37406 "https://gessing.es/setting-otherwise-just-how-slutty-elder/politica-de-privacidad" "Mozilla/5.0 AppleWebKit/537.36 (KHTML, like Gecko; compatible; ClaudeBot/1.0; +claudebot@anthropic.com)"
216.73.217.1 - - [21/Sep/2026:11:21:02 +0200] "GET /setting-otherwise-just-how-slutty-elder/politica-de-cookies HTTP/1.1" 301 5565 "-" "Mozilla/5.0 AppleWebKit/537.36 (KHTML, like Gecko; compatible; ClaudeBot/1.0; +claudebot@anthropic.com)"
216.73.217.1 - - [21/Sep/2026:11:21:03 +0200] "GET /politica-de-cookies/ HTTP/1.1" 200 36167 "https://gessing.es/setting-otherwise-just-how-slutty-elder/politica-de-cookies" "Mozilla/5.0 AppleWebKit/537.36 (KHTML, like Gecko; compatible; ClaudeBot/1.0; +claudebot@anthropic.com)"
92.241.94.233 - - [21/Sep/2026:11:21:06 +0200] "POST /xmlrpc.php HTTP/1.1" 200 5884 "-" "Jetpack by WordPress.com"
216.73.217.1 - - [21/Sep/2026:11:21:07 +0200] "GET /setting-otherwise-just-how-slutty-elder/feed/ HTTP/1.1" 200 6611 "-" "Mozilla/5.0 AppleWebKit/537.36 (KHTML, like Gecko; compatible; ClaudeBot/1.0; +claudebot@anthropic.com)"
216.73.217.1 - - [21/Sep/2026:11:21:14 +0200] "GET /setting-otherwise-just-how-slutty-elder/medio-ambiente HTTP/1.1" 301 5560 "-" "Mozilla/5.0 AppleWebKit/537.36 (KHTML, like Gecko; compatible; ClaudeBot/1.0; +claudebot@anthropic.com)"
216.73.217.1 - - [21/Sep/2026:11:21:14 +0200] "GET /setting-otherwise-just-how-slutty-elder/actividades HTTP/1.1" 301 5573 "-" "Mozilla/5.0 AppleWebKit/537.36 (KHTML, like Gecko; compatible; ClaudeBot/1.0; +claudebot@anthropic.com)"
216.73.217.1 - - [21/Sep/2026:11:21:14 +0200] "GET /actividades/ HTTP/1.1" 200 39460 "https://gessing.es/setting-otherwise-just-how-slutty-elder/actividades" "Mozilla/5.0 AppleWebKit/537.36 (KHTML, like Gecko; compatible; ClaudeBot/1.0; +claudebot@anthropic.com)"
216.73.217.1 - - [21/Sep/2026:11:21:14 +0200] "GET /medio-ambiente/ HTTP/1.1" 200 35063 "https://gessing.es/setting-otherwise-just-how-slutty-elder/medio-ambiente" "Mozilla/5.0 AppleWebKit/537.36 (KHTML, like Gecko; compatible; ClaudeBot/1.0; +claudebot@anthropic.com)"
92.241.94.233 - - [21/Sep/2026:11:21:17 +0200] "POST /xmlrpc.php HTTP/1.1" 200 5900 "-" "Jetpack by WordPress.com (Jetpack 12.5; WordPress 6.1)"
92.241.94.233 - - [21/Sep/2026:11:21:27 +0200] "POST /xmlrpc.php HTTP/1.1" 200 5884 "-" "WordPress.com; https://wordpress.com"
216.73.217.1 - - [21/Sep/2026:11:21:31 +0200] "GET /?p=10643 HTTP/1.1" 301 5551 "-" "Mozilla/5.0 AppleWebKit/537.36 (KHTML, like Gecko; compatible; ClaudeBot/1.0; +claudebot@anthropic.com)"
216.73.217.1 - - [21/Sep/2026:11:21:32 +0200] "GET /setting-otherwise-just-how-slutty-elder/ HTTP/1.1" 200 42582 "https://gessing.es/?p=10643" "Mozilla/5.0 AppleWebKit/537.36 (KHTML, like Gecko; compatible; ClaudeBot/1.0; +claudebot@anthropic.com)"
92.241.94.233 - - [21/Sep/2026:11:21:38 +0200] "POST /xmlrpc.php HTTP/1.1" 200 5900 "-" "Jetpack by WordPress.com (Jetpack 12.0; WordPress 6.3)"
51.89.129.129 - - [21/Sep/2026:11:21:47 +0200] "GET /category/adultspace-online-dating-2/ HTTP/1.1" 200 36617 "-" "Mozilla/5.0 (compatible; AhrefsBot/7.0; +http://ahrefs.com/robot/)"
92.241.94.233 - - [21/Sep/2026:11:21:48 +0200] "POST /xmlrpc.php HTTP/1.1" 200 5884 "-" "WordPress.com; https://wordpress.com"
92.241.94.233 - - [21/Sep/2026:11:21:59 +0200] "POST /xmlrpc.php HTTP/1.1" 200 5884 "-" "Jetpack by WordPress.com (Jetpack 12.5; WordPress 6.3)"
92.241.94.233 - - [21/Sep/2026:11:22:10 +0200] "POST /xmlrpc.php HTTP/1.1" 200 5884 "-" "Jetpack/12.1; WordPress/6.4; http://site46323129.com"
216.73.217.1 - - [21/Sep/2026:11:22:10 +0200] "GET /setting-otherwise-just-how-slutty-elder/adjudicaciones HTTP/1.1" 301 5560 "-" "Mozilla/5.0 AppleWebKit/537.36 (KHTML, like Gecko; compatible; ClaudeBot/1.0; +claudebot@anthropic.com)"
216.73.217.1 - - [21/Sep/2026:11:22:10 +0200] "GET /adjudicaciones/ HTTP/1.1" 200 53257 "https://gessing.es/setting-otherwise-just-how-slutty-elder/adjudicaciones" "Mozilla/5.0 AppleWebKit/537.36 (KHTML, like Gecko; compatible; ClaudeBot/1.0; +claudebot@anthropic.com)"
92.241.94.233 - - [21/Sep/2026:11:22:20 +0200] "POST /xmlrpc.php HTTP/1.1" 200 5884 "-" "Jetpack by WordPress.com"
92.241.94.233 - - [21/Sep/2026:11:22:31 +0200] "POST /xmlrpc.php HTTP/1.1" 200 5900 "-" "Jetpack by WordPress.com (Jetpack 12.5; WordPress 6.3)"
92.241.94.233 - - [21/Sep/2026:11:22:41 +0200] "POST /xmlrpc.php HTTP/1.1" 200 5884 "-" "Jetpack/12.0; WordPress/6.2; http://site98655938.com"
92.241.94.233 - - [21/Sep/2026:11:22:52 +0200] "POST /xmlrpc.php HTTP/1.1" 200 5868 "-" "Jetpack by WordPress.com (Jetpack 12.1; WordPress 6.2)"
198.244.226.254 - - [21/Sep/2026:11:22:59 +0200] "GET /category/apple-pay-best-casino-2/ HTTP/1.1" 200 36631 "-" "Mozilla/5.0 (compatible; AhrefsBot/7.0; +http://ahrefs.com/robot/)"
92.241.94.233 - - [21/Sep/2026:11:23:02 +0200] "POST /xmlrpc.php HTTP/1.1" 200 5900 "-" "Jetpack/12.1; WordPress/6.1; http://site15500298.com"
85.208.96.193 - - [21/Sep/2026:11:23:07 +0200] "GET /all-of-the-complimentary-gay-forums-b-gay-are/adjudicaciones HTTP/1.1" 301 5560 "-" "Mozilla/5.0 (compatible; SemrushBot/7~bl; +http://www.semrush.com/bot.html)"
92.241.94.233 - - [21/Sep/2026:11:23:13 +0200] "POST /xmlrpc.php HTTP/1.1" 200 5884 "-" "Jetpack by WordPress.com"
216.73.217.1 - - [21/Sep/2026:11:23:17 +0200] "GET /setting-otherwise-just-how-slutty-elder/contacto HTTP/1.1" 301 5570 "-" "Mozilla/5.0 AppleWebKit/537.36 (KHTML, like Gecko; compatible; ClaudeBot/1.0; +claudebot@anthropic.com)"
216.73.217.1 - - [21/Sep/2026:11:23:18 +0200] "GET /contacto/ HTTP/1.1" 200 37701 "https://gessing.es/setting-otherwise-just-how-slutty-elder/contacto" "Mozilla/5.0 AppleWebKit/537.36 (KHTML, like Gecko; compatible; ClaudeBot/1.0; +claudebot@anthropic.com)"
92.241.94.233 - - [21/Sep/2026:11:23:23 +0200] "POST /xmlrpc.php HTTP/1.1" 200 5884 "-" "Jetpack by WordPress.com"
92.241.94.233 - - [21/Sep/2026:11:23:34 +0200] "POST /xmlrpc.php HTTP/1.1" 200 5884 "-" "WordPress.com; https://wordpress.com"
92.241.94.233 - - [21/Sep/2026:11:23:44 +0200] "POST /xmlrpc.php HTTP/1.1" 200 5900 "-" "WordPress.com; https://wordpress.com"
92.241.94.233 - - [21/Sep/2026:11:23:55 +0200] "POST /xmlrpc.php HTTP/1.1" 200 5900 "-" "Jetpack by WordPress.com (Jetpack 12.1; WordPress 6.3)"
40.77.167.15 - - [21/Sep/2026:11:23:52 +0200] "GET /mystic-of-the-various-other-name-is-nonetheless/feed/ HTTP/1.1" 200 6632 "-" "Mozilla/5.0 AppleWebKit/537.36 (KHTML, like Gecko; compatible; bingbot/2.0; +http://www.bing.com/bingbot.htm) Chrome/116.0.1938.76 Safari/537.36"
92.241.94.233 - - [21/Sep/2026:11:24:05 +0200] "POST /xmlrpc.php HTTP/1.1" 200 5884 "-" "WordPress.com; https://wordpress.com"
198.244.242.215 - - [21/Sep/2026:11:24:11 +0200] "GET /category/henderson-escort-near-me-2/ HTTP/1.1" 200 36717 "-" "Mozilla/5.0 (compatible; AhrefsBot/7.0; +http://ahrefs.com/robot/)"
92.241.94.233 - - [21/Sep/2026:11:24:16 +0200] "POST /xmlrpc.php HTTP/1.1" 200 5900 "-" "Jetpack/12.1; WordPress/6.4; http://site13740979.com"
92.241.94.233 - - [21/Sep/2026:11:24:26 +0200] "POST /xmlrpc.php HTTP/1.1" 200 5884 "-" "Jetpack by WordPress.com"
92.241.94.233 - - [21/Sep/2026:11:24:37 +0200] "POST /xmlrpc.php HTTP/1.1" 200 5884 "-" "Jetpack by WordPress.com"
161.35.69.250 - - [21/Sep/2026:11:24:41 +0200] "POST /wp-login.php HTTP/1.1" 200 14202 "-" "Mozilla/5.0"
161.35.69.250 - - [21/Sep/2026:11:24:41 +0200] "POST /wp-login.php HTTP/1.1" 200 14214 "-" "Mozilla/5.0"
92.241.94.233 - - [21/Sep/2026:11:24:47 +0200] "POST /xmlrpc.php HTTP/1.1" 200 5900 "-" "Jetpack by WordPress.com"
92.241.94.233 - - [21/Sep/2026:11:24:58 +0200] "POST /xmlrpc.php HTTP/1.1" 200 5900 "-" "WordPress.com; https://wordpress.com"
17.166.153.133 - - [21/Sep/2026:11:25:00 +0200] "GET /its-24-hours-to-share-with-the-companion-how-much/politica-de-cookies HTTP/1.1" 301 5597 "-" "Mozilla/5.0 (Macintosh; Intel Mac OS X 10_15_7) AppleWebKit/605.1.15 (KHTML, like Gecko) Version/17.4 Safari/605.1.15 (Applebot/0.1; +http://www.apple.com/go/applebot)"
17.166.153.133 - - [21/Sep/2026:11:25:01 +0200] "GET /politica-de-cookies/ HTTP/1.1" 200 36183 "-" "Mozilla/5.0 (Macintosh; Intel Mac OS X 10_15_7) AppleWebKit/605.1.15 (KHTML, like Gecko) Version/17.4 Safari/605.1.15 (Applebot/0.1; +http://www.apple.com/go/applebot)"
92.241.94.233 - - [21/Sep/2026:11:25:08 +0200] "POST /xmlrpc.php HTTP/1.1" 200 5884 "-" "Jetpack/13.0; WordPress/6.4; http://site20314455.com"
92.241.94.233 - - [21/Sep/2026:11:25:19 +0200] "POST /xmlrpc.php HTTP/1.1" 200 5868 "-" "WordPress.com; https://wordpress.com"
51.195.244.132 - - [21/Sep/2026:11:25:23 +0200] "GET /category/san-antonio-usa-reviews-2/ HTTP/1.1" 200 36704 "-" "Mozilla/5.0 (compatible; AhrefsBot/7.0; +http://ahrefs.com/robot/)"
92.241.94.233 - - [21/Sep/2026:11:25:29 +0200] "POST /xmlrpc.php HTTP/1.1" 200 5900 "-" "Jetpack by WordPress.com (Jetpack 13.0; WordPress 6.4)"
92.241.94.233 - - [21/Sep/2026:11:25:40 +0200] "POST /xmlrpc.php HTTP/1.1" 200 5884 "-" "WordPress.com; https://wordpress.com"
17.166.20.90 - - [21/Sep/2026:11:25:47 +0200] "GET /zillow-home-loans-is-licensed-to-serve-borrowers-5/medio-ambiente HTTP/1.1" 301 5576 "-" "Mozilla/5.0 (Macintosh; Intel Mac OS X 10_15_7) AppleWebKit/605.1.15 (KHTML, like Gecko) Version/17.4 Safari/605.1.15 (Applebot/0.1; +http://www.apple.com/go/applebot)"
17.166.20.90 - - [21/Sep/2026:11:25:48 +0200] "GET /medio-ambiente/ HTTP/1.1" 200 35063 "-" "Mozilla/5.0 (Macintosh; Intel Mac OS X 10_15_7) AppleWebKit/605.1.15 (KHTML, like Gecko) Version/17.4 Safari/605.1.15 (Applebot/0.1; +http://www.apple.com/go/applebot)"
92.241.94.233 - - [21/Sep/2026:11:25:50 +0200] "POST /xmlrpc.php HTTP/1.1" 200 5900 "-" "Jetpack by WordPress.com"
92.241.94.233 - - [21/Sep/2026:11:26:01 +0200] "POST /xmlrpc.php HTTP/1.1" 200 5884 "-" "WordPress.com; https://wordpress.com"
92.241.94.233 - - [21/Sep/2026:11:26:11 +0200] "POST /xmlrpc.php HTTP/1.1" 200 5884 "-" "WordPress.com; https://wordpress.com"
92.241.94.233 - - [21/Sep/2026:11:26:22 +0200] "POST /xmlrpc.php HTTP/1.1" 200 5900 "-" "Jetpack/12.0; WordPress/6.3; http://site25033503.com"
92.241.94.233 - - [21/Sep/2026:11:26:32 +0200] "POST /xmlrpc.php HTTP/1.1" 200 5884 "-" "Jetpack by WordPress.com (Jetpack 12.5; WordPress 6.2)"
198.244.168.99 - - [21/Sep/2026:11:26:35 +0200] "GET /category/squirt-price-2/ HTTP/1.1" 200 36428 "-" "Mozilla/5.0 (compatible; AhrefsBot/7.0; +http://ahrefs.com/robot/)"
85.208.96.201 - - [21/Sep/2026:11:26:38 +0200] "GET /romanian-lady-publication-why-are-they-distinctive/nosotros HTTP/1.1" 301 5570 "-" "Mozilla/5.0 (compatible; SemrushBot/7~bl; +http://www.semrush.com/bot.html)"
92.241.94.233 - - [21/Sep/2026:11:26:43 +0200] "POST /xmlrpc.php HTTP/1.1" 200 5868 "-" "Jetpack/12.5; WordPress/6.3; http://site81090699.com"
92.241.94.233 - - [21/Sep/2026:11:26:53 +0200] "POST /xmlrpc.php HTTP/1.1" 200 5884 "-" "Jetpack/12.1; WordPress/6.4; http://site70024788.com"
92.241.94.233 - - [21/Sep/2026:11:27:04 +0200] "POST /xmlrpc.php HTTP/1.1" 200 5900 "-" "Jetpack/13.0; WordPress/6.4; http://site86376766.com"
172.86.112.184 - - [21/Sep/2026:11:27:08 +0200] "GET /wp-config.php_ HTTP/1.1" 404 36550 "-" "Python-urllib/2.7"
85.208.96.200 - - [21/Sep/2026:11:27:09 +0200] "GET /how-can-payday-loan-towards-the-midland-colorado/contacto HTTP/1.1" 301 5570 "-" "Mozilla/5.0 (compatible; SemrushBot/7~bl; +http://www.semrush.com/bot.html)"
92.241.94.233 - - [21/Sep/2026:11:27:14 +0200] "POST /xmlrpc.php HTTP/1.1" 200 5868 "-" "WordPress.com; https://wordpress.com"
92.241.94.233 - - [21/Sep/2026:11:27:25 +0200] "POST /xmlrpc.php HTTP/1.1" 200 5884 "-" "WordPress.com; https://wordpress.com"
85.208.96.193 - - [21/Sep/2026:11:27:25 +0200] "GET /blakeney-is-a-daughter-of-your-later-case-and/medio-ambiente HTTP/1.1" 301 5560 "-" "Mozilla/5.0 (compatible; SemrushBot/7~bl; +http://www.semrush.com/bot.html)"
92.241.94.233 - - [21/Sep/2026:11:27:36 +0200] "POST /xmlrpc.php HTTP/1.1" 200 5900 "-" "Jetpack by WordPress.com (Jetpack 13.0; WordPress 6.2)"
92.241.94.233 - - [21/Sep/2026:11:27:46 +0200] "POST /xmlrpc.php HTTP/1.1" 200 5900 "-" "Jetpack by WordPress.com (Jetpack 13.0; WordPress 6.2)"
51.89.129.121 - - [21/Sep/2026:11:27:47 +0200] "GET /category/wireclub-visitors/ HTTP/1.1" 200 36599 "-" "Mozilla/5.0 (compatible; AhrefsBot/7.0; +http://ahrefs.com/robot/)"
92.241.94.233 - - [21/Sep/2026:11:27:57 +0200] "POST /xmlrpc.php HTTP/1.1" 200 5884 "-" "Jetpack by WordPress.com"
92.241.94.233 - - [21/Sep/2026:11:28:07 +0200] "POST /xmlrpc.php HTTP/1.1" 200 5884 "-" "Jetpack by WordPress.com"
92.241.94.233 - - [21/Sep/2026:11:28:18 +0200] "POST /xmlrpc.php HTTP/1.1" 200 5884 "-" "Jetpack by WordPress.com"
92.241.94.233 - - [21/Sep/2026:11:28:28 +0200] "POST /xmlrpc.php HTTP/1.1" 200 5868 "-" "Jetpack by WordPress.com"
92.241.94.233 - - [21/Sep/2026:11:28:39 +0200] "POST /xmlrpc.php HTTP/1.1" 200 5900 "-" "Jetpack by WordPress.com"
92.241.94.233 - - [21/Sep/2026:11:28:49 +0200] "POST /xmlrpc.php HTTP/1.1" 200 5884 "-" "Jetpack by WordPress.com"
51.195.215.226 - - [21/Sep/2026:11:28:59 +0200] "GET /category/boulder-co-colorado-best-hookup-bar-2/ HTTP/1.1" 200 36846 "-" "Mozilla/5.0 (compatible; AhrefsBot/7.0; +http://ahrefs.com/robot/)"
92.241.94.233 - - [21/Sep/2026:11:29:00 +0200] "POST /xmlrpc.php HTTP/1.1" 200 5868 "-" "WordPress.com; https://wordpress.com"
16.216.88.39 - - [21/Sep/2026:11:29:37 +0200] "GET /professionals-whom-take-pleasure-in-relationship/politica-de-privacidad HTTP/1.1" 301 5584 "-" "Mozilla/5.0 AppleWebKit/537.36 (KHTML, like Gecko; compatible; Reflectionbot/1.0; +https://reflection.ai/bot) Chrome/151.0.0.0 Safari/537.36"
16.216.88.39 - - [21/Sep/2026:11:29:38 +0200] "GET /politica-de-privacidad/ HTTP/1.1" 200 37422 "-" "Mozilla/5.0 AppleWebKit/537.36 (KHTML, like Gecko; compatible; Reflectionbot/1.0; +https://reflection.ai/bot) Chrome/151.0.0.0 Safari/537.36"
198.244.226.250 - - [21/Sep/2026:11:30:11 +0200] "GET /category/chatstep-ne-demek-2/ HTTP/1.1" 200 36442 "-" "Mozilla/5.0 (compatible; AhrefsBot/7.0; +http://ahrefs.com/robot/)"
85.208.96.201 - - [21/Sep/2026:11:30:34 +0200] "GET /mi-scuso-per-il-energia-di-ammonimento-cosicche-si/nosotros HTTP/1.1" 301 5570 "-" "Mozilla/5.0 (compatible; SemrushBot/7~bl; +http://www.semrush.com/bot.html)"
38.159.61.233 - - [21/Sep/2026:11:30:36 +0200] "GET /medio-ambiente/nosotros HTTP/1.1" 301 5570 "-" "Mozilla/5.0 (iPhone; CPU iPhone OS 26_3 like Mac OS X) AppleWebKit/605.1.15 (KHTML, like Gecko) FxiOS/153.0 Mobile/15E148 Safari/604.1"
38.159.61.233 - - [21/Sep/2026:11:30:37 +0200] "GET /nosotros/ HTTP/1.1" 200 35908 "https://gessing.es/medio-ambiente/nosotros" "Mozilla/5.0 (iPhone; CPU iPhone OS 26_3 like Mac OS X) AppleWebKit/605.1.15 (KHTML, like Gecko) FxiOS/153.0 Mobile/15E148 Safari/604.1"
92.241.94.233 - - [21/Sep/2026:11:30:38 +0200] "POST /xmlrpc.php HTTP/1.1" 200 5900 "-" "Jetpack/12.1; WordPress/6.2; http://site78841945.com"
92.241.94.233 - - [21/Sep/2026:11:30:48 +0200] "POST /xmlrpc.php HTTP/1.1" 200 5868 "-" "Jetpack by WordPress.com (Jetpack 12.1; WordPress 6.3)"
16.216.88.236 - - [21/Sep/2026:11:30:51 +0200] "GET /because-of-it-be-effective-it-is-best-to-keep/politica-de-cookies HTTP/1.1" 301 5581 "-" "Mozilla/5.0 AppleWebKit/537.36 (KHTML, like Gecko; compatible; Reflectionbot/1.0; +https://reflection.ai/bot) Chrome/151.0.0.0 Safari/537.36"
16.216.88.236 - - [21/Sep/2026:11:30:52 +0200] "GET /politica-de-cookies/ HTTP/1.1" 200 36167 "-" "Mozilla/5.0 AppleWebKit/537.36 (KHTML, like Gecko; compatible; Reflectionbot/1.0; +https://reflection.ai/bot) Chrome/151.0.0.0 Safari/537.36"
92.241.94.233 - - [21/Sep/2026:11:30:58 +0200] "POST /xmlrpc.php HTTP/1.1" 200 5884 "-" "WordPress.com; https://wordpress.com"
85.208.96.210 - - [21/Sep/2026:11:31:05 +0200] "GET /voit-debat-segment-tchat-gratis-histoire-surs/ HTTP/1.1" 200 44985 "-" "Mozilla/5.0 (compatible; SemrushBot/7~bl; +http://www.semrush.com/bot.html)"
92.241.94.233 - - [21/Sep/2026:11:31:09 +0200] "POST /xmlrpc.php HTTP/1.1" 200 5884 "-" "Jetpack by WordPress.com"
92.241.94.233 - - [21/Sep/2026:11:31:20 +0200] "POST /xmlrpc.php HTTP/1.1" 200 5884 "-" "WordPress.com; https://wordpress.com"
198.244.226.80 - - [21/Sep/2026:11:31:23 +0200] "GET /category/chemistry-vs-match-username/ HTTP/1.1" 200 36796 "-" "Mozilla/5.0 (compatible; AhrefsBot/7.0; +http://ahrefs.com/robot/)"
92.241.94.233 - - [21/Sep/2026:11:31:30 +0200] "POST /xmlrpc.php HTTP/1.1" 200 5868 "-" "Jetpack by WordPress.com"
92.241.94.233 - - [21/Sep/2026:11:31:41 +0200] "POST /xmlrpc.php HTTP/1.1" 200 5884 "-" "Jetpack/12.5; WordPress/6.2; http://site97908686.com"
92.241.94.233 - - [21/Sep/2026:11:31:52 +0200] "POST /xmlrpc.php HTTP/1.1" 200 5884 "-" "WordPress.com; https://wordpress.com"
92.241.94.233 - - [21/Sep/2026:11:32:02 +0200] "POST /xmlrpc.php HTTP/1.1" 200 5900 "-" "Jetpack by WordPress.com (Jetpack 12.0; WordPress 6.4)"
92.241.94.233 - - [21/Sep/2026:11:32:13 +0200] "POST /xmlrpc.php HTTP/1.1" 200 5884 "-" "Jetpack by WordPress.com (Jetpack 12.0; WordPress 6.4)"
16.216.88.176 - - [21/Sep/2026:11:32:23 +0200] "GET /a-commendable-stop-and-you-will-good-coming-are/politica-de-privacidad HTTP/1.1" 301 5584 "-" "Mozilla/5.0 AppleWebKit/537.36 (KHTML, like Gecko; compatible; Reflectionbot/1.0; +https://reflection.ai/bot) Chrome/151.0.0.0 Safari/537.36"
16.216.88.176 - - [21/Sep/2026:11:32:23 +0200] "GET /politica-de-privacidad/ HTTP/1.1" 200 37422 "-" "Mozilla/5.0 AppleWebKit/537.36 (KHTML, like Gecko; compatible; Reflectionbot/1.0; +https://reflection.ai/bot) Chrome/151.0.0.0 Safari/537.36"
92.241.94.233 - - [21/Sep/2026:11:32:23 +0200] "POST /xmlrpc.php HTTP/1.1" 200 5868 "-" "Jetpack/13.0; WordPress/6.2; http://site56468146.com"
116.179.32.92 - - [21/Sep/2026:11:32:27 +0200] "GET /tonight-was-the-final-piece-of-my-50th-bday-5/contacto HTTP/1.1" 301 5570 "-" "Mozilla/5.0 (compatible; Baiduspider/2.0; +http://www.baidu.com/search/spider.html)"
116.179.32.197 - - [21/Sep/2026:11:32:28 +0200] "GET /contacto/ HTTP/1.1" 200 37717 "-" "Mozilla/5.0 (compatible; Baiduspider/2.0; +http://www.baidu.com/search/spider.html)"
92.241.94.233 - - [21/Sep/2026:11:32:34 +0200] "POST /xmlrpc.php HTTP/1.1" 200 5900 "-" "WordPress.com; https://wordpress.com"
51.195.183.118 - - [21/Sep/2026:11:32:35 +0200] "GET /category/cukerne-momma-sites-mobilni-web-2/ HTTP/1.1" 200 36755 "-" "Mozilla/5.0 (compatible; AhrefsBot/7.0; +http://ahrefs.com/robot/)"
92.241.94.233 - - [21/Sep/2026:11:32:45 +0200] "POST /xmlrpc.php HTTP/1.1" 200 5884 "-" "Jetpack/13.0; WordPress/6.2; http://site45306144.com"
92.241.94.233 - - [21/Sep/2026:11:32:55 +0200] "POST /xmlrpc.php HTTP/1.1" 200 5900 "-" "Jetpack by WordPress.com"
92.241.94.233 - - [21/Sep/2026:11:33:06 +0200] "POST /xmlrpc.php HTTP/1.1" 200 5900 "-" "WordPress.com; https://wordpress.com"
92.241.94.233 - - [21/Sep/2026:11:33:17 +0200] "POST /xmlrpc.php HTTP/1.1" 200 5900 "-" "WordPress.com; https://wordpress.com"
92.241.94.233 - - [21/Sep/2026:11:33:27 +0200] "POST /xmlrpc.php HTTP/1.1" 200 5884 "-" "Jetpack by WordPress.com (Jetpack 12.1; WordPress 6.4)"
92.241.94.233 - - [21/Sep/2026:11:33:38 +0200] "POST /xmlrpc.php HTTP/1.1" 200 5900 "-" "WordPress.com; https://wordpress.com"
198.244.183.189 - - [21/Sep/2026:11:33:47 +0200] "GET /category/disabled-dating-app-recensies-2/ HTTP/1.1" 200 36827 "-" "Mozilla/5.0 (compatible; AhrefsBot/7.0; +http://ahrefs.com/robot/)"
92.241.94.233 - - [21/Sep/2026:11:33:49 +0200] "POST /xmlrpc.php HTTP/1.1" 200 5884 "-" "Jetpack by WordPress.com (Jetpack 12.1; WordPress 6.4)"
85.208.96.197 - - [21/Sep/2026:11:33:53 +0200] "GET /i-m-cassandra-gorgeous-young-of-filipino-escort/nosotros HTTP/1.1" 301 5570 "-" "Mozilla/5.0 (compatible; SemrushBot/7~bl; +http://www.semrush.com/bot.html)"
92.241.94.233 - - [21/Sep/2026:11:33:59 +0200] "POST /xmlrpc.php HTTP/1.1" 200 5868 "-" "Jetpack by WordPress.com (Jetpack 12.5; WordPress 6.2)"
92.241.94.233 - - [21/Sep/2026:11:34:10 +0200] "POST /xmlrpc.php HTTP/1.1" 200 5900 "-" "Jetpack by WordPress.com"
92.241.94.233 - - [21/Sep/2026:11:34:20 +0200] "POST /xmlrpc.php HTTP/1.1" 200 5884 "-" "WordPress.com; https://wordpress.com"
85.208.96.199 - - [21/Sep/2026:11:34:24 +0200] "GET /hot-mistress-caccia-schiavo-sottomesso-nel-caso/contacto HTTP/1.1" 301 5554 "-" "Mozilla/5.0 (compatible; SemrushBot/7~bl; +http://www.semrush.com/bot.html)"
92.241.94.233 - - [21/Sep/2026:11:34:31 +0200] "POST /xmlrpc.php HTTP/1.1" 200 5900 "-" "WordPress.com; https://wordpress.com"
92.241.94.233 - - [21/Sep/2026:11:34:42 +0200] "POST /xmlrpc.php HTTP/1.1" 200 5868 "-" "WordPress.com; https://wordpress.com"
92.241.94.233 - - [21/Sep/2026:11:34:52 +0200] "POST /xmlrpc.php HTTP/1.1" 200 5868 "-" "Jetpack by WordPress.com"
92.241.94.233 - - [21/Sep/2026:11:35:03 +0200] "POST /xmlrpc.php HTTP/1.1" 200 5900 "-" "Jetpack/12.5; WordPress/6.1; http://site36185231.com"
51.195.183.162 - - [21/Sep/2026:11:35:05 +0200] "GET /category/immediate-payday-loans/ HTTP/1.1" 200 36713 "-" "Mozilla/5.0 (compatible; AhrefsBot/7.0; +http://ahrefs.com/robot/)"
92.241.94.233 - - [21/Sep/2026:11:35:14 +0200] "POST /xmlrpc.php HTTP/1.1" 200 5884 "-" "Jetpack by WordPress.com"
92.241.94.233 - - [21/Sep/2026:11:35:24 +0200] "POST /xmlrpc.php HTTP/1.1" 200 5884 "-" "WordPress.com; https://wordpress.com"
92.241.94.233 - - [21/Sep/2026:11:35:35 +0200] "POST /xmlrpc.php HTTP/1.1" 200 5868 "-" "Jetpack/12.5; WordPress/6.1; http://site81122301.com"
89.248.107.232 - - [21/Sep/2026:11:35:46 +0200] "POST /wp-cron.php?doing_wp_cron=1789983346.1905689239501953125000 HTTP/1.1" 200 5489 "https://gessing.es/wp-cron.php?doing_wp_cron=1789983346.1905689239501953125000" "WordPress/6.1.13; https://gessing.es"
92.241.94.233 - - [21/Sep/2026:11:35:46 +0200] "POST /xmlrpc.php HTTP/1.1" 200 5900 "-" "Jetpack by WordPress.com (Jetpack 13.0; WordPress 6.3)"
92.241.94.233 - - [21/Sep/2026:11:35:56 +0200] "POST /xmlrpc.php HTTP/1.1" 200 5884 "-" "Jetpack by WordPress.com"
16.216.88.222 - - [21/Sep/2026:11:35:57 +0200] "GET /have-you-been-and-your-mate-considering-starting/actividades HTTP/1.1" 301 5589 "-" "Mozilla/5.0 AppleWebKit/537.36 (KHTML, like Gecko; compatible; Reflectionbot/1.0; +https://reflection.ai/bot) Chrome/151.0.0.0 Safari/537.36"
16.216.88.222 - - [21/Sep/2026:11:35:57 +0200] "GET /actividades/ HTTP/1.1" 200 39444 "-" "Mozilla/5.0 AppleWebKit/537.36 (KHTML, like Gecko; compatible; Reflectionbot/1.0; +https://reflection.ai/bot) Chrome/151.0.0.0 Safari/537.36"
92.241.94.233 - - [21/Sep/2026:11:36:07 +0200] "POST /xmlrpc.php HTTP/1.1" 200 5884 "-" "WordPress.com; https://wordpress.com"
92.241.94.233 - - [21/Sep/2026:11:36:17 +0200] "POST /xmlrpc.php HTTP/1.1" 200 5868 "-" "Jetpack by WordPress.com"
198.244.168.82 - - [21/Sep/2026:11:36:24 +0200] "GET /category/smooch-dating-reviews-2/ HTTP/1.1" 200 36630 "-" "Mozilla/5.0 (compatible; AhrefsBot/7.0; +http://ahrefs.com/robot/)"
92.241.94.233 - - [21/Sep/2026:11:36:28 +0200] "POST /xmlrpc.php HTTP/1.1" 200 5884 "-" "Jetpack by WordPress.com"
92.241.94.233 - - [21/Sep/2026:11:36:39 +0200] "POST /xmlrpc.php HTTP/1.1" 200 5884 "-" "Jetpack by WordPress.com"
92.241.94.233 - - [21/Sep/2026:11:36:49 +0200] "POST /xmlrpc.php HTTP/1.1" 200 5900 "-" "Jetpack/12.5; WordPress/6.3; http://site19967635.com"
92.241.94.233 - - [21/Sep/2026:11:37:00 +0200] "POST /xmlrpc.php HTTP/1.1" 200 5884 "-" "Jetpack by WordPress.com"
92.241.94.233 - - [21/Sep/2026:11:37:11 +0200] "POST /xmlrpc.php HTTP/1.1" 200 5884 "-" "WordPress.com; https://wordpress.com"
92.241.94.233 - - [21/Sep/2026:11:37:21 +0200] "POST /xmlrpc.php HTTP/1.1" 200 5884 "-" "Jetpack by WordPress.com (Jetpack 12.1; WordPress 6.3)"
66.249.64.6 - - [21/Sep/2026:11:37:30 +0200] "GET /robots.txt HTTP/1.1" 200 5695 "-" "Mozilla/5.0 (compatible; Googlebot/2.1; +http://www.google.com/bot.html)"
66.249.64.6 - - [21/Sep/2026:11:37:31 +0200] "GET / HTTP/1.1" 200 36230 "-" "Mozilla/5.0 (compatible; Googlebot/2.1; +http://www.google.com/bot.html)"
92.241.94.233 - - [21/Sep/2026:11:37:32 +0200] "POST /xmlrpc.php HTTP/1.1" 200 5868 "-" "Jetpack by WordPress.com"
51.195.215.150 - - [21/Sep/2026:11:37:42 +0200] "GET /category/littlepeoplemeet-visitors-2/ HTTP/1.1" 200 37646 "-" "Mozilla/5.0 (compatible; AhrefsBot/7.0; +http://ahrefs.com/robot/)"
92.241.94.233 - - [21/Sep/2026:11:37:42 +0200] "POST /xmlrpc.php HTTP/1.1" 200 5884 "-" "Jetpack by WordPress.com"
92.241.94.233 - - [21/Sep/2026:11:37:53 +0200] "POST /xmlrpc.php HTTP/1.1" 200 5900 "-" "Jetpack/12.0; WordPress/6.2; http://site71759583.com"
92.241.94.233 - - [21/Sep/2026:11:38:04 +0200] "POST /xmlrpc.php HTTP/1.1" 200 5884 "-" "Jetpack by WordPress.com"
92.241.94.233 - - [21/Sep/2026:11:38:14 +0200] "POST /xmlrpc.php HTTP/1.1" 200 5884 "-" "Jetpack by WordPress.com"
161.35.69.250 - - [21/Sep/2026:11:38:17 +0200] "POST /wp-login.php HTTP/1.1" 200 14202 "-" "Mozilla/5.0"
161.35.69.250 - - [21/Sep/2026:11:38:17 +0200] "POST /wp-login.php HTTP/1.1" 200 14230 "-" "Mozilla/5.0"
92.241.94.233 - - [21/Sep/2026:11:38:25 +0200] "POST /xmlrpc.php HTTP/1.1" 200 5884 "-" "Jetpack by WordPress.com (Jetpack 12.1; WordPress 6.2)"
92.241.94.233 - - [21/Sep/2026:11:38:36 +0200] "POST /xmlrpc.php HTTP/1.1" 200 5868 "-" "Jetpack by WordPress.com"
92.241.94.233 - - [21/Sep/2026:11:38:46 +0200] "POST /xmlrpc.php HTTP/1.1" 200 5884 "-" "Jetpack by WordPress.com"
92.241.94.233 - - [21/Sep/2026:11:38:57 +0200] "POST /xmlrpc.php HTTP/1.1" 200 5884 "-" "Jetpack by WordPress.com (Jetpack 12.1; WordPress 6.4)"
51.195.244.10 - - [21/Sep/2026:11:39:00 +0200] "GET /category/okcupid-avis-2/ HTTP/1.1" 200 37957 "-" "Mozilla/5.0 (compatible; AhrefsBot/7.0; +http://ahrefs.com/robot/)"
92.241.94.233 - - [21/Sep/2026:11:39:08 +0200] "POST /xmlrpc.php HTTP/1.1" 200 5868 "-" "Jetpack by WordPress.com"
92.241.94.233 - - [21/Sep/2026:11:39:18 +0200] "POST /xmlrpc.php HTTP/1.1" 200 5868 "-" "Jetpack/12.5; WordPress/6.2; http://site42524698.com"
92.241.94.233 - - [21/Sep/2026:11:39:29 +0200] "POST /xmlrpc.php HTTP/1.1" 200 5900 "-" "Jetpack/12.5; WordPress/6.1; http://site45570880.com"
85.208.96.202 - - [21/Sep/2026:11:39:34 +0200] "GET /however-these-a-many-years-bundle-financing-that/actividades HTTP/1.1" 301 5557 "-" "Mozilla/5.0 (compatible; SemrushBot/7~bl; +http://www.semrush.com/bot.html)"
92.241.94.233 - - [21/Sep/2026:11:39:40 +0200] "POST /xmlrpc.php HTTP/1.1" 200 5900 "-" "Jetpack by WordPress.com (Jetpack 12.5; WordPress 6.2)"
16.216.88.127 - - [21/Sep/2026:11:39:44 +0200] "GET /gemini-girl-and-you-may-taurus-kid-being/actividades HTTP/1.1" 301 5573 "-" "Mozilla/5.0 AppleWebKit/537.36 (KHTML, like Gecko; compatible; Reflectionbot/1.0; +https://reflection.ai/bot) Chrome/151.0.0.0 Safari/537.36"
16.216.88.127 - - [21/Sep/2026:11:39:44 +0200] "GET /actividades/ HTTP/1.1" 200 39460 "-" "Mozilla/5.0 AppleWebKit/537.36 (KHTML, like Gecko; compatible; Reflectionbot/1.0; +https://reflection.ai/bot) Chrome/151.0.0.0 Safari/537.36"
92.241.94.233 - - [21/Sep/2026:11:39:50 +0200] "POST /xmlrpc.php HTTP/1.1" 200 5900 "-" "Jetpack/13.0; WordPress/6.2; http://site81366533.com"
92.241.94.233 - - [21/Sep/2026:11:40:01 +0200] "POST /xmlrpc.php HTTP/1.1" 200 5884 "-" "Jetpack/13.0; WordPress/6.4; http://site47502751.com"
92.241.94.233 - - [21/Sep/2026:11:40:12 +0200] "POST /xmlrpc.php HTTP/1.1" 200 5868 "-" "Jetpack by WordPress.com (Jetpack 13.0; WordPress 6.2)"
51.195.183.188 - - [21/Sep/2026:11:40:18 +0200] "GET /category/tgpersonals-overzicht-review-2/ HTTP/1.1" 200 36678 "-" "Mozilla/5.0 (compatible; AhrefsBot/7.0; +http://ahrefs.com/robot/)"
92.241.94.233 - - [21/Sep/2026:11:40:22 +0200] "POST /xmlrpc.php HTTP/1.1" 200 5900 "-" "Jetpack by WordPress.com (Jetpack 12.5; WordPress 6.3)"
92.241.94.233 - - [21/Sep/2026:11:40:33 +0200] "POST /xmlrpc.php HTTP/1.1" 200 5868 "-" "Jetpack by WordPress.com (Jetpack 12.0; WordPress 6.3)"
16.216.88.226 - - [21/Sep/2026:11:40:40 +0200] "GET /for-the-european-countries-single-women-to-own/medio-ambiente HTTP/1.1" 301 5576 "-" "Mozilla/5.0 AppleWebKit/537.36 (KHTML, like Gecko; compatible; Reflectionbot/1.0; +https://reflection.ai/bot) Chrome/151.0.0.0 Safari/537.36"
16.216.88.226 - - [21/Sep/2026:11:40:40 +0200] "GET /medio-ambiente/ HTTP/1.1" 200 35031 "-" "Mozilla/5.0 AppleWebKit/537.36 (KHTML, like Gecko; compatible; Reflectionbot/1.0; +https://reflection.ai/bot) Chrome/151.0.0.0 Safari/537.36"
92.241.94.233 - - [21/Sep/2026:11:40:44 +0200] "POST /xmlrpc.php HTTP/1.1" 200 5884 "-" "Jetpack/12.5; WordPress/6.3; http://site66170763.com"
92.241.94.233 - - [21/Sep/2026:11:40:54 +0200] "POST /xmlrpc.php HTTP/1.1" 200 5884 "-" "Jetpack/13.0; WordPress/6.2; http://site24368979.com"
92.241.94.233 - - [21/Sep/2026:11:41:05 +0200] "POST /xmlrpc.php HTTP/1.1" 200 5900 "-" "Jetpack by WordPress.com"
92.241.94.233 - - [21/Sep/2026:11:41:15 +0200] "POST /xmlrpc.php HTTP/1.1" 200 5884 "-" "WordPress.com; https://wordpress.com"
92.241.94.233 - - [21/Sep/2026:11:41:26 +0200] "POST /xmlrpc.php HTTP/1.1" 200 5868 "-" "Jetpack/13.0; WordPress/6.3; http://site48333673.com"
198.244.242.34 - - [21/Sep/2026:11:41:37 +0200] "GET /category/zoosk-funziona/ HTTP/1.1" 200 37050 "-" "Mozilla/5.0 (compatible; AhrefsBot/7.0; +http://ahrefs.com/robot/)"
92.241.94.233 - - [21/Sep/2026:11:41:37 +0200] "POST /xmlrpc.php HTTP/1.1" 200 5868 "-" "Jetpack by WordPress.com"
92.241.94.233 - - [21/Sep/2026:11:41:47 +0200] "POST /xmlrpc.php HTTP/1.1" 200 5884 "-" "Jetpack by WordPress.com"
92.241.94.233 - - [21/Sep/2026:11:41:58 +0200] "POST /xmlrpc.php HTTP/1.1" 200 5884 "-" "Jetpack/13.0; WordPress/6.2; http://site56458159.com"
92.241.94.233 - - [21/Sep/2026:11:42:09 +0200] "POST /xmlrpc.php HTTP/1.1" 200 5884 "-" "Jetpack by WordPress.com (Jetpack 12.5; WordPress 6.1)"
92.241.94.233 - - [21/Sep/2026:11:42:19 +0200] "POST /xmlrpc.php HTTP/1.1" 200 5900 "-" "WordPress.com; https://wordpress.com"
92.241.94.233 - - [21/Sep/2026:11:42:30 +0200] "POST /xmlrpc.php HTTP/1.1" 200 5868 "-" "Jetpack/12.0; WordPress/6.4; http://site43881584.com"
92.241.94.233 - - [21/Sep/2026:11:42:41 +0200] "POST /xmlrpc.php HTTP/1.1" 200 5900 "-" "Jetpack by WordPress.com (Jetpack 12.1; WordPress 6.1)"
92.241.94.233 - - [21/Sep/2026:11:42:51 +0200] "POST /xmlrpc.php HTTP/1.1" 200 5900 "-" "Jetpack by WordPress.com"
198.244.168.81 - - [21/Sep/2026:11:42:55 +0200] "GET /category/afrointroductions-review/ HTTP/1.1" 200 36963 "-" "Mozilla/5.0 (compatible; AhrefsBot/7.0; +http://ahrefs.com/robot/)"
92.241.94.233 - - [21/Sep/2026:11:43:02 +0200] "POST /xmlrpc.php HTTP/1.1" 200 5884 "-" "WordPress.com; https://wordpress.com"
85.208.96.212 - - [21/Sep/2026:11:43:05 +0200] "GET /fifteen-a-means-to-enjoys-a-much-better-dating/actividades HTTP/1.1" 301 5573 "-" "Mozilla/5.0 (compatible; SemrushBot/7~bl; +http://www.semrush.com/bot.html)"
92.241.94.233 - - [21/Sep/2026:11:43:13 +0200] "POST /xmlrpc.php HTTP/1.1" 200 5900 "-" "Jetpack/12.5; WordPress/6.3; http://site51007310.com"
92.241.94.233 - - [21/Sep/2026:11:43:23 +0200] "POST /xmlrpc.php HTTP/1.1" 200 5884 "-" "Jetpack by WordPress.com (Jetpack 13.0; WordPress 6.3)"
216.73.217.1 - - [21/Sep/2026:11:43:27 +0200] "GET /?p=3185 HTTP/1.1" 301 5543 "-" "Mozilla/5.0 AppleWebKit/537.36 (KHTML, like Gecko; compatible; ClaudeBot/1.0; +claudebot@anthropic.com)"
216.73.217.1 - - [21/Sep/2026:11:43:27 +0200] "GET /alcool-simoncini-le-parcours-absorbant-de-notre/ HTTP/1.1" 200 47946 "-" "Mozilla/5.0 AppleWebKit/537.36 (KHTML, like Gecko; compatible; ClaudeBot/1.0; +claudebot@anthropic.com)"
165.99.216.203 - - [21/Sep/2026:11:43:27 +0200] "GET /medio-ambiente/actividades HTTP/1.1" 301 5573 "-" "Mozilla/5.0 (iPhone; CPU iPhone OS 26_3 like Mac OS X) AppleWebKit/605.1.15 (KHTML, like Gecko) FxiOS/153.0 Mobile/15E148 Safari/604.1"
216.73.217.1 - - [21/Sep/2026:11:43:28 +0200] "GET /alcool-simoncini-le-parcours-absorbant-de-notre/ HTTP/1.1" 200 47962 "https://gessing.es/?p=3185" "Mozilla/5.0 AppleWebKit/537.36 (KHTML, like Gecko; compatible; ClaudeBot/1.0; +claudebot@anthropic.com)"
165.99.216.203 - - [21/Sep/2026:11:43:30 +0200] "GET /actividades/ HTTP/1.1" 200 39460 "https://gessing.es/medio-ambiente/actividades" "Mozilla/5.0 (iPhone; CPU iPhone OS 26_3 like Mac OS X) AppleWebKit/605.1.15 (KHTML, like Gecko) FxiOS/153.0 Mobile/15E148 Safari/604.1"
92.241.94.233 - - [21/Sep/2026:11:43:34 +0200] "POST /xmlrpc.php HTTP/1.1" 200 5884 "-" "Jetpack by WordPress.com"
216.73.217.1 - - [21/Sep/2026:11:43:28 +0200] "GET /alcool-simoncini-le-parcours-absorbant-de-notre/feed/ HTTP/1.1" 200 6669 "-" "Mozilla/5.0 AppleWebKit/537.36 (KHTML, like Gecko; compatible; ClaudeBot/1.0; +claudebot@anthropic.com)"
85.208.96.201 - - [21/Sep/2026:11:43:37 +0200] "GET /ten-ways-to-win-a-putting-in-a-bid-combat-for-your/ HTTP/1.1" 200 45895 "-" "Mozilla/5.0 (compatible; SemrushBot/7~bl; +http://www.semrush.com/bot.html)"
216.73.217.1 - - [21/Sep/2026:11:43:42 +0200] "GET /alcool-simoncini-le-parcours-absorbant-de-notre/actividades HTTP/1.1" 301 5589 "-" "Mozilla/5.0 AppleWebKit/537.36 (KHTML, like Gecko; compatible; ClaudeBot/1.0; +claudebot@anthropic.com)"
216.73.217.1 - - [21/Sep/2026:11:43:42 +0200] "GET /alcool-simoncini-le-parcours-absorbant-de-notre/contacto HTTP/1.1" 301 5570 "-" "Mozilla/5.0 AppleWebKit/537.36 (KHTML, like Gecko; compatible; ClaudeBot/1.0; +claudebot@anthropic.com)"
216.73.217.1 - - [21/Sep/2026:11:43:42 +0200] "GET /contacto/ HTTP/1.1" 200 37701 "https://gessing.es/alcool-simoncini-le-parcours-absorbant-de-notre/contacto" "Mozilla/5.0 AppleWebKit/537.36 (KHTML, like Gecko; compatible; ClaudeBot/1.0; +claudebot@anthropic.com)"
216.73.217.1 - - [21/Sep/2026:11:43:42 +0200] "GET /actividades/ HTTP/1.1" 200 39460 "https://gessing.es/alcool-simoncini-le-parcours-absorbant-de-notre/actividades" "Mozilla/5.0 AppleWebKit/537.36 (KHTML, like Gecko; compatible; ClaudeBot/1.0; +claudebot@anthropic.com)"
92.241.94.233 - - [21/Sep/2026:11:43:45 +0200] "POST /xmlrpc.php HTTP/1.1" 200 5868 "-" "WordPress.com; https://wordpress.com"
85.208.96.195 - - [21/Sep/2026:11:43:53 +0200] "GET /i-might-choose-features-another-with-him-and-vow/adjudicaciones HTTP/1.1" 301 5560 "-" "Mozilla/5.0 (compatible; SemrushBot/7~bl; +http://www.semrush.com/bot.html)"
216.73.217.1 - - [21/Sep/2026:11:43:54 +0200] "GET /alcool-simoncini-le-parcours-absorbant-de-notre/nosotros HTTP/1.1" 301 5586 "-" "Mozilla/5.0 AppleWebKit/537.36 (KHTML, like Gecko; compatible; ClaudeBot/1.0; +claudebot@anthropic.com)"
216.73.217.1 - - [21/Sep/2026:11:43:54 +0200] "GET /alcool-simoncini-le-parcours-absorbant-de-notre/medio-ambiente HTTP/1.1" 301 5576 "-" "Mozilla/5.0 AppleWebKit/537.36 (KHTML, like Gecko; compatible; ClaudeBot/1.0; +claudebot@anthropic.com)"
216.73.217.1 - - [21/Sep/2026:11:43:54 +0200] "GET /nosotros/ HTTP/1.1" 200 35924 "https://gessing.es/alcool-simoncini-le-parcours-absorbant-de-notre/nosotros" "Mozilla/5.0 AppleWebKit/537.36 (KHTML, like Gecko; compatible; ClaudeBot/1.0; +claudebot@anthropic.com)"
216.73.217.1 - - [21/Sep/2026:11:43:54 +0200] "GET /medio-ambiente/ HTTP/1.1" 200 35047 "https://gessing.es/alcool-simoncini-le-parcours-absorbant-de-notre/medio-ambiente" "Mozilla/5.0 AppleWebKit/537.36 (KHTML, like Gecko; compatible; ClaudeBot/1.0; +claudebot@anthropic.com)"
92.241.94.233 - - [21/Sep/2026:11:43:55 +0200] "POST /xmlrpc.php HTTP/1.1" 200 5868 "-" "Jetpack by WordPress.com"
92.241.94.233 - - [21/Sep/2026:11:44:06 +0200] "POST /xmlrpc.php HTTP/1.1" 200 5884 "-" "Jetpack/12.1; WordPress/6.4; http://site89349351.com"
216.73.217.1 - - [21/Sep/2026:11:44:09 +0200] "GET /alcool-simoncini-le-parcours-absorbant-de-notre/politica-de-cookies HTTP/1.1" 301 5581 "-" "Mozilla/5.0 AppleWebKit/537.36 (KHTML, like Gecko; compatible; ClaudeBot/1.0; +claudebot@anthropic.com)"
216.73.217.1 - - [21/Sep/2026:11:44:09 +0200] "GET /alcool-simoncini-le-parcours-absorbant-de-notre/adjudicaciones HTTP/1.1" 301 5576 "-" "Mozilla/5.0 AppleWebKit/537.36 (KHTML, like Gecko; compatible; ClaudeBot/1.0; +claudebot@anthropic.com)"
216.73.217.1 - - [21/Sep/2026:11:44:10 +0200] "GET /politica-de-cookies/ HTTP/1.1" 200 36167 "https://gessing.es/alcool-simoncini-le-parcours-absorbant-de-notre/politica-de-cookies" "Mozilla/5.0 AppleWebKit/537.36 (KHTML, like Gecko; compatible; ClaudeBot/1.0; +claudebot@anthropic.com)"
216.73.217.1 - - [21/Sep/2026:11:44:10 +0200] "GET /adjudicaciones/ HTTP/1.1" 200 53257 "https://gessing.es/alcool-simoncini-le-parcours-absorbant-de-notre/adjudicaciones" "Mozilla/5.0 AppleWebKit/537.36 (KHTML, like Gecko; compatible; ClaudeBot/1.0; +claudebot@anthropic.com)"
198.244.240.126 - - [21/Sep/2026:11:44:13 +0200] "GET /category/best-hookup-apps-anonymous-2/ HTTP/1.1" 200 36734 "-" "Mozilla/5.0 (compatible; AhrefsBot/7.0; +http://ahrefs.com/robot/)"
92.241.94.233 - - [21/Sep/2026:11:44:17 +0200] "POST /xmlrpc.php HTTP/1.1" 200 5868 "-" "Jetpack by WordPress.com"
216.73.217.1 - - [21/Sep/2026:11:44:25 +0200] "GET /alcool-simoncini-le-parcours-absorbant-de-notre/politica-de-privacidad HTTP/1.1" 301 5568 "-" "Mozilla/5.0 AppleWebKit/537.36 (KHTML, like Gecko; compatible; ClaudeBot/1.0; +claudebot@anthropic.com)"
216.73.217.1 - - [21/Sep/2026:11:44:25 +0200] "GET /?p=2147 HTTP/1.1" 301 5575 "-" "Mozilla/5.0 AppleWebKit/537.36 (KHTML, like Gecko; compatible; ClaudeBot/1.0; +claudebot@anthropic.com)"
216.73.217.1 - - [21/Sep/2026:11:44:25 +0200] "GET /politica-de-privacidad/ HTTP/1.1" 200 37406 "https://gessing.es/alcool-simoncini-le-parcours-absorbant-de-notre/politica-de-privacidad" "Mozilla/5.0 AppleWebKit/537.36 (KHTML, like Gecko; compatible; ClaudeBot/1.0; +claudebot@anthropic.com)"
216.73.217.1 - - [21/Sep/2026:11:44:25 +0200] "GET /not-merely-really-does-she-want-to-build-memory/ HTTP/1.1" 200 43695 "https://gessing.es/?p=2147" "Mozilla/5.0 AppleWebKit/537.36 (KHTML, like Gecko; compatible; ClaudeBot/1.0; +claudebot@anthropic.com)"
92.241.94.233 - - [21/Sep/2026:11:44:27 +0200] "POST /xmlrpc.php HTTP/1.1" 200 5868 "-" "Jetpack by WordPress.com"
216.73.217.1 - - [21/Sep/2026:11:44:30 +0200] "GET /?p=3927 HTTP/1.1" 301 5572 "-" "Mozilla/5.0 AppleWebKit/537.36 (KHTML, like Gecko; compatible; ClaudeBot/1.0; +claudebot@anthropic.com)"
216.73.217.1 - - [21/Sep/2026:11:44:30 +0200] "GET /?p=4295 HTTP/1.1" 301 5561 "-" "Mozilla/5.0 AppleWebKit/537.36 (KHTML, like Gecko; compatible; ClaudeBot/1.0; +claudebot@anthropic.com)"
216.73.217.1 - - [21/Sep/2026:11:44:31 +0200] "GET /plus-bas-condition-pour-bagarre-serieuse-gay/ HTTP/1.1" 200 46855 "https://gessing.es/?p=3927" "Mozilla/5.0 AppleWebKit/537.36 (KHTML, like Gecko; compatible; ClaudeBot/1.0; +claudebot@anthropic.com)"
216.73.217.1 - - [21/Sep/2026:11:44:31 +0200] "GET /lass-mich-indem-referieren-instagram-hei-t-voller/ HTTP/1.1" 200 44941 "https://gessing.es/?p=4295" "Mozilla/5.0 AppleWebKit/537.36 (KHTML, like Gecko; compatible; ClaudeBot/1.0; +claudebot@anthropic.com)"
5.255.231.76 - - [21/Sep/2026:11:44:33 +0200] "GET /robots.txt HTTP/1.1" 200 5663 "-" "Mozilla/5.0 (compatible; YandexBot/3.0; +http://yandex.com/bots)"
87.250.224.127 - - [21/Sep/2026:11:44:34 +0200] "GET /affaire-hulot-des-membres-du-gouvernement-2/ HTTP/1.1" 200 43165 "-" "Mozilla/5.0 (compatible; YandexBot/3.0; +http://yandex.com/bots)"
92.241.94.233 - - [21/Sep/2026:11:44:38 +0200] "POST /xmlrpc.php HTTP/1.1" 200 5868 "-" "WordPress.com; https://wordpress.com"
92.241.94.233 - - [21/Sep/2026:11:44:48 +0200] "POST /xmlrpc.php HTTP/1.1" 200 5900 "-" "Jetpack by WordPress.com"
216.73.217.1 - - [21/Sep/2026:11:44:55 +0200] "GET /not-merely-really-does-she-want-to-build-memory/ HTTP/1.1" 200 43711 "-" "Mozilla/5.0 AppleWebKit/537.36 (KHTML, like Gecko; compatible; ClaudeBot/1.0; +claudebot@anthropic.com)"
92.241.94.233 - - [21/Sep/2026:11:44:59 +0200] "POST /xmlrpc.php HTTP/1.1" 200 5868 "-" "WordPress.com; https://wordpress.com"
216.73.217.1 - - [21/Sep/2026:11:44:55 +0200] "GET /not-merely-really-does-she-want-to-build-memory/feed/ HTTP/1.1" 200 6665 "-" "Mozilla/5.0 AppleWebKit/537.36 (KHTML, like Gecko; compatible; ClaudeBot/1.0; +claudebot@anthropic.com)"
92.241.94.233 - - [21/Sep/2026:11:45:10 +0200] "POST /xmlrpc.php HTTP/1.1" 200 5900 "-" "Jetpack by WordPress.com"
92.241.94.233 - - [21/Sep/2026:11:45:20 +0200] "POST /xmlrpc.php HTTP/1.1" 200 5900 "-" "Jetpack by WordPress.com (Jetpack 13.0; WordPress 6.1)"
216.73.217.1 - - [21/Sep/2026:11:45:25 +0200] "GET /not-merely-really-does-she-want-to-build-memory/actividades HTTP/1.1" 301 5589 "-" "Mozilla/5.0 AppleWebKit/537.36 (KHTML, like Gecko; compatible; ClaudeBot/1.0; +claudebot@anthropic.com)"
216.73.217.1 - - [21/Sep/2026:11:45:25 +0200] "GET /not-merely-really-does-she-want-to-build-memory/contacto HTTP/1.1" 301 5570 "-" "Mozilla/5.0 AppleWebKit/537.36 (KHTML, like Gecko; compatible; ClaudeBot/1.0; +claudebot@anthropic.com)"
216.73.217.1 - - [21/Sep/2026:11:45:25 +0200] "GET /actividades/ HTTP/1.1" 200 39444 "https://gessing.es/not-merely-really-does-she-want-to-build-memory/actividades" "Mozilla/5.0 AppleWebKit/537.36 (KHTML, like Gecko; compatible; ClaudeBot/1.0; +claudebot@anthropic.com)"
216.73.217.1 - - [21/Sep/2026:11:45:25 +0200] "GET /contacto/ HTTP/1.1" 200 37701 "https://gessing.es/not-merely-really-does-she-want-to-build-memory/contacto" "Mozilla/5.0 AppleWebKit/537.36 (KHTML, like Gecko; compatible; ClaudeBot/1.0; +claudebot@anthropic.com)"
92.241.94.233 - - [21/Sep/2026:11:45:31 +0200] "POST /xmlrpc.php HTTP/1.1" 200 5900 "-" "Jetpack/13.0; WordPress/6.2; http://site56156534.com"
51.195.215.242 - - [21/Sep/2026:11:45:31 +0200] "GET /category/cuddli-servicio-al-cliente-2/ HTTP/1.1" 200 37788 "-" "Mozilla/5.0 (compatible; AhrefsBot/7.0; +http://ahrefs.com/robot/)"
