85.208.96.197 - - [21/Sep/2026:07:50:07 +0200] "GET /mr-green-casino-10-free-spins-no-deposit-bonus-22/politica-de-privacidad HTTP/1.1" 301 5584 "-" "Mozilla/5.0 (compatible; SemrushBot/7~bl; +http://www.semrush.com/bot.html)"
180.243.197.57 - - [21/Sep/2026:07:50:09 +0200] "POST /xmlrpc.php HTTP/1.1" 200 5884 "-" "Jetpack/13.0; WordPress/6.2; http://site73422372.com"
110.227.208.180 - - [21/Sep/2026:07:50:12 +0200] "POST /xmlrpc.php HTTP/1.1" 200 5868 "-" "Jetpack/12.5; WordPress/6.1; http://site36234184.com"
103.79.168.78 - - [21/Sep/2026:07:50:13 +0200] "POST /xmlrpc.php HTTP/1.1" 200 5900 "-" "Jetpack/12.5; WordPress/6.4; http://site24768156.com"
216.73.217.1 - - [21/Sep/2026:07:50:18 +0200] "GET /is-i-permitted-to-render-financing-in-the-place-of/politica-de-cookies HTTP/1.1" 301 5597 "-" "Mozilla/5.0 AppleWebKit/537.36 (KHTML, like Gecko; compatible; ClaudeBot/1.0; +claudebot@anthropic.com)"
216.73.217.1 - - [21/Sep/2026:07:50:18 +0200] "GET /is-i-permitted-to-render-financing-in-the-place-of/politica-de-privacidad HTTP/1.1" 301 5600 "-" "Mozilla/5.0 AppleWebKit/537.36 (KHTML, like Gecko; compatible; ClaudeBot/1.0; +claudebot@anthropic.com)"
216.73.217.1 - - [21/Sep/2026:07:50:18 +0200] "GET /politica-de-cookies/ HTTP/1.1" 200 36151 "https://gessing.es/is-i-permitted-to-render-financing-in-the-place-of/politica-de-cookies" "Mozilla/5.0 AppleWebKit/537.36 (KHTML, like Gecko; compatible; ClaudeBot/1.0; +claudebot@anthropic.com)"
216.73.217.1 - - [21/Sep/2026:07:50:18 +0200] "GET /politica-de-privacidad/ HTTP/1.1" 200 37406 "https://gessing.es/is-i-permitted-to-render-financing-in-the-place-of/politica-de-privacidad" "Mozilla/5.0 AppleWebKit/537.36 (KHTML, like Gecko; compatible; ClaudeBot/1.0; +claudebot@anthropic.com)"
198.244.240.240 - - [21/Sep/2026:07:50:19 +0200] "GET /category/shreveport-eros-escort-2/ HTTP/1.1" 200 36672 "-" "Mozilla/5.0 (compatible; AhrefsBot/7.0; +http://ahrefs.com/robot/)"
180.243.197.57 - - [21/Sep/2026:07:50:20 +0200] "POST /xmlrpc.php HTTP/1.1" 200 5900 "-" "Jetpack/12.1; WordPress/6.4; http://site43013639.com"
72.145.83.93 - - [21/Sep/2026:07:50:22 +0200] "HEAD /nosotros HTTP/1.1" 301 5458 "-" "Mozilla/5.0 (Windows NT 10.0; Win64; x64) AppleWebKit/537.36 (KHTML, like Gecko) Chrome/79.0.3945.74 Safari/537.36 Edg/79.0.309.43"
110.227.208.180 - - [21/Sep/2026:07:50:23 +0200] "POST /xmlrpc.php HTTP/1.1" 200 5884 "-" "Jetpack by WordPress.com (Jetpack 12.5; WordPress 6.3)"
103.79.168.78 - - [21/Sep/2026:07:50:24 +0200] "POST /xmlrpc.php HTTP/1.1" 200 5900 "-" "Jetpack by WordPress.com"
180.243.197.57 - - [21/Sep/2026:07:50:31 +0200] "POST /xmlrpc.php HTTP/1.1" 200 5900 "-" "Jetpack by WordPress.com (Jetpack 13.0; WordPress 6.2)"
110.227.208.180 - - [21/Sep/2026:07:50:33 +0200] "POST /xmlrpc.php HTTP/1.1" 200 5884 "-" "Jetpack/12.5; WordPress/6.4; http://site23846593.com"
103.79.168.78 - - [21/Sep/2026:07:50:35 +0200] "POST /xmlrpc.php HTTP/1.1" 200 5884 "-" "Jetpack/13.0; WordPress/6.1; http://site57262163.com"
216.73.217.1 - - [21/Sep/2026:07:50:39 +0200] "GET /?p=4699 HTTP/1.1" 301 5555 "-" "Mozilla/5.0 AppleWebKit/537.36 (KHTML, like Gecko; compatible; ClaudeBot/1.0; +claudebot@anthropic.com)"
216.73.217.1 - - [21/Sep/2026:07:50:39 +0200] "GET /?p=3463 HTTP/1.1" 301 5542 "-" "Mozilla/5.0 AppleWebKit/537.36 (KHTML, like Gecko; compatible; ClaudeBot/1.0; +claudebot@anthropic.com)"
216.73.217.1 - - [21/Sep/2026:07:50:39 +0200] "GET /your-ex-lover-is-obviously-toward-defensive/ HTTP/1.1" 200 42843 "https://gessing.es/?p=4699" "Mozilla/5.0 AppleWebKit/537.36 (KHTML, like Gecko; compatible; ClaudeBot/1.0; +claudebot@anthropic.com)"
216.73.217.1 - - [21/Sep/2026:07:50:39 +0200] "GET /5-most-useful-less-than-perfect-credit-finance/ HTTP/1.1" 200 43156 "https://gessing.es/?p=3463" "Mozilla/5.0 AppleWebKit/537.36 (KHTML, like Gecko; compatible; ClaudeBot/1.0; +claudebot@anthropic.com)"
180.243.197.57 - - [21/Sep/2026:07:50:42 +0200] "POST /xmlrpc.php HTTP/1.1" 200 5884 "-" "Jetpack by WordPress.com (Jetpack 12.5; WordPress 6.3)"
216.73.217.1 - - [21/Sep/2026:07:50:44 +0200] "GET /?p=4679 HTTP/1.1" 301 5536 "-" "Mozilla/5.0 AppleWebKit/537.36 (KHTML, like Gecko; compatible; ClaudeBot/1.0; +claudebot@anthropic.com)"
216.73.217.1 - - [21/Sep/2026:07:50:44 +0200] "GET /your-ex-lover-is-obviously-toward-defensive/ HTTP/1.1" 200 42843 "-" "Mozilla/5.0 AppleWebKit/537.36 (KHTML, like Gecko; compatible; ClaudeBot/1.0; +claudebot@anthropic.com)"
110.227.208.180 - - [21/Sep/2026:07:50:44 +0200] "POST /xmlrpc.php HTTP/1.1" 200 5884 "-" "Jetpack by WordPress.com (Jetpack 13.0; WordPress 6.1)"
216.73.217.1 - - [21/Sep/2026:07:50:44 +0200] "GET /respons-kannst-den-erotik-chat-kostenlos/ HTTP/1.1" 200 44862 "https://gessing.es/?p=4679" "Mozilla/5.0 AppleWebKit/537.36 (KHTML, like Gecko; compatible; ClaudeBot/1.0; +claudebot@anthropic.com)"
103.79.168.78 - - [21/Sep/2026:07:50:45 +0200] "POST /xmlrpc.php HTTP/1.1" 200 5868 "-" "Jetpack by WordPress.com"
180.243.197.57 - - [21/Sep/2026:07:50:54 +0200] "POST /xmlrpc.php HTTP/1.1" 200 5868 "-" "Jetpack/13.0; WordPress/6.4; http://site13328049.com"
110.227.208.180 - - [21/Sep/2026:07:50:55 +0200] "POST /xmlrpc.php HTTP/1.1" 200 5900 "-" "WordPress.com; https://wordpress.com"
103.79.168.78 - - [21/Sep/2026:07:50:56 +0200] "POST /xmlrpc.php HTTP/1.1" 200 5884 "-" "Jetpack/13.0; WordPress/6.1; http://site79292588.com"
180.243.197.57 - - [21/Sep/2026:07:51:05 +0200] "POST /xmlrpc.php HTTP/1.1" 200 5868 "-" "Jetpack by WordPress.com"
110.227.208.180 - - [21/Sep/2026:07:51:05 +0200] "POST /xmlrpc.php HTTP/1.1" 200 5884 "-" "WordPress.com; https://wordpress.com"
103.79.168.78 - - [21/Sep/2026:07:51:07 +0200] "POST /xmlrpc.php HTTP/1.1" 200 5900 "-" "Jetpack by WordPress.com (Jetpack 12.5; WordPress 6.3)"
216.73.217.1 - - [21/Sep/2026:07:51:11 +0200] "GET /your-ex-lover-is-obviously-toward-defensive/actividades HTTP/1.1" 301 5573 "-" "Mozilla/5.0 AppleWebKit/537.36 (KHTML, like Gecko; compatible; ClaudeBot/1.0; +claudebot@anthropic.com)"
216.73.217.1 - - [21/Sep/2026:07:51:12 +0200] "GET /actividades/ HTTP/1.1" 200 39444 "https://gessing.es/your-ex-lover-is-obviously-toward-defensive/actividades" "Mozilla/5.0 AppleWebKit/537.36 (KHTML, like Gecko; compatible; ClaudeBot/1.0; +claudebot@anthropic.com)"
216.73.217.1 - - [21/Sep/2026:07:51:11 +0200] "GET /your-ex-lover-is-obviously-toward-defensive/feed/ HTTP/1.1" 200 6597 "-" "Mozilla/5.0 AppleWebKit/537.36 (KHTML, like Gecko; compatible; ClaudeBot/1.0; +claudebot@anthropic.com)"
180.243.197.57 - - [21/Sep/2026:07:51:16 +0200] "POST /xmlrpc.php HTTP/1.1" 200 5884 "-" "WordPress.com; https://wordpress.com"
110.227.208.180 - - [21/Sep/2026:07:51:16 +0200] "POST /xmlrpc.php HTTP/1.1" 200 5868 "-" "Jetpack by WordPress.com (Jetpack 12.0; WordPress 6.4)"
103.79.168.78 - - [21/Sep/2026:07:51:18 +0200] "POST /xmlrpc.php HTTP/1.1" 200 5900 "-" "Jetpack by WordPress.com (Jetpack 12.1; WordPress 6.1)"
180.243.197.57 - - [21/Sep/2026:07:51:26 +0200] "POST /xmlrpc.php HTTP/1.1" 200 5868 "-" "Jetpack by WordPress.com (Jetpack 13.0; WordPress 6.4)"
110.227.208.180 - - [21/Sep/2026:07:51:27 +0200] "POST /xmlrpc.php HTTP/1.1" 200 5884 "-" "Jetpack by WordPress.com"
103.79.168.78 - - [21/Sep/2026:07:51:28 +0200] "POST /xmlrpc.php HTTP/1.1" 200 5900 "-" "WordPress.com; https://wordpress.com"
216.73.217.1 - - [21/Sep/2026:07:51:30 +0200] "GET /your-ex-lover-is-obviously-toward-defensive/nosotros HTTP/1.1" 301 5554 "-" "Mozilla/5.0 AppleWebKit/537.36 (KHTML, like Gecko; compatible; ClaudeBot/1.0; +claudebot@anthropic.com)"
216.73.217.1 - - [21/Sep/2026:07:51:30 +0200] "GET /your-ex-lover-is-obviously-toward-defensive/contacto HTTP/1.1" 301 5570 "-" "Mozilla/5.0 AppleWebKit/537.36 (KHTML, like Gecko; compatible; ClaudeBot/1.0; +claudebot@anthropic.com)"
216.73.217.1 - - [21/Sep/2026:07:51:30 +0200] "GET /nosotros/ HTTP/1.1" 200 35924 "https://gessing.es/your-ex-lover-is-obviously-toward-defensive/nosotros" "Mozilla/5.0 AppleWebKit/537.36 (KHTML, like Gecko; compatible; ClaudeBot/1.0; +claudebot@anthropic.com)"
216.73.217.1 - - [21/Sep/2026:07:51:30 +0200] "GET /contacto/ HTTP/1.1" 200 37717 "https://gessing.es/your-ex-lover-is-obviously-toward-defensive/contacto" "Mozilla/5.0 AppleWebKit/537.36 (KHTML, like Gecko; compatible; ClaudeBot/1.0; +claudebot@anthropic.com)"
198.244.226.228 - - [21/Sep/2026:07:51:31 +0200] "GET /category/xmeeting-chiacchierare-2/ HTTP/1.1" 200 36881 "-" "Mozilla/5.0 (compatible; AhrefsBot/7.0; +http://ahrefs.com/robot/)"
110.227.208.180 - - [21/Sep/2026:07:51:37 +0200] "POST /xmlrpc.php HTTP/1.1" 200 5900 "-" "WordPress.com; https://wordpress.com"
180.243.197.57 - - [21/Sep/2026:07:51:38 +0200] "POST /xmlrpc.php HTTP/1.1" 200 5884 "-" "Jetpack by WordPress.com"
103.79.168.78 - - [21/Sep/2026:07:51:39 +0200] "POST /xmlrpc.php HTTP/1.1" 200 5884 "-" "Jetpack by WordPress.com"
216.73.217.1 - - [21/Sep/2026:07:51:44 +0200] "GET /respons-kannst-den-erotik-chat-kostenlos/ HTTP/1.1" 200 44878 "-" "Mozilla/5.0 AppleWebKit/537.36 (KHTML, like Gecko; compatible; ClaudeBot/1.0; +claudebot@anthropic.com)"
216.73.217.1 - - [21/Sep/2026:07:51:44 +0200] "GET /respons-kannst-den-erotik-chat-kostenlos/feed/ HTTP/1.1" 200 6681 "-" "Mozilla/5.0 AppleWebKit/537.36 (KHTML, like Gecko; compatible; ClaudeBot/1.0; +claudebot@anthropic.com)"
110.227.208.180 - - [21/Sep/2026:07:51:48 +0200] "POST /xmlrpc.php HTTP/1.1" 200 5868 "-" "Jetpack by WordPress.com (Jetpack 12.0; WordPress 6.1)"
180.243.197.57 - - [21/Sep/2026:07:51:48 +0200] "POST /xmlrpc.php HTTP/1.1" 200 5868 "-" "Jetpack by WordPress.com"
103.79.168.78 - - [21/Sep/2026:07:51:50 +0200] "POST /xmlrpc.php HTTP/1.1" 200 5884 "-" "Jetpack by WordPress.com (Jetpack 13.0; WordPress 6.2)"
216.73.217.1 - - [21/Sep/2026:07:51:53 +0200] "GET /your-ex-lover-is-obviously-toward-defensive/medio-ambiente HTTP/1.1" 301 5576 "-" "Mozilla/5.0 AppleWebKit/537.36 (KHTML, like Gecko; compatible; ClaudeBot/1.0; +claudebot@anthropic.com)"
216.73.217.1 - - [21/Sep/2026:07:51:53 +0200] "GET /5-most-useful-less-than-perfect-credit-finance/ HTTP/1.1" 200 43172 "-" "Mozilla/5.0 AppleWebKit/537.36 (KHTML, like Gecko; compatible; ClaudeBot/1.0; +claudebot@anthropic.com)"
216.73.217.1 - - [21/Sep/2026:07:51:54 +0200] "GET /medio-ambiente/ HTTP/1.1" 200 35063 "https://gessing.es/your-ex-lover-is-obviously-toward-defensive/medio-ambiente" "Mozilla/5.0 AppleWebKit/537.36 (KHTML, like Gecko; compatible; ClaudeBot/1.0; +claudebot@anthropic.com)"
110.227.208.180 - - [21/Sep/2026:07:51:59 +0200] "POST /xmlrpc.php HTTP/1.1" 200 5884 "-" "Jetpack by WordPress.com (Jetpack 12.5; WordPress 6.1)"
180.243.197.57 - - [21/Sep/2026:07:51:59 +0200] "POST /xmlrpc.php HTTP/1.1" 200 5884 "-" "Jetpack by WordPress.com"
103.79.168.78 - - [21/Sep/2026:07:52:01 +0200] "POST /xmlrpc.php HTTP/1.1" 200 5868 "-" "Jetpack by WordPress.com"
216.73.217.1 - - [21/Sep/2026:07:52:03 +0200] "GET /respons-kannst-den-erotik-chat-kostenlos/actividades HTTP/1.1" 301 5573 "-" "Mozilla/5.0 AppleWebKit/537.36 (KHTML, like Gecko; compatible; ClaudeBot/1.0; +claudebot@anthropic.com)"
216.73.217.1 - - [21/Sep/2026:07:52:03 +0200] "GET /actividades/ HTTP/1.1" 200 39460 "https://gessing.es/respons-kannst-den-erotik-chat-kostenlos/actividades" "Mozilla/5.0 AppleWebKit/537.36 (KHTML, like Gecko; compatible; ClaudeBot/1.0; +claudebot@anthropic.com)"
216.73.217.1 - - [21/Sep/2026:07:52:03 +0200] "GET /5-most-useful-less-than-perfect-credit-finance/feed/ HTTP/1.1" 200 6648 "-" "Mozilla/5.0 AppleWebKit/537.36 (KHTML, like Gecko; compatible; ClaudeBot/1.0; +claudebot@anthropic.com)"
110.227.208.180 - - [21/Sep/2026:07:52:10 +0200] "POST /xmlrpc.php HTTP/1.1" 200 5868 "-" "Jetpack by WordPress.com"
180.243.197.57 - - [21/Sep/2026:07:52:10 +0200] "POST /xmlrpc.php HTTP/1.1" 200 5900 "-" "Jetpack by WordPress.com"
103.79.168.78 - - [21/Sep/2026:07:52:11 +0200] "POST /xmlrpc.php HTTP/1.1" 200 5884 "-" "Jetpack by WordPress.com (Jetpack 12.5; WordPress 6.2)"
110.227.208.180 - - [21/Sep/2026:07:52:20 +0200] "POST /xmlrpc.php HTTP/1.1" 200 5868 "-" "Jetpack by WordPress.com (Jetpack 12.5; WordPress 6.1)"
180.243.197.57 - - [21/Sep/2026:07:52:21 +0200] "POST /xmlrpc.php HTTP/1.1" 200 5868 "-" "Jetpack by WordPress.com"
103.79.168.78 - - [21/Sep/2026:07:52:22 +0200] "POST /xmlrpc.php HTTP/1.1" 200 5900 "-" "Jetpack by WordPress.com"
216.73.217.1 - - [21/Sep/2026:07:52:30 +0200] "GET /your-ex-lover-is-obviously-toward-defensive/adjudicaciones HTTP/1.1" 301 5576 "-" "Mozilla/5.0 AppleWebKit/537.36 (KHTML, like Gecko; compatible; ClaudeBot/1.0; +claudebot@anthropic.com)"
216.73.217.1 - - [21/Sep/2026:07:52:30 +0200] "GET /respons-kannst-den-erotik-chat-kostenlos/contacto HTTP/1.1" 301 5570 "-" "Mozilla/5.0 AppleWebKit/537.36 (KHTML, like Gecko; compatible; ClaudeBot/1.0; +claudebot@anthropic.com)"
85.208.96.203 - - [21/Sep/2026:07:52:31 +0200] "GET /were-elizabeth-trade-in-the-organization-with/medio-ambiente HTTP/1.1" 301 5560 "-" "Mozilla/5.0 (compatible; SemrushBot/7~bl; +http://www.semrush.com/bot.html)"
110.227.208.180 - - [21/Sep/2026:07:52:31 +0200] "POST /xmlrpc.php HTTP/1.1" 200 5884 "-" "WordPress.com; https://wordpress.com"
216.73.217.1 - - [21/Sep/2026:07:52:31 +0200] "GET /adjudicaciones/ HTTP/1.1" 200 53257 "https://gessing.es/your-ex-lover-is-obviously-toward-defensive/adjudicaciones" "Mozilla/5.0 AppleWebKit/537.36 (KHTML, like Gecko; compatible; ClaudeBot/1.0; +claudebot@anthropic.com)"
216.73.217.1 - - [21/Sep/2026:07:52:31 +0200] "GET /contacto/ HTTP/1.1" 200 37717 "https://gessing.es/respons-kannst-den-erotik-chat-kostenlos/contacto" "Mozilla/5.0 AppleWebKit/537.36 (KHTML, like Gecko; compatible; ClaudeBot/1.0; +claudebot@anthropic.com)"
103.79.168.78 - - [21/Sep/2026:07:52:32 +0200] "POST /xmlrpc.php HTTP/1.1" 200 5900 "-" "WordPress.com; https://wordpress.com"
180.243.197.57 - - [21/Sep/2026:07:52:33 +0200] "POST /xmlrpc.php HTTP/1.1" 200 5900 "-" "Jetpack/13.0; WordPress/6.2; http://site35981645.com"
110.227.208.180 - - [21/Sep/2026:07:52:41 +0200] "POST /xmlrpc.php HTTP/1.1" 200 5884 "-" "Jetpack by WordPress.com (Jetpack 13.0; WordPress 6.3)"
103.79.168.78 - - [21/Sep/2026:07:52:43 +0200] "POST /xmlrpc.php HTTP/1.1" 200 5868 "-" "Jetpack by WordPress.com"
198.244.240.166 - - [21/Sep/2026:07:52:43 +0200] "GET /category/amino-tids-web-sitesinde-gezinmek-2/ HTTP/1.1" 200 36933 "-" "Mozilla/5.0 (compatible; AhrefsBot/7.0; +http://ahrefs.com/robot/)"
180.243.197.57 - - [21/Sep/2026:07:52:44 +0200] "POST /xmlrpc.php HTTP/1.1" 200 5868 "-" "Jetpack by WordPress.com"
216.73.217.1 - - [21/Sep/2026:07:52:45 +0200] "GET /respons-kannst-den-erotik-chat-kostenlos/nosotros HTTP/1.1" 301 5586 "-" "Mozilla/5.0 AppleWebKit/537.36 (KHTML, like Gecko; compatible; ClaudeBot/1.0; +claudebot@anthropic.com)"
216.73.217.1 - - [21/Sep/2026:07:52:45 +0200] "GET /respons-kannst-den-erotik-chat-kostenlos/medio-ambiente HTTP/1.1" 301 5592 "-" "Mozilla/5.0 AppleWebKit/537.36 (KHTML, like Gecko; compatible; ClaudeBot/1.0; +claudebot@anthropic.com)"
216.73.217.1 - - [21/Sep/2026:07:52:46 +0200] "GET /nosotros/ HTTP/1.1" 200 35924 "https://gessing.es/respons-kannst-den-erotik-chat-kostenlos/nosotros" "Mozilla/5.0 AppleWebKit/537.36 (KHTML, like Gecko; compatible; ClaudeBot/1.0; +claudebot@anthropic.com)"
216.73.217.1 - - [21/Sep/2026:07:52:46 +0200] "GET /medio-ambiente/ HTTP/1.1" 200 35031 "https://gessing.es/respons-kannst-den-erotik-chat-kostenlos/medio-ambiente" "Mozilla/5.0 AppleWebKit/537.36 (KHTML, like Gecko; compatible; ClaudeBot/1.0; +claudebot@anthropic.com)"
110.227.208.180 - - [21/Sep/2026:07:52:52 +0200] "POST /xmlrpc.php HTTP/1.1" 200 5868 "-" "Jetpack/12.5; WordPress/6.3; http://site28048206.com"
103.79.168.78 - - [21/Sep/2026:07:52:54 +0200] "POST /xmlrpc.php HTTP/1.1" 200 5868 "-" "Jetpack/13.0; WordPress/6.3; http://site22436881.com"
180.243.197.57 - - [21/Sep/2026:07:52:55 +0200] "POST /xmlrpc.php HTTP/1.1" 200 5884 "-" "WordPress.com; https://wordpress.com"
110.227.208.180 - - [21/Sep/2026:07:53:03 +0200] "POST /xmlrpc.php HTTP/1.1" 200 5884 "-" "Jetpack/12.5; WordPress/6.1; http://site37019459.com"
103.79.168.78 - - [21/Sep/2026:07:53:04 +0200] "POST /xmlrpc.php HTTP/1.1" 200 5884 "-" "WordPress.com; https://wordpress.com"
180.243.197.57 - - [21/Sep/2026:07:53:06 +0200] "POST /xmlrpc.php HTTP/1.1" 200 5868 "-" "Jetpack by WordPress.com (Jetpack 12.5; WordPress 6.1)"
110.227.208.180 - - [21/Sep/2026:07:53:13 +0200] "POST /xmlrpc.php HTTP/1.1" 200 5868 "-" "Jetpack/12.1; WordPress/6.1; http://site45852304.com"
103.79.168.78 - - [21/Sep/2026:07:53:15 +0200] "POST /xmlrpc.php HTTP/1.1" 200 5868 "-" "Jetpack by WordPress.com (Jetpack 13.0; WordPress 6.3)"
180.243.197.57 - - [21/Sep/2026:07:53:16 +0200] "POST /xmlrpc.php HTTP/1.1" 200 5900 "-" "WordPress.com; https://wordpress.com"
216.73.217.1 - - [21/Sep/2026:07:53:22 +0200] "GET /5-most-useful-less-than-perfect-credit-finance/contacto HTTP/1.1" 301 5570 "-" "Mozilla/5.0 AppleWebKit/537.36 (KHTML, like Gecko; compatible; ClaudeBot/1.0; +claudebot@anthropic.com)"
216.73.217.1 - - [21/Sep/2026:07:53:22 +0200] "GET /5-most-useful-less-than-perfect-credit-finance/actividades HTTP/1.1" 301 5573 "-" "Mozilla/5.0 AppleWebKit/537.36 (KHTML, like Gecko; compatible; ClaudeBot/1.0; +claudebot@anthropic.com)"
216.73.217.1 - - [21/Sep/2026:07:53:22 +0200] "GET /contacto/ HTTP/1.1" 200 37685 "https://gessing.es/5-most-useful-less-than-perfect-credit-finance/contacto" "Mozilla/5.0 AppleWebKit/537.36 (KHTML, like Gecko; compatible; ClaudeBot/1.0; +claudebot@anthropic.com)"
216.73.217.1 - - [21/Sep/2026:07:53:22 +0200] "GET /actividades/ HTTP/1.1" 200 39428 "https://gessing.es/5-most-useful-less-than-perfect-credit-finance/actividades" "Mozilla/5.0 AppleWebKit/537.36 (KHTML, like Gecko; compatible; ClaudeBot/1.0; +claudebot@anthropic.com)"
110.227.208.180 - - [21/Sep/2026:07:53:24 +0200] "POST /xmlrpc.php HTTP/1.1" 200 5900 "-" "Jetpack/12.5; WordPress/6.3; http://site28917682.com"
103.79.168.78 - - [21/Sep/2026:07:53:26 +0200] "POST /xmlrpc.php HTTP/1.1" 200 5900 "-" "Jetpack by WordPress.com (Jetpack 13.0; WordPress 6.2)"
180.243.197.57 - - [21/Sep/2026:07:53:27 +0200] "POST /xmlrpc.php HTTP/1.1" 200 5884 "-" "WordPress.com; https://wordpress.com"
216.73.217.1 - - [21/Sep/2026:07:53:30 +0200] "GET /5-most-useful-less-than-perfect-credit-finance/medio-ambiente HTTP/1.1" 301 5560 "-" "Mozilla/5.0 AppleWebKit/537.36 (KHTML, like Gecko; compatible; ClaudeBot/1.0; +claudebot@anthropic.com)"
216.73.217.1 - - [21/Sep/2026:07:53:30 +0200] "GET /5-most-useful-less-than-perfect-credit-finance/nosotros HTTP/1.1" 301 5586 "-" "Mozilla/5.0 AppleWebKit/537.36 (KHTML, like Gecko; compatible; ClaudeBot/1.0; +claudebot@anthropic.com)"
216.73.217.1 - - [21/Sep/2026:07:53:31 +0200] "GET /nosotros/ HTTP/1.1" 200 35924 "https://gessing.es/5-most-useful-less-than-perfect-credit-finance/nosotros" "Mozilla/5.0 AppleWebKit/537.36 (KHTML, like Gecko; compatible; ClaudeBot/1.0; +claudebot@anthropic.com)"
216.73.217.1 - - [21/Sep/2026:07:53:31 +0200] "GET /medio-ambiente/ HTTP/1.1" 200 35031 "https://gessing.es/5-most-useful-less-than-perfect-credit-finance/medio-ambiente" "Mozilla/5.0 AppleWebKit/537.36 (KHTML, like Gecko; compatible; ClaudeBot/1.0; +claudebot@anthropic.com)"
110.227.208.180 - - [21/Sep/2026:07:53:35 +0200] "POST /xmlrpc.php HTTP/1.1" 200 5884 "-" "Jetpack by WordPress.com"
103.79.168.78 - - [21/Sep/2026:07:53:36 +0200] "POST /xmlrpc.php HTTP/1.1" 200 5884 "-" "Jetpack by WordPress.com (Jetpack 12.0; WordPress 6.2)"
216.73.217.1 - - [21/Sep/2026:07:53:37 +0200] "GET /your-ex-lover-is-obviously-toward-defensive/politica-de-privacidad HTTP/1.1" 301 5568 "-" "Mozilla/5.0 AppleWebKit/537.36 (KHTML, like Gecko; compatible; ClaudeBot/1.0; +claudebot@anthropic.com)"
216.73.217.1 - - [21/Sep/2026:07:53:37 +0200] "GET /5-most-useful-less-than-perfect-credit-finance/adjudicaciones HTTP/1.1" 301 5560 "-" "Mozilla/5.0 AppleWebKit/537.36 (KHTML, like Gecko; compatible; ClaudeBot/1.0; +claudebot@anthropic.com)"
216.73.217.1 - - [21/Sep/2026:07:53:37 +0200] "GET /politica-de-privacidad/ HTTP/1.1" 200 37406 "https://gessing.es/your-ex-lover-is-obviously-toward-defensive/politica-de-privacidad" "Mozilla/5.0 AppleWebKit/537.36 (KHTML, like Gecko; compatible; ClaudeBot/1.0; +claudebot@anthropic.com)"
216.73.217.1 - - [21/Sep/2026:07:53:37 +0200] "GET /adjudicaciones/ HTTP/1.1" 200 53257 "https://gessing.es/5-most-useful-less-than-perfect-credit-finance/adjudicaciones" "Mozilla/5.0 AppleWebKit/537.36 (KHTML, like Gecko; compatible; ClaudeBot/1.0; +claudebot@anthropic.com)"
180.243.197.57 - - [21/Sep/2026:07:53:39 +0200] "POST /xmlrpc.php HTTP/1.1" 200 5884 "-" "WordPress.com; https://wordpress.com"
220.181.108.159 - - [21/Sep/2026:07:53:41 +0200] "GET /tonight-was-the-final-piece-of-my-50th-bday/adjudicaciones HTTP/1.1" 301 5576 "-" "Mozilla/5.0 (compatible; Baiduspider/2.0; +http://www.baidu.com/search/spider.html)"
220.181.108.146 - - [21/Sep/2026:07:53:41 +0200] "GET /adjudicaciones/ HTTP/1.1" 200 53273 "-" "Mozilla/5.0 (compatible; Baiduspider/2.0; +http://www.baidu.com/search/spider.html)"
110.227.208.180 - - [21/Sep/2026:07:53:46 +0200] "POST /xmlrpc.php HTTP/1.1" 200 5868 "-" "Jetpack by WordPress.com (Jetpack 12.5; WordPress 6.3)"
103.79.168.78 - - [21/Sep/2026:07:53:47 +0200] "POST /xmlrpc.php HTTP/1.1" 200 5884 "-" "Jetpack by WordPress.com"
180.243.197.57 - - [21/Sep/2026:07:53:50 +0200] "POST /xmlrpc.php HTTP/1.1" 200 5868 "-" "Jetpack by WordPress.com"
216.73.217.1 - - [21/Sep/2026:07:53:55 +0200] "GET /your-ex-lover-is-obviously-toward-defensive/politica-de-cookies HTTP/1.1" 301 5565 "-" "Mozilla/5.0 AppleWebKit/537.36 (KHTML, like Gecko; compatible; ClaudeBot/1.0; +claudebot@anthropic.com)"
216.73.217.1 - - [21/Sep/2026:07:53:55 +0200] "GET /respons-kannst-den-erotik-chat-kostenlos/adjudicaciones HTTP/1.1" 301 5592 "-" "Mozilla/5.0 AppleWebKit/537.36 (KHTML, like Gecko; compatible; ClaudeBot/1.0; +claudebot@anthropic.com)"
198.244.168.16 - - [21/Sep/2026:07:53:55 +0200] "GET /category/edarling-inceleme-review/ HTTP/1.1" 200 36587 "-" "Mozilla/5.0 (compatible; AhrefsBot/7.0; +http://ahrefs.com/robot/)"
216.73.217.1 - - [21/Sep/2026:07:53:56 +0200] "GET /politica-de-cookies/ HTTP/1.1" 200 36183 "https://gessing.es/your-ex-lover-is-obviously-toward-defensive/politica-de-cookies" "Mozilla/5.0 AppleWebKit/537.36 (KHTML, like Gecko; compatible; ClaudeBot/1.0; +claudebot@anthropic.com)"
216.73.217.1 - - [21/Sep/2026:07:53:56 +0200] "GET /adjudicaciones/ HTTP/1.1" 200 53241 "https://gessing.es/respons-kannst-den-erotik-chat-kostenlos/adjudicaciones" "Mozilla/5.0 AppleWebKit/537.36 (KHTML, like Gecko; compatible; ClaudeBot/1.0; +claudebot@anthropic.com)"
110.227.208.180 - - [21/Sep/2026:07:53:56 +0200] "POST /xmlrpc.php HTTP/1.1" 200 5884 "-" "Jetpack/12.5; WordPress/6.4; http://site47378371.com"
103.79.168.78 - - [21/Sep/2026:07:53:57 +0200] "POST /xmlrpc.php HTTP/1.1" 200 5884 "-" "Jetpack by WordPress.com"
180.243.197.57 - - [21/Sep/2026:07:54:01 +0200] "POST /xmlrpc.php HTTP/1.1" 200 5884 "-" "Jetpack/12.5; WordPress/6.2; http://site93523812.com"
110.227.208.180 - - [21/Sep/2026:07:54:07 +0200] "POST /xmlrpc.php HTTP/1.1" 200 5884 "-" "Jetpack/12.0; WordPress/6.1; http://site62657556.com"
103.79.168.78 - - [21/Sep/2026:07:54:08 +0200] "POST /xmlrpc.php HTTP/1.1" 200 5884 "-" "Jetpack/12.1; WordPress/6.4; http://site46469377.com"
216.73.217.1 - - [21/Sep/2026:07:54:09 +0200] "GET /leigh-is-5ft-11-has-a-sexy-toned-body-and-huge-g-13/ HTTP/1.1" 200 42846 "-" "Mozilla/5.0 AppleWebKit/537.36 (KHTML, like Gecko; compatible; ClaudeBot/1.0; +claudebot@anthropic.com)"
216.73.217.1 - - [21/Sep/2026:07:54:09 +0200] "GET /leigh-is-5ft-11-has-a-sexy-toned-body-and-huge-g-13/feed/ HTTP/1.1" 200 6662 "-" "Mozilla/5.0 AppleWebKit/537.36 (KHTML, like Gecko; compatible; ClaudeBot/1.0; +claudebot@anthropic.com)"
180.243.197.57 - - [21/Sep/2026:07:54:12 +0200] "POST /xmlrpc.php HTTP/1.1" 200 5900 "-" "Jetpack by WordPress.com (Jetpack 13.0; WordPress 6.4)"
110.227.208.180 - - [21/Sep/2026:07:54:18 +0200] "POST /xmlrpc.php HTTP/1.1" 200 5900 "-" "WordPress.com; https://wordpress.com"
103.79.168.78 - - [21/Sep/2026:07:54:19 +0200] "POST /xmlrpc.php HTTP/1.1" 200 5868 "-" "Jetpack by WordPress.com"
193.29.139.131 - - [21/Sep/2026:07:54:20 +0200] "GET / HTTP/1.1" 200 36214 "https://gessing.es/" "Mozilla/5.0 (Windows NT 10.0; Win64; x64) AppleWebKit/537.36 (KHTML, like Gecko) Chrome/129.0.0.0 Safari/537.36"
193.29.139.131 - - [21/Sep/2026:07:54:21 +0200] "GET /contacto/ HTTP/1.1" 200 37685 "https://gessing.es/contacto/" "Mozilla/5.0 (Windows NT 10.0; Win64; x64) AppleWebKit/537.36 (KHTML, like Gecko) Chrome/129.0.0.0 Safari/537.36"
193.29.139.131 - - [21/Sep/2026:07:54:22 +0200] "POST /wp-content/themes/advtheme/php/formulario.php HTTP/1.1" 403 6462 "https://gessing.es/contacto/" "Mozilla/5.0 (Windows NT 10.0; Win64; x64) AppleWebKit/537.36 (KHTML, like Gecko) Chrome/129.0.0.0 Safari/537.36"
180.243.197.57 - - [21/Sep/2026:07:54:23 +0200] "POST /xmlrpc.php HTTP/1.1" 200 5884 "-" "Jetpack/12.0; WordPress/6.2; http://site59006718.com"
216.73.217.1 - - [21/Sep/2026:07:54:28 +0200] "GET /respons-kannst-den-erotik-chat-kostenlos/politica-de-cookies HTTP/1.1" 301 5565 "-" "Mozilla/5.0 AppleWebKit/537.36 (KHTML, like Gecko; compatible; ClaudeBot/1.0; +claudebot@anthropic.com)"
216.73.217.1 - - [21/Sep/2026:07:54:28 +0200] "GET /respons-kannst-den-erotik-chat-kostenlos/politica-de-privacidad HTTP/1.1" 301 5584 "-" "Mozilla/5.0 AppleWebKit/537.36 (KHTML, like Gecko; compatible; ClaudeBot/1.0; +claudebot@anthropic.com)"
110.227.208.180 - - [21/Sep/2026:07:54:28 +0200] "POST /xmlrpc.php HTTP/1.1" 200 5884 "-" "Jetpack by WordPress.com (Jetpack 12.1; WordPress 6.3)"
103.79.168.78 - - [21/Sep/2026:07:54:29 +0200] "POST /xmlrpc.php HTTP/1.1" 200 5884 "-" "Jetpack by WordPress.com (Jetpack 12.0; WordPress 6.2)"
216.73.217.1 - - [21/Sep/2026:07:54:29 +0200] "GET /politica-de-privacidad/ HTTP/1.1" 200 37422 "https://gessing.es/respons-kannst-den-erotik-chat-kostenlos/politica-de-privacidad" "Mozilla/5.0 AppleWebKit/537.36 (KHTML, like Gecko; compatible; ClaudeBot/1.0; +claudebot@anthropic.com)"
216.73.217.1 - - [21/Sep/2026:07:54:29 +0200] "GET /politica-de-cookies/ HTTP/1.1" 200 36151 "https://gessing.es/respons-kannst-den-erotik-chat-kostenlos/politica-de-cookies" "Mozilla/5.0 AppleWebKit/537.36 (KHTML, like Gecko; compatible; ClaudeBot/1.0; +claudebot@anthropic.com)"
180.243.197.57 - - [21/Sep/2026:07:54:34 +0200] "POST /xmlrpc.php HTTP/1.1" 200 5868 "-" "Jetpack by WordPress.com (Jetpack 12.5; WordPress 6.3)"
110.227.208.180 - - [21/Sep/2026:07:54:39 +0200] "POST /xmlrpc.php HTTP/1.1" 200 5884 "-" "Jetpack by WordPress.com"
103.79.168.78 - - [21/Sep/2026:07:54:40 +0200] "POST /xmlrpc.php HTTP/1.1" 200 5884 "-" "WordPress.com; https://wordpress.com"
180.243.197.57 - - [21/Sep/2026:07:54:45 +0200] "POST /xmlrpc.php HTTP/1.1" 200 5900 "-" "Jetpack/12.1; WordPress/6.3; http://site23017998.com"
110.227.208.180 - - [21/Sep/2026:07:54:50 +0200] "POST /xmlrpc.php HTTP/1.1" 200 5868 "-" "WordPress.com; https://wordpress.com"
103.79.168.78 - - [21/Sep/2026:07:54:51 +0200] "POST /xmlrpc.php HTTP/1.1" 200 5868 "-" "Jetpack by WordPress.com"
216.73.217.1 - - [21/Sep/2026:07:54:54 +0200] "GET /leigh-is-5ft-11-has-a-sexy-toned-body-and-huge-g-13/actividades HTTP/1.1" 301 5573 "-" "Mozilla/5.0 AppleWebKit/537.36 (KHTML, like Gecko; compatible; ClaudeBot/1.0; +claudebot@anthropic.com)"
216.73.217.1 - - [21/Sep/2026:07:54:54 +0200] "GET /leigh-is-5ft-11-has-a-sexy-toned-body-and-huge-g-13/medio-ambiente HTTP/1.1" 301 5576 "-" "Mozilla/5.0 AppleWebKit/537.36 (KHTML, like Gecko; compatible; ClaudeBot/1.0; +claudebot@anthropic.com)"
216.73.217.1 - - [21/Sep/2026:07:54:55 +0200] "GET /actividades/ HTTP/1.1" 200 39444 "https://gessing.es/leigh-is-5ft-11-has-a-sexy-toned-body-and-huge-g-13/actividades" "Mozilla/5.0 AppleWebKit/537.36 (KHTML, like Gecko; compatible; ClaudeBot/1.0; +claudebot@anthropic.com)"
216.73.217.1 - - [21/Sep/2026:07:54:55 +0200] "GET /medio-ambiente/ HTTP/1.1" 200 35047 "https://gessing.es/leigh-is-5ft-11-has-a-sexy-toned-body-and-huge-g-13/medio-ambiente" "Mozilla/5.0 AppleWebKit/537.36 (KHTML, like Gecko; compatible; ClaudeBot/1.0; +claudebot@anthropic.com)"
180.243.197.57 - - [21/Sep/2026:07:54:56 +0200] "POST /xmlrpc.php HTTP/1.1" 200 5884 "-" "Jetpack/12.5; WordPress/6.3; http://site86628409.com"
110.227.208.180 - - [21/Sep/2026:07:55:01 +0200] "POST /xmlrpc.php HTTP/1.1" 200 5884 "-" "WordPress.com; https://wordpress.com"
103.79.168.78 - - [21/Sep/2026:07:55:01 +0200] "POST /xmlrpc.php HTTP/1.1" 200 5900 "-" "WordPress.com; https://wordpress.com"
180.243.197.57 - - [21/Sep/2026:07:55:07 +0200] "POST /xmlrpc.php HTTP/1.1" 200 5868 "-" "Jetpack by WordPress.com"
198.244.168.110 - - [21/Sep/2026:07:55:07 +0200] "GET /category/firstmet-profili-2/ HTTP/1.1" 200 37057 "-" "Mozilla/5.0 (compatible; AhrefsBot/7.0; +http://ahrefs.com/robot/)"
216.73.217.1 - - [21/Sep/2026:07:55:08 +0200] "GET /5-most-useful-less-than-perfect-credit-finance/politica-de-cookies HTTP/1.1" 301 5565 "-" "Mozilla/5.0 AppleWebKit/537.36 (KHTML, like Gecko; compatible; ClaudeBot/1.0; +claudebot@anthropic.com)"
216.73.217.1 - - [21/Sep/2026:07:55:08 +0200] "GET /5-most-useful-less-than-perfect-credit-finance/politica-de-privacidad HTTP/1.1" 301 5568 "-" "Mozilla/5.0 AppleWebKit/537.36 (KHTML, like Gecko; compatible; ClaudeBot/1.0; +claudebot@anthropic.com)"
216.73.217.1 - - [21/Sep/2026:07:55:09 +0200] "GET /politica-de-cookies/ HTTP/1.1" 200 36167 "https://gessing.es/5-most-useful-less-than-perfect-credit-finance/politica-de-cookies" "Mozilla/5.0 AppleWebKit/537.36 (KHTML, like Gecko; compatible; ClaudeBot/1.0; +claudebot@anthropic.com)"
216.73.217.1 - - [21/Sep/2026:07:55:09 +0200] "GET /politica-de-privacidad/ HTTP/1.1" 200 37406 "https://gessing.es/5-most-useful-less-than-perfect-credit-finance/politica-de-privacidad" "Mozilla/5.0 AppleWebKit/537.36 (KHTML, like Gecko; compatible; ClaudeBot/1.0; +claudebot@anthropic.com)"
85.208.96.203 - - [21/Sep/2026:07:55:11 +0200] "GET /can-i-simply-take-an-instant-payday-loan-eugene/ HTTP/1.1" 200 45301 "-" "Mozilla/5.0 (compatible; SemrushBot/7~bl; +http://www.semrush.com/bot.html)"
110.227.208.180 - - [21/Sep/2026:07:55:11 +0200] "POST /xmlrpc.php HTTP/1.1" 200 5884 "-" "Jetpack by WordPress.com (Jetpack 12.0; WordPress 6.3)"
103.79.168.78 - - [21/Sep/2026:07:55:12 +0200] "POST /xmlrpc.php HTTP/1.1" 200 5900 "-" "WordPress.com; https://wordpress.com"
180.243.197.57 - - [21/Sep/2026:07:55:18 +0200] "POST /xmlrpc.php HTTP/1.1" 200 5884 "-" "Jetpack/12.5; WordPress/6.3; http://site64083211.com"
85.208.96.206 - - [21/Sep/2026:07:55:20 +0200] "GET /this-won-t-apply-to-indemnity-agreements-as-they/adjudicaciones HTTP/1.1" 301 5592 "-" "Mozilla/5.0 (compatible; SemrushBot/7~bl; +http://www.semrush.com/bot.html)"
110.227.208.180 - - [21/Sep/2026:07:55:22 +0200] "POST /xmlrpc.php HTTP/1.1" 200 5868 "-" "Jetpack/12.5; WordPress/6.1; http://site31947556.com"
103.79.168.78 - - [21/Sep/2026:07:55:23 +0200] "POST /xmlrpc.php HTTP/1.1" 200 5900 "-" "Jetpack by WordPress.com (Jetpack 13.0; WordPress 6.2)"
180.243.197.57 - - [21/Sep/2026:07:55:29 +0200] "POST /xmlrpc.php HTTP/1.1" 200 5868 "-" "WordPress.com; https://wordpress.com"
110.227.208.180 - - [21/Sep/2026:07:55:32 +0200] "POST /xmlrpc.php HTTP/1.1" 200 5868 "-" "Jetpack by WordPress.com"
103.79.168.78 - - [21/Sep/2026:07:55:33 +0200] "POST /xmlrpc.php HTTP/1.1" 200 5884 "-" "Jetpack/12.5; WordPress/6.3; http://site96748483.com"
180.243.197.57 - - [21/Sep/2026:07:55:40 +0200] "POST /xmlrpc.php HTTP/1.1" 200 5868 "-" "WordPress.com; https://wordpress.com"
110.227.208.180 - - [21/Sep/2026:07:55:43 +0200] "POST /xmlrpc.php HTTP/1.1" 200 5868 "-" "WordPress.com; https://wordpress.com"
103.79.168.78 - - [21/Sep/2026:07:55:44 +0200] "POST /xmlrpc.php HTTP/1.1" 200 5884 "-" "Jetpack/12.5; WordPress/6.1; http://site16124479.com"
52.167.144.176 - - [21/Sep/2026:07:55:49 +0200] "GET /alanis-morissetteou-kim-kardashian-comme-des/politica-de-privacidad HTTP/1.1" 301 5600 "-" "Mozilla/5.0 AppleWebKit/537.36 (KHTML, like Gecko; compatible; bingbot/2.0; +http://www.bing.com/bingbot.htm) Chrome/116.0.1938.76 Safari/537.36"
180.243.197.57 - - [21/Sep/2026:07:55:51 +0200] "POST /xmlrpc.php HTTP/1.1" 200 5900 "-" "Jetpack/12.1; WordPress/6.1; http://site95227178.com"
110.227.208.180 - - [21/Sep/2026:07:55:54 +0200] "POST /xmlrpc.php HTTP/1.1" 200 5900 "-" "Jetpack by WordPress.com (Jetpack 12.1; WordPress 6.3)"
103.79.168.78 - - [21/Sep/2026:07:55:55 +0200] "POST /xmlrpc.php HTTP/1.1" 200 5868 "-" "WordPress.com; https://wordpress.com"
180.243.197.57 - - [21/Sep/2026:07:56:02 +0200] "POST /xmlrpc.php HTTP/1.1" 200 5900 "-" "Jetpack by WordPress.com"
110.227.208.180 - - [21/Sep/2026:07:56:04 +0200] "POST /xmlrpc.php HTTP/1.1" 200 5884 "-" "WordPress.com; https://wordpress.com"
103.79.168.78 - - [21/Sep/2026:07:56:05 +0200] "POST /xmlrpc.php HTTP/1.1" 200 5884 "-" "Jetpack by WordPress.com (Jetpack 12.5; WordPress 6.4)"
180.243.197.57 - - [21/Sep/2026:07:56:13 +0200] "POST /xmlrpc.php HTTP/1.1" 200 5868 "-" "Jetpack/13.0; WordPress/6.2; http://site28434273.com"
110.227.208.180 - - [21/Sep/2026:07:56:15 +0200] "POST /xmlrpc.php HTTP/1.1" 200 5884 "-" "Jetpack by WordPress.com (Jetpack 13.0; WordPress 6.2)"
103.79.168.78 - - [21/Sep/2026:07:56:16 +0200] "POST /xmlrpc.php HTTP/1.1" 200 5884 "-" "Jetpack/12.1; WordPress/6.1; http://site88337359.com"
198.244.242.59 - - [21/Sep/2026:07:56:19 +0200] "GET /category/latin-dating-sites-de-review-2/ HTTP/1.1" 200 36924 "-" "Mozilla/5.0 (compatible; AhrefsBot/7.0; +http://ahrefs.com/robot/)"
180.243.197.57 - - [21/Sep/2026:07:56:24 +0200] "POST /xmlrpc.php HTTP/1.1" 200 5884 "-" "Jetpack by WordPress.com (Jetpack 13.0; WordPress 6.4)"
110.227.208.180 - - [21/Sep/2026:07:56:26 +0200] "POST /xmlrpc.php HTTP/1.1" 200 5884 "-" "WordPress.com; https://wordpress.com"
103.79.168.78 - - [21/Sep/2026:07:56:27 +0200] "POST /xmlrpc.php HTTP/1.1" 200 5900 "-" "WordPress.com; https://wordpress.com"
180.243.197.57 - - [21/Sep/2026:07:56:35 +0200] "POST /xmlrpc.php HTTP/1.1" 200 5884 "-" "WordPress.com; https://wordpress.com"
110.227.208.180 - - [21/Sep/2026:07:56:36 +0200] "POST /xmlrpc.php HTTP/1.1" 200 5868 "-" "Jetpack/13.0; WordPress/6.2; http://site35485491.com"
103.79.168.78 - - [21/Sep/2026:07:56:37 +0200] "POST /xmlrpc.php HTTP/1.1" 200 5868 "-" "Jetpack by WordPress.com (Jetpack 12.5; WordPress 6.2)"
180.243.197.57 - - [21/Sep/2026:07:56:46 +0200] "POST /xmlrpc.php HTTP/1.1" 200 5868 "-" "Jetpack by WordPress.com"
110.227.208.180 - - [21/Sep/2026:07:56:47 +0200] "POST /xmlrpc.php HTTP/1.1" 200 5884 "-" "WordPress.com; https://wordpress.com"
103.79.168.78 - - [21/Sep/2026:07:56:48 +0200] "POST /xmlrpc.php HTTP/1.1" 200 5868 "-" "Jetpack/13.0; WordPress/6.1; http://site31979270.com"
180.243.197.57 - - [21/Sep/2026:07:56:57 +0200] "POST /xmlrpc.php HTTP/1.1" 200 5884 "-" "Jetpack by WordPress.com (Jetpack 12.0; WordPress 6.1)"
110.227.208.180 - - [21/Sep/2026:07:56:58 +0200] "POST /xmlrpc.php HTTP/1.1" 200 5884 "-" "Jetpack by WordPress.com (Jetpack 12.0; WordPress 6.1)"
103.79.168.78 - - [21/Sep/2026:07:56:59 +0200] "POST /xmlrpc.php HTTP/1.1" 200 5900 "-" "WordPress.com; https://wordpress.com"
110.227.208.180 - - [21/Sep/2026:07:57:08 +0200] "POST /xmlrpc.php HTTP/1.1" 200 5900 "-" "Jetpack by WordPress.com (Jetpack 12.5; WordPress 6.2)"
180.243.197.57 - - [21/Sep/2026:07:57:08 +0200] "POST /xmlrpc.php HTTP/1.1" 200 5868 "-" "Jetpack/13.0; WordPress/6.3; http://site50315050.com"
103.79.168.78 - - [21/Sep/2026:07:57:09 +0200] "POST /xmlrpc.php HTTP/1.1" 200 5900 "-" "Jetpack by WordPress.com"
110.227.208.180 - - [21/Sep/2026:07:57:19 +0200] "POST /xmlrpc.php HTTP/1.1" 200 5900 "-" "Jetpack by WordPress.com (Jetpack 12.5; WordPress 6.4)"
180.243.197.57 - - [21/Sep/2026:07:57:19 +0200] "POST /xmlrpc.php HTTP/1.1" 200 5868 "-" "Jetpack by WordPress.com"
103.79.168.78 - - [21/Sep/2026:07:57:20 +0200] "POST /xmlrpc.php HTTP/1.1" 200 5884 "-" "WordPress.com; https://wordpress.com"
103.210.35.122 - - [21/Sep/2026:07:57:21 +0200] "POST /xmlrpc.php HTTP/1.1" 200 5900 "-" "Jetpack/12.5; WordPress/6.2; http://site73207017.com"
110.227.208.180 - - [21/Sep/2026:07:57:30 +0200] "POST /xmlrpc.php HTTP/1.1" 200 5900 "-" "Jetpack by WordPress.com (Jetpack 12.5; WordPress 6.3)"
180.243.197.57 - - [21/Sep/2026:07:57:30 +0200] "POST /xmlrpc.php HTTP/1.1" 200 5884 "-" "Jetpack/12.0; WordPress/6.3; http://site60889042.com"
103.79.168.78 - - [21/Sep/2026:07:57:30 +0200] "POST /xmlrpc.php HTTP/1.1" 200 5900 "-" "Jetpack by WordPress.com"
103.210.35.122 - - [21/Sep/2026:07:57:31 +0200] "POST /xmlrpc.php HTTP/1.1" 200 5900 "-" "WordPress.com; https://wordpress.com"
54.38.147.123 - - [21/Sep/2026:07:57:31 +0200] "GET /category/asian-dates-es-review/ HTTP/1.1" 200 36641 "-" "Mozilla/5.0 (compatible; AhrefsBot/7.0; +http://ahrefs.com/robot/)"
110.227.208.180 - - [21/Sep/2026:07:57:40 +0200] "POST /xmlrpc.php HTTP/1.1" 200 5884 "-" "Jetpack by WordPress.com"
103.79.168.78 - - [21/Sep/2026:07:57:41 +0200] "POST /xmlrpc.php HTTP/1.1" 200 5884 "-" "Jetpack/13.0; WordPress/6.1; http://site35243367.com"
103.210.35.122 - - [21/Sep/2026:07:57:41 +0200] "POST /xmlrpc.php HTTP/1.1" 200 5900 "-" "Jetpack by WordPress.com (Jetpack 13.0; WordPress 6.1)"
180.243.197.57 - - [21/Sep/2026:07:57:42 +0200] "POST /xmlrpc.php HTTP/1.1" 200 5900 "-" "WordPress.com; https://wordpress.com"
110.227.208.180 - - [21/Sep/2026:07:57:51 +0200] "POST /xmlrpc.php HTTP/1.1" 200 5868 "-" "Jetpack by WordPress.com"
103.79.168.78 - - [21/Sep/2026:07:57:52 +0200] "POST /xmlrpc.php HTTP/1.1" 200 5868 "-" "Jetpack by WordPress.com (Jetpack 13.0; WordPress 6.4)"
103.210.35.122 - - [21/Sep/2026:07:57:52 +0200] "POST /xmlrpc.php HTTP/1.1" 200 5884 "-" "Jetpack/12.0; WordPress/6.4; http://site17086876.com"
180.243.197.57 - - [21/Sep/2026:07:57:52 +0200] "POST /xmlrpc.php HTTP/1.1" 200 5868 "-" "Jetpack by WordPress.com (Jetpack 12.0; WordPress 6.4)"
110.227.208.180 - - [21/Sep/2026:07:58:02 +0200] "POST /xmlrpc.php HTTP/1.1" 200 5884 "-" "Jetpack by WordPress.com"
103.79.168.78 - - [21/Sep/2026:07:58:02 +0200] "POST /xmlrpc.php HTTP/1.1" 200 5884 "-" "WordPress.com; https://wordpress.com"
103.210.35.122 - - [21/Sep/2026:07:58:03 +0200] "POST /xmlrpc.php HTTP/1.1" 200 5868 "-" "Jetpack by WordPress.com"
180.243.197.57 - - [21/Sep/2026:07:58:04 +0200] "POST /xmlrpc.php HTTP/1.1" 200 5868 "-" "Jetpack by WordPress.com (Jetpack 13.0; WordPress 6.2)"
110.227.208.180 - - [21/Sep/2026:07:58:12 +0200] "POST /xmlrpc.php HTTP/1.1" 200 5884 "-" "Jetpack by WordPress.com"
103.79.168.78 - - [21/Sep/2026:07:58:13 +0200] "POST /xmlrpc.php HTTP/1.1" 200 5900 "-" "WordPress.com; https://wordpress.com"
103.210.35.122 - - [21/Sep/2026:07:58:13 +0200] "POST /xmlrpc.php HTTP/1.1" 200 5884 "-" "WordPress.com; https://wordpress.com"
180.243.197.57 - - [21/Sep/2026:07:58:15 +0200] "POST /xmlrpc.php HTTP/1.1" 200 5900 "-" "Jetpack/12.5; WordPress/6.4; http://site23671448.com"
110.227.208.180 - - [21/Sep/2026:07:58:23 +0200] "POST /xmlrpc.php HTTP/1.1" 200 5884 "-" "WordPress.com; https://wordpress.com"
103.79.168.78 - - [21/Sep/2026:07:58:23 +0200] "POST /xmlrpc.php HTTP/1.1" 200 5884 "-" "Jetpack/12.0; WordPress/6.3; http://site47455545.com"
103.210.35.122 - - [21/Sep/2026:07:58:24 +0200] "POST /xmlrpc.php HTTP/1.1" 200 5884 "-" "Jetpack/13.0; WordPress/6.1; http://site10774232.com"
180.243.197.57 - - [21/Sep/2026:07:58:25 +0200] "POST /xmlrpc.php HTTP/1.1" 200 5884 "-" "Jetpack/12.1; WordPress/6.1; http://site76906772.com"
110.227.208.180 - - [21/Sep/2026:07:58:34 +0200] "POST /xmlrpc.php HTTP/1.1" 200 5884 "-" "WordPress.com; https://wordpress.com"
103.79.168.78 - - [21/Sep/2026:07:58:34 +0200] "POST /xmlrpc.php HTTP/1.1" 200 5900 "-" "Jetpack/12.1; WordPress/6.1; http://site11229766.com"
103.210.35.122 - - [21/Sep/2026:07:58:35 +0200] "POST /xmlrpc.php HTTP/1.1" 200 5900 "-" "WordPress.com; https://wordpress.com"
180.243.197.57 - - [21/Sep/2026:07:58:37 +0200] "POST /xmlrpc.php HTTP/1.1" 200 5868 "-" "Jetpack/12.0; WordPress/6.1; http://site37476594.com"
51.195.215.2 - - [21/Sep/2026:07:58:43 +0200] "GET /category/long-term-payday-loans-online-2/ HTTP/1.1" 200 36739 "-" "Mozilla/5.0 (compatible; AhrefsBot/7.0; +http://ahrefs.com/robot/)"
110.227.208.180 - - [21/Sep/2026:07:58:44 +0200] "POST /xmlrpc.php HTTP/1.1" 200 5900 "-" "Jetpack/12.5; WordPress/6.2; http://site49055908.com"
103.210.35.122 - - [21/Sep/2026:07:58:45 +0200] "POST /xmlrpc.php HTTP/1.1" 200 5900 "-" "Jetpack/12.5; WordPress/6.2; http://site24904506.com"
180.243.197.57 - - [21/Sep/2026:07:58:48 +0200] "POST /xmlrpc.php HTTP/1.1" 200 5868 "-" "Jetpack by WordPress.com"
110.227.208.180 - - [21/Sep/2026:07:58:55 +0200] "POST /xmlrpc.php HTTP/1.1" 200 5868 "-" "Jetpack by WordPress.com"
103.210.35.122 - - [21/Sep/2026:07:58:56 +0200] "POST /xmlrpc.php HTTP/1.1" 200 5868 "-" "Jetpack by WordPress.com"
180.243.197.57 - - [21/Sep/2026:07:58:59 +0200] "POST /xmlrpc.php HTTP/1.1" 200 5900 "-" "Jetpack by WordPress.com (Jetpack 12.5; WordPress 6.2)"
110.227.208.180 - - [21/Sep/2026:07:59:06 +0200] "POST /xmlrpc.php HTTP/1.1" 200 5868 "-" "WordPress.com; https://wordpress.com"
103.210.35.122 - - [21/Sep/2026:07:59:07 +0200] "POST /xmlrpc.php HTTP/1.1" 200 5884 "-" "Jetpack/12.5; WordPress/6.1; http://site24786105.com"
180.243.197.57 - - [21/Sep/2026:07:59:10 +0200] "POST /xmlrpc.php HTTP/1.1" 200 5884 "-" "WordPress.com; https://wordpress.com"
110.227.208.180 - - [21/Sep/2026:07:59:17 +0200] "POST /xmlrpc.php HTTP/1.1" 200 5884 "-" "Jetpack by WordPress.com (Jetpack 13.0; WordPress 6.4)"
103.210.35.122 - - [21/Sep/2026:07:59:17 +0200] "POST /xmlrpc.php HTTP/1.1" 200 5884 "-" "Jetpack/12.1; WordPress/6.1; http://site57641418.com"
180.243.197.57 - - [21/Sep/2026:07:59:21 +0200] "POST /xmlrpc.php HTTP/1.1" 200 5868 "-" "Jetpack/12.0; WordPress/6.2; http://site26352906.com"
17.166.234.98 - - [21/Sep/2026:07:59:24 +0200] "GET /missouri-cash-advance-page-ave-saint-louis-mo-13/politica-de-cookies HTTP/1.1" 301 5581 "-" "Mozilla/5.0 (Macintosh; Intel Mac OS X 10_15_7) AppleWebKit/605.1.15 (KHTML, like Gecko) Version/17.4 Safari/605.1.15 (Applebot/0.1; +http://www.apple.com/go/applebot)"
17.166.234.98 - - [21/Sep/2026:07:59:25 +0200] "GET /politica-de-cookies/ HTTP/1.1" 200 36183 "-" "Mozilla/5.0 (Macintosh; Intel Mac OS X 10_15_7) AppleWebKit/605.1.15 (KHTML, like Gecko) Version/17.4 Safari/605.1.15 (Applebot/0.1; +http://www.apple.com/go/applebot)"
110.227.208.180 - - [21/Sep/2026:07:59:27 +0200] "POST /xmlrpc.php HTTP/1.1" 200 5884 "-" "WordPress.com; https://wordpress.com"
103.210.35.122 - - [21/Sep/2026:07:59:28 +0200] "POST /xmlrpc.php HTTP/1.1" 200 5884 "-" "Jetpack/12.1; WordPress/6.2; http://site26514980.com"
180.243.197.57 - - [21/Sep/2026:07:59:32 +0200] "POST /xmlrpc.php HTTP/1.1" 200 5884 "-" "Jetpack/12.0; WordPress/6.4; http://site50860260.com"
110.227.208.180 - - [21/Sep/2026:07:59:38 +0200] "POST /xmlrpc.php HTTP/1.1" 200 5884 "-" "Jetpack by WordPress.com (Jetpack 13.0; WordPress 6.2)"
103.210.35.122 - - [21/Sep/2026:07:59:39 +0200] "POST /xmlrpc.php HTTP/1.1" 200 5884 "-" "Jetpack by WordPress.com (Jetpack 12.5; WordPress 6.2)"
180.243.197.57 - - [21/Sep/2026:07:59:43 +0200] "POST /xmlrpc.php HTTP/1.1" 200 5884 "-" "WordPress.com; https://wordpress.com"
110.227.208.180 - - [21/Sep/2026:07:59:49 +0200] "POST /xmlrpc.php HTTP/1.1" 200 5884 "-" "Jetpack by WordPress.com"
103.210.35.122 - - [21/Sep/2026:07:59:49 +0200] "POST /xmlrpc.php HTTP/1.1" 200 5884 "-" "WordPress.com; https://wordpress.com"
180.243.197.57 - - [21/Sep/2026:07:59:54 +0200] "POST /xmlrpc.php HTTP/1.1" 200 5884 "-" "Jetpack by WordPress.com"
198.244.183.202 - - [21/Sep/2026:07:59:55 +0200] "GET /category/mixxxer-reviews-2/ HTTP/1.1" 200 36689 "-" "Mozilla/5.0 (compatible; AhrefsBot/7.0; +http://ahrefs.com/robot/)"
110.227.208.180 - - [21/Sep/2026:07:59:59 +0200] "POST /xmlrpc.php HTTP/1.1" 200 5884 "-" "WordPress.com; https://wordpress.com"
103.210.35.122 - - [21/Sep/2026:08:00:00 +0200] "POST /xmlrpc.php HTTP/1.1" 200 5884 "-" "Jetpack by WordPress.com (Jetpack 12.1; WordPress 6.1)"
16.216.88.176 - - [21/Sep/2026:08:00:02 +0200] "GET /to-answer-argument-godly-leaders-must-consider/medio-ambiente HTTP/1.1" 301 5576 "-" "Mozilla/5.0 AppleWebKit/537.36 (KHTML, like Gecko; compatible; Reflectionbot/1.0; +https://reflection.ai/bot) Chrome/151.0.0.0 Safari/537.36"
16.216.88.176 - - [21/Sep/2026:08:00:03 +0200] "GET /medio-ambiente/ HTTP/1.1" 200 35063 "-" "Mozilla/5.0 AppleWebKit/537.36 (KHTML, like Gecko; compatible; Reflectionbot/1.0; +https://reflection.ai/bot) Chrome/151.0.0.0 Safari/537.36"
180.243.197.57 - - [21/Sep/2026:08:00:05 +0200] "POST /xmlrpc.php HTTP/1.1" 200 5884 "-" "Jetpack by WordPress.com (Jetpack 13.0; WordPress 6.2)"
110.227.208.180 - - [21/Sep/2026:08:00:10 +0200] "POST /xmlrpc.php HTTP/1.1" 200 5884 "-" "Jetpack/12.1; WordPress/6.1; http://site20957540.com"
103.210.35.122 - - [21/Sep/2026:08:00:11 +0200] "POST /xmlrpc.php HTTP/1.1" 200 5868 "-" "Jetpack by WordPress.com (Jetpack 12.5; WordPress 6.1)"
180.243.197.57 - - [21/Sep/2026:08:00:16 +0200] "POST /xmlrpc.php HTTP/1.1" 200 5884 "-" "Jetpack/12.0; WordPress/6.2; http://site29882808.com"
110.227.208.180 - - [21/Sep/2026:08:00:20 +0200] "POST /xmlrpc.php HTTP/1.1" 200 5884 "-" "Jetpack by WordPress.com"
103.210.35.122 - - [21/Sep/2026:08:00:21 +0200] "POST /xmlrpc.php HTTP/1.1" 200 5884 "-" "Jetpack by WordPress.com (Jetpack 12.1; WordPress 6.3)"
180.243.197.57 - - [21/Sep/2026:08:00:27 +0200] "POST /xmlrpc.php HTTP/1.1" 200 5868 "-" "WordPress.com; https://wordpress.com"
110.227.208.180 - - [21/Sep/2026:08:00:31 +0200] "POST /xmlrpc.php HTTP/1.1" 200 5884 "-" "Jetpack/12.0; WordPress/6.1; http://site30272818.com"
103.210.35.122 - - [21/Sep/2026:08:00:32 +0200] "POST /xmlrpc.php HTTP/1.1" 200 5868 "-" "Jetpack by WordPress.com"
180.243.197.57 - - [21/Sep/2026:08:00:38 +0200] "POST /xmlrpc.php HTTP/1.1" 200 5868 "-" "Jetpack/13.0; WordPress/6.4; http://site13761900.com"
110.227.208.180 - - [21/Sep/2026:08:00:42 +0200] "POST /xmlrpc.php HTTP/1.1" 200 5884 "-" "Jetpack by WordPress.com (Jetpack 12.1; WordPress 6.3)"
103.210.35.122 - - [21/Sep/2026:08:00:43 +0200] "POST /xmlrpc.php HTTP/1.1" 200 5884 "-" "Jetpack by WordPress.com (Jetpack 12.1; WordPress 6.4)"
180.243.197.57 - - [21/Sep/2026:08:00:49 +0200] "POST /xmlrpc.php HTTP/1.1" 200 5884 "-" "Jetpack/12.1; WordPress/6.4; http://site30310002.com"
110.227.208.180 - - [21/Sep/2026:08:00:53 +0200] "POST /xmlrpc.php HTTP/1.1" 200 5900 "-" "Jetpack by WordPress.com (Jetpack 12.5; WordPress 6.2)"
103.210.35.122 - - [21/Sep/2026:08:00:53 +0200] "POST /xmlrpc.php HTTP/1.1" 200 5868 "-" "WordPress.com; https://wordpress.com"
180.243.197.57 - - [21/Sep/2026:08:01:00 +0200] "POST /xmlrpc.php HTTP/1.1" 200 5884 "-" "Jetpack/12.0; WordPress/6.3; http://site72286299.com"
110.227.208.180 - - [21/Sep/2026:08:01:03 +0200] "POST /xmlrpc.php HTTP/1.1" 200 5884 "-" "Jetpack/13.0; WordPress/6.3; http://site50412565.com"
103.210.35.122 - - [21/Sep/2026:08:01:04 +0200] "POST /xmlrpc.php HTTP/1.1" 200 5900 "-" "Jetpack/12.0; WordPress/6.2; http://site62624648.com"
51.195.215.106 - - [21/Sep/2026:08:01:07 +0200] "GET /category/xmeeting-login-2/ HTTP/1.1" 200 36966 "-" "Mozilla/5.0 (compatible; AhrefsBot/7.0; +http://ahrefs.com/robot/)"
180.243.197.57 - - [21/Sep/2026:08:01:11 +0200] "POST /xmlrpc.php HTTP/1.1" 200 5884 "-" "WordPress.com; https://wordpress.com"
103.210.35.122 - - [21/Sep/2026:08:01:15 +0200] "POST /xmlrpc.php HTTP/1.1" 200 5868 "-" "Jetpack/12.0; WordPress/6.4; http://site36270205.com"
180.243.197.57 - - [21/Sep/2026:08:01:22 +0200] "POST /xmlrpc.php HTTP/1.1" 200 5900 "-" "WordPress.com; https://wordpress.com"
103.210.35.122 - - [21/Sep/2026:08:01:25 +0200] "POST /xmlrpc.php HTTP/1.1" 200 5884 "-" "Jetpack by WordPress.com (Jetpack 12.0; WordPress 6.4)"
85.208.96.206 - - [21/Sep/2026:08:01:25 +0200] "GET /it-absolutely-was-60-on-therapeutic-massage-and/adjudicaciones HTTP/1.1" 301 5560 "-" "Mozilla/5.0 (compatible; SemrushBot/7~bl; +http://www.semrush.com/bot.html)"
180.243.197.57 - - [21/Sep/2026:08:01:33 +0200] "POST /xmlrpc.php HTTP/1.1" 200 5884 "-" "WordPress.com; https://wordpress.com"
103.210.35.122 - - [21/Sep/2026:08:01:36 +0200] "POST /xmlrpc.php HTTP/1.1" 200 5884 "-" "WordPress.com; https://wordpress.com"
180.243.197.57 - - [21/Sep/2026:08:01:44 +0200] "POST /xmlrpc.php HTTP/1.1" 200 5884 "-" "WordPress.com; https://wordpress.com"
103.210.35.122 - - [21/Sep/2026:08:01:47 +0200] "POST /xmlrpc.php HTTP/1.1" 200 5884 "-" "Jetpack by WordPress.com (Jetpack 12.5; WordPress 6.1)"
180.243.197.57 - - [21/Sep/2026:08:01:55 +0200] "POST /xmlrpc.php HTTP/1.1" 200 5868 "-" "WordPress.com; https://wordpress.com"
85.208.96.206 - - [21/Sep/2026:08:01:57 +0200] "GET /my-personal-daughter-upcoming-seriously-said/medio-ambiente HTTP/1.1" 301 5592 "-" "Mozilla/5.0 (compatible; SemrushBot/7~bl; +http://www.semrush.com/bot.html)"
103.210.35.122 - - [21/Sep/2026:08:01:57 +0200] "POST /xmlrpc.php HTTP/1.1" 200 5884 "-" "Jetpack by WordPress.com (Jetpack 12.5; WordPress 6.2)"
180.243.197.57 - - [21/Sep/2026:08:02:06 +0200] "POST /xmlrpc.php HTTP/1.1" 200 5884 "-" "WordPress.com; https://wordpress.com"
103.210.35.122 - - [21/Sep/2026:08:02:08 +0200] "POST /xmlrpc.php HTTP/1.1" 200 5868 "-" "WordPress.com; https://wordpress.com"
85.208.96.206 - - [21/Sep/2026:08:02:14 +0200] "GET /quali-sono-i-migliori-e-di-la-in-affidabili-siti-10/adjudicaciones HTTP/1.1" 301 5560 "-" "Mozilla/5.0 (compatible; SemrushBot/7~bl; +http://www.semrush.com/bot.html)"
180.243.197.57 - - [21/Sep/2026:08:02:17 +0200] "POST /xmlrpc.php HTTP/1.1" 200 5884 "-" "WordPress.com; https://wordpress.com"
103.210.35.122 - - [21/Sep/2026:08:02:18 +0200] "POST /xmlrpc.php HTTP/1.1" 200 5884 "-" "Jetpack by WordPress.com (Jetpack 12.1; WordPress 6.1)"
