137.131.43.163 - - [21/Sep/2026:10:32:13 +0200] "POST //xmlrpc.php HTTP/1.1" 200 5882 "-" "Mozilla/5.0 (Windows NT 10.0; Win64; x64) AppleWebKit/537.36 (KHTML, like Gecko) Chrome/80.0.3987.149 Safari/537.36"
137.131.43.163 - - [21/Sep/2026:10:32:13 +0200] "POST //xmlrpc.php HTTP/1.1" 200 5866 "-" "Mozilla/5.0 (Windows NT 10.0; Win64; x64) AppleWebKit/537.36 (KHTML, like Gecko) Chrome/80.0.3987.149 Safari/537.36"
137.131.43.163 - - [21/Sep/2026:10:32:14 +0200] "POST //xmlrpc.php HTTP/1.1" 200 5882 "-" "Mozilla/5.0 (Windows NT 10.0; Win64; x64) AppleWebKit/537.36 (KHTML, like Gecko) Chrome/80.0.3987.149 Safari/537.36"
137.131.43.163 - - [21/Sep/2026:10:32:14 +0200] "POST //xmlrpc.php HTTP/1.1" 200 5882 "-" "Mozilla/5.0 (Windows NT 10.0; Win64; x64) AppleWebKit/537.36 (KHTML, like Gecko) Chrome/80.0.3987.149 Safari/537.36"
137.131.43.163 - - [21/Sep/2026:10:32:15 +0200] "POST //xmlrpc.php HTTP/1.1" 200 5898 "-" "Mozilla/5.0 (Windows NT 10.0; Win64; x64) AppleWebKit/537.36 (KHTML, like Gecko) Chrome/80.0.3987.149 Safari/537.36"
137.131.43.163 - - [21/Sep/2026:10:32:15 +0200] "POST //xmlrpc.php HTTP/1.1" 200 5898 "-" "Mozilla/5.0 (Windows NT 10.0; Win64; x64) AppleWebKit/537.36 (KHTML, like Gecko) Chrome/80.0.3987.149 Safari/537.36"
137.131.43.163 - - [21/Sep/2026:10:32:15 +0200] "POST //xmlrpc.php HTTP/1.1" 200 5866 "-" "Mozilla/5.0 (Windows NT 10.0; Win64; x64) AppleWebKit/537.36 (KHTML, like Gecko) Chrome/80.0.3987.149 Safari/537.36"
137.131.43.163 - - [21/Sep/2026:10:32:16 +0200] "POST //xmlrpc.php HTTP/1.1" 200 5866 "-" "Mozilla/5.0 (Windows NT 10.0; Win64; x64) AppleWebKit/537.36 (KHTML, like Gecko) Chrome/80.0.3987.149 Safari/537.36"
137.131.43.163 - - [21/Sep/2026:10:32:16 +0200] "POST //xmlrpc.php HTTP/1.1" 200 5898 "-" "Mozilla/5.0 (Windows NT 10.0; Win64; x64) AppleWebKit/537.36 (KHTML, like Gecko) Chrome/80.0.3987.149 Safari/537.36"
137.131.43.163 - - [21/Sep/2026:10:32:16 +0200] "POST //xmlrpc.php HTTP/1.1" 200 5882 "-" "Mozilla/5.0 (Windows NT 10.0; Win64; x64) AppleWebKit/537.36 (KHTML, like Gecko) Chrome/80.0.3987.149 Safari/537.36"
137.131.43.163 - - [21/Sep/2026:10:32:17 +0200] "POST //xmlrpc.php HTTP/1.1" 200 5882 "-" "Mozilla/5.0 (Windows NT 10.0; Win64; x64) AppleWebKit/537.36 (KHTML, like Gecko) Chrome/80.0.3987.149 Safari/537.36"
137.131.43.163 - - [21/Sep/2026:10:32:17 +0200] "POST //xmlrpc.php HTTP/1.1" 200 5866 "-" "Mozilla/5.0 (Windows NT 10.0; Win64; x64) AppleWebKit/537.36 (KHTML, like Gecko) Chrome/80.0.3987.149 Safari/537.36"
137.131.43.163 - - [21/Sep/2026:10:32:17 +0200] "POST //xmlrpc.php HTTP/1.1" 200 5882 "-" "Mozilla/5.0 (Windows NT 10.0; Win64; x64) AppleWebKit/537.36 (KHTML, like Gecko) Chrome/80.0.3987.149 Safari/537.36"
137.131.43.163 - - [21/Sep/2026:10:32:18 +0200] "POST //xmlrpc.php HTTP/1.1" 200 5898 "-" "Mozilla/5.0 (Windows NT 10.0; Win64; x64) AppleWebKit/537.36 (KHTML, like Gecko) Chrome/80.0.3987.149 Safari/537.36"
137.131.43.163 - - [21/Sep/2026:10:32:18 +0200] "POST //xmlrpc.php HTTP/1.1" 200 5866 "-" "Mozilla/5.0 (Windows NT 10.0; Win64; x64) AppleWebKit/537.36 (KHTML, like Gecko) Chrome/80.0.3987.149 Safari/537.36"
137.131.43.163 - - [21/Sep/2026:10:32:18 +0200] "POST //xmlrpc.php HTTP/1.1" 200 5882 "-" "Mozilla/5.0 (Windows NT 10.0; Win64; x64) AppleWebKit/537.36 (KHTML, like Gecko) Chrome/80.0.3987.149 Safari/537.36"
137.131.43.163 - - [21/Sep/2026:10:32:19 +0200] "POST //xmlrpc.php HTTP/1.1" 200 5882 "-" "Mozilla/5.0 (Windows NT 10.0; Win64; x64) AppleWebKit/537.36 (KHTML, like Gecko) Chrome/80.0.3987.149 Safari/537.36"
137.131.43.163 - - [21/Sep/2026:10:32:19 +0200] "POST //xmlrpc.php HTTP/1.1" 200 5898 "-" "Mozilla/5.0 (Windows NT 10.0; Win64; x64) AppleWebKit/537.36 (KHTML, like Gecko) Chrome/80.0.3987.149 Safari/537.36"
137.131.43.163 - - [21/Sep/2026:10:32:19 +0200] "POST //xmlrpc.php HTTP/1.1" 200 5882 "-" "Mozilla/5.0 (Windows NT 10.0; Win64; x64) AppleWebKit/537.36 (KHTML, like Gecko) Chrome/80.0.3987.149 Safari/537.36"
137.131.43.163 - - [21/Sep/2026:10:32:20 +0200] "POST //xmlrpc.php HTTP/1.1" 200 5882 "-" "Mozilla/5.0 (Windows NT 10.0; Win64; x64) AppleWebKit/537.36 (KHTML, like Gecko) Chrome/80.0.3987.149 Safari/537.36"
137.131.43.163 - - [21/Sep/2026:10:32:20 +0200] "POST //xmlrpc.php HTTP/1.1" 200 5882 "-" "Mozilla/5.0 (Windows NT 10.0; Win64; x64) AppleWebKit/537.36 (KHTML, like Gecko) Chrome/80.0.3987.149 Safari/537.36"
137.131.43.163 - - [21/Sep/2026:10:32:20 +0200] "POST //xmlrpc.php HTTP/1.1" 200 5866 "-" "Mozilla/5.0 (Windows NT 10.0; Win64; x64) AppleWebKit/537.36 (KHTML, like Gecko) Chrome/80.0.3987.149 Safari/537.36"
137.131.43.163 - - [21/Sep/2026:10:32:21 +0200] "POST //xmlrpc.php HTTP/1.1" 200 5866 "-" "Mozilla/5.0 (Windows NT 10.0; Win64; x64) AppleWebKit/537.36 (KHTML, like Gecko) Chrome/80.0.3987.149 Safari/537.36"
137.131.43.163 - - [21/Sep/2026:10:32:21 +0200] "POST //xmlrpc.php HTTP/1.1" 200 5882 "-" "Mozilla/5.0 (Windows NT 10.0; Win64; x64) AppleWebKit/537.36 (KHTML, like Gecko) Chrome/80.0.3987.149 Safari/537.36"
137.131.43.163 - - [21/Sep/2026:10:32:22 +0200] "POST //xmlrpc.php HTTP/1.1" 200 5866 "-" "Mozilla/5.0 (Windows NT 10.0; Win64; x64) AppleWebKit/537.36 (KHTML, like Gecko) Chrome/80.0.3987.149 Safari/537.36"
137.131.43.163 - - [21/Sep/2026:10:32:22 +0200] "POST //xmlrpc.php HTTP/1.1" 200 5882 "-" "Mozilla/5.0 (Windows NT 10.0; Win64; x64) AppleWebKit/537.36 (KHTML, like Gecko) Chrome/80.0.3987.149 Safari/537.36"
137.131.43.163 - - [21/Sep/2026:10:32:22 +0200] "POST //xmlrpc.php HTTP/1.1" 200 5898 "-" "Mozilla/5.0 (Windows NT 10.0; Win64; x64) AppleWebKit/537.36 (KHTML, like Gecko) Chrome/80.0.3987.149 Safari/537.36"
137.131.43.163 - - [21/Sep/2026:10:32:23 +0200] "POST //xmlrpc.php HTTP/1.1" 200 5882 "-" "Mozilla/5.0 (Windows NT 10.0; Win64; x64) AppleWebKit/537.36 (KHTML, like Gecko) Chrome/80.0.3987.149 Safari/537.36"
137.131.43.163 - - [21/Sep/2026:10:32:23 +0200] "POST //xmlrpc.php HTTP/1.1" 200 5898 "-" "Mozilla/5.0 (Windows NT 10.0; Win64; x64) AppleWebKit/537.36 (KHTML, like Gecko) Chrome/80.0.3987.149 Safari/537.36"
137.131.43.163 - - [21/Sep/2026:10:32:23 +0200] "POST //xmlrpc.php HTTP/1.1" 200 5882 "-" "Mozilla/5.0 (Windows NT 10.0; Win64; x64) AppleWebKit/537.36 (KHTML, like Gecko) Chrome/80.0.3987.149 Safari/537.36"
137.131.43.163 - - [21/Sep/2026:10:32:24 +0200] "POST //xmlrpc.php HTTP/1.1" 200 5898 "-" "Mozilla/5.0 (Windows NT 10.0; Win64; x64) AppleWebKit/537.36 (KHTML, like Gecko) Chrome/80.0.3987.149 Safari/537.36"
137.131.43.163 - - [21/Sep/2026:10:32:24 +0200] "POST //xmlrpc.php HTTP/1.1" 200 5866 "-" "Mozilla/5.0 (Windows NT 10.0; Win64; x64) AppleWebKit/537.36 (KHTML, like Gecko) Chrome/80.0.3987.149 Safari/537.36"
137.131.43.163 - - [21/Sep/2026:10:32:24 +0200] "POST //xmlrpc.php HTTP/1.1" 200 5898 "-" "Mozilla/5.0 (Windows NT 10.0; Win64; x64) AppleWebKit/537.36 (KHTML, like Gecko) Chrome/80.0.3987.149 Safari/537.36"
137.131.43.163 - - [21/Sep/2026:10:32:25 +0200] "POST //xmlrpc.php HTTP/1.1" 200 5882 "-" "Mozilla/5.0 (Windows NT 10.0; Win64; x64) AppleWebKit/537.36 (KHTML, like Gecko) Chrome/80.0.3987.149 Safari/537.36"
137.131.43.163 - - [21/Sep/2026:10:32:25 +0200] "POST //xmlrpc.php HTTP/1.1" 200 5866 "-" "Mozilla/5.0 (Windows NT 10.0; Win64; x64) AppleWebKit/537.36 (KHTML, like Gecko) Chrome/80.0.3987.149 Safari/537.36"
137.131.43.163 - - [21/Sep/2026:10:32:25 +0200] "POST //xmlrpc.php HTTP/1.1" 200 5866 "-" "Mozilla/5.0 (Windows NT 10.0; Win64; x64) AppleWebKit/537.36 (KHTML, like Gecko) Chrome/80.0.3987.149 Safari/537.36"
137.131.43.163 - - [21/Sep/2026:10:32:26 +0200] "POST //xmlrpc.php HTTP/1.1" 200 5898 "-" "Mozilla/5.0 (Windows NT 10.0; Win64; x64) AppleWebKit/537.36 (KHTML, like Gecko) Chrome/80.0.3987.149 Safari/537.36"
137.131.43.163 - - [21/Sep/2026:10:32:26 +0200] "POST //xmlrpc.php HTTP/1.1" 200 5898 "-" "Mozilla/5.0 (Windows NT 10.0; Win64; x64) AppleWebKit/537.36 (KHTML, like Gecko) Chrome/80.0.3987.149 Safari/537.36"
137.131.43.163 - - [21/Sep/2026:10:32:27 +0200] "POST //xmlrpc.php HTTP/1.1" 200 5866 "-" "Mozilla/5.0 (Windows NT 10.0; Win64; x64) AppleWebKit/537.36 (KHTML, like Gecko) Chrome/80.0.3987.149 Safari/537.36"
137.131.43.163 - - [21/Sep/2026:10:32:27 +0200] "POST //xmlrpc.php HTTP/1.1" 200 5882 "-" "Mozilla/5.0 (Windows NT 10.0; Win64; x64) AppleWebKit/537.36 (KHTML, like Gecko) Chrome/80.0.3987.149 Safari/537.36"
137.131.43.163 - - [21/Sep/2026:10:32:27 +0200] "POST //xmlrpc.php HTTP/1.1" 200 5882 "-" "Mozilla/5.0 (Windows NT 10.0; Win64; x64) AppleWebKit/537.36 (KHTML, like Gecko) Chrome/80.0.3987.149 Safari/537.36"
137.131.43.163 - - [21/Sep/2026:10:32:28 +0200] "POST //xmlrpc.php HTTP/1.1" 200 5866 "-" "Mozilla/5.0 (Windows NT 10.0; Win64; x64) AppleWebKit/537.36 (KHTML, like Gecko) Chrome/80.0.3987.149 Safari/537.36"
137.131.43.163 - - [21/Sep/2026:10:32:28 +0200] "POST //xmlrpc.php HTTP/1.1" 200 5898 "-" "Mozilla/5.0 (Windows NT 10.0; Win64; x64) AppleWebKit/537.36 (KHTML, like Gecko) Chrome/80.0.3987.149 Safari/537.36"
137.131.43.163 - - [21/Sep/2026:10:32:28 +0200] "POST //xmlrpc.php HTTP/1.1" 200 5882 "-" "Mozilla/5.0 (Windows NT 10.0; Win64; x64) AppleWebKit/537.36 (KHTML, like Gecko) Chrome/80.0.3987.149 Safari/537.36"
137.131.43.163 - - [21/Sep/2026:10:32:29 +0200] "POST //xmlrpc.php HTTP/1.1" 200 5882 "-" "Mozilla/5.0 (Windows NT 10.0; Win64; x64) AppleWebKit/537.36 (KHTML, like Gecko) Chrome/80.0.3987.149 Safari/537.36"
137.131.43.163 - - [21/Sep/2026:10:32:29 +0200] "POST //xmlrpc.php HTTP/1.1" 200 5898 "-" "Mozilla/5.0 (Windows NT 10.0; Win64; x64) AppleWebKit/537.36 (KHTML, like Gecko) Chrome/80.0.3987.149 Safari/537.36"
137.131.43.163 - - [21/Sep/2026:10:32:29 +0200] "POST //xmlrpc.php HTTP/1.1" 200 5882 "-" "Mozilla/5.0 (Windows NT 10.0; Win64; x64) AppleWebKit/537.36 (KHTML, like Gecko) Chrome/80.0.3987.149 Safari/537.36"
137.131.43.163 - - [21/Sep/2026:10:32:30 +0200] "POST //xmlrpc.php HTTP/1.1" 200 5898 "-" "Mozilla/5.0 (Windows NT 10.0; Win64; x64) AppleWebKit/537.36 (KHTML, like Gecko) Chrome/80.0.3987.149 Safari/537.36"
137.131.43.163 - - [21/Sep/2026:10:32:30 +0200] "POST //xmlrpc.php HTTP/1.1" 200 5882 "-" "Mozilla/5.0 (Windows NT 10.0; Win64; x64) AppleWebKit/537.36 (KHTML, like Gecko) Chrome/80.0.3987.149 Safari/537.36"
85.208.96.209 - - [21/Sep/2026:10:33:12 +0200] "GET /exactly-how-many-dialects-exists-towards-wireclub/politica-de-cookies HTTP/1.1" 301 5581 "-" "Mozilla/5.0 (compatible; SemrushBot/7~bl; +http://www.semrush.com/bot.html)"
17.166.21.63 - - [21/Sep/2026:10:33:19 +0200] "GET /wp-json/wp/v2/posts/2601 HTTP/1.1" 200 17712 "-" "Mozilla/5.0 (Macintosh; Intel Mac OS X 10_15_7) AppleWebKit/605.1.15 (KHTML, like Gecko) Version/17.4 Safari/605.1.15 (Applebot/0.1; +http://www.apple.com/go/applebot)"
51.195.215.68 - - [21/Sep/2026:10:33:27 +0200] "GET /category/manhunt-full-site-login-2/ HTTP/1.1" 200 36632 "-" "Mozilla/5.0 (compatible; AhrefsBot/7.0; +http://ahrefs.com/robot/)"
216.73.217.1 - - [21/Sep/2026:10:33:23 +0200] "GET /sitemap_index.xml HTTP/1.1" 200 7538 "-" "Mozilla/5.0 AppleWebKit/537.36 (KHTML, like Gecko; compatible; ClaudeBot/1.0; +claudebot@anthropic.com)"
85.208.96.203 - - [21/Sep/2026:10:33:45 +0200] "GET /payday-loans-surrey-legitimate-merchant-on-the-web/medio-ambiente HTTP/1.1" 301 5592 "-" "Mozilla/5.0 (compatible; SemrushBot/7~bl; +http://www.semrush.com/bot.html)"
216.73.217.1 - - [21/Sep/2026:10:33:53 +0200] "GET /lass-mich-daruber-beschreiben-existiert-eres/nosotros HTTP/1.1" 301 5586 "-" "Mozilla/5.0 AppleWebKit/537.36 (KHTML, like Gecko; compatible; ClaudeBot/1.0; +claudebot@anthropic.com)"
216.73.217.1 - - [21/Sep/2026:10:33:54 +0200] "GET /nosotros/ HTTP/1.1" 200 35940 "https://gessing.es/lass-mich-daruber-beschreiben-existiert-eres/nosotros" "Mozilla/5.0 AppleWebKit/537.36 (KHTML, like Gecko; compatible; ClaudeBot/1.0; +claudebot@anthropic.com)"
85.208.96.210 - - [21/Sep/2026:10:34:00 +0200] "GET /zu-tun-haben-dies-durch-die-bank-knabe-dinger-ci/ HTTP/1.1" 200 44662 "-" "Mozilla/5.0 (compatible; SemrushBot/7~bl; +http://www.semrush.com/bot.html)"
216.73.217.1 - - [21/Sep/2026:10:34:37 +0200] "GET /lass-mich-daruber-beschreiben-existiert-eres/actividades HTTP/1.1" 301 5573 "-" "Mozilla/5.0 AppleWebKit/537.36 (KHTML, like Gecko; compatible; ClaudeBot/1.0; +claudebot@anthropic.com)"
216.73.217.1 - - [21/Sep/2026:10:34:37 +0200] "GET /lass-mich-daruber-beschreiben-existiert-eres/ HTTP/1.1" 200 44115 "-" "Mozilla/5.0 AppleWebKit/537.36 (KHTML, like Gecko; compatible; ClaudeBot/1.0; +claudebot@anthropic.com)"
216.73.217.1 - - [21/Sep/2026:10:34:37 +0200] "GET /actividades/ HTTP/1.1" 200 39444 "https://gessing.es/lass-mich-daruber-beschreiben-existiert-eres/actividades" "Mozilla/5.0 AppleWebKit/537.36 (KHTML, like Gecko; compatible; ClaudeBot/1.0; +claudebot@anthropic.com)"
216.73.217.1 - - [21/Sep/2026:10:34:37 +0200] "GET /et-vu-que-les-humains-vivent-principalement/contacto HTTP/1.1" 301 5586 "-" "Mozilla/5.0 AppleWebKit/537.36 (KHTML, like Gecko; compatible; ClaudeBot/1.0; +claudebot@anthropic.com)"
216.73.217.1 - - [21/Sep/2026:10:34:38 +0200] "GET /contacto/ HTTP/1.1" 200 37685 "https://gessing.es/et-vu-que-les-humains-vivent-principalement/contacto" "Mozilla/5.0 AppleWebKit/537.36 (KHTML, like Gecko; compatible; ClaudeBot/1.0; +claudebot@anthropic.com)"
198.244.168.175 - - [21/Sep/2026:10:34:52 +0200] "GET /category/bbwcupid-bureau-2/ HTTP/1.1" 200 37427 "-" "Mozilla/5.0 (compatible; AhrefsBot/7.0; +http://ahrefs.com/robot/)"
66.249.64.7 - - [21/Sep/2026:10:35:29 +0200] "GET /chat-live-with-women-that-like-pornography/ HTTP/1.1" 200 42122 "-" "Mozilla/5.0 (Linux; Android 6.0.1; Nexus 5X Build/MMB29P) AppleWebKit/537.36 (KHTML, like Gecko) Chrome/153.0.8010.47 Mobile Safari/537.36 (compatible; Googlebot/2.1; +http://www.google.com/bot.html)"
216.73.217.1 - - [21/Sep/2026:10:35:33 +0200] "GET /lass-mich-daruber-beschreiben-existiert-eres/medio-ambiente HTTP/1.1" 301 5592 "-" "Mozilla/5.0 AppleWebKit/537.36 (KHTML, like Gecko; compatible; ClaudeBot/1.0; +claudebot@anthropic.com)"
216.73.217.1 - - [21/Sep/2026:10:35:34 +0200] "GET /medio-ambiente/ HTTP/1.1" 200 35047 "https://gessing.es/lass-mich-daruber-beschreiben-existiert-eres/medio-ambiente" "Mozilla/5.0 AppleWebKit/537.36 (KHTML, like Gecko; compatible; ClaudeBot/1.0; +claudebot@anthropic.com)"
89.248.107.232 - - [21/Sep/2026:10:36:18 +0200] "POST /wp-cron.php?doing_wp_cron=1789979778.0847599506378173828125 HTTP/1.1" 200 5505 "https://gessing.es/wp-cron.php?doing_wp_cron=1789979778.0847599506378173828125" "WordPress/6.1.13; https://gessing.es"
216.73.217.1 - - [21/Sep/2026:10:36:17 +0200] "GET /lass-mich-daruber-beschreiben-existiert-eres/politica-de-privacidad HTTP/1.1" 301 5600 "-" "Mozilla/5.0 AppleWebKit/537.36 (KHTML, like Gecko; compatible; ClaudeBot/1.0; +claudebot@anthropic.com)"
216.73.217.1 - - [21/Sep/2026:10:36:18 +0200] "GET /politica-de-privacidad/ HTTP/1.1" 200 37406 "https://gessing.es/lass-mich-daruber-beschreiben-existiert-eres/politica-de-privacidad" "Mozilla/5.0 AppleWebKit/537.36 (KHTML, like Gecko; compatible; ClaudeBot/1.0; +claudebot@anthropic.com)"
51.195.183.174 - - [21/Sep/2026:10:36:18 +0200] "GET /category/big-payday-loans-2/ HTTP/1.1" 200 36957 "-" "Mozilla/5.0 (compatible; AhrefsBot/7.0; +http://ahrefs.com/robot/)"
17.166.154.190 - - [21/Sep/2026:10:36:38 +0200] "GET /this-man-employs-the-new-dawn-in-which-hes-harm/politica-de-privacidad HTTP/1.1" 301 5584 "-" "Mozilla/5.0 (Macintosh; Intel Mac OS X 10_15_7) AppleWebKit/605.1.15 (KHTML, like Gecko) Version/17.4 Safari/605.1.15 (Applebot/0.1; +http://www.apple.com/go/applebot)"
17.166.154.190 - - [21/Sep/2026:10:36:39 +0200] "GET /politica-de-privacidad/ HTTP/1.1" 200 37406 "-" "Mozilla/5.0 (Macintosh; Intel Mac OS X 10_15_7) AppleWebKit/605.1.15 (KHTML, like Gecko) Version/17.4 Safari/605.1.15 (Applebot/0.1; +http://www.apple.com/go/applebot)"
216.73.217.1 - - [21/Sep/2026:10:36:52 +0200] "GET /lass-mich-daruber-beschreiben-existiert-eres/feed/ HTTP/1.1" 200 6643 "-" "Mozilla/5.0 AppleWebKit/537.36 (KHTML, like Gecko; compatible; ClaudeBot/1.0; +claudebot@anthropic.com)"
216.73.217.1 - - [21/Sep/2026:10:37:20 +0200] "GET /lass-mich-daruber-beschreiben-existiert-eres/adjudicaciones HTTP/1.1" 301 5576 "-" "Mozilla/5.0 AppleWebKit/537.36 (KHTML, like Gecko; compatible; ClaudeBot/1.0; +claudebot@anthropic.com)"
216.73.217.1 - - [21/Sep/2026:10:37:21 +0200] "GET /adjudicaciones/ HTTP/1.1" 200 53257 "https://gessing.es/lass-mich-daruber-beschreiben-existiert-eres/adjudicaciones" "Mozilla/5.0 AppleWebKit/537.36 (KHTML, like Gecko; compatible; ClaudeBot/1.0; +claudebot@anthropic.com)"
216.73.217.1 - - [21/Sep/2026:10:37:21 +0200] "GET /?p=3551 HTTP/1.1" 301 5572 "-" "Mozilla/5.0 AppleWebKit/537.36 (KHTML, like Gecko; compatible; ClaudeBot/1.0; +claudebot@anthropic.com)"
216.73.217.1 - - [21/Sep/2026:10:37:22 +0200] "GET /lass-mich-daruber-beschreiben-existiert-eres/ HTTP/1.1" 200 44099 "https://gessing.es/?p=3551" "Mozilla/5.0 AppleWebKit/537.36 (KHTML, like Gecko; compatible; ClaudeBot/1.0; +claudebot@anthropic.com)"
85.208.96.210 - - [21/Sep/2026:10:37:28 +0200] "GET /take-pleasure-in-quality-company-of-the-very-most/medio-ambiente HTTP/1.1" 301 5560 "-" "Mozilla/5.0 (compatible; SemrushBot/7~bl; +http://www.semrush.com/bot.html)"
51.195.244.227 - - [21/Sep/2026:10:37:44 +0200] "GET /category/bronymate-visitors/ HTTP/1.1" 200 37696 "-" "Mozilla/5.0 (compatible; AhrefsBot/7.0; +http://ahrefs.com/robot/)"
216.73.217.1 - - [21/Sep/2026:10:37:45 +0200] "GET /lass-mich-daruber-beschreiben-existiert-eres/contacto HTTP/1.1" 301 5586 "-" "Mozilla/5.0 AppleWebKit/537.36 (KHTML, like Gecko; compatible; ClaudeBot/1.0; +claudebot@anthropic.com)"
216.73.217.1 - - [21/Sep/2026:10:37:45 +0200] "GET /lass-mich-daruber-beschreiben-existiert-eres/politica-de-cookies HTTP/1.1" 301 5581 "-" "Mozilla/5.0 AppleWebKit/537.36 (KHTML, like Gecko; compatible; ClaudeBot/1.0; +claudebot@anthropic.com)"
216.73.217.1 - - [21/Sep/2026:10:37:46 +0200] "GET /politica-de-cookies/ HTTP/1.1" 200 36183 "https://gessing.es/lass-mich-daruber-beschreiben-existiert-eres/politica-de-cookies" "Mozilla/5.0 AppleWebKit/537.36 (KHTML, like Gecko; compatible; ClaudeBot/1.0; +claudebot@anthropic.com)"
216.73.217.1 - - [21/Sep/2026:10:37:46 +0200] "GET /contacto/ HTTP/1.1" 200 37701 "https://gessing.es/lass-mich-daruber-beschreiben-existiert-eres/contacto" "Mozilla/5.0 AppleWebKit/537.36 (KHTML, like Gecko; compatible; ClaudeBot/1.0; +claudebot@anthropic.com)"
216.73.217.1 - - [21/Sep/2026:10:37:47 +0200] "GET /lass-mich-im-zuge-dessen-erortern-uber-beischlaf/politica-de-cookies HTTP/1.1" 301 5581 "-" "Mozilla/5.0 AppleWebKit/537.36 (KHTML, like Gecko; compatible; ClaudeBot/1.0; +claudebot@anthropic.com)"
216.73.217.1 - - [21/Sep/2026:10:37:47 +0200] "GET /politica-de-cookies/ HTTP/1.1" 200 36167 "https://gessing.es/lass-mich-im-zuge-dessen-erortern-uber-beischlaf/politica-de-cookies" "Mozilla/5.0 AppleWebKit/537.36 (KHTML, like Gecko; compatible; ClaudeBot/1.0; +claudebot@anthropic.com)"
85.208.96.207 - - [21/Sep/2026:10:37:59 +0200] "GET /bagarre-actif-demoiselle-adjacente-causes-au-cours/ HTTP/1.1" 200 43990 "-" "Mozilla/5.0 (compatible; SemrushBot/7~bl; +http://www.semrush.com/bot.html)"
85.208.96.205 - - [21/Sep/2026:10:38:15 +0200] "GET /just-how-can-payday-loans-operate-in-great-britain/nosotros HTTP/1.1" 301 5570 "-" "Mozilla/5.0 (compatible; SemrushBot/7~bl; +http://www.semrush.com/bot.html)"
85.208.96.210 - - [21/Sep/2026:10:38:23 +0200] "GET /this-new-gender-lifestyle-away-from-school-girls/ HTTP/1.1" 200 43062 "-" "Mozilla/5.0 (compatible; SemrushBot/7~bl; +http://www.semrush.com/bot.html)"
85.208.96.202 - - [21/Sep/2026:10:38:28 +0200] "GET /fortunately-with-the-team-transunion-offered-to/politica-de-cookies HTTP/1.1" 301 5581 "-" "Mozilla/5.0 (compatible; SemrushBot/7~bl; +http://www.semrush.com/bot.html)"
85.208.96.207 - - [21/Sep/2026:10:38:31 +0200] "GET /student-loan-constraints-exactly-how-much-do-you/ HTTP/1.1" 200 42720 "-" "Mozilla/5.0 (compatible; SemrushBot/7~bl; +http://www.semrush.com/bot.html)"
85.208.96.209 - - [21/Sep/2026:10:38:33 +0200] "GET /investering-i-kryptovaluta-kjope-bitcoin-16-grunner-som-far-meg-til-a-velge-annen/ HTTP/1.1" 200 72044 "-" "Mozilla/5.0 (compatible; SemrushBot/7~bl; +http://www.semrush.com/bot.html)"
85.208.96.205 - - [21/Sep/2026:10:38:36 +0200] "GET /how-to-cut-off-a-person-away-from-actually-typing/contacto HTTP/1.1" 301 5554 "-" "Mozilla/5.0 (compatible; SemrushBot/7~bl; +http://www.semrush.com/bot.html)"
85.208.96.211 - - [21/Sep/2026:10:38:38 +0200] "GET /online-dating-reputation-advice-for-men-struggling/ HTTP/1.1" 200 43100 "-" "Mozilla/5.0 (compatible; SemrushBot/7~bl; +http://www.semrush.com/bot.html)"
85.208.96.211 - - [21/Sep/2026:10:38:40 +0200] "GET /rates-on-government-college-loans-have-a-tendency/actividades HTTP/1.1" 301 5589 "-" "Mozilla/5.0 (compatible; SemrushBot/7~bl; +http://www.semrush.com/bot.html)"
85.208.96.210 - - [21/Sep/2026:10:38:42 +0200] "GET /most-people-bring-selfies-however-score-caught-by/medio-ambiente HTTP/1.1" 301 5560 "-" "Mozilla/5.0 (compatible; SemrushBot/7~bl; +http://www.semrush.com/bot.html)"
51.195.244.189 - - [21/Sep/2026:10:39:10 +0200] "GET /category/hookup-lesbian-app-sign-in-2/ HTTP/1.1" 200 36922 "-" "Mozilla/5.0 (compatible; AhrefsBot/7.0; +http://ahrefs.com/robot/)"
16.216.88.176 - - [21/Sep/2026:10:39:35 +0200] "GET /should-i-pick-a-welcome-bonus-as-a-new-casino-17/politica-de-cookies HTTP/1.1" 301 5581 "-" "Mozilla/5.0 AppleWebKit/537.36 (KHTML, like Gecko; compatible; Reflectionbot/1.0; +https://reflection.ai/bot) Chrome/151.0.0.0 Safari/537.36"
98.82.107.102 - - [21/Sep/2026:10:39:35 +0200] "GET /pnc-education-loan-review-pnc-student-education/ HTTP/1.1" 200 46599 "-" "Mozilla/5.0 AppleWebKit/537.36 (KHTML, like Gecko; compatible; Amazonbot/0.1; +https://developer.amazon.com/support/amazonbot) Chrome/119.0.6045.214 Safari/537.36"
16.216.88.176 - - [21/Sep/2026:10:39:36 +0200] "GET /politica-de-cookies/ HTTP/1.1" 200 36151 "-" "Mozilla/5.0 AppleWebKit/537.36 (KHTML, like Gecko; compatible; Reflectionbot/1.0; +https://reflection.ai/bot) Chrome/151.0.0.0 Safari/537.36"
3.18.186.238 - - [21/Sep/2026:10:40:05 +0200] "GET / HTTP/1.1" 200 36246 "-" "visionheight.com/scan Mozilla/5.0 (Macintosh; Intel Mac OS X 10_15_7) Chrome/126.0.0.0 Safari/537.36"
90.188.246.113 - - [21/Sep/2026:10:40:16 +0200] "GET /wp-json/oembed/1.0/embed?url=https%3A%2F%2Fgessing.es%2Fcontacto%2F HTTP/1.1" 200 8556 "-" "Mozilla/5.0 (iPhone; CPU iPhone OS 26_3 like Mac OS X) AppleWebKit/605.1.15 (KHTML, like Gecko) FxiOS/153.0 Mobile/15E148 Safari/604.1"
198.244.168.155 - - [21/Sep/2026:10:40:35 +0200] "GET /category/jeevansathi-visitors-2/ HTTP/1.1" 200 36728 "-" "Mozilla/5.0 (compatible; AhrefsBot/7.0; +http://ahrefs.com/robot/)"
85.208.96.209 - - [21/Sep/2026:10:40:46 +0200] "GET /category/dating-in-your-30s-app-2/nosotros HTTP/1.1" 404 36566 "-" "Mozilla/5.0 (compatible; SemrushBot/7~bl; +http://www.semrush.com/bot.html)"
16.216.88.112 - - [21/Sep/2026:10:41:03 +0200] "GET /the-brand-new-courtroom-ount-be-paid-to-the-fresh/actividades HTTP/1.1" 301 5557 "-" "Mozilla/5.0 AppleWebKit/537.36 (KHTML, like Gecko; compatible; Reflectionbot/1.0; +https://reflection.ai/bot) Chrome/151.0.0.0 Safari/537.36"
16.216.88.112 - - [21/Sep/2026:10:41:03 +0200] "GET /actividades/ HTTP/1.1" 200 39444 "-" "Mozilla/5.0 AppleWebKit/537.36 (KHTML, like Gecko; compatible; Reflectionbot/1.0; +https://reflection.ai/bot) Chrome/151.0.0.0 Safari/537.36"
198.244.240.78 - - [21/Sep/2026:10:42:01 +0200] "GET /category/bbwcupid-web-2/ HTTP/1.1" 200 36542 "-" "Mozilla/5.0 (compatible; AhrefsBot/7.0; +http://ahrefs.com/robot/)"
161.35.69.250 - - [21/Sep/2026:10:43:12 +0200] "POST /wp-login.php HTTP/1.1" 200 14230 "-" "Mozilla/5.0"
161.35.69.250 - - [21/Sep/2026:10:43:12 +0200] "POST /wp-login.php HTTP/1.1" 200 14202 "-" "Mozilla/5.0"
198.244.242.43 - - [21/Sep/2026:10:43:27 +0200] "GET /category/good-payday-loans-2/ HTTP/1.1" 200 36612 "-" "Mozilla/5.0 (compatible; AhrefsBot/7.0; +http://ahrefs.com/robot/)"
17.166.21.47 - - [21/Sep/2026:10:44:06 +0200] "GET /with-the-part-directly-in-your-own-stenciljs/politica-de-privacidad HTTP/1.1" 301 5568 "-" "Mozilla/5.0 (Macintosh; Intel Mac OS X 10_15_7) AppleWebKit/605.1.15 (KHTML, like Gecko) Version/17.4 Safari/605.1.15 (Applebot/0.1; +http://www.apple.com/go/applebot)"
17.166.21.47 - - [21/Sep/2026:10:44:07 +0200] "GET /politica-de-privacidad/ HTTP/1.1" 200 37406 "-" "Mozilla/5.0 (Macintosh; Intel Mac OS X 10_15_7) AppleWebKit/605.1.15 (KHTML, like Gecko) Version/17.4 Safari/605.1.15 (Applebot/0.1; +http://www.apple.com/go/applebot)"
17.166.153.218 - - [21/Sep/2026:10:44:29 +0200] "GET /this-will-help-matchmakers-select-which-photos-to/adjudicaciones HTTP/1.1" 301 5576 "-" "Mozilla/5.0 (Macintosh; Intel Mac OS X 10_15_7) AppleWebKit/605.1.15 (KHTML, like Gecko) Version/17.4 Safari/605.1.15 (Applebot/0.1; +http://www.apple.com/go/applebot)"
17.166.153.218 - - [21/Sep/2026:10:44:30 +0200] "GET /adjudicaciones/ HTTP/1.1" 200 53273 "-" "Mozilla/5.0 (Macintosh; Intel Mac OS X 10_15_7) AppleWebKit/605.1.15 (KHTML, like Gecko) Version/17.4 Safari/605.1.15 (Applebot/0.1; +http://www.apple.com/go/applebot)"
198.244.183.8 - - [21/Sep/2026:10:44:52 +0200] "GET /category/bloomington-usa-reviews-2/ HTTP/1.1" 200 36783 "-" "Mozilla/5.0 (compatible; AhrefsBot/7.0; +http://ahrefs.com/robot/)"
216.73.217.1 - - [21/Sep/2026:10:45:52 +0200] "GET /robots.txt HTTP/1.1" 200 5679 "-" "Mozilla/5.0 AppleWebKit/537.36 (KHTML, like Gecko; compatible; ClaudeBot/1.0; +claudebot@anthropic.com)"
216.73.217.1 - - [21/Sep/2026:10:45:52 +0200] "GET /?p=4269 HTTP/1.1" 301 5562 "-" "Mozilla/5.0 AppleWebKit/537.36 (KHTML, like Gecko; compatible; ClaudeBot/1.0; +claudebot@anthropic.com)"
216.73.217.1 - - [21/Sep/2026:10:45:52 +0200] "GET /los-20-regalos-que-toda-femina-suena-acoger-por-lo/ HTTP/1.1" 200 44476 "https://gessing.es/?p=4269" "Mozilla/5.0 AppleWebKit/537.36 (KHTML, like Gecko; compatible; ClaudeBot/1.0; +claudebot@anthropic.com)"
216.73.217.1 - - [21/Sep/2026:10:46:05 +0200] "GET /los-20-regalos-que-toda-femina-suena-acoger-por-lo/ HTTP/1.1" 200 44460 "-" "Mozilla/5.0 AppleWebKit/537.36 (KHTML, like Gecko; compatible; ClaudeBot/1.0; +claudebot@anthropic.com)"
187.63.161.229 - - [21/Sep/2026:10:46:07 +0200] "GET /wp-content/themes/advtheme/php/formulario.php HTTP/1.1" 302 5395 "-" "Mozilla/5.0 (iPhone; CPU iPhone OS 26_6 like Mac OS X) AppleWebKit/605.1.15 (KHTML, like Gecko) FxiOS/150.0 Mobile/15E148 Safari/604.1"
51.195.215.0 - - [21/Sep/2026:10:46:18 +0200] "GET /category/charleston-live-escort-reviews-2/ HTTP/1.1" 200 36874 "-" "Mozilla/5.0 (compatible; AhrefsBot/7.0; +http://ahrefs.com/robot/)"
216.73.217.1 - - [21/Sep/2026:10:46:31 +0200] "GET /los-20-regalos-que-toda-femina-suena-acoger-por-lo/feed/ HTTP/1.1" 200 6658 "-" "Mozilla/5.0 AppleWebKit/537.36 (KHTML, like Gecko; compatible; ClaudeBot/1.0; +claudebot@anthropic.com)"
216.73.217.1 - - [21/Sep/2026:10:46:48 +0200] "GET /los-20-regalos-que-toda-femina-suena-acoger-por-lo/medio-ambiente HTTP/1.1" 301 5576 "-" "Mozilla/5.0 AppleWebKit/537.36 (KHTML, like Gecko; compatible; ClaudeBot/1.0; +claudebot@anthropic.com)"
216.73.217.1 - - [21/Sep/2026:10:46:48 +0200] "GET /medio-ambiente/ HTTP/1.1" 200 35031 "https://gessing.es/los-20-regalos-que-toda-femina-suena-acoger-por-lo/medio-ambiente" "Mozilla/5.0 AppleWebKit/537.36 (KHTML, like Gecko; compatible; ClaudeBot/1.0; +claudebot@anthropic.com)"
216.73.217.1 - - [21/Sep/2026:10:46:49 +0200] "GET /los-20-regalos-que-toda-femina-suena-acoger-por-lo/actividades HTTP/1.1" 301 5573 "-" "Mozilla/5.0 AppleWebKit/537.36 (KHTML, like Gecko; compatible; ClaudeBot/1.0; +claudebot@anthropic.com)"
216.73.217.1 - - [21/Sep/2026:10:46:49 +0200] "GET /actividades/ HTTP/1.1" 200 39460 "https://gessing.es/los-20-regalos-que-toda-femina-suena-acoger-por-lo/actividades" "Mozilla/5.0 AppleWebKit/537.36 (KHTML, like Gecko; compatible; ClaudeBot/1.0; +claudebot@anthropic.com)"
17.166.234.180 - - [21/Sep/2026:10:46:51 +0200] "GET /migliori-siti-dincontri-lesbo-disponibili-online-2/politica-de-privacidad HTTP/1.1" 301 5584 "-" "Mozilla/5.0 (Macintosh; Intel Mac OS X 10_15_7) AppleWebKit/605.1.15 (KHTML, like Gecko) Version/17.4 Safari/605.1.15 (Applebot/0.1; +http://www.apple.com/go/applebot)"
85.208.96.195 - - [21/Sep/2026:10:47:03 +0200] "GET /lass-mich-daruber-erzahlen-besten-kostenlosen-9/medio-ambiente HTTP/1.1" 301 5592 "-" "Mozilla/5.0 (compatible; SemrushBot/7~bl; +http://www.semrush.com/bot.html)"
161.35.69.250 - - [21/Sep/2026:10:47:08 +0200] "POST /wp-login.php HTTP/1.1" 200 14202 "-" "Mozilla/5.0"
161.35.69.250 - - [21/Sep/2026:10:47:08 +0200] "POST /wp-login.php HTTP/1.1" 200 14198 "-" "Mozilla/5.0"
216.73.217.1 - - [21/Sep/2026:10:47:21 +0200] "GET /los-20-regalos-que-toda-femina-suena-acoger-por-lo/nosotros HTTP/1.1" 301 5570 "-" "Mozilla/5.0 AppleWebKit/537.36 (KHTML, like Gecko; compatible; ClaudeBot/1.0; +claudebot@anthropic.com)"
216.73.217.1 - - [21/Sep/2026:10:47:21 +0200] "GET /nosotros/ HTTP/1.1" 200 35924 "https://gessing.es/los-20-regalos-que-toda-femina-suena-acoger-por-lo/nosotros" "Mozilla/5.0 AppleWebKit/537.36 (KHTML, like Gecko; compatible; ClaudeBot/1.0; +claudebot@anthropic.com)"
216.73.217.1 - - [21/Sep/2026:10:47:38 +0200] "GET /los-20-regalos-que-toda-femina-suena-acoger-por-lo/contacto HTTP/1.1" 301 5554 "-" "Mozilla/5.0 AppleWebKit/537.36 (KHTML, like Gecko; compatible; ClaudeBot/1.0; +claudebot@anthropic.com)"
216.73.217.1 - - [21/Sep/2026:10:47:39 +0200] "GET /contacto/ HTTP/1.1" 200 37685 "https://gessing.es/los-20-regalos-que-toda-femina-suena-acoger-por-lo/contacto" "Mozilla/5.0 AppleWebKit/537.36 (KHTML, like Gecko; compatible; ClaudeBot/1.0; +claudebot@anthropic.com)"
216.73.217.1 - - [21/Sep/2026:10:47:40 +0200] "GET /los-20-regalos-que-toda-femina-suena-acoger-por-lo/adjudicaciones HTTP/1.1" 301 5576 "-" "Mozilla/5.0 AppleWebKit/537.36 (KHTML, like Gecko; compatible; ClaudeBot/1.0; +claudebot@anthropic.com)"
216.73.217.1 - - [21/Sep/2026:10:47:40 +0200] "GET /adjudicaciones/ HTTP/1.1" 200 53241 "https://gessing.es/los-20-regalos-que-toda-femina-suena-acoger-por-lo/adjudicaciones" "Mozilla/5.0 AppleWebKit/537.36 (KHTML, like Gecko; compatible; ClaudeBot/1.0; +claudebot@anthropic.com)"
51.195.215.216 - - [21/Sep/2026:10:47:44 +0200] "GET /category/installment-loans-for-postal-employees/ HTTP/1.1" 200 37098 "-" "Mozilla/5.0 (compatible; AhrefsBot/7.0; +http://ahrefs.com/robot/)"
216.73.217.1 - - [21/Sep/2026:10:47:49 +0200] "GET /los-20-regalos-que-toda-femina-suena-acoger-por-lo/politica-de-cookies HTTP/1.1" 301 5597 "-" "Mozilla/5.0 AppleWebKit/537.36 (KHTML, like Gecko; compatible; ClaudeBot/1.0; +claudebot@anthropic.com)"
216.73.217.1 - - [21/Sep/2026:10:47:49 +0200] "GET /politica-de-cookies/ HTTP/1.1" 200 36167 "https://gessing.es/los-20-regalos-que-toda-femina-suena-acoger-por-lo/politica-de-cookies" "Mozilla/5.0 AppleWebKit/537.36 (KHTML, like Gecko; compatible; ClaudeBot/1.0; +claudebot@anthropic.com)"
216.73.217.1 - - [21/Sep/2026:10:48:10 +0200] "GET /los-20-regalos-que-toda-femina-suena-acoger-por-lo/politica-de-privacidad HTTP/1.1" 301 5584 "-" "Mozilla/5.0 AppleWebKit/537.36 (KHTML, like Gecko; compatible; ClaudeBot/1.0; +claudebot@anthropic.com)"
216.73.217.1 - - [21/Sep/2026:10:48:11 +0200] "GET /politica-de-privacidad/ HTTP/1.1" 200 37406 "https://gessing.es/los-20-regalos-que-toda-femina-suena-acoger-por-lo/politica-de-privacidad" "Mozilla/5.0 AppleWebKit/537.36 (KHTML, like Gecko; compatible; ClaudeBot/1.0; +claudebot@anthropic.com)"
51.195.183.61 - - [21/Sep/2026:10:49:10 +0200] "GET /category/costa-rica-dating-dating-2/ HTTP/1.1" 200 37105 "-" "Mozilla/5.0 (compatible; AhrefsBot/7.0; +http://ahrefs.com/robot/)"
85.208.96.201 - - [21/Sep/2026:10:49:17 +0200] "GET /i-would-love-to-be-of-assistance-so-please-do-not-25/contacto HTTP/1.1" 301 5554 "-" "Mozilla/5.0 (compatible; SemrushBot/7~bl; +http://www.semrush.com/bot.html)"
198.244.226.40 - - [21/Sep/2026:10:50:35 +0200] "GET /category/caribbeancupid-numero-de-telefono-2/ HTTP/1.1" 200 37352 "-" "Mozilla/5.0 (compatible; AhrefsBot/7.0; +http://ahrefs.com/robot/)"
216.73.217.1 - - [21/Sep/2026:10:50:55 +0200] "GET /?p=3735 HTTP/1.1" 301 5572 "-" "Mozilla/5.0 AppleWebKit/537.36 (KHTML, like Gecko; compatible; ClaudeBot/1.0; +claudebot@anthropic.com)"
216.73.217.1 - - [21/Sep/2026:10:50:55 +0200] "GET /when-the-physical-pleasures-regarding-sexual/ HTTP/1.1" 200 44249 "-" "Mozilla/5.0 AppleWebKit/537.36 (KHTML, like Gecko; compatible; ClaudeBot/1.0; +claudebot@anthropic.com)"
216.73.217.1 - - [21/Sep/2026:10:50:55 +0200] "GET /when-the-physical-pleasures-regarding-sexual/ HTTP/1.1" 200 44233 "https://gessing.es/?p=3735" "Mozilla/5.0 AppleWebKit/537.36 (KHTML, like Gecko; compatible; ClaudeBot/1.0; +claudebot@anthropic.com)"
216.73.217.1 - - [21/Sep/2026:10:51:15 +0200] "GET /when-the-physical-pleasures-regarding-sexual/feed/ HTTP/1.1" 200 6717 "-" "Mozilla/5.0 AppleWebKit/537.36 (KHTML, like Gecko; compatible; ClaudeBot/1.0; +claudebot@anthropic.com)"
85.208.96.203 - - [21/Sep/2026:10:51:31 +0200] "GET /omosessuali-certezza-e-liberta-colloquio-a-giorgio/medio-ambiente HTTP/1.1" 301 5560 "-" "Mozilla/5.0 (compatible; SemrushBot/7~bl; +http://www.semrush.com/bot.html)"
216.73.217.1 - - [21/Sep/2026:10:51:36 +0200] "GET /when-the-physical-pleasures-regarding-sexual/actividades HTTP/1.1" 301 5589 "-" "Mozilla/5.0 AppleWebKit/537.36 (KHTML, like Gecko; compatible; ClaudeBot/1.0; +claudebot@anthropic.com)"
216.73.217.1 - - [21/Sep/2026:10:51:36 +0200] "GET /actividades/ HTTP/1.1" 200 39428 "https://gessing.es/when-the-physical-pleasures-regarding-sexual/actividades" "Mozilla/5.0 AppleWebKit/537.36 (KHTML, like Gecko; compatible; ClaudeBot/1.0; +claudebot@anthropic.com)"
216.73.217.1 - - [21/Sep/2026:10:51:45 +0200] "GET /when-the-physical-pleasures-regarding-sexual/contacto HTTP/1.1" 301 5570 "-" "Mozilla/5.0 AppleWebKit/537.36 (KHTML, like Gecko; compatible; ClaudeBot/1.0; +claudebot@anthropic.com)"
216.73.217.1 - - [21/Sep/2026:10:51:45 +0200] "GET /contacto/ HTTP/1.1" 200 37685 "https://gessing.es/when-the-physical-pleasures-regarding-sexual/contacto" "Mozilla/5.0 AppleWebKit/537.36 (KHTML, like Gecko; compatible; ClaudeBot/1.0; +claudebot@anthropic.com)"
216.73.217.1 - - [21/Sep/2026:10:51:48 +0200] "GET /when-the-physical-pleasures-regarding-sexual/nosotros HTTP/1.1" 301 5554 "-" "Mozilla/5.0 AppleWebKit/537.36 (KHTML, like Gecko; compatible; ClaudeBot/1.0; +claudebot@anthropic.com)"
216.73.217.1 - - [21/Sep/2026:10:51:48 +0200] "GET /nosotros/ HTTP/1.1" 200 35940 "https://gessing.es/when-the-physical-pleasures-regarding-sexual/nosotros" "Mozilla/5.0 AppleWebKit/537.36 (KHTML, like Gecko; compatible; ClaudeBot/1.0; +claudebot@anthropic.com)"
16.216.88.11 - - [21/Sep/2026:10:51:57 +0200] "GET /a-comparable-concerns-was-in-fact-asked-a-lot/medio-ambiente HTTP/1.1" 301 5592 "-" "Mozilla/5.0 AppleWebKit/537.36 (KHTML, like Gecko; compatible; Reflectionbot/1.0; +https://reflection.ai/bot) Chrome/151.0.0.0 Safari/537.36"
16.216.88.11 - - [21/Sep/2026:10:51:58 +0200] "GET /medio-ambiente/ HTTP/1.1" 200 35047 "-" "Mozilla/5.0 AppleWebKit/537.36 (KHTML, like Gecko; compatible; Reflectionbot/1.0; +https://reflection.ai/bot) Chrome/151.0.0.0 Safari/537.36"
198.244.242.41 - - [21/Sep/2026:10:52:01 +0200] "GET /category/jswipe-visitors/ HTTP/1.1" 200 36430 "-" "Mozilla/5.0 (compatible; AhrefsBot/7.0; +http://ahrefs.com/robot/)"
216.73.217.1 - - [21/Sep/2026:10:52:07 +0200] "GET /when-the-physical-pleasures-regarding-sexual/medio-ambiente HTTP/1.1" 301 5576 "-" "Mozilla/5.0 AppleWebKit/537.36 (KHTML, like Gecko; compatible; ClaudeBot/1.0; +claudebot@anthropic.com)"
216.73.217.1 - - [21/Sep/2026:10:52:07 +0200] "GET /medio-ambiente/ HTTP/1.1" 200 35047 "https://gessing.es/when-the-physical-pleasures-regarding-sexual/medio-ambiente" "Mozilla/5.0 AppleWebKit/537.36 (KHTML, like Gecko; compatible; ClaudeBot/1.0; +claudebot@anthropic.com)"
16.216.88.173 - - [21/Sep/2026:10:52:20 +0200] "GET /help-off-child-exploitation-an-internet-based/nosotros HTTP/1.1" 301 5554 "-" "Mozilla/5.0 AppleWebKit/537.36 (KHTML, like Gecko; compatible; Reflectionbot/1.0; +https://reflection.ai/bot) Chrome/151.0.0.0 Safari/537.36"
16.216.88.173 - - [21/Sep/2026:10:52:21 +0200] "GET /nosotros/ HTTP/1.1" 200 35908 "-" "Mozilla/5.0 AppleWebKit/537.36 (KHTML, like Gecko; compatible; Reflectionbot/1.0; +https://reflection.ai/bot) Chrome/151.0.0.0 Safari/537.36"
216.73.217.1 - - [21/Sep/2026:10:52:30 +0200] "GET /when-the-physical-pleasures-regarding-sexual/adjudicaciones HTTP/1.1" 301 5592 "-" "Mozilla/5.0 AppleWebKit/537.36 (KHTML, like Gecko; compatible; ClaudeBot/1.0; +claudebot@anthropic.com)"
216.73.217.1 - - [21/Sep/2026:10:52:30 +0200] "GET /adjudicaciones/ HTTP/1.1" 200 53273 "https://gessing.es/when-the-physical-pleasures-regarding-sexual/adjudicaciones" "Mozilla/5.0 AppleWebKit/537.36 (KHTML, like Gecko; compatible; ClaudeBot/1.0; +claudebot@anthropic.com)"
216.73.217.1 - - [21/Sep/2026:10:52:44 +0200] "GET /when-the-physical-pleasures-regarding-sexual/politica-de-cookies HTTP/1.1" 301 5581 "-" "Mozilla/5.0 AppleWebKit/537.36 (KHTML, like Gecko; compatible; ClaudeBot/1.0; +claudebot@anthropic.com)"
216.73.217.1 - - [21/Sep/2026:10:52:45 +0200] "GET /politica-de-cookies/ HTTP/1.1" 200 36167 "https://gessing.es/when-the-physical-pleasures-regarding-sexual/politica-de-cookies" "Mozilla/5.0 AppleWebKit/537.36 (KHTML, like Gecko; compatible; ClaudeBot/1.0; +claudebot@anthropic.com)"
216.73.217.1 - - [21/Sep/2026:10:52:58 +0200] "GET /when-the-physical-pleasures-regarding-sexual/politica-de-privacidad HTTP/1.1" 301 5584 "-" "Mozilla/5.0 AppleWebKit/537.36 (KHTML, like Gecko; compatible; ClaudeBot/1.0; +claudebot@anthropic.com)"
216.73.217.1 - - [21/Sep/2026:10:52:59 +0200] "GET /politica-de-privacidad/ HTTP/1.1" 200 37390 "https://gessing.es/when-the-physical-pleasures-regarding-sexual/politica-de-privacidad" "Mozilla/5.0 AppleWebKit/537.36 (KHTML, like Gecko; compatible; ClaudeBot/1.0; +claudebot@anthropic.com)"
216.73.217.1 - - [21/Sep/2026:10:53:23 +0200] "GET /?p=3193 HTTP/1.1" 301 5544 "-" "Mozilla/5.0 AppleWebKit/537.36 (KHTML, like Gecko; compatible; ClaudeBot/1.0; +claudebot@anthropic.com)"
216.73.217.1 - - [21/Sep/2026:10:53:23 +0200] "GET /when-creating-enjoyable-from-oneself-will-likely/ HTTP/1.1" 200 43846 "-" "Mozilla/5.0 AppleWebKit/537.36 (KHTML, like Gecko; compatible; ClaudeBot/1.0; +claudebot@anthropic.com)"
216.73.217.1 - - [21/Sep/2026:10:53:24 +0200] "GET /when-creating-enjoyable-from-oneself-will-likely/ HTTP/1.1" 200 43814 "https://gessing.es/?p=3193" "Mozilla/5.0 AppleWebKit/537.36 (KHTML, like Gecko; compatible; ClaudeBot/1.0; +claudebot@anthropic.com)"
198.244.168.37 - - [21/Sep/2026:10:53:27 +0200] "GET /category/payday-loans-bad-credit-2/ HTTP/1.1" 200 36621 "-" "Mozilla/5.0 (compatible; AhrefsBot/7.0; +http://ahrefs.com/robot/)"
216.73.217.1 - - [21/Sep/2026:10:53:34 +0200] "GET /when-creating-enjoyable-from-oneself-will-likely/feed/ HTTP/1.1" 200 6637 "-" "Mozilla/5.0 AppleWebKit/537.36 (KHTML, like Gecko; compatible; ClaudeBot/1.0; +claudebot@anthropic.com)"
216.73.217.1 - - [21/Sep/2026:10:53:47 +0200] "GET /when-creating-enjoyable-from-oneself-will-likely/actividades HTTP/1.1" 301 5589 "-" "Mozilla/5.0 AppleWebKit/537.36 (KHTML, like Gecko; compatible; ClaudeBot/1.0; +claudebot@anthropic.com)"
216.73.217.1 - - [21/Sep/2026:10:53:48 +0200] "GET /actividades/ HTTP/1.1" 200 39460 "https://gessing.es/when-creating-enjoyable-from-oneself-will-likely/actividades" "Mozilla/5.0 AppleWebKit/537.36 (KHTML, like Gecko; compatible; ClaudeBot/1.0; +claudebot@anthropic.com)"
94.107.100.189 - - [21/Sep/2026:10:53:49 +0200] "GET /medio-ambiente/ HTTP/1.1" 200 35031 "-" "Mozilla/5.0 (iPhone; CPU iPhone OS 18_0_1 like Mac OS X) AppleWebKit/605.1.15 (KHTML, like Gecko) FxiOS/150.0 Mobile/15E148 Safari/604.1"
16.216.88.106 - - [21/Sep/2026:10:54:09 +0200] "GET /theres-no-doubt-that-russia-may-be-the-room-of/nosotros HTTP/1.1" 301 5554 "-" "Mozilla/5.0 AppleWebKit/537.36 (KHTML, like Gecko; compatible; Reflectionbot/1.0; +https://reflection.ai/bot) Chrome/151.0.0.0 Safari/537.36"
16.216.88.106 - - [21/Sep/2026:10:54:10 +0200] "GET /nosotros/ HTTP/1.1" 200 35940 "-" "Mozilla/5.0 AppleWebKit/537.36 (KHTML, like Gecko; compatible; Reflectionbot/1.0; +https://reflection.ai/bot) Chrome/151.0.0.0 Safari/537.36"
216.73.217.1 - - [21/Sep/2026:10:54:12 +0200] "GET /when-creating-enjoyable-from-oneself-will-likely/contacto HTTP/1.1" 301 5570 "-" "Mozilla/5.0 AppleWebKit/537.36 (KHTML, like Gecko; compatible; ClaudeBot/1.0; +claudebot@anthropic.com)"
216.73.217.1 - - [21/Sep/2026:10:54:13 +0200] "GET /contacto/ HTTP/1.1" 200 37701 "https://gessing.es/when-creating-enjoyable-from-oneself-will-likely/contacto" "Mozilla/5.0 AppleWebKit/537.36 (KHTML, like Gecko; compatible; ClaudeBot/1.0; +claudebot@anthropic.com)"
216.73.217.1 - - [21/Sep/2026:10:54:26 +0200] "GET /when-creating-enjoyable-from-oneself-will-likely/nosotros HTTP/1.1" 301 5570 "-" "Mozilla/5.0 AppleWebKit/537.36 (KHTML, like Gecko; compatible; ClaudeBot/1.0; +claudebot@anthropic.com)"
216.73.217.1 - - [21/Sep/2026:10:54:26 +0200] "GET /nosotros/ HTTP/1.1" 200 35908 "https://gessing.es/when-creating-enjoyable-from-oneself-will-likely/nosotros" "Mozilla/5.0 AppleWebKit/537.36 (KHTML, like Gecko; compatible; ClaudeBot/1.0; +claudebot@anthropic.com)"
216.73.217.1 - - [21/Sep/2026:10:54:28 +0200] "GET /when-creating-enjoyable-from-oneself-will-likely/medio-ambiente HTTP/1.1" 301 5560 "-" "Mozilla/5.0 AppleWebKit/537.36 (KHTML, like Gecko; compatible; ClaudeBot/1.0; +claudebot@anthropic.com)"
216.73.217.1 - - [21/Sep/2026:10:54:28 +0200] "GET /medio-ambiente/ HTTP/1.1" 200 35047 "https://gessing.es/when-creating-enjoyable-from-oneself-will-likely/medio-ambiente" "Mozilla/5.0 AppleWebKit/537.36 (KHTML, like Gecko; compatible; ClaudeBot/1.0; +claudebot@anthropic.com)"
198.244.240.64 - - [21/Sep/2026:10:54:52 +0200] "GET /category/localmilfselfies-nedir-2/ HTTP/1.1" 200 37051 "-" "Mozilla/5.0 (compatible; AhrefsBot/7.0; +http://ahrefs.com/robot/)"
216.73.217.1 - - [21/Sep/2026:10:54:58 +0200] "GET /when-creating-enjoyable-from-oneself-will-likely/adjudicaciones HTTP/1.1" 301 5576 "-" "Mozilla/5.0 AppleWebKit/537.36 (KHTML, like Gecko; compatible; ClaudeBot/1.0; +claudebot@anthropic.com)"
216.73.217.1 - - [21/Sep/2026:10:54:58 +0200] "GET /adjudicaciones/ HTTP/1.1" 200 53241 "https://gessing.es/when-creating-enjoyable-from-oneself-will-likely/adjudicaciones" "Mozilla/5.0 AppleWebKit/537.36 (KHTML, like Gecko; compatible; ClaudeBot/1.0; +claudebot@anthropic.com)"
216.73.217.1 - - [21/Sep/2026:10:54:59 +0200] "GET /when-creating-enjoyable-from-oneself-will-likely/politica-de-cookies HTTP/1.1" 301 5581 "-" "Mozilla/5.0 AppleWebKit/537.36 (KHTML, like Gecko; compatible; ClaudeBot/1.0; +claudebot@anthropic.com)"
216.73.217.1 - - [21/Sep/2026:10:54:59 +0200] "GET /politica-de-cookies/ HTTP/1.1" 200 36167 "https://gessing.es/when-creating-enjoyable-from-oneself-will-likely/politica-de-cookies" "Mozilla/5.0 AppleWebKit/537.36 (KHTML, like Gecko; compatible; ClaudeBot/1.0; +claudebot@anthropic.com)"
66.249.64.5 - - [21/Sep/2026:10:55:08 +0200] "GET /latlas-du-bois-telecharger-en-ligne-gratuit/ HTTP/1.1" 200 49362 "-" "Mozilla/5.0 (Linux; Android 6.0.1; Nexus 5X Build/MMB29P) AppleWebKit/537.36 (KHTML, like Gecko) Chrome/153.0.8010.47 Mobile Safari/537.36 (compatible; Googlebot/2.1; +http://www.google.com/bot.html)"
216.73.217.1 - - [21/Sep/2026:10:55:32 +0200] "GET /when-creating-enjoyable-from-oneself-will-likely/politica-de-privacidad HTTP/1.1" 301 5600 "-" "Mozilla/5.0 AppleWebKit/537.36 (KHTML, like Gecko; compatible; ClaudeBot/1.0; +claudebot@anthropic.com)"
216.73.217.1 - - [21/Sep/2026:10:55:32 +0200] "GET /politica-de-privacidad/ HTTP/1.1" 200 37422 "https://gessing.es/when-creating-enjoyable-from-oneself-will-likely/politica-de-privacidad" "Mozilla/5.0 AppleWebKit/537.36 (KHTML, like Gecko; compatible; ClaudeBot/1.0; +claudebot@anthropic.com)"
216.73.217.1 - - [21/Sep/2026:10:55:37 +0200] "GET /?p=1237 HTTP/1.1" 301 5582 "-" "Mozilla/5.0 AppleWebKit/537.36 (KHTML, like Gecko; compatible; ClaudeBot/1.0; +claudebot@anthropic.com)"
216.73.217.1 - - [21/Sep/2026:10:55:37 +0200] "GET /hva-er-bitcoin-hva-skjer-med-internettvalutaen-bitcoin/ HTTP/1.1" 200 73957 "-" "Mozilla/5.0 AppleWebKit/537.36 (KHTML, like Gecko; compatible; ClaudeBot/1.0; +claudebot@anthropic.com)"
216.73.217.1 - - [21/Sep/2026:10:55:37 +0200] "GET /hva-er-bitcoin-hva-skjer-med-internettvalutaen-bitcoin/ HTTP/1.1" 200 73973 "https://gessing.es/?p=1237" "Mozilla/5.0 AppleWebKit/537.36 (KHTML, like Gecko; compatible; ClaudeBot/1.0; +claudebot@anthropic.com)"
216.73.217.1 - - [21/Sep/2026:10:55:55 +0200] "GET /hva-er-bitcoin-hva-skjer-med-internettvalutaen-bitcoin/actividades HTTP/1.1" 301 5557 "-" "Mozilla/5.0 AppleWebKit/537.36 (KHTML, like Gecko; compatible; ClaudeBot/1.0; +claudebot@anthropic.com)"
216.73.217.1 - - [21/Sep/2026:10:55:55 +0200] "GET /actividades/ HTTP/1.1" 200 39460 "https://gessing.es/hva-er-bitcoin-hva-skjer-med-internettvalutaen-bitcoin/actividades" "Mozilla/5.0 AppleWebKit/537.36 (KHTML, like Gecko; compatible; ClaudeBot/1.0; +claudebot@anthropic.com)"
216.73.217.1 - - [21/Sep/2026:10:55:54 +0200] "GET /hva-er-bitcoin-hva-skjer-med-internettvalutaen-bitcoin/feed/ HTTP/1.1" 200 6671 "-" "Mozilla/5.0 AppleWebKit/537.36 (KHTML, like Gecko; compatible; ClaudeBot/1.0; +claudebot@anthropic.com)"
51.89.129.39 - - [21/Sep/2026:10:56:18 +0200] "GET /category/top-payday-loan/ HTTP/1.1" 200 36560 "-" "Mozilla/5.0 (compatible; AhrefsBot/7.0; +http://ahrefs.com/robot/)"
216.73.217.1 - - [21/Sep/2026:10:56:23 +0200] "GET /hva-er-bitcoin-hva-skjer-med-internettvalutaen-bitcoin/contacto HTTP/1.1" 301 5570 "-" "Mozilla/5.0 AppleWebKit/537.36 (KHTML, like Gecko; compatible; ClaudeBot/1.0; +claudebot@anthropic.com)"
216.73.217.1 - - [21/Sep/2026:10:56:23 +0200] "GET /contacto/ HTTP/1.1" 200 37701 "https://gessing.es/hva-er-bitcoin-hva-skjer-med-internettvalutaen-bitcoin/contacto" "Mozilla/5.0 AppleWebKit/537.36 (KHTML, like Gecko; compatible; ClaudeBot/1.0; +claudebot@anthropic.com)"
216.73.217.1 - - [21/Sep/2026:10:56:30 +0200] "GET /hva-er-bitcoin-hva-skjer-med-internettvalutaen-bitcoin/nosotros HTTP/1.1" 301 5570 "-" "Mozilla/5.0 AppleWebKit/537.36 (KHTML, like Gecko; compatible; ClaudeBot/1.0; +claudebot@anthropic.com)"
216.73.217.1 - - [21/Sep/2026:10:56:31 +0200] "GET /nosotros/ HTTP/1.1" 200 35908 "https://gessing.es/hva-er-bitcoin-hva-skjer-med-internettvalutaen-bitcoin/nosotros" "Mozilla/5.0 AppleWebKit/537.36 (KHTML, like Gecko; compatible; ClaudeBot/1.0; +claudebot@anthropic.com)"
216.73.217.1 - - [21/Sep/2026:10:56:32 +0200] "GET /hva-er-bitcoin-hva-skjer-med-internettvalutaen-bitcoin/medio-ambiente HTTP/1.1" 301 5576 "-" "Mozilla/5.0 AppleWebKit/537.36 (KHTML, like Gecko; compatible; ClaudeBot/1.0; +claudebot@anthropic.com)"
216.73.217.1 - - [21/Sep/2026:10:56:33 +0200] "GET /medio-ambiente/ HTTP/1.1" 200 35031 "https://gessing.es/hva-er-bitcoin-hva-skjer-med-internettvalutaen-bitcoin/medio-ambiente" "Mozilla/5.0 AppleWebKit/537.36 (KHTML, like Gecko; compatible; ClaudeBot/1.0; +claudebot@anthropic.com)"
217.160.114.194 - - [21/Sep/2026:10:56:41 +0200] "POST /xmlrpc.php HTTP/1.1" 200 5884 "-" "Mozilla/5.0 (Windows NT 10.0) AppleWebKit/537.43 (KHTML, like Gecko) Chrome/137.0.0.0 Safari/537.36 OPR/121.0.0.0"
16.216.88.147 - - [21/Sep/2026:10:57:01 +0200] "GET /stage-dos-freedom-against-guilt-and-you-can-doubt/contacto HTTP/1.1" 301 5570 "-" "Mozilla/5.0 AppleWebKit/537.36 (KHTML, like Gecko; compatible; Reflectionbot/1.0; +https://reflection.ai/bot) Chrome/151.0.0.0 Safari/537.36"
16.216.88.147 - - [21/Sep/2026:10:57:02 +0200] "GET /contacto/ HTTP/1.1" 200 37717 "-" "Mozilla/5.0 AppleWebKit/537.36 (KHTML, like Gecko; compatible; Reflectionbot/1.0; +https://reflection.ai/bot) Chrome/151.0.0.0 Safari/537.36"
216.73.217.1 - - [21/Sep/2026:10:57:12 +0200] "GET /hva-er-bitcoin-hva-skjer-med-internettvalutaen-bitcoin/adjudicaciones HTTP/1.1" 301 5560 "-" "Mozilla/5.0 AppleWebKit/537.36 (KHTML, like Gecko; compatible; ClaudeBot/1.0; +claudebot@anthropic.com)"
216.73.217.1 - - [21/Sep/2026:10:57:12 +0200] "GET /adjudicaciones/ HTTP/1.1" 200 53241 "https://gessing.es/hva-er-bitcoin-hva-skjer-med-internettvalutaen-bitcoin/adjudicaciones" "Mozilla/5.0 AppleWebKit/537.36 (KHTML, like Gecko; compatible; ClaudeBot/1.0; +claudebot@anthropic.com)"
16.216.88.0 - - [21/Sep/2026:10:57:14 +0200] "GET /so-it-twelve-year-old-s-widespread-being-released/contacto HTTP/1.1" 301 5570 "-" "Mozilla/5.0 AppleWebKit/537.36 (KHTML, like Gecko; compatible; Reflectionbot/1.0; +https://reflection.ai/bot) Chrome/151.0.0.0 Safari/537.36"
16.216.88.0 - - [21/Sep/2026:10:57:15 +0200] "GET /contacto/ HTTP/1.1" 200 37701 "-" "Mozilla/5.0 AppleWebKit/537.36 (KHTML, like Gecko; compatible; Reflectionbot/1.0; +https://reflection.ai/bot) Chrome/151.0.0.0 Safari/537.36"
216.73.217.1 - - [21/Sep/2026:10:57:18 +0200] "GET /hva-er-bitcoin-hva-skjer-med-internettvalutaen-bitcoin/politica-de-cookies HTTP/1.1" 301 5565 "-" "Mozilla/5.0 AppleWebKit/537.36 (KHTML, like Gecko; compatible; ClaudeBot/1.0; +claudebot@anthropic.com)"
216.73.217.1 - - [21/Sep/2026:10:57:18 +0200] "GET /politica-de-cookies/ HTTP/1.1" 200 36183 "https://gessing.es/hva-er-bitcoin-hva-skjer-med-internettvalutaen-bitcoin/politica-de-cookies" "Mozilla/5.0 AppleWebKit/537.36 (KHTML, like Gecko; compatible; ClaudeBot/1.0; +claudebot@anthropic.com)"
216.73.217.1 - - [21/Sep/2026:10:57:19 +0200] "GET /hva-er-bitcoin-hva-skjer-med-internettvalutaen-bitcoin/politica-de-privacidad HTTP/1.1" 301 5584 "-" "Mozilla/5.0 AppleWebKit/537.36 (KHTML, like Gecko; compatible; ClaudeBot/1.0; +claudebot@anthropic.com)"
