216.73.217.1 - - [21/Sep/2026:11:45:32 +0200] "GET /not-merely-really-does-she-want-to-build-memory/medio-ambiente HTTP/1.1" 301 5576 "-" "Mozilla/5.0 AppleWebKit/537.36 (KHTML, like Gecko; compatible; ClaudeBot/1.0; +claudebot@anthropic.com)"
216.73.217.1 - - [21/Sep/2026:11:45:32 +0200] "GET /not-merely-really-does-she-want-to-build-memory/nosotros HTTP/1.1" 301 5586 "-" "Mozilla/5.0 AppleWebKit/537.36 (KHTML, like Gecko; compatible; ClaudeBot/1.0; +claudebot@anthropic.com)"
216.73.217.1 - - [21/Sep/2026:11:45:32 +0200] "GET /medio-ambiente/ HTTP/1.1" 200 35047 "https://gessing.es/not-merely-really-does-she-want-to-build-memory/medio-ambiente" "Mozilla/5.0 AppleWebKit/537.36 (KHTML, like Gecko; compatible; ClaudeBot/1.0; +claudebot@anthropic.com)"
216.73.217.1 - - [21/Sep/2026:11:45:32 +0200] "GET /nosotros/ HTTP/1.1" 200 35924 "https://gessing.es/not-merely-really-does-she-want-to-build-memory/nosotros" "Mozilla/5.0 AppleWebKit/537.36 (KHTML, like Gecko; compatible; ClaudeBot/1.0; +claudebot@anthropic.com)"
92.241.94.233 - - [21/Sep/2026:11:45:42 +0200] "POST /xmlrpc.php HTTP/1.1" 200 5884 "-" "WordPress.com; https://wordpress.com"
216.73.217.1 - - [21/Sep/2026:11:45:46 +0200] "GET /plus-bas-condition-pour-bagarre-serieuse-gay/ HTTP/1.1" 200 46871 "-" "Mozilla/5.0 AppleWebKit/537.36 (KHTML, like Gecko; compatible; ClaudeBot/1.0; +claudebot@anthropic.com)"
216.73.217.1 - - [21/Sep/2026:11:45:46 +0200] "GET /plus-bas-condition-pour-bagarre-serieuse-gay/feed/ HTTP/1.1" 200 6741 "-" "Mozilla/5.0 AppleWebKit/537.36 (KHTML, like Gecko; compatible; ClaudeBot/1.0; +claudebot@anthropic.com)"
92.241.94.233 - - [21/Sep/2026:11:45:52 +0200] "POST /xmlrpc.php HTTP/1.1" 200 5884 "-" "Jetpack by WordPress.com"
216.73.217.1 - - [21/Sep/2026:11:46:03 +0200] "GET /robots.txt HTTP/1.1" 200 5663 "-" "Mozilla/5.0 AppleWebKit/537.36 (KHTML, like Gecko; compatible; ClaudeBot/1.0; +claudebot@anthropic.com)"
216.73.217.1 - - [21/Sep/2026:11:46:03 +0200] "GET /not-merely-really-does-she-want-to-build-memory/adjudicaciones HTTP/1.1" 301 5560 "-" "Mozilla/5.0 AppleWebKit/537.36 (KHTML, like Gecko; compatible; ClaudeBot/1.0; +claudebot@anthropic.com)"
92.241.94.233 - - [21/Sep/2026:11:46:03 +0200] "POST /xmlrpc.php HTTP/1.1" 200 5884 "-" "Jetpack by WordPress.com"
216.73.217.1 - - [21/Sep/2026:11:46:03 +0200] "GET /plus-bas-condition-pour-bagarre-serieuse-gay/actividades HTTP/1.1" 301 5557 "-" "Mozilla/5.0 AppleWebKit/537.36 (KHTML, like Gecko; compatible; ClaudeBot/1.0; +claudebot@anthropic.com)"
216.73.217.1 - - [21/Sep/2026:11:46:03 +0200] "GET /adjudicaciones/ HTTP/1.1" 200 53257 "https://gessing.es/not-merely-really-does-she-want-to-build-memory/adjudicaciones" "Mozilla/5.0 AppleWebKit/537.36 (KHTML, like Gecko; compatible; ClaudeBot/1.0; +claudebot@anthropic.com)"
216.73.217.1 - - [21/Sep/2026:11:46:04 +0200] "GET /actividades/ HTTP/1.1" 200 39444 "https://gessing.es/plus-bas-condition-pour-bagarre-serieuse-gay/actividades" "Mozilla/5.0 AppleWebKit/537.36 (KHTML, like Gecko; compatible; ClaudeBot/1.0; +claudebot@anthropic.com)"
216.73.217.1 - - [21/Sep/2026:11:46:13 +0200] "GET /plus-bas-condition-pour-bagarre-serieuse-gay/nosotros HTTP/1.1" 301 5570 "-" "Mozilla/5.0 AppleWebKit/537.36 (KHTML, like Gecko; compatible; ClaudeBot/1.0; +claudebot@anthropic.com)"
216.73.217.1 - - [21/Sep/2026:11:46:13 +0200] "GET /plus-bas-condition-pour-bagarre-serieuse-gay/contacto HTTP/1.1" 301 5570 "-" "Mozilla/5.0 AppleWebKit/537.36 (KHTML, like Gecko; compatible; ClaudeBot/1.0; +claudebot@anthropic.com)"
92.241.94.233 - - [21/Sep/2026:11:46:13 +0200] "POST /xmlrpc.php HTTP/1.1" 200 5900 "-" "Jetpack by WordPress.com (Jetpack 12.5; WordPress 6.3)"
216.73.217.1 - - [21/Sep/2026:11:46:14 +0200] "GET /nosotros/ HTTP/1.1" 200 35908 "https://gessing.es/plus-bas-condition-pour-bagarre-serieuse-gay/nosotros" "Mozilla/5.0 AppleWebKit/537.36 (KHTML, like Gecko; compatible; ClaudeBot/1.0; +claudebot@anthropic.com)"
216.73.217.1 - - [21/Sep/2026:11:46:14 +0200] "GET /contacto/ HTTP/1.1" 200 37685 "https://gessing.es/plus-bas-condition-pour-bagarre-serieuse-gay/contacto" "Mozilla/5.0 AppleWebKit/537.36 (KHTML, like Gecko; compatible; ClaudeBot/1.0; +claudebot@anthropic.com)"
92.241.94.233 - - [21/Sep/2026:11:46:24 +0200] "POST /xmlrpc.php HTTP/1.1" 200 5884 "-" "Jetpack by WordPress.com (Jetpack 12.1; WordPress 6.1)"
216.73.217.1 - - [21/Sep/2026:11:46:43 +0200] "GET /plus-bas-condition-pour-bagarre-serieuse-gay/medio-ambiente HTTP/1.1" 301 5560 "-" "Mozilla/5.0 AppleWebKit/537.36 (KHTML, like Gecko; compatible; ClaudeBot/1.0; +claudebot@anthropic.com)"
216.73.217.1 - - [21/Sep/2026:11:46:43 +0200] "GET /lass-mich-indem-referieren-instagram-hei-t-voller/ HTTP/1.1" 200 44941 "-" "Mozilla/5.0 AppleWebKit/537.36 (KHTML, like Gecko; compatible; ClaudeBot/1.0; +claudebot@anthropic.com)"
216.73.217.1 - - [21/Sep/2026:11:46:44 +0200] "GET /medio-ambiente/ HTTP/1.1" 200 35031 "https://gessing.es/plus-bas-condition-pour-bagarre-serieuse-gay/medio-ambiente" "Mozilla/5.0 AppleWebKit/537.36 (KHTML, like Gecko; compatible; ClaudeBot/1.0; +claudebot@anthropic.com)"
51.195.183.245 - - [21/Sep/2026:11:46:50 +0200] "GET /category/lavalife-overzicht-dating-2/ HTTP/1.1" 200 36894 "-" "Mozilla/5.0 (compatible; AhrefsBot/7.0; +http://ahrefs.com/robot/)"
216.73.217.1 - - [21/Sep/2026:11:46:57 +0200] "GET /plus-bas-condition-pour-bagarre-serieuse-gay/adjudicaciones HTTP/1.1" 301 5560 "-" "Mozilla/5.0 AppleWebKit/537.36 (KHTML, like Gecko; compatible; ClaudeBot/1.0; +claudebot@anthropic.com)"
216.73.217.1 - - [21/Sep/2026:11:46:57 +0200] "GET /adjudicaciones/ HTTP/1.1" 200 53241 "https://gessing.es/plus-bas-condition-pour-bagarre-serieuse-gay/adjudicaciones" "Mozilla/5.0 AppleWebKit/537.36 (KHTML, like Gecko; compatible; ClaudeBot/1.0; +claudebot@anthropic.com)"
216.73.217.1 - - [21/Sep/2026:11:46:57 +0200] "GET /lass-mich-indem-referieren-instagram-hei-t-voller/feed/ HTTP/1.1" 200 6672 "-" "Mozilla/5.0 AppleWebKit/537.36 (KHTML, like Gecko; compatible; ClaudeBot/1.0; +claudebot@anthropic.com)"
216.73.217.1 - - [21/Sep/2026:11:47:13 +0200] "GET /not-merely-really-does-she-want-to-build-memory/politica-de-privacidad HTTP/1.1" 301 5600 "-" "Mozilla/5.0 AppleWebKit/537.36 (KHTML, like Gecko; compatible; ClaudeBot/1.0; +claudebot@anthropic.com)"
216.73.217.1 - - [21/Sep/2026:11:47:13 +0200] "GET /not-merely-really-does-she-want-to-build-memory/politica-de-cookies HTTP/1.1" 301 5581 "-" "Mozilla/5.0 AppleWebKit/537.36 (KHTML, like Gecko; compatible; ClaudeBot/1.0; +claudebot@anthropic.com)"
216.73.217.1 - - [21/Sep/2026:11:47:13 +0200] "GET /politica-de-cookies/ HTTP/1.1" 200 36183 "https://gessing.es/not-merely-really-does-she-want-to-build-memory/politica-de-cookies" "Mozilla/5.0 AppleWebKit/537.36 (KHTML, like Gecko; compatible; ClaudeBot/1.0; +claudebot@anthropic.com)"
216.73.217.1 - - [21/Sep/2026:11:47:13 +0200] "GET /politica-de-privacidad/ HTTP/1.1" 200 37406 "https://gessing.es/not-merely-really-does-she-want-to-build-memory/politica-de-privacidad" "Mozilla/5.0 AppleWebKit/537.36 (KHTML, like Gecko; compatible; ClaudeBot/1.0; +claudebot@anthropic.com)"
16.216.88.188 - - [21/Sep/2026:11:47:17 +0200] "GET /if-you-find-yourself-on-armed-forces-and-also-in/actividades HTTP/1.1" 301 5573 "-" "Mozilla/5.0 AppleWebKit/537.36 (KHTML, like Gecko; compatible; Reflectionbot/1.0; +https://reflection.ai/bot) Chrome/151.0.0.0 Safari/537.36"
16.216.88.188 - - [21/Sep/2026:11:47:18 +0200] "GET /actividades/ HTTP/1.1" 200 39428 "-" "Mozilla/5.0 AppleWebKit/537.36 (KHTML, like Gecko; compatible; Reflectionbot/1.0; +https://reflection.ai/bot) Chrome/151.0.0.0 Safari/537.36"
216.73.217.1 - - [21/Sep/2026:11:47:32 +0200] "GET /lass-mich-indem-referieren-instagram-hei-t-voller/nosotros HTTP/1.1" 301 5570 "-" "Mozilla/5.0 AppleWebKit/537.36 (KHTML, like Gecko; compatible; ClaudeBot/1.0; +claudebot@anthropic.com)"
216.73.217.1 - - [21/Sep/2026:11:47:32 +0200] "GET /lass-mich-indem-referieren-instagram-hei-t-voller/contacto HTTP/1.1" 301 5554 "-" "Mozilla/5.0 AppleWebKit/537.36 (KHTML, like Gecko; compatible; ClaudeBot/1.0; +claudebot@anthropic.com)"
216.73.217.1 - - [21/Sep/2026:11:47:32 +0200] "GET /nosotros/ HTTP/1.1" 200 35940 "https://gessing.es/lass-mich-indem-referieren-instagram-hei-t-voller/nosotros" "Mozilla/5.0 AppleWebKit/537.36 (KHTML, like Gecko; compatible; ClaudeBot/1.0; +claudebot@anthropic.com)"
216.73.217.1 - - [21/Sep/2026:11:47:32 +0200] "GET /contacto/ HTTP/1.1" 200 37685 "https://gessing.es/lass-mich-indem-referieren-instagram-hei-t-voller/contacto" "Mozilla/5.0 AppleWebKit/537.36 (KHTML, like Gecko; compatible; ClaudeBot/1.0; +claudebot@anthropic.com)"
216.73.217.1 - - [21/Sep/2026:11:47:39 +0200] "GET /lass-mich-indem-referieren-instagram-hei-t-voller/actividades HTTP/1.1" 301 5573 "-" "Mozilla/5.0 AppleWebKit/537.36 (KHTML, like Gecko; compatible; ClaudeBot/1.0; +claudebot@anthropic.com)"
216.73.217.1 - - [21/Sep/2026:11:47:39 +0200] "GET /dunque-puoi-accedere-al-messenger-di-facebook-4/adjudicaciones HTTP/1.1" 301 5560 "-" "Mozilla/5.0 AppleWebKit/537.36 (KHTML, like Gecko; compatible; ClaudeBot/1.0; +claudebot@anthropic.com)"
216.73.217.1 - - [21/Sep/2026:11:47:40 +0200] "GET /actividades/ HTTP/1.1" 200 39428 "https://gessing.es/lass-mich-indem-referieren-instagram-hei-t-voller/actividades" "Mozilla/5.0 AppleWebKit/537.36 (KHTML, like Gecko; compatible; ClaudeBot/1.0; +claudebot@anthropic.com)"
216.73.217.1 - - [21/Sep/2026:11:47:40 +0200] "GET /adjudicaciones/ HTTP/1.1" 200 53257 "https://gessing.es/dunque-puoi-accedere-al-messenger-di-facebook-4/adjudicaciones" "Mozilla/5.0 AppleWebKit/537.36 (KHTML, like Gecko; compatible; ClaudeBot/1.0; +claudebot@anthropic.com)"
216.73.217.1 - - [21/Sep/2026:11:48:03 +0200] "GET /lass-mich-indem-referieren-instagram-hei-t-voller/medio-ambiente HTTP/1.1" 301 5576 "-" "Mozilla/5.0 AppleWebKit/537.36 (KHTML, like Gecko; compatible; ClaudeBot/1.0; +claudebot@anthropic.com)"
216.73.217.1 - - [21/Sep/2026:11:48:03 +0200] "GET /plus-bas-condition-pour-bagarre-serieuse-gay/politica-de-cookies HTTP/1.1" 301 5597 "-" "Mozilla/5.0 AppleWebKit/537.36 (KHTML, like Gecko; compatible; ClaudeBot/1.0; +claudebot@anthropic.com)"
216.73.217.1 - - [21/Sep/2026:11:48:04 +0200] "GET /politica-de-cookies/ HTTP/1.1" 200 36167 "https://gessing.es/plus-bas-condition-pour-bagarre-serieuse-gay/politica-de-cookies" "Mozilla/5.0 AppleWebKit/537.36 (KHTML, like Gecko; compatible; ClaudeBot/1.0; +claudebot@anthropic.com)"
216.73.217.1 - - [21/Sep/2026:11:48:04 +0200] "GET /medio-ambiente/ HTTP/1.1" 200 35063 "https://gessing.es/lass-mich-indem-referieren-instagram-hei-t-voller/medio-ambiente" "Mozilla/5.0 AppleWebKit/537.36 (KHTML, like Gecko; compatible; ClaudeBot/1.0; +claudebot@anthropic.com)"
198.244.226.110 - - [21/Sep/2026:11:48:08 +0200] "GET /category/naughty-date-kostenfalle-2/ HTTP/1.1" 200 36675 "-" "Mozilla/5.0 (compatible; AhrefsBot/7.0; +http://ahrefs.com/robot/)"
216.73.217.1 - - [21/Sep/2026:11:48:44 +0200] "GET /plus-bas-condition-pour-bagarre-serieuse-gay/politica-de-privacidad HTTP/1.1" 301 5584 "-" "Mozilla/5.0 AppleWebKit/537.36 (KHTML, like Gecko; compatible; ClaudeBot/1.0; +claudebot@anthropic.com)"
216.73.217.1 - - [21/Sep/2026:11:48:44 +0200] "GET /lass-mich-indem-referieren-instagram-hei-t-voller/adjudicaciones HTTP/1.1" 301 5560 "-" "Mozilla/5.0 AppleWebKit/537.36 (KHTML, like Gecko; compatible; ClaudeBot/1.0; +claudebot@anthropic.com)"
216.73.217.1 - - [21/Sep/2026:11:48:46 +0200] "GET /adjudicaciones/ HTTP/1.1" 200 53273 "https://gessing.es/lass-mich-indem-referieren-instagram-hei-t-voller/adjudicaciones" "Mozilla/5.0 AppleWebKit/537.36 (KHTML, like Gecko; compatible; ClaudeBot/1.0; +claudebot@anthropic.com)"
216.73.217.1 - - [21/Sep/2026:11:48:46 +0200] "GET /politica-de-privacidad/ HTTP/1.1" 200 37390 "https://gessing.es/plus-bas-condition-pour-bagarre-serieuse-gay/politica-de-privacidad" "Mozilla/5.0 AppleWebKit/537.36 (KHTML, like Gecko; compatible; ClaudeBot/1.0; +claudebot@anthropic.com)"
216.73.217.1 - - [21/Sep/2026:11:48:50 +0200] "GET /lass-mich-indem-referieren-instagram-hei-t-voller/politica-de-privacidad HTTP/1.1" 301 5584 "-" "Mozilla/5.0 AppleWebKit/537.36 (KHTML, like Gecko; compatible; ClaudeBot/1.0; +claudebot@anthropic.com)"
216.73.217.1 - - [21/Sep/2026:11:48:50 +0200] "GET /lass-mich-indem-referieren-instagram-hei-t-voller/politica-de-cookies HTTP/1.1" 301 5581 "-" "Mozilla/5.0 AppleWebKit/537.36 (KHTML, like Gecko; compatible; ClaudeBot/1.0; +claudebot@anthropic.com)"
216.73.217.1 - - [21/Sep/2026:11:48:52 +0200] "GET /politica-de-privacidad/ HTTP/1.1" 200 37390 "https://gessing.es/lass-mich-indem-referieren-instagram-hei-t-voller/politica-de-privacidad" "Mozilla/5.0 AppleWebKit/537.36 (KHTML, like Gecko; compatible; ClaudeBot/1.0; +claudebot@anthropic.com)"
216.73.217.1 - - [21/Sep/2026:11:48:52 +0200] "GET /politica-de-cookies/ HTTP/1.1" 200 36183 "https://gessing.es/lass-mich-indem-referieren-instagram-hei-t-voller/politica-de-cookies" "Mozilla/5.0 AppleWebKit/537.36 (KHTML, like Gecko; compatible; ClaudeBot/1.0; +claudebot@anthropic.com)"
178.152.20.205 - - [21/Sep/2026:11:49:17 +0200] "POST /xmlrpc.php HTTP/1.1" 200 5900 "-" "Jetpack by WordPress.com"
198.244.168.99 - - [21/Sep/2026:11:49:26 +0200] "GET /category/snapsext-it-review-2/ HTTP/1.1" 200 36946 "-" "Mozilla/5.0 (compatible; AhrefsBot/7.0; +http://ahrefs.com/robot/)"
178.152.20.205 - - [21/Sep/2026:11:49:27 +0200] "POST /xmlrpc.php HTTP/1.1" 200 5868 "-" "Jetpack by WordPress.com"
178.152.20.205 - - [21/Sep/2026:11:49:37 +0200] "POST /xmlrpc.php HTTP/1.1" 200 5884 "-" "Jetpack by WordPress.com"
178.152.20.205 - - [21/Sep/2026:11:49:48 +0200] "POST /xmlrpc.php HTTP/1.1" 200 5884 "-" "Jetpack/12.0; WordPress/6.3; http://site46930438.com"
178.152.20.205 - - [21/Sep/2026:11:49:59 +0200] "POST /xmlrpc.php HTTP/1.1" 200 5868 "-" "Jetpack by WordPress.com (Jetpack 13.0; WordPress 6.2)"
178.152.20.205 - - [21/Sep/2026:11:50:10 +0200] "POST /xmlrpc.php HTTP/1.1" 200 5884 "-" "Jetpack/13.0; WordPress/6.3; http://site44889418.com"
16.216.88.126 - - [21/Sep/2026:11:50:15 +0200] "GET /what-i-m-saying-is-a-romance-partner-effective-at/contacto HTTP/1.1" 301 5570 "-" "Mozilla/5.0 AppleWebKit/537.36 (KHTML, like Gecko; compatible; Reflectionbot/1.0; +https://reflection.ai/bot) Chrome/151.0.0.0 Safari/537.36"
16.216.88.126 - - [21/Sep/2026:11:50:15 +0200] "GET /contacto/ HTTP/1.1" 200 37685 "-" "Mozilla/5.0 AppleWebKit/537.36 (KHTML, like Gecko; compatible; Reflectionbot/1.0; +https://reflection.ai/bot) Chrome/151.0.0.0 Safari/537.36"
178.152.20.205 - - [21/Sep/2026:11:50:20 +0200] "POST /xmlrpc.php HTTP/1.1" 200 5884 "-" "Jetpack by WordPress.com"
178.152.20.205 - - [21/Sep/2026:11:50:31 +0200] "POST /xmlrpc.php HTTP/1.1" 200 5884 "-" "WordPress.com; https://wordpress.com"
178.152.20.205 - - [21/Sep/2026:11:50:42 +0200] "POST /xmlrpc.php HTTP/1.1" 200 5884 "-" "WordPress.com; https://wordpress.com"
51.195.244.253 - - [21/Sep/2026:11:50:44 +0200] "GET /category/naperville-live-escort-reviews-2/ HTTP/1.1" 200 36843 "-" "Mozilla/5.0 (compatible; AhrefsBot/7.0; +http://ahrefs.com/robot/)"
178.152.20.205 - - [21/Sep/2026:11:50:53 +0200] "POST /xmlrpc.php HTTP/1.1" 200 5884 "-" "Jetpack by WordPress.com (Jetpack 13.0; WordPress 6.2)"
178.152.20.205 - - [21/Sep/2026:11:51:04 +0200] "POST /xmlrpc.php HTTP/1.1" 200 5884 "-" "Jetpack by WordPress.com (Jetpack 13.0; WordPress 6.2)"
178.152.20.205 - - [21/Sep/2026:11:51:14 +0200] "POST /xmlrpc.php HTTP/1.1" 200 5868 "-" "Jetpack/13.0; WordPress/6.1; http://site19331375.com"
178.152.20.205 - - [21/Sep/2026:11:51:25 +0200] "POST /xmlrpc.php HTTP/1.1" 200 5884 "-" "Jetpack by WordPress.com"
178.152.20.205 - - [21/Sep/2026:11:51:36 +0200] "POST /xmlrpc.php HTTP/1.1" 200 5884 "-" "Jetpack by WordPress.com (Jetpack 12.0; WordPress 6.4)"
178.152.20.205 - - [21/Sep/2026:11:51:46 +0200] "POST /xmlrpc.php HTTP/1.1" 200 5884 "-" "WordPress.com; https://wordpress.com"
178.152.20.205 - - [21/Sep/2026:11:51:57 +0200] "POST /xmlrpc.php HTTP/1.1" 200 5868 "-" "Jetpack by WordPress.com"
161.35.69.250 - - [21/Sep/2026:11:51:59 +0200] "POST /wp-login.php HTTP/1.1" 200 14202 "-" "Mozilla/5.0"
161.35.69.250 - - [21/Sep/2026:11:51:59 +0200] "POST /wp-login.php HTTP/1.1" 200 14230 "-" "Mozilla/5.0"
198.244.242.15 - - [21/Sep/2026:11:52:03 +0200] "GET /category/sugar-daddies-usa-al-tanner-review/ HTTP/1.1" 200 36879 "-" "Mozilla/5.0 (compatible; AhrefsBot/7.0; +http://ahrefs.com/robot/)"
178.152.20.205 - - [21/Sep/2026:11:52:07 +0200] "POST /xmlrpc.php HTTP/1.1" 200 5900 "-" "Jetpack/12.1; WordPress/6.4; http://site27758238.com"
178.152.20.205 - - [21/Sep/2026:11:52:18 +0200] "POST /xmlrpc.php HTTP/1.1" 200 5868 "-" "Jetpack by WordPress.com (Jetpack 12.5; WordPress 6.1)"
178.152.20.205 - - [21/Sep/2026:11:52:29 +0200] "POST /xmlrpc.php HTTP/1.1" 200 5884 "-" "WordPress.com; https://wordpress.com"
178.152.20.205 - - [21/Sep/2026:11:52:40 +0200] "POST /xmlrpc.php HTTP/1.1" 200 5900 "-" "Jetpack by WordPress.com (Jetpack 12.5; WordPress 6.2)"
178.152.20.205 - - [21/Sep/2026:11:52:50 +0200] "POST /xmlrpc.php HTTP/1.1" 200 5868 "-" "WordPress.com; https://wordpress.com"
178.152.20.205 - - [21/Sep/2026:11:53:01 +0200] "POST /xmlrpc.php HTTP/1.1" 200 5884 "-" "Jetpack by WordPress.com"
178.152.20.205 - - [21/Sep/2026:11:53:12 +0200] "POST /xmlrpc.php HTTP/1.1" 200 5868 "-" "Jetpack by WordPress.com"
198.244.183.105 - - [21/Sep/2026:11:53:21 +0200] "GET /category/tinychat-visitors/ HTTP/1.1" 200 36661 "-" "Mozilla/5.0 (compatible; AhrefsBot/7.0; +http://ahrefs.com/robot/)"
178.152.20.205 - - [21/Sep/2026:11:53:22 +0200] "POST /xmlrpc.php HTTP/1.1" 200 5884 "-" "Jetpack by WordPress.com (Jetpack 12.1; WordPress 6.1)"
178.152.20.205 - - [21/Sep/2026:11:53:33 +0200] "POST /xmlrpc.php HTTP/1.1" 200 5868 "-" "Jetpack by WordPress.com"
178.152.20.205 - - [21/Sep/2026:11:53:44 +0200] "POST /xmlrpc.php HTTP/1.1" 200 5884 "-" "Jetpack/13.0; WordPress/6.3; http://site25307613.com"
178.152.20.205 - - [21/Sep/2026:11:53:54 +0200] "POST /xmlrpc.php HTTP/1.1" 200 5884 "-" "Jetpack by WordPress.com (Jetpack 12.1; WordPress 6.1)"
178.152.20.205 - - [21/Sep/2026:11:54:05 +0200] "POST /xmlrpc.php HTTP/1.1" 200 5884 "-" "Jetpack by WordPress.com (Jetpack 12.0; WordPress 6.2)"
178.152.20.205 - - [21/Sep/2026:11:54:15 +0200] "POST /xmlrpc.php HTTP/1.1" 200 5884 "-" "Jetpack by WordPress.com (Jetpack 13.0; WordPress 6.1)"
178.152.20.205 - - [21/Sep/2026:11:54:26 +0200] "POST /xmlrpc.php HTTP/1.1" 200 5868 "-" "Jetpack by WordPress.com (Jetpack 12.1; WordPress 6.2)"
178.152.20.205 - - [21/Sep/2026:11:54:37 +0200] "POST /xmlrpc.php HTTP/1.1" 200 5900 "-" "Jetpack by WordPress.com"
198.244.240.109 - - [21/Sep/2026:11:54:39 +0200] "GET /category/w-podrozy-review-2/ HTTP/1.1" 200 36553 "-" "Mozilla/5.0 (compatible; AhrefsBot/7.0; +http://ahrefs.com/robot/)"
178.152.20.205 - - [21/Sep/2026:11:54:47 +0200] "POST /xmlrpc.php HTTP/1.1" 200 5900 "-" "Jetpack/12.1; WordPress/6.1; http://site62292068.com"
216.73.217.1 - - [21/Sep/2026:11:54:48 +0200] "GET /tinder-bot-membership-company-and-swipe-robot-a HTTP/1.1" 301 5575 "-" "Mozilla/5.0 AppleWebKit/537.36 (KHTML, like Gecko; compatible; ClaudeBot/1.0; +claudebot@anthropic.com)"
216.73.217.1 - - [21/Sep/2026:11:54:48 +0200] "GET /tinder-bot-membership-company-and-swipe-robot-a/ HTTP/1.1" 200 45363 "https://gessing.es/tinder-bot-membership-company-and-swipe-robot-a" "Mozilla/5.0 AppleWebKit/537.36 (KHTML, like Gecko; compatible; ClaudeBot/1.0; +claudebot@anthropic.com)"
178.152.20.205 - - [21/Sep/2026:11:54:58 +0200] "POST /xmlrpc.php HTTP/1.1" 200 5868 "-" "Jetpack/12.1; WordPress/6.3; http://site70791882.com"
178.152.20.205 - - [21/Sep/2026:11:55:08 +0200] "POST /xmlrpc.php HTTP/1.1" 200 5900 "-" "Jetpack by WordPress.com (Jetpack 12.1; WordPress 6.2)"
85.208.96.208 - - [21/Sep/2026:11:55:11 +0200] "GET /how-can-i-choose-totally-free-forums-4/ HTTP/1.1" 200 42479 "-" "Mozilla/5.0 (compatible; SemrushBot/7~bl; +http://www.semrush.com/bot.html)"
178.152.20.205 - - [21/Sep/2026:11:55:19 +0200] "POST /xmlrpc.php HTTP/1.1" 200 5884 "-" "Jetpack/13.0; WordPress/6.4; http://site93777700.com"
17.166.233.218 - - [21/Sep/2026:11:55:23 +0200] "GET /nachfolgende-tricks-gibt-dies-within-verstandigen/politica-de-privacidad HTTP/1.1" 301 5568 "-" "Mozilla/5.0 (Macintosh; Intel Mac OS X 10_15_7) AppleWebKit/605.1.15 (KHTML, like Gecko) Version/17.4 Safari/605.1.15 (Applebot/0.1; +http://www.apple.com/go/applebot)"
17.166.233.218 - - [21/Sep/2026:11:55:24 +0200] "GET /politica-de-privacidad/ HTTP/1.1" 200 37390 "-" "Mozilla/5.0 (Macintosh; Intel Mac OS X 10_15_7) AppleWebKit/605.1.15 (KHTML, like Gecko) Version/17.4 Safari/605.1.15 (Applebot/0.1; +http://www.apple.com/go/applebot)"
66.249.64.7 - - [21/Sep/2026:11:55:24 +0200] "GET /you-will-never-know-what-is-going-to-attention/ HTTP/1.1" 200 42560 "-" "Mozilla/5.0 (Linux; Android 6.0.1; Nexus 5X Build/MMB29P) AppleWebKit/537.36 (KHTML, like Gecko) Chrome/153.0.8010.47 Mobile Safari/537.36 (compatible; Googlebot/2.1; +http://www.google.com/bot.html)"
178.152.20.205 - - [21/Sep/2026:11:55:30 +0200] "POST /xmlrpc.php HTTP/1.1" 200 5884 "-" "Jetpack by WordPress.com (Jetpack 12.1; WordPress 6.1)"
178.152.20.205 - - [21/Sep/2026:11:55:40 +0200] "POST /xmlrpc.php HTTP/1.1" 200 5868 "-" "Jetpack by WordPress.com (Jetpack 12.0; WordPress 6.4)"
181.116.178.53 - - [21/Sep/2026:11:55:49 +0200] "GET /medio-ambiente/adjudicaciones HTTP/1.1" 301 5560 "-" "Mozilla/5.0 (Linux; Android 16; SM-G991N; Build/BP4A.250822.166) AppleWebKit/537.36 (KHTML, like Gecko) Chrome/133.0.0.0 Mobile Safari/537.36"
178.152.20.205 - - [21/Sep/2026:11:55:51 +0200] "POST /xmlrpc.php HTTP/1.1" 200 5900 "-" "Jetpack/12.5; WordPress/6.1; http://site22046029.com"
181.116.178.53 - - [21/Sep/2026:11:55:51 +0200] "GET /adjudicaciones/ HTTP/1.1" 200 53257 "https://gessing.es/medio-ambiente/adjudicaciones" "Mozilla/5.0 (Linux; Android 16; SM-G991N; Build/BP4A.250822.166) AppleWebKit/537.36 (KHTML, like Gecko) Chrome/133.0.0.0 Mobile Safari/537.36"
198.244.168.211 - - [21/Sep/2026:11:55:57 +0200] "GET /category/incontri-asessuali-esempi-di-profilo-2/ HTTP/1.1" 200 36922 "-" "Mozilla/5.0 (compatible; AhrefsBot/7.0; +http://ahrefs.com/robot/)"
178.152.20.205 - - [21/Sep/2026:11:56:02 +0200] "POST /xmlrpc.php HTTP/1.1" 200 5884 "-" "WordPress.com; https://wordpress.com"
216.73.217.1 - - [21/Sep/2026:11:56:03 +0200] "GET /?p=2903 HTTP/1.1" 301 5559 "-" "Mozilla/5.0 AppleWebKit/537.36 (KHTML, like Gecko; compatible; ClaudeBot/1.0; +claudebot@anthropic.com)"
216.73.217.1 - - [21/Sep/2026:11:56:03 +0200] "GET /fur-wesentlich-schneller-man-scharfe-frauen-wie/ HTTP/1.1" 200 45325 "https://gessing.es/?p=2903" "Mozilla/5.0 AppleWebKit/537.36 (KHTML, like Gecko; compatible; ClaudeBot/1.0; +claudebot@anthropic.com)"
178.152.20.205 - - [21/Sep/2026:11:56:12 +0200] "POST /xmlrpc.php HTTP/1.1" 200 5900 "-" "Jetpack by WordPress.com (Jetpack 12.5; WordPress 6.4)"
216.73.217.1 - - [21/Sep/2026:11:56:17 +0200] "GET /fur-wesentlich-schneller-man-scharfe-frauen-wie/ HTTP/1.1" 200 45357 "-" "Mozilla/5.0 AppleWebKit/537.36 (KHTML, like Gecko; compatible; ClaudeBot/1.0; +claudebot@anthropic.com)"
178.152.20.205 - - [21/Sep/2026:11:56:23 +0200] "POST /xmlrpc.php HTTP/1.1" 200 5868 "-" "WordPress.com; https://wordpress.com"
178.152.20.205 - - [21/Sep/2026:11:56:34 +0200] "POST /xmlrpc.php HTTP/1.1" 200 5868 "-" "Jetpack by WordPress.com (Jetpack 12.5; WordPress 6.4)"
216.73.217.1 - - [21/Sep/2026:11:56:33 +0200] "GET /fur-wesentlich-schneller-man-scharfe-frauen-wie/feed/ HTTP/1.1" 200 6826 "-" "Mozilla/5.0 AppleWebKit/537.36 (KHTML, like Gecko; compatible; ClaudeBot/1.0; +claudebot@anthropic.com)"
178.152.20.205 - - [21/Sep/2026:11:56:44 +0200] "POST /xmlrpc.php HTTP/1.1" 200 5884 "-" "Jetpack/12.1; WordPress/6.2; http://site43475448.com"
216.73.217.1 - - [21/Sep/2026:11:56:54 +0200] "GET /fur-wesentlich-schneller-man-scharfe-frauen-wie/medio-ambiente HTTP/1.1" 301 5560 "-" "Mozilla/5.0 AppleWebKit/537.36 (KHTML, like Gecko; compatible; ClaudeBot/1.0; +claudebot@anthropic.com)"
216.73.217.1 - - [21/Sep/2026:11:56:54 +0200] "GET /medio-ambiente/ HTTP/1.1" 200 35047 "https://gessing.es/fur-wesentlich-schneller-man-scharfe-frauen-wie/medio-ambiente" "Mozilla/5.0 AppleWebKit/537.36 (KHTML, like Gecko; compatible; ClaudeBot/1.0; +claudebot@anthropic.com)"
178.152.20.205 - - [21/Sep/2026:11:56:55 +0200] "POST /xmlrpc.php HTTP/1.1" 200 5868 "-" "Jetpack by WordPress.com"
216.73.217.1 - - [21/Sep/2026:11:57:05 +0200] "GET /fur-wesentlich-schneller-man-scharfe-frauen-wie/actividades HTTP/1.1" 301 5557 "-" "Mozilla/5.0 AppleWebKit/537.36 (KHTML, like Gecko; compatible; ClaudeBot/1.0; +claudebot@anthropic.com)"
216.73.217.1 - - [21/Sep/2026:11:57:06 +0200] "GET /actividades/ HTTP/1.1" 200 39460 "https://gessing.es/fur-wesentlich-schneller-man-scharfe-frauen-wie/actividades" "Mozilla/5.0 AppleWebKit/537.36 (KHTML, like Gecko; compatible; ClaudeBot/1.0; +claudebot@anthropic.com)"
178.152.20.205 - - [21/Sep/2026:11:57:06 +0200] "POST /xmlrpc.php HTTP/1.1" 200 5884 "-" "Jetpack/12.0; WordPress/6.2; http://site29863777.com"
51.89.129.143 - - [21/Sep/2026:11:57:16 +0200] "GET /category/malaysiancupid-probemonat-2/ HTTP/1.1" 200 36691 "-" "Mozilla/5.0 (compatible; AhrefsBot/7.0; +http://ahrefs.com/robot/)"
178.152.20.205 - - [21/Sep/2026:11:57:16 +0200] "POST /xmlrpc.php HTTP/1.1" 200 5884 "-" "Jetpack by WordPress.com"
178.152.20.205 - - [21/Sep/2026:11:57:27 +0200] "POST /xmlrpc.php HTTP/1.1" 200 5884 "-" "WordPress.com; https://wordpress.com"
178.152.20.205 - - [21/Sep/2026:11:57:38 +0200] "POST /xmlrpc.php HTTP/1.1" 200 5884 "-" "WordPress.com; https://wordpress.com"
216.73.217.1 - - [21/Sep/2026:11:57:42 +0200] "GET /fur-wesentlich-schneller-man-scharfe-frauen-wie/contacto HTTP/1.1" 301 5554 "-" "Mozilla/5.0 AppleWebKit/537.36 (KHTML, like Gecko; compatible; ClaudeBot/1.0; +claudebot@anthropic.com)"
216.73.217.1 - - [21/Sep/2026:11:57:42 +0200] "GET /contacto/ HTTP/1.1" 200 37701 "https://gessing.es/fur-wesentlich-schneller-man-scharfe-frauen-wie/contacto" "Mozilla/5.0 AppleWebKit/537.36 (KHTML, like Gecko; compatible; ClaudeBot/1.0; +claudebot@anthropic.com)"
178.152.20.205 - - [21/Sep/2026:11:57:49 +0200] "POST /xmlrpc.php HTTP/1.1" 200 5900 "-" "Jetpack by WordPress.com (Jetpack 12.1; WordPress 6.1)"
216.73.217.1 - - [21/Sep/2026:11:57:56 +0200] "GET /fur-wesentlich-schneller-man-scharfe-frauen-wie/nosotros HTTP/1.1" 301 5570 "-" "Mozilla/5.0 AppleWebKit/537.36 (KHTML, like Gecko; compatible; ClaudeBot/1.0; +claudebot@anthropic.com)"
216.73.217.1 - - [21/Sep/2026:11:57:56 +0200] "GET /nosotros/ HTTP/1.1" 200 35924 "https://gessing.es/fur-wesentlich-schneller-man-scharfe-frauen-wie/nosotros" "Mozilla/5.0 AppleWebKit/537.36 (KHTML, like Gecko; compatible; ClaudeBot/1.0; +claudebot@anthropic.com)"
216.73.217.1 - - [21/Sep/2026:11:57:58 +0200] "GET /fur-wesentlich-schneller-man-scharfe-frauen-wie/adjudicaciones HTTP/1.1" 301 5576 "-" "Mozilla/5.0 AppleWebKit/537.36 (KHTML, like Gecko; compatible; ClaudeBot/1.0; +claudebot@anthropic.com)"
216.73.217.1 - - [21/Sep/2026:11:57:58 +0200] "GET /adjudicaciones/ HTTP/1.1" 200 53273 "https://gessing.es/fur-wesentlich-schneller-man-scharfe-frauen-wie/adjudicaciones" "Mozilla/5.0 AppleWebKit/537.36 (KHTML, like Gecko; compatible; ClaudeBot/1.0; +claudebot@anthropic.com)"
178.152.20.205 - - [21/Sep/2026:11:57:59 +0200] "POST /xmlrpc.php HTTP/1.1" 200 5868 "-" "Jetpack by WordPress.com"
216.73.217.1 - - [21/Sep/2026:11:58:07 +0200] "GET /fur-wesentlich-schneller-man-scharfe-frauen-wie/politica-de-cookies HTTP/1.1" 301 5581 "-" "Mozilla/5.0 AppleWebKit/537.36 (KHTML, like Gecko; compatible; ClaudeBot/1.0; +claudebot@anthropic.com)"
216.73.217.1 - - [21/Sep/2026:11:58:07 +0200] "GET /politica-de-cookies/ HTTP/1.1" 200 36167 "https://gessing.es/fur-wesentlich-schneller-man-scharfe-frauen-wie/politica-de-cookies" "Mozilla/5.0 AppleWebKit/537.36 (KHTML, like Gecko; compatible; ClaudeBot/1.0; +claudebot@anthropic.com)"
178.152.20.205 - - [21/Sep/2026:11:58:10 +0200] "POST /xmlrpc.php HTTP/1.1" 200 5868 "-" "Jetpack by WordPress.com (Jetpack 13.0; WordPress 6.1)"
178.152.20.205 - - [21/Sep/2026:11:58:21 +0200] "POST /xmlrpc.php HTTP/1.1" 200 5884 "-" "Jetpack by WordPress.com"
178.152.20.205 - - [21/Sep/2026:11:58:31 +0200] "POST /xmlrpc.php HTTP/1.1" 200 5900 "-" "WordPress.com; https://wordpress.com"
198.244.240.235 - - [21/Sep/2026:11:58:34 +0200] "GET /category/mytranssexualdate-dating-site-2/ HTTP/1.1" 200 36709 "-" "Mozilla/5.0 (compatible; AhrefsBot/7.0; +http://ahrefs.com/robot/)"
216.73.217.1 - - [21/Sep/2026:11:58:37 +0200] "GET /fur-wesentlich-schneller-man-scharfe-frauen-wie/politica-de-privacidad HTTP/1.1" 301 5568 "-" "Mozilla/5.0 AppleWebKit/537.36 (KHTML, like Gecko; compatible; ClaudeBot/1.0; +claudebot@anthropic.com)"
216.73.217.1 - - [21/Sep/2026:11:58:38 +0200] "GET /politica-de-privacidad/ HTTP/1.1" 200 37390 "https://gessing.es/fur-wesentlich-schneller-man-scharfe-frauen-wie/politica-de-privacidad" "Mozilla/5.0 AppleWebKit/537.36 (KHTML, like Gecko; compatible; ClaudeBot/1.0; +claudebot@anthropic.com)"
178.152.20.205 - - [21/Sep/2026:11:58:42 +0200] "POST /xmlrpc.php HTTP/1.1" 200 5868 "-" "WordPress.com; https://wordpress.com"
178.152.20.205 - - [21/Sep/2026:11:58:53 +0200] "POST /xmlrpc.php HTTP/1.1" 200 5884 "-" "Jetpack by WordPress.com"
178.152.20.205 - - [21/Sep/2026:11:59:03 +0200] "POST /xmlrpc.php HTTP/1.1" 200 5884 "-" "WordPress.com; https://wordpress.com"
178.152.20.205 - - [21/Sep/2026:11:59:15 +0200] "POST /xmlrpc.php HTTP/1.1" 200 5884 "-" "Jetpack by WordPress.com"
178.152.20.205 - - [21/Sep/2026:11:59:25 +0200] "POST /xmlrpc.php HTTP/1.1" 200 5884 "-" "WordPress.com; https://wordpress.com"
178.152.20.205 - - [21/Sep/2026:11:59:36 +0200] "POST /xmlrpc.php HTTP/1.1" 200 5884 "-" "WordPress.com; https://wordpress.com"
178.152.20.205 - - [21/Sep/2026:11:59:46 +0200] "POST /xmlrpc.php HTTP/1.1" 200 5868 "-" "Jetpack by WordPress.com (Jetpack 12.5; WordPress 6.2)"
54.38.147.90 - - [21/Sep/2026:11:59:52 +0200] "GET /category/sugar-daddies-usa-oh-review/ HTTP/1.1" 200 36918 "-" "Mozilla/5.0 (compatible; AhrefsBot/7.0; +http://ahrefs.com/robot/)"
178.152.20.205 - - [21/Sep/2026:11:59:57 +0200] "POST /xmlrpc.php HTTP/1.1" 200 5900 "-" "Jetpack by WordPress.com"
178.152.20.205 - - [21/Sep/2026:12:00:07 +0200] "POST /xmlrpc.php HTTP/1.1" 200 5900 "-" "Jetpack/13.0; WordPress/6.3; http://site30182168.com"
178.152.20.205 - - [21/Sep/2026:12:00:18 +0200] "POST /xmlrpc.php HTTP/1.1" 200 5900 "-" "WordPress.com; https://wordpress.com"
178.152.20.205 - - [21/Sep/2026:12:00:29 +0200] "POST /xmlrpc.php HTTP/1.1" 200 5884 "-" "Jetpack/13.0; WordPress/6.2; http://site88888195.com"
178.152.20.205 - - [21/Sep/2026:12:00:39 +0200] "POST /xmlrpc.php HTTP/1.1" 200 5884 "-" "Jetpack by WordPress.com (Jetpack 12.5; WordPress 6.2)"
178.152.20.205 - - [21/Sep/2026:12:00:50 +0200] "POST /xmlrpc.php HTTP/1.1" 200 5900 "-" "Jetpack by WordPress.com"
178.152.20.205 - - [21/Sep/2026:12:01:01 +0200] "POST /xmlrpc.php HTTP/1.1" 200 5900 "-" "WordPress.com; https://wordpress.com"
51.195.215.102 - - [21/Sep/2026:12:01:11 +0200] "GET /category/tendermeets-find-a-hookup-2/ HTTP/1.1" 200 36612 "-" "Mozilla/5.0 (compatible; AhrefsBot/7.0; +http://ahrefs.com/robot/)"
178.152.20.205 - - [21/Sep/2026:12:01:11 +0200] "POST /xmlrpc.php HTTP/1.1" 200 5900 "-" "Jetpack/13.0; WordPress/6.2; http://site68627251.com"
178.152.20.205 - - [21/Sep/2026:12:01:22 +0200] "POST /xmlrpc.php HTTP/1.1" 200 5884 "-" "Jetpack by WordPress.com (Jetpack 12.5; WordPress 6.3)"
178.152.20.205 - - [21/Sep/2026:12:01:34 +0200] "POST /xmlrpc.php HTTP/1.1" 200 5884 "-" "WordPress.com; https://wordpress.com"
85.208.96.196 - - [21/Sep/2026:12:01:42 +0200] "GET /category/meet-an-inmate-cs-review/actividades HTTP/1.1" 404 36550 "-" "Mozilla/5.0 (compatible; SemrushBot/7~bl; +http://www.semrush.com/bot.html)"
178.152.20.205 - - [21/Sep/2026:12:01:45 +0200] "POST /xmlrpc.php HTTP/1.1" 200 5868 "-" "Jetpack by WordPress.com (Jetpack 12.1; WordPress 6.1)"
220.181.108.91 - - [21/Sep/2026:12:01:51 +0200] "GET /medio-ambiente/politica HTTP/1.1" 301 5580 "-" "Mozilla/5.0 (compatible; Baiduspider/2.0; +http://www.baidu.com/search/spider.html)"
220.181.108.114 - - [21/Sep/2026:12:01:52 +0200] "GET /politica-ambiental/ HTTP/1.1" 200 39920 "-" "Mozilla/5.0 (compatible; Baiduspider/2.0; +http://www.baidu.com/search/spider.html)"
178.152.20.205 - - [21/Sep/2026:12:01:56 +0200] "POST /xmlrpc.php HTTP/1.1" 200 5900 "-" "WordPress.com; https://wordpress.com"
178.152.20.205 - - [21/Sep/2026:12:02:07 +0200] "POST /xmlrpc.php HTTP/1.1" 200 5884 "-" "Jetpack by WordPress.com (Jetpack 12.5; WordPress 6.3)"
178.152.20.205 - - [21/Sep/2026:12:02:19 +0200] "POST /xmlrpc.php HTTP/1.1" 200 5868 "-" "Jetpack/12.5; WordPress/6.2; http://site87316790.com"
178.152.20.205 - - [21/Sep/2026:12:02:30 +0200] "POST /xmlrpc.php HTTP/1.1" 200 5884 "-" "Jetpack/12.0; WordPress/6.2; http://site17418281.com"
178.152.20.205 - - [21/Sep/2026:12:02:41 +0200] "POST /xmlrpc.php HTTP/1.1" 200 5884 "-" "Jetpack by WordPress.com (Jetpack 12.5; WordPress 6.3)"
178.152.20.205 - - [21/Sep/2026:12:02:52 +0200] "POST /xmlrpc.php HTTP/1.1" 200 5884 "-" "Jetpack/12.5; WordPress/6.2; http://site71945337.com"
198.244.183.252 - - [21/Sep/2026:12:02:56 +0200] "GET /category/airg-pl-review/ HTTP/1.1" 200 36615 "-" "Mozilla/5.0 (compatible; AhrefsBot/7.0; +http://ahrefs.com/robot/)"
178.152.20.205 - - [21/Sep/2026:12:03:03 +0200] "POST /xmlrpc.php HTTP/1.1" 200 5884 "-" "Jetpack by WordPress.com"
89.248.107.232 - - [21/Sep/2026:12:03:15 +0200] "POST /wp-cron.php?doing_wp_cron=1789984994.9192879199981689453125 HTTP/1.1" 200 5473 "https://gessing.es/wp-cron.php?doing_wp_cron=1789984994.9192879199981689453125" "WordPress/6.1.13; https://gessing.es"
178.152.20.205 - - [21/Sep/2026:12:03:14 +0200] "POST /xmlrpc.php HTTP/1.1" 200 5900 "-" "Jetpack by WordPress.com (Jetpack 12.5; WordPress 6.1)"
89.248.107.232 - - [21/Sep/2026:12:03:15 +0200] "GET / HTTP/1.1" 200 36230 "https://gessing.es/" "WordPress/6.1.13; https://gessing.es"
178.152.20.205 - - [21/Sep/2026:12:03:25 +0200] "POST /xmlrpc.php HTTP/1.1" 200 5868 "-" "Jetpack by WordPress.com"
178.152.20.205 - - [21/Sep/2026:12:03:37 +0200] "POST /xmlrpc.php HTTP/1.1" 200 5900 "-" "WordPress.com; https://wordpress.com"
178.152.20.205 - - [21/Sep/2026:12:03:49 +0200] "POST /xmlrpc.php HTTP/1.1" 200 5884 "-" "Jetpack/12.1; WordPress/6.2; http://site68590819.com"
216.73.217.1 - - [21/Sep/2026:12:03:54 +0200] "GET /?p=3995 HTTP/1.1" 301 5561 "-" "Mozilla/5.0 AppleWebKit/537.36 (KHTML, like Gecko; compatible; ClaudeBot/1.0; +claudebot@anthropic.com)"
216.73.217.1 - - [21/Sep/2026:12:03:54 +0200] "GET /i-have-been-to-your-ssi-having-handicap-i-will-be/ HTTP/1.1" 200 42454 "-" "Mozilla/5.0 AppleWebKit/537.36 (KHTML, like Gecko; compatible; ClaudeBot/1.0; +claudebot@anthropic.com)"
216.73.217.1 - - [21/Sep/2026:12:03:54 +0200] "GET /i-have-been-to-your-ssi-having-handicap-i-will-be/ HTTP/1.1" 200 42438 "https://gessing.es/?p=3995" "Mozilla/5.0 AppleWebKit/537.36 (KHTML, like Gecko; compatible; ClaudeBot/1.0; +claudebot@anthropic.com)"
178.152.20.205 - - [21/Sep/2026:12:04:01 +0200] "POST /xmlrpc.php HTTP/1.1" 200 5884 "-" "Jetpack by WordPress.com (Jetpack 12.5; WordPress 6.1)"
178.152.20.205 - - [21/Sep/2026:12:04:12 +0200] "POST /xmlrpc.php HTTP/1.1" 200 5884 "-" "Jetpack by WordPress.com (Jetpack 13.0; WordPress 6.3)"
178.152.20.205 - - [21/Sep/2026:12:04:23 +0200] "POST /xmlrpc.php HTTP/1.1" 200 5884 "-" "Jetpack by WordPress.com (Jetpack 13.0; WordPress 6.3)"
216.73.217.1 - - [21/Sep/2026:12:04:24 +0200] "GET /i-have-been-to-your-ssi-having-handicap-i-will-be/feed/ HTTP/1.1" 200 6663 "-" "Mozilla/5.0 AppleWebKit/537.36 (KHTML, like Gecko; compatible; ClaudeBot/1.0; +claudebot@anthropic.com)"
178.152.20.205 - - [21/Sep/2026:12:04:34 +0200] "POST /xmlrpc.php HTTP/1.1" 200 5868 "-" "WordPress.com; https://wordpress.com"
216.73.217.1 - - [21/Sep/2026:12:04:37 +0200] "GET /i-have-been-to-your-ssi-having-handicap-i-will-be/actividades HTTP/1.1" 301 5589 "-" "Mozilla/5.0 AppleWebKit/537.36 (KHTML, like Gecko; compatible; ClaudeBot/1.0; +claudebot@anthropic.com)"
216.73.217.1 - - [21/Sep/2026:12:04:38 +0200] "GET /actividades/ HTTP/1.1" 200 39428 "https://gessing.es/i-have-been-to-your-ssi-having-handicap-i-will-be/actividades" "Mozilla/5.0 AppleWebKit/537.36 (KHTML, like Gecko; compatible; ClaudeBot/1.0; +claudebot@anthropic.com)"
198.244.240.43 - - [21/Sep/2026:12:04:42 +0200] "GET /category/norwalk-escort-2/ HTTP/1.1" 200 36448 "-" "Mozilla/5.0 (compatible; AhrefsBot/7.0; +http://ahrefs.com/robot/)"
178.152.20.205 - - [21/Sep/2026:12:04:46 +0200] "POST /xmlrpc.php HTTP/1.1" 200 5868 "-" "WordPress.com; https://wordpress.com"
216.73.217.1 - - [21/Sep/2026:12:04:51 +0200] "GET /i-have-been-to-your-ssi-having-handicap-i-will-be/contacto HTTP/1.1" 301 5586 "-" "Mozilla/5.0 AppleWebKit/537.36 (KHTML, like Gecko; compatible; ClaudeBot/1.0; +claudebot@anthropic.com)"
216.73.217.1 - - [21/Sep/2026:12:04:51 +0200] "GET /contacto/ HTTP/1.1" 200 37717 "https://gessing.es/i-have-been-to-your-ssi-having-handicap-i-will-be/contacto" "Mozilla/5.0 AppleWebKit/537.36 (KHTML, like Gecko; compatible; ClaudeBot/1.0; +claudebot@anthropic.com)"
178.152.20.205 - - [21/Sep/2026:12:04:57 +0200] "POST /xmlrpc.php HTTP/1.1" 200 5884 "-" "WordPress.com; https://wordpress.com"
178.152.20.205 - - [21/Sep/2026:12:05:08 +0200] "POST /xmlrpc.php HTTP/1.1" 200 5884 "-" "Jetpack by WordPress.com (Jetpack 13.0; WordPress 6.2)"
178.152.20.205 - - [21/Sep/2026:12:05:19 +0200] "POST /xmlrpc.php HTTP/1.1" 200 5900 "-" "Jetpack by WordPress.com"
178.152.20.205 - - [21/Sep/2026:12:05:30 +0200] "POST /xmlrpc.php HTTP/1.1" 200 5900 "-" "WordPress.com; https://wordpress.com"
216.73.217.1 - - [21/Sep/2026:12:05:33 +0200] "GET /i-have-been-to-your-ssi-having-handicap-i-will-be/nosotros HTTP/1.1" 301 5554 "-" "Mozilla/5.0 AppleWebKit/537.36 (KHTML, like Gecko; compatible; ClaudeBot/1.0; +claudebot@anthropic.com)"
216.73.217.1 - - [21/Sep/2026:12:05:34 +0200] "GET /nosotros/ HTTP/1.1" 200 35924 "https://gessing.es/i-have-been-to-your-ssi-having-handicap-i-will-be/nosotros" "Mozilla/5.0 AppleWebKit/537.36 (KHTML, like Gecko; compatible; ClaudeBot/1.0; +claudebot@anthropic.com)"
216.73.217.1 - - [21/Sep/2026:12:05:39 +0200] "GET /i-have-been-to-your-ssi-having-handicap-i-will-be/medio-ambiente HTTP/1.1" 301 5576 "-" "Mozilla/5.0 AppleWebKit/537.36 (KHTML, like Gecko; compatible; ClaudeBot/1.0; +claudebot@anthropic.com)"
216.73.217.1 - - [21/Sep/2026:12:05:39 +0200] "GET /medio-ambiente/ HTTP/1.1" 200 35047 "https://gessing.es/i-have-been-to-your-ssi-having-handicap-i-will-be/medio-ambiente" "Mozilla/5.0 AppleWebKit/537.36 (KHTML, like Gecko; compatible; ClaudeBot/1.0; +claudebot@anthropic.com)"
178.152.20.205 - - [21/Sep/2026:12:05:42 +0200] "POST /xmlrpc.php HTTP/1.1" 200 5868 "-" "Jetpack by WordPress.com (Jetpack 12.0; WordPress 6.1)"
161.35.69.250 - - [21/Sep/2026:12:05:50 +0200] "POST /wp-login.php HTTP/1.1" 200 14202 "-" "Mozilla/5.0"
161.35.69.250 - - [21/Sep/2026:12:05:50 +0200] "POST /wp-login.php HTTP/1.1" 200 14198 "-" "Mozilla/5.0"
178.152.20.205 - - [21/Sep/2026:12:05:53 +0200] "POST /xmlrpc.php HTTP/1.1" 200 5884 "-" "WordPress.com; https://wordpress.com"
216.73.217.1 - - [21/Sep/2026:12:06:01 +0200] "GET /i-have-been-to-your-ssi-having-handicap-i-will-be/adjudicaciones HTTP/1.1" 301 5576 "-" "Mozilla/5.0 AppleWebKit/537.36 (KHTML, like Gecko; compatible; ClaudeBot/1.0; +claudebot@anthropic.com)"
216.73.217.1 - - [21/Sep/2026:12:06:02 +0200] "GET /adjudicaciones/ HTTP/1.1" 200 53257 "https://gessing.es/i-have-been-to-your-ssi-having-handicap-i-will-be/adjudicaciones" "Mozilla/5.0 AppleWebKit/537.36 (KHTML, like Gecko; compatible; ClaudeBot/1.0; +claudebot@anthropic.com)"
178.152.20.205 - - [21/Sep/2026:12:06:04 +0200] "POST /xmlrpc.php HTTP/1.1" 200 5868 "-" "Jetpack by WordPress.com"
216.73.217.1 - - [21/Sep/2026:12:06:11 +0200] "GET /i-have-been-to-your-ssi-having-handicap-i-will-be/politica-de-cookies HTTP/1.1" 301 5581 "-" "Mozilla/5.0 AppleWebKit/537.36 (KHTML, like Gecko; compatible; ClaudeBot/1.0; +claudebot@anthropic.com)"
216.73.217.1 - - [21/Sep/2026:12:06:12 +0200] "GET /politica-de-cookies/ HTTP/1.1" 200 36167 "https://gessing.es/i-have-been-to-your-ssi-having-handicap-i-will-be/politica-de-cookies" "Mozilla/5.0 AppleWebKit/537.36 (KHTML, like Gecko; compatible; ClaudeBot/1.0; +claudebot@anthropic.com)"
178.152.20.205 - - [21/Sep/2026:12:06:15 +0200] "POST /xmlrpc.php HTTP/1.1" 200 5884 "-" "WordPress.com; https://wordpress.com"
85.208.96.201 - - [21/Sep/2026:12:06:17 +0200] "GET /note-dental-gender-makes-reference-to-perhaps-the/ HTTP/1.1" 200 43440 "-" "Mozilla/5.0 (compatible; SemrushBot/7~bl; +http://www.semrush.com/bot.html)"
85.208.96.201 - - [21/Sep/2026:12:06:26 +0200] "GET /robots.txt HTTP/1.1" 200 5679 "-" "Mozilla/5.0 (compatible; SemrushBot/7~bl; +http://www.semrush.com/bot.html)"
178.152.20.205 - - [21/Sep/2026:12:06:26 +0200] "POST /xmlrpc.php HTTP/1.1" 200 5884 "-" "WordPress.com; https://wordpress.com"
198.244.240.108 - - [21/Sep/2026:12:06:28 +0200] "GET /category/sexfinder-app-gratuita-2/ HTTP/1.1" 200 36638 "-" "Mozilla/5.0 (compatible; AhrefsBot/7.0; +http://ahrefs.com/robot/)"
216.73.217.1 - - [21/Sep/2026:12:06:32 +0200] "GET /i-have-been-to-your-ssi-having-handicap-i-will-be/politica-de-privacidad HTTP/1.1" 301 5584 "-" "Mozilla/5.0 AppleWebKit/537.36 (KHTML, like Gecko; compatible; ClaudeBot/1.0; +claudebot@anthropic.com)"
216.73.217.1 - - [21/Sep/2026:12:06:33 +0200] "GET /politica-de-privacidad/ HTTP/1.1" 200 37406 "https://gessing.es/i-have-been-to-your-ssi-having-handicap-i-will-be/politica-de-privacidad" "Mozilla/5.0 AppleWebKit/537.36 (KHTML, like Gecko; compatible; ClaudeBot/1.0; +claudebot@anthropic.com)"
178.152.20.205 - - [21/Sep/2026:12:06:38 +0200] "POST /xmlrpc.php HTTP/1.1" 200 5900 "-" "WordPress.com; https://wordpress.com"
178.152.20.205 - - [21/Sep/2026:12:06:49 +0200] "POST /xmlrpc.php HTTP/1.1" 200 5900 "-" "Jetpack by WordPress.com"
178.152.20.205 - - [21/Sep/2026:12:07:00 +0200] "POST /xmlrpc.php HTTP/1.1" 200 5884 "-" "Jetpack/12.1; WordPress/6.2; http://site44233975.com"
178.152.20.205 - - [21/Sep/2026:12:07:11 +0200] "POST /xmlrpc.php HTTP/1.1" 200 5884 "-" "Jetpack by WordPress.com (Jetpack 12.1; WordPress 6.1)"
216.73.217.1 - - [21/Sep/2026:12:07:15 +0200] "GET /il-anteriore-posto-dincontri-giacche-calcola-2/nosotros HTTP/1.1" 301 5586 "-" "Mozilla/5.0 AppleWebKit/537.36 (KHTML, like Gecko; compatible; ClaudeBot/1.0; +claudebot@anthropic.com)"
216.73.217.1 - - [21/Sep/2026:12:07:16 +0200] "GET /nosotros/ HTTP/1.1" 200 35940 "https://gessing.es/il-anteriore-posto-dincontri-giacche-calcola-2/nosotros" "Mozilla/5.0 AppleWebKit/537.36 (KHTML, like Gecko; compatible; ClaudeBot/1.0; +claudebot@anthropic.com)"
178.152.20.205 - - [21/Sep/2026:12:07:22 +0200] "POST /xmlrpc.php HTTP/1.1" 200 5900 "-" "Jetpack by WordPress.com"
216.73.217.1 - - [21/Sep/2026:12:07:24 +0200] "GET /il-anteriore-posto-dincontri-giacche-calcola-2/contacto HTTP/1.1" 301 5554 "-" "Mozilla/5.0 AppleWebKit/537.36 (KHTML, like Gecko; compatible; ClaudeBot/1.0; +claudebot@anthropic.com)"
216.73.217.1 - - [21/Sep/2026:12:07:24 +0200] "GET /il-anteriore-posto-dincontri-giacche-calcola-2/actividades HTTP/1.1" 301 5589 "-" "Mozilla/5.0 AppleWebKit/537.36 (KHTML, like Gecko; compatible; ClaudeBot/1.0; +claudebot@anthropic.com)"
216.73.217.1 - - [21/Sep/2026:12:07:25 +0200] "GET /contacto/ HTTP/1.1" 200 37701 "https://gessing.es/il-anteriore-posto-dincontri-giacche-calcola-2/contacto" "Mozilla/5.0 AppleWebKit/537.36 (KHTML, like Gecko; compatible; ClaudeBot/1.0; +claudebot@anthropic.com)"
216.73.217.1 - - [21/Sep/2026:12:07:25 +0200] "GET /actividades/ HTTP/1.1" 200 39444 "https://gessing.es/il-anteriore-posto-dincontri-giacche-calcola-2/actividades" "Mozilla/5.0 AppleWebKit/537.36 (KHTML, like Gecko; compatible; ClaudeBot/1.0; +claudebot@anthropic.com)"
178.152.20.205 - - [21/Sep/2026:12:07:33 +0200] "POST /xmlrpc.php HTTP/1.1" 200 5868 "-" "WordPress.com; https://wordpress.com"
178.152.20.205 - - [21/Sep/2026:12:07:45 +0200] "POST /xmlrpc.php HTTP/1.1" 200 5884 "-" "Jetpack by WordPress.com (Jetpack 13.0; WordPress 6.3)"
216.73.217.1 - - [21/Sep/2026:12:07:51 +0200] "GET /il-anteriore-posto-dincontri-giacche-calcola-2/feed/ HTTP/1.1" 200 6678 "-" "Mozilla/5.0 AppleWebKit/537.36 (KHTML, like Gecko; compatible; ClaudeBot/1.0; +claudebot@anthropic.com)"
178.152.20.205 - - [21/Sep/2026:12:07:56 +0200] "POST /xmlrpc.php HTTP/1.1" 200 5868 "-" "Jetpack/13.0; WordPress/6.2; http://site14095060.com"
178.152.20.205 - - [21/Sep/2026:12:08:07 +0200] "POST /xmlrpc.php HTTP/1.1" 200 5884 "-" "Jetpack by WordPress.com (Jetpack 13.0; WordPress 6.3)"
51.89.129.249 - - [21/Sep/2026:12:08:14 +0200] "GET /category/smore-visitors/ HTTP/1.1" 200 30419 "-" "Mozilla/5.0 (compatible; AhrefsBot/7.0; +http://ahrefs.com/robot/)"
178.152.20.205 - - [21/Sep/2026:12:08:18 +0200] "POST /xmlrpc.php HTTP/1.1" 200 5884 "-" "Jetpack by WordPress.com"
178.152.20.205 - - [21/Sep/2026:12:08:29 +0200] "POST /xmlrpc.php HTTP/1.1" 200 5884 "-" "Jetpack by WordPress.com (Jetpack 13.0; WordPress 6.4)"
178.152.20.205 - - [21/Sep/2026:12:08:40 +0200] "POST /xmlrpc.php HTTP/1.1" 200 5900 "-" "Jetpack by WordPress.com (Jetpack 13.0; WordPress 6.3)"
178.152.20.205 - - [21/Sep/2026:12:08:52 +0200] "POST /xmlrpc.php HTTP/1.1" 200 5884 "-" "Jetpack by WordPress.com"
216.73.217.1 - - [21/Sep/2026:12:08:59 +0200] "GET /il-anteriore-posto-dincontri-giacche-calcola-2/politica-de-privacidad HTTP/1.1" 301 5568 "-" "Mozilla/5.0 AppleWebKit/537.36 (KHTML, like Gecko; compatible; ClaudeBot/1.0; +claudebot@anthropic.com)"
216.73.217.1 - - [21/Sep/2026:12:09:00 +0200] "GET /politica-de-privacidad/ HTTP/1.1" 200 37422 "https://gessing.es/il-anteriore-posto-dincontri-giacche-calcola-2/politica-de-privacidad" "Mozilla/5.0 AppleWebKit/537.36 (KHTML, like Gecko; compatible; ClaudeBot/1.0; +claudebot@anthropic.com)"
178.152.20.205 - - [21/Sep/2026:12:09:03 +0200] "POST /xmlrpc.php HTTP/1.1" 200 5884 "-" "WordPress.com; https://wordpress.com"
216.73.217.1 - - [21/Sep/2026:12:09:09 +0200] "GET /?p=10623 HTTP/1.1" 301 5542 "-" "Mozilla/5.0 AppleWebKit/537.36 (KHTML, like Gecko; compatible; ClaudeBot/1.0; +claudebot@anthropic.com)"
216.73.217.1 - - [21/Sep/2026:12:09:09 +0200] "GET /il-anteriore-posto-dincontri-giacche-calcola-2/ HTTP/1.1" 200 43246 "https://gessing.es/?p=10623" "Mozilla/5.0 AppleWebKit/537.36 (KHTML, like Gecko; compatible; ClaudeBot/1.0; +claudebot@anthropic.com)"
178.152.20.205 - - [21/Sep/2026:12:09:15 +0200] "POST /xmlrpc.php HTTP/1.1" 200 5900 "-" "Jetpack by WordPress.com"
66.249.64.6 - - [21/Sep/2026:12:09:19 +0200] "GET /adolescent-relationship-5-strategies-for-talking/ HTTP/1.1" 200 42695 "-" "Mozilla/5.0 (Linux; Android 6.0.1; Nexus 5X Build/MMB29P) AppleWebKit/537.36 (KHTML, like Gecko) Chrome/153.0.8010.47 Mobile Safari/537.36 (compatible; Googlebot/2.1; +http://www.google.com/bot.html)"
178.152.20.205 - - [21/Sep/2026:12:09:26 +0200] "POST /xmlrpc.php HTTP/1.1" 200 5884 "-" "Jetpack by WordPress.com"
216.73.217.1 - - [21/Sep/2026:12:09:33 +0200] "GET /topp-10-mest-verdifulle-kryptokurver-komplett-guide-for-nybegynnere HTTP/1.1" 301 5579 "-" "Mozilla/5.0 AppleWebKit/537.36 (KHTML, like Gecko; compatible; ClaudeBot/1.0; +claudebot@anthropic.com)"
216.73.217.1 - - [21/Sep/2026:12:09:33 +0200] "GET /topp-10-mest-verdifulle-kryptokurver-komplett-guide-for-nybegynnere/ HTTP/1.1" 200 73510 "https://gessing.es/topp-10-mest-verdifulle-kryptokurver-komplett-guide-for-nybegynnere" "Mozilla/5.0 AppleWebKit/537.36 (KHTML, like Gecko; compatible; ClaudeBot/1.0; +claudebot@anthropic.com)"
178.152.20.205 - - [21/Sep/2026:12:09:38 +0200] "POST /xmlrpc.php HTTP/1.1" 200 5884 "-" "Jetpack by WordPress.com"
178.152.20.205 - - [21/Sep/2026:12:09:49 +0200] "POST /xmlrpc.php HTTP/1.1" 200 5868 "-" "Jetpack by WordPress.com"
216.73.217.1 - - [21/Sep/2026:12:09:52 +0200] "GET /il-anteriore-posto-dincontri-giacche-calcola-2/adjudicaciones HTTP/1.1" 301 5576 "-" "Mozilla/5.0 AppleWebKit/537.36 (KHTML, like Gecko; compatible; ClaudeBot/1.0; +claudebot@anthropic.com)"
216.73.217.1 - - [21/Sep/2026:12:09:52 +0200] "GET /adjudicaciones/ HTTP/1.1" 200 53257 "https://gessing.es/il-anteriore-posto-dincontri-giacche-calcola-2/adjudicaciones" "Mozilla/5.0 AppleWebKit/537.36 (KHTML, like Gecko; compatible; ClaudeBot/1.0; +claudebot@anthropic.com)"
16.216.88.11 - - [21/Sep/2026:12:09:53 +0200] "GET /if-you-would-like-find-out-about-what-we-should/nosotros HTTP/1.1" 301 5570 "-" "Mozilla/5.0 AppleWebKit/537.36 (KHTML, like Gecko; compatible; Reflectionbot/1.0; +https://reflection.ai/bot) Chrome/151.0.0.0 Safari/537.36"
16.216.88.11 - - [21/Sep/2026:12:09:54 +0200] "GET /nosotros/ HTTP/1.1" 200 35924 "-" "Mozilla/5.0 AppleWebKit/537.36 (KHTML, like Gecko; compatible; Reflectionbot/1.0; +https://reflection.ai/bot) Chrome/151.0.0.0 Safari/537.36"
51.89.129.163 - - [21/Sep/2026:12:10:00 +0200] "GET /category/instant-payday-loans-online-2/ HTTP/1.1" 200 30068 "-" "Mozilla/5.0 (compatible; AhrefsBot/7.0; +http://ahrefs.com/robot/)"
178.152.20.205 - - [21/Sep/2026:12:10:00 +0200] "POST /xmlrpc.php HTTP/1.1" 200 5900 "-" "WordPress.com; https://wordpress.com"
178.152.20.205 - - [21/Sep/2026:12:10:12 +0200] "POST /xmlrpc.php HTTP/1.1" 200 5900 "-" "Jetpack/12.1; WordPress/6.3; http://site95545443.com"
178.152.20.205 - - [21/Sep/2026:12:10:22 +0200] "POST /xmlrpc.php HTTP/1.1" 200 5868 "-" "Jetpack by WordPress.com"
178.152.20.205 - - [21/Sep/2026:12:10:33 +0200] "POST /xmlrpc.php HTTP/1.1" 200 5900 "-" "WordPress.com; https://wordpress.com"
