74.7.230.49 - - [21/Sep/2026:07:30:47 +0200] "GET /robots.txt HTTP/1.1" 200 5679 "https://www.grupo-seg.com/robots.txt" "Mozilla/5.0 (Macintosh; Intel Mac OS X 10_15_7) AppleWebKit/537.36 (KHTML, like Gecko) Chrome/131.0.0.0 Safari/537.36; compatible; OAI-SearchBot/1.4; robots.txt; +https://openai.com/searchbot"
89.248.107.232 - - [21/Sep/2026:07:30:47 +0200] "POST /wp-admin/admin-ajax.php?action=async_litespeed&nonce=b4cc4c672a&litespeed_type=imgoptm HTTP/1.1" 200 5698 "-" "WordPress/6.6.2; https://grupo-seg.com"
74.7.227.143 - - [21/Sep/2026:07:30:48 +0200] "GET / HTTP/1.1" 301 5612 "https://serynco.es" "Mozilla/5.0 AppleWebKit/537.36 (KHTML, like Gecko; compatible; GPTBot/1.4; +https://openai.com/gptbot)"
89.248.107.232 - - [21/Sep/2026:07:31:17 +0200] "POST /wp-cron.php?doing_wp_cron=1789968677.1217899322509765625000 HTTP/1.1" 200 5512 "-" "WordPress/6.6.2; https://grupo-seg.com"
43.159.36.180 - - [21/Sep/2026:07:31:16 +0200] "GET / HTTP/1.1" 200 156989 "https://www.seg-sa.es/" "Mozilla/5.0 (iPhone; CPU iPhone OS 13_2_3 like Mac OS X) AppleWebKit/605.1.15 (KHTML, like Gecko) Version/13.0.3 Mobile/15E148 Safari/604.1"
89.248.107.232 - - [21/Sep/2026:07:33:06 +0200] "POST /wp-cron.php?doing_wp_cron=1789968786.6727879047393798828125 HTTP/1.1" 200 5512 "-" "WordPress/6.6.2; https://grupo-seg.com"
86.40.12.245 - - [21/Sep/2026:07:33:06 +0200] "GET /components/com_jce/editor/extensions/search/css/class.php HTTP/1.1" 404 97626 "http://www.seg-sa.es" "Mozilla/5.0 (Windows NT 6.1; Win64; x64) AppleWebKit/537.36 (KHTML, like Gecko) Chrome/65.0.3078.114 Safari/537.36"
89.248.107.232 - - [21/Sep/2026:07:33:07 +0200] "POST /wp-admin/admin-ajax.php?action=async_litespeed&nonce=b4cc4c672a&litespeed_type=imgoptm HTTP/1.1" 200 5698 "-" "WordPress/6.6.2; https://grupo-seg.com"
89.248.107.232 - - [21/Sep/2026:07:35:30 +0200] "POST /wp-cron.php?doing_wp_cron=1789968929.9972140789031982421875 HTTP/1.1" 200 5512 "-" "WordPress/6.6.2; https://grupo-seg.com"
52.167.144.168 - - [21/Sep/2026:07:35:29 +0200] "GET /larval4r-f7jm2dds.html HTTP/1.1" 404 97436 "-" "Mozilla/5.0 AppleWebKit/537.36 (KHTML, like Gecko; compatible; bingbot/2.0; +http://www.bing.com/bingbot.htm) Chrome/116.0.1938.76 Safari/537.36"
89.248.107.232 - - [21/Sep/2026:07:35:30 +0200] "POST /wp-admin/admin-ajax.php?action=async_litespeed&nonce=b4cc4c672a&litespeed_type=imgoptm HTTP/1.1" 200 5698 "-" "WordPress/6.6.2; https://grupo-seg.com"
52.167.144.16 - - [21/Sep/2026:07:35:37 +0200] "GET /sorghum2525/clientes.html HTTP/1.1" 301 5684 "-" "Mozilla/5.0 AppleWebKit/537.36 (KHTML, like Gecko; compatible; bingbot/2.0; +http://www.bing.com/bingbot.htm) Chrome/116.0.1938.76 Safari/537.36"
89.248.107.232 - - [21/Sep/2026:07:36:04 +0200] "POST /wp-cron.php?doing_wp_cron=1789968964.5700490474700927734375 HTTP/1.1" 200 5512 "-" "WordPress/6.6.2; https://grupo-seg.com"
40.77.167.26 - - [21/Sep/2026:07:36:04 +0200] "GET /ahjv303701siodipc/oroudgddt.html HTTP/1.1" 301 5691 "-" "Mozilla/5.0 AppleWebKit/537.36 (KHTML, like Gecko; compatible; bingbot/2.0; +http://www.bing.com/bingbot.htm) Chrome/116.0.1938.76 Safari/537.36"
52.167.144.168 - - [21/Sep/2026:07:36:07 +0200] "GET /ozuy1016471smidsop/ HTTP/1.1" 404 97436 "-" "Mozilla/5.0 AppleWebKit/537.36 (KHTML, like Gecko; compatible; bingbot/2.0; +http://www.bing.com/bingbot.htm) Chrome/116.0.1938.76 Safari/537.36"
89.248.107.232 - - [21/Sep/2026:07:37:12 +0200] "POST /wp-cron.php?doing_wp_cron=1789969032.6652529239654541015625 HTTP/1.1" 200 5512 "-" "WordPress/6.6.2; https://grupo-seg.com"
52.167.144.139 - - [21/Sep/2026:07:37:12 +0200] "GET /?ws6=x360s6hixko92t HTTP/1.1" 200 165847 "-" "Mozilla/5.0 AppleWebKit/537.36 (KHTML, like Gecko; compatible; bingbot/2.0; +http://www.bing.com/bingbot.htm) Chrome/116.0.1938.76 Safari/537.36"
89.248.107.232 - - [21/Sep/2026:07:37:14 +0200] "POST /wp-admin/admin-ajax.php?action=async_litespeed&nonce=b4cc4c672a&litespeed_type=imgoptm HTTP/1.1" 200 5698 "-" "WordPress/6.6.2; https://grupo-seg.com"
89.248.107.232 - - [21/Sep/2026:07:37:48 +0200] "POST /wp-cron.php?doing_wp_cron=1789969068.5106470584869384765625 HTTP/1.1" 200 5512 "-" "WordPress/6.6.2; https://grupo-seg.com"
52.167.144.166 - - [21/Sep/2026:07:37:48 +0200] "GET /ahlu473916z4s8i710t5e9m236.html HTTP/1.1" 404 97436 "-" "Mozilla/5.0 AppleWebKit/537.36 (KHTML, like Gecko; compatible; bingbot/2.0; +http://www.bing.com/bingbot.htm) Chrome/116.0.1938.76 Safari/537.36"
89.248.107.232 - - [21/Sep/2026:07:37:49 +0200] "POST /wp-admin/admin-ajax.php?action=async_litespeed&nonce=b4cc4c672a&litespeed_type=imgoptm HTTP/1.1" 200 5698 "-" "WordPress/6.6.2; https://grupo-seg.com"
89.248.107.232 - - [21/Sep/2026:07:38:27 +0200] "POST /wp-cron.php?doing_wp_cron=1789969107.4978749752044677734375 HTTP/1.1" 200 5512 "-" "WordPress/6.6.2; https://grupo-seg.com"
217.113.194.80 - - [21/Sep/2026:07:38:27 +0200] "GET /robots.txt HTTP/1.1" 200 5679 "-" "Mozilla/5.0 (compatible; Barkrowler/0.9; +https://babbar.tech/crawler)"
89.248.107.232 - - [21/Sep/2026:07:38:28 +0200] "POST /wp-admin/admin-ajax.php?action=async_litespeed&nonce=b4cc4c672a&litespeed_type=imgoptm HTTP/1.1" 200 5698 "-" "WordPress/6.6.2; https://grupo-seg.com"
89.248.107.232 - - [21/Sep/2026:07:40:33 +0200] "POST /wp-cron.php?doing_wp_cron=1789969233.1358981132507324218750 HTTP/1.1" 200 5512 "-" "WordPress/6.6.2; https://grupo-seg.com"
52.167.144.166 - - [21/Sep/2026:07:40:32 +0200] "GET /ihdm229018smpsids/oteti.htm HTTP/1.1" 404 97436 "-" "Mozilla/5.0 AppleWebKit/537.36 (KHTML, like Gecko; compatible; bingbot/2.0; +http://www.bing.com/bingbot.htm) Chrome/116.0.1938.76 Safari/537.36"
89.248.107.232 - - [21/Sep/2026:07:40:34 +0200] "POST /wp-admin/admin-ajax.php?action=async_litespeed&nonce=b4cc4c672a&litespeed_type=imgoptm HTTP/1.1" 200 5698 "-" "WordPress/6.6.2; https://grupo-seg.com"
89.248.107.232 - - [21/Sep/2026:07:40:51 +0200] "POST /wp-cron.php?doing_wp_cron=1789969251.1351830959320068359375 HTTP/1.1" 200 5512 "-" "WordPress/6.6.2; https://grupo-seg.com"
52.167.144.206 - - [21/Sep/2026:07:40:50 +0200] "GET /ihgf707340irdmstptecioud.html HTTP/1.1" 404 97436 "-" "Mozilla/5.0 AppleWebKit/537.36 (KHTML, like Gecko; compatible; bingbot/2.0; +http://www.bing.com/bingbot.htm) Chrome/116.0.1938.76 Safari/537.36"
89.248.107.232 - - [21/Sep/2026:07:44:18 +0200] "POST /wp-cron.php?doing_wp_cron=1789969458.4307730197906494140625 HTTP/1.1" 200 5512 "-" "WordPress/6.6.2; https://grupo-seg.com/en/"
196.207.218.179 - - [21/Sep/2026:07:44:18 +0200] "GET /en/portfolio/technical-assistance-for-the-review-of-the-master-plan-and-proposal-for-the-establishment-of-ans-services-at-the-murcia-region-international-airport/ HTTP/1.1" 200 118386 "-" "Mozilla/5.0 (Macintosh; Intel Mac OS X 12_6_0) AppleWebKit/537.36 (KHTML, like Gecko) Chrome/132.0.6834.83 Safari/537.36"
89.248.107.232 - - [21/Sep/2026:07:44:19 +0200] "POST /wp-admin/admin-ajax.php?action=async_litespeed&nonce=b4cc4c672a&litespeed_type=imgoptm HTTP/1.1" 200 5698 "-" "WordPress/6.6.2; https://grupo-seg.com"
89.248.107.232 - - [21/Sep/2026:07:44:38 +0200] "POST /wp-cron.php?doing_wp_cron=1789969478.3587779998779296875000 HTTP/1.1" 200 5512 "-" "WordPress/6.6.2; https://grupo-seg.com"
147.135.214.103 - - [21/Sep/2026:07:44:37 +0200] "GET /robots.txt HTTP/1.1" 200 5679 "-" "Mozilla/5.0 (compatible; MJ12bot/v1.4.8; http://mj12bot.com/)"
89.248.107.232 - - [21/Sep/2026:07:44:39 +0200] "POST /wp-admin/admin-ajax.php?action=async_litespeed&nonce=b4cc4c672a&litespeed_type=imgoptm HTTP/1.1" 200 5698 "-" "WordPress/6.6.2; https://grupo-seg.com"
89.248.107.232 - - [21/Sep/2026:07:44:40 +0200] "POST /wp-cron.php?doing_wp_cron=1789969480.4209980964660644531250 HTTP/1.1" 200 5512 "-" "WordPress/6.6.2; https://grupo-seg.com/en/"
147.135.214.103 - - [21/Sep/2026:07:44:40 +0200] "GET /en/project-type/%C2%B7-bolivia-en/feed/ HTTP/1.1" 200 8736 "-" "Mozilla/5.0 (compatible; MJ12bot/v1.4.8; http://mj12bot.com/)"
89.248.107.232 - - [21/Sep/2026:07:44:59 +0200] "POST /wp-cron.php?doing_wp_cron=1789969499.2833280563354492187500 HTTP/1.1" 200 5512 "-" "WordPress/6.6.2; https://grupo-seg.com"
88.30.85.178 - - [21/Sep/2026:07:44:58 +0200] "POST /AutoDiscover/autodiscover.xml HTTP/1.1" 404 92217 "-" "Microsoft Office/16.0 (Windows NT 10.0; Microsoft Word 16.0.20326; Pro)"
89.248.107.232 - - [21/Sep/2026:07:45:09 +0200] "POST /wp-cron.php?doing_wp_cron=1789969509.2125349044799804687500 HTTP/1.1" 200 5512 "-" "WordPress/6.6.2; https://grupo-seg.com"
52.167.144.206 - - [21/Sep/2026:07:45:08 +0200] "GET /matomeraionkaten/contacto.html HTTP/1.1" 404 97421 "-" "Mozilla/5.0 AppleWebKit/537.36 (KHTML, like Gecko; compatible; bingbot/2.0; +http://www.bing.com/bingbot.htm) Chrome/116.0.1938.76 Safari/537.36"
89.248.107.232 - - [21/Sep/2026:07:47:11 +0200] "POST /wp-cron.php?doing_wp_cron=1789969631.4235908985137939453125 HTTP/1.1" 200 5512 "-" "WordPress/6.6.2; https://grupo-seg.com"
47.128.38.145 - - [21/Sep/2026:07:47:11 +0200] "GET /portfolio/gerencia-de-obras-de-la-creacion-del-parque-de-la-tecnologia-e-innovacion-para-el-agro-de-la-universidad-nacional-agraria/ HTTP/1.1" 200 108662 "-" "Mozilla/5.0 (Linux; Android 5.0) AppleWebKit/537.36 (KHTML, like Gecko) Mobile Safari/537.36 (compatible; Bytespider; spider-feedback@bytedance.com)"
89.248.107.232 - - [21/Sep/2026:07:47:12 +0200] "POST /wp-admin/admin-ajax.php?action=async_litespeed&nonce=b4cc4c672a&litespeed_type=imgoptm HTTP/1.1" 200 5698 "-" "WordPress/6.6.2; https://grupo-seg.com"
89.248.107.232 - - [21/Sep/2026:07:48:54 +0200] "POST /wp-cron.php?doing_wp_cron=1789969734.6045520305633544921875 HTTP/1.1" 200 5512 "-" "WordPress/6.6.2; https://grupo-seg.com"
52.167.144.233 - - [21/Sep/2026:07:48:54 +0200] "GET /htsr1017116sipsimdotets.html HTTP/1.1" 404 97436 "-" "Mozilla/5.0 AppleWebKit/537.36 (KHTML, like Gecko; compatible; bingbot/2.0; +http://www.bing.com/bingbot.htm) Chrome/116.0.1938.76 Safari/537.36"
89.248.107.232 - - [21/Sep/2026:07:48:55 +0200] "POST /wp-admin/admin-ajax.php?action=async_litespeed&nonce=b4cc4c672a&litespeed_type=imgoptm HTTP/1.1" 200 5698 "-" "WordPress/6.6.2; https://grupo-seg.com"
89.248.107.232 - - [21/Sep/2026:07:49:00 +0200] "POST /wp-cron.php?doing_wp_cron=1789969740.0407168865203857421875 HTTP/1.1" 200 5512 "-" "WordPress/6.6.2; https://grupo-seg.com"
52.167.144.206 - - [21/Sep/2026:07:48:59 +0200] "GET /akureburekipadofu/0005201639.html HTTP/1.1" 404 97436 "-" "Mozilla/5.0 AppleWebKit/537.36 (KHTML, like Gecko; compatible; bingbot/2.0; +http://www.bing.com/bingbot.htm) Chrome/116.0.1938.76 Safari/537.36"
89.248.107.232 - - [21/Sep/2026:07:49:08 +0200] "POST /wp-cron.php?doing_wp_cron=1789969748.9116110801696777343750 HTTP/1.1" 200 5512 "-" "WordPress/6.6.2; https://grupo-seg.com"
52.167.144.169 - - [21/Sep/2026:07:49:08 +0200] "GET /rectification4h/contacto.html HTTP/1.1" 301 5688 "-" "Mozilla/5.0 AppleWebKit/537.36 (KHTML, like Gecko; compatible; bingbot/2.0; +http://www.bing.com/bingbot.htm) Chrome/116.0.1938.76 Safari/537.36"
89.248.107.232 - - [21/Sep/2026:07:50:26 +0200] "POST /wp-cron.php?doing_wp_cron=1789969825.9743700027465820312500 HTTP/1.1" 200 5512 "-" "WordPress/6.6.2; https://grupo-seg.com"
149.18.175.114 - - [21/Sep/2026:07:50:25 +0200] "GET / HTTP/1.1" 301 5612 "https://alben4000.com/" "Mozilla/5.0 (X11; Ubuntu; Linux x86_64; rv:130.0) Gecko/20100101 Firefox/130.0"
89.248.107.232 - - [21/Sep/2026:07:50:26 +0200] "POST /wp-admin/admin-ajax.php?action=async_litespeed&nonce=b4cc4c672a&litespeed_type=imgoptm HTTP/1.1" 200 5698 "-" "WordPress/6.6.2; https://grupo-seg.com"
149.18.175.114 - - [21/Sep/2026:07:50:27 +0200] "GET / HTTP/1.1" 200 165817 "https://alben4000.com/" "Mozilla/5.0 (X11; Ubuntu; Linux x86_64; rv:130.0) Gecko/20100101 Firefox/130.0"
149.18.175.114 - - [21/Sep/2026:07:50:30 +0200] "GET / HTTP/1.1" 301 5612 "https://grupo-seg.com/" "Mozilla/5.0 (X11; Ubuntu; Linux x86_64; rv:130.0) Gecko/20100101 Firefox/130.0"
149.18.175.114 - - [21/Sep/2026:07:50:31 +0200] "GET / HTTP/1.1" 200 165817 "https://grupo-seg.com/" "Mozilla/5.0 (X11; Ubuntu; Linux x86_64; rv:130.0) Gecko/20100101 Firefox/130.0"
89.248.107.232 - - [21/Sep/2026:07:50:41 +0200] "POST /wp-cron.php?doing_wp_cron=1789969841.5199511051177978515625 HTTP/1.1" 200 5512 "-" "WordPress/6.6.2; https://grupo-seg.com"
84.233.195.160 - - [21/Sep/2026:07:50:41 +0200] "GET / HTTP/1.1" 301 5612 "http://alben4000.com:80" "Go-http-client/1.1"
104.164.221.18 - - [21/Sep/2026:07:50:42 +0200] "GET / HTTP/1.1" 301 5612 "http://www.alben4000.com/" "Mozilla/5.0 (Windows NT 10.0; Win64; x64; rv:124.0) Gecko/20100101 Firefox/124.0"
84.233.195.160 - - [21/Sep/2026:07:50:41 +0200] "GET / HTTP/1.1" 200 165847 "https://www.grupo-seg.com/" "Go-http-client/1.1"
84.233.195.149 - - [21/Sep/2026:07:50:43 +0200] "GET / HTTP/1.1" 301 5612 "http://alben4000.com:80" "Go-http-client/1.1"
104.250.192.217 - - [21/Sep/2026:07:50:43 +0200] "GET / HTTP/1.1" 301 5612 "http://www.baidu.com/" "Mozilla/5.0 (Windows NT 10.0; Win64; x64) AppleWebKit/537.36 (KHTML, like Gecko) Chrome/133.0.0.0 Safari/537.36"
84.233.195.149 - - [21/Sep/2026:07:50:43 +0200] "GET / HTTP/1.1" 200 168988 "https://www.grupo-seg.com/" "Go-http-client/1.1"
104.164.221.18 - - [21/Sep/2026:07:50:43 +0200] "GET / HTTP/1.1" 200 168714 "https://www.grupo-seg.com/" "Mozilla/5.0 (Windows NT 10.0; Win64; x64; rv:124.0) Gecko/20100101 Firefox/124.0"
104.250.192.217 - - [21/Sep/2026:07:50:44 +0200] "GET / HTTP/1.1" 200 165847 "http://www.baidu.com/" "Mozilla/5.0 (Windows NT 10.0; Win64; x64) AppleWebKit/537.36 (KHTML, like Gecko) Chrome/133.0.0.0 Safari/537.36"
84.233.195.157 - - [21/Sep/2026:07:50:46 +0200] "GET / HTTP/1.1" 301 5612 "http://alben4000.com:80" "Go-http-client/1.1"
104.250.192.217 - - [21/Sep/2026:07:50:47 +0200] "GET / HTTP/1.1" 301 5612 "https://grupo-seg.com/" "Mozilla/5.0 (Windows NT 10.0; Win64; x64) AppleWebKit/537.36 (KHTML, like Gecko) Chrome/133.0.0.0 Safari/537.36"
84.233.195.155 - - [21/Sep/2026:07:50:47 +0200] "GET / HTTP/1.1" 301 5612 "http://alben4000.com:80" "Go-http-client/1.1"
84.233.195.157 - - [21/Sep/2026:07:50:47 +0200] "GET / HTTP/1.1" 200 165847 "https://www.grupo-seg.com/" "Go-http-client/1.1"
84.233.195.154 - - [21/Sep/2026:07:50:48 +0200] "GET / HTTP/1.1" 301 5612 "http://alben4000.com:80" "Go-http-client/1.1"
84.233.195.155 - - [21/Sep/2026:07:50:48 +0200] "GET / HTTP/1.1" 200 165847 "https://www.grupo-seg.com/" "Go-http-client/1.1"
104.250.192.217 - - [21/Sep/2026:07:50:48 +0200] "GET / HTTP/1.1" 200 165847 "https://grupo-seg.com/" "Mozilla/5.0 (Windows NT 10.0; Win64; x64) AppleWebKit/537.36 (KHTML, like Gecko) Chrome/133.0.0.0 Safari/537.36"
84.233.195.160 - - [21/Sep/2026:07:50:49 +0200] "GET / HTTP/1.1" 301 5612 "http://alben4000.com:80" "Go-http-client/1.1"
84.233.195.154 - - [21/Sep/2026:07:50:49 +0200] "GET / HTTP/1.1" 200 165847 "https://www.grupo-seg.com/" "Go-http-client/1.1"
84.233.195.152 - - [21/Sep/2026:07:50:50 +0200] "GET / HTTP/1.1" 301 5612 "http://alben4000.com:80" "Go-http-client/1.1"
84.233.195.160 - - [21/Sep/2026:07:50:50 +0200] "GET / HTTP/1.1" 200 165847 "https://www.grupo-seg.com/" "Go-http-client/1.1"
84.233.195.149 - - [21/Sep/2026:07:50:51 +0200] "GET / HTTP/1.1" 301 5612 "http://alben4000.com:80" "Go-http-client/1.1"
84.233.195.152 - - [21/Sep/2026:07:50:51 +0200] "GET / HTTP/1.1" 200 165847 "https://www.grupo-seg.com/" "Go-http-client/1.1"
107.173.200.87 - - [21/Sep/2026:07:50:52 +0200] "GET / HTTP/1.1" 301 5612 "-" "Mozilla/5.0 (Windows NT 10.0; Win64; x64) AppleWebKit/537.36 (KHTML, like Gecko) Chrome/121.0.0.0 Safari/537.36 OPR/107.0.0.0"
84.233.195.155 - - [21/Sep/2026:07:50:52 +0200] "GET / HTTP/1.1" 301 5612 "http://alben4000.com:80" "Go-http-client/1.1"
84.233.195.149 - - [21/Sep/2026:07:50:52 +0200] "GET / HTTP/1.1" 200 165817 "https://www.grupo-seg.com/" "Go-http-client/1.1"
89.248.107.232 - - [21/Sep/2026:07:50:54 +0200] "POST /wp-cron.php?doing_wp_cron=1789969854.0191481113433837890625 HTTP/1.1" 200 5512 "-" "WordPress/6.6.2; https://grupo-seg.com"
84.233.195.158 - - [21/Sep/2026:07:50:53 +0200] "GET / HTTP/1.1" 301 5612 "http://alben4000.com:80" "Go-http-client/1.1"
84.233.195.155 - - [21/Sep/2026:07:50:53 +0200] "GET / HTTP/1.1" 200 165817 "https://www.grupo-seg.com/" "Go-http-client/1.1"
107.173.200.87 - - [21/Sep/2026:07:50:53 +0200] "GET / HTTP/1.1" 200 165817 "-" "Mozilla/5.0 (Windows NT 10.0; Win64; x64) AppleWebKit/537.36 (KHTML, like Gecko) Chrome/121.0.0.0 Safari/537.36 OPR/107.0.0.0"
84.233.195.158 - - [21/Sep/2026:07:50:54 +0200] "GET / HTTP/1.1" 200 165817 "https://www.grupo-seg.com/" "Go-http-client/1.1"
84.233.195.154 - - [21/Sep/2026:07:50:56 +0200] "GET / HTTP/1.1" 301 5612 "http://alben4000.com:80" "Go-http-client/1.1"
84.233.195.154 - - [21/Sep/2026:07:50:56 +0200] "GET / HTTP/1.1" 200 165817 "https://www.grupo-seg.com/" "Go-http-client/1.1"
84.233.195.151 - - [21/Sep/2026:07:50:58 +0200] "GET / HTTP/1.1" 301 5612 "http://alben4000.com:80" "Go-http-client/1.1"
84.233.195.151 - - [21/Sep/2026:07:50:58 +0200] "GET / HTTP/1.1" 200 165817 "https://www.grupo-seg.com/" "Go-http-client/1.1"
89.248.107.232 - - [21/Sep/2026:07:51:54 +0200] "POST /wp-cron.php?doing_wp_cron=1789969914.3397819995880126953125 HTTP/1.1" 200 5512 "-" "WordPress/6.6.2; https://grupo-seg.com"
52.167.144.169 - - [21/Sep/2026:07:51:53 +0200] "GET /zcuh903499ossti/itmpesd.htm HTTP/1.1" 301 5686 "-" "Mozilla/5.0 AppleWebKit/537.36 (KHTML, like Gecko; compatible; bingbot/2.0; +http://www.bing.com/bingbot.htm) Chrome/116.0.1938.76 Safari/537.36"
89.248.107.232 - - [21/Sep/2026:07:51:54 +0200] "POST /wp-admin/admin-ajax.php?action=async_litespeed&nonce=b4cc4c672a&litespeed_type=imgoptm HTTP/1.1" 200 5698 "-" "WordPress/6.6.2; https://grupo-seg.com"
192.54.244.141 - - [21/Sep/2026:07:52:18 +0200] "GET /careers HTTP/1.1" 404 13454 "-" "Mozilla/5.0 (compatible; CareerScout/1.0)"
192.54.244.141 - - [21/Sep/2026:07:52:18 +0200] "GET /en/careers HTTP/1.1" 404 13454 "-" "Mozilla/5.0 (compatible; CareerScout/1.0)"
89.248.107.232 - - [21/Sep/2026:07:52:19 +0200] "POST /wp-cron.php?doing_wp_cron=1789969939.0058410167694091796875 HTTP/1.1" 200 5512 "-" "WordPress/6.6.2; https://grupo-seg.com"
192.54.244.141 - - [21/Sep/2026:07:52:18 +0200] "GET /company/careers HTTP/1.1" 404 13454 "-" "Mozilla/5.0 (compatible; CareerScout/1.0)"
192.54.244.141 - - [21/Sep/2026:07:52:18 +0200] "GET /about/careers HTTP/1.1" 404 13454 "-" "Mozilla/5.0 (compatible; CareerScout/1.0)"
192.54.244.141 - - [21/Sep/2026:07:52:18 +0200] "GET / HTTP/1.1" 200 13454 "-" "Mozilla/5.0 (compatible; CareerScout/1.0)"
192.54.244.141 - - [21/Sep/2026:07:52:18 +0200] "GET /jobs HTTP/1.1" 404 13454 "-" "Mozilla/5.0 (compatible; CareerScout/1.0)"
52.167.144.181 - - [21/Sep/2026:07:52:24 +0200] "GET /ahws186632z7s925t4s1io0836pd HTTP/1.1" 404 97421 "-" "Mozilla/5.0 AppleWebKit/537.36 (KHTML, like Gecko; compatible; bingbot/2.0; +http://www.bing.com/bingbot.htm) Chrome/116.0.1938.76 Safari/537.36"
89.248.107.232 - - [21/Sep/2026:07:52:27 +0200] "POST /wp-cron.php?doing_wp_cron=1789969947.8964319229125976562500 HTTP/1.1" 200 5512 "-" "WordPress/6.6.2; https://grupo-seg.com"
52.167.144.233 - - [21/Sep/2026:07:52:27 +0200] "GET /lzmq688039giisdoo/sdodtps.htm HTTP/1.1" 404 97436 "-" "Mozilla/5.0 AppleWebKit/537.36 (KHTML, like Gecko; compatible; bingbot/2.0; +http://www.bing.com/bingbot.htm) Chrome/116.0.1938.76 Safari/537.36"
89.248.107.232 - - [21/Sep/2026:07:52:28 +0200] "POST /wp-admin/admin-ajax.php?action=async_litespeed&nonce=b4cc4c672a&litespeed_type=imgoptm HTTP/1.1" 200 5698 "-" "WordPress/6.6.2; https://grupo-seg.com"
89.248.107.232 - - [21/Sep/2026:07:53:56 +0200] "POST /wp-cron.php?doing_wp_cron=1789970035.9330968856811523437500 HTTP/1.1" 200 5512 "-" "WordPress/6.6.2; https://grupo-seg.com"
115.45.42.22 - - [21/Sep/2026:07:53:55 +0200] "GET /robots.txt HTTP/1.1" 200 5679 "https://grupo-seg.com/robots.txt" "Mozilla/5.0 (Windows NT 10.0; Win64; x64) AppleWebKit/537.36 (KHTML, like Gecko) Chrome/142.0.6297.32 Safari/537.36"
92.172.61.7 - - [21/Sep/2026:07:53:55 +0200] "POST /AutoDiscover/autodiscover.xml HTTP/1.1" 404 92202 "-" "Microsoft Office/16.0 (Windows NT 10.0; Microsoft Word 16.0.20228; Pro)"
89.248.107.232 - - [21/Sep/2026:07:53:57 +0200] "POST /wp-admin/admin-ajax.php?action=async_litespeed&nonce=b4cc4c672a&litespeed_type=imgoptm HTTP/1.1" 200 5698 "-" "WordPress/6.6.2; https://grupo-seg.com"
2.139.158.128 - - [21/Sep/2026:07:53:57 +0200] "POST /AutoDiscover/autodiscover.xml HTTP/1.1" 404 92202 "-" "Microsoft Office/16.0 (Windows NT 10.0; Microsoft Excel 16.0.20228; Pro)"
89.248.107.232 - - [21/Sep/2026:07:56:12 +0200] "POST /wp-cron.php?doing_wp_cron=1789970172.1630990505218505859375 HTTP/1.1" 200 5512 "-" "WordPress/6.6.2; https://grupo-seg.com"
52.167.144.181 - - [21/Sep/2026:07:56:11 +0200] "GET /arqk1282292sosditsdigdopo HTTP/1.1" 404 97436 "-" "Mozilla/5.0 AppleWebKit/537.36 (KHTML, like Gecko; compatible; bingbot/2.0; +http://www.bing.com/bingbot.htm) Chrome/116.0.1938.76 Safari/537.36"
89.248.107.232 - - [21/Sep/2026:07:56:12 +0200] "POST /wp-admin/admin-ajax.php?action=async_litespeed&nonce=b4cc4c672a&litespeed_type=imgoptm HTTP/1.1" 200 5698 "-" "WordPress/6.6.2; https://grupo-seg.com"
52.167.144.138 - - [21/Sep/2026:07:56:20 +0200] "GET /abqk1043156deoisrimtctpud HTTP/1.1" 404 97421 "-" "Mozilla/5.0 AppleWebKit/537.36 (KHTML, like Gecko; compatible; bingbot/2.0; +http://www.bing.com/bingbot.htm) Chrome/116.0.1938.76 Safari/537.36"
89.248.107.232 - - [21/Sep/2026:07:57:13 +0200] "POST /wp-cron.php?doing_wp_cron=1789970233.7393779754638671875000 HTTP/1.1" 200 5512 "-" "WordPress/6.6.2; https://grupo-seg.com"
198.244.242.137 - - [21/Sep/2026:07:57:13 +0200] "GET /wp-sitemap.xml HTTP/1.1" 200 6217 "-" "Mozilla/5.0 (compatible; AhrefsBot/7.0; +http://ahrefs.com/robot/)"
89.248.107.232 - - [21/Sep/2026:07:57:14 +0200] "POST /wp-admin/admin-ajax.php?action=async_litespeed&nonce=b4cc4c672a&litespeed_type=imgoptm HTTP/1.1" 200 5698 "-" "WordPress/6.6.2; https://grupo-seg.com"
51.89.129.235 - - [21/Sep/2026:07:57:14 +0200] "GET /wp-sitemap-posts-post-1.xml HTTP/1.1" 200 8170 "-" "Mozilla/5.0 (compatible; AhrefsBot/7.0; +http://ahrefs.com/robot/)"
51.195.183.95 - - [21/Sep/2026:07:57:15 +0200] "GET /wp-sitemap-posts-page-1.xml HTTP/1.1" 200 9189 "-" "Mozilla/5.0 (compatible; AhrefsBot/7.0; +http://ahrefs.com/robot/)"
198.244.240.138 - - [21/Sep/2026:07:57:16 +0200] "GET /wp-sitemap-posts-portfolio-1.xml HTTP/1.1" 200 17286 "-" "Mozilla/5.0 (compatible; AhrefsBot/7.0; +http://ahrefs.com/robot/)"
198.244.240.220 - - [21/Sep/2026:07:57:17 +0200] "GET /wp-sitemap-posts-mgeo_map-1.xml HTTP/1.1" 200 6011 "-" "Mozilla/5.0 (compatible; AhrefsBot/7.0; +http://ahrefs.com/robot/)"
198.244.242.79 - - [21/Sep/2026:07:57:18 +0200] "GET /wp-sitemap-taxonomies-category-1.xml HTTP/1.1" 200 6256 "-" "Mozilla/5.0 (compatible; AhrefsBot/7.0; +http://ahrefs.com/robot/)"
51.195.183.69 - - [21/Sep/2026:07:57:19 +0200] "GET /wp-sitemap-taxonomies-project-type-1.xml HTTP/1.1" 200 6924 "-" "Mozilla/5.0 (compatible; AhrefsBot/7.0; +http://ahrefs.com/robot/)"
89.248.107.232 - - [21/Sep/2026:07:59:20 +0200] "POST /wp-cron.php?doing_wp_cron=1789970360.8222188949584960937500 HTTP/1.1" 200 5512 "-" "WordPress/6.6.2; https://grupo-seg.com"
2.139.158.128 - - [21/Sep/2026:07:59:19 +0200] "POST /autodiscover/autodiscover.xml HTTP/1.1" 404 92217 "-" "Microsoft Office/16.0 (Windows NT 10.0; Microsoft Outlook 16.0.20228; Pro)"
2.139.158.128 - - [21/Sep/2026:07:59:19 +0200] "POST /autodiscover/autodiscover.xml HTTP/1.1" 404 92202 "-" "Microsoft Office/16.0 (Windows NT 10.0; Microsoft Outlook 16.0.20228; Pro)"
89.248.107.232 - - [21/Sep/2026:07:59:22 +0200] "POST /wp-admin/admin-ajax.php?action=async_litespeed&nonce=b4cc4c672a&litespeed_type=imgoptm HTTP/1.1" 200 5698 "-" "WordPress/6.6.2; https://grupo-seg.com"
89.248.107.232 - - [21/Sep/2026:07:59:37 +0200] "POST /wp-cron.php?doing_wp_cron=1789970377.2713470458984375000000 HTTP/1.1" 200 5512 "-" "WordPress/6.6.2; https://grupo-seg.com"
52.167.144.181 - - [21/Sep/2026:07:59:36 +0200] "GET /abfy261182osidsosdipgtod HTTP/1.1" 404 97436 "-" "Mozilla/5.0 AppleWebKit/537.36 (KHTML, like Gecko; compatible; bingbot/2.0; +http://www.bing.com/bingbot.htm) Chrome/116.0.1938.76 Safari/537.36"
89.248.107.232 - - [21/Sep/2026:07:59:38 +0200] "POST /wp-admin/admin-ajax.php?action=async_litespeed&nonce=b4cc4c672a&litespeed_type=imgoptm HTTP/1.1" 200 5698 "-" "WordPress/6.6.2; https://grupo-seg.com"
89.248.107.232 - - [21/Sep/2026:08:01:06 +0200] "POST /wp-cron.php?doing_wp_cron=1789970466.0323469638824462890625 HTTP/1.1" 200 5512 "-" "WordPress/6.6.2; https://grupo-seg.com"
185.33.86.18 - - [21/Sep/2026:08:01:05 +0200] "GET / HTTP/1.1" 200 165817 "https://cv@grupo-seg.com/" "Mozilla/5.0 (X11; Linux x86_64) AppleWebKit/537.36 (KHTML, like Gecko) Chrome/120.0.0.0 Safari/537.36"
89.248.107.232 - - [21/Sep/2026:08:01:07 +0200] "POST /wp-admin/admin-ajax.php?action=async_litespeed&nonce=b4cc4c672a&litespeed_type=imgoptm HTTP/1.1" 200 5698 "-" "WordPress/6.6.2; https://grupo-seg.com"
83.39.54.128 - - [21/Sep/2026:08:01:08 +0200] "POST /AutoDiscover/autodiscover.xml HTTP/1.1" 404 92217 "-" "Microsoft Office/16.0 (Windows NT 10.0; Microsoft Excel 16.0.20326; Pro)"
185.33.86.18 - - [21/Sep/2026:08:01:14 +0200] "GET / HTTP/1.1" 200 165847 "http://cv@grupo-seg.com/" "Mozilla/5.0 (Macintosh; Intel Mac OS X 14_0) AppleWebKit/605.1.15 (KHTML, like Gecko) Version/17.0 Safari/605.1.15"
89.248.107.232 - - [21/Sep/2026:08:01:47 +0200] "POST /wp-cron.php?doing_wp_cron=1789970507.7637820243835449218750 HTTP/1.1" 200 5512 "-" "WordPress/6.6.2; https://grupo-seg.com"
17.166.236.124 - - [21/Sep/2026:08:01:47 +0200] "GET /wp-json/wp/v2/pages/1495 HTTP/1.1" 200 91740 "-" "Mozilla/5.0 (Macintosh; Intel Mac OS X 10_15_7) AppleWebKit/605.1.15 (KHTML, like Gecko) Version/17.4 Safari/605.1.15 (Applebot/0.1; +http://www.apple.com/go/applebot)"
89.248.107.232 - - [21/Sep/2026:08:01:48 +0200] "POST /wp-admin/admin-ajax.php?action=async_litespeed&nonce=b4cc4c672a&litespeed_type=imgoptm HTTP/1.1" 200 5698 "-" "WordPress/6.6.2; https://grupo-seg.com"
89.248.107.232 - - [21/Sep/2026:08:02:29 +0200] "POST /wp-cron.php?doing_wp_cron=1789970549.3681330680847167968750 HTTP/1.1" 200 5512 "-" "WordPress/6.6.2; https://grupo-seg.com"
68.107.248.64 - - [21/Sep/2026:08:02:28 +0200] "GET / HTTP/1.1" 301 5612 "https://www.alben4000.com/" "Mozilla/5.0 (X11; Linux x86_64) AppleWebKit/537.36 (KHTML, like Gecko) Chrome/121.0.6167.85 Safari/537.36 (compatible; Google-InspectionTool/1.0)"
89.248.107.232 - - [21/Sep/2026:08:02:30 +0200] "POST /wp-admin/admin-ajax.php?action=async_litespeed&nonce=b4cc4c672a&litespeed_type=imgoptm HTTP/1.1" 200 5698 "-" "WordPress/6.6.2; https://grupo-seg.com"
68.107.248.64 - - [21/Sep/2026:08:02:30 +0200] "GET / HTTP/1.1" 200 165817 "https://www.grupo-seg.com/" "Mozilla/5.0 (X11; Linux x86_64) AppleWebKit/537.36 (KHTML, like Gecko) Chrome/121.0.6167.85 Safari/537.36 (compatible; Google-InspectionTool/1.0)"
68.107.248.64 - - [21/Sep/2026:08:02:34 +0200] "GET / HTTP/1.1" 301 5612 "https://alben4000.com/" "Mozilla/5.0 (X11; Linux x86_64) AppleWebKit/537.36 (KHTML, like Gecko) Chrome/121.0.6167.85 Safari/537.36 (compatible; Google-InspectionTool/1.0)"
68.107.248.64 - - [21/Sep/2026:08:02:35 +0200] "GET / HTTP/1.1" 200 165847 "https://www.grupo-seg.com/" "Mozilla/5.0 (X11; Linux x86_64) AppleWebKit/537.36 (KHTML, like Gecko) Chrome/121.0.6167.85 Safari/537.36 (compatible; Google-InspectionTool/1.0)"
89.248.107.232 - - [21/Sep/2026:08:05:14 +0200] "POST /wp-cron.php?doing_wp_cron=1789970714.1957008838653564453125 HTTP/1.1" 200 5512 "-" "WordPress/6.6.2; https://grupo-seg.com"
2.139.158.128 - - [21/Sep/2026:08:05:13 +0200] "POST /AutoDiscover/autodiscover.xml HTTP/1.1" 404 92253 "-" "Microsoft Office/16.0 (Windows NT 10.0; Microsoft Excel 16.0.20228; Pro)"
89.248.107.232 - - [21/Sep/2026:08:05:14 +0200] "POST /wp-admin/admin-ajax.php?action=async_litespeed&nonce=b4cc4c672a&litespeed_type=imgoptm HTTP/1.1" 200 5698 "-" "WordPress/6.6.2; https://grupo-seg.com"
89.248.107.232 - - [21/Sep/2026:08:05:55 +0200] "POST /wp-cron.php?doing_wp_cron=1789970755.2773280143737792968750 HTTP/1.1" 200 5512 "-" "WordPress/6.6.2; https://grupo-seg.com"
43.153.47.201 - - [21/Sep/2026:08:05:54 +0200] "GET / HTTP/1.1" 301 5612 "http://www.grupo-seg.com" "Mozilla/5.0 (iPhone; CPU iPhone OS 13_2_3 like Mac OS X) AppleWebKit/605.1.15 (KHTML, like Gecko) Version/13.0.3 Mobile/15E148 Safari/604.1"
89.248.107.232 - - [21/Sep/2026:08:05:55 +0200] "POST /wp-admin/admin-ajax.php?action=async_litespeed&nonce=b4cc4c672a&litespeed_type=imgoptm HTTP/1.1" 200 5698 "-" "WordPress/6.6.2; https://grupo-seg.com"
43.153.47.201 - - [21/Sep/2026:08:05:56 +0200] "GET / HTTP/1.1" 200 157019 "https://www.grupo-seg.com/" "Mozilla/5.0 (iPhone; CPU iPhone OS 13_2_3 like Mac OS X) AppleWebKit/605.1.15 (KHTML, like Gecko) Version/13.0.3 Mobile/15E148 Safari/604.1"
89.248.107.232 - - [21/Sep/2026:08:06:24 +0200] "POST /wp-cron.php?doing_wp_cron=1789970784.8529820442199707031250 HTTP/1.1" 200 5512 "-" "WordPress/6.6.2; https://grupo-seg.com"
47.59.146.141 - - [21/Sep/2026:08:06:24 +0200] "POST /AutoDiscover/autodiscover.xml HTTP/1.1" 404 92268 "-" "Microsoft Office/16.0 (Windows NT 10.0; Microsoft Excel 16.0.20228; Pro)"
89.248.107.232 - - [21/Sep/2026:08:06:25 +0200] "POST /wp-admin/admin-ajax.php?action=async_litespeed&nonce=b4cc4c672a&litespeed_type=imgoptm HTTP/1.1" 200 5698 "-" "WordPress/6.6.2; https://grupo-seg.com"
89.248.107.232 - - [21/Sep/2026:08:06:46 +0200] "POST /wp-cron.php?doing_wp_cron=1789970806.5256800651550292968750 HTTP/1.1" 200 5512 "-" "WordPress/6.6.2; https://grupo-seg.com"
77.228.86.240 - - [21/Sep/2026:08:06:46 +0200] "POST /AutoDiscover/autodiscover.xml HTTP/1.1" 404 92202 "-" "Microsoft Office/16.0 (Windows NT 10.0; Microsoft Word 16.0.20326; Pro)"
89.248.107.232 - - [21/Sep/2026:08:08:17 +0200] "POST /wp-cron.php?doing_wp_cron=1789970897.7072079181671142578125 HTTP/1.1" 200 5512 "-" "WordPress/6.6.2; https://grupo-seg.com"
88.30.85.178 - - [21/Sep/2026:08:08:17 +0200] "POST /AutoDiscover/autodiscover.xml HTTP/1.1" 404 92217 "-" "Microsoft Office/16.0 (Windows NT 10.0; Microsoft Excel 16.0.20228; Pro)"
89.248.107.232 - - [21/Sep/2026:08:08:18 +0200] "POST /wp-admin/admin-ajax.php?action=async_litespeed&nonce=b4cc4c672a&litespeed_type=imgoptm HTTP/1.1" 200 5698 "-" "WordPress/6.6.2; https://grupo-seg.com"
89.248.107.232 - - [21/Sep/2026:08:08:26 +0200] "POST /wp-cron.php?doing_wp_cron=1789970906.9212260246276855468750 HTTP/1.1" 200 5512 "-" "WordPress/6.6.2; https://grupo-seg.com"
145.239.65.226 - - [21/Sep/2026:08:08:26 +0200] "GET /robots.txt HTTP/1.1" 200 5679 "-" "Mozilla/5.0 (compatible; MJ12bot/v1.4.8; http://mj12bot.com/)"
89.248.107.232 - - [21/Sep/2026:08:08:27 +0200] "POST /wp-admin/admin-ajax.php?action=async_litespeed&nonce=b4cc4c672a&litespeed_type=imgoptm HTTP/1.1" 200 5698 "-" "WordPress/6.6.2; https://grupo-seg.com"
145.239.65.226 - - [21/Sep/2026:08:08:31 +0200] "GET /portfolio/sistemas-de-transporte-por-cable-aereo-para-las-localidades-de-santafe-y-la-candelaria-y-de-obras-complementarias/ HTTP/1.1" 200 117577 "-" "Mozilla/5.0 (compatible; MJ12bot/v1.4.8; http://mj12bot.com/)"
34.76.119.9 - - [21/Sep/2026:08:08:35 +0200] "GET /pagina-ejemplo/feed/ HTTP/1.1" 200 6619 "-" "okhttp/4.12.0"
34.76.119.9 - - [21/Sep/2026:08:08:35 +0200] "GET /feed/ HTTP/1.1" 200 100983 "-" "okhttp/4.12.0"
34.76.119.9 - - [21/Sep/2026:08:08:36 +0200] "GET /wp-sitemap.xml HTTP/1.1" 200 6217 "-" "okhttp/4.12.0"
34.76.119.9 - - [21/Sep/2026:08:08:37 +0200] "GET /wp-sitemap-posts-post-1.xml HTTP/1.1" 200 8170 "-" "okhttp/4.12.0"
34.76.119.9 - - [21/Sep/2026:08:08:37 +0200] "GET /wp-sitemap-posts-page-1.xml HTTP/1.1" 200 9189 "-" "okhttp/4.12.0"
34.76.119.9 - - [21/Sep/2026:08:08:37 +0200] "GET /wp-sitemap-posts-portfolio-1.xml HTTP/1.1" 200 17286 "-" "okhttp/4.12.0"
34.76.119.9 - - [21/Sep/2026:08:08:38 +0200] "GET /wp-sitemap-posts-mgeo_map-1.xml HTTP/1.1" 200 6011 "-" "okhttp/4.12.0"
34.76.119.9 - - [21/Sep/2026:08:08:38 +0200] "GET /wp-sitemap-taxonomies-category-1.xml HTTP/1.1" 200 6256 "-" "okhttp/4.12.0"
34.76.119.9 - - [21/Sep/2026:08:08:39 +0200] "GET /wp-sitemap-taxonomies-project-type-1.xml HTTP/1.1" 200 6924 "-" "okhttp/4.12.0"
89.248.107.232 - - [21/Sep/2026:08:08:44 +0200] "POST /wp-cron.php?doing_wp_cron=1789970924.5447099208831787109375 HTTP/1.1" 200 5512 "-" "WordPress/6.6.2; https://grupo-seg.com"
2.139.158.128 - - [21/Sep/2026:08:08:44 +0200] "POST /AutoDiscover/autodiscover.xml HTTP/1.1" 404 92217 "-" "Microsoft Office/16.0 (Windows NT 10.0; Microsoft Excel 16.0.20228; Pro)"
89.248.107.232 - - [21/Sep/2026:08:11:11 +0200] "POST /wp-cron.php?doing_wp_cron=1789971071.6641910076141357421875 HTTP/1.1" 200 5512 "-" "WordPress/6.6.2; https://grupo-seg.com"
52.167.144.206 - - [21/Sep/2026:08:11:11 +0200] "GET /gwuc780155smistod/servicios.html HTTP/1.1" 404 97421 "-" "Mozilla/5.0 AppleWebKit/537.36 (KHTML, like Gecko; compatible; bingbot/2.0; +http://www.bing.com/bingbot.htm) Chrome/116.0.1938.76 Safari/537.36"
89.248.107.232 - - [21/Sep/2026:08:11:12 +0200] "POST /wp-admin/admin-ajax.php?action=async_litespeed&nonce=b4cc4c672a&litespeed_type=imgoptm HTTP/1.1" 200 5698 "-" "WordPress/6.6.2; https://grupo-seg.com"
40.77.167.63 - - [21/Sep/2026:08:11:23 +0200] "GET /arcd1638159doiddiotssgpos.htm HTTP/1.1" 404 97421 "-" "Mozilla/5.0 AppleWebKit/537.36 (KHTML, like Gecko; compatible; bingbot/2.0; +http://www.bing.com/bingbot.htm) Chrome/116.0.1938.76 Safari/537.36"
89.248.107.232 - - [21/Sep/2026:08:12:24 +0200] "POST /wp-cron.php?doing_wp_cron=1789971144.1689689159393310546875 HTTP/1.1" 200 5512 "-" "WordPress/6.6.2; https://grupo-seg.com"
188.26.195.158 - - [21/Sep/2026:08:12:23 +0200] "POST /AutoDiscover/autodiscover.xml HTTP/1.1" 404 92202 "-" "Microsoft Office/16.0 (Windows NT 10.0; Microsoft Excel 16.0.20326; Pro)"
89.248.107.232 - - [21/Sep/2026:08:12:24 +0200] "POST /wp-admin/admin-ajax.php?action=async_litespeed&nonce=b4cc4c672a&litespeed_type=imgoptm HTTP/1.1" 200 5698 "-" "WordPress/6.6.2; https://grupo-seg.com"
89.248.107.232 - - [21/Sep/2026:08:14:00 +0200] "POST /wp-cron.php?doing_wp_cron=1789971240.1904840469360351562500 HTTP/1.1" 200 5512 "-" "WordPress/6.6.2; https://grupo-seg.com"
43.130.53.252 - - [21/Sep/2026:08:13:59 +0200] "GET / HTTP/1.1" 301 5612 "http://www.alben4000.com" "Mozilla/5.0 (iPhone; CPU iPhone OS 13_2_3 like Mac OS X) AppleWebKit/605.1.15 (KHTML, like Gecko) Version/13.0.3 Mobile/15E148 Safari/604.1"
89.248.107.232 - - [21/Sep/2026:08:14:00 +0200] "POST /wp-admin/admin-ajax.php?action=async_litespeed&nonce=b4cc4c672a&litespeed_type=imgoptm HTTP/1.1" 200 5698 "-" "WordPress/6.6.2; https://grupo-seg.com"
43.130.53.252 - - [21/Sep/2026:08:14:01 +0200] "GET / HTTP/1.1" 200 157019 "https://www.grupo-seg.com/" "Mozilla/5.0 (iPhone; CPU iPhone OS 13_2_3 like Mac OS X) AppleWebKit/605.1.15 (KHTML, like Gecko) Version/13.0.3 Mobile/15E148 Safari/604.1"
89.248.107.232 - - [21/Sep/2026:08:14:24 +0200] "POST /wp-cron.php?doing_wp_cron=1789971264.4524340629577636718750 HTTP/1.1" 200 5512 "-" "WordPress/6.6.2; https://grupo-seg.com"
40.77.167.235 - - [21/Sep/2026:08:14:24 +0200] "GET /zcuh73107tdddooipsiosgs.htm HTTP/1.1" 404 97436 "-" "Mozilla/5.0 AppleWebKit/537.36 (KHTML, like Gecko; compatible; bingbot/2.0; +http://www.bing.com/bingbot.htm) Chrome/116.0.1938.76 Safari/537.36"
103.216.171.44 - - [21/Sep/2026:08:14:33 +0200] "GET /company/careers HTTP/1.1" 301 5674 "https://alben4000.com/company/careers" "Mozilla/5.0 (compatible; CareerScout/1.0)"
103.216.171.44 - - [21/Sep/2026:08:14:33 +0200] "GET /about/careers HTTP/1.1" 301 5672 "https://alben4000.com/about/careers" "Mozilla/5.0 (compatible; CareerScout/1.0)"
103.216.171.44 - - [21/Sep/2026:08:14:33 +0200] "GET /en/careers HTTP/1.1" 301 5669 "https://alben4000.com/en/careers" "Mozilla/5.0 (compatible; CareerScout/1.0)"
89.248.107.232 - - [21/Sep/2026:08:14:34 +0200] "POST /wp-cron.php?doing_wp_cron=1789971274.0743420124053955078125 HTTP/1.1" 200 5512 "-" "WordPress/6.6.2; https://grupo-seg.com"
103.216.171.44 - - [21/Sep/2026:08:14:33 +0200] "GET /careers HTTP/1.1" 301 5666 "https://alben4000.com/careers" "Mozilla/5.0 (compatible; CareerScout/1.0)"
103.216.171.44 - - [21/Sep/2026:08:14:33 +0200] "GET / HTTP/1.1" 301 5612 "https://alben4000.com/" "Mozilla/5.0 (compatible; CareerScout/1.0)"
103.216.171.44 - - [21/Sep/2026:08:14:33 +0200] "GET /jobs HTTP/1.1" 301 5663 "https://alben4000.com/jobs" "Mozilla/5.0 (compatible; CareerScout/1.0)"
89.248.107.232 - - [21/Sep/2026:08:14:35 +0200] "POST /wp-admin/admin-ajax.php?action=async_litespeed&nonce=b4cc4c672a&litespeed_type=imgoptm HTTP/1.1" 200 5698 "-" "WordPress/6.6.2; https://grupo-seg.com"
89.248.107.232 - - [21/Sep/2026:08:14:42 +0200] "POST /wp-cron.php?doing_wp_cron=1789971282.6765189170837402343750 HTTP/1.1" 200 5512 "-" "WordPress/6.6.2; https://grupo-seg.com"
34.230.164.54 - - [21/Sep/2026:08:14:42 +0200] "GET /robots.txt HTTP/1.1" 301 5576 "-" "Mozilla/5.0 (Macintosh; Intel Mac OS X 10_10_1) AppleWebKit/600.2.5 (KHTML, like Gecko) Version/8.0.2 Safari/600.2.5 (Gort)"
52.202.232.123 - - [21/Sep/2026:08:14:43 +0200] "GET /robots.txt HTTP/1.1" 200 5679 "-" "Mozilla/5.0 (Macintosh; Intel Mac OS X 10_10_1) AppleWebKit/600.2.5 (KHTML, like Gecko) Version/8.0.2 Safari/600.2.5 (Gort)"
89.248.107.232 - - [21/Sep/2026:08:14:55 +0200] "POST /wp-cron.php?doing_wp_cron=1789971295.8878018856048583984375 HTTP/1.1" 200 5512 "-" "WordPress/6.6.2; https://grupo-seg.com"
52.167.144.206 - - [21/Sep/2026:08:14:55 +0200] "GET /laci237882z4i0t921ems83567 HTTP/1.1" 404 97421 "-" "Mozilla/5.0 AppleWebKit/537.36 (KHTML, like Gecko; compatible; bingbot/2.0; +http://www.bing.com/bingbot.htm) Chrome/116.0.1938.76 Safari/537.36"
89.248.107.232 - - [21/Sep/2026:08:15:32 +0200] "POST /wp-cron.php?doing_wp_cron=1789971332.1372909545898437500000 HTTP/1.1" 200 5512 "-" "WordPress/6.6.2; https://grupo-seg.com"
40.77.167.130 - - [21/Sep/2026:08:15:31 +0200] "GET /rimoderutankuresu/0004186319.html HTTP/1.1" 301 5692 "-" "Mozilla/5.0 AppleWebKit/537.36 (KHTML, like Gecko; compatible; bingbot/2.0; +http://www.bing.com/bingbot.htm) Chrome/116.0.1938.76 Safari/537.36"
89.248.107.232 - - [21/Sep/2026:08:15:32 +0200] "POST /wp-admin/admin-ajax.php?action=async_litespeed&nonce=b4cc4c672a&litespeed_type=imgoptm HTTP/1.1" 200 5698 "-" "WordPress/6.6.2; https://grupo-seg.com"
89.248.107.232 - - [21/Sep/2026:08:16:04 +0200] "POST /wp-cron.php?doing_wp_cron=1789971364.1205689907073974609375 HTTP/1.1" 200 5512 "-" "WordPress/6.6.2; https://grupo-seg.com"
2.139.158.128 - - [21/Sep/2026:08:16:03 +0200] "POST /AutoDiscover/autodiscover.xml HTTP/1.1" 404 92217 "-" "Microsoft Office/16.0 (Windows NT 10.0; Microsoft Word 16.0.20326; Pro)"
89.248.107.232 - - [21/Sep/2026:08:17:16 +0200] "POST /wp-cron.php?doing_wp_cron=1789971436.1016550064086914062500 HTTP/1.1" 200 5512 "-" "WordPress/6.6.2; https://grupo-seg.com/en/"
54.152.163.42 - - [21/Sep/2026:08:17:15 +0200] "GET /en/author/javier/ HTTP/1.1" 200 116320 "-" "Mozilla/5.0 AppleWebKit/537.36 (KHTML, like Gecko; compatible; Amazonbot/0.1; +https://developer.amazon.com/support/amazonbot) Chrome/119.0.6045.214 Safari/537.36"
89.248.107.232 - - [21/Sep/2026:08:17:16 +0200] "POST /wp-admin/admin-ajax.php?action=async_litespeed&nonce=b4cc4c672a&litespeed_type=imgoptm HTTP/1.1" 200 5698 "-" "WordPress/6.6.2; https://grupo-seg.com"
89.248.107.232 - - [21/Sep/2026:08:18:06 +0200] "POST /wp-cron.php?doing_wp_cron=1789971486.6285970211029052734375 HTTP/1.1" 200 5512 "-" "WordPress/6.6.2; https://grupo-seg.com"
81.45.81.4 - - [21/Sep/2026:08:18:06 +0200] "POST /AutoDiscover/autodiscover.xml HTTP/1.1" 404 92202 "-" "Microsoft Office/16.0 (Windows NT 10.0; Microsoft Word 16.0.20326; Pro)"
89.248.107.232 - - [21/Sep/2026:08:18:07 +0200] "POST /wp-admin/admin-ajax.php?action=async_litespeed&nonce=b4cc4c672a&litespeed_type=imgoptm HTTP/1.1" 200 5698 "-" "WordPress/6.6.2; https://grupo-seg.com"
62.83.35.92 - - [21/Sep/2026:08:18:11 +0200] "GET /robots.txt HTTP/1.1" 200 5679 "-" "tphotobot/0.1 (+https://crawler.estidraft.com/bot)"
188.26.198.178 - - [21/Sep/2026:08:18:22 +0200] "POST /AutoDiscover/autodiscover.xml HTTP/1.1" 404 92217 "-" "Microsoft Office/16.0 (Windows NT 10.0; Microsoft Word 16.0.20326; Pro)"
89.248.107.232 - - [21/Sep/2026:08:19:31 +0200] "POST /wp-cron.php?doing_wp_cron=1789971571.9227840900421142578125 HTTP/1.1" 200 5512 "-" "WordPress/6.6.2; https://grupo-seg.com"
40.77.167.235 - - [21/Sep/2026:08:19:31 +0200] "GET /boml258883giiddrc/poduoosdt.htm HTTP/1.1" 404 97436 "-" "Mozilla/5.0 AppleWebKit/537.36 (KHTML, like Gecko; compatible; bingbot/2.0; +http://www.bing.com/bingbot.htm) Chrome/116.0.1938.76 Safari/537.36"
89.248.107.232 - - [21/Sep/2026:08:19:32 +0200] "POST /wp-admin/admin-ajax.php?action=async_litespeed&nonce=b4cc4c672a&litespeed_type=imgoptm HTTP/1.1" 200 5698 "-" "WordPress/6.6.2; https://grupo-seg.com"
89.248.107.232 - - [21/Sep/2026:08:23:36 +0200] "POST /wp-cron.php?doing_wp_cron=1789971816.3947799205780029296875 HTTP/1.1" 200 5512 "-" "WordPress/6.6.2; https://grupo-seg.com"
52.167.144.23 - - [21/Sep/2026:08:23:35 +0200] "GET /abqk990990osioegidstmd.html HTTP/1.1" 404 97436 "-" "Mozilla/5.0 AppleWebKit/537.36 (KHTML, like Gecko; compatible; bingbot/2.0; +http://www.bing.com/bingbot.htm) Chrome/116.0.1938.76 Safari/537.36"
89.248.107.232 - - [21/Sep/2026:08:23:37 +0200] "POST /wp-admin/admin-ajax.php?action=async_litespeed&nonce=b4cc4c672a&litespeed_type=imgoptm HTTP/1.1" 200 5698 "-" "WordPress/6.6.2; https://grupo-seg.com"
23.95.197.220 - - [21/Sep/2026:08:23:37 +0200] "GET /wp-login.php HTTP/1.1" 200 13732 "http://serynco.es/wp-admin/" "Mozilla/5.0 (Windows NT 10.0; Win64; x64) AppleWebKit/537.36 (KHTML, like Gecko) Chrome/90.0.4430.85 Safari/537.36"
23.95.197.220 - - [21/Sep/2026:08:23:38 +0200] "POST /wp-login.php HTTP/1.1" 503 25291 "http://serynco.es/wp-admin/" "Mozilla/5.0 (Windows NT 10.0; Win64; x64) AppleWebKit/537.36 (KHTML, like Gecko) Chrome/90.0.4430.85 Safari/537.36"
23.95.197.220 - - [21/Sep/2026:08:23:39 +0200] "GET /wp-admin/ HTTP/1.1" 503 24987 "http://serynco.es/wp-admin/" "Mozilla/5.0 (Windows NT 10.0; Win64; x64) AppleWebKit/537.36 (KHTML, like Gecko) Chrome/90.0.4430.85 Safari/537.36"
23.95.197.220 - - [21/Sep/2026:08:23:40 +0200] "POST /wp-login.php HTTP/1.1" 503 24038 "https://www.grupo-seg.com/wp-admin/" "Mozilla/5.0 (Windows NT 10.0; Win64; x64) AppleWebKit/537.36 (KHTML, like Gecko) Chrome/90.0.4430.85 Safari/537.36"
89.248.107.232 - - [21/Sep/2026:08:23:41 +0200] "POST /?wordfence_syncAttackData=1789971821.5626 HTTP/1.1" 200 5452 "-" "WordPress/6.6.2; https://grupo-seg.com"
23.95.197.220 - - [21/Sep/2026:08:23:41 +0200] "GET /wp-admin/ HTTP/1.1" 503 24987 "https://www.grupo-seg.com/wp-admin/" "Mozilla/5.0 (Windows NT 10.0; Win64; x64) AppleWebKit/537.36 (KHTML, like Gecko) Chrome/90.0.4430.85 Safari/537.36"
23.95.197.220 - - [21/Sep/2026:08:23:42 +0200] "POST /wp-login.php HTTP/1.1" 403 6501 "https://www.grupo-seg.com/wp-admin/" "Mozilla/5.0 (Windows NT 10.0; Win64; x64) AppleWebKit/537.36 (KHTML, like Gecko) Chrome/90.0.4430.85 Safari/537.36"
23.95.197.220 - - [21/Sep/2026:08:23:42 +0200] "GET /wp-admin/ HTTP/1.1" 503 24987 "https://www.grupo-seg.com/wp-admin/" "Mozilla/5.0 (Windows NT 10.0; Win64; x64) AppleWebKit/537.36 (KHTML, like Gecko) Chrome/90.0.4430.85 Safari/537.36"
89.248.107.232 - - [21/Sep/2026:08:24:04 +0200] "POST /wp-cron.php?doing_wp_cron=1789971844.6319999694824218750000 HTTP/1.1" 200 5512 "-" "WordPress/6.6.2; https://grupo-seg.com"
52.167.144.23 - - [21/Sep/2026:08:24:04 +0200] "GET /jrst716382sspdicduiorotdtp HTTP/1.1" 404 97421 "-" "Mozilla/5.0 AppleWebKit/537.36 (KHTML, like Gecko; compatible; bingbot/2.0; +http://www.bing.com/bingbot.htm) Chrome/116.0.1938.76 Safari/537.36"
52.167.144.179 - - [21/Sep/2026:08:24:06 +0200] "GET /kotogureururongu/0004969709.html HTTP/1.1" 301 5691 "-" "Mozilla/5.0 AppleWebKit/537.36 (KHTML, like Gecko; compatible; bingbot/2.0; +http://www.bing.com/bingbot.htm) Chrome/116.0.1938.76 Safari/537.36"
89.248.107.232 - - [21/Sep/2026:08:25:14 +0200] "POST /wp-cron.php?doing_wp_cron=1789971914.5712640285491943359375 HTTP/1.1" 200 5512 "-" "WordPress/6.6.2; https://grupo-seg.com"
2.139.158.128 - - [21/Sep/2026:08:25:14 +0200] "POST /AutoDiscover/autodiscover.xml HTTP/1.1" 404 92202 "-" "Microsoft Office/16.0 (Windows NT 10.0; Microsoft Word 16.0.20326; Pro)"
79.117.227.214 - - [21/Sep/2026:08:25:14 +0200] "POST /AutoDiscover/autodiscover.xml HTTP/1.1" 404 92202 "-" "Microsoft Office/16.0 (Windows NT 10.0; Microsoft Excel 16.0.20326; Pro)"
89.248.107.232 - - [21/Sep/2026:08:25:16 +0200] "POST /wp-admin/admin-ajax.php?action=async_litespeed&nonce=b4cc4c672a&litespeed_type=imgoptm HTTP/1.1" 200 5698 "-" "WordPress/6.6.2; https://grupo-seg.com"
89.248.107.232 - - [21/Sep/2026:08:25:39 +0200] "POST /wp-cron.php?doing_wp_cron=1789971939.3762149810791015625000 HTTP/1.1" 200 5512 "-" "WordPress/6.6.2; https://grupo-seg.com"
52.167.144.199 - - [21/Sep/2026:08:25:38 +0200] "GET /ihdm1567588oiudcid/ddporsogt.htm HTTP/1.1" 404 97421 "-" "Mozilla/5.0 AppleWebKit/537.36 (KHTML, like Gecko; compatible; bingbot/2.0; +http://www.bing.com/bingbot.htm) Chrome/116.0.1938.76 Safari/537.36"
89.248.107.232 - - [21/Sep/2026:08:25:40 +0200] "POST /wp-admin/admin-ajax.php?action=async_litespeed&nonce=b4cc4c672a&litespeed_type=imgoptm HTTP/1.1" 200 5698 "-" "WordPress/6.6.2; https://grupo-seg.com"
89.248.107.232 - - [21/Sep/2026:08:25:44 +0200] "POST /wp-cron.php?doing_wp_cron=1789971944.2072930335998535156250 HTTP/1.1" 200 5512 "-" "WordPress/6.6.2; https://grupo-seg.com"
40.77.167.63 - - [21/Sep/2026:08:25:43 +0200] "GET /ibxl733784rtdimptdiouesc HTTP/1.1" 404 97421 "-" "Mozilla/5.0 AppleWebKit/537.36 (KHTML, like Gecko; compatible; bingbot/2.0; +http://www.bing.com/bingbot.htm) Chrome/116.0.1938.76 Safari/537.36"
40.77.167.63 - - [21/Sep/2026:08:25:46 +0200] "GET /iesj388469iptts/desmois.html HTTP/1.1" 404 97421 "-" "Mozilla/5.0 AppleWebKit/537.36 (KHTML, like Gecko; compatible; bingbot/2.0; +http://www.bing.com/bingbot.htm) Chrome/116.0.1938.76 Safari/537.36"
89.248.107.232 - - [21/Sep/2026:08:25:57 +0200] "POST /wp-cron.php?doing_wp_cron=1789971957.4133670330047607421875 HTTP/1.1" 200 5512 "-" "WordPress/6.6.2; https://grupo-seg.com"
40.77.167.33 - - [21/Sep/2026:08:25:57 +0200] "GET /zumudaunfusudaun/0006529001.html HTTP/1.1" 301 5691 "-" "Mozilla/5.0 AppleWebKit/537.36 (KHTML, like Gecko; compatible; bingbot/2.0; +http://www.bing.com/bingbot.htm) Chrome/116.0.1938.76 Safari/537.36"
89.248.107.232 - - [21/Sep/2026:08:26:32 +0200] "POST /wp-cron.php?doing_wp_cron=1789971992.5909268856048583984375 HTTP/1.1" 200 5512 "-" "WordPress/6.6.2; https://grupo-seg.com"
40.77.167.33 - - [21/Sep/2026:08:26:32 +0200] "GET /furukenazenisusa/0006328182.html HTTP/1.1" 301 5691 "-" "Mozilla/5.0 AppleWebKit/537.36 (KHTML, like Gecko; compatible; bingbot/2.0; +http://www.bing.com/bingbot.htm) Chrome/116.0.1938.76 Safari/537.36"
89.248.107.232 - - [21/Sep/2026:08:26:33 +0200] "POST /wp-admin/admin-ajax.php?action=async_litespeed&nonce=b4cc4c672a&litespeed_type=imgoptm HTTP/1.1" 200 5698 "-" "WordPress/6.6.2; https://grupo-seg.com"
89.248.107.232 - - [21/Sep/2026:08:26:59 +0200] "POST /wp-cron.php?doing_wp_cron=1789972019.8107330799102783203125 HTTP/1.1" 200 5512 "-" "WordPress/6.6.2; https://grupo-seg.com"
95.127.20.171 - - [21/Sep/2026:08:26:59 +0200] "POST /autodiscover/autodiscover.xml HTTP/1.1" 404 92217 "-" "Microsoft Office/16.0 (Windows NT 10.0; Microsoft Outlook 16.0.20228; Pro)"
95.127.20.171 - - [21/Sep/2026:08:27:01 +0200] "POST /autodiscover/autodiscover.xml HTTP/1.1" 404 92202 "-" "Microsoft Office/16.0 (Windows NT 10.0; Microsoft Outlook 16.0.20228; Pro)"
95.127.20.171 - - [21/Sep/2026:08:27:01 +0200] "POST /autodiscover/autodiscover.xml HTTP/1.1" 404 92217 "-" "Microsoft Office/16.0 (Windows NT 10.0; Microsoft Outlook 16.0.20228; Pro)"
89.248.107.232 - - [21/Sep/2026:08:27:03 +0200] "POST /wp-cron.php?doing_wp_cron=1789972023.2941110134124755859375 HTTP/1.1" 200 5512 "-" "WordPress/6.6.2; https://grupo-seg.com"
95.127.20.171 - - [21/Sep/2026:08:27:01 +0200] "POST /autodiscover/autodiscover.xml HTTP/1.1" 404 92217 "-" "Microsoft Office/16.0 (Windows NT 10.0; Microsoft Outlook 16.0.20228; Pro)"
89.248.107.232 - - [21/Sep/2026:08:27:26 +0200] "POST /wp-cron.php?doing_wp_cron=1789972046.3269839286804199218750 HTTP/1.1" 200 5512 "-" "WordPress/6.6.2; https://grupo-seg.com"
95.127.20.171 - - [21/Sep/2026:08:27:25 +0200] "POST /autodiscover/autodiscover.xml HTTP/1.1" 404 92217 "-" "Microsoft Office/16.0 (Windows NT 10.0; Microsoft Outlook 16.0.20228; Pro)"
89.248.107.232 - - [21/Sep/2026:08:27:26 +0200] "POST /wp-admin/admin-ajax.php?action=async_litespeed&nonce=b4cc4c672a&litespeed_type=imgoptm HTTP/1.1" 200 5698 "-" "WordPress/6.6.2; https://grupo-seg.com"
95.127.20.171 - - [21/Sep/2026:08:27:30 +0200] "POST /autodiscover/autodiscover.xml HTTP/1.1" 404 92217 "-" "Microsoft Office/16.0 (Windows NT 10.0; Microsoft Outlook 16.0.20228; Pro)"
83.38.195.67 - - [21/Sep/2026:08:27:39 +0200] "POST /AutoDiscover/autodiscover.xml HTTP/1.1" 404 92202 "-" "Microsoft Office/16.0 (Windows NT 10.0; Microsoft Excel 16.0.20326; Pro)"
89.248.107.232 - - [21/Sep/2026:08:27:43 +0200] "POST /wp-cron.php?doing_wp_cron=1789972063.0297350883483886718750 HTTP/1.1" 200 5512 "-" "WordPress/6.6.2; https://grupo-seg.com"
95.127.20.171 - - [21/Sep/2026:08:27:42 +0200] "POST /autodiscover/autodiscover.xml HTTP/1.1" 404 92202 "-" "Microsoft Office/16.0 (Windows NT 10.0; Microsoft Outlook 16.0.20228; Pro)"
95.127.20.171 - - [21/Sep/2026:08:27:42 +0200] "POST /autodiscover/autodiscover.xml HTTP/1.1" 404 92217 "-" "Microsoft Office/16.0 (Windows NT 10.0; Microsoft Outlook 16.0.20228; Pro)"
89.248.107.232 - - [21/Sep/2026:08:27:58 +0200] "POST /wp-cron.php?doing_wp_cron=1789972078.4282400608062744140625 HTTP/1.1" 200 5512 "-" "WordPress/6.6.2; https://grupo-seg.com"
