89.248.107.232 - - [21/Sep/2026:05:03:47 +0200] "POST /wp-cron.php?doing_wp_cron=1789959827.6368310451507568359375 HTTP/1.1" 200 5512 "-" "WordPress/6.6.2; https://grupo-seg.com"
120.239.252.190 - - [21/Sep/2026:05:03:47 +0200] "GET / HTTP/1.1" 200 157019 "-" "Mozilla/5.0 (Linux; Android 10; PGEM10) AppleWebKit/537.36 (KHTML, like Gecko) Chrome/139.0.0.0 Mobile Safari/537.36"
89.248.107.232 - - [21/Sep/2026:05:03:48 +0200] "POST /wp-admin/admin-ajax.php?action=async_litespeed&nonce=b4cc4c672a&litespeed_type=imgoptm HTTP/1.1" 200 5698 "-" "WordPress/6.6.2; https://grupo-seg.com"
120.239.252.190 - - [21/Sep/2026:05:03:49 +0200] "POST /wp-content/plugins/litespeed-cache/guest.vary.php HTTP/1.1" 403 6501 "https://grupo-seg.com/" "Mozilla/5.0 (Linux; Android 10; PGEM10) AppleWebKit/537.36 (KHTML, like Gecko) Chrome/139.0.0.0 Mobile Safari/537.36"
89.248.107.232 - - [21/Sep/2026:05:03:54 +0200] "POST /wp-cron.php?doing_wp_cron=1789959834.4989829063415527343750 HTTP/1.1" 200 5512 "-" "WordPress/6.6.2; https://grupo-seg.com"
52.167.144.173 - - [21/Sep/2026:05:03:54 +0200] "GET /rmsy938306ddisootsipgosd.html HTTP/1.1" 404 97436 "-" "Mozilla/5.0 AppleWebKit/537.36 (KHTML, like Gecko; compatible; bingbot/2.0; +http://www.bing.com/bingbot.htm) Chrome/116.0.1938.76 Safari/537.36"
116.179.32.32 - - [21/Sep/2026:05:03:54 +0200] "GET /portfolio/auditorias-adif-zona-norte/ HTTP/1.1" 200 116489 "-" "Mozilla/5.0 (compatible; Baiduspider/2.0; +http://www.baidu.com/search/spider.html)"
116.179.37.253 - - [21/Sep/2026:05:03:58 +0200] "POST /wp-content/plugins/litespeed-cache/guest.vary.php HTTP/1.1" 403 6501 "https://grupo-seg.com/portfolio/auditorias-adif-zona-norte/" "Mozilla/5.0 (compatible; Baiduspider-render/2.0; +http://www.baidu.com/search/spider.html)"
17.166.234.94 - - [21/Sep/2026:05:03:59 +0200] "GET /en/wp-json/wp/v2/posts/5742 HTTP/1.1" 200 16110 "-" "Mozilla/5.0 (Macintosh; Intel Mac OS X 10_15_7) AppleWebKit/605.1.15 (KHTML, like Gecko) Version/17.4 Safari/605.1.15 (Applebot/0.1; +http://www.apple.com/go/applebot)"
89.248.107.232 - - [21/Sep/2026:05:08:13 +0200] "POST /wp-cron.php?doing_wp_cron=1789960093.2094919681549072265625 HTTP/1.1" 200 5512 "-" "WordPress/6.6.2; https://grupo-seg.com"
74.7.242.140 - - [21/Sep/2026:05:08:12 +0200] "GET /informacion-general/ HTTP/1.1" 200 120017 "-" "Mozilla/5.0 (Macintosh; Intel Mac OS X 10_15_7) AppleWebKit/537.36 (KHTML, like Gecko) Chrome/131.0.0.0 Safari/537.36; compatible; OAI-SearchBot/1.4; +https://openai.com/searchbot"
89.248.107.232 - - [21/Sep/2026:05:08:13 +0200] "POST /wp-admin/admin-ajax.php?action=async_litespeed&nonce=b4cc4c672a&litespeed_type=imgoptm HTTP/1.1" 200 5698 "-" "WordPress/6.6.2; https://grupo-seg.com"
89.248.107.232 - - [21/Sep/2026:05:08:35 +0200] "POST /wp-cron.php?doing_wp_cron=1789960115.2291290760040283203125 HTTP/1.1" 200 5512 "-" "WordPress/6.6.2; https://grupo-seg.com"
173.239.240.251 - - [21/Sep/2026:05:08:34 +0200] "POST /wp-login.php HTTP/1.1" 503 25291 "-" "Mozilla/5.0 (Macintosh; Intel Mac OS X 10_15_7) AppleWebKit/605.1.15 Version/17.0 Safari/605.1.15"
89.248.107.232 - - [21/Sep/2026:05:08:35 +0200] "POST /wp-admin/admin-ajax.php?action=async_litespeed&nonce=b4cc4c672a&litespeed_type=imgoptm HTTP/1.1" 200 5698 "-" "WordPress/6.6.2; https://grupo-seg.com"
89.248.107.232 - - [21/Sep/2026:05:10:09 +0200] "POST /wp-cron.php?doing_wp_cron=1789960209.8906719684600830078125 HTTP/1.1" 200 5512 "-" "WordPress/6.6.2; https://grupo-seg.com"
40.77.167.40 - - [21/Sep/2026:05:10:09 +0200] "GET /ibxl436563ptituidsorodsdpc.htm HTTP/1.1" 404 97436 "-" "Mozilla/5.0 AppleWebKit/537.36 (KHTML, like Gecko; compatible; bingbot/2.0; +http://www.bing.com/bingbot.htm) Chrome/116.0.1938.76 Safari/537.36"
89.248.107.232 - - [21/Sep/2026:05:10:10 +0200] "POST /wp-admin/admin-ajax.php?action=async_litespeed&nonce=b4cc4c672a&litespeed_type=imgoptm HTTP/1.1" 200 5698 "-" "WordPress/6.6.2; https://grupo-seg.com"
89.248.107.232 - - [21/Sep/2026:05:13:20 +0200] "POST /wp-cron.php?doing_wp_cron=1789960400.1524479389190673828125 HTTP/1.1" 200 5512 "-" "WordPress/6.6.2; https://grupo-seg.com"
52.167.144.169 - - [21/Sep/2026:05:13:19 +0200] "GET /?ws6=10s2ngs40gr64 HTTP/1.1" 200 165817 "-" "Mozilla/5.0 AppleWebKit/537.36 (KHTML, like Gecko; compatible; bingbot/2.0; +http://www.bing.com/bingbot.htm) Chrome/116.0.1938.76 Safari/537.36"
89.248.107.232 - - [21/Sep/2026:05:13:21 +0200] "POST /wp-admin/admin-ajax.php?action=async_litespeed&nonce=b4cc4c672a&litespeed_type=imgoptm HTTP/1.1" 200 5698 "-" "WordPress/6.6.2; https://grupo-seg.com"
89.248.107.232 - - [21/Sep/2026:05:13:56 +0200] "POST /wp-cron.php?doing_wp_cron=1789960436.8019669055938720703125 HTTP/1.1" 200 5512 "-" "WordPress/6.6.2; https://grupo-seg.com"
38.147.104.201 - - [21/Sep/2026:05:13:56 +0200] "GET / HTTP/1.1" 200 165847 "-" "Mozilla/5.0 (compatible; KeyScanner/1.0)"
89.248.107.232 - - [21/Sep/2026:05:13:57 +0200] "POST /wp-admin/admin-ajax.php?action=async_litespeed&nonce=b4cc4c672a&litespeed_type=imgoptm HTTP/1.1" 200 5698 "-" "WordPress/6.6.2; https://grupo-seg.com"
89.248.107.232 - - [21/Sep/2026:05:14:21 +0200] "POST /wp-cron.php?doing_wp_cron=1789960461.4245560169219970703125 HTTP/1.1" 200 5512 "-" "WordPress/6.6.2; https://grupo-seg.com"
34.156.253.60 - - [21/Sep/2026:05:14:21 +0200] "GET /pagina-ejemplo/feed/ HTTP/1.1" 200 6619 "-" "okhttp/4.12.0"
34.156.253.60 - - [21/Sep/2026:05:14:21 +0200] "GET /feed/ HTTP/1.1" 200 100998 "-" "okhttp/4.12.0"
34.156.253.60 - - [21/Sep/2026:05:14:22 +0200] "GET /wp-sitemap.xml HTTP/1.1" 200 6217 "-" "okhttp/4.12.0"
34.156.253.60 - - [21/Sep/2026:05:14:22 +0200] "GET /wp-sitemap-posts-post-1.xml HTTP/1.1" 200 8170 "-" "okhttp/4.12.0"
34.156.253.60 - - [21/Sep/2026:05:14:23 +0200] "GET /wp-sitemap-posts-page-1.xml HTTP/1.1" 200 9189 "-" "okhttp/4.12.0"
34.156.253.60 - - [21/Sep/2026:05:14:23 +0200] "GET /wp-sitemap-posts-portfolio-1.xml HTTP/1.1" 200 17286 "-" "okhttp/4.12.0"
34.156.253.60 - - [21/Sep/2026:05:14:24 +0200] "GET /wp-sitemap-posts-mgeo_map-1.xml HTTP/1.1" 200 6011 "-" "okhttp/4.12.0"
34.156.253.60 - - [21/Sep/2026:05:14:24 +0200] "GET /wp-sitemap-taxonomies-category-1.xml HTTP/1.1" 200 6256 "-" "okhttp/4.12.0"
89.248.107.232 - - [21/Sep/2026:05:14:25 +0200] "POST /wp-cron.php?doing_wp_cron=1789960465.2731130123138427734375 HTTP/1.1" 200 5512 "-" "WordPress/6.6.2; https://grupo-seg.com"
34.156.253.60 - - [21/Sep/2026:05:14:24 +0200] "GET /wp-sitemap-taxonomies-project-type-1.xml HTTP/1.1" 200 6924 "-" "okhttp/4.12.0"
89.248.107.232 - - [21/Sep/2026:05:14:25 +0200] "POST /wp-admin/admin-ajax.php?action=async_litespeed&nonce=b4cc4c672a&litespeed_type=imgoptm HTTP/1.1" 200 5698 "-" "WordPress/6.6.2; https://grupo-seg.com"
89.248.107.232 - - [21/Sep/2026:05:15:52 +0200] "POST /wp-cron.php?doing_wp_cron=1789960552.3186109066009521484375 HTTP/1.1" 200 5512 "-" "WordPress/6.6.2; https://grupo-seg.com/en/"
103.158.197.242 - - [21/Sep/2026:05:15:51 +0200] "GET /en/comprehensive-supervision-of-the-magdalena-trunk-road-2-concession-contract/ HTTP/1.1" 301 5637 "-" "Mozilla/5.0 (Macintosh; Intel Mac OS X 10_15_7) AppleWebKit/537.36 (KHTML, like Gecko) Chrome/133.0.0.0 Safari/537.36"
89.248.107.232 - - [21/Sep/2026:05:15:52 +0200] "POST /wp-admin/admin-ajax.php?action=async_litespeed&nonce=b4cc4c672a&litespeed_type=imgoptm HTTP/1.1" 200 5698 "-" "WordPress/6.6.2; https://grupo-seg.com"
103.158.197.242 - - [21/Sep/2026:05:15:52 +0200] "GET /en/portfolio/comprehensive-supervision-of-the-magdalena-trunk-road-2-concession-contract/ HTTP/1.1" 200 117505 "-" "Mozilla/5.0 (Macintosh; Intel Mac OS X 10_15_7) AppleWebKit/537.36 (KHTML, like Gecko) Chrome/133.0.0.0 Safari/537.36"
89.248.107.232 - - [21/Sep/2026:05:17:18 +0200] "POST /wp-cron.php?doing_wp_cron=1789960638.5331969261169433593750 HTTP/1.1" 200 5512 "-" "WordPress/6.6.2; https://grupo-seg.com"
193.70.64.67 - - [21/Sep/2026:05:17:17 +0200] "POST /xmlrpc.php HTTP/1.1" 503 25074 "-" "Mozilla/5.0 (Windows NT 10.0; Win64; x64) AppleWebKit/537.36 (KHTML, like Gecko) Chrome/137.0.0.0 Safari/537.36"
89.248.107.232 - - [21/Sep/2026:05:17:19 +0200] "POST /wp-admin/admin-ajax.php?action=async_litespeed&nonce=b4cc4c672a&litespeed_type=imgoptm HTTP/1.1" 200 5698 "-" "WordPress/6.6.2; https://grupo-seg.com"
89.248.107.232 - - [21/Sep/2026:05:18:16 +0200] "POST /wp-cron.php?doing_wp_cron=1789960696.8523681163787841796875 HTTP/1.1" 200 5512 "-" "WordPress/6.6.2; https://grupo-seg.com"
52.167.144.169 - - [21/Sep/2026:05:18:16 +0200] "GET /rmsy1573788doidtogism HTTP/1.1" 404 97421 "-" "Mozilla/5.0 AppleWebKit/537.36 (KHTML, like Gecko; compatible; bingbot/2.0; +http://www.bing.com/bingbot.htm) Chrome/116.0.1938.76 Safari/537.36"
89.248.107.232 - - [21/Sep/2026:05:18:17 +0200] "POST /wp-admin/admin-ajax.php?action=async_litespeed&nonce=b4cc4c672a&litespeed_type=imgoptm HTTP/1.1" 200 5698 "-" "WordPress/6.6.2; https://grupo-seg.com"
89.248.107.232 - - [21/Sep/2026:05:18:35 +0200] "POST /wp-cron.php?doing_wp_cron=1789960715.2911679744720458984375 HTTP/1.1" 200 5512 "-" "WordPress/6.6.2; https://grupo-seg.com"
38.25.84.161 - - [21/Sep/2026:05:18:34 +0200] "POST /AutoDiscover/autodiscover.xml HTTP/1.1" 404 92217 "-" "Microsoft Office/16.0 (Windows NT 10.0; Microsoft Excel 16.0.17932; Pro)"
89.248.107.232 - - [21/Sep/2026:05:18:35 +0200] "POST /wp-admin/admin-ajax.php?action=async_litespeed&nonce=b4cc4c672a&litespeed_type=imgoptm HTTP/1.1" 200 5698 "-" "WordPress/6.6.2; https://grupo-seg.com"
89.248.107.232 - - [21/Sep/2026:05:18:55 +0200] "POST /wp-cron.php?doing_wp_cron=1789960735.2470479011535644531250 HTTP/1.1" 200 5512 "-" "WordPress/6.6.2; https://grupo-seg.com"
52.20.51.46 - - [21/Sep/2026:05:18:54 +0200] "GET /robots.txt HTTP/1.1" 301 5576 "-" "Mozilla/5.0 (Macintosh; Intel Mac OS X 10_10_1) AppleWebKit/600.2.5 (KHTML, like Gecko) Version/8.0.2 Safari/600.2.5 (Gort)"
52.7.45.143 - - [21/Sep/2026:05:18:55 +0200] "GET /robots.txt HTTP/1.1" 200 5679 "-" "Mozilla/5.0 (Macintosh; Intel Mac OS X 10_10_1) AppleWebKit/600.2.5 (KHTML, like Gecko) Version/8.0.2 Safari/600.2.5 (Gort)"
52.167.144.215 - - [21/Sep/2026:05:18:58 +0200] "GET /ihkj1377570sdtotsimpi.html HTTP/1.1" 404 97421 "-" "Mozilla/5.0 AppleWebKit/537.36 (KHTML, like Gecko; compatible; bingbot/2.0; +http://www.bing.com/bingbot.htm) Chrome/116.0.1938.76 Safari/537.36"
89.248.107.232 - - [21/Sep/2026:05:19:38 +0200] "POST /wp-cron.php?doing_wp_cron=1789960778.2066040039062500000000 HTTP/1.1" 200 5512 "-" "WordPress/6.6.2; https://grupo-seg.com"
216.244.66.239 - - [21/Sep/2026:05:19:37 +0200] "GET /es/servicios/project-management/29-footer?format=feed&type=atom HTTP/1.1" 404 97626 "-" "Mozilla/5.0 (compatible; DotBot/1.2; +https://opensiteexplorer.org/dotbot; help@moz.com)"
89.248.107.232 - - [21/Sep/2026:05:19:38 +0200] "POST /wp-admin/admin-ajax.php?action=async_litespeed&nonce=b4cc4c672a&litespeed_type=imgoptm HTTP/1.1" 200 5698 "-" "WordPress/6.6.2; https://grupo-seg.com"
89.248.107.232 - - [21/Sep/2026:05:22:14 +0200] "POST /wp-cron.php?doing_wp_cron=1789960934.6462869644165039062500 HTTP/1.1" 200 5512 "-" "WordPress/6.6.2; https://grupo-seg.com"
62.60.130.103 - - [21/Sep/2026:05:22:14 +0200] "GET /filefuns.php HTTP/1.1" 404 97436 "-" "Mozilla/5.0 (Windows NT 10.0; Win64; x64) AppleWebKit/537.36 (KHTML, like Gecko) Chrome/90.0.4430.85 Safari/537.36"
89.248.107.232 - - [21/Sep/2026:05:22:15 +0200] "POST /wp-admin/admin-ajax.php?action=async_litespeed&nonce=b4cc4c672a&litespeed_type=imgoptm HTTP/1.1" 200 5698 "-" "WordPress/6.6.2; https://grupo-seg.com"
62.60.130.103 - - [21/Sep/2026:05:22:16 +0200] "GET /txets.php HTTP/1.1" 404 97421 "-" "Mozilla/5.0 (Windows NT 10.0; Win64; x64) AppleWebKit/537.36 (KHTML, like Gecko) Chrome/90.0.4430.85 Safari/537.36"
62.60.130.103 - - [21/Sep/2026:05:22:18 +0200] "GET /postnews.php HTTP/1.1" 404 97421 "-" "Mozilla/5.0 (Windows NT 10.0; Win64; x64) AppleWebKit/537.36 (KHTML, like Gecko) Chrome/90.0.4430.85 Safari/537.36"
89.248.107.232 - - [21/Sep/2026:05:22:30 +0200] "POST /wp-cron.php?doing_wp_cron=1789960950.2359991073608398437500 HTTP/1.1" 200 5512 "-" "WordPress/6.6.2; https://grupo-seg.com"
52.167.144.169 - - [21/Sep/2026:05:22:29 +0200] "GET /wp-sitemap-posts-portfolio-1.xml HTTP/1.1" 200 17286 "-" "Mozilla/5.0 AppleWebKit/537.36 (KHTML, like Gecko; compatible; bingbot/2.0; +http://www.bing.com/bingbot.htm) Chrome/116.0.1938.76 Safari/537.36"
89.248.107.232 - - [21/Sep/2026:05:22:30 +0200] "POST /wp-admin/admin-ajax.php?action=async_litespeed&nonce=b4cc4c672a&litespeed_type=imgoptm HTTP/1.1" 200 5698 "-" "WordPress/6.6.2; https://grupo-seg.com"
89.248.107.232 - - [21/Sep/2026:05:22:57 +0200] "POST /wp-cron.php?doing_wp_cron=1789960977.3856339454650878906250 HTTP/1.1" 200 5512 "-" "WordPress/6.6.2; https://grupo-seg.com"
74.7.241.13 - - [21/Sep/2026:05:22:56 +0200] "GET / HTTP/1.1" 200 165847 "-" "Mozilla/5.0 AppleWebKit/537.36 (KHTML, like Gecko; compatible; GPTBot/1.4; +https://openai.com/gptbot)"
89.248.107.232 - - [21/Sep/2026:05:23:00 +0200] "POST /wp-cron.php?doing_wp_cron=1789960980.0692980289459228515625 HTTP/1.1" 200 5512 "-" "WordPress/6.6.2; https://grupo-seg.com"
74.7.241.13 - - [21/Sep/2026:05:22:59 +0200] "GET /paises/paraguay/ HTTP/1.1" 200 169964 "https://grupo-seg.com/" "Mozilla/5.0 AppleWebKit/537.36 (KHTML, like Gecko; compatible; GPTBot/1.4; +https://openai.com/gptbot)"
74.7.241.13 - - [21/Sep/2026:05:23:02 +0200] "GET /paises/bolivia/ HTTP/1.1" 200 174032 "https://grupo-seg.com/" "Mozilla/5.0 AppleWebKit/537.36 (KHTML, like Gecko; compatible; GPTBot/1.4; +https://openai.com/gptbot)"
89.248.107.232 - - [21/Sep/2026:05:23:04 +0200] "POST /wp-cron.php?doing_wp_cron=1789960984.6892321109771728515625 HTTP/1.1" 200 5512 "-" "WordPress/6.6.2; https://grupo-seg.com"
74.7.241.13 - - [21/Sep/2026:05:23:04 +0200] "GET /paises/argentina/ HTTP/1.1" 200 158974 "https://grupo-seg.com/" "Mozilla/5.0 AppleWebKit/537.36 (KHTML, like Gecko; compatible; GPTBot/1.4; +https://openai.com/gptbot)"
74.7.241.13 - - [21/Sep/2026:05:23:06 +0200] "GET /aviso-legal/ HTTP/1.1" 200 122709 "https://grupo-seg.com/" "Mozilla/5.0 AppleWebKit/537.36 (KHTML, like Gecko; compatible; GPTBot/1.4; +https://openai.com/gptbot)"
74.7.241.13 - - [21/Sep/2026:05:23:08 +0200] "GET /politica-de-cookies/ HTTP/1.1" 200 121722 "https://grupo-seg.com/" "Mozilla/5.0 AppleWebKit/537.36 (KHTML, like Gecko; compatible; GPTBot/1.4; +https://openai.com/gptbot)"
74.7.241.13 - - [21/Sep/2026:05:23:09 +0200] "GET /wp-json/oembed/1.0/embed?format=xml&url=https%3A%2F%2Fgrupo-seg.com%2Fpaises%2Fparaguay%2F HTTP/1.1" 200 7979 "https://grupo-seg.com/paises/paraguay/" "Mozilla/5.0 AppleWebKit/537.36 (KHTML, like Gecko; compatible; GPTBot/1.4; +https://openai.com/gptbot)"
74.7.241.13 - - [21/Sep/2026:05:23:11 +0200] "GET /?p=4192 HTTP/1.1" 301 5675 "https://grupo-seg.com/paises/paraguay/" "Mozilla/5.0 AppleWebKit/537.36 (KHTML, like Gecko; compatible; GPTBot/1.4; +https://openai.com/gptbot)"
74.7.241.13 - - [21/Sep/2026:05:23:12 +0200] "GET /wp-json/wp/v2/pages/4177 HTTP/1.1" 200 106222 "https://grupo-seg.com/paises/bolivia/" "Mozilla/5.0 AppleWebKit/537.36 (KHTML, like Gecko; compatible; GPTBot/1.4; +https://openai.com/gptbot)"
74.7.241.13 - - [21/Sep/2026:05:23:13 +0200] "GET /?p=4177 HTTP/1.1" 301 5674 "https://grupo-seg.com/paises/bolivia/" "Mozilla/5.0 AppleWebKit/537.36 (KHTML, like Gecko; compatible; GPTBot/1.4; +https://openai.com/gptbot)"
74.7.241.13 - - [21/Sep/2026:05:23:14 +0200] "GET /?p=2413 HTTP/1.1" 301 5676 "https://grupo-seg.com/paises/argentina/" "Mozilla/5.0 AppleWebKit/537.36 (KHTML, like Gecko; compatible; GPTBot/1.4; +https://openai.com/gptbot)"
74.7.241.13 - - [21/Sep/2026:05:23:15 +0200] "GET /wp-json/wp/v2/pages/2413 HTTP/1.1" 200 97764 "https://grupo-seg.com/paises/argentina/" "Mozilla/5.0 AppleWebKit/537.36 (KHTML, like Gecko; compatible; GPTBot/1.4; +https://openai.com/gptbot)"
74.7.241.13 - - [21/Sep/2026:05:23:16 +0200] "GET /grupo-seg-en-la-asamblea-anual-de-socio-del-pacto-mundial-de-naciones-unidas/ HTTP/1.1" 200 123049 "https://grupo-seg.com/paises/argentina/" "Mozilla/5.0 AppleWebKit/537.36 (KHTML, like Gecko; compatible; GPTBot/1.4; +https://openai.com/gptbot)"
74.7.241.13 - - [21/Sep/2026:05:23:17 +0200] "GET /wp-json/oembed/1.0/embed?url=https%3A%2F%2Fgrupo-seg.com%2Fpaises%2Fargentina%2F HTTP/1.1" 200 7852 "https://grupo-seg.com/paises/argentina/" "Mozilla/5.0 AppleWebKit/537.36 (KHTML, like Gecko; compatible; GPTBot/1.4; +https://openai.com/gptbot)"
74.7.241.13 - - [21/Sep/2026:05:23:18 +0200] "GET /wp-json/oembed/1.0/embed?format=xml&url=https%3A%2F%2Fgrupo-seg.com%2Fpaises%2Fargentina%2F HTTP/1.1" 200 7984 "https://grupo-seg.com/paises/argentina/" "Mozilla/5.0 AppleWebKit/537.36 (KHTML, like Gecko; compatible; GPTBot/1.4; +https://openai.com/gptbot)"
74.7.241.13 - - [21/Sep/2026:05:23:18 +0200] "GET /?p=3008 HTTP/1.1" 301 5671 "https://grupo-seg.com/aviso-legal/" "Mozilla/5.0 AppleWebKit/537.36 (KHTML, like Gecko; compatible; GPTBot/1.4; +https://openai.com/gptbot)"
74.7.241.13 - - [21/Sep/2026:05:23:19 +0200] "GET /?p=3003 HTTP/1.1" 301 5679 "https://grupo-seg.com/politica-de-cookies/" "Mozilla/5.0 AppleWebKit/537.36 (KHTML, like Gecko; compatible; GPTBot/1.4; +https://openai.com/gptbot)"
74.7.241.13 - - [21/Sep/2026:05:23:20 +0200] "GET /wp-json/wp/v2/pages/3003 HTTP/1.1" 200 36763 "https://grupo-seg.com/politica-de-cookies/" "Mozilla/5.0 AppleWebKit/537.36 (KHTML, like Gecko; compatible; GPTBot/1.4; +https://openai.com/gptbot)"
74.7.241.13 - - [21/Sep/2026:05:23:20 +0200] "GET /wp-json/wp/v2/pages/3008 HTTP/1.1" 200 37866 "https://grupo-seg.com/aviso-legal/" "Mozilla/5.0 AppleWebKit/537.36 (KHTML, like Gecko; compatible; GPTBot/1.4; +https://openai.com/gptbot)"
74.7.241.13 - - [21/Sep/2026:05:23:21 +0200] "GET /?p=2255 HTTP/1.1" 301 5643 "https://grupo-seg.com/grupo-seg-en-la-asamblea-anual-de-socio-del-pacto-mundial-de-naciones-unidas/" "Mozilla/5.0 AppleWebKit/537.36 (KHTML, like Gecko; compatible; GPTBot/1.4; +https://openai.com/gptbot)"
89.248.107.232 - - [21/Sep/2026:05:25:10 +0200] "POST /wp-cron.php?doing_wp_cron=1789961110.0771889686584472656250 HTTP/1.1" 200 5512 "-" "WordPress/6.6.2; https://grupo-seg.com"
52.167.144.166 - - [21/Sep/2026:05:25:09 +0200] "GET /wp-sitemap-posts-post-1.xml HTTP/1.1" 200 8170 "-" "Mozilla/5.0 AppleWebKit/537.36 (KHTML, like Gecko; compatible; bingbot/2.0; +http://www.bing.com/bingbot.htm) Chrome/116.0.1938.76 Safari/537.36"
89.248.107.232 - - [21/Sep/2026:05:25:10 +0200] "POST /wp-admin/admin-ajax.php?action=async_litespeed&nonce=b4cc4c672a&litespeed_type=imgoptm HTTP/1.1" 200 5698 "-" "WordPress/6.6.2; https://grupo-seg.com"
89.248.107.232 - - [21/Sep/2026:05:26:20 +0200] "POST /wp-cron.php?doing_wp_cron=1789961180.6160769462585449218750 HTTP/1.1" 200 5512 "-" "WordPress/6.6.2; https://grupo-seg.com"
162.62.132.25 - - [21/Sep/2026:05:26:20 +0200] "GET / HTTP/1.1" 200 157019 "https://www.seg-sa.es/" "Mozilla/5.0 (iPhone; CPU iPhone OS 13_2_3 like Mac OS X) AppleWebKit/605.1.15 (KHTML, like Gecko) Version/13.0.3 Mobile/15E148 Safari/604.1"
89.248.107.232 - - [21/Sep/2026:05:26:21 +0200] "POST /wp-admin/admin-ajax.php?action=async_litespeed&nonce=b4cc4c672a&litespeed_type=imgoptm HTTP/1.1" 200 5698 "-" "WordPress/6.6.2; https://grupo-seg.com"
89.248.107.232 - - [21/Sep/2026:05:28:05 +0200] "POST /wp-cron.php?doing_wp_cron=1789961284.9955430030822753906250 HTTP/1.1" 200 5512 "-" "WordPress/6.6.2; https://grupo-seg.com"
52.167.144.166 - - [21/Sep/2026:05:28:04 +0200] "GET /arws8859smdiporttcieud.htm HTTP/1.1" 404 97436 "-" "Mozilla/5.0 AppleWebKit/537.36 (KHTML, like Gecko; compatible; bingbot/2.0; +http://www.bing.com/bingbot.htm) Chrome/116.0.1938.76 Safari/537.36"
89.248.107.232 - - [21/Sep/2026:05:28:05 +0200] "POST /wp-admin/admin-ajax.php?action=async_litespeed&nonce=b4cc4c672a&litespeed_type=imgoptm HTTP/1.1" 200 5698 "-" "WordPress/6.6.2; https://grupo-seg.com"
52.167.144.166 - - [21/Sep/2026:05:28:05 +0200] "GET /abcd245973z189i2sp0d64s735ot.htm HTTP/1.1" 404 97436 "-" "Mozilla/5.0 AppleWebKit/537.36 (KHTML, like Gecko; compatible; bingbot/2.0; +http://www.bing.com/bingbot.htm) Chrome/116.0.1938.76 Safari/537.36"
89.248.107.232 - - [21/Sep/2026:05:30:17 +0200] "POST /wp-cron.php?doing_wp_cron=1789961417.0427069664001464843750 HTTP/1.1" 200 5512 "-" "WordPress/6.6.2; https://grupo-seg.com"
173.239.240.240 - - [21/Sep/2026:05:30:16 +0200] "POST /wp-login.php HTTP/1.1" 503 25291 "-" "Mozilla/5.0 (Windows NT 10.0; Win64; rv:143.0) Gecko/20100101 Firefox/143.0"
89.248.107.232 - - [21/Sep/2026:05:30:17 +0200] "POST /wp-admin/admin-ajax.php?action=async_litespeed&nonce=b4cc4c672a&litespeed_type=imgoptm HTTP/1.1" 200 5698 "-" "WordPress/6.6.2; https://grupo-seg.com"
89.248.107.232 - - [21/Sep/2026:05:34:58 +0200] "POST /wp-cron.php?doing_wp_cron=1789961698.0865800380706787109375 HTTP/1.1" 200 5512 "-" "WordPress/6.6.2; https://grupo-seg.com/en/"
193.186.4.135 - - [21/Sep/2026:05:34:57 +0200] "GET /en/countries/argentina/ HTTP/1.1" 200 159053 "https://www.google.com/" "Mozilla/5.0 (Windows NT 10.0; Win64; x64) AppleWebKit/537.36 (KHTML, like Gecko) Chrome/151.0.0.0 Safari/537.36"
89.248.107.232 - - [21/Sep/2026:05:34:58 +0200] "POST /wp-admin/admin-ajax.php?action=async_litespeed&nonce=b4cc4c672a&litespeed_type=imgoptm HTTP/1.1" 200 5698 "-" "WordPress/6.6.2; https://grupo-seg.com"
89.248.107.232 - - [21/Sep/2026:05:35:16 +0200] "POST /wp-cron.php?doing_wp_cron=1789961716.0249330997467041015625 HTTP/1.1" 200 5512 "-" "WordPress/6.6.2; https://grupo-seg.com"
54.203.47.213 - - [21/Sep/2026:05:35:15 +0200] "POST /xmlrpc.php HTTP/1.1" 200 5891 "-" "Mozilla/5.0 (Windows NT 10.0) AppleWebKit/537.43 (KHTML, like Gecko) Chrome/140.0.0.0 Safari/537.36 OPR/124.0.0.0"
89.248.107.232 - - [21/Sep/2026:05:36:32 +0200] "POST /wp-cron.php?doing_wp_cron=1789961792.4048988819122314453125 HTTP/1.1" 200 5512 "-" "WordPress/6.6.2; https://grupo-seg.com"
35.198.113.100 - - [21/Sep/2026:05:36:32 +0200] "GET /robots.txt HTTP/1.1" 200 5679 "-" "LinkupBot/1.0 (LinkupBot for web indexing; https://linkup.so/bot; bot@linkup.so)"
89.248.107.232 - - [21/Sep/2026:05:36:32 +0200] "POST /wp-admin/admin-ajax.php?action=async_litespeed&nonce=b4cc4c672a&litespeed_type=imgoptm HTTP/1.1" 200 5698 "-" "WordPress/6.6.2; https://grupo-seg.com"
35.198.113.100 - - [21/Sep/2026:05:36:32 +0200] "GET /en/portfolio/technical-file-for-the-construction-investment-at-the-mayor-general-fap-armando-revoredo-iglesias-de-cajamarca-airport/ HTTP/1.1" 200 117786 "-" "LinkupBot/1.0 (LinkupBot for web indexing; https://linkup.so/bot; bot@linkup.so)"
35.198.113.100 - - [21/Sep/2026:05:36:34 +0200] "GET /portfolio/fiscalizacion-de-las-obras-de-renovacion-del-belgrano-sur-entre-estaciones-tapiales-y-marinos-del-crucero-general-belgrano/ HTTP/1.1" 200 117958 "-" "LinkupBot/1.0 (LinkupBot for web indexing; https://linkup.so/bot; bot@linkup.so)"
35.198.113.100 - - [21/Sep/2026:05:36:36 +0200] "GET /en/category/ecuador-en/ HTTP/1.1" 200 102871 "-" "LinkupBot/1.0 (LinkupBot for web indexing; https://linkup.so/bot; bot@linkup.so)"
35.198.113.100 - - [21/Sep/2026:05:36:38 +0200] "GET /portfolio/proyecto-de-adecuacion-de-pista-y-franja-en-el-aeropuerto-de-la-palma/ HTTP/1.1" 200 117105 "-" "LinkupBot/1.0 (LinkupBot for web indexing; https://linkup.so/bot; bot@linkup.so)"
89.248.107.232 - - [21/Sep/2026:05:36:41 +0200] "POST /wp-cron.php?doing_wp_cron=1789961801.2006380558013916015625 HTTP/1.1" 200 5512 "-" "WordPress/6.6.2; https://grupo-seg.com"
35.198.113.100 - - [21/Sep/2026:05:36:40 +0200] "GET /portfolio/interventoria-para-cerramiento-construccion-de-franjas-de-seguridad-y-mantenimiento-de-pista-calle-de-rodaje-y-plataforma-del-aeropuerto-leticia/ HTTP/1.1" 200 118100 "-" "LinkupBot/1.0 (LinkupBot for web indexing; https://linkup.so/bot; bot@linkup.so)"
89.248.107.232 - - [21/Sep/2026:05:36:43 +0200] "POST /wp-cron.php?doing_wp_cron=1789961803.4171350002288818359375 HTTP/1.1" 200 5512 "-" "WordPress/6.6.2; https://grupo-seg.com"
35.198.113.100 - - [21/Sep/2026:05:36:43 +0200] "GET /portfolio/supervision-y-control-del-proyecto-hidroelectrico-normandia/ HTTP/1.1" 200 116875 "-" "LinkupBot/1.0 (LinkupBot for web indexing; https://linkup.so/bot; bot@linkup.so)"
89.248.107.232 - - [21/Sep/2026:05:38:09 +0200] "POST /wp-cron.php?doing_wp_cron=1789961889.1034550666809082031250 HTTP/1.1" 200 5512 "-" "WordPress/6.6.2; https://grupo-seg.com"
136.144.33.14 - - [21/Sep/2026:05:38:08 +0200] "POST /wp-login.php HTTP/1.1" 503 25291 "-" "Mozilla/5.0 (Windows NT 10.0; Win64; rv:143.0) Gecko/20100101 Firefox/143.0"
89.248.107.232 - - [21/Sep/2026:05:38:09 +0200] "POST /wp-admin/admin-ajax.php?action=async_litespeed&nonce=b4cc4c672a&litespeed_type=imgoptm HTTP/1.1" 200 5698 "-" "WordPress/6.6.2; https://grupo-seg.com"
116.179.32.237 - - [21/Sep/2026:05:38:13 +0200] "GET /en/wp-json/oembed/1.0/embed?url=https%3A%2F%2Fgrupo-seg.com%2Fen%2Fcontact%2F&format=xml HTTP/1.1" 200 7977 "-" "Mozilla/5.0 (compatible; Baiduspider/2.0; +http://www.baidu.com/search/spider.html)"
89.248.107.232 - - [21/Sep/2026:05:38:55 +0200] "POST /wp-cron.php?doing_wp_cron=1789961935.8092510700225830078125 HTTP/1.1" 200 5512 "-" "WordPress/6.6.2; https://grupo-seg.com/en/"
104.210.56.225 - - [21/Sep/2026:05:38:55 +0200] "GET /en/corporate-social-responsibility HTTP/1.1" 301 5601 "-" "Mozilla/5.0 (X11; Linux x86_64) AppleWebKit/537.36 (KHTML, like Gecko) Chrome/133.0.0.0 Safari/537.36"
89.248.107.232 - - [21/Sep/2026:05:38:56 +0200] "POST /wp-admin/admin-ajax.php?action=async_litespeed&nonce=b4cc4c672a&litespeed_type=imgoptm HTTP/1.1" 200 5698 "-" "WordPress/6.6.2; https://grupo-seg.com"
104.210.56.225 - - [21/Sep/2026:05:38:56 +0200] "GET /en/corporate-social-responsibility/ HTTP/1.1" 200 158753 "https://grupo-seg.com/en/corporate-social-responsibility" "Mozilla/5.0 (X11; Linux x86_64) AppleWebKit/537.36 (KHTML, like Gecko) Chrome/133.0.0.0 Safari/537.36"
89.248.107.232 - - [21/Sep/2026:05:39:15 +0200] "POST /wp-cron.php?doing_wp_cron=1789961955.1239950656890869140625 HTTP/1.1" 200 5512 "-" "WordPress/6.6.2; https://grupo-seg.com"
216.73.217.11 - - [21/Sep/2026:05:39:14 +0200] "GET /robots.txt HTTP/1.1" 200 5679 "-" "Mozilla/5.0 AppleWebKit/537.36 (KHTML, like Gecko; compatible; ClaudeBot/1.0; +claudebot@anthropic.com)"
216.73.217.11 - - [21/Sep/2026:05:39:15 +0200] "GET /wp-sitemap.xml HTTP/1.1" 200 6217 "-" "Mozilla/5.0 AppleWebKit/537.36 (KHTML, like Gecko; compatible; ClaudeBot/1.0; +claudebot@anthropic.com)"
89.248.107.232 - - [21/Sep/2026:05:39:37 +0200] "POST /wp-cron.php?doing_wp_cron=1789961977.8570079803466796875000 HTTP/1.1" 200 5512 "-" "WordPress/6.6.2; https://grupo-seg.com"
52.167.144.170 - - [21/Sep/2026:05:39:37 +0200] "GET /?ws6=i3a0o5k6d6w6k HTTP/1.1" 200 165847 "-" "Mozilla/5.0 AppleWebKit/537.36 (KHTML, like Gecko; compatible; bingbot/2.0; +http://www.bing.com/bingbot.htm) Chrome/116.0.1938.76 Safari/537.36"
89.248.107.232 - - [21/Sep/2026:05:39:39 +0200] "POST /wp-admin/admin-ajax.php?action=async_litespeed&nonce=b4cc4c672a&litespeed_type=imgoptm HTTP/1.1" 200 5698 "-" "WordPress/6.6.2; https://grupo-seg.com"
89.248.107.232 - - [21/Sep/2026:05:39:49 +0200] "POST /wp-cron.php?doing_wp_cron=1789961989.0235099792480468750000 HTTP/1.1" 200 5512 "-" "WordPress/6.6.2; https://grupo-seg.com"
52.167.144.170 - - [21/Sep/2026:05:39:48 +0200] "GET /rmsy197202sspditomit HTTP/1.1" 404 97436 "-" "Mozilla/5.0 AppleWebKit/537.36 (KHTML, like Gecko; compatible; bingbot/2.0; +http://www.bing.com/bingbot.htm) Chrome/116.0.1938.76 Safari/537.36"
52.167.144.170 - - [21/Sep/2026:05:39:50 +0200] "GET /kyua1606062itrimucdtpoesd HTTP/1.1" 404 97436 "-" "Mozilla/5.0 AppleWebKit/537.36 (KHTML, like Gecko; compatible; bingbot/2.0; +http://www.bing.com/bingbot.htm) Chrome/116.0.1938.76 Safari/537.36"
89.248.107.232 - - [21/Sep/2026:05:40:14 +0200] "POST /wp-cron.php?doing_wp_cron=1789962014.8955969810485839843750 HTTP/1.1" 200 5512 "-" "WordPress/6.6.2; https://grupo-seg.com"
52.167.144.215 - - [21/Sep/2026:05:40:14 +0200] "GET /ihdm308432z6591i3sd20ot8p7s4 HTTP/1.1" 404 97421 "-" "Mozilla/5.0 AppleWebKit/537.36 (KHTML, like Gecko; compatible; bingbot/2.0; +http://www.bing.com/bingbot.htm) Chrome/116.0.1938.76 Safari/537.36"
89.248.107.232 - - [21/Sep/2026:05:40:38 +0200] "POST /wp-cron.php?doing_wp_cron=1789962037.9929289817810058593750 HTTP/1.1" 200 5512 "-" "WordPress/6.6.2; https://grupo-seg.com"
40.77.167.59 - - [21/Sep/2026:05:40:37 +0200] "GET /toresutasetoapuge/servicios.html HTTP/1.1" 301 5691 "-" "Mozilla/5.0 AppleWebKit/537.36 (KHTML, like Gecko; compatible; bingbot/2.0; +http://www.bing.com/bingbot.htm) Chrome/116.0.1938.76 Safari/537.36"
89.248.107.232 - - [21/Sep/2026:05:40:38 +0200] "POST /wp-admin/admin-ajax.php?action=async_litespeed&nonce=b4cc4c672a&litespeed_type=imgoptm HTTP/1.1" 200 5698 "-" "WordPress/6.6.2; https://grupo-seg.com"
89.248.107.232 - - [21/Sep/2026:05:40:45 +0200] "POST /wp-cron.php?doing_wp_cron=1789962045.0309989452362060546875 HTTP/1.1" 200 5512 "-" "WordPress/6.6.2; https://grupo-seg.com"
40.77.167.116 - - [21/Sep/2026:05:40:44 +0200] "GET /arws1480324odims/itogesd.htm HTTP/1.1" 404 97436 "-" "Mozilla/5.0 AppleWebKit/537.36 (KHTML, like Gecko; compatible; bingbot/2.0; +http://www.bing.com/bingbot.htm) Chrome/116.0.1938.76 Safari/537.36"
89.248.107.232 - - [21/Sep/2026:05:41:17 +0200] "POST /wp-cron.php?doing_wp_cron=1789962077.2277851104736328125000 HTTP/1.1" 200 5512 "-" "WordPress/6.6.2; https://grupo-seg.com"
192.178.4.3 - - [21/Sep/2026:05:41:16 +0200] "GET /robots.txt HTTP/1.1" 200 5679 "-" "Mozilla/5.0 (compatible; Googlebot/2.1; +http://www.google.com/bot.html)"
192.178.4.3 - - [21/Sep/2026:05:41:23 +0200] "GET / HTTP/1.1" 200 157019 "-" "Mozilla/5.0 (Linux; Android 6.0.1; Nexus 5X Build/MMB29P) AppleWebKit/537.36 (KHTML, like Gecko) Chrome/153.0.8010.47 Mobile Safari/537.36 (compatible; Googlebot/2.1; +http://www.google.com/bot.html)"
89.248.107.232 - - [21/Sep/2026:05:42:26 +0200] "POST /wp-cron.php?doing_wp_cron=1789962146.6672570705413818359375 HTTP/1.1" 200 5512 "-" "WordPress/6.6.2; https://grupo-seg.com"
52.167.144.170 - - [21/Sep/2026:05:42:26 +0200] "GET /okohakukohakuri/ HTTP/1.1" 404 97436 "-" "Mozilla/5.0 AppleWebKit/537.36 (KHTML, like Gecko; compatible; bingbot/2.0; +http://www.bing.com/bingbot.htm) Chrome/116.0.1938.76 Safari/537.36"
89.248.107.232 - - [21/Sep/2026:05:42:27 +0200] "POST /wp-admin/admin-ajax.php?action=async_litespeed&nonce=b4cc4c672a&litespeed_type=imgoptm HTTP/1.1" 200 5698 "-" "WordPress/6.6.2; https://grupo-seg.com"
52.167.144.170 - - [21/Sep/2026:05:42:28 +0200] "GET /derunotonotopaso/0007022322.html HTTP/1.1" 404 97436 "-" "Mozilla/5.0 AppleWebKit/537.36 (KHTML, like Gecko; compatible; bingbot/2.0; +http://www.bing.com/bingbot.htm) Chrome/116.0.1938.76 Safari/537.36"
52.167.144.170 - - [21/Sep/2026:05:42:29 +0200] "GET /es/areas-de-actividad/carreteras/referencias-destacadas-en-carreteras/176-enlace-de-la-a-7-con-la-a-3 HTTP/1.1" 404 97626 "-" "Mozilla/5.0 AppleWebKit/537.36 (KHTML, like Gecko; compatible; bingbot/2.0; +http://www.bing.com/bingbot.htm) Chrome/116.0.1938.76 Safari/537.36"
52.167.144.215 - - [21/Sep/2026:05:42:31 +0200] "GET /taitorisutosereku/0004836148.html HTTP/1.1" 404 97436 "-" "Mozilla/5.0 AppleWebKit/537.36 (KHTML, like Gecko; compatible; bingbot/2.0; +http://www.bing.com/bingbot.htm) Chrome/116.0.1938.76 Safari/537.36"
40.77.167.116 - - [21/Sep/2026:05:42:37 +0200] "GET /rdsn122390idiogmtsesod.html HTTP/1.1" 404 97421 "-" "Mozilla/5.0 AppleWebKit/537.36 (KHTML, like Gecko; compatible; bingbot/2.0; +http://www.bing.com/bingbot.htm) Chrome/116.0.1938.76 Safari/537.36"
40.77.167.116 - - [21/Sep/2026:05:42:38 +0200] "GET /?xk5=ldxsc160-161 HTTP/1.1" 200 165847 "-" "Mozilla/5.0 AppleWebKit/537.36 (KHTML, like Gecko; compatible; bingbot/2.0; +http://www.bing.com/bingbot.htm) Chrome/116.0.1938.76 Safari/537.36"
89.248.107.232 - - [21/Sep/2026:05:43:00 +0200] "POST /wp-cron.php?doing_wp_cron=1789962180.8205029964447021484375 HTTP/1.1" 200 5512 "-" "WordPress/6.6.2; https://grupo-seg.com"
40.77.167.59 - - [21/Sep/2026:05:43:00 +0200] "GET /rapidorashutaitsu/0006578429.html HTTP/1.1" 301 5692 "-" "Mozilla/5.0 AppleWebKit/537.36 (KHTML, like Gecko; compatible; bingbot/2.0; +http://www.bing.com/bingbot.htm) Chrome/116.0.1938.76 Safari/537.36"
89.248.107.232 - - [21/Sep/2026:05:43:39 +0200] "POST /wp-cron.php?doing_wp_cron=1789962219.4697079658508300781250 HTTP/1.1" 200 5512 "-" "WordPress/6.6.2; https://grupo-seg.com"
40.77.167.158 - - [21/Sep/2026:05:43:39 +0200] "GET /patsumerusedesube/0004447423.html HTTP/1.1" 301 5692 "-" "Mozilla/5.0 AppleWebKit/537.36 (KHTML, like Gecko; compatible; bingbot/2.0; +http://www.bing.com/bingbot.htm) Chrome/116.0.1938.76 Safari/537.36"
89.248.107.232 - - [21/Sep/2026:05:43:40 +0200] "POST /wp-admin/admin-ajax.php?action=async_litespeed&nonce=b4cc4c672a&litespeed_type=imgoptm HTTP/1.1" 200 5698 "-" "WordPress/6.6.2; https://grupo-seg.com"
89.248.107.232 - - [21/Sep/2026:05:44:09 +0200] "POST /wp-cron.php?doing_wp_cron=1789962248.9748609066009521484375 HTTP/1.1" 200 5512 "-" "WordPress/6.6.2; https://grupo-seg.com"
94.26.106.203 - - [21/Sep/2026:05:44:08 +0200] "GET /wp-login.php HTTP/1.1" 200 13732 "-" "Mozilla/5.0 (Windows NT 10.0; Win64; x64) AppleWebKit/537.36 (KHTML, like Gecko) Chrome/142.0.0.0 Safari/537.36"
94.26.106.203 - - [21/Sep/2026:05:44:09 +0200] "POST /wp-login.php HTTP/1.1" 503 25291 "https://grupo-seg.com/wp-login.php" "Mozilla/5.0 (Windows NT 10.0; Win64; x64) AppleWebKit/537.36 (KHTML, like Gecko) Chrome/142.0.0.0 Safari/537.36"
89.248.107.232 - - [21/Sep/2026:05:44:17 +0200] "POST /wp-cron.php?doing_wp_cron=1789962257.1675369739532470703125 HTTP/1.1" 200 5512 "-" "WordPress/6.6.2; https://grupo-seg.com"
103.239.253.74 - - [21/Sep/2026:05:44:16 +0200] "POST /xmlrpc.php HTTP/1.1" 503 25074 "-" "Mozilla/5.0 (Macintosh; Intel Mac OS X 10_15_7; x86) AppleWebKit/537.36 (KHTML, like Gecko) Safari/12.0.0.0 Safari/537.36"
89.248.107.232 - - [21/Sep/2026:05:44:27 +0200] "POST /wp-cron.php?doing_wp_cron=1789962267.5071330070495605468750 HTTP/1.1" 200 5512 "-" "WordPress/6.6.2; https://grupo-seg.com"
43.98.190.120 - - [21/Sep/2026:05:44:27 +0200] "POST /xmlrpc.php HTTP/1.1" 503 25074 "-" "Mozilla/5.0 (Windows NT 10.0; WOW64) AppleWebKit/537.36 (KHTML, like Gecko) Chrome/138.0.0.0 Safari/537.36"
89.248.107.232 - - [21/Sep/2026:05:44:28 +0200] "POST /wp-admin/admin-ajax.php?action=async_litespeed&nonce=b4cc4c672a&litespeed_type=imgoptm HTTP/1.1" 200 5698 "-" "WordPress/6.6.2; https://grupo-seg.com"
89.248.107.232 - - [21/Sep/2026:05:44:45 +0200] "POST /wp-cron.php?doing_wp_cron=1789962285.8394711017608642578125 HTTP/1.1" 200 5512 "-" "WordPress/6.6.2; https://grupo-seg.com"
40.77.167.136 - - [21/Sep/2026:05:44:45 +0200] "GET /es/component/users/?view=reset HTTP/1.1" 404 97611 "-" "Mozilla/5.0 AppleWebKit/537.36 (KHTML, like Gecko; compatible; bingbot/2.0; +http://www.bing.com/bingbot.htm) Chrome/116.0.1938.76 Safari/537.36"
89.248.107.232 - - [21/Sep/2026:05:45:18 +0200] "POST /wp-cron.php?doing_wp_cron=1789962318.6511440277099609375000 HTTP/1.1" 200 5512 "-" "WordPress/6.6.2; https://grupo-seg.com"
40.77.167.116 - - [21/Sep/2026:05:45:18 +0200] "GET /abfy986214z53sg486d0do791io2.html HTTP/1.1" 404 97436 "-" "Mozilla/5.0 AppleWebKit/537.36 (KHTML, like Gecko; compatible; bingbot/2.0; +http://www.bing.com/bingbot.htm) Chrome/116.0.1938.76 Safari/537.36"
89.248.107.232 - - [21/Sep/2026:05:45:45 +0200] "POST /wp-cron.php?doing_wp_cron=1789962345.7146749496459960937500 HTTP/1.1" 200 5512 "-" "WordPress/6.6.2; https://grupo-seg.com"
51.8.102.121 - - [21/Sep/2026:05:45:45 +0200] "GET /robots.txt HTTP/1.1" 301 5576 "-" "Mozilla/5.0 (Macintosh; Intel Mac OS X 10_15_7) AppleWebKit/537.36 (KHTML, like Gecko) Chrome/131.0.0.0 Safari/537.36; compatible; OAI-SearchBot/1.0; +https://openai.com/searchbot"
51.8.102.17 - - [21/Sep/2026:05:45:46 +0200] "GET /robots.txt HTTP/1.1" 200 5679 "-" "Mozilla/5.0 (Macintosh; Intel Mac OS X 10_15_7) AppleWebKit/537.36 (KHTML, like Gecko) Chrome/131.0.0.0 Safari/537.36; compatible; OAI-SearchBot/1.0; +https://openai.com/searchbot"
89.248.107.232 - - [21/Sep/2026:05:45:46 +0200] "POST /wp-admin/admin-ajax.php?action=async_litespeed&nonce=b4cc4c672a&litespeed_type=imgoptm HTTP/1.1" 200 5698 "-" "WordPress/6.6.2; https://grupo-seg.com"
89.248.107.232 - - [21/Sep/2026:05:46:32 +0200] "POST /wp-cron.php?doing_wp_cron=1789962392.7345740795135498046875 HTTP/1.1" 200 5512 "-" "WordPress/6.6.2; https://grupo-seg.com"
35.198.113.100 - - [21/Sep/2026:05:46:32 +0200] "GET /robots.txt HTTP/1.1" 200 5679 "-" "LinkupBot/1.0 (LinkupBot for web indexing; https://linkup.so/bot; bot@linkup.so)"
89.248.107.232 - - [21/Sep/2026:05:46:33 +0200] "POST /wp-admin/admin-ajax.php?action=async_litespeed&nonce=b4cc4c672a&litespeed_type=imgoptm HTTP/1.1" 200 5698 "-" "WordPress/6.6.2; https://grupo-seg.com"
35.198.113.100 - - [21/Sep/2026:05:46:32 +0200] "GET /portfolio/interventoria-tecnica-administrativa-y-financiera-para-la-construccion-de-terminal-y-obras-de-mantenimiento-del-aeropuerto-el-eden-de-armenia/ HTTP/1.1" 200 118052 "-" "LinkupBot/1.0 (LinkupBot for web indexing; https://linkup.so/bot; bot@linkup.so)"
89.248.107.232 - - [21/Sep/2026:05:46:35 +0200] "POST /wp-admin/admin-ajax.php?action=wordfence_testAjax HTTP/1.1" 200 5678 "-" "WordPress/6.6.2; https://grupo-seg.com"
35.198.113.100 - - [21/Sep/2026:05:46:36 +0200] "GET /project-type/varios/ HTTP/1.1" 200 116586 "-" "LinkupBot/1.0 (LinkupBot for web indexing; https://linkup.so/bot; bot@linkup.so)"
89.248.107.232 - - [21/Sep/2026:05:46:35 +0200] "GET /wp-admin/admin-ajax.php?action=wordfence_doScan&isFork=0&scanMode=quick&cronKey=17cd36413c907c6045d95cacf1bd94fe&signature=0d08419006d66dbb3a1bd68f569ebcb33b59b6963b0297a29c16d25a1f861d6c HTTP/1.1" 200 5678 "-" "WordPress/6.6.2; https://grupo-seg.com"
89.248.107.232 - - [21/Sep/2026:05:47:03 +0200] "POST /wp-cron.php?doing_wp_cron=1789962423.7729349136352539062500 HTTP/1.1" 200 5512 "-" "WordPress/6.6.2; https://grupo-seg.com"
146.19.125.134 - - [21/Sep/2026:05:47:03 +0200] "GET /contactanos/ HTTP/1.1" 301 5671 "https://www.grupo-seg.com/contactanos/" "Mozilla/5.0 (Windows NT 10.0; Win64; x64) AppleWebKit/537.36 (KHTML, like Gecko) Chrome/130.0.0.0 Safari/537.36 CCleaner/130.0.0.0"
146.19.125.134 - - [21/Sep/2026:05:47:04 +0200] "GET /contactanos/ HTTP/1.1" 404 97421 "https://grupo-seg.com/contactanos/" "Mozilla/5.0 (Windows NT 10.0; Win64; x64) AppleWebKit/537.36 (KHTML, like Gecko) Chrome/130.0.0.0 Safari/537.36 CCleaner/130.0.0.0"
146.19.125.134 - - [21/Sep/2026:05:47:05 +0200] "GET /wp-login.php?action=register HTTP/1.1" 302 5790 "https://grupo-seg.com/wp-login.php?action=register" "Mozilla/5.0 (Windows NT 10.0; Win64; x64) AppleWebKit/537.36 (KHTML, like Gecko) Chrome/130.0.0.0 Safari/537.36 CCleaner/130.0.0.0"
146.19.125.134 - - [21/Sep/2026:05:47:06 +0200] "GET /wp-login.php?registration=disabled HTTP/1.1" 200 13840 "https://grupo-seg.com/wp-login.php?registration=disabled" "Mozilla/5.0 (Windows NT 10.0; Win64; x64) AppleWebKit/537.36 (KHTML, like Gecko) Chrome/130.0.0.0 Safari/537.36 CCleaner/130.0.0.0"
89.248.107.232 - - [21/Sep/2026:05:48:57 +0200] "POST /wp-cron.php?doing_wp_cron=1789962537.2569029331207275390625 HTTP/1.1" 200 5512 "-" "WordPress/6.6.2; https://grupo-seg.com"
35.239.152.101 - - [21/Sep/2026:05:48:56 +0200] "GET / HTTP/1.1" 200 157019 "-" "Mozilla/5.0 (Linux; Android 10; K) AppleWebKit/537.36 (KHTML, like Gecko) Chrome/151.0.0.0 Mobile Safari/537.36"
89.248.107.232 - - [21/Sep/2026:05:48:57 +0200] "POST /wp-admin/admin-ajax.php?action=async_litespeed&nonce=b4cc4c672a&litespeed_type=imgoptm HTTP/1.1" 200 5698 "-" "WordPress/6.6.2; https://grupo-seg.com"
35.239.152.101 - - [21/Sep/2026:05:48:59 +0200] "GET /.env.bak HTTP/1.1" 404 100960 "-" "Mozilla/5.0 AppleWebKit/537.36 (KHTML, like Gecko); compatible; ChatGPT-User/1.0; +https://openai.com/bot"
35.239.152.101 - - [21/Sep/2026:05:48:59 +0200] "GET /assets/manifest.json HTTP/1.1" 404 92116 "-" "Mozilla/5.0 (Linux; Android 10; K) AppleWebKit/537.36 (KHTML, like Gecko) Chrome/151.0.0.0 Mobile Safari/537.36"
35.239.152.101 - - [21/Sep/2026:05:48:59 +0200] "GET /.git/config HTTP/1.1" 404 99365 "-" "Mozilla/5.0 AppleWebKit/537.36 (KHTML, like Gecko; compatible; PerplexityBot/1.0; +https://perplexity.ai/perplexitybot)"
35.239.152.101 - - [21/Sep/2026:05:48:59 +0200] "GET /.env HTTP/1.1" 404 99025 "-" "Mozilla/5.0 AppleWebKit/537.36 (KHTML, like Gecko; compatible; Claude-User/1.0; +claudebot@anthropic.com)"
35.239.152.101 - - [21/Sep/2026:05:48:59 +0200] "GET /.gitconfig HTTP/1.1" 404 97421 "-" "Mozilla/5.0 (Macintosh; Intel Mac OS X 10_15_7) AppleWebKit/605.1.15 (KHTML, like Gecko) Version/17.0 Safari/605.1.15 (Applebot/0.1)"
35.239.152.101 - - [21/Sep/2026:05:48:59 +0200] "GET /.aws/config HTTP/1.1" 404 99365 "-" "Mozilla/5.0 (compatible; Amazonbot/0.1; +https://developer.amazon.com/support/amazonbot)"
35.239.152.101 - - [21/Sep/2026:05:48:59 +0200] "GET /dist/manifest.json HTTP/1.1" 404 90187 "-" "Mozilla/5.0 (Linux; Android 10; K) AppleWebKit/537.36 (KHTML, like Gecko) Chrome/151.0.0.0 Mobile Safari/537.36"
35.239.152.101 - - [21/Sep/2026:05:48:59 +0200] "GET /manifest.json HTTP/1.1" 404 88592 "-" "Mozilla/5.0 (Linux; Android 10; K) AppleWebKit/537.36 (KHTML, like Gecko) Chrome/151.0.0.0 Mobile Safari/537.36"
89.248.107.232 - - [21/Sep/2026:05:49:00 +0200] "POST /wp-cron.php?doing_wp_cron=1789962540.4174849987030029296875 HTTP/1.1" 200 5512 "-" "WordPress/6.6.2; https://grupo-seg.com"
35.239.152.101 - - [21/Sep/2026:05:48:59 +0200] "POST / HTTP/1.1" 200 166671 "-" "Mozilla/5.0 (compatible; MistralAI-User/1.0; +https://mistral.ai/)"
35.239.152.101 - - [21/Sep/2026:05:48:59 +0200] "GET /static/manifest.json HTTP/1.1" 404 92131 "-" "Mozilla/5.0 (Linux; Android 10; K) AppleWebKit/537.36 (KHTML, like Gecko) Chrome/151.0.0.0 Mobile Safari/537.36"
35.239.152.101 - - [21/Sep/2026:05:48:59 +0200] "GET /asset-manifest.json HTTP/1.1" 404 88592 "-" "Mozilla/5.0 (Linux; Android 10; K) AppleWebKit/537.36 (KHTML, like Gecko) Chrome/151.0.0.0 Mobile Safari/537.36"
35.239.152.101 - - [21/Sep/2026:05:48:59 +0200] "GET /webpack-stats.json HTTP/1.1" 404 88592 "-" "Mozilla/5.0 (Linux; Android 10; K) AppleWebKit/537.36 (KHTML, like Gecko) Chrome/151.0.0.0 Mobile Safari/537.36"
35.239.152.101 - - [21/Sep/2026:05:49:02 +0200] "GET /.env.example HTTP/1.1" 404 97421 "-" "Mozilla/5.0 (compatible; PanguBot/1.0; +https://www.huaweicloud.com/)"
35.239.152.101 - - [21/Sep/2026:05:49:02 +0200] "GET /public/env.js HTTP/1.1" 404 97421 "-" "Mozilla/5.0 AppleWebKit/537.36 (KHTML, like Gecko; compatible; Perplexity-User/1.0; +https://perplexity.ai/perplexitybot)"
35.239.152.101 - - [21/Sep/2026:05:49:02 +0200] "GET /env.json HTTP/1.1" 404 99350 "-" "Mozilla/5.0 AppleWebKit/537.36 (KHTML, like Gecko; compatible; Claude-SearchBot/1.0; +claudebot@anthropic.com)"
35.239.152.101 - - [21/Sep/2026:05:49:02 +0200] "GET /configuration.js HTTP/1.1" 404 99025 "-" "Mozilla/5.0 (compatible; DeepSeekBot/1.0; +https://www.deepseek.com/)"
35.239.152.101 - - [21/Sep/2026:05:49:03 +0200] "GET /.git/HEAD HTTP/1.1" 404 97436 "-" "Mozilla/5.0 (compatible; KimiBot/1.0; +https://kimi.ai/)"
35.239.152.101 - - [21/Sep/2026:05:49:02 +0200] "GET /sobre-nosotros/ HTTP/1.1" 200 247083 "-" "Mozilla/5.0 (Linux; Android 10; K) AppleWebKit/537.36 (KHTML, like Gecko) Chrome/151.0.0.0 Mobile Safari/537.36"
35.239.152.101 - - [21/Sep/2026:05:49:06 +0200] "GET /wp-json HTTP/1.1" 200 285934 "-" "Mozilla/5.0 (compatible; Meta-ExternalAgent/1.0; +https://developers.facebook.com/docs/sharing/webmasters/crawler)"
35.239.152.101 - - [21/Sep/2026:05:49:04 +0200] "GET /actuator/configprops HTTP/1.1" 404 99365 "-" "Mozilla/5.0 (compatible; MistralAI-User/1.0; +https://mistral.ai/)"
35.239.152.101 - - [21/Sep/2026:05:49:06 +0200] "GET /.well-known/jwks.json HTTP/1.1" 404 99010 "-" "Mozilla/5.0 AppleWebKit/537.36 (KHTML, like Gecko; compatible; Claude-SearchBot/1.0; +claudebot@anthropic.com)"
35.239.152.101 - - [21/Sep/2026:05:49:07 +0200] "GET /service-worker.js HTTP/1.1" 404 99350 "-" "CCBot/2.0 (https://commoncrawl.org/faq/)"
35.239.152.101 - - [21/Sep/2026:05:49:06 +0200] "GET /.github/workflows/deploy.yml HTTP/1.1" 404 99384 "-" "Mozilla/5.0 (Macintosh; Intel Mac OS X 10_15_7) AppleWebKit/537.36 (KHTML, like Gecko) Chrome/131.0.0.0 Safari/537.36; compatible; OAI-SearchBot/1.4; +https://openai.com/searchbot"
35.239.152.101 - - [21/Sep/2026:05:49:09 +0200] "GET /test.php HTTP/1.1" 403 6501 "-" "Mozilla/5.0 (compatible; MistralAI-User/1.0; +https://mistral.ai/)"
35.239.152.101 - - [21/Sep/2026:05:49:07 +0200] "GET /.env.old HTTP/1.1" 404 97436 "-" "Mozilla/5.0 (compatible; Baiduspider/2.0; +http://www.baidu.com/search/spider.html)"
35.239.152.101 - - [21/Sep/2026:05:49:08 +0200] "GET /api/env HTTP/1.1" 404 97436 "-" "Mozilla/5.0 (compatible; DeepSeekBot/1.0; +https://www.deepseek.com/)"
35.239.152.101 - - [21/Sep/2026:05:49:08 +0200] "GET /.gitlab-ci.yml HTTP/1.1" 404 13454 "-" "Mozilla/5.0 AppleWebKit/537.36 (KHTML, like Gecko; compatible; Claude-SearchBot/1.0; +claudebot@anthropic.com)"
35.239.152.101 - - [21/Sep/2026:05:49:08 +0200] "GET /sobre-nosotros/ HTTP/1.1" 200 247038 "-" "Mozilla/5.0 (Linux; Android 10; K) AppleWebKit/537.36 (KHTML, like Gecko) Chrome/151.0.0.0 Mobile Safari/537.36"
35.239.152.101 - - [21/Sep/2026:05:49:08 +0200] "GET /ngsw.json HTTP/1.1" 404 13454 "-" "Mozilla/5.0 (compatible; Googlebot/2.1; +http://www.google.com/bot.html)"
35.239.152.101 - - [21/Sep/2026:05:49:09 +0200] "GET /sw.js HTTP/1.1" 404 13454 "-" "Mozilla/5.0 (compatible; KimiBot/1.0; +https://kimi.ai/)"
35.239.152.101 - - [21/Sep/2026:05:49:09 +0200] "GET /environment.js HTTP/1.1" 404 13454 "-" "CCBot/2.0 (https://commoncrawl.org/faq/)"
35.239.152.101 - - [21/Sep/2026:05:49:10 +0200] "GET /.env.local HTTP/1.1" 404 13454 "-" "Mozilla/5.0 AppleWebKit/537.36 (KHTML, like Gecko); compatible; GPTBot/1.4; +https://openai.com/gptbot"
35.239.152.101 - - [21/Sep/2026:05:49:11 +0200] "POST /api HTTP/1.1" 404 92217 "-" "Mozilla/5.0 (compatible; Baiduspider/2.0; +http://www.baidu.com/search/spider.html)"
35.239.152.101 - - [21/Sep/2026:05:49:11 +0200] "POST /graphql HTTP/1.1" 404 92218 "https://grupo-seg.com" "Mozilla/5.0 (Linux; Android 10; K) AppleWebKit/537.36 (KHTML, like Gecko) Chrome/151.0.0.0 Mobile Safari/537.36"
35.239.152.101 - - [21/Sep/2026:05:49:10 +0200] "GET /__/firebase/init.json HTTP/1.1" 404 13454 "-" "Mozilla/5.0 (compatible; Bytespider; spider-feedback@bytedance.com) AppleWebKit/537.36"
35.239.152.101 - - [21/Sep/2026:05:49:13 +0200] "GET /sobre-nosotros/ HTTP/1.1" 200 247083 "-" "Mozilla/5.0 (Linux; Android 10; K) AppleWebKit/537.36 (KHTML, like Gecko) Chrome/151.0.0.0 Mobile Safari/537.36"
35.239.152.101 - - [21/Sep/2026:05:49:16 +0200] "POST /api/v1/validate/code HTTP/1.1" 404 92707 "-" "Mozilla/5.0 (compatible; MoonshotBot/1.0; +https://kimi.ai/)"
35.239.152.101 - - [21/Sep/2026:05:49:16 +0200] "POST /api/graphql HTTP/1.1" 404 92233 "https://grupo-seg.com" "Mozilla/5.0 (Linux; Android 10; K) AppleWebKit/537.36 (KHTML, like Gecko) Chrome/151.0.0.0 Mobile Safari/537.36"
35.239.152.101 - - [21/Sep/2026:05:49:17 +0200] "POST /api/fs/exec HTTP/1.1" 404 92722 "-" "Mozilla/5.0 (compatible; Bytespider; spider-feedback@bytedance.com) AppleWebKit/537.36"
35.239.152.101 - - [21/Sep/2026:05:49:17 +0200] "POST /v1/graphql HTTP/1.1" 404 92218 "https://grupo-seg.com" "Mozilla/5.0 (Linux; Android 10; K) AppleWebKit/537.36 (KHTML, like Gecko) Chrome/151.0.0.0 Mobile Safari/537.36"
35.239.152.101 - - [21/Sep/2026:05:49:17 +0200] "GET /paises/ HTTP/1.1" 200 143584 "-" "Mozilla/5.0 (Linux; Android 10; K) AppleWebKit/537.36 (KHTML, like Gecko) Chrome/151.0.0.0 Mobile Safari/537.36"
35.239.152.101 - - [21/Sep/2026:05:49:17 +0200] "GET /paises/paraguay/ HTTP/1.1" 200 152542 "-" "Mozilla/5.0 (Linux; Android 10; K) AppleWebKit/537.36 (KHTML, like Gecko) Chrome/151.0.0.0 Mobile Safari/537.36"
35.239.152.101 - - [21/Sep/2026:05:49:17 +0200] "GET /paises/panama/ HTTP/1.1" 200 144006 "-" "Mozilla/5.0 (Linux; Android 10; K) AppleWebKit/537.36 (KHTML, like Gecko) Chrome/151.0.0.0 Mobile Safari/537.36"
35.239.152.101 - - [21/Sep/2026:05:49:17 +0200] "GET /paises/colombia/ HTTP/1.1" 200 163837 "-" "Mozilla/5.0 (Linux; Android 10; K) AppleWebKit/537.36 (KHTML, like Gecko) Chrome/151.0.0.0 Mobile Safari/537.36"
35.239.152.101 - - [21/Sep/2026:05:49:17 +0200] "GET /paises/espana/ HTTP/1.1" 200 148455 "-" "Mozilla/5.0 (Linux; Android 10; K) AppleWebKit/537.36 (KHTML, like Gecko) Chrome/151.0.0.0 Mobile Safari/537.36"
35.239.152.101 - - [21/Sep/2026:05:49:17 +0200] "GET /paises/argentina/ HTTP/1.1" 200 148131 "-" "Mozilla/5.0 (Linux; Android 10; K) AppleWebKit/537.36 (KHTML, like Gecko) Chrome/151.0.0.0 Mobile Safari/537.36"
35.239.152.101 - - [21/Sep/2026:05:49:17 +0200] "GET /paises/peru/ HTTP/1.1" 200 154433 "-" "Mozilla/5.0 (Linux; Android 10; K) AppleWebKit/537.36 (KHTML, like Gecko) Chrome/151.0.0.0 Mobile Safari/537.36"
35.239.152.101 - - [21/Sep/2026:05:49:17 +0200] "GET /paises/bolivia/ HTTP/1.1" 200 156670 "-" "Mozilla/5.0 (Linux; Android 10; K) AppleWebKit/537.36 (KHTML, like Gecko) Chrome/151.0.0.0 Mobile Safari/537.36"
35.239.152.101 - - [21/Sep/2026:05:49:17 +0200] "GET /paises HTTP/1.1" 301 5573 "-" "Mozilla/5.0 (Linux; Android 10; K) AppleWebKit/537.36 (KHTML, like Gecko) Chrome/151.0.0.0 Mobile Safari/537.36"
35.239.152.101 - - [21/Sep/2026:05:49:17 +0200] "GET /paises/nicaragua/ HTTP/1.1" 200 153757 "-" "Mozilla/5.0 (Linux; Android 10; K) AppleWebKit/537.36 (KHTML, like Gecko) Chrome/151.0.0.0 Mobile Safari/537.36"
35.239.152.101 - - [21/Sep/2026:05:49:20 +0200] "DELETE /api/inngest HTTP/1.1" 404 92202 "-" "Mozilla/5.0 AppleWebKit/537.36 (KHTML, like Gecko; compatible; Claude-SearchBot/1.0; +claudebot@anthropic.com)"
89.248.107.232 - - [21/Sep/2026:05:49:25 +0200] "POST /wp-cron.php?doing_wp_cron=1789962565.0164380073547363281250 HTTP/1.1" 200 5512 "-" "WordPress/6.6.2; https://grupo-seg.com"
