95.124.171.193 - - [21/Sep/2026:13:05:43 +0200] "POST /autodiscover/autodiscover.xml HTTP/1.1" 404 92217 "-" "Microsoft Office/16.0 (Windows NT 10.0; Microsoft Outlook 16.0.20326; Pro)"
89.248.107.232 - - [21/Sep/2026:13:05:45 +0200] "POST /wp-admin/admin-ajax.php?action=async_litespeed&nonce=b4cc4c672a&litespeed_type=imgoptm HTTP/1.1" 200 5698 "-" "WordPress/6.6.2; https://grupo-seg.com"
89.248.107.232 - - [21/Sep/2026:13:06:06 +0200] "POST /wp-cron.php?doing_wp_cron=1789988766.8994081020355224609375 HTTP/1.1" 200 5512 "-" "WordPress/6.6.2; https://grupo-seg.com"
40.77.167.4 - - [21/Sep/2026:13:06:06 +0200] "GET /gogurumotokurosu/0004528879.html HTTP/1.1" 301 5691 "-" "Mozilla/5.0 AppleWebKit/537.36 (KHTML, like Gecko; compatible; bingbot/2.0; +http://www.bing.com/bingbot.htm) Chrome/116.0.1938.76 Safari/537.36"
89.248.107.232 - - [21/Sep/2026:13:06:43 +0200] "POST /wp-cron.php?doing_wp_cron=1789988803.5235691070556640625000 HTTP/1.1" 200 5512 "-" "WordPress/6.6.2; https://grupo-seg.com"
95.124.171.193 - - [21/Sep/2026:13:06:42 +0200] "POST /autodiscover/autodiscover.xml HTTP/1.1" 404 92202 "-" "Microsoft Office/16.0 (Windows NT 10.0; Microsoft Outlook 16.0.20326; Pro)"
89.248.107.232 - - [21/Sep/2026:13:06:45 +0200] "POST /wp-admin/admin-ajax.php?action=async_litespeed&nonce=b4cc4c672a&litespeed_type=imgoptm HTTP/1.1" 200 5698 "-" "WordPress/6.6.2; https://grupo-seg.com"
95.124.171.193 - - [21/Sep/2026:13:06:45 +0200] "POST /autodiscover/autodiscover.xml HTTP/1.1" 404 92217 "-" "Microsoft Office/16.0 (Windows NT 10.0; Microsoft Outlook 16.0.20326; Pro)"
95.124.171.193 - - [21/Sep/2026:13:06:45 +0200] "POST /autodiscover/autodiscover.xml HTTP/1.1" 404 92217 "-" "Microsoft Office/16.0 (Windows NT 10.0; Microsoft Outlook 16.0.20326; Pro)"
89.248.107.232 - - [21/Sep/2026:13:07:28 +0200] "POST /wp-cron.php?doing_wp_cron=1789988848.7484569549560546875000 HTTP/1.1" 200 5512 "-" "WordPress/6.6.2; https://grupo-seg.com"
2.139.158.128 - - [21/Sep/2026:13:07:28 +0200] "POST /autodiscover/autodiscover.xml HTTP/1.1" 404 92202 "-" "Microsoft Office/16.0 (Windows NT 10.0; Microsoft Outlook 16.0.20326; Pro)"
89.248.107.232 - - [21/Sep/2026:13:07:29 +0200] "POST /wp-admin/admin-ajax.php?action=async_litespeed&nonce=b4cc4c672a&litespeed_type=imgoptm HTTP/1.1" 200 5698 "-" "WordPress/6.6.2; https://grupo-seg.com"
2.139.158.128 - - [21/Sep/2026:13:07:30 +0200] "POST /autodiscover/autodiscover.xml HTTP/1.1" 404 92253 "-" "Microsoft Office/16.0 (Windows NT 10.0; Microsoft Outlook 16.0.20326; Pro)"
2.139.158.128 - - [21/Sep/2026:13:07:30 +0200] "POST /autodiscover/autodiscover.xml HTTP/1.1" 404 92268 "-" "Microsoft Office/16.0 (Windows NT 10.0; Microsoft Outlook 16.0.20326; Pro)"
2.139.158.128 - - [21/Sep/2026:13:07:30 +0200] "POST /autodiscover/autodiscover.xml HTTP/1.1" 404 92268 "-" "Microsoft Office/16.0 (Windows NT 10.0; Microsoft Outlook 16.0.20326; Pro)"
2.139.158.128 - - [21/Sep/2026:13:07:30 +0200] "POST /autodiscover/autodiscover.xml HTTP/1.1" 404 92268 "-" "Microsoft Office/16.0 (Windows NT 10.0; Microsoft Outlook 16.0.20326; Pro)"
2.139.158.128 - - [21/Sep/2026:13:07:30 +0200] "POST /autodiscover/autodiscover.xml HTTP/1.1" 404 92268 "-" "Microsoft Office/16.0 (Windows NT 10.0; Microsoft Outlook 16.0.20326; Pro)"
89.248.107.232 - - [21/Sep/2026:13:07:52 +0200] "POST /wp-cron.php?doing_wp_cron=1789988872.5743451118469238281250 HTTP/1.1" 200 5512 "-" "WordPress/6.6.2; https://grupo-seg.com"
95.124.171.193 - - [21/Sep/2026:13:07:51 +0200] "POST /autodiscover/autodiscover.xml HTTP/1.1" 404 92202 "-" "Microsoft Office/16.0 (Windows NT 10.0; Microsoft Outlook 16.0.20326; Pro)"
95.124.171.193 - - [21/Sep/2026:13:07:51 +0200] "POST /autodiscover/autodiscover.xml HTTP/1.1" 404 92217 "-" "Microsoft Office/16.0 (Windows NT 10.0; Microsoft Outlook 16.0.20326; Pro)"
89.248.107.232 - - [21/Sep/2026:13:08:32 +0200] "POST /wp-cron.php?doing_wp_cron=1789988912.8542060852050781250000 HTTP/1.1" 200 5512 "-" "WordPress/6.6.2; https://grupo-seg.com"
112.86.225.160 - - [21/Sep/2026:13:08:32 +0200] "GET / HTTP/1.1" 301 5612 "-" "Sogou web spider/4.0(+http://www.sogou.com/docs/help/webmasters.htm#07)"
89.248.107.232 - - [21/Sep/2026:13:08:33 +0200] "POST /wp-admin/admin-ajax.php?action=async_litespeed&nonce=b4cc4c672a&litespeed_type=imgoptm HTTP/1.1" 200 5698 "-" "WordPress/6.6.2; https://grupo-seg.com"
112.86.225.160 - - [21/Sep/2026:13:08:33 +0200] "GET / HTTP/1.1" 200 165847 "-" "Sogou web spider/4.0(+http://www.sogou.com/docs/help/webmasters.htm#07)"
89.248.107.232 - - [21/Sep/2026:13:09:06 +0200] "POST /wp-cron.php?doing_wp_cron=1789988946.1789779663085937500000 HTTP/1.1" 200 5512 "-" "WordPress/6.6.2; https://grupo-seg.com"
95.124.171.193 - - [21/Sep/2026:13:09:04 +0200] "POST /autodiscover/autodiscover.xml HTTP/1.1" 404 92202 "-" "Microsoft Office/16.0 (Windows NT 10.0; Microsoft Outlook 16.0.20326; Pro)"
95.124.171.193 - - [21/Sep/2026:13:09:05 +0200] "POST /autodiscover/autodiscover.xml HTTP/1.1" 404 92202 "-" "Microsoft Office/16.0 (Windows NT 10.0; Microsoft Outlook 16.0.20326; Pro)"
95.124.171.193 - - [21/Sep/2026:13:09:16 +0200] "POST /autodiscover/autodiscover.xml HTTP/1.1" 404 92202 "-" "Microsoft Office/16.0 (Windows NT 10.0; Microsoft Outlook 16.0.20326; Pro)"
95.124.171.193 - - [21/Sep/2026:13:09:18 +0200] "POST /autodiscover/autodiscover.xml HTTP/1.1" 404 92217 "-" "Microsoft Office/16.0 (Windows NT 10.0; Microsoft Outlook 16.0.20326; Pro)"
89.248.107.232 - - [21/Sep/2026:13:10:09 +0200] "POST /wp-cron.php?doing_wp_cron=1789989009.3419239521026611328125 HTTP/1.1" 200 5512 "-" "WordPress/6.6.2; https://grupo-seg.com"
95.124.171.193 - - [21/Sep/2026:13:10:08 +0200] "POST /autodiscover/autodiscover.xml HTTP/1.1" 404 92202 "-" "Microsoft Office/16.0 (Windows NT 10.0; Microsoft Outlook 16.0.20326; Pro)"
95.124.171.193 - - [21/Sep/2026:13:10:08 +0200] "POST /autodiscover/autodiscover.xml HTTP/1.1" 404 92217 "-" "Microsoft Office/16.0 (Windows NT 10.0; Microsoft Outlook 16.0.20326; Pro)"
89.248.107.232 - - [21/Sep/2026:13:10:10 +0200] "POST /wp-admin/admin-ajax.php?action=async_litespeed&nonce=b4cc4c672a&litespeed_type=imgoptm HTTP/1.1" 200 5698 "-" "WordPress/6.6.2; https://grupo-seg.com"
89.248.107.232 - - [21/Sep/2026:13:10:32 +0200] "POST /wp-cron.php?doing_wp_cron=1789989032.4900019168853759765625 HTTP/1.1" 200 5512 "-" "WordPress/6.6.2; https://grupo-seg.com"
83.38.195.67 - - [21/Sep/2026:13:10:31 +0200] "POST /AutoDiscover/autodiscover.xml HTTP/1.1" 404 92217 "-" "Microsoft Office/16.0 (Windows NT 10.0; Microsoft Excel 16.0.20326; Pro)"
89.248.107.232 - - [21/Sep/2026:13:10:34 +0200] "POST /wp-admin/admin-ajax.php?action=async_litespeed&nonce=b4cc4c672a&litespeed_type=imgoptm HTTP/1.1" 200 5698 "-" "WordPress/6.6.2; https://grupo-seg.com"
89.248.107.232 - - [21/Sep/2026:13:11:10 +0200] "POST /wp-cron.php?doing_wp_cron=1789989070.4952929019927978515625 HTTP/1.1" 200 5512 "-" "WordPress/6.6.2; https://grupo-seg.com"
95.124.171.193 - - [21/Sep/2026:13:11:09 +0200] "POST /autodiscover/autodiscover.xml HTTP/1.1" 404 92217 "-" "Microsoft Office/16.0 (Windows NT 10.0; Microsoft Outlook 16.0.20326; Pro)"
95.124.171.193 - - [21/Sep/2026:13:11:09 +0200] "POST /autodiscover/autodiscover.xml HTTP/1.1" 404 92217 "-" "Microsoft Office/16.0 (Windows NT 10.0; Microsoft Outlook 16.0.20326; Pro)"
89.248.107.232 - - [21/Sep/2026:13:11:59 +0200] "POST /wp-cron.php?doing_wp_cron=1789989119.7174849510192871093750 HTTP/1.1" 200 5512 "-" "WordPress/6.6.2; https://grupo-seg.com"
95.124.171.193 - - [21/Sep/2026:13:11:59 +0200] "POST /autodiscover/autodiscover.xml HTTP/1.1" 404 92217 "-" "Microsoft Office/16.0 (Windows NT 10.0; Microsoft Outlook 16.0.20326; Pro)"
89.248.107.232 - - [21/Sep/2026:13:12:00 +0200] "POST /wp-admin/admin-ajax.php?action=async_litespeed&nonce=b4cc4c672a&litespeed_type=imgoptm HTTP/1.1" 200 5698 "-" "WordPress/6.6.2; https://grupo-seg.com"
191.113.1.25 - - [21/Sep/2026:13:12:01 +0200] "GET /en/the-engineering-works-on-the-santiago-batuco-section-are-completed/ HTTP/1.1" 200 112004 "https://www.google.com/" "Mozilla/5.0 (Linux; Android 10; K) AppleWebKit/537.36 (KHTML, like Gecko) Chrome/153.0.0.0 Mobile Safari/537.36"
89.248.107.232 - - [21/Sep/2026:13:12:06 +0200] "POST /wp-cron.php?doing_wp_cron=1789989126.0561480522155761718750 HTTP/1.1" 200 5512 "-" "WordPress/6.6.2; https://grupo-seg.com"
95.124.171.193 - - [21/Sep/2026:13:12:05 +0200] "POST /autodiscover/autodiscover.xml HTTP/1.1" 404 92217 "-" "Microsoft Office/16.0 (Windows NT 10.0; Microsoft Outlook 16.0.20326; Pro)"
191.113.1.25 - - [21/Sep/2026:13:12:07 +0200] "POST /wp-content/plugins/litespeed-cache/guest.vary.php HTTP/1.1" 200 5656 "https://grupo-seg.com/en/the-engineering-works-on-the-santiago-batuco-section-are-completed/" "Mozilla/5.0 (Linux; Android 10; K) AppleWebKit/537.36 (KHTML, like Gecko) Chrome/153.0.0.0 Mobile Safari/537.36"
191.113.1.25 - - [21/Sep/2026:13:12:08 +0200] "GET /en/the-engineering-works-on-the-santiago-batuco-section-are-completed/ HTTP/1.1" 200 117397 "https://grupo-seg.com/en/the-engineering-works-on-the-santiago-batuco-section-are-completed/" "Mozilla/5.0 (Linux; Android 10; K) AppleWebKit/537.36 (KHTML, like Gecko) Chrome/153.0.0.0 Mobile Safari/537.36"
216.244.66.239 - - [21/Sep/2026:13:12:15 +0200] "GET /Ambiental/DESEMPE%C3%91O%20AMBIENTAL%202019%20ALBEN.pdf HTTP/1.1" 301 5714 "-" "Mozilla/5.0 (compatible; DotBot/1.2; +https://opensiteexplorer.org/dotbot; help@moz.com)"
104.248.5.64 - - [21/Sep/2026:13:12:22 +0200] "POST /?rest_route=/batch/v1 HTTP/1.1" 500 8034 "-" "Mozilla/5.0 (Windows NT 10.0; Win64; x64) AppleWebKit/537.36 (KHTML, like Gecko) Chrome/131.0.0.0 Safari/537.36"
104.248.5.64 - - [21/Sep/2026:13:12:23 +0200] "POST /?rest_route=/batch/v1 HTTP/1.1" 500 8034 "-" "Mozilla/5.0 (Windows NT 10.0; Win64; x64) AppleWebKit/537.36 (KHTML, like Gecko) Chrome/131.0.0.0 Safari/537.36"
89.248.107.232 - - [21/Sep/2026:13:12:27 +0200] "POST /wp-cron.php?doing_wp_cron=1789989146.9297819137573242187500 HTTP/1.1" 200 5512 "-" "WordPress/6.6.2; https://grupo-seg.com"
95.124.171.193 - - [21/Sep/2026:13:12:26 +0200] "POST /autodiscover/autodiscover.xml HTTP/1.1" 404 92217 "-" "Microsoft Office/16.0 (Windows NT 10.0; Microsoft Outlook 16.0.20326; Pro)"
89.248.107.232 - - [21/Sep/2026:13:12:27 +0200] "POST /wp-admin/admin-ajax.php?action=async_litespeed&nonce=b4cc4c672a&litespeed_type=imgoptm HTTP/1.1" 200 5698 "-" "WordPress/6.6.2; https://grupo-seg.com"
104.248.5.64 - - [21/Sep/2026:13:12:29 +0200] "POST /?rest_route=/batch/v1 HTTP/1.1" 500 8034 "-" "Mozilla/5.0 (Windows NT 10.0; Win64; x64) AppleWebKit/537.36 (KHTML, like Gecko) Chrome/131.0.0.0 Safari/537.36"
104.248.5.64 - - [21/Sep/2026:13:12:30 +0200] "POST /?rest_route=/batch/v1 HTTP/1.1" 500 8034 "-" "Mozilla/5.0 (Windows NT 10.0; Win64; x64) AppleWebKit/537.36 (KHTML, like Gecko) Chrome/131.0.0.0 Safari/537.36"
104.248.5.64 - - [21/Sep/2026:13:12:31 +0200] "POST /?rest_route=/batch/v1 HTTP/1.1" 500 8034 "-" "Mozilla/5.0 (Windows NT 10.0; Win64; x64) AppleWebKit/537.36 (KHTML, like Gecko) Chrome/131.0.0.0 Safari/537.36"
89.248.107.232 - - [21/Sep/2026:13:12:42 +0200] "POST /wp-cron.php?doing_wp_cron=1789989162.3968679904937744140625 HTTP/1.1" 200 5512 "-" "WordPress/6.6.2; https://grupo-seg.com"
104.248.5.64 - - [21/Sep/2026:13:12:41 +0200] "POST /?rest_route=/batch/v1 HTTP/1.1" 500 8034 "-" "Mozilla/5.0 (Windows NT 10.0; Win64; x64) AppleWebKit/537.36 (KHTML, like Gecko) Chrome/131.0.0.0 Safari/537.36"
89.248.107.232 - - [21/Sep/2026:13:13:37 +0200] "POST /wp-cron.php?doing_wp_cron=1789989217.8458909988403320312500 HTTP/1.1" 200 5512 "-" "WordPress/6.6.2; https://grupo-seg.com"
95.124.171.193 - - [21/Sep/2026:13:13:37 +0200] "POST /autodiscover/autodiscover.xml HTTP/1.1" 404 92217 "-" "Microsoft Office/16.0 (Windows NT 10.0; Microsoft Outlook 16.0.20326; Pro)"
89.248.107.232 - - [21/Sep/2026:13:13:38 +0200] "POST /wp-admin/admin-ajax.php?action=async_litespeed&nonce=b4cc4c672a&litespeed_type=imgoptm HTTP/1.1" 200 5698 "-" "WordPress/6.6.2; https://grupo-seg.com"
95.124.171.193 - - [21/Sep/2026:13:13:38 +0200] "POST /autodiscover/autodiscover.xml HTTP/1.1" 404 92217 "-" "Microsoft Office/16.0 (Windows NT 10.0; Microsoft Outlook 16.0.20326; Pro)"
89.248.107.232 - - [21/Sep/2026:13:14:21 +0200] "POST /wp-cron.php?doing_wp_cron=1789989261.2780048847198486328125 HTTP/1.1" 200 5512 "-" "WordPress/6.6.2; https://grupo-seg.com"
193.32.249.165 - - [21/Sep/2026:13:14:20 +0200] "GET /es/nuestros-clientes/ HTTP/1.1" 404 97436 "https://grupo-seg.com/es/nuestros-clientes/" "Mozilla/5.0 (Windows NT 10.0; Win64; x64) AppleWebKit/537.36 (KHTML, like Gecko) Chrome/131.0.0.0 Safari/537.36"
193.32.249.165 - - [21/Sep/2026:13:14:22 +0200] "GET /contacto/ HTTP/1.1" 200 199636 "https://grupo-seg.com/contacto/" "Mozilla/5.0 (Windows NT 10.0; Win64; x64) AppleWebKit/537.36 (KHTML, like Gecko) Chrome/131.0.0.0 Safari/537.36"
89.248.107.232 - - [21/Sep/2026:13:14:26 +0200] "POST /wp-cron.php?doing_wp_cron=1789989266.6080009937286376953125 HTTP/1.1" 200 5512 "-" "WordPress/6.6.2; https://grupo-seg.com"
51.75.19.210 - - [21/Sep/2026:13:14:26 +0200] "GET /wp-login.php HTTP/1.1" 200 13731 "-" "Mozilla/5.0 (Windows NT 10.0; Win64; x64) AppleWebKit/537.36 (KHTML, like Gecko) Chrome/127.0.0.0 Safari/537.36"
51.75.19.210 - - [21/Sep/2026:13:14:26 +0200] "GET /wp-json/wp/v2/users?per_page=100&context=edit HTTP/1.1" 401 5951 "-" "Mozilla/5.0 (Windows NT 10.0; Win64; x64) AppleWebKit/537.36 (KHTML, like Gecko) Chrome/127.0.0.0 Safari/537.36"
89.248.107.232 - - [21/Sep/2026:13:14:27 +0200] "POST /wp-admin/admin-ajax.php?action=async_litespeed&nonce=b4cc4c672a&litespeed_type=imgoptm HTTP/1.1" 200 5698 "-" "WordPress/6.6.2; https://grupo-seg.com"
51.75.19.210 - - [21/Sep/2026:13:14:27 +0200] "GET /wp-json/wp/v2/users?per_page=100 HTTP/1.1" 401 5951 "-" "Mozilla/5.0 (Windows NT 10.0; Win64; x64) AppleWebKit/537.36 (KHTML, like Gecko) Chrome/127.0.0.0 Safari/537.36"
51.75.19.210 - - [21/Sep/2026:13:14:28 +0200] "GET /?rest_route=/wp/v2/users&per_page=100 HTTP/1.1" 401 5951 "-" "Mozilla/5.0 (Windows NT 10.0; Win64; x64) AppleWebKit/537.36 (KHTML, like Gecko) Chrome/127.0.0.0 Safari/537.36"
51.75.19.210 - - [21/Sep/2026:13:14:28 +0200] "GET /index.php?rest_route=/wp/v2/users&per_page=100 HTTP/1.1" 401 5951 "-" "Mozilla/5.0 (Windows NT 10.0; Win64; x64) AppleWebKit/537.36 (KHTML, like Gecko) Chrome/127.0.0.0 Safari/537.36"
51.75.19.210 - - [21/Sep/2026:13:14:29 +0200] "GET /feed/ HTTP/1.1" 200 100998 "-" "Mozilla/5.0 (Windows NT 10.0; Win64; x64) AppleWebKit/537.36 (KHTML, like Gecko) Chrome/127.0.0.0 Safari/537.36"
51.75.19.210 - - [21/Sep/2026:13:14:29 +0200] "GET /wp-sitemap-users-1.xml HTTP/1.1" 200 115744 "-" "Mozilla/5.0 (Windows NT 10.0; Win64; x64) AppleWebKit/537.36 (KHTML, like Gecko) Chrome/127.0.0.0 Safari/537.36"
51.75.19.210 - - [21/Sep/2026:13:14:31 +0200] "GET /wp-sitemap.xml HTTP/1.1" 200 6217 "-" "Mozilla/5.0 (Windows NT 10.0; Win64; x64) AppleWebKit/537.36 (KHTML, like Gecko) Chrome/127.0.0.0 Safari/537.36"
51.75.19.210 - - [21/Sep/2026:13:14:32 +0200] "GET /sitemap.xml HTTP/1.1" 302 5555 "-" "Mozilla/5.0 (Windows NT 10.0; Win64; x64) AppleWebKit/537.36 (KHTML, like Gecko) Chrome/127.0.0.0 Safari/537.36"
51.75.19.210 - - [21/Sep/2026:13:14:33 +0200] "GET /wp-sitemap.xml HTTP/1.1" 200 6217 "https://grupo-seg.com/sitemap.xml" "Mozilla/5.0 (Windows NT 10.0; Win64; x64) AppleWebKit/537.36 (KHTML, like Gecko) Chrome/127.0.0.0 Safari/537.36"
51.75.19.210 - - [21/Sep/2026:13:14:33 +0200] "GET /?author=1 HTTP/1.1" 404 73720 "-" "Mozilla/5.0 (Windows NT 10.0; Win64; x64) AppleWebKit/537.36 (KHTML, like Gecko) Chrome/127.0.0.0 Safari/537.36"
51.75.19.210 - - [21/Sep/2026:13:14:33 +0200] "GET / HTTP/1.1" 200 165817 "-" "Mozilla/5.0 (Windows NT 10.0; Win64; x64) AppleWebKit/537.36 (KHTML, like Gecko) Chrome/127.0.0.0 Safari/537.36"
51.75.19.210 - - [21/Sep/2026:13:14:34 +0200] "POST /xmlrpc.php HTTP/1.1" 503 25081 "-" "Mozilla/5.0 (Windows NT 10.0; Win64; x64) AppleWebKit/537.36 (KHTML, like Gecko) Chrome/127.0.0.0 Safari/537.36"
51.75.19.210 - - [21/Sep/2026:13:14:36 +0200] "GET /?author=2 HTTP/1.1" 503 24035 "-" "Mozilla/5.0 (Windows NT 10.0; Win64; x64) AppleWebKit/537.36 (KHTML, like Gecko) Chrome/127.0.0.0 Safari/537.36"
51.75.19.210 - - [21/Sep/2026:13:14:36 +0200] "GET /?author=3 HTTP/1.1" 503 24035 "-" "Mozilla/5.0 (Windows NT 10.0; Win64; x64) AppleWebKit/537.36 (KHTML, like Gecko) Chrome/127.0.0.0 Safari/537.36"
51.75.19.210 - - [21/Sep/2026:13:14:37 +0200] "GET /?author=4 HTTP/1.1" 503 24035 "-" "Mozilla/5.0 (Windows NT 10.0; Win64; x64) AppleWebKit/537.36 (KHTML, like Gecko) Chrome/127.0.0.0 Safari/537.36"
51.75.19.210 - - [21/Sep/2026:13:14:37 +0200] "GET /?author=5 HTTP/1.1" 503 24035 "-" "Mozilla/5.0 (Windows NT 10.0; Win64; x64) AppleWebKit/537.36 (KHTML, like Gecko) Chrome/127.0.0.0 Safari/537.36"
51.75.19.210 - - [21/Sep/2026:13:14:38 +0200] "GET /?author=6 HTTP/1.1" 503 24035 "-" "Mozilla/5.0 (Windows NT 10.0; Win64; x64) AppleWebKit/537.36 (KHTML, like Gecko) Chrome/127.0.0.0 Safari/537.36"
51.75.19.210 - - [21/Sep/2026:13:14:38 +0200] "GET /?author=7 HTTP/1.1" 503 24035 "-" "Mozilla/5.0 (Windows NT 10.0; Win64; x64) AppleWebKit/537.36 (KHTML, like Gecko) Chrome/127.0.0.0 Safari/537.36"
51.75.19.210 - - [21/Sep/2026:13:14:38 +0200] "GET /?author=8 HTTP/1.1" 503 24035 "-" "Mozilla/5.0 (Windows NT 10.0; Win64; x64) AppleWebKit/537.36 (KHTML, like Gecko) Chrome/127.0.0.0 Safari/537.36"
51.75.19.210 - - [21/Sep/2026:13:14:38 +0200] "GET /?author=9 HTTP/1.1" 503 24035 "-" "Mozilla/5.0 (Windows NT 10.0; Win64; x64) AppleWebKit/537.36 (KHTML, like Gecko) Chrome/127.0.0.0 Safari/537.36"
51.75.19.210 - - [21/Sep/2026:13:14:39 +0200] "GET /?author=10 HTTP/1.1" 503 24035 "-" "Mozilla/5.0 (Windows NT 10.0; Win64; x64) AppleWebKit/537.36 (KHTML, like Gecko) Chrome/127.0.0.0 Safari/537.36"
89.248.107.232 - - [21/Sep/2026:13:14:54 +0200] "POST /?wordfence_syncAttackData=1789989294.8813 HTTP/1.1" 200 5452 "-" "WordPress/6.6.2; https://grupo-seg.com"
89.248.107.232 - - [21/Sep/2026:13:14:55 +0200] "POST /wp-cron.php?doing_wp_cron=1789989295.8409569263458251953125 HTTP/1.1" 200 5512 "-" "WordPress/6.6.2; https://grupo-seg.com"
95.124.171.193 - - [21/Sep/2026:13:14:54 +0200] "POST /autodiscover/autodiscover.xml HTTP/1.1" 404 92202 "-" "Microsoft Office/16.0 (Windows NT 10.0; Microsoft Outlook 16.0.20326; Pro)"
95.124.171.193 - - [21/Sep/2026:13:14:57 +0200] "POST /autodiscover/autodiscover.xml HTTP/1.1" 404 92217 "-" "Microsoft Office/16.0 (Windows NT 10.0; Microsoft Outlook 16.0.20326; Pro)"
89.248.107.232 - - [21/Sep/2026:13:15:03 +0200] "POST /wp-cron.php?doing_wp_cron=1789989303.4288730621337890625000 HTTP/1.1" 200 5512 "-" "WordPress/6.6.2; https://grupo-seg.com"
95.124.171.193 - - [21/Sep/2026:13:15:03 +0200] "POST /autodiscover/autodiscover.xml HTTP/1.1" 404 92217 "-" "Microsoft Office/16.0 (Windows NT 10.0; Microsoft Outlook 16.0.20326; Pro)"
89.248.107.232 - - [21/Sep/2026:13:15:07 +0200] "POST /wp-cron.php?doing_wp_cron=1789989307.0631160736083984375000 HTTP/1.1" 200 5512 "-" "WordPress/6.6.2; https://grupo-seg.com"
95.124.171.193 - - [21/Sep/2026:13:15:06 +0200] "POST /autodiscover/autodiscover.xml HTTP/1.1" 404 92217 "-" "Microsoft Office/16.0 (Windows NT 10.0; Microsoft Outlook 16.0.20326; Pro)"
89.248.107.232 - - [21/Sep/2026:13:17:10 +0200] "POST /wp-cron.php?doing_wp_cron=1789989430.5263729095458984375000 HTTP/1.1" 200 5512 "-" "WordPress/6.6.2; https://grupo-seg.com"
89.248.107.232 - - [21/Sep/2026:13:17:10 +0200] "POST /wp-cron.php?doing_wp_cron=1789989430.5305030345916748046875 HTTP/1.1" 200 5512 "-" "WordPress/6.6.2; https://grupo-seg.com"
95.124.171.193 - - [21/Sep/2026:13:17:08 +0200] "POST /autodiscover/autodiscover.xml HTTP/1.1" 404 92217 "-" "Microsoft Office/16.0 (Windows NT 10.0; Microsoft Outlook 16.0.20326; Pro)"
95.124.171.193 - - [21/Sep/2026:13:17:08 +0200] "POST /autodiscover/autodiscover.xml HTTP/1.1" 404 92217 "-" "Microsoft Office/16.0 (Windows NT 10.0; Microsoft Outlook 16.0.20326; Pro)"
89.248.107.232 - - [21/Sep/2026:13:17:13 +0200] "POST /wp-admin/admin-ajax.php?action=async_litespeed&nonce=b4cc4c672a&litespeed_type=imgoptm HTTP/1.1" 200 5698 "-" "WordPress/6.6.2; https://grupo-seg.com"
89.248.107.232 - - [21/Sep/2026:13:17:37 +0200] "POST /wp-cron.php?doing_wp_cron=1789989457.4454669952392578125000 HTTP/1.1" 200 5512 "-" "WordPress/6.6.2; https://grupo-seg.com"
52.167.144.212 - - [21/Sep/2026:13:17:36 +0200] "GET /es/conocer-personas-en-estados-unidos HTTP/1.1" 404 97421 "-" "Mozilla/5.0 AppleWebKit/537.36 (KHTML, like Gecko; compatible; bingbot/2.0; +http://www.bing.com/bingbot.htm) Chrome/116.0.1938.76 Safari/537.36"
89.248.107.232 - - [21/Sep/2026:13:17:38 +0200] "POST /wp-admin/admin-ajax.php?action=async_litespeed&nonce=b4cc4c672a&litespeed_type=imgoptm HTTP/1.1" 200 5698 "-" "WordPress/6.6.2; https://grupo-seg.com"
89.248.107.232 - - [21/Sep/2026:13:18:02 +0200] "POST /wp-cron.php?doing_wp_cron=1789989482.4151949882507324218750 HTTP/1.1" 200 5512 "-" "WordPress/6.6.2; https://grupo-seg.com"
95.124.171.193 - - [21/Sep/2026:13:18:01 +0200] "POST /autodiscover/autodiscover.xml HTTP/1.1" 404 92202 "-" "Microsoft Office/16.0 (Windows NT 10.0; Microsoft Outlook 16.0.20326; Pro)"
95.124.171.193 - - [21/Sep/2026:13:18:02 +0200] "POST /autodiscover/autodiscover.xml HTTP/1.1" 404 92202 "-" "Microsoft Office/16.0 (Windows NT 10.0; Microsoft Outlook 16.0.20326; Pro)"
52.167.144.166 - - [21/Sep/2026:13:18:15 +0200] "GET /futonesuhandoruho/0005974019.html HTTP/1.1" 404 97436 "-" "Mozilla/5.0 AppleWebKit/537.36 (KHTML, like Gecko; compatible; bingbot/2.0; +http://www.bing.com/bingbot.htm) Chrome/116.0.1938.76 Safari/537.36"
89.248.107.232 - - [21/Sep/2026:13:18:29 +0200] "POST /wp-cron.php?doing_wp_cron=1789989509.7697670459747314453125 HTTP/1.1" 200 5512 "-" "WordPress/6.6.2; https://grupo-seg.com"
52.167.144.211 - - [21/Sep/2026:13:18:29 +0200] "GET /yhug1197382rigtidu/servicios.html HTTP/1.1" 301 5692 "-" "Mozilla/5.0 AppleWebKit/537.36 (KHTML, like Gecko; compatible; bingbot/2.0; +http://www.bing.com/bingbot.htm) Chrome/116.0.1938.76 Safari/537.36"
89.248.107.232 - - [21/Sep/2026:13:18:30 +0200] "POST /wp-admin/admin-ajax.php?action=async_litespeed&nonce=b4cc4c672a&litespeed_type=imgoptm HTTP/1.1" 200 5698 "-" "WordPress/6.6.2; https://grupo-seg.com"
89.248.107.232 - - [21/Sep/2026:13:18:57 +0200] "POST /wp-cron.php?doing_wp_cron=1789989537.2198319435119628906250 HTTP/1.1" 200 5512 "-" "WordPress/6.6.2; https://grupo-seg.com"
95.124.171.193 - - [21/Sep/2026:13:18:56 +0200] "POST /autodiscover/autodiscover.xml HTTP/1.1" 404 92217 "-" "Microsoft Office/16.0 (Windows NT 10.0; Microsoft Outlook 16.0.20326; Pro)"
89.248.107.232 - - [21/Sep/2026:13:19:30 +0200] "POST /wp-cron.php?doing_wp_cron=1789989570.7501909732818603515625 HTTP/1.1" 200 5512 "-" "WordPress/6.6.2; https://grupo-seg.com"
2.139.158.128 - - [21/Sep/2026:13:19:30 +0200] "POST /autodiscover/autodiscover.xml HTTP/1.1" 404 92217 "-" "Microsoft Office/16.0 (Windows NT 10.0; Microsoft Outlook 16.0.20326; Pro)"
89.248.107.232 - - [21/Sep/2026:13:19:31 +0200] "POST /wp-admin/admin-ajax.php?action=async_litespeed&nonce=b4cc4c672a&litespeed_type=imgoptm HTTP/1.1" 200 5698 "-" "WordPress/6.6.2; https://grupo-seg.com"
89.248.107.232 - - [21/Sep/2026:13:19:52 +0200] "POST /wp-cron.php?doing_wp_cron=1789989592.2989931106567382812500 HTTP/1.1" 200 5512 "-" "WordPress/6.6.2; https://grupo-seg.com"
172.225.163.50 - - [21/Sep/2026:13:19:51 +0200] "GET /.well-known/passkey-endpoints HTTP/1.1" 404 97436 "-" "com.apple.AuthenticationServicesCore.AuthenticationServicesAgent/8624.5.1.10.3 CFNetwork/3860.700.1 Darwin/25.6.0"
89.248.107.232 - - [21/Sep/2026:13:19:59 +0200] "POST /wp-cron.php?doing_wp_cron=1789989599.1997799873352050781250 HTTP/1.1" 200 5512 "-" "WordPress/6.6.2; https://grupo-seg.com"
34.156.80.86 - - [21/Sep/2026:13:19:58 +0200] "GET /wp-sitemap.xml HTTP/1.1" 200 6217 "-" "okhttp/4.12.0"
34.156.80.86 - - [21/Sep/2026:13:19:59 +0200] "GET /wp-sitemap-posts-post-1.xml HTTP/1.1" 200 8170 "-" "okhttp/4.12.0"
34.156.80.86 - - [21/Sep/2026:13:20:00 +0200] "GET /wp-sitemap-posts-page-1.xml HTTP/1.1" 200 9189 "-" "okhttp/4.12.0"
89.248.107.232 - - [21/Sep/2026:13:20:01 +0200] "POST /wp-cron.php?doing_wp_cron=1789989601.4068698883056640625000 HTTP/1.1" 200 5512 "-" "WordPress/6.6.2; https://grupo-seg.com"
34.156.80.86 - - [21/Sep/2026:13:20:00 +0200] "GET /wp-sitemap-posts-portfolio-1.xml HTTP/1.1" 200 17286 "-" "okhttp/4.12.0"
34.156.80.86 - - [21/Sep/2026:13:20:01 +0200] "GET /wp-sitemap-posts-mgeo_map-1.xml HTTP/1.1" 200 6011 "-" "okhttp/4.12.0"
34.156.80.86 - - [21/Sep/2026:13:20:03 +0200] "GET /wp-sitemap-taxonomies-category-1.xml HTTP/1.1" 200 6256 "-" "okhttp/4.12.0"
34.156.80.86 - - [21/Sep/2026:13:20:03 +0200] "GET /wp-sitemap-taxonomies-project-type-1.xml HTTP/1.1" 200 6924 "-" "okhttp/4.12.0"
34.156.80.86 - - [21/Sep/2026:13:20:04 +0200] "GET /feed/ HTTP/1.1" 200 100983 "-" "okhttp/4.12.0"
95.124.171.193 - - [21/Sep/2026:13:20:05 +0200] "POST /autodiscover/autodiscover.xml HTTP/1.1" 404 92217 "-" "Microsoft Office/16.0 (Windows NT 10.0; Microsoft Outlook 16.0.20326; Pro)"
34.156.80.86 - - [21/Sep/2026:13:20:05 +0200] "GET /pagina-ejemplo/feed/ HTTP/1.1" 200 6619 "-" "okhttp/4.12.0"
95.124.171.193 - - [21/Sep/2026:13:20:06 +0200] "POST /autodiscover/autodiscover.xml HTTP/1.1" 404 92202 "-" "Microsoft Office/16.0 (Windows NT 10.0; Microsoft Outlook 16.0.20326; Pro)"
89.248.107.232 - - [21/Sep/2026:13:20:31 +0200] "POST /wp-cron.php?doing_wp_cron=1789989631.4572780132293701171875 HTTP/1.1" 200 5512 "-" "WordPress/6.6.2; https://grupo-seg.com"
185.231.155.169 - - [21/Sep/2026:13:20:30 +0200] "GET /contactanos/?chronoform=contacto_espana&event=submit&Nombre=Bnuolopics&Apellidos=&Empresa=&Correo=&Asunto=Romanticality+<a+href%3Dhttps%3A%2F%2F1xbetbonuses.com%2F HTTP/1.1" 301 5821 "https://www.grupo-seg.com/contactanos/?chronoform=contacto_espana&event=submit&Nombre=Bnuolopics&Apellidos=&Empresa=&Correo=&Asunto=Romanticality+<a+href%3Dhttps%3A%2F%2F1xbetbonuses.com%2F" "Mozilla/5.0 (Windows NT 10.0; Win64; x64) AppleWebKit/537.36 (KHTML, like Gecko) Chrome/129.0.0.0 Safari/537.36"
89.248.107.232 - - [21/Sep/2026:13:20:32 +0200] "POST /wp-admin/admin-ajax.php?action=async_litespeed&nonce=b4cc4c672a&litespeed_type=imgoptm HTTP/1.1" 200 5698 "-" "WordPress/6.6.2; https://grupo-seg.com"
185.231.155.169 - - [21/Sep/2026:13:20:31 +0200] "GET /contactanos/?chronoform=contacto_espana&event=submit&Nombre=Bnuolopics&Apellidos=&Empresa=&Correo=&Asunto=Romanticality+a+href%3Dhttps%3A%2F%2F1xbetbonuses.com%2F HTTP/1.1" 404 97436 "https://grupo-seg.com/contactanos/?chronoform=contacto_espana&event=submit&Nombre=Bnuolopics&Apellidos=&Empresa=&Correo=&Asunto=Romanticality+a+href%3Dhttps%3A%2F%2F1xbetbonuses.com%2F" "Mozilla/5.0 (Windows NT 10.0; Win64; x64) AppleWebKit/537.36 (KHTML, like Gecko) Chrome/129.0.0.0 Safari/537.36"
185.231.155.169 - - [21/Sep/2026:13:20:34 +0200] "GET /contacto/ HTTP/1.1" 200 199636 "https://grupo-seg.com/contacto/" "Mozilla/5.0 (Windows NT 10.0; Win64; x64) AppleWebKit/537.36 (KHTML, like Gecko) Chrome/129.0.0.0 Safari/537.36"
89.248.107.232 - - [21/Sep/2026:13:21:30 +0200] "POST /wp-cron.php?doing_wp_cron=1789989690.2050809860229492187500 HTTP/1.1" 200 5512 "-" "WordPress/6.6.2; https://grupo-seg.com"
95.124.171.193 - - [21/Sep/2026:13:21:29 +0200] "POST /autodiscover/autodiscover.xml HTTP/1.1" 404 92217 "-" "Microsoft Office/16.0 (Windows NT 10.0; Microsoft Outlook 16.0.20326; Pro)"
89.248.107.232 - - [21/Sep/2026:13:21:31 +0200] "POST /wp-admin/admin-ajax.php?action=async_litespeed&nonce=b4cc4c672a&litespeed_type=imgoptm HTTP/1.1" 200 5698 "-" "WordPress/6.6.2; https://grupo-seg.com"
89.248.107.232 - - [21/Sep/2026:13:21:51 +0200] "POST /wp-cron.php?doing_wp_cron=1789989710.9670889377593994140625 HTTP/1.1" 200 5512 "-" "WordPress/6.6.2; https://grupo-seg.com"
95.124.171.193 - - [21/Sep/2026:13:21:50 +0200] "POST /autodiscover/autodiscover.xml HTTP/1.1" 404 92217 "-" "Microsoft Office/16.0 (Windows NT 10.0; Microsoft Outlook 16.0.20326; Pro)"
89.248.107.232 - - [21/Sep/2026:13:22:39 +0200] "POST /wp-cron.php?doing_wp_cron=1789989758.9677600860595703125000 HTTP/1.1" 200 5512 "-" "WordPress/6.6.2; https://grupo-seg.com"
95.124.171.193 - - [21/Sep/2026:13:22:38 +0200] "POST /autodiscover/autodiscover.xml HTTP/1.1" 404 92217 "-" "Microsoft Office/16.0 (Windows NT 10.0; Microsoft Outlook 16.0.20326; Pro)"
89.248.107.232 - - [21/Sep/2026:13:22:40 +0200] "POST /wp-admin/admin-ajax.php?action=async_litespeed&nonce=b4cc4c672a&litespeed_type=imgoptm HTTP/1.1" 200 5698 "-" "WordPress/6.6.2; https://grupo-seg.com"
89.248.107.232 - - [21/Sep/2026:13:23:28 +0200] "POST /wp-cron.php?doing_wp_cron=1789989808.8419721126556396484375 HTTP/1.1" 200 5512 "-" "WordPress/6.6.2; https://grupo-seg.com"
95.124.171.193 - - [21/Sep/2026:13:23:28 +0200] "POST /autodiscover/autodiscover.xml HTTP/1.1" 404 92217 "-" "Microsoft Office/16.0 (Windows NT 10.0; Microsoft Outlook 16.0.20326; Pro)"
89.248.107.232 - - [21/Sep/2026:13:23:29 +0200] "POST /wp-admin/admin-ajax.php?action=async_litespeed&nonce=b4cc4c672a&litespeed_type=imgoptm HTTP/1.1" 200 5698 "-" "WordPress/6.6.2; https://grupo-seg.com"
89.248.107.232 - - [21/Sep/2026:13:24:15 +0200] "POST /wp-cron.php?doing_wp_cron=1789989854.9766540527343750000000 HTTP/1.1" 200 5512 "-" "WordPress/6.6.2; https://grupo-seg.com"
52.17.109.84 - - [21/Sep/2026:13:24:14 +0200] "GET / HTTP/1.1" 200 165847 "-" "node"
57.141.22.103 - - [21/Sep/2026:13:24:22 +0200] "GET /SiteMap.aspx HTTP/1.1" 404 97436 "-" "Mozilla/5.0 (Windows NT 10.0; Win64; x64) AppleWebKit/537.36 (KHTML, like Gecko) Chrome/145.0.0.0 Safari/537.36 (compatible; meta-externalagent/1.1 (+https://developers.facebook.com/docs/sharing/webmasters/crawler))"
89.248.107.232 - - [21/Sep/2026:13:24:31 +0200] "POST /wp-cron.php?doing_wp_cron=1789989871.1627480983734130859375 HTTP/1.1" 200 5512 "-" "WordPress/6.6.2; https://grupo-seg.com"
52.17.109.84 - - [21/Sep/2026:13:24:30 +0200] "GET / HTTP/1.1" 200 165847 "-" "Mozilla/5.0 (Macintosh; Intel Mac OS X 14_0) AppleWebKit/537.36 (KHTML, like Gecko) Chrome/119.0.0.0 Safari/537.36 MomentumFetcher/1.0"
52.17.109.84 - - [21/Sep/2026:13:24:32 +0200] "GET /aviso-legal HTTP/1.1" 301 5578 "-" "Mozilla/5.0 (Macintosh; Intel Mac OS X 14_0) AppleWebKit/537.36 (KHTML, like Gecko) Chrome/119.0.0.0 Safari/537.36 MomentumFetcher/1.0"
89.248.107.232 - - [21/Sep/2026:13:24:32 +0200] "POST /wp-admin/admin-ajax.php?action=async_litespeed&nonce=b4cc4c672a&litespeed_type=imgoptm HTTP/1.1" 200 5698 "-" "WordPress/6.6.2; https://grupo-seg.com"
52.17.109.84 - - [21/Sep/2026:13:24:33 +0200] "GET /aviso-legal/ HTTP/1.1" 200 122790 "-" "Mozilla/5.0 (Macintosh; Intel Mac OS X 14_0) AppleWebKit/537.36 (KHTML, like Gecko) Chrome/119.0.0.0 Safari/537.36 MomentumFetcher/1.0"
89.248.107.232 - - [21/Sep/2026:13:25:47 +0200] "POST /wp-cron.php?doing_wp_cron=1789989947.8957788944244384765625 HTTP/1.1" 200 5512 "-" "WordPress/6.6.2; https://grupo-seg.com"
162.120.186.83 - - [21/Sep/2026:13:25:47 +0200] "GET /paises/argentina/ HTTP/1.1" 200 158944 "https://www.google.com/" "Mozilla/5.0 (Windows NT 10.0; Win64; x64) AppleWebKit/537.36 (KHTML, like Gecko) Chrome/152.0.0.0 Safari/537.36"
89.248.107.232 - - [21/Sep/2026:13:25:49 +0200] "POST /wp-admin/admin-ajax.php?action=async_litespeed&nonce=b4cc4c672a&litespeed_type=imgoptm HTTP/1.1" 200 5698 "-" "WordPress/6.6.2; https://grupo-seg.com"
89.248.107.232 - - [21/Sep/2026:13:26:00 +0200] "POST /wp-cron.php?doing_wp_cron=1789989960.4657220840454101562500 HTTP/1.1" 200 5512 "-" "WordPress/6.6.2; https://grupo-seg.com"
95.124.171.193 - - [21/Sep/2026:13:26:00 +0200] "POST /autodiscover/autodiscover.xml HTTP/1.1" 404 92202 "-" "Microsoft Office/16.0 (Windows NT 10.0; Microsoft Outlook 16.0.20326; Pro)"
95.124.171.193 - - [21/Sep/2026:13:26:01 +0200] "POST /autodiscover/autodiscover.xml HTTP/1.1" 404 92217 "-" "Microsoft Office/16.0 (Windows NT 10.0; Microsoft Outlook 16.0.20326; Pro)"
89.248.107.232 - - [21/Sep/2026:13:27:11 +0200] "POST /wp-cron.php?doing_wp_cron=1789990031.5157530307769775390625 HTTP/1.1" 200 5512 "-" "WordPress/6.6.2; https://grupo-seg.com"
85.63.135.185 - - [21/Sep/2026:13:27:10 +0200] "POST /AutoDiscover/autodiscover.xml HTTP/1.1" 404 92217 "-" "Microsoft Office/16.0 (Windows NT 10.0; Microsoft Excel 16.0.20326; Pro)"
89.248.107.232 - - [21/Sep/2026:13:27:13 +0200] "POST /wp-admin/admin-ajax.php?action=async_litespeed&nonce=b4cc4c672a&litespeed_type=imgoptm HTTP/1.1" 200 5698 "-" "WordPress/6.6.2; https://grupo-seg.com"
89.248.107.232 - - [21/Sep/2026:13:27:27 +0200] "POST /wp-cron.php?doing_wp_cron=1789990047.8740990161895751953125 HTTP/1.1" 200 5512 "-" "WordPress/6.6.2; https://grupo-seg.com"
95.124.171.193 - - [21/Sep/2026:13:27:27 +0200] "POST /autodiscover/autodiscover.xml HTTP/1.1" 404 92217 "-" "Microsoft Office/16.0 (Windows NT 10.0; Microsoft Outlook 16.0.20326; Pro)"
89.248.107.232 - - [21/Sep/2026:13:27:29 +0200] "POST /wp-admin/admin-ajax.php?action=async_litespeed&nonce=b4cc4c672a&litespeed_type=imgoptm HTTP/1.1" 200 5698 "-" "WordPress/6.6.2; https://grupo-seg.com"
95.124.171.193 - - [21/Sep/2026:13:27:30 +0200] "POST /autodiscover/autodiscover.xml HTTP/1.1" 404 92217 "-" "Microsoft Office/16.0 (Windows NT 10.0; Microsoft Outlook 16.0.20326; Pro)"
89.248.107.232 - - [21/Sep/2026:13:28:25 +0200] "POST /wp-cron.php?doing_wp_cron=1789990104.7999780178070068359375 HTTP/1.1" 200 5512 "-" "WordPress/6.6.2; https://grupo-seg.com"
95.124.171.193 - - [21/Sep/2026:13:28:23 +0200] "POST /autodiscover/autodiscover.xml HTTP/1.1" 404 92217 "-" "Microsoft Office/16.0 (Windows NT 10.0; Microsoft Outlook 16.0.20326; Pro)"
89.248.107.232 - - [21/Sep/2026:13:28:26 +0200] "POST /wp-admin/admin-ajax.php?action=async_litespeed&nonce=b4cc4c672a&litespeed_type=imgoptm HTTP/1.1" 200 5698 "-" "WordPress/6.6.2; https://grupo-seg.com"
89.248.107.232 - - [21/Sep/2026:13:28:46 +0200] "POST /wp-cron.php?doing_wp_cron=1789990126.8516230583190917968750 HTTP/1.1" 200 5512 "-" "WordPress/6.6.2; https://grupo-seg.com"
34.216.175.253 - - [21/Sep/2026:13:28:45 +0200] "GET / HTTP/1.1" 301 5612 "-" "Mozilla/5.0 (Macintosh; Intel Mac OS X 10_15_7) AppleWebKit/537.36 (KHTML, like Gecko) Chrome/130.0.0.0 Safari/537.36"
34.216.175.253 - - [21/Sep/2026:13:28:45 +0200] "GET / HTTP/1.1" 200 165847 "-" "Mozilla/5.0 (Macintosh; Intel Mac OS X 10_15_7) AppleWebKit/537.36 (KHTML, like Gecko) Chrome/130.0.0.0 Safari/537.36"
34.216.175.253 - - [21/Sep/2026:13:28:47 +0200] "GET / HTTP/1.1" 200 165847 "https://www.grupo-seg.com/" "Mozilla/5.0 (Macintosh; Intel Mac OS X 10_15_7) AppleWebKit/537.36 (KHTML, like Gecko) Chrome/130.0.0.0 Safari/537.36"
95.124.171.193 - - [21/Sep/2026:13:28:49 +0200] "POST /autodiscover/autodiscover.xml HTTP/1.1" 404 92202 "-" "Microsoft Office/16.0 (Windows NT 10.0; Microsoft Outlook 16.0.20326; Pro)"
34.216.175.253 - - [21/Sep/2026:13:28:52 +0200] "GET /en/sitemap.xml HTTP/1.1" 302 5558 "-" "Mozilla/5.0 (Macintosh; Intel Mac OS X 10_15_7) AppleWebKit/537.36 (KHTML, like Gecko) Chrome/130.0.0.0 Safari/537.36"
34.216.175.253 - - [21/Sep/2026:13:28:52 +0200] "GET /en/wp-sitemap.xml HTTP/1.1" 200 6238 "-" "Mozilla/5.0 (Macintosh; Intel Mac OS X 10_15_7) AppleWebKit/537.36 (KHTML, like Gecko) Chrome/130.0.0.0 Safari/537.36"
34.216.175.253 - - [21/Sep/2026:13:28:51 +0200] "GET /en/ HTTP/1.1" 200 165965 "-" "Mozilla/5.0 (Macintosh; Intel Mac OS X 10_15_7) AppleWebKit/537.36 (KHTML, like Gecko) Chrome/130.0.0.0 Safari/537.36"
89.248.107.232 - - [21/Sep/2026:13:28:54 +0200] "POST /wp-cron.php?doing_wp_cron=1789990134.2660250663757324218750 HTTP/1.1" 200 5512 "-" "WordPress/6.6.2; https://grupo-seg.com/en/"
34.216.175.253 - - [21/Sep/2026:13:28:53 +0200] "GET /en/wp-sitemap-posts-post-1.xml HTTP/1.1" 200 8197 "-" "Mozilla/5.0 (Macintosh; Intel Mac OS X 10_15_7) AppleWebKit/537.36 (KHTML, like Gecko) Chrome/130.0.0.0 Safari/537.36"
34.216.175.253 - - [21/Sep/2026:13:28:55 +0200] "GET /en/wp-sitemap-posts-page-1.xml HTTP/1.1" 200 9305 "-" "Mozilla/5.0 (Macintosh; Intel Mac OS X 10_15_7) AppleWebKit/537.36 (KHTML, like Gecko) Chrome/130.0.0.0 Safari/537.36"
34.216.175.253 - - [21/Sep/2026:13:28:56 +0200] "GET /en/wp-sitemap-posts-portfolio-1.xml HTTP/1.1" 200 17555 "-" "Mozilla/5.0 (Macintosh; Intel Mac OS X 10_15_7) AppleWebKit/537.36 (KHTML, like Gecko) Chrome/130.0.0.0 Safari/537.36"
34.216.175.253 - - [21/Sep/2026:13:28:57 +0200] "GET /en/wp-sitemap-posts-mgeo_map-1.xml HTTP/1.1" 200 6023 "-" "Mozilla/5.0 (Macintosh; Intel Mac OS X 10_15_7) AppleWebKit/537.36 (KHTML, like Gecko) Chrome/130.0.0.0 Safari/537.36"
34.216.175.253 - - [21/Sep/2026:13:28:57 +0200] "GET /en/nowadays/ HTTP/1.1" 200 149547 "https://grupo-seg.com/en/" "Mozilla/5.0 (Macintosh; Intel Mac OS X 10_15_7) AppleWebKit/537.36 (KHTML, like Gecko) Chrome/130.0.0.0 Safari/537.36"
34.216.175.253 - - [21/Sep/2026:13:28:58 +0200] "GET /en/wp-sitemap-taxonomies-category-1.xml HTTP/1.1" 200 6295 "-" "Mozilla/5.0 (Macintosh; Intel Mac OS X 10_15_7) AppleWebKit/537.36 (KHTML, like Gecko) Chrome/130.0.0.0 Safari/537.36"
34.216.175.253 - - [21/Sep/2026:13:28:58 +0200] "GET /en/countries/bolivia/ HTTP/1.1" 200 174171 "https://grupo-seg.com/en/" "Mozilla/5.0 (Macintosh; Intel Mac OS X 10_15_7) AppleWebKit/537.36 (KHTML, like Gecko) Chrome/130.0.0.0 Safari/537.36"
89.248.107.232 - - [21/Sep/2026:13:29:00 +0200] "POST /wp-cron.php?doing_wp_cron=1789990140.4778940677642822265625 HTTP/1.1" 200 5512 "-" "WordPress/6.6.2; https://grupo-seg.com/en/"
34.216.175.253 - - [21/Sep/2026:13:28:59 +0200] "GET /en/wp-sitemap-taxonomies-project-type-1.xml HTTP/1.1" 200 7081 "-" "Mozilla/5.0 (Macintosh; Intel Mac OS X 10_15_7) AppleWebKit/537.36 (KHTML, like Gecko) Chrome/130.0.0.0 Safari/537.36"
34.216.175.253 - - [21/Sep/2026:13:29:00 +0200] "GET /en/countries/paraguay/ HTTP/1.1" 200 170023 "https://grupo-seg.com/en/" "Mozilla/5.0 (Macintosh; Intel Mac OS X 10_15_7) AppleWebKit/537.36 (KHTML, like Gecko) Chrome/130.0.0.0 Safari/537.36"
89.248.107.232 - - [21/Sep/2026:13:29:03 +0200] "POST /wp-cron.php?doing_wp_cron=1789990143.0564160346984863281250 HTTP/1.1" 200 5512 "-" "WordPress/6.6.2; https://grupo-seg.com/en/"
34.216.175.253 - - [21/Sep/2026:13:29:02 +0200] "GET /en/countries/nicaragua/ HTTP/1.1" 200 171335 "https://grupo-seg.com/en/" "Mozilla/5.0 (Macintosh; Intel Mac OS X 10_15_7) AppleWebKit/537.36 (KHTML, like Gecko) Chrome/130.0.0.0 Safari/537.36"
34.216.175.253 - - [21/Sep/2026:13:29:03 +0200] "GET /en/countries/panama/ HTTP/1.1" 200 155254 "https://grupo-seg.com/en/" "Mozilla/5.0 (Macintosh; Intel Mac OS X 10_15_7) AppleWebKit/537.36 (KHTML, like Gecko) Chrome/130.0.0.0 Safari/537.36"
34.216.175.253 - - [21/Sep/2026:13:29:07 +0200] "GET /en/countries/chile/ HTTP/1.1" 200 156884 "https://grupo-seg.com/en/" "Mozilla/5.0 (Macintosh; Intel Mac OS X 10_15_7) AppleWebKit/537.36 (KHTML, like Gecko) Chrome/130.0.0.0 Safari/537.36"
34.216.175.253 - - [21/Sep/2026:13:29:09 +0200] "GET /en/countries/argentina/ HTTP/1.1" 200 159023 "https://grupo-seg.com/en/" "Mozilla/5.0 (Macintosh; Intel Mac OS X 10_15_7) AppleWebKit/537.36 (KHTML, like Gecko) Chrome/130.0.0.0 Safari/537.36"
34.216.175.253 - - [21/Sep/2026:13:29:11 +0200] "GET /en/countries/colombia/ HTTP/1.1" 200 176193 "https://grupo-seg.com/en/" "Mozilla/5.0 (Macintosh; Intel Mac OS X 10_15_7) AppleWebKit/537.36 (KHTML, like Gecko) Chrome/130.0.0.0 Safari/537.36"
34.216.175.253 - - [21/Sep/2026:13:29:13 +0200] "GET /en/countries/peru/ HTTP/1.1" 200 166833 "https://grupo-seg.com/en/" "Mozilla/5.0 (Macintosh; Intel Mac OS X 10_15_7) AppleWebKit/537.36 (KHTML, like Gecko) Chrome/130.0.0.0 Safari/537.36"
34.216.175.253 - - [21/Sep/2026:13:29:14 +0200] "GET /en/countries/ecuador/ HTTP/1.1" 200 156783 "https://grupo-seg.com/en/" "Mozilla/5.0 (Macintosh; Intel Mac OS X 10_15_7) AppleWebKit/537.36 (KHTML, like Gecko) Chrome/130.0.0.0 Safari/537.36"
34.216.175.253 - - [21/Sep/2026:13:29:16 +0200] "GET /en/countries/spain/ HTTP/1.1" 200 161011 "https://grupo-seg.com/en/" "Mozilla/5.0 (Macintosh; Intel Mac OS X 10_15_7) AppleWebKit/537.36 (KHTML, like Gecko) Chrome/130.0.0.0 Safari/537.36"
34.216.175.253 - - [21/Sep/2026:13:29:19 +0200] "GET /en/countries/ HTTP/1.1" 200 153675 "https://grupo-seg.com/en/" "Mozilla/5.0 (Macintosh; Intel Mac OS X 10_15_7) AppleWebKit/537.36 (KHTML, like Gecko) Chrome/130.0.0.0 Safari/537.36"
34.216.175.253 - - [21/Sep/2026:13:29:20 +0200] "GET /en/projects/ HTTP/1.1" 200 973357 "https://grupo-seg.com/en/" "Mozilla/5.0 (Macintosh; Intel Mac OS X 10_15_7) AppleWebKit/537.36 (KHTML, like Gecko) Chrome/130.0.0.0 Safari/537.36"
34.216.175.253 - - [21/Sep/2026:13:29:23 +0200] "GET /en/services/ HTTP/1.1" 200 201679 "https://grupo-seg.com/en/" "Mozilla/5.0 (Macintosh; Intel Mac OS X 10_15_7) AppleWebKit/537.36 (KHTML, like Gecko) Chrome/130.0.0.0 Safari/537.36"
89.248.107.232 - - [21/Sep/2026:13:29:27 +0200] "POST /wp-cron.php?doing_wp_cron=1789990167.0759749412536621093750 HTTP/1.1" 200 5512 "-" "WordPress/6.6.2; https://grupo-seg.com/en/"
34.216.175.253 - - [21/Sep/2026:13:29:26 +0200] "GET /en/about-us/ HTTP/1.1" 200 256214 "https://grupo-seg.com/en/" "Mozilla/5.0 (Macintosh; Intel Mac OS X 10_15_7) AppleWebKit/537.36 (KHTML, like Gecko) Chrome/130.0.0.0 Safari/537.36"
89.248.107.232 - - [21/Sep/2026:13:29:28 +0200] "POST /wp-admin/admin-ajax.php?action=async_litespeed&nonce=b4cc4c672a&litespeed_type=imgoptm HTTP/1.1" 200 5698 "-" "WordPress/6.6.2; https://grupo-seg.com"
34.216.175.253 - - [21/Sep/2026:13:29:27 +0200] "GET /en/project-type/%c2%b7-costa-rica/ HTTP/1.1" 200 100962 "-" "Mozilla/5.0 (Macintosh; Intel Mac OS X 10_15_7) AppleWebKit/537.36 (KHTML, like Gecko) Chrome/130.0.0.0 Safari/537.36"
34.216.175.253 - - [21/Sep/2026:13:29:30 +0200] "GET /en/project-type/%c2%b7-paraguay/ HTTP/1.1" 200 101071 "-" "Mozilla/5.0 (Macintosh; Intel Mac OS X 10_15_7) AppleWebKit/537.36 (KHTML, like Gecko) Chrome/130.0.0.0 Safari/537.36"
34.216.175.253 - - [21/Sep/2026:13:29:31 +0200] "GET /en/project-type/%c2%b7-panama/ HTTP/1.1" 200 104574 "-" "Mozilla/5.0 (Macintosh; Intel Mac OS X 10_15_7) AppleWebKit/537.36 (KHTML, like Gecko) Chrome/130.0.0.0 Safari/537.36"
34.216.175.253 - - [21/Sep/2026:13:29:33 +0200] "GET /en/project-type/%c2%b7-building-and-urban-development/ HTTP/1.1" 200 117828 "-" "Mozilla/5.0 (Macintosh; Intel Mac OS X 10_15_7) AppleWebKit/537.36 (KHTML, like Gecko) Chrome/130.0.0.0 Safari/537.36"
34.216.175.253 - - [21/Sep/2026:13:29:34 +0200] "GET /en/project-type/%c2%b7-brazil/ HTTP/1.1" 200 101135 "-" "Mozilla/5.0 (Macintosh; Intel Mac OS X 10_15_7) AppleWebKit/537.36 (KHTML, like Gecko) Chrome/130.0.0.0 Safari/537.36"
34.216.175.253 - - [21/Sep/2026:13:29:35 +0200] "GET /en/project-type/%c2%b7-railways/ HTTP/1.1" 200 114974 "-" "Mozilla/5.0 (Macintosh; Intel Mac OS X 10_15_7) AppleWebKit/537.36 (KHTML, like Gecko) Chrome/130.0.0.0 Safari/537.36"
34.216.175.253 - - [21/Sep/2026:13:29:37 +0200] "GET /en/project-type/%c2%b7-chile/ HTTP/1.1" 200 102679 "-" "Mozilla/5.0 (Macintosh; Intel Mac OS X 10_15_7) AppleWebKit/537.36 (KHTML, like Gecko) Chrome/130.0.0.0 Safari/537.36"
34.216.175.253 - - [21/Sep/2026:13:29:38 +0200] "GET /en/project-type/%c2%b7-peru/ HTTP/1.1" 200 117575 "-" "Mozilla/5.0 (Macintosh; Intel Mac OS X 10_15_7) AppleWebKit/537.36 (KHTML, like Gecko) Chrome/130.0.0.0 Safari/537.36"
89.248.107.232 - - [21/Sep/2026:13:29:40 +0200] "POST /wp-cron.php?doing_wp_cron=1789990180.5648360252380371093750 HTTP/1.1" 200 5512 "-" "WordPress/6.6.2; https://grupo-seg.com/en/"
34.216.175.253 - - [21/Sep/2026:13:29:39 +0200] "GET /en/project-type/%c2%b7-ecuador/ HTTP/1.1" 200 106391 "-" "Mozilla/5.0 (Macintosh; Intel Mac OS X 10_15_7) AppleWebKit/537.36 (KHTML, like Gecko) Chrome/130.0.0.0 Safari/537.36"
34.216.175.253 - - [21/Sep/2026:13:29:41 +0200] "GET /en/project-type/%c2%b7-hydraulic-works/ HTTP/1.1" 200 115305 "-" "Mozilla/5.0 (Macintosh; Intel Mac OS X 10_15_7) AppleWebKit/537.36 (KHTML, like Gecko) Chrome/130.0.0.0 Safari/537.36"
89.248.107.232 - - [21/Sep/2026:13:29:43 +0200] "POST /wp-cron.php?doing_wp_cron=1789990183.1294479370117187500000 HTTP/1.1" 200 5512 "-" "WordPress/6.6.2; https://grupo-seg.com/en/"
34.216.175.253 - - [21/Sep/2026:13:29:42 +0200] "GET /en/project-type/%c2%b7-colombia/ HTTP/1.1" 200 115653 "-" "Mozilla/5.0 (Macintosh; Intel Mac OS X 10_15_7) AppleWebKit/537.36 (KHTML, like Gecko) Chrome/130.0.0.0 Safari/537.36"
34.216.175.253 - - [21/Sep/2026:13:29:44 +0200] "GET /en/project-type/%c2%b7-spain/ HTTP/1.1" 200 117270 "-" "Mozilla/5.0 (Macintosh; Intel Mac OS X 10_15_7) AppleWebKit/537.36 (KHTML, like Gecko) Chrome/130.0.0.0 Safari/537.36"
34.216.175.253 - - [21/Sep/2026:13:29:45 +0200] "GET /en/project-type/%c2%b7-nicaragua/ HTTP/1.1" 200 102759 "-" "Mozilla/5.0 (Macintosh; Intel Mac OS X 10_15_7) AppleWebKit/537.36 (KHTML, like Gecko) Chrome/130.0.0.0 Safari/537.36"
34.216.175.253 - - [21/Sep/2026:13:29:46 +0200] "GET /en/project-type/%c2%b7-various/ HTTP/1.1" 200 116876 "-" "Mozilla/5.0 (Macintosh; Intel Mac OS X 10_15_7) AppleWebKit/537.36 (KHTML, like Gecko) Chrome/130.0.0.0 Safari/537.36"
34.216.175.253 - - [21/Sep/2026:13:29:48 +0200] "GET /en/project-type/%c2%b7-bolivia-en/ HTTP/1.1" 200 102830 "-" "Mozilla/5.0 (Macintosh; Intel Mac OS X 10_15_7) AppleWebKit/537.36 (KHTML, like Gecko) Chrome/130.0.0.0 Safari/537.36"
34.216.175.253 - - [21/Sep/2026:13:29:49 +0200] "GET /en/project-type/%c2%b7-airports/ HTTP/1.1" 200 117821 "-" "Mozilla/5.0 (Macintosh; Intel Mac OS X 10_15_7) AppleWebKit/537.36 (KHTML, like Gecko) Chrome/130.0.0.0 Safari/537.36"
34.216.175.253 - - [21/Sep/2026:13:29:50 +0200] "GET /en/project-type/%c2%b7-roads/ HTTP/1.1" 200 117194 "-" "Mozilla/5.0 (Macintosh; Intel Mac OS X 10_15_7) AppleWebKit/537.36 (KHTML, like Gecko) Chrome/130.0.0.0 Safari/537.36"
34.216.175.253 - - [21/Sep/2026:13:29:51 +0200] "GET /en/project-type/%c2%b7-argentina/ HTTP/1.1" 200 102604 "-" "Mozilla/5.0 (Macintosh; Intel Mac OS X 10_15_7) AppleWebKit/537.36 (KHTML, like Gecko) Chrome/130.0.0.0 Safari/537.36"
34.216.175.253 - - [21/Sep/2026:13:29:52 +0200] "GET /en/mgeo_map/seg-paises/ HTTP/1.1" 200 71713 "-" "Mozilla/5.0 (Macintosh; Intel Mac OS X 10_15_7) AppleWebKit/537.36 (KHTML, like Gecko) Chrome/130.0.0.0 Safari/537.36"
89.248.107.232 - - [21/Sep/2026:13:29:55 +0200] "POST /wp-cron.php?doing_wp_cron=1789990195.1477720737457275390625 HTTP/1.1" 200 5512 "-" "WordPress/6.6.2; https://grupo-seg.com/en/"
34.216.175.253 - - [21/Sep/2026:13:29:54 +0200] "GET /en/mgeo_map/seg-projects/ HTTP/1.1" 200 118470 "-" "Mozilla/5.0 (Macintosh; Intel Mac OS X 10_15_7) AppleWebKit/537.36 (KHTML, like Gecko) Chrome/130.0.0.0 Safari/537.36"
34.216.175.253 - - [21/Sep/2026:13:29:55 +0200] "GET /en/mgeo_map/3/ HTTP/1.1" 200 70988 "-" "Mozilla/5.0 (Macintosh; Intel Mac OS X 10_15_7) AppleWebKit/537.36 (KHTML, like Gecko) Chrome/130.0.0.0 Safari/537.36"
34.216.175.253 - - [21/Sep/2026:13:29:57 +0200] "GET /en/portfolio/technical-file-for-the-construction-investment-at-the-mayor-general-fap-armando-revoredo-iglesias-de-cajamarca-airport/ HTTP/1.1" 200 117787 "-" "Mozilla/5.0 (Macintosh; Intel Mac OS X 10_15_7) AppleWebKit/537.36 (KHTML, like Gecko) Chrome/130.0.0.0 Safari/537.36"
34.216.175.253 - - [21/Sep/2026:13:29:58 +0200] "GET /en/portfolio/guadalupe-interchange-underpass/ HTTP/1.1" 200 116897 "-" "Mozilla/5.0 (Macintosh; Intel Mac OS X 10_15_7) AppleWebKit/537.36 (KHTML, like Gecko) Chrome/130.0.0.0 Safari/537.36"
34.216.175.253 - - [21/Sep/2026:13:29:59 +0200] "GET /en/portfolio/supervision-of-the-improvement-of-the-tumaco-pasto-mocoa-corridor/ HTTP/1.1" 200 117223 "-" "Mozilla/5.0 (Macintosh; Intel Mac OS X 10_15_7) AppleWebKit/537.36 (KHTML, like Gecko) Chrome/130.0.0.0 Safari/537.36"
89.248.107.232 - - [21/Sep/2026:13:30:01 +0200] "POST /wp-cron.php?doing_wp_cron=1789990201.1215929985046386718750 HTTP/1.1" 200 5512 "-" "WordPress/6.6.2; https://grupo-seg.com/en/"
34.216.175.253 - - [21/Sep/2026:13:30:00 +0200] "GET /en/portfolio/advisory-services-for-the-longitudinal-de-la-sierra-concession-section-4/ HTTP/1.1" 200 117301 "-" "Mozilla/5.0 (Macintosh; Intel Mac OS X 10_15_7) AppleWebKit/537.36 (KHTML, like Gecko) Chrome/130.0.0.0 Safari/537.36"
89.248.107.232 - - [21/Sep/2026:13:30:03 +0200] "POST /wp-cron.php?doing_wp_cron=1789990203.1850049495697021484375 HTTP/1.1" 200 5512 "-" "WordPress/6.6.2; https://grupo-seg.com/en/"
34.216.175.253 - - [21/Sep/2026:13:30:02 +0200] "GET /en/portfolio/supervision-of-the-service-of-road-corridor-no-9/ HTTP/1.1" 200 117035 "-" "Mozilla/5.0 (Macintosh; Intel Mac OS X 10_15_7) AppleWebKit/537.36 (KHTML, like Gecko) Chrome/130.0.0.0 Safari/537.36"
34.216.175.253 - - [21/Sep/2026:13:30:04 +0200] "GET /en/portfolio/rehabilitation-of-la-gavia-park/ HTTP/1.1" 200 116826 "-" "Mozilla/5.0 (Macintosh; Intel Mac OS X 10_15_7) AppleWebKit/537.36 (KHTML, like Gecko) Chrome/130.0.0.0 Safari/537.36"
34.216.175.253 - - [21/Sep/2026:13:30:05 +0200] "GET /en/portfolio/ciudad-esperanza-project-in-arraijan/ HTTP/1.1" 200 116859 "-" "Mozilla/5.0 (Macintosh; Intel Mac OS X 10_15_7) AppleWebKit/537.36 (KHTML, like Gecko) Chrome/130.0.0.0 Safari/537.36"
34.216.175.253 - - [21/Sep/2026:13:30:07 +0200] "GET /en/portfolio/ceuta-penitentiary-center-and-social-integration-center/ HTTP/1.1" 200 117110 "-" "Mozilla/5.0 (Macintosh; Intel Mac OS X 10_15_7) AppleWebKit/537.36 (KHTML, like Gecko) Chrome/130.0.0.0 Safari/537.36"
34.216.175.253 - - [21/Sep/2026:13:30:07 +0200] "GET /en/portfolio/engineering-study-of-the-maipo-bridge/ HTTP/1.1" 200 116897 "-" "Mozilla/5.0 (Macintosh; Intel Mac OS X 10_15_7) AppleWebKit/537.36 (KHTML, like Gecko) Chrome/130.0.0.0 Safari/537.36"
34.216.175.253 - - [21/Sep/2026:13:30:09 +0200] "GET /en/portfolio/modernization-at-the-avenida-de-america-station/ HTTP/1.1" 200 116974 "-" "Mozilla/5.0 (Macintosh; Intel Mac OS X 10_15_7) AppleWebKit/537.36 (KHTML, like Gecko) Chrome/130.0.0.0 Safari/537.36"
