89.248.107.232 - - [21/Sep/2026:11:49:33 +0200] "POST /wp-admin/admin-ajax.php?action=async_litespeed&nonce=b4cc4c672a&litespeed_type=imgoptm HTTP/1.1" 200 5698 "-" "WordPress/6.6.2; https://grupo-seg.com"
2.139.158.128 - - [21/Sep/2026:11:49:32 +0200] "POST /AutoDiscover/autodiscover.xml HTTP/1.1" 404 92217 "-" "Microsoft Office/16.0 (Windows NT 10.0; Microsoft Excel 16.0.20228; Pro)"
89.248.107.232 - - [21/Sep/2026:11:49:57 +0200] "POST /wp-cron.php?doing_wp_cron=1789984197.8929920196533203125000 HTTP/1.1" 200 5512 "-" "WordPress/6.6.2; https://grupo-seg.com"
35.91.16.21 - - [21/Sep/2026:11:49:57 +0200] "GET / HTTP/1.1" 200 165847 "-" "Mozilla/5.0 (Windows NT 10.0; Win64; x64) AppleWebKit/537.36 (KHTML, like Gecko) Chrome/113.0.0.0 Safari/537.36"
89.248.107.232 - - [21/Sep/2026:11:50:12 +0200] "POST /wp-cron.php?doing_wp_cron=1789984212.9033100605010986328125 HTTP/1.1" 200 5512 "-" "WordPress/6.6.2; https://grupo-seg.com"
156.146.38.169 - - [21/Sep/2026:11:50:12 +0200] "GET / HTTP/1.1" 200 165847 "-" "Mozilla/5.0 (Windows NT 10.0; Win64; x64) AppleWebKit/537.36 (KHTML, like Gecko) Chrome/126.0.0.0 Safari/537.36"
90.160.163.55 - - [21/Sep/2026:11:50:16 +0200] "POST /autodiscover/autodiscover.xml HTTP/1.1" 404 92217 "-" "Microsoft Office/16.0 (Windows NT 10.0; Microsoft Outlook 16.0.20326; Pro)"
89.248.107.232 - - [21/Sep/2026:11:51:37 +0200] "POST /wp-cron.php?doing_wp_cron=1789984296.9500839710235595703125 HTTP/1.1" 200 5512 "-" "WordPress/6.6.2; https://grupo-seg.com"
90.160.163.55 - - [21/Sep/2026:11:51:36 +0200] "POST /autodiscover/autodiscover.xml HTTP/1.1" 404 92217 "-" "Microsoft Office/16.0 (Windows NT 10.0; Microsoft Outlook 16.0.20326; Pro)"
90.160.163.55 - - [21/Sep/2026:11:51:36 +0200] "POST /autodiscover/autodiscover.xml HTTP/1.1" 404 92202 "-" "Microsoft Office/16.0 (Windows NT 10.0; Microsoft Outlook 16.0.20326; Pro)"
89.248.107.232 - - [21/Sep/2026:11:51:37 +0200] "POST /wp-admin/admin-ajax.php?action=async_litespeed&nonce=b4cc4c672a&litespeed_type=imgoptm HTTP/1.1" 200 5698 "-" "WordPress/6.6.2; https://grupo-seg.com"
89.248.107.232 - - [21/Sep/2026:11:51:40 +0200] "POST /wp-cron.php?doing_wp_cron=1789984300.5340158939361572265625 HTTP/1.1" 200 5512 "-" "WordPress/6.6.2; https://grupo-seg.com/en/"
16.216.88.194 - - [21/Sep/2026:11:51:40 +0200] "GET /en/portfolio/technical-file-for-the-construction-investment-at-the-mayor-general-fap-armando-revoredo-iglesias-de-cajamarca-airport/ HTTP/1.1" 200 117778 "-" "Mozilla/5.0 AppleWebKit/537.36 (KHTML, like Gecko; compatible; Reflectionbot/1.0; +https://reflection.ai/bot) Chrome/151.0.0.0 Safari/537.36"
89.248.107.232 - - [21/Sep/2026:11:51:50 +0200] "POST /wp-cron.php?doing_wp_cron=1789984310.1192390918731689453125 HTTP/1.1" 200 5512 "-" "WordPress/6.6.2; https://grupo-seg.com"
34.76.146.87 - - [21/Sep/2026:11:51:49 +0200] "GET /pagina-ejemplo/feed/ HTTP/1.1" 200 6619 "-" "okhttp/4.12.0"
34.76.146.87 - - [21/Sep/2026:11:51:50 +0200] "GET /feed/ HTTP/1.1" 200 100998 "-" "okhttp/4.12.0"
34.76.146.87 - - [21/Sep/2026:11:51:51 +0200] "GET /wp-sitemap.xml HTTP/1.1" 200 6217 "-" "okhttp/4.12.0"
34.76.146.87 - - [21/Sep/2026:11:51:52 +0200] "GET /wp-sitemap-posts-post-1.xml HTTP/1.1" 200 8170 "-" "okhttp/4.12.0"
34.76.146.87 - - [21/Sep/2026:11:51:52 +0200] "GET /wp-sitemap-posts-page-1.xml HTTP/1.1" 200 9189 "-" "okhttp/4.12.0"
34.76.146.87 - - [21/Sep/2026:11:51:53 +0200] "GET /wp-sitemap-posts-portfolio-1.xml HTTP/1.1" 200 17286 "-" "okhttp/4.12.0"
89.248.107.232 - - [21/Sep/2026:11:51:54 +0200] "POST /wp-cron.php?doing_wp_cron=1789984314.1471490859985351562500 HTTP/1.1" 200 5512 "-" "WordPress/6.6.2; https://grupo-seg.com"
34.76.146.87 - - [21/Sep/2026:11:51:53 +0200] "GET /wp-sitemap-posts-mgeo_map-1.xml HTTP/1.1" 200 6011 "-" "okhttp/4.12.0"
34.76.146.87 - - [21/Sep/2026:11:51:54 +0200] "GET /wp-sitemap-taxonomies-category-1.xml HTTP/1.1" 200 6256 "-" "okhttp/4.12.0"
34.76.146.87 - - [21/Sep/2026:11:51:54 +0200] "GET /wp-sitemap-taxonomies-project-type-1.xml HTTP/1.1" 200 6924 "-" "okhttp/4.12.0"
89.248.107.232 - - [21/Sep/2026:11:52:20 +0200] "POST /wp-cron.php?doing_wp_cron=1789984340.6437621116638183593750 HTTP/1.1" 200 5512 "-" "WordPress/6.6.2; https://grupo-seg.com"
90.160.163.55 - - [21/Sep/2026:11:52:20 +0200] "POST /autodiscover/autodiscover.xml HTTP/1.1" 404 92202 "-" "Microsoft Office/16.0 (Windows NT 10.0; Microsoft Outlook 16.0.20326; Pro)"
89.248.107.232 - - [21/Sep/2026:11:52:42 +0200] "POST /wp-cron.php?doing_wp_cron=1789984362.3319718837738037109375 HTTP/1.1" 200 5512 "-" "WordPress/6.6.2; https://grupo-seg.com"
90.160.163.55 - - [21/Sep/2026:11:52:41 +0200] "POST /autodiscover/autodiscover.xml HTTP/1.1" 404 92202 "-" "Microsoft Office/16.0 (Windows NT 10.0; Microsoft Outlook 16.0.20326; Pro)"
89.248.107.232 - - [21/Sep/2026:11:52:42 +0200] "POST /wp-admin/admin-ajax.php?action=async_litespeed&nonce=b4cc4c672a&litespeed_type=imgoptm HTTP/1.1" 200 5698 "-" "WordPress/6.6.2; https://grupo-seg.com"
89.248.107.232 - - [21/Sep/2026:11:54:26 +0200] "POST /wp-cron.php?doing_wp_cron=1789984466.6945250034332275390625 HTTP/1.1" 200 5512 "-" "WordPress/6.6.2; https://grupo-seg.com"
82.102.18.116 - - [21/Sep/2026:11:54:26 +0200] "GET / HTTP/1.1" 301 5612 "-" "Mozilla/5.0 (Windows NT 10.0; Win64; x64) AppleWebKit/537.36 (KHTML, like Gecko) Chrome/78.0.3904.108 Safari/537.36"
82.102.18.116 - - [21/Sep/2026:11:54:26 +0200] "GET //wp-includes/wlwmanifest.xml HTTP/1.1" 301 5686 "-" "Mozilla/5.0 (Windows NT 10.0; Win64; x64) AppleWebKit/537.36 (KHTML, like Gecko) Chrome/78.0.3904.108 Safari/537.36"
82.102.18.116 - - [21/Sep/2026:11:54:27 +0200] "GET //xmlrpc.php?rsd HTTP/1.1" 200 6259 "-" "Mozilla/5.0 (Windows NT 10.0; Win64; x64) AppleWebKit/537.36 (KHTML, like Gecko) Chrome/78.0.3904.108 Safari/537.36"
89.248.107.232 - - [21/Sep/2026:11:54:27 +0200] "POST /wp-admin/admin-ajax.php?action=async_litespeed&nonce=b4cc4c672a&litespeed_type=imgoptm HTTP/1.1" 200 5698 "-" "WordPress/6.6.2; https://grupo-seg.com"
82.102.18.116 - - [21/Sep/2026:11:54:27 +0200] "GET //?author=1 HTTP/1.1" 404 73801 "-" "Mozilla/5.0 (Windows NT 10.0; Win64; x64) AppleWebKit/537.36 (KHTML, like Gecko) Chrome/78.0.3904.108 Safari/537.36"
82.102.18.116 - - [21/Sep/2026:11:54:28 +0200] "GET //?author=2 HTTP/1.1" 404 73801 "-" "Mozilla/5.0 (Windows NT 10.0; Win64; x64) AppleWebKit/537.36 (KHTML, like Gecko) Chrome/78.0.3904.108 Safari/537.36"
82.102.18.116 - - [21/Sep/2026:11:54:29 +0200] "GET //wp-json/wp/v2/users/ HTTP/1.1" 401 5951 "-" "Mozilla/5.0 (Windows NT 10.0; Win64; x64) AppleWebKit/537.36 (KHTML, like Gecko) Chrome/78.0.3904.108 Safari/537.36"
82.102.18.116 - - [21/Sep/2026:11:54:30 +0200] "GET //wp-json/oembed/1.0/embed?url=https://grupo-seg.com/ HTTP/1.1" 200 7829 "-" "Mozilla/5.0 (Windows NT 10.0; Win64; x64) AppleWebKit/537.36 (KHTML, like Gecko) Chrome/78.0.3904.108 Safari/537.36"
90.160.163.55 - - [21/Sep/2026:11:54:30 +0200] "POST /autodiscover/autodiscover.xml HTTP/1.1" 404 92202 "-" "Microsoft Office/16.0 (Windows NT 10.0; Microsoft Outlook 16.0.20326; Pro)"
90.160.163.55 - - [21/Sep/2026:11:54:30 +0200] "POST /autodiscover/autodiscover.xml HTTP/1.1" 404 92217 "-" "Microsoft Office/16.0 (Windows NT 10.0; Microsoft Outlook 16.0.20326; Pro)"
82.102.18.116 - - [21/Sep/2026:11:54:30 +0200] "POST //xmlrpc.php HTTP/1.1" 503 25074 "-" "Mozilla/5.0 (Windows NT 10.0; Win64; x64) AppleWebKit/537.36 (KHTML, like Gecko) Chrome/78.0.3904.108 Safari/537.36"
89.248.107.232 - - [21/Sep/2026:11:54:58 +0200] "POST /wp-cron.php?doing_wp_cron=1789984498.5807468891143798828125 HTTP/1.1" 200 5512 "-" "WordPress/6.6.2; https://grupo-seg.com"
90.160.163.55 - - [21/Sep/2026:11:54:58 +0200] "POST /autodiscover/autodiscover.xml HTTP/1.1" 404 92217 "-" "Microsoft Office/16.0 (Windows NT 10.0; Microsoft Outlook 16.0.20326; Pro)"
90.160.163.55 - - [21/Sep/2026:11:54:58 +0200] "POST /autodiscover/autodiscover.xml HTTP/1.1" 404 92202 "-" "Microsoft Office/16.0 (Windows NT 10.0; Microsoft Outlook 16.0.20326; Pro)"
89.248.107.232 - - [21/Sep/2026:11:55:30 +0200] "POST /wp-cron.php?doing_wp_cron=1789984530.0470550060272216796875 HTTP/1.1" 200 5512 "-" "WordPress/6.6.2; https://grupo-seg.com"
216.73.217.42 - - [21/Sep/2026:11:55:29 +0200] "GET /robots.txt HTTP/1.1" 200 5679 "-" "Mozilla/5.0 AppleWebKit/537.36 (KHTML, like Gecko; compatible; ClaudeBot/1.0; +claudebot@anthropic.com)"
89.248.107.232 - - [21/Sep/2026:11:55:30 +0200] "POST /wp-admin/admin-ajax.php?action=async_litespeed&nonce=b4cc4c672a&litespeed_type=imgoptm HTTP/1.1" 200 5698 "-" "WordPress/6.6.2; https://grupo-seg.com"
216.73.217.42 - - [21/Sep/2026:11:55:30 +0200] "GET /proyectos/agua-y-medioambiente/ HTTP/1.1" 200 127453 "-" "Mozilla/5.0 AppleWebKit/537.36 (KHTML, like Gecko; compatible; ClaudeBot/1.0; +claudebot@anthropic.com)"
90.160.163.55 - - [21/Sep/2026:11:55:33 +0200] "POST /autodiscover/autodiscover.xml HTTP/1.1" 404 92202 "-" "Microsoft Office/16.0 (Windows NT 10.0; Microsoft Outlook 16.0.20326; Pro)"
89.248.107.232 - - [21/Sep/2026:11:55:50 +0200] "POST /wp-cron.php?doing_wp_cron=1789984550.8820919990539550781250 HTTP/1.1" 200 5512 "-" "WordPress/6.6.2; https://grupo-seg.com"
2.139.158.128 - - [21/Sep/2026:11:55:50 +0200] "POST /AutoDiscover/autodiscover.xml HTTP/1.1" 404 92217 "-" "Microsoft Office/16.0 (Windows NT 10.0; Microsoft Excel 16.0.20326; Pro)"
89.248.107.232 - - [21/Sep/2026:11:55:54 +0200] "POST /wp-cron.php?doing_wp_cron=1789984554.0941400527954101562500 HTTP/1.1" 200 5512 "-" "WordPress/6.6.2; https://grupo-seg.com"
90.160.163.55 - - [21/Sep/2026:11:55:53 +0200] "POST /autodiscover/autodiscover.xml HTTP/1.1" 404 92217 "-" "Microsoft Office/16.0 (Windows NT 10.0; Microsoft Outlook 16.0.20326; Pro)"
89.248.107.232 - - [21/Sep/2026:11:56:12 +0200] "POST /wp-cron.php?doing_wp_cron=1789984572.0751678943634033203125 HTTP/1.1" 200 5512 "-" "WordPress/6.6.2; https://grupo-seg.com/en/"
216.73.217.42 - - [21/Sep/2026:11:56:11 +0200] "GET /en/projects/water-and-environment/ HTTP/1.1" 200 127644 "-" "Mozilla/5.0 AppleWebKit/537.36 (KHTML, like Gecko; compatible; ClaudeBot/1.0; +claudebot@anthropic.com)"
89.248.107.232 - - [21/Sep/2026:11:57:02 +0200] "POST /wp-cron.php?doing_wp_cron=1789984622.0829970836639404296875 HTTP/1.1" 200 5512 "-" "WordPress/6.6.2; https://grupo-seg.com"
216.73.217.42 - - [21/Sep/2026:11:57:01 +0200] "GET /paises/nicaragua HTTP/1.1" 301 5583 "-" "Mozilla/5.0 AppleWebKit/537.36 (KHTML, like Gecko; compatible; ClaudeBot/1.0; +claudebot@anthropic.com)"
89.248.107.232 - - [21/Sep/2026:11:57:02 +0200] "POST /wp-admin/admin-ajax.php?action=async_litespeed&nonce=b4cc4c672a&litespeed_type=imgoptm HTTP/1.1" 200 5698 "-" "WordPress/6.6.2; https://grupo-seg.com"
216.73.217.42 - - [21/Sep/2026:11:57:02 +0200] "GET /paises/nicaragua/ HTTP/1.1" 200 171216 "https://grupo-seg.com/paises/nicaragua" "Mozilla/5.0 AppleWebKit/537.36 (KHTML, like Gecko; compatible; ClaudeBot/1.0; +claudebot@anthropic.com)"
89.248.107.232 - - [21/Sep/2026:11:58:20 +0200] "POST /wp-cron.php?doing_wp_cron=1789984700.3632149696350097656250 HTTP/1.1" 200 5512 "-" "WordPress/6.6.2; https://grupo-seg.com"
216.73.217.42 - - [21/Sep/2026:11:58:19 +0200] "GET /?p=1108 HTTP/1.1" 301 5690 "-" "Mozilla/5.0 AppleWebKit/537.36 (KHTML, like Gecko; compatible; ClaudeBot/1.0; +claudebot@anthropic.com)"
216.73.217.42 - - [21/Sep/2026:11:58:20 +0200] "GET /proyectos/agua-y-medioambiente/ HTTP/1.1" 200 127462 "https://grupo-seg.com/?p=1108" "Mozilla/5.0 AppleWebKit/537.36 (KHTML, like Gecko; compatible; ClaudeBot/1.0; +claudebot@anthropic.com)"
89.248.107.232 - - [21/Sep/2026:11:58:21 +0200] "POST /wp-admin/admin-ajax.php?action=async_litespeed&nonce=b4cc4c672a&litespeed_type=imgoptm HTTP/1.1" 200 5698 "-" "WordPress/6.6.2; https://grupo-seg.com"
89.248.107.232 - - [21/Sep/2026:11:58:43 +0200] "POST /wp-cron.php?doing_wp_cron=1789984723.2082679271697998046875 HTTP/1.1" 200 5512 "-" "WordPress/6.6.2; https://grupo-seg.com"
192.42.116.106 - - [21/Sep/2026:11:58:42 +0200] "GET / HTTP/1.1" 200 156989 "https://grupo-seg.com" "Mozilla/5.0 (Linux; Android 6.0.1; SM-G9280) AppleWebKit/537.36 (KHTML, like Gecko) Chrome/80.0.3987.119 Mobile Safari/537.36"
89.248.107.232 - - [21/Sep/2026:11:58:43 +0200] "POST /wp-admin/admin-ajax.php?action=async_litespeed&nonce=b4cc4c672a&litespeed_type=imgoptm HTTP/1.1" 200 5698 "-" "WordPress/6.6.2; https://grupo-seg.com"
192.42.116.106 - - [21/Sep/2026:11:58:46 +0200] "GET /contacto HTTP/1.1" 301 5575 "https://grupo-seg.com/contacto" "Mozilla/5.0 (Linux; Android 6.0.1; SM-G9280) AppleWebKit/537.36 (KHTML, like Gecko) Chrome/80.0.3987.119 Mobile Safari/537.36"
192.42.116.106 - - [21/Sep/2026:11:58:47 +0200] "GET /contacto/ HTTP/1.1" 200 190803 "https://grupo-seg.com/contacto" "Mozilla/5.0 (Linux; Android 6.0.1; SM-G9280) AppleWebKit/537.36 (KHTML, like Gecko) Chrome/80.0.3987.119 Mobile Safari/537.36"
89.248.107.232 - - [21/Sep/2026:11:59:00 +0200] "POST /wp-cron.php?doing_wp_cron=1789984740.8568069934844970703125 HTTP/1.1" 200 5512 "-" "WordPress/6.6.2; https://grupo-seg.com"
192.42.116.106 - - [21/Sep/2026:11:59:00 +0200] "GET / HTTP/1.1" 200 157019 "https://grupo-seg.com" "Mozilla/5.0 (Linux; Android 6.0.1; SM-G9280) AppleWebKit/537.36 (KHTML, like Gecko) Chrome/80.0.3987.119 Mobile Safari/537.36"
89.248.107.232 - - [21/Sep/2026:11:59:08 +0200] "POST /wp-cron.php?doing_wp_cron=1789984748.9097020626068115234375 HTTP/1.1" 200 5512 "-" "WordPress/6.6.2; https://grupo-seg.com"
192.42.116.106 - - [21/Sep/2026:11:59:08 +0200] "GET /servicios HTTP/1.1" 301 5576 "https://grupo-seg.com/servicios" "Mozilla/5.0 (Linux; Android 6.0.1; SM-G9280) AppleWebKit/537.36 (KHTML, like Gecko) Chrome/80.0.3987.119 Mobile Safari/537.36"
192.42.116.106 - - [21/Sep/2026:11:59:09 +0200] "GET /servicios/ HTTP/1.1" 200 193769 "https://grupo-seg.com/servicios" "Mozilla/5.0 (Linux; Android 6.0.1; SM-G9280) AppleWebKit/537.36 (KHTML, like Gecko) Chrome/80.0.3987.119 Mobile Safari/537.36"
187.13.187.105 - - [21/Sep/2026:11:59:13 +0200] "POST /AutoDiscover/autodiscover.xml HTTP/1.1" 404 92217 "-" "Microsoft Office/16.0 (Windows NT 10.0; Microsoft Word 16.0.20326; Pro)"
192.42.116.106 - - [21/Sep/2026:11:59:15 +0200] "GET /proyectos HTTP/1.1" 301 5576 "https://grupo-seg.com/proyectos" "Mozilla/5.0 (Linux; Android 6.0.1; SM-G9280) AppleWebKit/537.36 (KHTML, like Gecko) Chrome/80.0.3987.119 Mobile Safari/537.36"
192.42.116.106 - - [21/Sep/2026:11:59:15 +0200] "GET /proyectos/ HTTP/1.1" 200 938801 "https://grupo-seg.com/proyectos" "Mozilla/5.0 (Linux; Android 6.0.1; SM-G9280) AppleWebKit/537.36 (KHTML, like Gecko) Chrome/80.0.3987.119 Mobile Safari/537.36"
192.42.116.106 - - [21/Sep/2026:11:59:22 +0200] "GET /paises HTTP/1.1" 301 5573 "https://grupo-seg.com/paises" "Mozilla/5.0 (Linux; Android 6.0.1; SM-G9280) AppleWebKit/537.36 (KHTML, like Gecko) Chrome/80.0.3987.119 Mobile Safari/537.36"
192.42.116.106 - - [21/Sep/2026:11:59:23 +0200] "GET /paises/ HTTP/1.1" 200 143614 "https://grupo-seg.com/paises" "Mozilla/5.0 (Linux; Android 6.0.1; SM-G9280) AppleWebKit/537.36 (KHTML, like Gecko) Chrome/80.0.3987.119 Mobile Safari/537.36"
89.248.107.232 - - [21/Sep/2026:11:59:34 +0200] "POST /wp-cron.php?doing_wp_cron=1789984774.4148879051208496093750 HTTP/1.1" 200 5512 "-" "WordPress/6.6.2; https://grupo-seg.com"
192.42.116.106 - - [21/Sep/2026:11:59:34 +0200] "GET /actualidad HTTP/1.1" 301 5577 "https://grupo-seg.com/actualidad" "Mozilla/5.0 (Linux; Android 6.0.1; SM-G9280) AppleWebKit/537.36 (KHTML, like Gecko) Chrome/80.0.3987.119 Mobile Safari/537.36"
89.248.107.232 - - [21/Sep/2026:11:59:34 +0200] "POST /wp-admin/admin-ajax.php?action=async_litespeed&nonce=b4cc4c672a&litespeed_type=imgoptm HTTP/1.1" 200 5698 "-" "WordPress/6.6.2; https://grupo-seg.com"
192.42.116.106 - - [21/Sep/2026:11:59:34 +0200] "GET /actualidad/ HTTP/1.1" 200 137610 "https://grupo-seg.com/actualidad" "Mozilla/5.0 (Linux; Android 6.0.1; SM-G9280) AppleWebKit/537.36 (KHTML, like Gecko) Chrome/80.0.3987.119 Mobile Safari/537.36"
2.139.158.128 - - [21/Sep/2026:11:59:36 +0200] "POST /AutoDiscover/autodiscover.xml HTTP/1.1" 404 92217 "-" "Microsoft Office/16.0 (Windows NT 10.0; Microsoft Excel 16.0.20326; Pro)"
89.248.107.232 - - [21/Sep/2026:11:59:42 +0200] "POST /wp-cron.php?doing_wp_cron=1789984782.7412660121917724609375 HTTP/1.1" 200 5512 "-" "WordPress/6.6.2; https://grupo-seg.com/en/"
192.42.116.106 - - [21/Sep/2026:11:59:42 +0200] "GET /en HTTP/1.1" 301 5615 "https://grupo-seg.com/en" "Mozilla/5.0 (Linux; Android 6.0.1; SM-G9280) AppleWebKit/537.36 (KHTML, like Gecko) Chrome/80.0.3987.119 Mobile Safari/537.36"
192.42.116.106 - - [21/Sep/2026:11:59:43 +0200] "GET /en/ HTTP/1.1" 200 157162 "https://grupo-seg.com/en" "Mozilla/5.0 (Linux; Android 6.0.1; SM-G9280) AppleWebKit/537.36 (KHTML, like Gecko) Chrome/80.0.3987.119 Mobile Safari/537.36"
192.42.116.106 - - [21/Sep/2026:11:59:49 +0200] "GET /sobre-nosotros HTTP/1.1" 301 5581 "https://grupo-seg.com/sobre-nosotros" "Mozilla/5.0 (Linux; Android 6.0.1; SM-G9280) AppleWebKit/537.36 (KHTML, like Gecko) Chrome/80.0.3987.119 Mobile Safari/537.36"
192.42.116.106 - - [21/Sep/2026:11:59:50 +0200] "GET /sobre-nosotros/ HTTP/1.1" 200 247038 "https://grupo-seg.com/sobre-nosotros" "Mozilla/5.0 (Linux; Android 6.0.1; SM-G9280) AppleWebKit/537.36 (KHTML, like Gecko) Chrome/80.0.3987.119 Mobile Safari/537.36"
89.248.107.232 - - [21/Sep/2026:12:00:04 +0200] "POST /wp-cron.php?doing_wp_cron=1789984804.1304841041564941406250 HTTP/1.1" 200 5512 "-" "WordPress/6.6.2; https://grupo-seg.com"
152.163.232.121 - - [21/Sep/2026:12:00:03 +0200] "GET /robots.txt HTTP/1.1" 200 5679 "https://www.seg-sa.es/robots.txt" "Mozilla/5.0 (compatible; ExaSearchBot/1.0; +https://crawler.exa.ai/)"
89.248.107.232 - - [21/Sep/2026:12:01:57 +0200] "POST /wp-cron.php?doing_wp_cron=1789984917.4438149929046630859375 HTTP/1.1" 200 5512 "-" "WordPress/6.6.2; https://grupo-seg.com"
52.167.144.161 - - [21/Sep/2026:12:01:57 +0200] "GET /hart886/xhthppse.html HTTP/1.1" 404 97436 "-" "Mozilla/5.0 AppleWebKit/537.36 (KHTML, like Gecko; compatible; bingbot/2.0; +http://www.bing.com/bingbot.htm) Chrome/116.0.1938.76 Safari/537.36"
89.248.107.232 - - [21/Sep/2026:12:01:58 +0200] "POST /wp-admin/admin-ajax.php?action=async_litespeed&nonce=b4cc4c672a&litespeed_type=imgoptm HTTP/1.1" 200 5698 "-" "WordPress/6.6.2; https://grupo-seg.com"
89.248.107.232 - - [21/Sep/2026:12:02:08 +0200] "POST /wp-cron.php?doing_wp_cron=1789984928.7747259140014648437500 HTTP/1.1" 200 5512 "-" "WordPress/6.6.2; https://grupo-seg.com"
52.167.144.166 - - [21/Sep/2026:12:02:08 +0200] "GET /kfue1290825teitimsm.htm HTTP/1.1" 404 97421 "-" "Mozilla/5.0 AppleWebKit/537.36 (KHTML, like Gecko; compatible; bingbot/2.0; +http://www.bing.com/bingbot.htm) Chrome/116.0.1938.76 Safari/537.36"
188.26.195.35 - - [21/Sep/2026:12:02:19 +0200] "POST /AutoDiscover/autodiscover.xml HTTP/1.1" 404 92217 "-" "Microsoft Office/16.0 (Windows NT 10.0; Microsoft Excel 16.0.20326; Pro)"
89.248.107.232 - - [21/Sep/2026:12:02:55 +0200] "POST /wp-cron.php?doing_wp_cron=1789984975.1080970764160156250000 HTTP/1.1" 200 5512 "-" "WordPress/6.6.2; https://grupo-seg.com"
52.165.253.126 - - [21/Sep/2026:12:02:54 +0200] "GET /robots.txt HTTP/1.1" 200 5679 "-" "Mozilla/5.0 (compatible; LeadGennyResearchBot/0.1; +https://detris.ai/bot)"
52.165.253.126 - - [21/Sep/2026:12:02:55 +0200] "GET /robots.txt HTTP/1.1" 200 5679 "-" "Mozilla/5.0 (compatible; LeadGennyResearchBot/0.1; +https://detris.ai/bot)"
89.248.107.232 - - [21/Sep/2026:12:02:56 +0200] "POST /wp-admin/admin-ajax.php?action=async_litespeed&nonce=b4cc4c672a&litespeed_type=imgoptm HTTP/1.1" 200 5698 "-" "WordPress/6.6.2; https://grupo-seg.com"
52.165.253.126 - - [21/Sep/2026:12:02:56 +0200] "GET / HTTP/1.1" 200 165847 "-" "Mozilla/5.0 (compatible; LeadGennyResearchBot/0.1; +https://detris.ai/bot)"
52.165.253.126 - - [21/Sep/2026:12:02:59 +0200] "GET /aviso-legal/ HTTP/1.1" 200 122790 "-" "Mozilla/5.0 (compatible; LeadGennyResearchBot/0.1; +https://detris.ai/bot)"
89.248.107.232 - - [21/Sep/2026:12:03:02 +0200] "POST /wp-cron.php?doing_wp_cron=1789984982.0558979511260986328125 HTTP/1.1" 200 5512 "-" "WordPress/6.6.2; https://grupo-seg.com"
52.165.253.126 - - [21/Sep/2026:12:03:01 +0200] "GET /politica-de-cookies/ HTTP/1.1" 200 121722 "-" "Mozilla/5.0 (compatible; LeadGennyResearchBot/0.1; +https://detris.ai/bot)"
52.165.253.126 - - [21/Sep/2026:12:03:04 +0200] "GET /politica-de-privacidad/ HTTP/1.1" 200 141175 "-" "Mozilla/5.0 (compatible; LeadGennyResearchBot/0.1; +https://detris.ai/bot)"
52.165.253.126 - - [21/Sep/2026:12:03:06 +0200] "GET /contacto HTTP/1.1" 301 5575 "-" "Mozilla/5.0 (compatible; LeadGennyResearchBot/0.1; +https://detris.ai/bot)"
52.165.253.126 - - [21/Sep/2026:12:03:07 +0200] "GET /contacto/ HTTP/1.1" 200 199540 "-" "Mozilla/5.0 (compatible; LeadGennyResearchBot/0.1; +https://detris.ai/bot)"
104.28.88.143 - - [21/Sep/2026:12:03:13 +0200] "GET /.well-known/passkey-endpoints HTTP/1.1" 404 97421 "-" "com.apple.AuthenticationServicesCore.AuthenticationServicesAgent/8624.5.1.10.3 CFNetwork/3860.700.2 Darwin/25.6.0"
89.248.107.232 - - [21/Sep/2026:12:07:04 +0200] "POST /wp-cron.php?doing_wp_cron=1789985224.5892798900604248046875 HTTP/1.1" 200 5512 "-" "WordPress/6.6.2; https://grupo-seg.com"
20.15.133.165 - - [21/Sep/2026:12:07:04 +0200] "GET /robots.txt HTTP/1.1" 301 5576 "-" "Mozilla/5.0 AppleWebKit/537.36 (KHTML, like Gecko; compatible; bingbot/2.0; +http://www.bing.com/bingbot.htm) Chrome/116.0.1938.76 Safari/537.36"
20.15.133.165 - - [21/Sep/2026:12:07:05 +0200] "GET /robots.txt HTTP/1.1" 200 5679 "-" "Mozilla/5.0 AppleWebKit/537.36 (KHTML, like Gecko; compatible; bingbot/2.0; +http://www.bing.com/bingbot.htm) Chrome/116.0.1938.76 Safari/537.36"
20.15.133.165 - - [21/Sep/2026:12:07:05 +0200] "GET /robots.txt HTTP/1.1" 301 5576 "-" "Mozilla/5.0 AppleWebKit/537.36 (KHTML, like Gecko; compatible; bingbot/2.0; +http://www.bing.com/bingbot.htm) Chrome/116.0.1938.76 Safari/537.36"
89.248.107.232 - - [21/Sep/2026:12:07:05 +0200] "POST /wp-admin/admin-ajax.php?action=async_litespeed&nonce=b4cc4c672a&litespeed_type=imgoptm HTTP/1.1" 200 5698 "-" "WordPress/6.6.2; https://grupo-seg.com"
20.15.133.165 - - [21/Sep/2026:12:07:06 +0200] "GET /robots.txt HTTP/1.1" 200 5679 "-" "Mozilla/5.0 AppleWebKit/537.36 (KHTML, like Gecko; compatible; bingbot/2.0; +http://www.bing.com/bingbot.htm) Chrome/116.0.1938.76 Safari/537.36"
52.167.144.161 - - [21/Sep/2026:12:07:08 +0200] "GET /laci401442iistoemdsgod HTTP/1.1" 404 97436 "-" "Mozilla/5.0 AppleWebKit/537.36 (KHTML, like Gecko; compatible; bingbot/2.0; +http://www.bing.com/bingbot.htm) Chrome/116.0.1938.76 Safari/537.36"
89.248.107.232 - - [21/Sep/2026:12:07:34 +0200] "POST /wp-cron.php?doing_wp_cron=1789985253.9475159645080566406250 HTTP/1.1" 200 5512 "-" "WordPress/6.6.2; https://grupo-seg.com"
79.117.193.47 - - [21/Sep/2026:12:07:33 +0200] "OPTIONS /Datos HTTP/1.1" 404 92217 "-" "Microsoft-WebDAV-MiniRedir/10.0.26100"
89.248.107.232 - - [21/Sep/2026:12:07:34 +0200] "POST /wp-admin/admin-ajax.php?action=async_litespeed&nonce=b4cc4c672a&litespeed_type=imgoptm HTTP/1.1" 200 5698 "-" "WordPress/6.6.2; https://grupo-seg.com"
89.248.107.232 - - [21/Sep/2026:12:08:02 +0200] "POST /wp-cron.php?doing_wp_cron=1789985282.2956249713897705078125 HTTP/1.1" 200 5512 "-" "WordPress/6.6.2; https://grupo-seg.com"
52.167.144.168 - - [21/Sep/2026:12:08:01 +0200] "GET /ljpadirectorynpsi/198 HTTP/1.1" 404 97436 "-" "Mozilla/5.0 AppleWebKit/537.36 (KHTML, like Gecko; compatible; bingbot/2.0; +http://www.bing.com/bingbot.htm) Chrome/116.0.1938.76 Safari/537.36"
52.167.144.166 - - [21/Sep/2026:12:08:02 +0200] "GET /twuk1519707iistodeomsgd.htm HTTP/1.1" 404 97421 "-" "Mozilla/5.0 AppleWebKit/537.36 (KHTML, like Gecko; compatible; bingbot/2.0; +http://www.bing.com/bingbot.htm) Chrome/116.0.1938.76 Safari/537.36"
89.248.107.232 - - [21/Sep/2026:12:08:38 +0200] "POST /wp-cron.php?doing_wp_cron=1789985318.3138129711151123046875 HTTP/1.1" 200 5512 "-" "WordPress/6.6.2; https://grupo-seg.com"
52.167.144.168 - - [21/Sep/2026:12:08:37 +0200] "GET /kyua1693590oismetipdsts HTTP/1.1" 404 97436 "-" "Mozilla/5.0 AppleWebKit/537.36 (KHTML, like Gecko; compatible; bingbot/2.0; +http://www.bing.com/bingbot.htm) Chrome/116.0.1938.76 Safari/537.36"
89.248.107.232 - - [21/Sep/2026:12:08:39 +0200] "POST /wp-admin/admin-ajax.php?action=async_litespeed&nonce=b4cc4c672a&litespeed_type=imgoptm HTTP/1.1" 200 5698 "-" "WordPress/6.6.2; https://grupo-seg.com"
89.248.107.232 - - [21/Sep/2026:12:08:41 +0200] "POST /wp-cron.php?doing_wp_cron=1789985321.6705329418182373046875 HTTP/1.1" 200 5512 "-" "WordPress/6.6.2; https://grupo-seg.com"
52.167.144.168 - - [21/Sep/2026:12:08:41 +0200] "GET /arws1523824todsdoi/psdoigs.htm HTTP/1.1" 404 97436 "-" "Mozilla/5.0 AppleWebKit/537.36 (KHTML, like Gecko; compatible; bingbot/2.0; +http://www.bing.com/bingbot.htm) Chrome/116.0.1938.76 Safari/537.36"
89.248.107.232 - - [21/Sep/2026:12:09:06 +0200] "POST /wp-cron.php?doing_wp_cron=1789985346.0274031162261962890625 HTTP/1.1" 200 5512 "-" "WordPress/6.6.2; https://grupo-seg.com"
54.38.147.45 - - [21/Sep/2026:12:09:05 +0200] "GET /wp-sitemap.xml HTTP/1.1" 200 6217 "-" "Mozilla/5.0 (compatible; AhrefsBot/7.0; +http://ahrefs.com/robot/)"
51.195.183.99 - - [21/Sep/2026:12:09:06 +0200] "GET /wp-sitemap-posts-post-1.xml HTTP/1.1" 200 8170 "-" "Mozilla/5.0 (compatible; AhrefsBot/7.0; +http://ahrefs.com/robot/)"
198.244.240.94 - - [21/Sep/2026:12:09:07 +0200] "GET /wp-sitemap-posts-page-1.xml HTTP/1.1" 200 9189 "-" "Mozilla/5.0 (compatible; AhrefsBot/7.0; +http://ahrefs.com/robot/)"
51.195.183.2 - - [21/Sep/2026:12:09:09 +0200] "GET /wp-sitemap-posts-portfolio-1.xml HTTP/1.1" 200 17286 "-" "Mozilla/5.0 (compatible; AhrefsBot/7.0; +http://ahrefs.com/robot/)"
51.195.215.31 - - [21/Sep/2026:12:09:10 +0200] "GET /wp-sitemap-posts-mgeo_map-1.xml HTTP/1.1" 200 6011 "-" "Mozilla/5.0 (compatible; AhrefsBot/7.0; +http://ahrefs.com/robot/)"
51.195.244.141 - - [21/Sep/2026:12:09:11 +0200] "GET /wp-sitemap-taxonomies-category-1.xml HTTP/1.1" 200 6256 "-" "Mozilla/5.0 (compatible; AhrefsBot/7.0; +http://ahrefs.com/robot/)"
51.195.244.223 - - [21/Sep/2026:12:09:12 +0200] "GET /wp-sitemap-taxonomies-project-type-1.xml HTTP/1.1" 200 6924 "-" "Mozilla/5.0 (compatible; AhrefsBot/7.0; +http://ahrefs.com/robot/)"
89.248.107.232 - - [21/Sep/2026:12:09:53 +0200] "POST /wp-cron.php?doing_wp_cron=1789985393.8870949745178222656250 HTTP/1.1" 200 5512 "-" "WordPress/6.6.2; https://grupo-seg.com"
52.167.144.168 - - [21/Sep/2026:12:09:53 +0200] "GET /ihve1881816otsmedisitps.html HTTP/1.1" 404 97421 "-" "Mozilla/5.0 AppleWebKit/537.36 (KHTML, like Gecko; compatible; bingbot/2.0; +http://www.bing.com/bingbot.htm) Chrome/116.0.1938.76 Safari/537.36"
89.248.107.232 - - [21/Sep/2026:12:09:54 +0200] "POST /wp-admin/admin-ajax.php?action=async_litespeed&nonce=b4cc4c672a&litespeed_type=imgoptm HTTP/1.1" 200 5698 "-" "WordPress/6.6.2; https://grupo-seg.com"
89.248.107.232 - - [21/Sep/2026:12:10:00 +0200] "POST /wp-cron.php?doing_wp_cron=1789985400.8324708938598632812500 HTTP/1.1" 200 5512 "-" "WordPress/6.6.2; https://grupo-seg.com"
52.167.144.161 - - [21/Sep/2026:12:10:00 +0200] "GET /server297/lp1ivbtv3.html HTTP/1.1" 404 97421 "-" "Mozilla/5.0 AppleWebKit/537.36 (KHTML, like Gecko; compatible; bingbot/2.0; +http://www.bing.com/bingbot.htm) Chrome/116.0.1938.76 Safari/537.36"
89.248.107.232 - - [21/Sep/2026:12:10:31 +0200] "POST /wp-cron.php?doing_wp_cron=1789985430.9717431068420410156250 HTTP/1.1" 200 5512 "-" "WordPress/6.6.2; https://grupo-seg.com"
52.167.144.25 - - [21/Sep/2026:12:10:30 +0200] "GET /ibxl793592sdtptsimoi HTTP/1.1" 301 5679 "-" "Mozilla/5.0 AppleWebKit/537.36 (KHTML, like Gecko; compatible; bingbot/2.0; +http://www.bing.com/bingbot.htm) Chrome/116.0.1938.76 Safari/537.36"
89.248.107.232 - - [21/Sep/2026:12:10:31 +0200] "POST /wp-admin/admin-ajax.php?action=async_litespeed&nonce=b4cc4c672a&litespeed_type=imgoptm HTTP/1.1" 200 5698 "-" "WordPress/6.6.2; https://grupo-seg.com"
89.248.107.232 - - [21/Sep/2026:12:11:29 +0200] "POST /wp-cron.php?doing_wp_cron=1789985488.9720029830932617187500 HTTP/1.1" 200 5512 "-" "WordPress/6.6.2; https://grupo-seg.com"
9.160.163.141 - - [21/Sep/2026:12:11:28 +0200] "GET / HTTP/1.1" 200 165847 "-" "Mozilla/5.0 AppleWebKit/537.36 (KHTML, like Gecko); compatible; ChatGPT-User/1.0; +https://openai.com/bot"
89.248.107.232 - - [21/Sep/2026:12:11:29 +0200] "POST /wp-admin/admin-ajax.php?action=async_litespeed&nonce=b4cc4c672a&litespeed_type=imgoptm HTTP/1.1" 200 5698 "-" "WordPress/6.6.2; https://grupo-seg.com"
89.248.107.232 - - [21/Sep/2026:12:12:08 +0200] "POST /wp-cron.php?doing_wp_cron=1789985528.4204220771789550781250 HTTP/1.1" 200 5512 "-" "WordPress/6.6.2; https://grupo-seg.com"
5.9.105.254 - - [21/Sep/2026:12:12:08 +0200] "GET /.well-known/security.txt HTTP/1.1" 404 97436 "-" "Mozilla/5.0 (X11; Ubuntu; Linux x86_64; rv:125.0) Gecko/20100101 Firefox/125.0"
89.248.107.232 - - [21/Sep/2026:12:12:46 +0200] "POST /wp-cron.php?doing_wp_cron=1789985566.7413039207458496093750 HTTP/1.1" 200 5512 "-" "WordPress/6.6.2; https://grupo-seg.com"
88.30.85.178 - - [21/Sep/2026:12:12:46 +0200] "POST /AutoDiscover/autodiscover.xml HTTP/1.1" 404 92217 "-" "Microsoft Office/16.0 (Windows NT 10.0; Microsoft Excel 16.0.20326; Pro)"
89.248.107.232 - - [21/Sep/2026:12:12:47 +0200] "POST /wp-admin/admin-ajax.php?action=async_litespeed&nonce=b4cc4c672a&litespeed_type=imgoptm HTTP/1.1" 200 5698 "-" "WordPress/6.6.2; https://grupo-seg.com"
89.248.107.232 - - [21/Sep/2026:12:13:00 +0200] "POST /wp-cron.php?doing_wp_cron=1789985580.4191238880157470703125 HTTP/1.1" 200 5512 "-" "WordPress/6.6.2; https://grupo-seg.com"
40.77.167.71 - - [21/Sep/2026:12:13:00 +0200] "GET /iruw135684ositopsoddgids.html HTTP/1.1" 404 97421 "-" "Mozilla/5.0 AppleWebKit/537.36 (KHTML, like Gecko; compatible; bingbot/2.0; +http://www.bing.com/bingbot.htm) Chrome/116.0.1938.76 Safari/537.36"
40.77.167.71 - - [21/Sep/2026:12:13:01 +0200] "GET /ihdm1668695sipsisd/oemtt.html HTTP/1.1" 404 97421 "-" "Mozilla/5.0 AppleWebKit/537.36 (KHTML, like Gecko; compatible; bingbot/2.0; +http://www.bing.com/bingbot.htm) Chrome/116.0.1938.76 Safari/537.36"
91.92.240.119 - - [21/Sep/2026:12:13:10 +0200] "GET / HTTP/1.1" 200 165847 "-" "Mozilla/5.0 (Windows NT 6.1; WOW64; rv:57.0) Gecko/20100101 Firefox/57.0"
89.248.107.232 - - [21/Sep/2026:12:13:10 +0200] "POST /wp-cron.php?doing_wp_cron=1789985590.8971009254455566406250 HTTP/1.1" 200 5512 "-" "WordPress/6.6.2; https://grupo-seg.com"
91.92.240.119 - - [21/Sep/2026:12:13:10 +0200] "GET / HTTP/1.1" 200 171932 "-" "Mozilla/5.0 (Windows NT 6.1; WOW64; rv:57.0) Gecko/20100101 Firefox/57.0"
91.92.240.119 - - [21/Sep/2026:12:13:10 +0200] "GET / HTTP/1.1" 200 169018 "-" "Mozilla/5.0 (Windows NT 6.1; WOW64; rv:57.0) Gecko/20100101 Firefox/57.0"
91.92.240.119 - - [21/Sep/2026:12:13:10 +0200] "GET / HTTP/1.1" 200 168684 "-" "Mozilla/5.0 (Windows NT 6.1; WOW64; rv:57.0) Gecko/20100101 Firefox/57.0"
91.92.240.119 - - [21/Sep/2026:12:13:13 +0200] "POST /xmlrpc.php HTTP/1.1" 503 25081 "-" "Mozilla/5.0 (Windows NT 6.1; WOW64; rv:57.0) Gecko/20100101 Firefox/57.0"
91.92.240.119 - - [21/Sep/2026:12:13:13 +0200] "POST /xmlrpc.php HTTP/1.1" 503 25081 "-" "Mozilla/5.0 (Windows NT 6.1; WOW64; rv:57.0) Gecko/20100101 Firefox/57.0"
91.92.240.119 - - [21/Sep/2026:12:13:13 +0200] "POST /xmlrpc.php HTTP/1.1" 503 25081 "-" "Mozilla/5.0 (Windows NT 6.1; WOW64; rv:57.0) Gecko/20100101 Firefox/57.0"
91.92.240.119 - - [21/Sep/2026:12:13:13 +0200] "POST /xmlrpc.php HTTP/1.1" 503 25081 "-" "Mozilla/5.0 (Windows NT 6.1; WOW64; rv:57.0) Gecko/20100101 Firefox/57.0"
91.92.240.119 - - [21/Sep/2026:12:13:14 +0200] "GET /wp-login.php HTTP/1.1" 503 24035 "-" "Mozilla/5.0 (Windows NT 6.1; WOW64; rv:57.0) Gecko/20100101 Firefox/57.0"
91.92.240.119 - - [21/Sep/2026:12:13:14 +0200] "GET /wp-login.php HTTP/1.1" 503 24035 "-" "Mozilla/5.0 (Windows NT 6.1; WOW64; rv:57.0) Gecko/20100101 Firefox/57.0"
91.92.240.119 - - [21/Sep/2026:12:13:15 +0200] "GET /wp-login.php HTTP/1.1" 503 24035 "-" "Mozilla/5.0 (Windows NT 6.1; WOW64; rv:57.0) Gecko/20100101 Firefox/57.0"
91.92.240.119 - - [21/Sep/2026:12:13:15 +0200] "GET /wp-login.php HTTP/1.1" 503 24035 "-" "Mozilla/5.0 (Windows NT 6.1; WOW64; rv:57.0) Gecko/20100101 Firefox/57.0"
89.248.107.232 - - [21/Sep/2026:12:13:19 +0200] "POST /?wordfence_syncAttackData=1789985599.0837 HTTP/1.1" 200 5452 "-" "WordPress/6.6.2; https://grupo-seg.com"
159.89.27.23 - - [21/Sep/2026:12:13:18 +0200] "GET /wp-login.php HTTP/1.1" 200 13731 "-" "Mozilla/5.0 (Windows NT 10.0; Win64; x64) AppleWebKit/537.36 (KHTML, like Gecko) Chrome/127.0.0.0 Safari/537.36"
159.89.27.23 - - [21/Sep/2026:12:13:19 +0200] "GET /wp-json/wp/v2/users?per_page=100&context=edit HTTP/1.1" 401 5951 "-" "Mozilla/5.0 (Windows NT 10.0; Win64; x64) AppleWebKit/537.36 (KHTML, like Gecko) Chrome/127.0.0.0 Safari/537.36"
159.89.27.23 - - [21/Sep/2026:12:13:20 +0200] "GET /wp-json/wp/v2/users?per_page=100 HTTP/1.1" 401 5951 "-" "Mozilla/5.0 (Windows NT 10.0; Win64; x64) AppleWebKit/537.36 (KHTML, like Gecko) Chrome/127.0.0.0 Safari/537.36"
159.89.27.23 - - [21/Sep/2026:12:13:20 +0200] "GET /?rest_route=/wp/v2/users&per_page=100 HTTP/1.1" 401 5951 "-" "Mozilla/5.0 (Windows NT 10.0; Win64; x64) AppleWebKit/537.36 (KHTML, like Gecko) Chrome/127.0.0.0 Safari/537.36"
159.89.27.23 - - [21/Sep/2026:12:13:21 +0200] "GET /index.php?rest_route=/wp/v2/users&per_page=100 HTTP/1.1" 401 5951 "-" "Mozilla/5.0 (Windows NT 10.0; Win64; x64) AppleWebKit/537.36 (KHTML, like Gecko) Chrome/127.0.0.0 Safari/537.36"
159.89.27.23 - - [21/Sep/2026:12:13:21 +0200] "GET /feed/ HTTP/1.1" 200 100998 "-" "Mozilla/5.0 (Windows NT 10.0; Win64; x64) AppleWebKit/537.36 (KHTML, like Gecko) Chrome/127.0.0.0 Safari/537.36"
159.89.27.23 - - [21/Sep/2026:12:13:21 +0200] "GET /wp-sitemap-users-1.xml HTTP/1.1" 200 115744 "-" "Mozilla/5.0 (Windows NT 10.0; Win64; x64) AppleWebKit/537.36 (KHTML, like Gecko) Chrome/127.0.0.0 Safari/537.36"
159.89.27.23 - - [21/Sep/2026:12:13:22 +0200] "GET /wp-sitemap.xml HTTP/1.1" 200 6217 "-" "Mozilla/5.0 (Windows NT 10.0; Win64; x64) AppleWebKit/537.36 (KHTML, like Gecko) Chrome/127.0.0.0 Safari/537.36"
159.89.27.23 - - [21/Sep/2026:12:13:23 +0200] "GET /sitemap.xml HTTP/1.1" 302 5555 "-" "Mozilla/5.0 (Windows NT 10.0; Win64; x64) AppleWebKit/537.36 (KHTML, like Gecko) Chrome/127.0.0.0 Safari/537.36"
159.89.27.23 - - [21/Sep/2026:12:13:23 +0200] "GET /wp-sitemap.xml HTTP/1.1" 200 6217 "https://grupo-seg.com/sitemap.xml" "Mozilla/5.0 (Windows NT 10.0; Win64; x64) AppleWebKit/537.36 (KHTML, like Gecko) Chrome/127.0.0.0 Safari/537.36"
89.248.107.232 - - [21/Sep/2026:12:13:25 +0200] "POST /wp-cron.php?doing_wp_cron=1789985605.2160398960113525390625 HTTP/1.1" 200 5512 "-" "WordPress/6.6.2; https://grupo-seg.com"
159.89.27.23 - - [21/Sep/2026:12:13:24 +0200] "GET /?author=1 HTTP/1.1" 404 73720 "-" "Mozilla/5.0 (Windows NT 10.0; Win64; x64) AppleWebKit/537.36 (KHTML, like Gecko) Chrome/127.0.0.0 Safari/537.36"
159.89.27.23 - - [21/Sep/2026:12:13:24 +0200] "POST /xmlrpc.php HTTP/1.1" 503 25081 "-" "Mozilla/5.0 (Windows NT 10.0; Win64; x64) AppleWebKit/537.36 (KHTML, like Gecko) Chrome/127.0.0.0 Safari/537.36"
159.89.27.23 - - [21/Sep/2026:12:13:26 +0200] "GET /?author=2 HTTP/1.1" 503 24989 "-" "Mozilla/5.0 (Windows NT 10.0; Win64; x64) AppleWebKit/537.36 (KHTML, like Gecko) Chrome/127.0.0.0 Safari/537.36"
159.89.27.23 - - [21/Sep/2026:12:13:24 +0200] "GET / HTTP/1.1" 200 165817 "-" "Mozilla/5.0 (Windows NT 10.0; Win64; x64) AppleWebKit/537.36 (KHTML, like Gecko) Chrome/127.0.0.0 Safari/537.36"
159.89.27.23 - - [21/Sep/2026:12:13:26 +0200] "GET /?author=3 HTTP/1.1" 503 24035 "-" "Mozilla/5.0 (Windows NT 10.0; Win64; x64) AppleWebKit/537.36 (KHTML, like Gecko) Chrome/127.0.0.0 Safari/537.36"
89.248.107.232 - - [21/Sep/2026:12:13:26 +0200] "POST /wp-admin/admin-ajax.php?action=async_litespeed&nonce=b4cc4c672a&litespeed_type=imgoptm HTTP/1.1" 200 5698 "-" "WordPress/6.6.2; https://grupo-seg.com"
159.89.27.23 - - [21/Sep/2026:12:13:26 +0200] "GET /?author=4 HTTP/1.1" 503 24035 "-" "Mozilla/5.0 (Windows NT 10.0; Win64; x64) AppleWebKit/537.36 (KHTML, like Gecko) Chrome/127.0.0.0 Safari/537.36"
159.89.27.23 - - [21/Sep/2026:12:13:26 +0200] "GET /?author=5 HTTP/1.1" 503 24035 "-" "Mozilla/5.0 (Windows NT 10.0; Win64; x64) AppleWebKit/537.36 (KHTML, like Gecko) Chrome/127.0.0.0 Safari/537.36"
159.89.27.23 - - [21/Sep/2026:12:13:27 +0200] "GET /?author=6 HTTP/1.1" 503 24035 "-" "Mozilla/5.0 (Windows NT 10.0; Win64; x64) AppleWebKit/537.36 (KHTML, like Gecko) Chrome/127.0.0.0 Safari/537.36"
159.89.27.23 - - [21/Sep/2026:12:13:27 +0200] "GET /?author=7 HTTP/1.1" 503 24035 "-" "Mozilla/5.0 (Windows NT 10.0; Win64; x64) AppleWebKit/537.36 (KHTML, like Gecko) Chrome/127.0.0.0 Safari/537.36"
159.89.27.23 - - [21/Sep/2026:12:13:27 +0200] "GET /?author=8 HTTP/1.1" 503 24035 "-" "Mozilla/5.0 (Windows NT 10.0; Win64; x64) AppleWebKit/537.36 (KHTML, like Gecko) Chrome/127.0.0.0 Safari/537.36"
159.89.27.23 - - [21/Sep/2026:12:13:27 +0200] "GET /?author=9 HTTP/1.1" 503 24035 "-" "Mozilla/5.0 (Windows NT 10.0; Win64; x64) AppleWebKit/537.36 (KHTML, like Gecko) Chrome/127.0.0.0 Safari/537.36"
159.89.27.23 - - [21/Sep/2026:12:13:28 +0200] "GET /?author=10 HTTP/1.1" 503 24035 "-" "Mozilla/5.0 (Windows NT 10.0; Win64; x64) AppleWebKit/537.36 (KHTML, like Gecko) Chrome/127.0.0.0 Safari/537.36"
89.248.107.232 - - [21/Sep/2026:12:13:48 +0200] "POST /?wordfence_syncAttackData=1789985628.2105 HTTP/1.1" 200 5452 "-" "WordPress/6.6.2; https://grupo-seg.com"
89.248.107.232 - - [21/Sep/2026:12:13:48 +0200] "POST /wp-cron.php?doing_wp_cron=1789985628.9152989387512207031250 HTTP/1.1" 200 5512 "-" "WordPress/6.6.2; https://grupo-seg.com"
52.167.144.168 - - [21/Sep/2026:12:13:47 +0200] "GET /lawrence9n/elsxyrgo.html HTTP/1.1" 404 97436 "-" "Mozilla/5.0 AppleWebKit/537.36 (KHTML, like Gecko; compatible; bingbot/2.0; +http://www.bing.com/bingbot.htm) Chrome/116.0.1938.76 Safari/537.36"
89.248.107.232 - - [21/Sep/2026:12:14:02 +0200] "POST /wp-cron.php?doing_wp_cron=1789985642.8787729740142822265625 HTTP/1.1" 200 5512 "-" "WordPress/6.6.2; https://grupo-seg.com"
2.139.158.128 - - [21/Sep/2026:12:14:02 +0200] "POST /AutoDiscover/autodiscover.xml HTTP/1.1" 404 92253 "-" "Microsoft Office/16.0 (Windows NT 10.0; Microsoft Excel 16.0.20326; Pro)"
5.9.105.254 - - [21/Sep/2026:12:14:04 +0200] "GET /security.txt HTTP/1.1" 404 97421 "-" "Mozilla/5.0 (Macintosh; Intel Mac OS X 10_15_7) AppleWebKit/605.1.15 (KHTML, like Gecko) Version/17.4 Safari/605.1.15"
89.248.107.232 - - [21/Sep/2026:12:15:08 +0200] "POST /wp-cron.php?doing_wp_cron=1789985708.0012888908386230468750 HTTP/1.1" 200 5512 "-" "WordPress/6.6.2; https://grupo-seg.com"
5.9.105.254 - - [21/Sep/2026:12:15:07 +0200] "GET /llms.txt HTTP/1.1" 404 97421 "-" "Mozilla/5.0 (X11; Linux x86_64) AppleWebKit/537.36 (KHTML, like Gecko) Chrome/124.0.0.0 Safari/537.36"
89.248.107.232 - - [21/Sep/2026:12:15:08 +0200] "POST /wp-admin/admin-ajax.php?action=async_litespeed&nonce=b4cc4c672a&litespeed_type=imgoptm HTTP/1.1" 200 5698 "-" "WordPress/6.6.2; https://grupo-seg.com"
89.248.107.232 - - [21/Sep/2026:12:16:30 +0200] "POST /wp-cron.php?doing_wp_cron=1789985790.1568429470062255859375 HTTP/1.1" 200 5512 "-" "WordPress/6.6.2; https://grupo-seg.com"
5.9.105.254 - - [21/Sep/2026:12:16:29 +0200] "GET /ai.txt HTTP/1.1" 404 97421 "-" "Mozilla/5.0 (Windows NT 10.0; Win64; x64; rv:125.0) Gecko/20100101 Firefox/125.0"
89.248.107.232 - - [21/Sep/2026:12:16:30 +0200] "POST /wp-admin/admin-ajax.php?action=async_litespeed&nonce=b4cc4c672a&litespeed_type=imgoptm HTTP/1.1" 200 5698 "-" "WordPress/6.6.2; https://grupo-seg.com"
89.248.107.232 - - [21/Sep/2026:12:17:15 +0200] "POST /wp-cron.php?doing_wp_cron=1789985835.2355840206146240234375 HTTP/1.1" 200 5512 "-" "WordPress/6.6.2; https://grupo-seg.com"
40.77.167.136 - - [21/Sep/2026:12:17:14 +0200] "GET /sakomaipuroteini/0005806621.html HTTP/1.1" 301 5691 "-" "Mozilla/5.0 AppleWebKit/537.36 (KHTML, like Gecko; compatible; bingbot/2.0; +http://www.bing.com/bingbot.htm) Chrome/116.0.1938.76 Safari/537.36"
40.77.167.123 - - [21/Sep/2026:12:17:18 +0200] "GET /kfue937931z389spt6/0745i2d1os.html HTTP/1.1" 301 5693 "-" "Mozilla/5.0 AppleWebKit/537.36 (KHTML, like Gecko; compatible; bingbot/2.0; +http://www.bing.com/bingbot.htm) Chrome/116.0.1938.76 Safari/537.36"
40.77.167.123 - - [21/Sep/2026:12:17:18 +0200] "GET /ptse538604eticpomdstruid.html HTTP/1.1" 301 5688 "-" "Mozilla/5.0 AppleWebKit/537.36 (KHTML, like Gecko; compatible; bingbot/2.0; +http://www.bing.com/bingbot.htm) Chrome/116.0.1938.76 Safari/537.36"
89.248.107.232 - - [21/Sep/2026:12:17:29 +0200] "POST /wp-cron.php?doing_wp_cron=1789985849.4959089756011962890625 HTTP/1.1" 200 5512 "-" "WordPress/6.6.2; https://grupo-seg.com"
40.77.167.71 - - [21/Sep/2026:12:17:29 +0200] "GET /goatekusuinfunia/0004174574.html HTTP/1.1" 404 97421 "-" "Mozilla/5.0 AppleWebKit/537.36 (KHTML, like Gecko; compatible; bingbot/2.0; +http://www.bing.com/bingbot.htm) Chrome/116.0.1938.76 Safari/537.36"
89.248.107.232 - - [21/Sep/2026:12:17:30 +0200] "POST /wp-admin/admin-ajax.php?action=async_litespeed&nonce=b4cc4c672a&litespeed_type=imgoptm HTTP/1.1" 200 5698 "-" "WordPress/6.6.2; https://grupo-seg.com"
89.248.107.232 - - [21/Sep/2026:12:18:30 +0200] "POST /wp-cron.php?doing_wp_cron=1789985910.6279730796813964843750 HTTP/1.1" 200 5512 "-" "WordPress/6.6.2; https://grupo-seg.com"
64.31.20.24 - - [21/Sep/2026:12:18:30 +0200] "GET /contactanos/?chronoform=contacto_espana&event=submit&Nombre=Bnuolopics&Apellidos=&Empresa=&Correo=&Asunto=Romanticality+<a+href%3Dhttps%3A%2F%2F1xbetbonuses.com%2F HTTP/1.1" 301 5821 "https://www.grupo-seg.com/contactanos/?chronoform=contacto_espana&event=submit&Nombre=Bnuolopics&Apellidos=&Empresa=&Correo=&Asunto=Romanticality+<a+href%3Dhttps%3A%2F%2F1xbetbonuses.com%2F" "Mozilla/5.0 (Windows NT 10.0; Win64; x64) AppleWebKit/537.36 (KHTML, like Gecko) Chrome/131.0.0.0 Safari/537.36 Avast/131.0.0.0"
64.31.20.24 - - [21/Sep/2026:12:18:31 +0200] "GET /contactanos/?chronoform=contacto_espana&event=submit&Nombre=Bnuolopics&Apellidos=&Empresa=&Correo=&Asunto=Romanticality+<a+href%3Dhttps%3A%2F%2F1xbetbonuses.com%2F HTTP/1.1" 301 5821 "https://www.grupo-seg.com/contactanos/?chronoform=contacto_espana&event=submit&Nombre=Bnuolopics&Apellidos=&Empresa=&Correo=&Asunto=Romanticality+<a+href%3Dhttps%3A%2F%2F1xbetbonuses.com%2F" "Mozilla/5.0 (Windows NT 10.0; Win64; x64) AppleWebKit/537.36 (KHTML, like Gecko) Chrome/130.0.0.0 Safari/537.36 CCleaner/130.0.0.0"
89.248.107.232 - - [21/Sep/2026:12:18:31 +0200] "POST /wp-admin/admin-ajax.php?action=async_litespeed&nonce=b4cc4c672a&litespeed_type=imgoptm HTTP/1.1" 200 5698 "-" "WordPress/6.6.2; https://grupo-seg.com"
64.31.20.24 - - [21/Sep/2026:12:18:33 +0200] "GET /contactanos/?chronoform=contacto_espana&event=submit&Nombre=Bnuolopics&Apellidos=&Empresa=&Correo=&Asunto=Romanticality+a+href%3Dhttps%3A%2F%2F1xbetbonuses.com%2F HTTP/1.1" 404 97421 "https://grupo-seg.com/contactanos/?chronoform=contacto_espana&event=submit&Nombre=Bnuolopics&Apellidos=&Empresa=&Correo=&Asunto=Romanticality+a+href%3Dhttps%3A%2F%2F1xbetbonuses.com%2F" "Mozilla/5.0 (Windows NT 10.0; Win64; x64) AppleWebKit/537.36 (KHTML, like Gecko) Chrome/130.0.0.0 Safari/537.36 CCleaner/130.0.0.0"
64.31.20.24 - - [21/Sep/2026:12:18:34 +0200] "GET /contactanos/?chronoform=contacto_espana&event=submit&Nombre=Bnuolopics&Apellidos=&Empresa=&Correo=&Asunto=Romanticality+a+href%3Dhttps%3A%2F%2F1xbetbonuses.com%2F HTTP/1.1" 404 97421 "https://grupo-seg.com/contactanos/?chronoform=contacto_espana&event=submit&Nombre=Bnuolopics&Apellidos=&Empresa=&Correo=&Asunto=Romanticality+a+href%3Dhttps%3A%2F%2F1xbetbonuses.com%2F" "Mozilla/5.0 (Windows NT 10.0; Win64; x64) AppleWebKit/537.36 (KHTML, like Gecko) Chrome/131.0.0.0 Safari/537.36 Avast/131.0.0.0"
64.31.20.24 - - [21/Sep/2026:12:18:35 +0200] "GET /contactanos/?chronoform=contacto_espana&event=submit&Nombre=Bnuolopics&Apellidos=&Empresa=&Correo=&Asunto=Romanticality+<a+href%3Dhttps%3A%2F%2F1xbetbonuses.com%2F HTTP/1.1" 301 5821 "https://www.grupo-seg.com/contactanos/?chronoform=contacto_espana&event=submit&Nombre=Bnuolopics&Apellidos=&Empresa=&Correo=&Asunto=Romanticality+<a+href%3Dhttps%3A%2F%2F1xbetbonuses.com%2F" "Mozilla/5.0 (Windows NT 10.0; Win64; x64) AppleWebKit/537.36 (KHTML, like Gecko) Chrome/130.0.0.0 Safari/537.36 CCleaner/130.0.0.0"
64.31.20.24 - - [21/Sep/2026:12:18:38 +0200] "GET /contactanos/?chronoform=contacto_espana&event=submit&Nombre=Bnuolopics&Apellidos=&Empresa=&Correo=&Asunto=Romanticality+a+href%3Dhttps%3A%2F%2F1xbetbonuses.com%2F HTTP/1.1" 404 97421 "https://grupo-seg.com/contactanos/?chronoform=contacto_espana&event=submit&Nombre=Bnuolopics&Apellidos=&Empresa=&Correo=&Asunto=Romanticality+a+href%3Dhttps%3A%2F%2F1xbetbonuses.com%2F" "Mozilla/5.0 (Windows NT 10.0; Win64; x64) AppleWebKit/537.36 (KHTML, like Gecko) Chrome/130.0.0.0 Safari/537.36 CCleaner/130.0.0.0"
89.248.107.232 - - [21/Sep/2026:12:18:41 +0200] "POST /wp-cron.php?doing_wp_cron=1789985921.8628339767456054687500 HTTP/1.1" 200 5512 "-" "WordPress/6.6.2; https://grupo-seg.com"
64.31.20.24 - - [21/Sep/2026:12:18:41 +0200] "GET /contacto/ HTTP/1.1" 200 199540 "https://grupo-seg.com/contacto/" "Mozilla/5.0 (Windows NT 10.0; Win64; x64) AppleWebKit/537.36 (KHTML, like Gecko) Chrome/131.0.0.0 Safari/537.36 Avast/131.0.0.0"
64.31.20.24 - - [21/Sep/2026:12:18:43 +0200] "GET /contacto/ HTTP/1.1" 200 199636 "https://grupo-seg.com/contacto/" "Mozilla/5.0 (Windows NT 10.0; Win64; x64) AppleWebKit/537.36 (KHTML, like Gecko) Chrome/130.0.0.0 Safari/537.36 CCleaner/130.0.0.0"
64.31.20.24 - - [21/Sep/2026:12:18:47 +0200] "GET /contacto/ HTTP/1.1" 200 199636 "https://grupo-seg.com/contacto/" "Mozilla/5.0 (Windows NT 10.0; Win64; x64) AppleWebKit/537.36 (KHTML, like Gecko) Chrome/130.0.0.0 Safari/537.36 CCleaner/130.0.0.0"
89.248.107.232 - - [21/Sep/2026:12:19:46 +0200] "POST /wp-cron.php?doing_wp_cron=1789985986.4974119663238525390625 HTTP/1.1" 200 5512 "-" "WordPress/6.6.2; https://grupo-seg.com"
64.31.20.24 - - [21/Sep/2026:12:19:46 +0200] "GET /contactanos/?chronoform=contacto_espana&event=submit&Nombre=Bnuolopics&Apellidos=&Empresa=&Correo=&Asunto=Romanticality+<a+href%3Dhttps%3A%2F%2F1xbetbonuses.com%2F HTTP/1.1" 301 5821 "https://www.grupo-seg.com/contactanos/?chronoform=contacto_espana&event=submit&Nombre=Bnuolopics&Apellidos=&Empresa=&Correo=&Asunto=Romanticality+<a+href%3Dhttps%3A%2F%2F1xbetbonuses.com%2F" "Mozilla/5.0 (Windows NT 10.0; Win64; x64) AppleWebKit/537.36 (KHTML, like Gecko) Chrome/130.0.0.0 Safari/537.36"
89.248.107.232 - - [21/Sep/2026:12:19:47 +0200] "POST /wp-admin/admin-ajax.php?action=async_litespeed&nonce=b4cc4c672a&litespeed_type=imgoptm HTTP/1.1" 200 5698 "-" "WordPress/6.6.2; https://grupo-seg.com"
64.31.20.24 - - [21/Sep/2026:12:19:48 +0200] "GET /contactanos/?chronoform=contacto_espana&event=submit&Nombre=Bnuolopics&Apellidos=&Empresa=&Correo=&Asunto=Romanticality+a+href%3Dhttps%3A%2F%2F1xbetbonuses.com%2F HTTP/1.1" 404 97421 "https://grupo-seg.com/contactanos/?chronoform=contacto_espana&event=submit&Nombre=Bnuolopics&Apellidos=&Empresa=&Correo=&Asunto=Romanticality+a+href%3Dhttps%3A%2F%2F1xbetbonuses.com%2F" "Mozilla/5.0 (Windows NT 10.0; Win64; x64) AppleWebKit/537.36 (KHTML, like Gecko) Chrome/130.0.0.0 Safari/537.36"
89.248.107.232 - - [21/Sep/2026:12:19:55 +0200] "POST /wp-cron.php?doing_wp_cron=1789985995.8844230175018310546875 HTTP/1.1" 200 5512 "-" "WordPress/6.6.2; https://grupo-seg.com"
79.117.193.47 - - [21/Sep/2026:12:19:55 +0200] "OPTIONS /Datos HTTP/1.1" 404 92217 "-" "Microsoft-WebDAV-MiniRedir/10.0.26100"
64.31.20.24 - - [21/Sep/2026:12:19:55 +0200] "GET /contacto/ HTTP/1.1" 200 199636 "https://grupo-seg.com/contacto/" "Mozilla/5.0 (Windows NT 10.0; Win64; x64) AppleWebKit/537.36 (KHTML, like Gecko) Chrome/130.0.0.0 Safari/537.36"
192.54.244.135 - - [21/Sep/2026:12:21:42 +0200] "GET / HTTP/1.1" 301 5612 "https://alben4000.com/" "Mozilla/5.0 (compatible; CareerScout/1.0)"
192.54.244.135 - - [21/Sep/2026:12:21:42 +0200] "GET /careers HTTP/1.1" 301 5666 "https://alben4000.com/careers" "Mozilla/5.0 (compatible; CareerScout/1.0)"
89.248.107.232 - - [21/Sep/2026:12:21:44 +0200] "POST /wp-cron.php?doing_wp_cron=1789986104.1290590763092041015625 HTTP/1.1" 200 5512 "-" "WordPress/6.6.2; https://grupo-seg.com"
192.54.244.135 - - [21/Sep/2026:12:21:42 +0200] "GET /en/careers HTTP/1.1" 301 5669 "https://alben4000.com/en/careers" "Mozilla/5.0 (compatible; CareerScout/1.0)"
192.54.244.135 - - [21/Sep/2026:12:21:42 +0200] "GET /company/careers HTTP/1.1" 301 5674 "https://alben4000.com/company/careers" "Mozilla/5.0 (compatible; CareerScout/1.0)"
192.54.244.135 - - [21/Sep/2026:12:21:42 +0200] "GET /about/careers HTTP/1.1" 301 5672 "https://alben4000.com/about/careers" "Mozilla/5.0 (compatible; CareerScout/1.0)"
192.54.244.135 - - [21/Sep/2026:12:21:42 +0200] "GET /jobs HTTP/1.1" 301 5663 "https://alben4000.com/jobs" "Mozilla/5.0 (compatible; CareerScout/1.0)"
89.248.107.232 - - [21/Sep/2026:12:21:45 +0200] "POST /wp-admin/admin-ajax.php?action=async_litespeed&nonce=b4cc4c672a&litespeed_type=imgoptm HTTP/1.1" 200 5698 "-" "WordPress/6.6.2; https://grupo-seg.com"
89.248.107.232 - - [21/Sep/2026:12:23:28 +0200] "POST /wp-cron.php?doing_wp_cron=1789986207.8641500473022460937500 HTTP/1.1" 200 5512 "-" "WordPress/6.6.2; https://grupo-seg.com"
89.248.107.232 - - [21/Sep/2026:12:23:29 +0200] "POST /wp-admin/admin-ajax.php?action=async_litespeed&nonce=b4cc4c672a&litespeed_type=imgoptm HTTP/1.1" 200 5698 "-" "WordPress/6.6.2; https://grupo-seg.com"
194.224.202.150 - - [21/Sep/2026:12:23:27 +0200] "GET /proyectos/ HTTP/1.1" 200 944923 "https://grupo-seg.com/contacto/" "Mozilla/5.0 (Windows NT 10.0; Win64; x64) AppleWebKit/537.36 (KHTML, like Gecko) Chrome/153.0.0.0 Safari/537.36"
