35.239.152.101 - - [21/Sep/2026:05:49:17 +0200] "GET /paises/chile/ HTTP/1.1" 200 145981 "-" "Mozilla/5.0 (Linux; Android 10; K) AppleWebKit/537.36 (KHTML, like Gecko) Chrome/151.0.0.0 Mobile Safari/537.36"
35.239.152.101 - - [21/Sep/2026:05:49:19 +0200] "GET /paises/ecuador/ HTTP/1.1" 200 145564 "-" "Mozilla/5.0 (Linux; Android 10; K) AppleWebKit/537.36 (KHTML, like Gecko) Chrome/151.0.0.0 Mobile Safari/537.36"
35.239.152.101 - - [21/Sep/2026:05:49:24 +0200] "GET /paises/ HTTP/1.1" 200 143584 "https://grupo-seg.com/paises" "Mozilla/5.0 (Linux; Android 10; K) AppleWebKit/537.36 (KHTML, like Gecko) Chrome/151.0.0.0 Mobile Safari/537.36"
35.239.152.101 - - [21/Sep/2026:05:49:25 +0200] "DELETE /inngest HTTP/1.1" 404 92217 "-" "Mozilla/5.0 (compatible; KimiBot/1.0; +https://kimi.ai/)"
89.248.107.232 - - [21/Sep/2026:05:49:25 +0200] "POST /wp-admin/admin-ajax.php?action=async_litespeed&nonce=b4cc4c672a&litespeed_type=imgoptm HTTP/1.1" 200 5698 "-" "WordPress/6.6.2; https://grupo-seg.com"
35.239.152.101 - - [21/Sep/2026:05:49:26 +0200] "POST /read-document HTTP/1.1" 404 92202 "-" "Mozilla/5.0 (compatible; Baiduspider/2.0; +http://www.baidu.com/search/spider.html)"
35.239.152.101 - - [21/Sep/2026:05:49:27 +0200] "POST /read-document HTTP/1.1" 404 92202 "-" "Mozilla/5.0 (compatible; KimiBot/1.0; +https://kimi.ai/)"
35.239.152.101 - - [21/Sep/2026:05:49:28 +0200] "POST /mcp HTTP/1.1" 404 92217 "-" "Mozilla/5.0 (compatible; Hunyuan/1.0; +https://hunyuan.tencent.com/)"
35.239.152.101 - - [21/Sep/2026:05:49:29 +0200] "POST /api/designer/v1/file-content HTTP/1.1" 404 92707 "-" "Mozilla/5.0 AppleWebKit/537.36 (KHTML, like Gecko); compatible; ChatGPT-User/1.0; +https://openai.com/bot"
35.239.152.101 - - [21/Sep/2026:05:49:30 +0200] "POST /api/designer/v1/file-content HTTP/1.1" 404 92722 "-" "Mozilla/5.0 AppleWebKit/537.36 (KHTML, like Gecko; compatible; Perplexity-User/1.0; +https://perplexity.ai/perplexitybot)"
35.239.152.101 - - [21/Sep/2026:05:49:30 +0200] "POST /lib/terminal-xhr.php HTTP/1.1" 404 92202 "-" "Mozilla/5.0 (compatible; ChatGLM-Spider/1.0; +https://zhipuai.cn/)"
35.239.152.101 - - [21/Sep/2026:05:49:31 +0200] "POST /icecoder/lib/terminal-xhr.php HTTP/1.1" 404 92722 "-" "Mozilla/5.0 (compatible; MistralAI-User/1.0; +https://mistral.ai/)"
35.239.152.101 - - [21/Sep/2026:05:49:32 +0200] "POST /api/templates/preview HTTP/1.1" 404 92707 "-" "Mozilla/5.0 AppleWebKit/537.36 (KHTML, like Gecko; compatible; Claude-SearchBot/1.0; +claudebot@anthropic.com)"
35.239.152.101 - - [21/Sep/2026:05:49:33 +0200] "POST /api/templates/preview HTTP/1.1" 404 92707 "-" "Mozilla/5.0 (compatible; YouBot/1.0; +https://you.com/bot)"
35.239.152.101 - - [21/Sep/2026:05:49:34 +0200] "POST /functionRouter HTTP/1.1" 404 92202 "-" "Mozilla/5.0 AppleWebKit/537.36 (KHTML, like Gecko; compatible; Claude-User/1.0; +claudebot@anthropic.com)"
89.248.107.232 - - [21/Sep/2026:05:50:33 +0200] "POST /wp-cron.php?doing_wp_cron=1789962632.9273149967193603515625 HTTP/1.1" 200 5512 "-" "WordPress/6.6.2; https://grupo-seg.com"
223.185.19.199 - - [21/Sep/2026:05:50:32 +0200] "GET /supervision-de-varias-actuaciones-en-el-marco-de-la-celebracion-de-la-32-edicion-de-la-americas-cup-en-valencia HTTP/1.1" 301 5670 "https://grupo-seg.com/" "Mozilla/5.0 (Windows NT 6.1; Win64; x64) AppleWebKit/537.36 (KHTML, like Gecko) Chrome/70.0.2903.29 Safari/537.36"
89.248.107.232 - - [21/Sep/2026:05:50:33 +0200] "POST /wp-admin/admin-ajax.php?action=async_litespeed&nonce=b4cc4c672a&litespeed_type=imgoptm HTTP/1.1" 200 5698 "-" "WordPress/6.6.2; https://grupo-seg.com"
223.185.19.199 - - [21/Sep/2026:05:50:33 +0200] "GET /portfolio/supervision-de-varias-actuaciones-en-el-marco-de-la-celebracion-de-la-32-edicion-de-la-americas-cup-en-valencia/ HTTP/1.1" 200 117646 "https://grupo-seg.com/" "Mozilla/5.0 (Windows NT 6.1; Win64; x64) AppleWebKit/537.36 (KHTML, like Gecko) Chrome/70.0.2903.29 Safari/537.36"
89.248.107.232 - - [21/Sep/2026:05:50:58 +0200] "POST /wp-cron.php?doing_wp_cron=1789962658.2953588962554931640625 HTTP/1.1" 200 5512 "-" "WordPress/6.6.2; https://grupo-seg.com/en/"
185.124.176.218 - - [21/Sep/2026:05:50:57 +0200] "GET /en/portfolio/supervision-of-the-construction-of-the-costa-verde-highway-el-callao-section HTTP/1.1" 301 5656 "https://grupo-seg.com/" "Mozilla/5.0 (Windows NT 6.1; Win64; x64) AppleWebKit/537.36 (KHTML, like Gecko) Chrome/63.0.3009.176 Safari/537.36"
185.124.176.218 - - [21/Sep/2026:05:50:59 +0200] "GET /en/portfolio/supervision-of-the-construction-of-the-costa-verde-highway-el-callao-section/ HTTP/1.1" 200 117478 "https://grupo-seg.com/" "Mozilla/5.0 (Windows NT 6.1; Win64; x64) AppleWebKit/537.36 (KHTML, like Gecko) Chrome/63.0.3009.176 Safari/537.36"
89.248.107.232 - - [21/Sep/2026:05:52:05 +0200] "POST /wp-cron.php?doing_wp_cron=1789962725.0476820468902587890625 HTTP/1.1" 200 5512 "-" "WordPress/6.6.2; https://grupo-seg.com"
216.172.169.189 - - [21/Sep/2026:05:52:04 +0200] "GET /wp-login.php HTTP/1.1" 200 13732 "https://serynco.es/" "Mozilla/5.0 (Macintosh; Intel Mac OS X 10_15_7) AppleWebKit/537.36 (KHTML, like Gecko) Chrome/149.0.0.0 Safari/537.36"
89.248.107.232 - - [21/Sep/2026:05:52:05 +0200] "POST /wp-admin/admin-ajax.php?action=async_litespeed&nonce=b4cc4c672a&litespeed_type=imgoptm HTTP/1.1" 200 5698 "-" "WordPress/6.6.2; https://grupo-seg.com"
216.172.169.189 - - [21/Sep/2026:05:52:05 +0200] "POST /wp-login.php HTTP/1.1" 503 25291 "https://serynco.es/wp-login.php" "Mozilla/5.0 (Macintosh; Intel Mac OS X 10_15_7) AppleWebKit/537.36 (KHTML, like Gecko) Chrome/149.0.0.0 Safari/537.36"
216.172.169.189 - - [21/Sep/2026:05:52:07 +0200] "POST /wp-login.php HTTP/1.1" 503 24038 "https://serynco.es/wp-login.php" "Mozilla/5.0 (Macintosh; Intel Mac OS X 10_15_7) AppleWebKit/537.36 (KHTML, like Gecko) Chrome/149.0.0.0 Safari/537.36"
216.172.169.189 - - [21/Sep/2026:05:52:09 +0200] "POST /wp-login.php HTTP/1.1" 503 24038 "https://serynco.es/wp-login.php" "Mozilla/5.0 (Macintosh; Intel Mac OS X 10_15_7) AppleWebKit/537.36 (KHTML, like Gecko) Chrome/149.0.0.0 Safari/537.36"
216.172.169.189 - - [21/Sep/2026:05:52:09 +0200] "GET /wp-json/wp/v2/users/me HTTP/1.1" 503 24038 "https://serynco.es/" "Mozilla/5.0 (Macintosh; Intel Mac OS X 10_15_7) AppleWebKit/537.36 (KHTML, like Gecko) Chrome/149.0.0.0 Safari/537.36"
216.172.169.189 - - [21/Sep/2026:05:52:10 +0200] "GET /wp-json/wp/v2/users/me HTTP/1.1" 503 24038 "https://serynco.es/" "Mozilla/5.0 (Macintosh; Intel Mac OS X 10_15_7) AppleWebKit/537.36 (KHTML, like Gecko) Chrome/149.0.0.0 Safari/537.36"
216.172.169.189 - - [21/Sep/2026:05:52:12 +0200] "GET /wp-json/wp/v2/users/me HTTP/1.1" 503 24038 "https://serynco.es/" "Mozilla/5.0 (Macintosh; Intel Mac OS X 10_15_7) AppleWebKit/537.36 (KHTML, like Gecko) Chrome/149.0.0.0 Safari/537.36"
89.248.107.232 - - [21/Sep/2026:05:52:33 +0200] "POST /?wordfence_syncAttackData=1789962753.5398 HTTP/1.1" 200 5452 "-" "WordPress/6.6.2; https://grupo-seg.com"
89.248.107.232 - - [21/Sep/2026:05:52:34 +0200] "POST /wp-cron.php?doing_wp_cron=1789962754.8075931072235107421875 HTTP/1.1" 200 5512 "-" "WordPress/6.6.2; https://grupo-seg.com/en/"
89.248.107.232 - - [21/Sep/2026:05:52:33 +0200] "POST /en/?wordfence_syncAttackData=1789962753.7498 HTTP/1.1" 200 13454 "-" "WordPress/6.6.2; https://grupo-seg.com/en/"
216.244.66.239 - - [21/Sep/2026:05:52:32 +0200] "GET /es/internacional/29-footer?format=feed&type=atom HTTP/1.1" 404 97626 "-" "Mozilla/5.0 (compatible; DotBot/1.2; +https://opensiteexplorer.org/dotbot; help@moz.com)"
47.128.38.102 - - [21/Sep/2026:05:52:33 +0200] "GET /en/category/spain/ HTTP/1.1" 200 95236 "-" "Mozilla/5.0 (Linux; Android 5.0) AppleWebKit/537.36 (KHTML, like Gecko) Mobile Safari/537.36 (compatible; Bytespider; spider-feedback@bytedance.com)"
89.248.107.232 - - [21/Sep/2026:05:52:36 +0200] "POST /wp-admin/admin-ajax.php?action=async_litespeed&nonce=b4cc4c672a&litespeed_type=imgoptm HTTP/1.1" 200 5698 "-" "WordPress/6.6.2; https://grupo-seg.com"
89.248.107.232 - - [21/Sep/2026:05:53:18 +0200] "POST /wp-cron.php?doing_wp_cron=1789962798.7561600208282470703125 HTTP/1.1" 200 5512 "-" "WordPress/6.6.2; https://grupo-seg.com"
40.77.167.27 - - [21/Sep/2026:05:53:18 +0200] "GET /rimasufurontopire/0006938041.html HTTP/1.1" 301 5692 "-" "Mozilla/5.0 AppleWebKit/537.36 (KHTML, like Gecko; compatible; bingbot/2.0; +http://www.bing.com/bingbot.htm) Chrome/116.0.1938.76 Safari/537.36"
100.31.241.154 - - [21/Sep/2026:05:53:50 +0200] "GET /wp-admin/css/ HTTP/1.1" 403 6501 "binance.com" "Mozilla/5.0 (Windows NT 10.0; Win64; x64) AppleWebKit/537.36 (KHTML, like Gecko) Chrome/90.0.4430.85 Safari/537.36"
89.248.107.232 - - [21/Sep/2026:05:54:21 +0200] "POST /wp-cron.php?doing_wp_cron=1789962861.6980950832366943359375 HTTP/1.1" 200 5512 "-" "WordPress/6.6.2; https://grupo-seg.com"
43.165.167.72 - - [21/Sep/2026:05:54:21 +0200] "GET / HTTP/1.1" 301 5612 "http://serynco.es" "Mozilla/5.0 (iPhone; CPU iPhone OS 13_2_3 like Mac OS X) AppleWebKit/605.1.15 (KHTML, like Gecko) Version/13.0.3 Mobile/15E148 Safari/604.1"
89.248.107.232 - - [21/Sep/2026:05:54:22 +0200] "POST /wp-admin/admin-ajax.php?action=async_litespeed&nonce=b4cc4c672a&litespeed_type=imgoptm HTTP/1.1" 200 5698 "-" "WordPress/6.6.2; https://grupo-seg.com"
43.165.167.72 - - [21/Sep/2026:05:54:23 +0200] "GET / HTTP/1.1" 200 157019 "https://www.grupo-seg.com/" "Mozilla/5.0 (iPhone; CPU iPhone OS 13_2_3 like Mac OS X) AppleWebKit/605.1.15 (KHTML, like Gecko) Version/13.0.3 Mobile/15E148 Safari/604.1"
89.248.107.232 - - [21/Sep/2026:05:55:07 +0200] "POST /wp-cron.php?doing_wp_cron=1789962907.2076389789581298828125 HTTP/1.1" 200 5512 "-" "WordPress/6.6.2; https://grupo-seg.com"
52.167.144.150 - - [21/Sep/2026:05:55:06 +0200] "GET /rdsn1792957osdsdod/buzon-sugerencias.html HTTP/1.1" 404 97436 "-" "Mozilla/5.0 AppleWebKit/537.36 (KHTML, like Gecko; compatible; bingbot/2.0; +http://www.bing.com/bingbot.htm) Chrome/116.0.1938.76 Safari/537.36"
89.248.107.232 - - [21/Sep/2026:05:55:07 +0200] "POST /wp-admin/admin-ajax.php?action=async_litespeed&nonce=b4cc4c672a&litespeed_type=imgoptm HTTP/1.1" 200 5698 "-" "WordPress/6.6.2; https://grupo-seg.com"
89.248.107.232 - - [21/Sep/2026:05:55:27 +0200] "POST /wp-cron.php?doing_wp_cron=1789962927.6719698905944824218750 HTTP/1.1" 200 5512 "-" "WordPress/6.6.2; https://grupo-seg.com"
52.167.144.150 - - [21/Sep/2026:05:55:27 +0200] "GET /boml129519istiupddosrdptoc.htm HTTP/1.1" 404 97436 "-" "Mozilla/5.0 AppleWebKit/537.36 (KHTML, like Gecko; compatible; bingbot/2.0; +http://www.bing.com/bingbot.htm) Chrome/116.0.1938.76 Safari/537.36"
89.248.107.232 - - [21/Sep/2026:05:55:28 +0200] "POST /wp-admin/admin-ajax.php?action=async_litespeed&nonce=b4cc4c672a&litespeed_type=imgoptm HTTP/1.1" 200 5698 "-" "WordPress/6.6.2; https://grupo-seg.com"
89.248.107.232 - - [21/Sep/2026:05:55:49 +0200] "POST /wp-cron.php?doing_wp_cron=1789962949.4882578849792480468750 HTTP/1.1" 200 5512 "-" "WordPress/6.6.2; https://grupo-seg.com"
91.92.241.196 - - [21/Sep/2026:05:55:49 +0200] "GET /.git/HEAD HTTP/1.1" 404 97421 "-" "Mozilla/5.0 (Windows NT 10.0; Win64; x64) AppleWebKit/537.36"
91.92.241.196 - - [21/Sep/2026:05:55:50 +0200] "GET /.git/config HTTP/1.1" 404 97421 "-" "Mozilla/5.0 (Windows NT 10.0; Win64; x64) AppleWebKit/537.36"
89.248.107.232 - - [21/Sep/2026:05:56:00 +0200] "POST /wp-cron.php?doing_wp_cron=1789962960.3273470401763916015625 HTTP/1.1" 200 5512 "-" "WordPress/6.6.2; https://grupo-seg.com"
40.77.167.27 - - [21/Sep/2026:05:55:59 +0200] "GET /saizubindengubai/legal.html HTTP/1.1" 301 5686 "-" "Mozilla/5.0 AppleWebKit/537.36 (KHTML, like Gecko; compatible; bingbot/2.0; +http://www.bing.com/bingbot.htm) Chrome/116.0.1938.76 Safari/537.36"
40.77.167.27 - - [21/Sep/2026:05:56:02 +0200] "GET /rimasufurontopire/0006938041.html HTTP/1.1" 301 5692 "-" "Mozilla/5.0 AppleWebKit/537.36 (KHTML, like Gecko; compatible; bingbot/2.0; +http://www.bing.com/bingbot.htm) Chrome/116.0.1938.76 Safari/537.36"
89.248.107.232 - - [21/Sep/2026:05:56:24 +0200] "POST /wp-cron.php?doing_wp_cron=1789962984.3432641029357910156250 HTTP/1.1" 200 5512 "-" "WordPress/6.6.2; https://grupo-seg.com"
52.167.144.25 - - [21/Sep/2026:05:56:23 +0200] "GET /wp-sitemap-taxonomies-project-type-1.xml HTTP/1.1" 200 6924 "-" "Mozilla/5.0 AppleWebKit/537.36 (KHTML, like Gecko; compatible; bingbot/2.0; +http://www.bing.com/bingbot.htm) Chrome/116.0.1938.76 Safari/537.36"
89.248.107.232 - - [21/Sep/2026:05:57:32 +0200] "POST /wp-cron.php?doing_wp_cron=1789963052.6271350383758544921875 HTTP/1.1" 200 5512 "-" "WordPress/6.6.2; https://grupo-seg.com"
35.198.113.100 - - [21/Sep/2026:05:57:32 +0200] "GET /robots.txt HTTP/1.1" 200 5679 "-" "LinkupBot/1.0 (LinkupBot for web indexing; https://linkup.so/bot; bot@linkup.so)"
89.248.107.232 - - [21/Sep/2026:05:57:33 +0200] "POST /wp-admin/admin-ajax.php?action=async_litespeed&nonce=b4cc4c672a&litespeed_type=imgoptm HTTP/1.1" 200 5698 "-" "WordPress/6.6.2; https://grupo-seg.com"
35.198.113.100 - - [21/Sep/2026:05:57:32 +0200] "GET /en/portfolio/pavement-regeneration-on-the-runway-at-the-adolfo-suarez-madrid-barajas-airport/ HTTP/1.1" 200 117564 "-" "LinkupBot/1.0 (LinkupBot for web indexing; https://linkup.so/bot; bot@linkup.so)"
89.248.107.232 - - [21/Sep/2026:05:57:35 +0200] "POST /wp-cron.php?doing_wp_cron=1789963055.4539449214935302734375 HTTP/1.1" 200 5512 "-" "WordPress/6.6.2; https://grupo-seg.com/en/"
35.198.113.100 - - [21/Sep/2026:05:57:35 +0200] "GET /en/portfolio/project-management-of-the-manilva-ii-urban-development-in-malaga/ HTTP/1.1" 200 117351 "-" "LinkupBot/1.0 (LinkupBot for web indexing; https://linkup.so/bot; bot@linkup.so)"
35.198.113.100 - - [21/Sep/2026:05:57:38 +0200] "GET /en/countries/chile/ HTTP/1.1" 200 156884 "-" "LinkupBot/1.0 (LinkupBot for web indexing; https://linkup.so/bot; bot@linkup.so)"
89.248.107.232 - - [21/Sep/2026:05:57:40 +0200] "POST /wp-cron.php?doing_wp_cron=1789963060.4228930473327636718750 HTTP/1.1" 200 5512 "-" "WordPress/6.6.2; https://grupo-seg.com/en/"
35.198.113.100 - - [21/Sep/2026:05:57:40 +0200] "GET /en/legal-notice/ HTTP/1.1" 200 122624 "-" "LinkupBot/1.0 (LinkupBot for web indexing; https://linkup.so/bot; bot@linkup.so)"
89.248.107.232 - - [21/Sep/2026:05:57:42 +0200] "POST /wp-cron.php?doing_wp_cron=1789963062.9007079601287841796875 HTTP/1.1" 200 5512 "-" "WordPress/6.6.2; https://grupo-seg.com"
35.198.113.100 - - [21/Sep/2026:05:57:42 +0200] "GET /project-type/espana/ HTTP/1.1" 200 116835 "-" "LinkupBot/1.0 (LinkupBot for web indexing; https://linkup.so/bot; bot@linkup.so)"
35.198.113.100 - - [21/Sep/2026:05:57:45 +0200] "GET /en/portfolio/supervision-of-the-improvement-works-of-the-maria-auxiliadora-hospital-of-the-amazonas-region/ HTTP/1.1" 200 117722 "-" "LinkupBot/1.0 (LinkupBot for web indexing; https://linkup.so/bot; bot@linkup.so)"
35.198.113.100 - - [21/Sep/2026:05:57:47 +0200] "GET /en/portfolio/san-patricio-phase-i-urbanization-adaptation-of-the-urbanization/ HTTP/1.1" 200 117374 "-" "LinkupBot/1.0 (LinkupBot for web indexing; https://linkup.so/bot; bot@linkup.so)"
89.248.107.232 - - [21/Sep/2026:06:00:54 +0200] "POST /wp-cron.php?doing_wp_cron=1789963254.2286109924316406250000 HTTP/1.1" 200 5512 "-" "WordPress/6.6.2; https://grupo-seg.com"
103.196.162.222 - - [21/Sep/2026:06:00:53 +0200] "GET /interventoria-tecnica-financiera-administrativa-y-ambiental-para-el-sistema-de-alcantarillado-del-distrito-de-buenaventura HTTP/1.1" 301 5681 "https://grupo-seg.com/" "Mozilla/5.0 (Windows NT 6.0; Win64; x64) AppleWebKit/537.36 (KHTML, like Gecko) Chrome/73.0.2615.146 Safari/537.36"
89.248.107.232 - - [21/Sep/2026:06:00:55 +0200] "POST /wp-admin/admin-ajax.php?action=async_litespeed&nonce=b4cc4c672a&litespeed_type=imgoptm HTTP/1.1" 200 5698 "-" "WordPress/6.6.2; https://grupo-seg.com"
103.196.162.222 - - [21/Sep/2026:06:00:54 +0200] "GET /portfolio/interventoria-tecnica-financiera-administrativa-y-ambiental-para-el-sistema-de-alcantarillado-del-distrito-de-buenaventura/ HTTP/1.1" 200 117668 "https://grupo-seg.com/" "Mozilla/5.0 (Windows NT 6.0; Win64; x64) AppleWebKit/537.36 (KHTML, like Gecko) Chrome/73.0.2615.146 Safari/537.36"
89.248.107.232 - - [21/Sep/2026:06:01:33 +0200] "POST /wp-cron.php?doing_wp_cron=1789963293.2819359302520751953125 HTTP/1.1" 200 5512 "-" "WordPress/6.6.2; https://grupo-seg.com"
112.86.225.246 - - [21/Sep/2026:06:01:32 +0200] "GET / HTTP/1.1" 301 5612 "-" "Sogou web spider/4.0(+http://www.sogou.com/docs/help/webmasters.htm#07)"
89.248.107.232 - - [21/Sep/2026:06:01:33 +0200] "POST /wp-admin/admin-ajax.php?action=async_litespeed&nonce=b4cc4c672a&litespeed_type=imgoptm HTTP/1.1" 200 5698 "-" "WordPress/6.6.2; https://grupo-seg.com"
112.86.225.246 - - [21/Sep/2026:06:01:34 +0200] "GET / HTTP/1.1" 200 165817 "-" "Sogou web spider/4.0(+http://www.sogou.com/docs/help/webmasters.htm#07)"
89.248.107.232 - - [21/Sep/2026:06:01:44 +0200] "POST /wp-cron.php?doing_wp_cron=1789963304.6207160949707031250000 HTTP/1.1" 200 5512 "-" "WordPress/6.6.2; https://grupo-seg.com"
40.77.167.157 - - [21/Sep/2026:06:01:44 +0200] "GET /couk1704501ttieimsm.htm HTTP/1.1" 404 97421 "-" "Mozilla/5.0 AppleWebKit/537.36 (KHTML, like Gecko; compatible; bingbot/2.0; +http://www.bing.com/bingbot.htm) Chrome/116.0.1938.76 Safari/537.36"
40.77.167.157 - - [21/Sep/2026:06:01:45 +0200] "GET /rmsy1227481itsip/stmesod.htm HTTP/1.1" 404 97421 "-" "Mozilla/5.0 AppleWebKit/537.36 (KHTML, like Gecko; compatible; bingbot/2.0; +http://www.bing.com/bingbot.htm) Chrome/116.0.1938.76 Safari/537.36"
89.248.107.232 - - [21/Sep/2026:06:02:29 +0200] "POST /wp-cron.php?doing_wp_cron=1789963348.9376559257507324218750 HTTP/1.1" 200 5512 "-" "WordPress/6.6.2; https://grupo-seg.com"
52.167.144.166 - - [21/Sep/2026:06:02:28 +0200] "GET /minisaizukito/legal.html HTTP/1.1" 404 97436 "-" "Mozilla/5.0 AppleWebKit/537.36 (KHTML, like Gecko; compatible; bingbot/2.0; +http://www.bing.com/bingbot.htm) Chrome/116.0.1938.76 Safari/537.36"
89.248.107.232 - - [21/Sep/2026:06:02:29 +0200] "POST /wp-admin/admin-ajax.php?action=async_litespeed&nonce=b4cc4c672a&litespeed_type=imgoptm HTTP/1.1" 200 5698 "-" "WordPress/6.6.2; https://grupo-seg.com"
89.248.107.232 - - [21/Sep/2026:06:04:28 +0200] "POST /wp-cron.php?doing_wp_cron=1789963467.9724290370941162109375 HTTP/1.1" 200 5512 "-" "WordPress/6.6.2; https://grupo-seg.com"
66.249.88.104 - - [21/Sep/2026:06:04:27 +0200] "GET /.well-known/traffic-advice HTTP/1.1" 404 97421 "-" "Chrome Privacy Preserving Prefetch Proxy"
89.248.107.232 - - [21/Sep/2026:06:04:29 +0200] "POST /wp-admin/admin-ajax.php?action=async_litespeed&nonce=b4cc4c672a&litespeed_type=imgoptm HTTP/1.1" 200 5698 "-" "WordPress/6.6.2; https://grupo-seg.com"
162.120.185.253 - - [21/Sep/2026:06:04:28 +0200] "GET /category/peru/ HTTP/1.1" 200 106663 "https://www.google.com/" "Mozilla/5.0 (Windows NT 10.0; Win64; x64) AppleWebKit/537.36 (KHTML, like Gecko) Chrome/153.0.0.0 Safari/537.36"
52.167.144.204 - - [21/Sep/2026:06:04:32 +0200] "GET /rmsy78955tsiti/emm.htm HTTP/1.1" 301 5681 "-" "Mozilla/5.0 AppleWebKit/537.36 (KHTML, like Gecko; compatible; bingbot/2.0; +http://www.bing.com/bingbot.htm) Chrome/116.0.1938.76 Safari/537.36"
89.248.107.232 - - [21/Sep/2026:06:05:37 +0200] "POST /wp-cron.php?doing_wp_cron=1789963537.3034729957580566406250 HTTP/1.1" 200 5512 "-" "WordPress/6.6.2; https://grupo-seg.com"
34.197.140.5 - - [21/Sep/2026:06:05:36 +0200] "GET / HTTP/1.1" 200 165817 "-" "Mozilla/5.0 (Windows NT 10.0; Win64; x64) AppleWebKit/537.36 (KHTML, like Gecko) Chrome/120.0.0.0 Safari/537.36"
89.248.107.232 - - [21/Sep/2026:06:05:37 +0200] "POST /wp-admin/admin-ajax.php?action=async_litespeed&nonce=b4cc4c672a&litespeed_type=imgoptm HTTP/1.1" 200 5698 "-" "WordPress/6.6.2; https://grupo-seg.com"
89.248.107.232 - - [21/Sep/2026:06:06:20 +0200] "POST /wp-cron.php?doing_wp_cron=1789963580.8397688865661621093750 HTTP/1.1" 200 5512 "-" "WordPress/6.6.2; https://grupo-seg.com"
47.128.38.123 - - [21/Sep/2026:06:06:20 +0200] "GET /wp-sitemap.xml HTTP/1.1" 200 6217 "-" "Mozilla/5.0 (Linux; Android 5.0) AppleWebKit/537.36 (KHTML, like Gecko) Mobile Safari/537.36 (compatible; Bytespider; spider-feedback@bytedance.com)"
89.248.107.232 - - [21/Sep/2026:06:07:47 +0200] "POST /wp-cron.php?doing_wp_cron=1789963667.9214029312133789062500 HTTP/1.1" 200 5512 "-" "WordPress/6.6.2; https://grupo-seg.com"
51.89.129.20 - - [21/Sep/2026:06:07:47 +0200] "GET /wp-sitemap.xml HTTP/1.1" 200 6217 "-" "Mozilla/5.0 (compatible; AhrefsBot/7.0; +http://ahrefs.com/robot/)"
89.248.107.232 - - [21/Sep/2026:06:07:48 +0200] "POST /wp-admin/admin-ajax.php?action=async_litespeed&nonce=b4cc4c672a&litespeed_type=imgoptm HTTP/1.1" 200 5698 "-" "WordPress/6.6.2; https://grupo-seg.com"
54.38.147.220 - - [21/Sep/2026:06:07:48 +0200] "GET /wp-sitemap-posts-post-1.xml HTTP/1.1" 200 8170 "-" "Mozilla/5.0 (compatible; AhrefsBot/7.0; +http://ahrefs.com/robot/)"
198.244.168.97 - - [21/Sep/2026:06:07:49 +0200] "GET /wp-sitemap-posts-page-1.xml HTTP/1.1" 200 9189 "-" "Mozilla/5.0 (compatible; AhrefsBot/7.0; +http://ahrefs.com/robot/)"
51.89.129.34 - - [21/Sep/2026:06:07:51 +0200] "GET /wp-sitemap-posts-portfolio-1.xml HTTP/1.1" 200 17286 "-" "Mozilla/5.0 (compatible; AhrefsBot/7.0; +http://ahrefs.com/robot/)"
198.244.242.21 - - [21/Sep/2026:06:07:52 +0200] "GET /wp-sitemap-posts-mgeo_map-1.xml HTTP/1.1" 200 6011 "-" "Mozilla/5.0 (compatible; AhrefsBot/7.0; +http://ahrefs.com/robot/)"
54.38.147.36 - - [21/Sep/2026:06:07:53 +0200] "GET /wp-sitemap-taxonomies-category-1.xml HTTP/1.1" 200 6256 "-" "Mozilla/5.0 (compatible; AhrefsBot/7.0; +http://ahrefs.com/robot/)"
89.248.107.232 - - [21/Sep/2026:06:07:54 +0200] "POST /wp-cron.php?doing_wp_cron=1789963674.4390718936920166015625 HTTP/1.1" 200 5512 "-" "WordPress/6.6.2; https://grupo-seg.com"
51.89.129.131 - - [21/Sep/2026:06:07:54 +0200] "GET /wp-sitemap-taxonomies-project-type-1.xml HTTP/1.1" 200 6924 "-" "Mozilla/5.0 (compatible; AhrefsBot/7.0; +http://ahrefs.com/robot/)"
89.248.107.232 - - [21/Sep/2026:06:08:05 +0200] "POST /wp-cron.php?doing_wp_cron=1789963685.3096010684967041015625 HTTP/1.1" 200 5512 "-" "WordPress/6.6.2; https://grupo-seg.com"
47.128.37.79 - - [21/Sep/2026:06:08:04 +0200] "GET /wp-sitemap-posts-mgeo_map-1.xml HTTP/1.1" 200 6011 "-" "Mozilla/5.0 (Linux; Android 5.0) AppleWebKit/537.36 (KHTML, like Gecko) Mobile Safari/537.36 (compatible; Bytespider; spider-feedback@bytedance.com)"
52.167.144.166 - - [21/Sep/2026:06:08:08 +0200] "GET /es/en HTTP/1.1" 301 5667 "-" "Mozilla/5.0 AppleWebKit/537.36 (KHTML, like Gecko; compatible; bingbot/2.0; +http://www.bing.com/bingbot.htm) Chrome/116.0.1938.76 Safari/537.36"
89.248.107.232 - - [21/Sep/2026:06:09:33 +0200] "POST /wp-cron.php?doing_wp_cron=1789963773.2601230144500732421875 HTTP/1.1" 200 5512 "-" "WordPress/6.6.2; https://grupo-seg.com"
35.198.113.100 - - [21/Sep/2026:06:09:32 +0200] "GET /robots.txt HTTP/1.1" 200 5679 "-" "LinkupBot/1.0 (LinkupBot for web indexing; https://linkup.so/bot; bot@linkup.so)"
35.198.113.100 - - [21/Sep/2026:06:09:33 +0200] "GET /en/category/paraguay-en/ HTTP/1.1" 200 107550 "-" "LinkupBot/1.0 (LinkupBot for web indexing; https://linkup.so/bot; bot@linkup.so)"
89.248.107.232 - - [21/Sep/2026:06:09:33 +0200] "POST /wp-admin/admin-ajax.php?action=async_litespeed&nonce=b4cc4c672a&litespeed_type=imgoptm HTTP/1.1" 200 5698 "-" "WordPress/6.6.2; https://grupo-seg.com"
35.198.113.100 - - [21/Sep/2026:06:09:35 +0200] "GET /en/countries/paraguay/ HTTP/1.1" 200 170023 "-" "LinkupBot/1.0 (LinkupBot for web indexing; https://linkup.so/bot; bot@linkup.so)"
35.198.113.100 - - [21/Sep/2026:06:09:37 +0200] "GET /continua-la-ejecucion-del-tunel-tres-bocas-en-paraguay/ HTTP/1.1" 200 122791 "-" "LinkupBot/1.0 (LinkupBot for web indexing; https://linkup.so/bot; bot@linkup.so)"
89.248.107.232 - - [21/Sep/2026:06:09:40 +0200] "POST /wp-cron.php?doing_wp_cron=1789963780.0499000549316406250000 HTTP/1.1" 200 5512 "-" "WordPress/6.6.2; https://grupo-seg.com"
35.198.113.100 - - [21/Sep/2026:06:09:39 +0200] "GET /portfolio/estudio-de-preinversion-del-proyecto-construccion-y-ampliacion-del-sistema-de-irrigacion-integral-acora-totorani/ HTTP/1.1" 200 117651 "-" "LinkupBot/1.0 (LinkupBot for web indexing; https://linkup.so/bot; bot@linkup.so)"
89.248.107.232 - - [21/Sep/2026:06:09:42 +0200] "POST /wp-cron.php?doing_wp_cron=1789963782.4765579700469970703125 HTTP/1.1" 200 5512 "-" "WordPress/6.6.2; https://grupo-seg.com"
35.198.113.100 - - [21/Sep/2026:06:09:42 +0200] "GET /category/actualidad/noticias/ HTTP/1.1" 200 116739 "-" "LinkupBot/1.0 (LinkupBot for web indexing; https://linkup.so/bot; bot@linkup.so)"
35.198.113.100 - - [21/Sep/2026:06:09:44 +0200] "GET /en/portfolio/feasibility-study-for-the-improvement-of-urban-and-interurban-roadways-in-the-city-of-san-lorenzo/ HTTP/1.1" 200 117860 "-" "LinkupBot/1.0 (LinkupBot for web indexing; https://linkup.so/bot; bot@linkup.so)"
35.198.113.100 - - [21/Sep/2026:06:09:46 +0200] "GET /en/own-elaboration-and-three-bocas-road-project/ HTTP/1.1" 200 131072 "-" "LinkupBot/1.0 (LinkupBot for web indexing; https://linkup.so/bot; bot@linkup.so)"
89.248.107.232 - - [21/Sep/2026:06:10:10 +0200] "POST /wp-cron.php?doing_wp_cron=1789963810.3917770385742187500000 HTTP/1.1" 200 5512 "-" "WordPress/6.6.2; https://grupo-seg.com"
103.131.71.31 - - [21/Sep/2026:06:10:09 +0200] "GET /robots.txt HTTP/1.1" 200 5679 "-" "Mozilla/5.0 (compatible; coccocbot-image/1.0; +http://help.coccoc.com/searchengine)"
40.77.167.55 - - [21/Sep/2026:06:10:18 +0200] "GET /kyua979304tipismtossde.html HTTP/1.1" 404 97421 "-" "Mozilla/5.0 AppleWebKit/537.36 (KHTML, like Gecko; compatible; bingbot/2.0; +http://www.bing.com/bingbot.htm) Chrome/116.0.1938.76 Safari/537.36"
40.77.167.55 - - [21/Sep/2026:06:10:19 +0200] "GET /htsr963027otissmidoegd.htm HTTP/1.1" 404 97421 "-" "Mozilla/5.0 AppleWebKit/537.36 (KHTML, like Gecko; compatible; bingbot/2.0; +http://www.bing.com/bingbot.htm) Chrome/116.0.1938.76 Safari/537.36"
89.248.107.232 - - [21/Sep/2026:06:11:04 +0200] "POST /wp-cron.php?doing_wp_cron=1789963864.5029180049896240234375 HTTP/1.1" 200 5512 "-" "WordPress/6.6.2; https://grupo-seg.com"
52.167.144.206 - - [21/Sep/2026:06:11:04 +0200] "GET /kfue1861397cigddot/urodospid.html HTTP/1.1" 301 5692 "-" "Mozilla/5.0 AppleWebKit/537.36 (KHTML, like Gecko; compatible; bingbot/2.0; +http://www.bing.com/bingbot.htm) Chrome/116.0.1938.76 Safari/537.36"
89.248.107.232 - - [21/Sep/2026:06:11:05 +0200] "POST /wp-admin/admin-ajax.php?action=async_litespeed&nonce=b4cc4c672a&litespeed_type=imgoptm HTTP/1.1" 200 5698 "-" "WordPress/6.6.2; https://grupo-seg.com"
89.248.107.232 - - [21/Sep/2026:06:12:11 +0200] "POST /wp-cron.php?doing_wp_cron=1789963931.7233059406280517578125 HTTP/1.1" 200 5512 "-" "WordPress/6.6.2; https://grupo-seg.com"
40.77.167.241 - - [21/Sep/2026:06:12:11 +0200] "GET /irsc1187386idsso/ttmepis.htm HTTP/1.1" 404 97436 "-" "Mozilla/5.0 AppleWebKit/537.36 (KHTML, like Gecko; compatible; bingbot/2.0; +http://www.bing.com/bingbot.htm) Chrome/116.0.1938.76 Safari/537.36"
89.248.107.232 - - [21/Sep/2026:06:12:12 +0200] "POST /wp-admin/admin-ajax.php?action=async_litespeed&nonce=b4cc4c672a&litespeed_type=imgoptm HTTP/1.1" 200 5698 "-" "WordPress/6.6.2; https://grupo-seg.com"
89.248.107.232 - - [21/Sep/2026:06:12:29 +0200] "POST /wp-cron.php?doing_wp_cron=1789963949.2708160877227783203125 HTTP/1.1" 200 5512 "-" "WordPress/6.6.2; https://grupo-seg.com"
220.181.108.94 - - [21/Sep/2026:06:12:28 +0200] "GET /disfrutamos-de-los-parques-de-madrid/ HTTP/1.1" 200 121311 "-" "Mozilla/5.0 (compatible; Baiduspider/2.0; +http://www.baidu.com/search/spider.html)"
89.248.107.232 - - [21/Sep/2026:06:12:29 +0200] "POST /wp-admin/admin-ajax.php?action=async_litespeed&nonce=b4cc4c672a&litespeed_type=imgoptm HTTP/1.1" 200 5698 "-" "WordPress/6.6.2; https://grupo-seg.com"
116.179.37.196 - - [21/Sep/2026:06:12:51 +0200] "POST /wp-content/plugins/litespeed-cache/guest.vary.php HTTP/1.1" 403 6501 "https://grupo-seg.com/disfrutamos-de-los-parques-de-madrid/" "Mozilla/5.0 (compatible; Baiduspider-render/2.0; +http://www.baidu.com/search/spider.html)"
89.248.107.232 - - [21/Sep/2026:06:13:02 +0200] "POST /wp-cron.php?doing_wp_cron=1789963982.6886510848999023437500 HTTP/1.1" 200 5512 "-" "WordPress/6.6.2; https://grupo-seg.com"
43.155.162.41 - - [21/Sep/2026:06:13:02 +0200] "GET / HTTP/1.1" 200 156989 "https://www.seg-sa.es/" "Mozilla/5.0 (iPhone; CPU iPhone OS 13_2_3 like Mac OS X) AppleWebKit/605.1.15 (KHTML, like Gecko) Version/13.0.3 Mobile/15E148 Safari/604.1"
89.248.107.232 - - [21/Sep/2026:06:13:49 +0200] "POST /wp-cron.php?doing_wp_cron=1789964029.9321000576019287109375 HTTP/1.1" 200 5512 "-" "WordPress/6.6.2; https://grupo-seg.com"
32.194.74.48 - - [21/Sep/2026:06:13:49 +0200] "GET / HTTP/1.1" 200 165847 "-" "Mozilla/5.0 (Windows NT 6.1; WOW64; rv:43.0) Gecko/20100101 Firefox/43.0"
89.248.107.232 - - [21/Sep/2026:06:13:50 +0200] "POST /wp-admin/admin-ajax.php?action=async_litespeed&nonce=b4cc4c672a&litespeed_type=imgoptm HTTP/1.1" 200 5698 "-" "WordPress/6.6.2; https://grupo-seg.com"
89.248.107.232 - - [21/Sep/2026:06:16:02 +0200] "POST /wp-cron.php?doing_wp_cron=1789964162.7706110477447509765625 HTTP/1.1" 200 5512 "-" "WordPress/6.6.2; https://grupo-seg.com"
74.7.230.43 - - [21/Sep/2026:06:16:02 +0200] "GET /robots.txt HTTP/1.1" 200 5679 "https://seg-sa.es/robots.txt" "Mozilla/5.0 (Macintosh; Intel Mac OS X 10_15_7) AppleWebKit/537.36 (KHTML, like Gecko) Chrome/131.0.0.0 Safari/537.36; compatible; OAI-SearchBot/1.4; robots.txt; +https://openai.com/searchbot"
89.248.107.232 - - [21/Sep/2026:06:16:03 +0200] "POST /wp-admin/admin-ajax.php?action=async_litespeed&nonce=b4cc4c672a&litespeed_type=imgoptm HTTP/1.1" 200 5698 "-" "WordPress/6.6.2; https://grupo-seg.com"
197.237.102.204 - - [21/Sep/2026:06:16:22 +0200] "GET /en/supervision-of-the-construction-of-the-sunat-technology-center-for-information-processing-lima-peru HTTP/1.1" 301 5669 "https://grupo-seg.com/" "Mozilla/5.0 (Windows NT 6.0; Win64; x64) AppleWebKit/537.36 (KHTML, like Gecko) Chrome/61.0.3550.96 Safari/537.36"
197.237.102.204 - - [21/Sep/2026:06:16:23 +0200] "GET /en/supervision-of-the-construction-of-the-sunat-technology-center-for-information-processing-lima-peru/ HTTP/1.1" 200 121231 "https://grupo-seg.com/" "Mozilla/5.0 (Windows NT 6.0; Win64; x64) AppleWebKit/537.36 (KHTML, like Gecko) Chrome/61.0.3550.96 Safari/537.36"
89.248.107.232 - - [21/Sep/2026:06:16:33 +0200] "POST /wp-cron.php?doing_wp_cron=1789964193.7349851131439208984375 HTTP/1.1" 200 5512 "-" "WordPress/6.6.2; https://grupo-seg.com"
40.77.167.130 - - [21/Sep/2026:06:16:33 +0200] "GET /rmsy1590223etimt/clientes.html HTTP/1.1" 301 5689 "-" "Mozilla/5.0 AppleWebKit/537.36 (KHTML, like Gecko; compatible; bingbot/2.0; +http://www.bing.com/bingbot.htm) Chrome/116.0.1938.76 Safari/537.36"
89.248.107.232 - - [21/Sep/2026:06:16:34 +0200] "POST /wp-admin/admin-ajax.php?action=async_litespeed&nonce=b4cc4c672a&litespeed_type=imgoptm HTTP/1.1" 200 5698 "-" "WordPress/6.6.2; https://grupo-seg.com"
89.248.107.232 - - [21/Sep/2026:06:18:10 +0200] "POST /wp-cron.php?doing_wp_cron=1789964290.2232139110565185546875 HTTP/1.1" 200 5512 "-" "WordPress/6.6.2; https://grupo-seg.com"
43.157.172.39 - - [21/Sep/2026:06:18:09 +0200] "GET / HTTP/1.1" 200 157019 "https://seg-sa.es/" "Mozilla/5.0 (iPhone; CPU iPhone OS 13_2_3 like Mac OS X) AppleWebKit/605.1.15 (KHTML, like Gecko) Version/13.0.3 Mobile/15E148 Safari/604.1"
89.248.107.232 - - [21/Sep/2026:06:18:10 +0200] "POST /wp-admin/admin-ajax.php?action=async_litespeed&nonce=b4cc4c672a&litespeed_type=imgoptm HTTP/1.1" 200 5698 "-" "WordPress/6.6.2; https://grupo-seg.com"
89.248.107.232 - - [21/Sep/2026:06:18:31 +0200] "POST /wp-cron.php?doing_wp_cron=1789964311.0082828998565673828125 HTTP/1.1" 200 5512 "-" "WordPress/6.6.2; https://grupo-seg.com"
162.120.185.248 - - [21/Sep/2026:06:18:30 +0200] "GET /paises/bolivia/ HTTP/1.1" 200 156640 "https://www.google.com/" "Mozilla/5.0 (Linux; Android 10; K) AppleWebKit/537.36 (KHTML, like Gecko) Chrome/153.0.0.0 Mobile Safari/537.36"
89.248.107.232 - - [21/Sep/2026:06:18:32 +0200] "POST /wp-admin/admin-ajax.php?action=async_litespeed&nonce=b4cc4c672a&litespeed_type=imgoptm HTTP/1.1" 200 5698 "-" "WordPress/6.6.2; https://grupo-seg.com"
89.248.107.232 - - [21/Sep/2026:06:18:52 +0200] "POST /wp-cron.php?doing_wp_cron=1789964332.1026070117950439453125 HTTP/1.1" 200 5512 "-" "WordPress/6.6.2; https://grupo-seg.com"
136.144.33.251 - - [21/Sep/2026:06:18:51 +0200] "POST /wp-login.php HTTP/1.1" 503 25291 "-" "Mozilla/5.0 (Windows NT 10.0; Win64; x64) AppleWebKit/537.36 Chrome/129.0.0.0 Safari/537.36"
89.248.107.232 - - [21/Sep/2026:06:19:25 +0200] "POST /wp-cron.php?doing_wp_cron=1789964365.1071109771728515625000 HTTP/1.1" 200 5512 "-" "WordPress/6.6.2; https://grupo-seg.com/en/"
52.167.144.159 - - [21/Sep/2026:06:19:24 +0200] "GET /en/?s=2027 HTTP/1.1" 200 88858 "-" "Mozilla/5.0 AppleWebKit/537.36 (KHTML, like Gecko; compatible; bingbot/2.0; +http://www.bing.com/bingbot.htm) Chrome/116.0.1938.76 Safari/537.36"
89.248.107.232 - - [21/Sep/2026:06:19:25 +0200] "POST /wp-admin/admin-ajax.php?action=async_litespeed&nonce=b4cc4c672a&litespeed_type=imgoptm HTTP/1.1" 200 5698 "-" "WordPress/6.6.2; https://grupo-seg.com"
89.248.107.232 - - [21/Sep/2026:06:20:03 +0200] "POST /wp-cron.php?doing_wp_cron=1789964403.6473400592803955078125 HTTP/1.1" 200 5512 "-" "WordPress/6.6.2; https://grupo-seg.com"
193.186.4.249 - - [21/Sep/2026:06:20:03 +0200] "GET /category/peru/ HTTP/1.1" 200 106648 "https://www.google.com/" "Mozilla/5.0 (Windows NT 10.0; Win64; x64) AppleWebKit/537.36 (KHTML, like Gecko) Chrome/149.0.0.0 Safari/537.36"
89.248.107.232 - - [21/Sep/2026:06:20:30 +0200] "POST /wp-cron.php?doing_wp_cron=1789964430.6193881034851074218750 HTTP/1.1" 200 5512 "-" "WordPress/6.6.2; https://grupo-seg.com"
16.146.43.58 - - [21/Sep/2026:06:20:30 +0200] "HEAD / HTTP/1.1" 301 5593 "-" "Mozilla/5.0 (Windows; U; Windows NT 6.1; sv-SE) AppleWebKit/533.19.4 (KHTML, like Gecko) Version/5.0.3 Safari/533.19.4"
16.146.43.58 - - [21/Sep/2026:06:20:31 +0200] "HEAD / HTTP/1.1" 200 5715 "-" "Mozilla/5.0 (Windows; U; Windows NT 6.1; sv-SE) AppleWebKit/533.19.4 (KHTML, like Gecko) Version/5.0.3 Safari/533.19.4"
89.248.107.232 - - [21/Sep/2026:06:20:31 +0200] "POST /wp-admin/admin-ajax.php?action=async_litespeed&nonce=b4cc4c672a&litespeed_type=imgoptm HTTP/1.1" 200 5698 "-" "WordPress/6.6.2; https://grupo-seg.com"
89.248.107.232 - - [21/Sep/2026:06:20:47 +0200] "POST /wp-cron.php?doing_wp_cron=1789964447.0347549915313720703125 HTTP/1.1" 200 5512 "-" "WordPress/6.6.2; https://grupo-seg.com"
64.224.99.235 - - [21/Sep/2026:06:20:46 +0200] "GET /actualidad HTTP/1.1" 301 5577 "https://grupo-seg.com/" "Mozilla/5.0 (Windows NT 6.0; Win64; x64) AppleWebKit/537.36 (KHTML, like Gecko) Chrome/66.0.3484.176 Safari/537.36"
64.224.99.235 - - [21/Sep/2026:06:20:47 +0200] "GET /actualidad/ HTTP/1.1" 200 149333 "https://grupo-seg.com/" "Mozilla/5.0 (Windows NT 6.0; Win64; x64) AppleWebKit/537.36 (KHTML, like Gecko) Chrome/66.0.3484.176 Safari/537.36"
89.248.107.232 - - [21/Sep/2026:06:21:02 +0200] "POST /wp-cron.php?doing_wp_cron=1789964462.1805710792541503906250 HTTP/1.1" 200 5512 "-" "WordPress/6.6.2; https://grupo-seg.com"
88.30.85.178 - - [21/Sep/2026:06:21:01 +0200] "POST /AutoDiscover/autodiscover.xml HTTP/1.1" 404 92217 "-" "Microsoft Office/16.0 (Windows NT 10.0; Microsoft Excel 16.0.20326; Pro)"
120.228.239.143 - - [21/Sep/2026:06:21:02 +0200] "GET /wp-content/themes/listinghive/style.css HTTP/1.1" 404 97626 "https://grupo-seg.com/wp-content/themes/listinghive/style.css" "Mozilla/5.0 (Windows NT 6.1; WOW64) AppleWebKit/537.11 (KHTML, like Gecko) Chrome/23.0.1271.97 Safari/537.11"
120.228.222.28 - - [21/Sep/2026:06:21:02 +0200] "GET /wp-content/themes/neve-fse/style.css HTTP/1.1" 404 97626 "https://grupo-seg.com/wp-content/themes/neve-fse/style.css" "Mozilla/5.0 (Windows NT 6.1; WOW64) AppleWebKit/537.11 (KHTML, like Gecko) Chrome/23.0.1271.97 Safari/537.11"
120.228.222.33 - - [21/Sep/2026:06:21:03 +0200] "GET /wp-content/themes/donovan/style.css HTTP/1.1" 404 97611 "https://grupo-seg.com/wp-content/themes/donovan/style.css" "Mozilla/5.0 (Windows NT 6.1; WOW64) AppleWebKit/537.11 (KHTML, like Gecko) Chrome/23.0.1271.97 Safari/537.11"
120.228.239.49 - - [21/Sep/2026:06:21:03 +0200] "GET /wp-content/themes/silverstorm/style.css HTTP/1.1" 404 97626 "https://grupo-seg.com/wp-content/themes/silverstorm/style.css" "Mozilla/5.0 (Windows NT 6.1; WOW64) AppleWebKit/537.11 (KHTML, like Gecko) Chrome/23.0.1271.97 Safari/537.11"
120.228.223.234 - - [21/Sep/2026:06:21:05 +0200] "GET /wp-content/themes/bosa/style.css HTTP/1.1" 404 97626 "https://grupo-seg.com/wp-content/themes/bosa/style.css" "Mozilla/5.0 (Windows NT 6.1; WOW64) AppleWebKit/537.11 (KHTML, like Gecko) Chrome/23.0.1271.97 Safari/537.11"
110.53.153.217 - - [21/Sep/2026:06:21:06 +0200] "GET /wp-content/themes/hybridmag/style.css HTTP/1.1" 404 97626 "https://grupo-seg.com/wp-content/themes/hybridmag/style.css" "Mozilla/5.0 (Windows NT 6.1; WOW64) AppleWebKit/537.11 (KHTML, like Gecko) Chrome/23.0.1271.97 Safari/537.11"
120.228.223.214 - - [21/Sep/2026:06:21:06 +0200] "GET /wp-content/themes/kale/style.css HTTP/1.1" 404 101463 "https://grupo-seg.com/wp-content/themes/kale/style.css" "Mozilla/5.0 (Windows NT 6.1; WOW64) AppleWebKit/537.11 (KHTML, like Gecko) Chrome/23.0.1271.97 Safari/537.11"
120.228.239.23 - - [21/Sep/2026:06:21:06 +0200] "GET /wp-content/themes/screenr/style.css HTTP/1.1" 404 99689 "https://grupo-seg.com/wp-content/themes/screenr/style.css" "Mozilla/5.0 (Windows NT 6.1; WOW64) AppleWebKit/537.11 (KHTML, like Gecko) Chrome/23.0.1271.97 Safari/537.11"
120.228.239.166 - - [21/Sep/2026:06:21:06 +0200] "GET /wp-content/themes/story/style.css HTTP/1.1" 404 99369 "https://grupo-seg.com/wp-content/themes/story/style.css" "Mozilla/5.0 (Windows NT 6.1; WOW64) AppleWebKit/537.11 (KHTML, like Gecko) Chrome/23.0.1271.97 Safari/537.11"
120.228.239.245 - - [21/Sep/2026:06:21:06 +0200] "GET /wp-content/themes/ollie/style.css HTTP/1.1" 404 97611 "https://grupo-seg.com/wp-content/themes/ollie/style.css" "Mozilla/5.0 (Windows NT 6.1; WOW64) AppleWebKit/537.11 (KHTML, like Gecko) Chrome/23.0.1271.97 Safari/537.11"
110.53.153.198 - - [21/Sep/2026:06:21:07 +0200] "GET /wp-content/themes/prespa/style.css HTTP/1.1" 404 97611 "https://grupo-seg.com/wp-content/themes/prespa/style.css" "Mozilla/5.0 (Windows NT 6.1; WOW64) AppleWebKit/537.11 (KHTML, like Gecko) Chrome/23.0.1271.97 Safari/537.11"
42.49.82.204 - - [21/Sep/2026:06:21:07 +0200] "GET /wp-content/themes/custom/style.css HTTP/1.1" 404 97611 "https://grupo-seg.com/wp-content/themes/custom/style.css" "Mozilla/5.0 (Windows NT 6.1; WOW64) AppleWebKit/537.11 (KHTML, like Gecko) Chrome/23.0.1271.97 Safari/537.11"
42.49.82.224 - - [21/Sep/2026:06:21:14 +0200] "GET /wp-content/themes/panoramic/style.css HTTP/1.1" 404 97626 "https://grupo-seg.com/wp-content/themes/panoramic/style.css" "Mozilla/5.0 (Windows NT 6.1; WOW64) AppleWebKit/537.11 (KHTML, like Gecko) Chrome/23.0.1271.97 Safari/537.11"
89.248.107.232 - - [21/Sep/2026:06:21:54 +0200] "POST /wp-cron.php?doing_wp_cron=1789964514.3192250728607177734375 HTTP/1.1" 200 5512 "-" "WordPress/6.6.2; https://grupo-seg.com"
52.167.144.173 - - [21/Sep/2026:06:21:53 +0200] "GET /htsr1053899idste/servicios.html HTTP/1.1" 404 97436 "-" "Mozilla/5.0 AppleWebKit/537.36 (KHTML, like Gecko; compatible; bingbot/2.0; +http://www.bing.com/bingbot.htm) Chrome/116.0.1938.76 Safari/537.36"
89.248.107.232 - - [21/Sep/2026:06:21:54 +0200] "POST /wp-admin/admin-ajax.php?action=async_litespeed&nonce=b4cc4c672a&litespeed_type=imgoptm HTTP/1.1" 200 5698 "-" "WordPress/6.6.2; https://grupo-seg.com"
89.248.107.232 - - [21/Sep/2026:06:24:57 +0200] "POST /wp-cron.php?doing_wp_cron=1789964697.5384030342102050781250 HTTP/1.1" 200 5512 "-" "WordPress/6.6.2; https://grupo-seg.com"
40.77.167.14 - - [21/Sep/2026:06:24:57 +0200] "GET /intramarginal6gi/psy2tkyu.html HTTP/1.1" 301 5689 "-" "Mozilla/5.0 AppleWebKit/537.36 (KHTML, like Gecko; compatible; bingbot/2.0; +http://www.bing.com/bingbot.htm) Chrome/116.0.1938.76 Safari/537.36"
89.248.107.232 - - [21/Sep/2026:06:24:58 +0200] "POST /wp-admin/admin-ajax.php?action=async_litespeed&nonce=b4cc4c672a&litespeed_type=imgoptm HTTP/1.1" 200 5698 "-" "WordPress/6.6.2; https://grupo-seg.com"
89.248.107.232 - - [21/Sep/2026:06:25:04 +0200] "POST /wp-cron.php?doing_wp_cron=1789964704.4301850795745849609375 HTTP/1.1" 200 5512 "-" "WordPress/6.6.2; https://grupo-seg.com"
52.4.213.199 - - [21/Sep/2026:06:25:03 +0200] "GET /news/zyxziforprepsihwteribrtsi-12529.html HTTP/1.1" 404 97421 "-" "Mozilla/5.0 AppleWebKit/537.36 (KHTML, like Gecko; compatible; Amazonbot/0.1; +https://developer.amazon.com/support/amazonbot) Chrome/119.0.6045.214 Safari/537.36"
89.248.107.232 - - [21/Sep/2026:06:27:28 +0200] "POST /wp-cron.php?doing_wp_cron=1789964848.3262820243835449218750 HTTP/1.1" 200 5512 "-" "WordPress/6.6.2; https://grupo-seg.com"
106.216.231.93 - - [21/Sep/2026:06:27:27 +0200] "GET /paises/ecuador HTTP/1.1" 301 5581 "https://grupo-seg.com/" "Mozilla/5.0 (Windows NT 6.0; Win64; x64) AppleWebKit/537.36 (KHTML, like Gecko) Chrome/74.0.2272.159 Safari/537.36"
89.248.107.232 - - [21/Sep/2026:06:27:28 +0200] "POST /wp-admin/admin-ajax.php?action=async_litespeed&nonce=b4cc4c672a&litespeed_type=imgoptm HTTP/1.1" 200 5698 "-" "WordPress/6.6.2; https://grupo-seg.com"
106.216.231.93 - - [21/Sep/2026:06:27:28 +0200] "GET /paises/ecuador/ HTTP/1.1" 200 156665 "https://grupo-seg.com/" "Mozilla/5.0 (Windows NT 6.0; Win64; x64) AppleWebKit/537.36 (KHTML, like Gecko) Chrome/74.0.2272.159 Safari/537.36"
89.248.107.232 - - [21/Sep/2026:06:28:14 +0200] "POST /wp-cron.php?doing_wp_cron=1789964894.7770059108734130859375 HTTP/1.1" 200 5512 "-" "WordPress/6.6.2; https://grupo-seg.com"
74.7.241.13 - - [21/Sep/2026:06:28:14 +0200] "GET /wp-sitemap.xml HTTP/1.1" 200 6217 "-" "Mozilla/5.0 AppleWebKit/537.36 (KHTML, like Gecko; compatible; GPTBot/1.4; +https://openai.com/gptbot)"
89.248.107.232 - - [21/Sep/2026:06:28:44 +0200] "POST /wp-cron.php?doing_wp_cron=1789964924.6904718875885009765625 HTTP/1.1" 200 5512 "-" "WordPress/6.6.2; https://grupo-seg.com"
52.206.61.49 - - [21/Sep/2026:06:28:44 +0200] "GET /robots.txt HTTP/1.1" 200 5679 "-" "Mozilla/5.0 (Macintosh; Intel Mac OS X 10_10_1) AppleWebKit/600.2.5 (KHTML, like Gecko) Version/8.0.2 Safari/600.2.5 (Gort)"
89.248.107.232 - - [21/Sep/2026:06:28:45 +0200] "POST /wp-admin/admin-ajax.php?action=async_litespeed&nonce=b4cc4c672a&litespeed_type=imgoptm HTTP/1.1" 200 5698 "-" "WordPress/6.6.2; https://grupo-seg.com"
89.248.107.232 - - [21/Sep/2026:06:29:06 +0200] "POST /wp-cron.php?doing_wp_cron=1789964946.8686621189117431640625 HTTP/1.1" 200 5512 "-" "WordPress/6.6.2; https://grupo-seg.com"
51.8.102.203 - - [21/Sep/2026:06:29:06 +0200] "GET /robots.txt HTTP/1.1" 200 5679 "-" "Mozilla/5.0 (Macintosh; Intel Mac OS X 10_15_7) AppleWebKit/537.36 (KHTML, like Gecko) Chrome/131.0.0.0 Safari/537.36; compatible; OAI-SearchBot/1.0; +https://openai.com/searchbot"
89.248.107.232 - - [21/Sep/2026:06:29:35 +0200] "POST /wp-cron.php?doing_wp_cron=1789964975.0535030364990234375000 HTTP/1.1" 200 5512 "-" "WordPress/6.6.2; https://grupo-seg.com/en/"
40.77.167.59 - - [21/Sep/2026:06:29:34 +0200] "GET /en/portfolio/technical-file-for-the-construction-investment-at-the-mayor-general-fap-armando-revoredo-iglesias-airport-in-cajamarca/ HTTP/1.1" 200 118077 "-" "Mozilla/5.0 AppleWebKit/537.36 (KHTML, like Gecko; compatible; bingbot/2.0; +http://www.bing.com/bingbot.htm) Chrome/116.0.1938.76 Safari/537.36"
89.248.107.232 - - [21/Sep/2026:06:29:35 +0200] "POST /wp-admin/admin-ajax.php?action=async_litespeed&nonce=b4cc4c672a&litespeed_type=imgoptm HTTP/1.1" 200 5698 "-" "WordPress/6.6.2; https://grupo-seg.com"
89.248.107.232 - - [21/Sep/2026:06:30:03 +0200] "POST /wp-cron.php?doing_wp_cron=1789965003.8255660533905029296875 HTTP/1.1" 200 5512 "-" "WordPress/6.6.2; https://grupo-seg.com/en/"
51.89.129.143 - - [21/Sep/2026:06:30:03 +0200] "GET /en/project-type/%C2%B7-costa-rica/ HTTP/1.1" 200 100947 "-" "Mozilla/5.0 (compatible; AhrefsBot/7.0; +http://ahrefs.com/robot/)"
89.248.107.232 - - [21/Sep/2026:06:30:32 +0200] "POST /wp-cron.php?doing_wp_cron=1789965032.3863821029663085937500 HTTP/1.1" 200 5512 "-" "WordPress/6.6.2; https://grupo-seg.com"
37.27.130.11 - - [21/Sep/2026:06:30:31 +0200] "GET /robots.txt HTTP/1.1" 301 5576 "-" "Mozilla/5.0 (compatible; AwarioBot/1.0; +https://awario.com/bots.html)"
37.27.130.11 - - [21/Sep/2026:06:30:32 +0200] "GET /robots.txt HTTP/1.1" 200 5679 "-" "Mozilla/5.0 (compatible; AwarioBot/1.0; +https://awario.com/bots.html)"
89.248.107.232 - - [21/Sep/2026:06:30:32 +0200] "POST /wp-admin/admin-ajax.php?action=async_litespeed&nonce=b4cc4c672a&litespeed_type=imgoptm HTTP/1.1" 200 5698 "-" "WordPress/6.6.2; https://grupo-seg.com"
37.27.130.11 - - [21/Sep/2026:06:30:33 +0200] "GET /robots.txt HTTP/1.1" 301 5576 "-" "Mozilla/5.0 (compatible; AwarioBot/1.0; +https://awario.com/bots.html)"
37.27.130.11 - - [21/Sep/2026:06:30:33 +0200] "GET /robots.txt HTTP/1.1" 200 5679 "-" "Mozilla/5.0 (compatible; AwarioBot/1.0; +https://awario.com/bots.html)"
37.27.130.11 - - [21/Sep/2026:06:30:34 +0200] "GET / HTTP/1.1" 301 5612 "-" "Mozilla/5.0 (compatible; AwarioBot/1.0; +https://awario.com/bots.html)"
37.27.130.11 - - [21/Sep/2026:06:30:34 +0200] "GET /robots.txt HTTP/1.1" 200 5679 "-" "Mozilla/5.0 (compatible; AwarioBot/1.0; +https://awario.com/bots.html)"
37.27.130.11 - - [21/Sep/2026:06:30:35 +0200] "GET / HTTP/1.1" 200 165847 "-" "Mozilla/5.0 (compatible; AwarioBot/1.0; +https://awario.com/bots.html)"
89.248.107.232 - - [21/Sep/2026:06:31:05 +0200] "POST /wp-cron.php?doing_wp_cron=1789965065.1220519542694091796875 HTTP/1.1" 200 5512 "-" "WordPress/6.6.2; https://grupo-seg.com"
34.206.50.36 - - [21/Sep/2026:06:31:04 +0200] "GET /robots.txt HTTP/1.1" 200 5679 "-" "Mozilla/5.0 (Macintosh; Intel Mac OS X 10_10_1) AppleWebKit/600.2.5 (KHTML, like Gecko) Version/8.0.2 Safari/600.2.5 (Gort)"
51.77.218.191 - - [21/Sep/2026:06:31:13 +0200] "GET /robots.txt HTTP/1.1" 200 5679 "-" "Mozilla/5.0 (compatible; MJ12bot/v1.4.8; http://mj12bot.com/)"
51.77.218.191 - - [21/Sep/2026:06:31:17 +0200] "GET /en/project-type/%C2%B7-airports/ HTTP/1.1" 200 117812 "-" "Mozilla/5.0 (compatible; MJ12bot/v1.4.8; http://mj12bot.com/)"
51.77.218.191 - - [21/Sep/2026:06:31:22 +0200] "GET /en/project-type/%C2%B7-airports/feed/ HTTP/1.1" 200 17890 "-" "Mozilla/5.0 (compatible; MJ12bot/v1.4.8; http://mj12bot.com/)"
89.248.107.232 - - [21/Sep/2026:06:31:31 +0200] "POST /wp-cron.php?doing_wp_cron=1789965091.7545330524444580078125 HTTP/1.1" 200 5512 "-" "WordPress/6.6.2; https://grupo-seg.com/en/"
51.77.218.191 - - [21/Sep/2026:06:31:31 +0200] "GET /en/project-type/%C2%B7-argentina/ HTTP/1.1" 200 102619 "-" "Mozilla/5.0 (compatible; MJ12bot/v1.4.8; http://mj12bot.com/)"
89.248.107.232 - - [21/Sep/2026:06:31:32 +0200] "POST /wp-admin/admin-ajax.php?action=async_litespeed&nonce=b4cc4c672a&litespeed_type=imgoptm HTTP/1.1" 200 5698 "-" "WordPress/6.6.2; https://grupo-seg.com"
51.77.218.191 - - [21/Sep/2026:06:31:35 +0200] "GET /en/project-type/%C2%B7-argentina/feed/ HTTP/1.1" 200 9728 "-" "Mozilla/5.0 (compatible; MJ12bot/v1.4.8; http://mj12bot.com/)"
89.248.107.232 - - [21/Sep/2026:06:31:44 +0200] "POST /wp-cron.php?doing_wp_cron=1789965104.0772368907928466796875 HTTP/1.1" 200 5512 "-" "WordPress/6.6.2; https://grupo-seg.com/en/"
51.77.218.191 - - [21/Sep/2026:06:31:43 +0200] "GET /en/project-type/%C2%B7-bolivia-en/ HTTP/1.1" 200 102845 "-" "Mozilla/5.0 (compatible; MJ12bot/v1.4.8; http://mj12bot.com/)"
216.73.217.11 - - [21/Sep/2026:06:31:46 +0200] "GET /wp-sitemap.xml HTTP/1.1" 200 6217 "-" "Mozilla/5.0 AppleWebKit/537.36 (KHTML, like Gecko; compatible; ClaudeBot/1.0; +claudebot@anthropic.com)"
89.248.107.232 - - [21/Sep/2026:06:31:54 +0200] "POST /wp-cron.php?doing_wp_cron=1789965114.9158589839935302734375 HTTP/1.1" 200 5512 "-" "WordPress/6.6.2; https://grupo-seg.com/en/"
51.77.218.191 - - [21/Sep/2026:06:31:54 +0200] "GET /en/project-type/%C2%B7-colombia/ HTTP/1.1" 200 115638 "-" "Mozilla/5.0 (compatible; MJ12bot/v1.4.8; http://mj12bot.com/)"
51.77.218.191 - - [21/Sep/2026:06:31:57 +0200] "GET /en/project-type/%C2%B7-colombia/feed/ HTTP/1.1" 200 16592 "-" "Mozilla/5.0 (compatible; MJ12bot/v1.4.8; http://mj12bot.com/)"
89.248.107.232 - - [21/Sep/2026:06:32:04 +0200] "POST /wp-cron.php?doing_wp_cron=1789965124.5953240394592285156250 HTTP/1.1" 200 5512 "-" "WordPress/6.6.2; https://grupo-seg.com/en/"
51.77.218.191 - - [21/Sep/2026:06:32:04 +0200] "GET /en/project-type/%C2%B7-nicaragua/ HTTP/1.1" 200 102759 "-" "Mozilla/5.0 (compatible; MJ12bot/v1.4.8; http://mj12bot.com/)"
51.77.218.191 - - [21/Sep/2026:06:32:09 +0200] "GET /en/project-type/%C2%B7-nicaragua/feed/ HTTP/1.1" 200 8752 "-" "Mozilla/5.0 (compatible; MJ12bot/v1.4.8; http://mj12bot.com/)"
51.77.218.191 - - [21/Sep/2026:06:32:15 +0200] "GET /en/project-type/%C2%B7-roads/ HTTP/1.1" 200 117185 "-" "Mozilla/5.0 (compatible; MJ12bot/v1.4.8; http://mj12bot.com/)"
51.77.218.191 - - [21/Sep/2026:06:32:21 +0200] "GET /en/project-type/%C2%B7-roads/feed/ HTTP/1.1" 200 17924 "-" "Mozilla/5.0 (compatible; MJ12bot/v1.4.8; http://mj12bot.com/)"
89.248.107.232 - - [21/Sep/2026:06:32:28 +0200] "POST /wp-cron.php?doing_wp_cron=1789965148.3465619087219238281250 HTTP/1.1" 200 5512 "-" "WordPress/6.6.2; https://grupo-seg.com"
103.160.8.97 - - [21/Sep/2026:06:32:27 +0200] "GET /category/espana HTTP/1.1" 301 5582 "https://grupo-seg.com/" "Mozilla/5.0 (Windows NT 6.3; Win64; x64) AppleWebKit/537.36 (KHTML, like Gecko) Chrome/63.0.3467.129 Safari/537.36"
103.160.8.97 - - [21/Sep/2026:06:32:28 +0200] "GET /category/espana/ HTTP/1.1" 200 103772 "https://grupo-seg.com/" "Mozilla/5.0 (Windows NT 6.3; Win64; x64) AppleWebKit/537.36 (KHTML, like Gecko) Chrome/63.0.3467.129 Safari/537.36"
