202.141.32.195 - - [21/Sep/2026:09:16:34 +0200] "POST /xmlrpc.php HTTP/1.1" 503 24038 "-" "WordPress.com; https://wordpress.com"
89.248.107.232 - - [21/Sep/2026:09:16:38 +0200] "POST /?wordfence_syncAttackData=1789974998.2224 HTTP/1.1" 200 5452 "-" "WordPress/6.6.2; https://grupo-seg.com"
89.248.107.232 - - [21/Sep/2026:09:16:38 +0200] "POST /wp-cron.php?doing_wp_cron=1789974998.7960579395294189453125 HTTP/1.1" 200 5512 "-" "WordPress/6.6.2; https://grupo-seg.com"
95.127.20.171 - - [21/Sep/2026:09:16:37 +0200] "POST /autodiscover/autodiscover.xml HTTP/1.1" 404 92202 "-" "Microsoft Office/16.0 (Windows NT 10.0; Microsoft Outlook 16.0.20228; Pro)"
95.127.20.171 - - [21/Sep/2026:09:16:38 +0200] "POST /autodiscover/autodiscover.xml HTTP/1.1" 404 92202 "-" "Microsoft Office/16.0 (Windows NT 10.0; Microsoft Outlook 16.0.20228; Pro)"
89.248.107.232 - - [21/Sep/2026:09:16:39 +0200] "POST /wp-admin/admin-ajax.php?action=async_litespeed&nonce=b4cc4c672a&litespeed_type=imgoptm HTTP/1.1" 200 5698 "-" "WordPress/6.6.2; https://grupo-seg.com"
89.248.107.232 - - [21/Sep/2026:09:16:41 +0200] "POST /wp-cron.php?doing_wp_cron=1789975001.8699920177459716796875 HTTP/1.1" 200 5512 "-" "WordPress/6.6.2; https://grupo-seg.com"
52.167.144.166 - - [21/Sep/2026:09:16:41 +0200] "GET /ahjv70291cigpitu/orododdsd HTTP/1.1" 301 5685 "-" "Mozilla/5.0 AppleWebKit/537.36 (KHTML, like Gecko; compatible; bingbot/2.0; +http://www.bing.com/bingbot.htm) Chrome/116.0.1938.76 Safari/537.36"
88.30.85.178 - - [21/Sep/2026:09:16:42 +0200] "POST /AutoDiscover/autodiscover.xml HTTP/1.1" 404 92217 "-" "Microsoft Office/16.0 (Windows NT 10.0; Microsoft Excel 16.0.20326; Pro)"
202.141.32.195 - - [21/Sep/2026:09:16:44 +0200] "POST /xmlrpc.php HTTP/1.1" 503 24038 "-" "WordPress.com; https://wordpress.com"
89.248.107.232 - - [21/Sep/2026:09:16:54 +0200] "POST /?wordfence_syncAttackData=1789975014.2368 HTTP/1.1" 200 5452 "-" "WordPress/6.6.2; https://grupo-seg.com"
89.248.107.232 - - [21/Sep/2026:09:16:54 +0200] "POST /wp-cron.php?doing_wp_cron=1789975014.7806260585784912109375 HTTP/1.1" 200 5512 "-" "WordPress/6.6.2; https://grupo-seg.com"
65.109.54.22 - - [21/Sep/2026:09:16:53 +0200] "GET /robots.txt HTTP/1.1" 200 5679 "-" "Mozilla/5.0 (compatible; AwarioBot/1.0; +https://awario.com/bots.html)"
65.109.54.22 - - [21/Sep/2026:09:16:55 +0200] "GET /robots.txt HTTP/1.1" 200 5679 "-" "Mozilla/5.0 (compatible; AwarioBot/1.0; +https://awario.com/bots.html)"
202.141.32.195 - - [21/Sep/2026:09:16:55 +0200] "POST /xmlrpc.php HTTP/1.1" 503 24038 "-" "Jetpack by WordPress.com (Jetpack 13.0; WordPress 6.1)"
65.109.54.22 - - [21/Sep/2026:09:16:55 +0200] "GET /robots.txt HTTP/1.1" 200 5679 "-" "Mozilla/5.0 (compatible; AwarioBot/1.0; +https://awario.com/bots.html)"
65.109.54.22 - - [21/Sep/2026:09:16:56 +0200] "GET /es/noticias/314-seg-ingenieria-empresa-del-ano-de-los-premios-mediterraneo-excelente-2015 HTTP/1.1" 404 97626 "-" "Mozilla/5.0 (compatible; AwarioBot/1.0; +https://awario.com/bots.html)"
95.127.20.171 - - [21/Sep/2026:09:16:57 +0200] "POST /autodiscover/autodiscover.xml HTTP/1.1" 404 92217 "-" "Microsoft Office/16.0 (Windows NT 10.0; Microsoft Outlook 16.0.20228; Pro)"
202.141.32.195 - - [21/Sep/2026:09:17:05 +0200] "POST /xmlrpc.php HTTP/1.1" 503 24038 "-" "Jetpack/12.0; WordPress/6.2; http://site52254387.com"
89.248.107.232 - - [21/Sep/2026:09:17:09 +0200] "POST /?wordfence_syncAttackData=1789975029.2515 HTTP/1.1" 200 5452 "-" "WordPress/6.6.2; https://grupo-seg.com"
89.248.107.232 - - [21/Sep/2026:09:17:09 +0200] "POST /wp-cron.php?doing_wp_cron=1789975029.7785611152648925781250 HTTP/1.1" 200 5512 "-" "WordPress/6.6.2; https://grupo-seg.com"
81.43.24.240 - - [21/Sep/2026:09:17:09 +0200] "POST /AutoDiscover/autodiscover.xml HTTP/1.1" 404 92217 "-" "Microsoft Office/16.0 (Windows NT 10.0; Microsoft Word 16.0.20326; Pro)"
95.127.20.171 - - [21/Sep/2026:09:17:13 +0200] "POST /autodiscover/autodiscover.xml HTTP/1.1" 404 92217 "-" "Microsoft Office/16.0 (Windows NT 10.0; Microsoft Outlook 16.0.20228; Pro)"
202.141.32.195 - - [21/Sep/2026:09:17:16 +0200] "POST /xmlrpc.php HTTP/1.1" 503 24038 "-" "Jetpack by WordPress.com"
202.141.32.195 - - [21/Sep/2026:09:17:27 +0200] "POST /xmlrpc.php HTTP/1.1" 503 24038 "-" "Jetpack by WordPress.com (Jetpack 12.5; WordPress 6.1)"
202.141.32.195 - - [21/Sep/2026:09:17:37 +0200] "POST /xmlrpc.php HTTP/1.1" 503 24038 "-" "WordPress.com; https://wordpress.com"
202.141.32.195 - - [21/Sep/2026:09:17:48 +0200] "POST /xmlrpc.php HTTP/1.1" 503 24038 "-" "Jetpack by WordPress.com (Jetpack 13.0; WordPress 6.1)"
89.248.107.232 - - [21/Sep/2026:09:17:59 +0200] "POST /?wordfence_syncAttackData=1789975079.2373 HTTP/1.1" 200 5452 "-" "WordPress/6.6.2; https://grupo-seg.com"
89.248.107.232 - - [21/Sep/2026:09:18:00 +0200] "POST /wp-cron.php?doing_wp_cron=1789975080.1463949680328369140625 HTTP/1.1" 200 5512 "-" "WordPress/6.6.2; https://grupo-seg.com"
95.127.20.171 - - [21/Sep/2026:09:17:58 +0200] "POST /autodiscover/autodiscover.xml HTTP/1.1" 404 92217 "-" "Microsoft Office/16.0 (Windows NT 10.0; Microsoft Outlook 16.0.20228; Pro)"
89.248.107.232 - - [21/Sep/2026:09:17:59 +0200] "POST /?wordfence_syncAttackData=1789975079.4488 HTTP/1.1" 200 13454 "-" "WordPress/6.6.2; https://grupo-seg.com"
95.127.20.171 - - [21/Sep/2026:09:17:59 +0200] "POST /autodiscover/autodiscover.xml HTTP/1.1" 404 92202 "-" "Microsoft Office/16.0 (Windows NT 10.0; Microsoft Outlook 16.0.20228; Pro)"
89.248.107.232 - - [21/Sep/2026:09:18:01 +0200] "POST /wp-admin/admin-ajax.php?action=async_litespeed&nonce=b4cc4c672a&litespeed_type=imgoptm HTTP/1.1" 200 5698 "-" "WordPress/6.6.2; https://grupo-seg.com"
89.248.107.232 - - [21/Sep/2026:09:18:06 +0200] "POST /wp-cron.php?doing_wp_cron=1789975086.6631190776824951171875 HTTP/1.1" 200 5512 "-" "WordPress/6.6.2; https://grupo-seg.com"
173.252.70.9 - - [21/Sep/2026:09:18:06 +0200] "GET /?fbclid=IwcGRvZgRleHRuA2FlbQIxMQBzcnRjBmFwcF9pZAwyNTYyODEwNDA1NTgAAR7zRbPdRQJQcMeBVKVcT92kQBelEcTDBiTtZDaOCNjtEiErnNLxPjSKh-zA8w_aem_Hs9_RCtf3XMM-uINgTdnIQ HTTP/1.1" 301 5767 "https://www.facebook.com/" "Mozilla/5.0 (Linux; Android 10; K) AppleWebKit/537.36 (KHTML, like Gecko) Chrome/153.0.0.0 Mobile Safari/537.36"
173.252.95.42 - - [21/Sep/2026:09:18:07 +0200] "GET /?fbclid=IwcGRvZgRleHRuA2FlbQIxMQBzcnRjBmFwcF9pZAwyNTYyODEwNDA1NTgAAR7zRbPdRQJQcMeBVKVcT92kQBelEcTDBiTtZDaOCNjtEiErnNLxPjSKh-zA8w_aem_Hs9_RCtf3XMM-uINgTdnIQ HTTP/1.1" 200 165838 "https://www.facebook.com/" "Mozilla/5.0 (Linux; Android 10; K) AppleWebKit/537.36 (KHTML, like Gecko) Chrome/153.0.0.0 Mobile Safari/537.36"
66.220.149.15 - - [21/Sep/2026:09:18:12 +0200] "POST /wp-content/plugins/litespeed-cache/guest.vary.php HTTP/1.1" 200 5656 "https://grupo-seg.com/?fbclid=IwcGRvZgRleHRuA2FlbQIxMQBzcnRjBmFwcF9pZAwyNTYyODEwNDA1NTgAAR7zRbPdRQJQcMeBVKVcT92kQBelEcTDBiTtZDaOCNjtEiErnNLxPjSKh-zA8w_aem_Hs9_RCtf3XMM-uINgTdnIQ" "Mozilla/5.0 (Linux; Android 10; K) AppleWebKit/537.36 (KHTML, like Gecko) Chrome/153.0.0.0 Mobile Safari/537.36"
66.220.149.15 - - [21/Sep/2026:09:18:12 +0200] "POST /wp-content/plugins/litespeed-cache/guest.vary.php HTTP/1.1" 200 5500 "https://grupo-seg.com/?fbclid=IwcGRvZgRleHRuA2FlbQIxMQBzcnRjBmFwcF9pZAwyNTYyODEwNDA1NTgAAR7zRbPdRQJQcMeBVKVcT92kQBelEcTDBiTtZDaOCNjtEiErnNLxPjSKh-zA8w_aem_Hs9_RCtf3XMM-uINgTdnIQ" "Mozilla/5.0 (Linux; Android 10; K) AppleWebKit/537.36 (KHTML, like Gecko) Chrome/153.0.0.0 Mobile Safari/537.36"
44.249.159.93 - - [21/Sep/2026:09:18:23 +0200] "GET / HTTP/1.1" 200 165847 "-" "Mozilla/5.0 (Windows NT 10.0; Win64; x64) AppleWebKit/537.36 (KHTML, like Gecko) Chrome/113.0.0.0 Safari/537.36"
89.248.107.232 - - [21/Sep/2026:09:18:45 +0200] "POST /wp-cron.php?doing_wp_cron=1789975125.1343929767608642578125 HTTP/1.1" 200 5512 "-" "WordPress/6.6.2; https://grupo-seg.com"
173.252.95.27 - - [21/Sep/2026:09:18:44 +0200] "GET /?fbclid=IwcGRvZgRleHRuA2FlbQIxMQBzcnRjBmFwcF9pZAwyNTYyODEwNDA1NTgAAR7zRbPdRQJQcMeBVKVcT92kQBelEcTDBiTtZDaOCNjtEiErnNLxPjSKh-zA8w_aem_Hs9_RCtf3XMM-uINgTdnIQ HTTP/1.1" 200 165847 "-" "facebookexternalhit/1.1 (+http://www.facebook.com/externalhit_uatext.php)"
89.248.107.232 - - [21/Sep/2026:09:18:46 +0200] "POST /wp-admin/admin-ajax.php?action=async_litespeed&nonce=b4cc4c672a&litespeed_type=imgoptm HTTP/1.1" 200 5698 "-" "WordPress/6.6.2; https://grupo-seg.com"
95.127.20.171 - - [21/Sep/2026:09:18:52 +0200] "POST /autodiscover/autodiscover.xml HTTP/1.1" 404 92217 "-" "Microsoft Office/16.0 (Windows NT 10.0; Microsoft Outlook 16.0.20228; Pro)"
95.127.20.171 - - [21/Sep/2026:09:18:52 +0200] "POST /autodiscover/autodiscover.xml HTTP/1.1" 404 92202 "-" "Microsoft Office/16.0 (Windows NT 10.0; Microsoft Outlook 16.0.20228; Pro)"
89.248.107.232 - - [21/Sep/2026:09:18:58 +0200] "POST /wp-cron.php?doing_wp_cron=1789975138.5058369636535644531250 HTTP/1.1" 200 5512 "-" "WordPress/6.6.2; https://grupo-seg.com"
95.127.20.171 - - [21/Sep/2026:09:18:58 +0200] "POST /autodiscover/autodiscover.xml HTTP/1.1" 404 92202 "-" "Microsoft Office/16.0 (Windows NT 10.0; Microsoft Outlook 16.0.20228; Pro)"
2.139.158.128 - - [21/Sep/2026:09:18:58 +0200] "POST /AutoDiscover/autodiscover.xml HTTP/1.1" 404 92202 "-" "Microsoft Office/16.0 (Windows NT 10.0; Microsoft Excel 16.0.20326; Pro)"
89.248.107.232 - - [21/Sep/2026:09:19:44 +0200] "POST /wp-cron.php?doing_wp_cron=1789975184.0133581161499023437500 HTTP/1.1" 200 5512 "-" "WordPress/6.6.2; https://grupo-seg.com"
79.150.106.92 - - [21/Sep/2026:09:19:43 +0200] "POST /AutoDiscover/autodiscover.xml HTTP/1.1" 404 92217 "-" "Microsoft Office/16.0 (Windows NT 10.0; Microsoft Excel 16.0.20326; Pro)"
89.248.107.232 - - [21/Sep/2026:09:19:44 +0200] "POST /wp-admin/admin-ajax.php?action=async_litespeed&nonce=b4cc4c672a&litespeed_type=imgoptm HTTP/1.1" 200 5698 "-" "WordPress/6.6.2; https://grupo-seg.com"
89.248.107.232 - - [21/Sep/2026:09:19:59 +0200] "POST /wp-cron.php?doing_wp_cron=1789975198.9733641147613525390625 HTTP/1.1" 200 5512 "-" "WordPress/6.6.2; https://grupo-seg.com"
95.127.20.171 - - [21/Sep/2026:09:19:58 +0200] "POST /autodiscover/autodiscover.xml HTTP/1.1" 404 92217 "-" "Microsoft Office/16.0 (Windows NT 10.0; Microsoft Outlook 16.0.20228; Pro)"
95.127.20.171 - - [21/Sep/2026:09:19:58 +0200] "POST /autodiscover/autodiscover.xml HTTP/1.1" 404 92202 "-" "Microsoft Office/16.0 (Windows NT 10.0; Microsoft Outlook 16.0.20228; Pro)"
89.248.107.232 - - [21/Sep/2026:09:20:13 +0200] "POST /wp-cron.php?doing_wp_cron=1789975213.4327969551086425781250 HTTP/1.1" 200 5512 "-" "WordPress/6.6.2; https://grupo-seg.com"
95.127.20.171 - - [21/Sep/2026:09:20:13 +0200] "POST /autodiscover/autodiscover.xml HTTP/1.1" 404 92217 "-" "Microsoft Office/16.0 (Windows NT 10.0; Microsoft Outlook 16.0.20228; Pro)"
79.145.53.4 - - [21/Sep/2026:09:20:15 +0200] "POST /AutoDiscover/autodiscover.xml HTTP/1.1" 404 92202 "-" "Microsoft Office/16.0 (Windows NT 10.0; Microsoft Excel 16.0.20228; Pro)"
89.248.107.232 - - [21/Sep/2026:09:20:59 +0200] "POST /wp-cron.php?doing_wp_cron=1789975259.8436830043792724609375 HTTP/1.1" 200 5512 "-" "WordPress/6.6.2; https://grupo-seg.com"
95.127.20.171 - - [21/Sep/2026:09:20:59 +0200] "POST /autodiscover/autodiscover.xml HTTP/1.1" 404 92217 "-" "Microsoft Office/16.0 (Windows NT 10.0; Microsoft Outlook 16.0.20228; Pro)"
95.127.20.171 - - [21/Sep/2026:09:21:00 +0200] "POST /autodiscover/autodiscover.xml HTTP/1.1" 404 92202 "-" "Microsoft Office/16.0 (Windows NT 10.0; Microsoft Outlook 16.0.20228; Pro)"
89.248.107.232 - - [21/Sep/2026:09:21:00 +0200] "POST /wp-admin/admin-ajax.php?action=async_litespeed&nonce=b4cc4c672a&litespeed_type=imgoptm HTTP/1.1" 200 5698 "-" "WordPress/6.6.2; https://grupo-seg.com"
89.248.107.232 - - [21/Sep/2026:09:21:29 +0200] "POST /wp-cron.php?doing_wp_cron=1789975289.8902509212493896484375 HTTP/1.1" 200 5512 "-" "WordPress/6.6.2; https://grupo-seg.com"
83.58.25.110 - - [21/Sep/2026:09:21:29 +0200] "GET /contacto/ HTTP/1.1" 200 13454 "https://grupo-seg.com/" "Mozilla/5.0 (Windows NT 10.0; Win64; x64) AppleWebKit/537.36 (KHTML, like Gecko) Chrome/153.0.0.0 Safari/537.36"
89.248.107.232 - - [21/Sep/2026:09:21:30 +0200] "POST /wp-admin/admin-ajax.php?action=async_litespeed&nonce=b4cc4c672a&litespeed_type=imgoptm HTTP/1.1" 200 5698 "-" "WordPress/6.6.2; https://grupo-seg.com"
89.248.107.232 - - [21/Sep/2026:09:21:40 +0200] "POST /wp-cron.php?doing_wp_cron=1789975300.9006059169769287109375 HTTP/1.1" 200 5512 "-" "WordPress/6.6.2; https://grupo-seg.com"
79.145.53.4 - - [21/Sep/2026:09:21:40 +0200] "POST /AutoDiscover/autodiscover.xml HTTP/1.1" 404 92217 "-" "Microsoft Office/16.0 (Windows NT 10.0; Microsoft Excel 16.0.20326; Pro)"
89.248.107.232 - - [21/Sep/2026:09:22:01 +0200] "POST /wp-cron.php?doing_wp_cron=1789975321.2769091129302978515625 HTTP/1.1" 200 5512 "-" "WordPress/6.6.2; https://grupo-seg.com"
95.127.20.171 - - [21/Sep/2026:09:22:00 +0200] "POST /autodiscover/autodiscover.xml HTTP/1.1" 404 92217 "-" "Microsoft Office/16.0 (Windows NT 10.0; Microsoft Outlook 16.0.20228; Pro)"
95.127.20.171 - - [21/Sep/2026:09:22:01 +0200] "POST /autodiscover/autodiscover.xml HTTP/1.1" 404 92217 "-" "Microsoft Office/16.0 (Windows NT 10.0; Microsoft Outlook 16.0.20228; Pro)"
89.248.107.232 - - [21/Sep/2026:09:22:32 +0200] "POST /wp-cron.php?doing_wp_cron=1789975352.0219540596008300781250 HTTP/1.1" 200 5512 "-" "WordPress/6.6.2; https://grupo-seg.com"
95.127.20.171 - - [21/Sep/2026:09:22:31 +0200] "POST /autodiscover/autodiscover.xml HTTP/1.1" 404 92217 "-" "Microsoft Office/16.0 (Windows NT 10.0; Microsoft Outlook 16.0.20228; Pro)"
95.127.20.171 - - [21/Sep/2026:09:22:31 +0200] "POST /autodiscover/autodiscover.xml HTTP/1.1" 404 92202 "-" "Microsoft Office/16.0 (Windows NT 10.0; Microsoft Outlook 16.0.20228; Pro)"
2.139.158.128 - - [21/Sep/2026:09:22:31 +0200] "POST /AutoDiscover/autodiscover.xml HTTP/1.1" 404 92217 "-" "Microsoft Office/16.0 (Windows NT 10.0; Microsoft Word 16.0.20326; Pro)"
89.248.107.232 - - [21/Sep/2026:09:22:32 +0200] "POST /wp-admin/admin-ajax.php?action=async_litespeed&nonce=b4cc4c672a&litespeed_type=imgoptm HTTP/1.1" 200 5698 "-" "WordPress/6.6.2; https://grupo-seg.com"
95.127.20.171 - - [21/Sep/2026:09:22:37 +0200] "POST /autodiscover/autodiscover.xml HTTP/1.1" 404 92217 "-" "Microsoft Office/16.0 (Windows NT 10.0; Microsoft Outlook 16.0.20228; Pro)"
89.248.107.232 - - [21/Sep/2026:09:23:07 +0200] "POST /wp-cron.php?doing_wp_cron=1789975387.8424549102783203125000 HTTP/1.1" 200 5512 "-" "WordPress/6.6.2; https://grupo-seg.com"
95.127.20.171 - - [21/Sep/2026:09:23:07 +0200] "POST /autodiscover/autodiscover.xml HTTP/1.1" 404 92217 "-" "Microsoft Office/16.0 (Windows NT 10.0; Microsoft Outlook 16.0.20228; Pro)"
95.127.20.171 - - [21/Sep/2026:09:23:07 +0200] "POST /autodiscover/autodiscover.xml HTTP/1.1" 404 92202 "-" "Microsoft Office/16.0 (Windows NT 10.0; Microsoft Outlook 16.0.20228; Pro)"
137.131.43.163 - - [21/Sep/2026:09:23:11 +0200] "GET / HTTP/1.1" 200 165817 "-" "Mozilla/5.0 (Windows NT 10.0; Win64; x64) AppleWebKit/537.36 (KHTML, like Gecko) Chrome/80.0.3987.149 Safari/537.36"
137.131.43.163 - - [21/Sep/2026:09:23:13 +0200] "GET //wp-includes/wlwmanifest.xml HTTP/1.1" 301 5686 "-" "Mozilla/5.0 (Windows NT 10.0; Win64; x64) AppleWebKit/537.36 (KHTML, like Gecko) Chrome/80.0.3987.149 Safari/537.36"
137.131.43.163 - - [21/Sep/2026:09:23:13 +0200] "GET //xmlrpc.php?rsd HTTP/1.1" 200 6259 "-" "Mozilla/5.0 (Windows NT 10.0; Win64; x64) AppleWebKit/537.36 (KHTML, like Gecko) Chrome/80.0.3987.149 Safari/537.36"
137.131.43.163 - - [21/Sep/2026:09:23:14 +0200] "GET //?author=1 HTTP/1.1" 404 73720 "-" "Mozilla/5.0 (Windows NT 10.0; Win64; x64) AppleWebKit/537.36 (KHTML, like Gecko) Chrome/80.0.3987.149 Safari/537.36"
137.131.43.163 - - [21/Sep/2026:09:23:15 +0200] "GET //?author=2 HTTP/1.1" 404 73720 "-" "Mozilla/5.0 (Windows NT 10.0; Win64; x64) AppleWebKit/537.36 (KHTML, like Gecko) Chrome/80.0.3987.149 Safari/537.36"
137.131.43.163 - - [21/Sep/2026:09:23:16 +0200] "GET //wp-json/wp/v2/users/ HTTP/1.1" 401 5951 "-" "Mozilla/5.0 (Windows NT 10.0; Win64; x64) AppleWebKit/537.36 (KHTML, like Gecko) Chrome/80.0.3987.149 Safari/537.36"
137.131.43.163 - - [21/Sep/2026:09:23:17 +0200] "GET //wp-json/oembed/1.0/embed?url=https://grupo-seg.com/ HTTP/1.1" 200 7829 "-" "Mozilla/5.0 (Windows NT 10.0; Win64; x64) AppleWebKit/537.36 (KHTML, like Gecko) Chrome/80.0.3987.149 Safari/537.36"
137.131.43.163 - - [21/Sep/2026:09:23:18 +0200] "POST //xmlrpc.php HTTP/1.1" 200 5891 "-" "Mozilla/5.0 (Windows NT 10.0; Win64; x64) AppleWebKit/537.36 (KHTML, like Gecko) Chrome/80.0.3987.149 Safari/537.36"
137.131.43.163 - - [21/Sep/2026:09:23:18 +0200] "POST //xmlrpc.php HTTP/1.1" 503 25074 "-" "Mozilla/5.0 (Windows NT 10.0; Win64; x64) AppleWebKit/537.36 (KHTML, like Gecko) Chrome/80.0.3987.149 Safari/537.36"
89.248.107.232 - - [21/Sep/2026:09:23:54 +0200] "POST /wp-cron.php?doing_wp_cron=1789975434.4741361141204833984375 HTTP/1.1" 200 5512 "-" "WordPress/6.6.2; https://grupo-seg.com"
216.73.217.11 - - [21/Sep/2026:09:23:53 +0200] "GET /robots.txt HTTP/1.1" 200 5679 "-" "Mozilla/5.0 AppleWebKit/537.36 (KHTML, like Gecko; compatible; ClaudeBot/1.0; +claudebot@anthropic.com)"
216.73.217.11 - - [21/Sep/2026:09:23:54 +0200] "GET /wp-sitemap.xml HTTP/1.1" 200 6217 "-" "Mozilla/5.0 AppleWebKit/537.36 (KHTML, like Gecko; compatible; ClaudeBot/1.0; +claudebot@anthropic.com)"
89.248.107.232 - - [21/Sep/2026:09:23:55 +0200] "POST /wp-admin/admin-ajax.php?action=async_litespeed&nonce=b4cc4c672a&litespeed_type=imgoptm HTTP/1.1" 200 5698 "-" "WordPress/6.6.2; https://grupo-seg.com"
89.248.107.232 - - [21/Sep/2026:09:24:12 +0200] "POST /wp-cron.php?doing_wp_cron=1789975452.9271130561828613281250 HTTP/1.1" 200 5512 "-" "WordPress/6.6.2; https://grupo-seg.com"
95.127.20.171 - - [21/Sep/2026:09:24:12 +0200] "POST /autodiscover/autodiscover.xml HTTP/1.1" 404 92202 "-" "Microsoft Office/16.0 (Windows NT 10.0; Microsoft Outlook 16.0.20228; Pro)"
95.127.20.171 - - [21/Sep/2026:09:24:12 +0200] "POST /autodiscover/autodiscover.xml HTTP/1.1" 404 92217 "-" "Microsoft Office/16.0 (Windows NT 10.0; Microsoft Outlook 16.0.20228; Pro)"
88.30.85.178 - - [21/Sep/2026:09:24:23 +0200] "POST /AutoDiscover/autodiscover.xml HTTP/1.1" 404 92217 "-" "Microsoft Office/16.0 (Windows NT 10.0; Microsoft Excel 16.0.20326; Pro)"
89.248.107.232 - - [21/Sep/2026:09:24:55 +0200] "POST /wp-cron.php?doing_wp_cron=1789975495.0276310443878173828125 HTTP/1.1" 200 5512 "-" "WordPress/6.6.2; https://grupo-seg.com"
95.127.20.171 - - [21/Sep/2026:09:24:54 +0200] "POST /autodiscover/autodiscover.xml HTTP/1.1" 404 92217 "-" "Microsoft Office/16.0 (Windows NT 10.0; Microsoft Outlook 16.0.20228; Pro)"
95.127.20.171 - - [21/Sep/2026:09:24:55 +0200] "POST /autodiscover/autodiscover.xml HTTP/1.1" 404 92217 "-" "Microsoft Office/16.0 (Windows NT 10.0; Microsoft Outlook 16.0.20228; Pro)"
89.248.107.232 - - [21/Sep/2026:09:24:55 +0200] "POST /wp-admin/admin-ajax.php?action=async_litespeed&nonce=b4cc4c672a&litespeed_type=imgoptm HTTP/1.1" 200 5698 "-" "WordPress/6.6.2; https://grupo-seg.com"
89.248.107.232 - - [21/Sep/2026:09:25:10 +0200] "POST /wp-cron.php?doing_wp_cron=1789975510.8300108909606933593750 HTTP/1.1" 200 5512 "-" "WordPress/6.6.2; https://grupo-seg.com"
95.127.20.171 - - [21/Sep/2026:09:25:10 +0200] "POST /autodiscover/autodiscover.xml HTTP/1.1" 404 92202 "-" "Microsoft Office/16.0 (Windows NT 10.0; Microsoft Outlook 16.0.20228; Pro)"
79.145.53.4 - - [21/Sep/2026:09:25:10 +0200] "POST /AutoDiscover/autodiscover.xml HTTP/1.1" 404 92202 "-" "Microsoft Office/16.0 (Windows NT 10.0; Microsoft Excel 16.0.20228; Pro)"
51.195.244.47 - - [21/Sep/2026:09:25:19 +0200] "GET /interventoria-integral-al-contrato-de-la-concesion-troncal-del-magadalena-2/ HTTP/1.1" 301 5634 "-" "Mozilla/5.0 (compatible; AhrefsBot/7.0; +http://ahrefs.com/robot/)"
89.248.107.232 - - [21/Sep/2026:09:25:26 +0200] "POST /wp-cron.php?doing_wp_cron=1789975526.1649849414825439453125 HTTP/1.1" 200 5512 "-" "WordPress/6.6.2; https://grupo-seg.com"
104.252.3.106 - - [21/Sep/2026:09:25:25 +0200] "GET / HTTP/1.1" 200 165817 "-" "Mozilla/5.0 (Windows NT 10.0; Win64; x64; rv:64.0) Gecko/20100101 Firefox/64.0"
89.248.107.232 - - [21/Sep/2026:09:25:26 +0200] "POST /wp-admin/admin-ajax.php?action=async_litespeed&nonce=b4cc4c672a&litespeed_type=imgoptm HTTP/1.1" 200 5698 "-" "WordPress/6.6.2; https://grupo-seg.com"
192.30.83.205 - - [21/Sep/2026:09:25:27 +0200] "GET / HTTP/1.1" 200 165817 "-" "Mozilla/5.0 (Windows NT 10.0; Win64; x64; rv:64.0) Gecko/20100101 Firefox/64.0"
150.241.230.7 - - [21/Sep/2026:09:25:30 +0200] "GET /.well-known/autoconfig/mail/config-v1.1.xml HTTP/1.1" 404 97626 "-" "Mozilla/5.0 (Windows NT 10.0; Win64; x64; rv:109.0) Gecko/20100101 Thunderbird/115.0"
89.248.107.232 - - [21/Sep/2026:09:25:59 +0200] "POST /wp-cron.php?doing_wp_cron=1789975559.5030210018157958984375 HTTP/1.1" 200 5512 "-" "WordPress/6.6.2; https://grupo-seg.com"
88.22.127.75 - - [21/Sep/2026:09:25:59 +0200] "POST /AutoDiscover/autodiscover.xml HTTP/1.1" 404 92202 "-" "Microsoft Office/16.0 (Windows NT 10.0; Microsoft Excel 16.0.20326; Pro)"
89.248.107.232 - - [21/Sep/2026:09:26:24 +0200] "POST /wp-cron.php?doing_wp_cron=1789975584.6989378929138183593750 HTTP/1.1" 200 5512 "-" "WordPress/6.6.2; https://grupo-seg.com"
95.127.20.171 - - [21/Sep/2026:09:26:23 +0200] "POST /autodiscover/autodiscover.xml HTTP/1.1" 404 92217 "-" "Microsoft Office/16.0 (Windows NT 10.0; Microsoft Outlook 16.0.20228; Pro)"
95.127.20.171 - - [21/Sep/2026:09:26:23 +0200] "POST /autodiscover/autodiscover.xml HTTP/1.1" 404 92217 "-" "Microsoft Office/16.0 (Windows NT 10.0; Microsoft Outlook 16.0.20228; Pro)"
81.61.83.23 - - [21/Sep/2026:09:26:23 +0200] "POST /AutoDiscover/autodiscover.xml HTTP/1.1" 404 92217 "-" "Microsoft Office/16.0 (Windows NT 10.0; Microsoft Word 16.0.20326; Pro)"
89.248.107.232 - - [21/Sep/2026:09:26:26 +0200] "POST /wp-admin/admin-ajax.php?action=async_litespeed&nonce=b4cc4c672a&litespeed_type=imgoptm HTTP/1.1" 200 5698 "-" "WordPress/6.6.2; https://grupo-seg.com"
95.127.20.171 - - [21/Sep/2026:09:26:32 +0200] "POST /autodiscover/autodiscover.xml HTTP/1.1" 404 92202 "-" "Microsoft Office/16.0 (Windows NT 10.0; Microsoft Outlook 16.0.20228; Pro)"
89.248.107.232 - - [21/Sep/2026:09:27:28 +0200] "POST /wp-cron.php?doing_wp_cron=1789975648.2472040653228759765625 HTTP/1.1" 200 5512 "-" "WordPress/6.6.2; https://grupo-seg.com"
2.139.158.128 - - [21/Sep/2026:09:27:27 +0200] "POST /AutoDiscover/autodiscover.xml HTTP/1.1" 404 92217 "-" "Microsoft Office/16.0 (Windows NT 10.0; Microsoft Excel 16.0.20228; Pro)"
89.248.107.232 - - [21/Sep/2026:09:27:28 +0200] "POST /wp-admin/admin-ajax.php?action=async_litespeed&nonce=b4cc4c672a&litespeed_type=imgoptm HTTP/1.1" 200 5698 "-" "WordPress/6.6.2; https://grupo-seg.com"
89.248.107.232 - - [21/Sep/2026:09:29:03 +0200] "POST /wp-cron.php?doing_wp_cron=1789975743.2846229076385498046875 HTTP/1.1" 200 5512 "-" "WordPress/6.6.2; https://grupo-seg.com"
72.145.144.234 - - [21/Sep/2026:09:29:02 +0200] "GET / HTTP/1.1" 301 5612 "-" "Mozilla/5.0 (Windows NT 10.0; Win64; x64) AppleWebKit/537.36 (KHTML, like Gecko) Chrome/142.0.7444.162 Safari/537.36"
72.145.144.234 - - [21/Sep/2026:09:29:03 +0200] "GET / HTTP/1.1" 200 165847 "-" "Mozilla/5.0 (Windows NT 10.0; Win64; x64) AppleWebKit/537.36 (KHTML, like Gecko) Chrome/142.0.7444.162 Safari/537.36"
89.248.107.232 - - [21/Sep/2026:09:29:04 +0200] "POST /wp-admin/admin-ajax.php?action=async_litespeed&nonce=b4cc4c672a&litespeed_type=imgoptm HTTP/1.1" 200 5698 "-" "WordPress/6.6.2; https://grupo-seg.com"
72.145.144.234 - - [21/Sep/2026:09:29:08 +0200] "POST /wp-content/plugins/litespeed-cache/guest.vary.php HTTP/1.1" 200 5656 "https://grupo-seg.com/" "Mozilla/5.0 (Windows NT 10.0; Win64; x64) AppleWebKit/537.36 (KHTML, like Gecko) Chrome/142.0.7444.162 Safari/537.36"
72.145.144.234 - - [21/Sep/2026:09:29:08 +0200] "GET / HTTP/1.1" 200 165219 "https://grupo-seg.com/" "Mozilla/5.0 (Windows NT 10.0; Win64; x64) AppleWebKit/537.36 (KHTML, like Gecko) Chrome/142.0.7444.162 Safari/537.36"
89.248.107.232 - - [21/Sep/2026:09:29:36 +0200] "POST /wp-cron.php?doing_wp_cron=1789975776.4079530239105224609375 HTTP/1.1" 200 5512 "-" "WordPress/6.6.2; https://grupo-seg.com"
72.145.144.234 - - [21/Sep/2026:09:29:35 +0200] "GET / HTTP/1.1" 301 5612 "-" "Mozilla/5.0 (Windows NT 10.0; Win64; x64) AppleWebKit/537.36 (KHTML, like Gecko) Chrome/142.0.7444.163 Safari/537.36"
89.248.107.232 - - [21/Sep/2026:09:29:37 +0200] "POST /wp-admin/admin-ajax.php?action=async_litespeed&nonce=b4cc4c672a&litespeed_type=imgoptm HTTP/1.1" 200 5698 "-" "WordPress/6.6.2; https://grupo-seg.com"
72.145.144.234 - - [21/Sep/2026:09:29:36 +0200] "GET / HTTP/1.1" 200 165847 "-" "Mozilla/5.0 (Windows NT 10.0; Win64; x64) AppleWebKit/537.36 (KHTML, like Gecko) Chrome/142.0.7444.163 Safari/537.36"
89.248.107.232 - - [21/Sep/2026:09:30:09 +0200] "POST /wp-cron.php?doing_wp_cron=1789975809.0958020687103271484375 HTTP/1.1" 200 5512 "-" "WordPress/6.6.2; https://grupo-seg.com"
88.30.85.178 - - [21/Sep/2026:09:30:08 +0200] "POST /AutoDiscover/autodiscover.xml HTTP/1.1" 404 92202 "-" "Microsoft Office/16.0 (Windows NT 10.0; Microsoft Word 16.0.20326; Pro)"
89.248.107.232 - - [21/Sep/2026:09:31:21 +0200] "POST /wp-cron.php?doing_wp_cron=1789975881.4712879657745361328125 HTTP/1.1" 200 5512 "-" "WordPress/6.6.2; https://grupo-seg.com"
88.22.127.75 - - [21/Sep/2026:09:31:21 +0200] "POST /AutoDiscover/autodiscover.xml HTTP/1.1" 404 92202 "-" "Microsoft Office/16.0 (Windows NT 10.0; Microsoft Word 16.0.20228; Pro)"
89.248.107.232 - - [21/Sep/2026:09:31:22 +0200] "POST /wp-admin/admin-ajax.php?action=async_litespeed&nonce=b4cc4c672a&litespeed_type=imgoptm HTTP/1.1" 200 5698 "-" "WordPress/6.6.2; https://grupo-seg.com"
89.248.107.232 - - [21/Sep/2026:09:31:28 +0200] "POST /wp-cron.php?doing_wp_cron=1789975888.4324040412902832031250 HTTP/1.1" 200 5512 "-" "WordPress/6.6.2; https://grupo-seg.com"
52.167.144.20 - - [21/Sep/2026:09:31:27 +0200] "GET /paises/peru/ HTTP/1.1" 200 166748 "-" "Mozilla/5.0 AppleWebKit/537.36 (KHTML, like Gecko; compatible; bingbot/2.0; +http://www.bing.com/bingbot.htm) Chrome/116.0.1938.76 Safari/537.36"
89.248.107.232 - - [21/Sep/2026:09:31:28 +0200] "POST /wp-admin/admin-ajax.php?action=async_litespeed&nonce=b4cc4c672a&litespeed_type=imgoptm HTTP/1.1" 200 5698 "-" "WordPress/6.6.2; https://grupo-seg.com"
89.248.107.232 - - [21/Sep/2026:09:32:31 +0200] "POST /wp-cron.php?doing_wp_cron=1789975951.8864378929138183593750 HTTP/1.1" 200 5512 "-" "WordPress/6.6.2; https://grupo-seg.com"
79.150.106.92 - - [21/Sep/2026:09:32:31 +0200] "POST /AutoDiscover/autodiscover.xml HTTP/1.1" 404 92217 "-" "Microsoft Office/16.0 (Windows NT 10.0; Microsoft Excel 16.0.20326; Pro)"
89.248.107.232 - - [21/Sep/2026:09:32:33 +0200] "POST /wp-admin/admin-ajax.php?action=async_litespeed&nonce=b4cc4c672a&litespeed_type=imgoptm HTTP/1.1" 200 5698 "-" "WordPress/6.6.2; https://grupo-seg.com"
89.248.107.232 - - [21/Sep/2026:09:33:20 +0200] "POST /wp-cron.php?doing_wp_cron=1789976000.0867331027984619140625 HTTP/1.1" 200 5512 "-" "WordPress/6.6.2; https://grupo-seg.com"
43.163.86.65 - - [21/Sep/2026:09:33:19 +0200] "GET / HTTP/1.1" 200 156989 "https://www.seg-sa.es/" "Mozilla/5.0 (iPhone; CPU iPhone OS 13_2_3 like Mac OS X) AppleWebKit/605.1.15 (KHTML, like Gecko) Version/13.0.3 Mobile/15E148 Safari/604.1"
89.248.107.232 - - [21/Sep/2026:09:34:17 +0200] "POST /wp-cron.php?doing_wp_cron=1789976057.3460059165954589843750 HTTP/1.1" 200 5512 "-" "WordPress/6.6.2; https://grupo-seg.com"
85.63.135.185 - - [21/Sep/2026:09:34:16 +0200] "POST /AutoDiscover/autodiscover.xml HTTP/1.1" 404 92217 "-" "Microsoft Office/16.0 (Windows NT 10.0; Microsoft Word 16.0.20228; Pro)"
89.248.107.232 - - [21/Sep/2026:09:34:18 +0200] "POST /wp-admin/admin-ajax.php?action=async_litespeed&nonce=b4cc4c672a&litespeed_type=imgoptm HTTP/1.1" 200 5698 "-" "WordPress/6.6.2; https://grupo-seg.com"
89.248.107.232 - - [21/Sep/2026:09:34:42 +0200] "POST /wp-cron.php?doing_wp_cron=1789976082.6174728870391845703125 HTTP/1.1" 200 5512 "-" "WordPress/6.6.2; https://grupo-seg.com"
18.210.90.90 - - [21/Sep/2026:09:34:42 +0200] "GET / HTTP/1.1" 200 165847 "-" "Mozilla/5.0 (Windows NT 10.0; Win64; x64) AppleWebKit/537.36 (KHTML, like Gecko) Chrome/123.0.0.0 Safari/537.36"
89.248.107.232 - - [21/Sep/2026:09:34:43 +0200] "POST /wp-admin/admin-ajax.php?action=async_litespeed&nonce=b4cc4c672a&litespeed_type=imgoptm HTTP/1.1" 200 5698 "-" "WordPress/6.6.2; https://grupo-seg.com"
89.248.107.232 - - [21/Sep/2026:09:35:21 +0200] "POST /wp-cron.php?doing_wp_cron=1789976121.6651799678802490234375 HTTP/1.1" 200 5512 "-" "WordPress/6.6.2; https://grupo-seg.com"
74.179.67.135 - - [21/Sep/2026:09:35:21 +0200] "GET / HTTP/1.1" 200 165847 "-" "Mozilla/5.0 (Windows NT 10.0; Win64; x64) AppleWebKit/537.36 (KHTML, like Gecko) Chrome/142.0.7444.163 Safari/537.36"
74.179.67.135 - - [21/Sep/2026:09:35:24 +0200] "POST /wp-content/plugins/litespeed-cache/guest.vary.php HTTP/1.1" 200 5656 "https://grupo-seg.com/" "Mozilla/5.0 (Windows NT 10.0; Win64; x64) AppleWebKit/537.36 (KHTML, like Gecko) Chrome/142.0.7444.163 Safari/537.36"
89.248.107.232 - - [21/Sep/2026:09:35:25 +0200] "POST /wp-cron.php?doing_wp_cron=1789976125.6484520435333251953125 HTTP/1.1" 200 5512 "-" "WordPress/6.6.2; https://grupo-seg.com"
74.179.67.135 - - [21/Sep/2026:09:35:25 +0200] "GET / HTTP/1.1" 200 165219 "https://grupo-seg.com/" "Mozilla/5.0 (Windows NT 10.0; Win64; x64) AppleWebKit/537.36 (KHTML, like Gecko) Chrome/142.0.7444.163 Safari/537.36"
89.248.107.232 - - [21/Sep/2026:09:35:26 +0200] "POST /wp-admin/admin-ajax.php?action=async_litespeed&nonce=b4cc4c672a&litespeed_type=imgoptm HTTP/1.1" 200 5698 "-" "WordPress/6.6.2; https://grupo-seg.com"
89.248.107.232 - - [21/Sep/2026:09:35:45 +0200] "POST /wp-cron.php?doing_wp_cron=1789976145.0334138870239257812500 HTTP/1.1" 200 5512 "-" "WordPress/6.6.2; https://grupo-seg.com"
74.179.70.8 - - [21/Sep/2026:09:35:44 +0200] "GET / HTTP/1.1" 200 165838 "-" "Mozilla/5.0 (Linux; Android 15; 24117RK2CC Build/AQ3A.240829.003) AppleWebKit/537.36 (KHTML, like Gecko) Chrome/141.0.7390.124 Mobile Safari/537.36"
89.248.107.232 - - [21/Sep/2026:09:39:58 +0200] "POST /wp-cron.php?doing_wp_cron=1789976398.3102650642395019531250 HTTP/1.1" 200 5512 "-" "WordPress/6.6.2; https://grupo-seg.com"
79.150.106.92 - - [21/Sep/2026:09:39:57 +0200] "POST /AutoDiscover/autodiscover.xml HTTP/1.1" 404 92202 "-" "Microsoft Office/16.0 (Windows NT 10.0; Microsoft Excel 16.0.20326; Pro)"
89.248.107.232 - - [21/Sep/2026:09:39:58 +0200] "POST /wp-admin/admin-ajax.php?action=async_litespeed&nonce=b4cc4c672a&litespeed_type=imgoptm HTTP/1.1" 200 5698 "-" "WordPress/6.6.2; https://grupo-seg.com"
89.248.107.232 - - [21/Sep/2026:09:41:24 +0200] "POST /wp-cron.php?doing_wp_cron=1789976484.3206861019134521484375 HTTP/1.1" 200 5512 "-" "WordPress/6.6.2; https://grupo-seg.com"
2.139.158.128 - - [21/Sep/2026:09:41:23 +0200] "POST /AutoDiscover/autodiscover.xml HTTP/1.1" 404 92217 "-" "Microsoft Office/16.0 (Windows NT 10.0; Microsoft Excel 16.0.20326; Pro)"
89.248.107.232 - - [21/Sep/2026:09:41:25 +0200] "POST /wp-admin/admin-ajax.php?action=async_litespeed&nonce=b4cc4c672a&litespeed_type=imgoptm HTTP/1.1" 200 5698 "-" "WordPress/6.6.2; https://grupo-seg.com"
89.248.107.232 - - [21/Sep/2026:09:47:25 +0200] "POST /wp-cron.php?doing_wp_cron=1789976845.3822209835052490234375 HTTP/1.1" 200 5512 "-" "WordPress/6.6.2; https://grupo-seg.com"
216.73.217.11 - - [21/Sep/2026:09:47:24 +0200] "GET /?p=762 HTTP/1.1" 301 5688 "-" "Mozilla/5.0 AppleWebKit/537.36 (KHTML, like Gecko; compatible; ClaudeBot/1.0; +claudebot@anthropic.com)"
216.73.217.11 - - [21/Sep/2026:09:47:24 +0200] "GET /author/javier/ HTTP/1.1" 200 116030 "-" "Mozilla/5.0 AppleWebKit/537.36 (KHTML, like Gecko; compatible; ClaudeBot/1.0; +claudebot@anthropic.com)"
216.73.217.11 - - [21/Sep/2026:09:47:25 +0200] "GET /sistema-de-gestion-integrado/ HTTP/1.1" 200 147202 "https://grupo-seg.com/?p=762" "Mozilla/5.0 AppleWebKit/537.36 (KHTML, like Gecko; compatible; ClaudeBot/1.0; +claudebot@anthropic.com)"
89.248.107.232 - - [21/Sep/2026:09:47:26 +0200] "POST /wp-admin/admin-ajax.php?action=async_litespeed&nonce=b4cc4c672a&litespeed_type=imgoptm HTTP/1.1" 200 5698 "-" "WordPress/6.6.2; https://grupo-seg.com"
107.189.14.87 - - [21/Sep/2026:09:47:34 +0200] "GET / HTTP/1.1" 200 165847 "-" "Mozilla/5.0 (Windows NT 10.0; Win64; x64) AppleWebKit/537.36 (KHTML, like Gecko) Chrome/120 Safari/537.36"
107.189.14.87 - - [21/Sep/2026:09:47:35 +0200] "GET /wp-json/botiga/v1 HTTP/1.1" 404 5968 "-" "Mozilla/5.0 (Windows NT 10.0; Win64; x64) AppleWebKit/537.36 (KHTML, like Gecko) Chrome/120 Safari/537.36"
194.224.202.150 - - [21/Sep/2026:09:48:23 +0200] "POST /wp-content/plugins/litespeed-cache/guest.vary.php HTTP/1.1" 200 5656 "https://grupo-seg.com/contacto/" "Mozilla/5.0 (Windows NT 10.0; Win64; x64) AppleWebKit/537.36 (KHTML, like Gecko) Chrome/153.0.0.0 Safari/537.36"
89.248.107.232 - - [21/Sep/2026:09:48:24 +0200] "POST /wp-cron.php?doing_wp_cron=1789976904.4838709831237792968750 HTTP/1.1" 200 5512 "-" "WordPress/6.6.2; https://grupo-seg.com"
194.224.202.150 - - [21/Sep/2026:09:48:24 +0200] "GET /contacto/ HTTP/1.1" 200 194878 "https://grupo-seg.com/contacto/" "Mozilla/5.0 (Windows NT 10.0; Win64; x64) AppleWebKit/537.36 (KHTML, like Gecko) Chrome/153.0.0.0 Safari/537.36"
89.248.107.232 - - [21/Sep/2026:09:48:25 +0200] "POST /wp-admin/admin-ajax.php?action=async_litespeed&nonce=b4cc4c672a&litespeed_type=imgoptm HTTP/1.1" 200 5698 "-" "WordPress/6.6.2; https://grupo-seg.com"
9.169.124.71 - - [21/Sep/2026:09:49:25 +0200] "GET /), HTTP/1.1" 301 5659 "-" "Mozilla/5.0 (Windows NT 6.1; Win64; x64) AppleWebKit/537.36 (KHTML, like Gecko) Chrome/140.0.7339.0 Safari/537.36"
89.248.107.232 - - [21/Sep/2026:09:49:26 +0200] "POST /wp-cron.php?doing_wp_cron=1789976966.2323350906372070312500 HTTP/1.1" 200 5512 "-" "WordPress/6.6.2; https://grupo-seg.com"
9.169.124.71 - - [21/Sep/2026:09:49:25 +0200] "GET / HTTP/1.1" 200 165817 "-" "Mozilla/5.0 (Windows NT 6.1; Win64; x64) AppleWebKit/537.36 (KHTML, like Gecko) Chrome/140.0.7339.0 Safari/537.36"
89.248.107.232 - - [21/Sep/2026:09:49:27 +0200] "POST /wp-admin/admin-ajax.php?action=async_litespeed&nonce=b4cc4c672a&litespeed_type=imgoptm HTTP/1.1" 200 5698 "-" "WordPress/6.6.2; https://grupo-seg.com"
9.169.124.71 - - [21/Sep/2026:09:49:27 +0200] "GET / HTTP/1.1" 200 165847 "-" "Mozilla/5.0 (Windows NT 6.1; Win64; x64) AppleWebKit/537.36 (KHTML, like Gecko) Chrome/140.0.7339.0 Safari/537.36"
216.73.217.11 - - [21/Sep/2026:09:49:34 +0200] "GET /author/javier/feed/ HTTP/1.1" 200 96639 "-" "Mozilla/5.0 AppleWebKit/537.36 (KHTML, like Gecko; compatible; ClaudeBot/1.0; +claudebot@anthropic.com)"
9.169.124.71 - - [21/Sep/2026:09:49:37 +0200] "POST /wp-content/plugins/litespeed-cache/guest.vary.php HTTP/1.1" 200 5656 "https://grupo-seg.com/" "Mozilla/5.0 (Windows NT 6.1; Win64; x64) AppleWebKit/537.36 (KHTML, like Gecko) Chrome/140.0.7339.0 Safari/537.36"
9.169.124.71 - - [21/Sep/2026:09:49:37 +0200] "POST /wp-content/plugins/litespeed-cache/guest.vary.php HTTP/1.1" 200 5656 "https://grupo-seg.com/" "Mozilla/5.0 (Windows NT 6.1; Win64; x64) AppleWebKit/537.36 (KHTML, like Gecko) Chrome/140.0.7339.0 Safari/537.36"
9.169.124.71 - - [21/Sep/2026:09:49:38 +0200] "GET / HTTP/1.1" 200 165189 "https://grupo-seg.com/" "Mozilla/5.0 (Windows NT 6.1; Win64; x64) AppleWebKit/537.36 (KHTML, like Gecko) Chrome/140.0.7339.0 Safari/537.36"
89.248.107.232 - - [21/Sep/2026:09:49:40 +0200] "POST /wp-cron.php?doing_wp_cron=1789976980.7034099102020263671875 HTTP/1.1" 200 5512 "-" "WordPress/6.6.2; https://grupo-seg.com"
9.169.124.71 - - [21/Sep/2026:09:49:40 +0200] "GET / HTTP/1.1" 200 165219 "https://grupo-seg.com/" "Mozilla/5.0 (Windows NT 6.1; Win64; x64) AppleWebKit/537.36 (KHTML, like Gecko) Chrome/140.0.7339.0 Safari/537.36"
89.248.107.232 - - [21/Sep/2026:09:50:32 +0200] "POST /wp-cron.php?doing_wp_cron=1789977032.0723431110382080078125 HTTP/1.1" 200 5512 "-" "WordPress/6.6.2; https://grupo-seg.com"
216.73.217.11 - - [21/Sep/2026:09:50:31 +0200] "GET /sistema-de-gestion-integrado/ HTTP/1.1" 200 147172 "-" "Mozilla/5.0 AppleWebKit/537.36 (KHTML, like Gecko; compatible; ClaudeBot/1.0; +claudebot@anthropic.com)"
89.248.107.232 - - [21/Sep/2026:09:50:32 +0200] "POST /wp-admin/admin-ajax.php?action=async_litespeed&nonce=b4cc4c672a&litespeed_type=imgoptm HTTP/1.1" 200 5698 "-" "WordPress/6.6.2; https://grupo-seg.com"
89.248.107.232 - - [21/Sep/2026:09:50:51 +0200] "POST /wp-cron.php?doing_wp_cron=1789977051.5179810523986816406250 HTTP/1.1" 200 5512 "-" "WordPress/6.6.2; https://grupo-seg.com"
95.63.18.62 - - [21/Sep/2026:09:50:51 +0200] "POST /AutoDiscover/autodiscover.xml HTTP/1.1" 404 92202 "-" "Microsoft Office/16.0 (Windows NT 10.0; Microsoft Excel 16.0.20326; Pro)"
89.248.107.232 - - [21/Sep/2026:09:51:01 +0200] "POST /wp-cron.php?doing_wp_cron=1789977061.4163820743560791015625 HTTP/1.1" 200 5512 "-" "WordPress/6.6.2; https://grupo-seg.com/en/"
216.73.217.11 - - [21/Sep/2026:09:51:01 +0200] "GET /en/integrated-management-system/ HTTP/1.1" 200 147371 "-" "Mozilla/5.0 AppleWebKit/537.36 (KHTML, like Gecko; compatible; ClaudeBot/1.0; +claudebot@anthropic.com)"
5.205.241.77 - - [21/Sep/2026:09:52:53 +0200] "POST /wp-content/plugins/litespeed-cache/guest.vary.php HTTP/1.1" 200 5656 "https://grupo-seg.com/contacto/" "Mozilla/5.0 (Windows NT 10.0; Win64; x64) AppleWebKit/537.36 (KHTML, like Gecko) Chrome/153.0.0.0 Safari/537.36 Edg/153.0.0.0"
89.248.107.232 - - [21/Sep/2026:09:52:54 +0200] "POST /wp-cron.php?doing_wp_cron=1789977174.7776849269866943359375 HTTP/1.1" 200 5512 "-" "WordPress/6.6.2; https://grupo-seg.com"
5.205.241.77 - - [21/Sep/2026:09:52:54 +0200] "GET /contacto/ HTTP/1.1" 200 194878 "https://grupo-seg.com/contacto/" "Mozilla/5.0 (Windows NT 10.0; Win64; x64) AppleWebKit/537.36 (KHTML, like Gecko) Chrome/153.0.0.0 Safari/537.36 Edg/153.0.0.0"
89.248.107.232 - - [21/Sep/2026:09:52:55 +0200] "POST /wp-admin/admin-ajax.php?action=async_litespeed&nonce=b4cc4c672a&litespeed_type=imgoptm HTTP/1.1" 200 5698 "-" "WordPress/6.6.2; https://grupo-seg.com"
89.248.107.232 - - [21/Sep/2026:09:53:41 +0200] "POST /wp-cron.php?doing_wp_cron=1789977221.3649110794067382812500 HTTP/1.1" 200 5512 "-" "WordPress/6.6.2; https://grupo-seg.com"
52.167.144.189 - - [21/Sep/2026:09:53:40 +0200] "GET /es/paginas-donde-conocer-gente-de-otros-paises HTTP/1.1" 404 97436 "-" "Mozilla/5.0 AppleWebKit/537.36 (KHTML, like Gecko; compatible; bingbot/2.0; +http://www.bing.com/bingbot.htm) Chrome/116.0.1938.76 Safari/537.36"
89.248.107.232 - - [21/Sep/2026:09:53:42 +0200] "POST /wp-admin/admin-ajax.php?action=async_litespeed&nonce=b4cc4c672a&litespeed_type=imgoptm HTTP/1.1" 200 5698 "-" "WordPress/6.6.2; https://grupo-seg.com"
88.30.85.178 - - [21/Sep/2026:09:53:50 +0200] "POST /AutoDiscover/autodiscover.xml HTTP/1.1" 404 92202 "-" "Microsoft Office/16.0 (Windows NT 10.0; Microsoft Excel 16.0.20228; Pro)"
89.248.107.232 - - [21/Sep/2026:09:54:03 +0200] "POST /wp-cron.php?doing_wp_cron=1789977243.5570130348205566406250 HTTP/1.1" 200 5512 "-" "WordPress/6.6.2; https://grupo-seg.com"
103.229.177.82 - - [21/Sep/2026:09:54:03 +0200] "POST /xmlrpc.php HTTP/1.1" 503 25074 "-" "Mozilla/5.0 (Windows NT 10.0) AppleWebKit/537.36 (KHTML, like Gecko) Chrome/138.0.0.0 Safari/537.36 Edg/138.0.0.0"
89.248.107.232 - - [21/Sep/2026:09:54:23 +0200] "POST /wp-cron.php?doing_wp_cron=1789977263.1989440917968750000000 HTTP/1.1" 200 5512 "-" "WordPress/6.6.2; https://grupo-seg.com"
52.167.144.211 - - [21/Sep/2026:09:54:22 +0200] "GET /abex1183937cpism/ttdeuroid.html HTTP/1.1" 301 5690 "-" "Mozilla/5.0 AppleWebKit/537.36 (KHTML, like Gecko; compatible; bingbot/2.0; +http://www.bing.com/bingbot.htm) Chrome/116.0.1938.76 Safari/537.36"
89.248.107.232 - - [21/Sep/2026:09:54:53 +0200] "POST /wp-cron.php?doing_wp_cron=1789977293.5088720321655273437500 HTTP/1.1" 200 5512 "-" "WordPress/6.6.2; https://grupo-seg.com"
66.249.93.173 - - [21/Sep/2026:09:54:53 +0200] "GET /.well-known/traffic-advice HTTP/1.1" 404 97436 "-" "Chrome Privacy Preserving Prefetch Proxy"
193.186.4.107 - - [21/Sep/2026:09:54:53 +0200] "GET / HTTP/1.1" 200 165817 "https://www.google.com/" "Mozilla/5.0 (Windows NT 10.0; Win64; x64) AppleWebKit/537.36 (KHTML, like Gecko) Chrome/153.0.0.0 Safari/537.36"
89.248.107.232 - - [21/Sep/2026:09:54:54 +0200] "POST /wp-admin/admin-ajax.php?action=async_litespeed&nonce=b4cc4c672a&litespeed_type=imgoptm HTTP/1.1" 200 5698 "-" "WordPress/6.6.2; https://grupo-seg.com"
40.77.167.121 - - [21/Sep/2026:09:54:55 +0200] "GET /correcting56-fp4pa10q.html HTTP/1.1" 404 97436 "-" "Mozilla/5.0 AppleWebKit/537.36 (KHTML, like Gecko; compatible; bingbot/2.0; +http://www.bing.com/bingbot.htm) Chrome/116.0.1938.76 Safari/537.36"
89.248.107.232 - - [21/Sep/2026:09:55:28 +0200] "POST /wp-cron.php?doing_wp_cron=1789977328.5966670513153076171875 HTTP/1.1" 200 5512 "-" "WordPress/6.6.2; https://grupo-seg.com"
40.77.167.121 - - [21/Sep/2026:09:55:28 +0200] "GET /ihgf1554444giordstcodudiopd.html HTTP/1.1" 404 97436 "-" "Mozilla/5.0 AppleWebKit/537.36 (KHTML, like Gecko; compatible; bingbot/2.0; +http://www.bing.com/bingbot.htm) Chrome/116.0.1938.76 Safari/537.36"
89.248.107.232 - - [21/Sep/2026:09:55:29 +0200] "POST /wp-admin/admin-ajax.php?action=async_litespeed&nonce=b4cc4c672a&litespeed_type=imgoptm HTTP/1.1" 200 5698 "-" "WordPress/6.6.2; https://grupo-seg.com"
89.248.107.232 - - [21/Sep/2026:09:56:15 +0200] "POST /wp-cron.php?doing_wp_cron=1789977375.0738480091094970703125 HTTP/1.1" 200 5512 "-" "WordPress/6.6.2; https://grupo-seg.com"
52.167.144.195 - - [21/Sep/2026:09:56:14 +0200] "GET /boml242524ptiduri/servicios.html HTTP/1.1" 301 5691 "-" "Mozilla/5.0 AppleWebKit/537.36 (KHTML, like Gecko; compatible; bingbot/2.0; +http://www.bing.com/bingbot.htm) Chrome/116.0.1938.76 Safari/537.36"
89.248.107.232 - - [21/Sep/2026:09:58:55 +0200] "POST /wp-cron.php?doing_wp_cron=1789977535.5050010681152343750000 HTTP/1.1" 200 5512 "-" "WordPress/6.6.2; https://grupo-seg.com"
83.38.195.67 - - [21/Sep/2026:09:58:51 +0200] "POST /AutoDiscover/autodiscover.xml HTTP/1.1" 404 92217 "-" "Microsoft Office/16.0 (Windows NT 10.0; Microsoft Excel 16.0.20326; Pro)"
89.248.107.232 - - [21/Sep/2026:09:58:56 +0200] "POST /wp-admin/admin-ajax.php?action=async_litespeed&nonce=b4cc4c672a&litespeed_type=imgoptm HTTP/1.1" 200 5698 "-" "WordPress/6.6.2; https://grupo-seg.com"
89.248.107.232 - - [21/Sep/2026:10:00:56 +0200] "POST /wp-cron.php?doing_wp_cron=1789977656.1929891109466552734375 HTTP/1.1" 200 5512 "-" "WordPress/6.6.2; https://grupo-seg.com"
52.167.144.195 - - [21/Sep/2026:10:00:55 +0200] "GET /ihve1812017t8962s7/s531i4d0po.html HTTP/1.1" 301 5693 "-" "Mozilla/5.0 AppleWebKit/537.36 (KHTML, like Gecko; compatible; bingbot/2.0; +http://www.bing.com/bingbot.htm) Chrome/116.0.1938.76 Safari/537.36"
89.248.107.232 - - [21/Sep/2026:10:00:56 +0200] "POST /wp-admin/admin-ajax.php?action=async_litespeed&nonce=b4cc4c672a&litespeed_type=imgoptm HTTP/1.1" 200 5698 "-" "WordPress/6.6.2; https://grupo-seg.com"
89.248.107.232 - - [21/Sep/2026:10:01:20 +0200] "POST /wp-cron.php?doing_wp_cron=1789977680.4900150299072265625000 HTTP/1.1" 200 5512 "-" "WordPress/6.6.2; https://grupo-seg.com"
52.167.144.204 - - [21/Sep/2026:10:01:20 +0200] "GET /suisuguripudorai/legal.html HTTP/1.1" 404 97421 "-" "Mozilla/5.0 AppleWebKit/537.36 (KHTML, like Gecko; compatible; bingbot/2.0; +http://www.bing.com/bingbot.htm) Chrome/116.0.1938.76 Safari/537.36"
52.167.144.204 - - [21/Sep/2026:10:01:23 +0200] "GET /kfue1441811gdiosso/ddtpios.html HTTP/1.1" 404 97436 "-" "Mozilla/5.0 AppleWebKit/537.36 (KHTML, like Gecko; compatible; bingbot/2.0; +http://www.bing.com/bingbot.htm) Chrome/116.0.1938.76 Safari/537.36"
89.248.107.232 - - [21/Sep/2026:10:01:54 +0200] "POST /wp-cron.php?doing_wp_cron=1789977713.9648139476776123046875 HTTP/1.1" 200 5512 "-" "WordPress/6.6.2; https://grupo-seg.com"
40.77.167.74 - - [21/Sep/2026:10:01:53 +0200] "GET /hhhole/index.php HTTP/1.1" 301 5666 "-" "Mozilla/5.0 AppleWebKit/537.36 (KHTML, like Gecko; compatible; bingbot/2.0; +http://www.bing.com/bingbot.htm) Chrome/116.0.1938.76 Safari/537.36"
89.248.107.232 - - [21/Sep/2026:10:01:54 +0200] "POST /wp-admin/admin-ajax.php?action=async_litespeed&nonce=b4cc4c672a&litespeed_type=imgoptm HTTP/1.1" 200 5698 "-" "WordPress/6.6.2; https://grupo-seg.com"
89.248.107.232 - - [21/Sep/2026:10:02:28 +0200] "POST /wp-cron.php?doing_wp_cron=1789977748.0854349136352539062500 HTTP/1.1" 200 5512 "-" "WordPress/6.6.2; https://grupo-seg.com"
94.26.106.203 - - [21/Sep/2026:10:02:27 +0200] "GET /wp-login.php HTTP/1.1" 200 13732 "-" "Mozilla/5.0 (Windows NT 10.0; Win64; x64) AppleWebKit/537.36 (KHTML, like Gecko) Chrome/142.0.0.0 Safari/537.36"
89.248.107.232 - - [21/Sep/2026:10:02:28 +0200] "POST /wp-admin/admin-ajax.php?action=async_litespeed&nonce=b4cc4c672a&litespeed_type=imgoptm HTTP/1.1" 200 5698 "-" "WordPress/6.6.2; https://grupo-seg.com"
94.26.106.203 - - [21/Sep/2026:10:02:28 +0200] "POST /wp-login.php HTTP/1.1" 503 25291 "https://grupo-seg.com/wp-login.php" "Mozilla/5.0 (Windows NT 10.0; Win64; x64) AppleWebKit/537.36 (KHTML, like Gecko) Chrome/142.0.0.0 Safari/537.36"
89.248.107.232 - - [21/Sep/2026:10:02:36 +0200] "POST /wp-cron.php?doing_wp_cron=1789977756.1458981037139892578125 HTTP/1.1" 200 5512 "-" "WordPress/6.6.2; https://grupo-seg.com"
91.142.73.116 - - [21/Sep/2026:10:02:35 +0200] "GET /es/nuestros-clientes/ HTTP/1.1" 404 97421 "https://grupo-seg.com/es/nuestros-clientes/" "Mozilla/5.0 (Windows NT 10.0; Win64; x64) AppleWebKit/537.36 (KHTML, like Gecko) Chrome/131.0.0.0 Safari/537.36"
89.248.107.232 - - [21/Sep/2026:10:02:36 +0200] "POST /wp-admin/admin-ajax.php?action=async_litespeed&nonce=b4cc4c672a&litespeed_type=imgoptm HTTP/1.1" 200 5698 "-" "WordPress/6.6.2; https://grupo-seg.com"
91.142.73.116 - - [21/Sep/2026:10:02:39 +0200] "GET /contacto/ HTTP/1.1" 200 199636 "https://grupo-seg.com/contacto/" "Mozilla/5.0 (Windows NT 10.0; Win64; x64) AppleWebKit/537.36 (KHTML, like Gecko) Chrome/131.0.0.0 Safari/537.36"
89.248.107.232 - - [21/Sep/2026:10:03:47 +0200] "POST /wp-cron.php?doing_wp_cron=1789977826.9558210372924804687500 HTTP/1.1" 200 5512 "-" "WordPress/6.6.2; https://grupo-seg.com"
40.77.167.72 - - [21/Sep/2026:10:03:46 +0200] "GET /vernacularization2uy/lp1wbkwt2.html HTTP/1.1" 301 5694 "-" "Mozilla/5.0 AppleWebKit/537.36 (KHTML, like Gecko; compatible; bingbot/2.0; +http://www.bing.com/bingbot.htm) Chrome/116.0.1938.76 Safari/537.36"
89.248.107.232 - - [21/Sep/2026:10:03:47 +0200] "POST /wp-admin/admin-ajax.php?action=async_litespeed&nonce=b4cc4c672a&litespeed_type=imgoptm HTTP/1.1" 200 5698 "-" "WordPress/6.6.2; https://grupo-seg.com"
89.248.107.232 - - [21/Sep/2026:10:04:25 +0200] "POST /wp-cron.php?doing_wp_cron=1789977865.9430549144744873046875 HTTP/1.1" 200 5512 "-" "WordPress/6.6.2; https://grupo-seg.com"
40.77.167.72 - - [21/Sep/2026:10:04:25 +0200] "GET /furatopanpusuhara/servicios.html HTTP/1.1" 301 5691 "-" "Mozilla/5.0 AppleWebKit/537.36 (KHTML, like Gecko; compatible; bingbot/2.0; +http://www.bing.com/bingbot.htm) Chrome/116.0.1938.76 Safari/537.36"
89.248.107.232 - - [21/Sep/2026:10:04:26 +0200] "POST /wp-admin/admin-ajax.php?action=async_litespeed&nonce=b4cc4c672a&litespeed_type=imgoptm HTTP/1.1" 200 5698 "-" "WordPress/6.6.2; https://grupo-seg.com"
80.39.152.145 - - [21/Sep/2026:10:04:33 +0200] "POST /AutoDiscover/autodiscover.xml HTTP/1.1" 404 92217 "-" "Microsoft Office/16.0 (Windows NT 10.0; Microsoft Word 16.0.20326; Pro)"
89.248.107.232 - - [21/Sep/2026:10:05:25 +0200] "POST /wp-cron.php?doing_wp_cron=1789977925.3670570850372314453125 HTTP/1.1" 200 5512 "-" "WordPress/6.6.2; https://grupo-seg.com"
52.167.144.204 - - [21/Sep/2026:10:05:24 +0200] "GET /jrst1727640oisidstmpest HTTP/1.1" 404 97421 "-" "Mozilla/5.0 AppleWebKit/537.36 (KHTML, like Gecko; compatible; bingbot/2.0; +http://www.bing.com/bingbot.htm) Chrome/116.0.1938.76 Safari/537.36"
89.248.107.232 - - [21/Sep/2026:10:05:26 +0200] "POST /wp-admin/admin-ajax.php?action=async_litespeed&nonce=b4cc4c672a&litespeed_type=imgoptm HTTP/1.1" 200 5698 "-" "WordPress/6.6.2; https://grupo-seg.com"
89.248.107.232 - - [21/Sep/2026:10:05:59 +0200] "POST /wp-cron.php?doing_wp_cron=1789977959.7054910659790039062500 HTTP/1.1" 200 5512 "-" "WordPress/6.6.2; https://grupo-seg.com"
81.43.24.240 - - [21/Sep/2026:10:05:59 +0200] "POST /AutoDiscover/autodiscover.xml HTTP/1.1" 404 92217 "-" "Microsoft Office/16.0 (Windows NT 10.0; Microsoft Word 16.0.20326; Pro)"
89.248.107.232 - - [21/Sep/2026:10:07:16 +0200] "POST /wp-cron.php?doing_wp_cron=1789978036.6636600494384765625000 HTTP/1.1" 200 5512 "-" "WordPress/6.6.2; https://grupo-seg.com"
192.178.4.3 - - [21/Sep/2026:10:07:16 +0200] "GET /news/zyxxiforprepsihwteribrtsi-28911.html HTTP/1.1" 404 88607 "-" "Mozilla/5.0 (Linux; Android 6.0.1; Nexus 5X Build/MMB29P) AppleWebKit/537.36 (KHTML, like Gecko) Chrome/153.0.8010.47 Mobile Safari/537.36 (compatible; Googlebot/2.1; +http://www.google.com/bot.html)"
89.248.107.232 - - [21/Sep/2026:10:07:17 +0200] "POST /wp-admin/admin-ajax.php?action=async_litespeed&nonce=b4cc4c672a&litespeed_type=imgoptm HTTP/1.1" 200 5698 "-" "WordPress/6.6.2; https://grupo-seg.com"
2.139.158.128 - - [21/Sep/2026:10:07:23 +0200] "POST /autodiscover/autodiscover.xml HTTP/1.1" 404 92217 "-" "Microsoft Office/16.0 (Windows NT 10.0; Microsoft Outlook 16.0.20326; Pro)"
2.139.158.128 - - [21/Sep/2026:10:07:23 +0200] "POST /autodiscover/autodiscover.xml HTTP/1.1" 404 92268 "-" "Microsoft Office/16.0 (Windows NT 10.0; Microsoft Outlook 16.0.20326; Pro)"
89.248.107.232 - - [21/Sep/2026:10:08:31 +0200] "POST /wp-cron.php?doing_wp_cron=1789978111.2002060413360595703125 HTTP/1.1" 200 5512 "-" "WordPress/6.6.2; https://grupo-seg.com"
