89.248.107.232 - - [21/Sep/2026:06:32:29 +0200] "POST /wp-admin/admin-ajax.php?action=async_litespeed&nonce=b4cc4c672a&litespeed_type=imgoptm HTTP/1.1" 200 5698 "-" "WordPress/6.6.2; https://grupo-seg.com"
51.77.218.191 - - [21/Sep/2026:06:32:28 +0200] "GET /en/project-type/%C2%B7-spain/ HTTP/1.1" 200 117278 "-" "Mozilla/5.0 (compatible; MJ12bot/v1.4.8; http://mj12bot.com/)"
51.77.218.191 - - [21/Sep/2026:06:32:35 +0200] "GET /en/project-type/%C2%B7-spain/feed/ HTTP/1.1" 200 16723 "-" "Mozilla/5.0 (compatible; MJ12bot/v1.4.8; http://mj12bot.com/)"
89.248.107.232 - - [21/Sep/2026:06:32:41 +0200] "POST /wp-cron.php?doing_wp_cron=1789965161.0722498893737792968750 HTTP/1.1" 200 5512 "-" "WordPress/6.6.2; https://grupo-seg.com/en/"
51.77.218.191 - - [21/Sep/2026:06:32:40 +0200] "GET /en/project-type/%C2%B7-various/ HTTP/1.1" 200 116861 "-" "Mozilla/5.0 (compatible; MJ12bot/v1.4.8; http://mj12bot.com/)"
89.248.107.232 - - [21/Sep/2026:06:32:46 +0200] "POST /wp-cron.php?doing_wp_cron=1789965166.0018310546875000000000 HTTP/1.1" 200 5512 "-" "WordPress/6.6.2; https://grupo-seg.com/en/"
51.77.218.191 - - [21/Sep/2026:06:32:45 +0200] "GET /en/project-type/%C2%B7-various/feed/ HTTP/1.1" 200 16564 "-" "Mozilla/5.0 (compatible; MJ12bot/v1.4.8; http://mj12bot.com/)"
51.77.218.191 - - [21/Sep/2026:06:32:52 +0200] "GET /en/project-type/%C2%B7-airports/page/2/ HTTP/1.1" 200 104698 "-" "Mozilla/5.0 (compatible; MJ12bot/v1.4.8; http://mj12bot.com/)"
89.248.107.232 - - [21/Sep/2026:06:32:59 +0200] "POST /wp-cron.php?doing_wp_cron=1789965179.6311750411987304687500 HTTP/1.1" 200 5512 "-" "WordPress/6.6.2; https://grupo-seg.com/en/"
51.77.218.191 - - [21/Sep/2026:06:32:59 +0200] "GET /en/project-type/%C2%B7-roads/page/2/ HTTP/1.1" 200 100888 "-" "Mozilla/5.0 (compatible; MJ12bot/v1.4.8; http://mj12bot.com/)"
89.248.107.232 - - [21/Sep/2026:06:33:06 +0200] "POST /wp-cron.php?doing_wp_cron=1789965186.2280759811401367187500 HTTP/1.1" 200 5512 "-" "WordPress/6.6.2; https://grupo-seg.com/en/"
51.77.218.191 - - [21/Sep/2026:06:33:05 +0200] "GET /en/project-type/%C2%B7-spain/page/2/ HTTP/1.1" 200 116830 "-" "Mozilla/5.0 (compatible; MJ12bot/v1.4.8; http://mj12bot.com/)"
51.77.218.191 - - [21/Sep/2026:06:33:12 +0200] "GET /project-type/%C2%B7-bolivia/ HTTP/1.1" 200 102512 "-" "Mozilla/5.0 (compatible; MJ12bot/v1.4.8; http://mj12bot.com/)"
51.77.218.191 - - [21/Sep/2026:06:33:18 +0200] "GET /project-type/%C2%B7-bolivia/feed/ HTTP/1.1" 200 8375 "-" "Mozilla/5.0 (compatible; MJ12bot/v1.4.8; http://mj12bot.com/)"
40.77.167.3 - - [21/Sep/2026:06:33:20 +0200] "GET /aguz526120epdms/buzon-sugerencias.html HTTP/1.1" 404 97436 "-" "Mozilla/5.0 AppleWebKit/537.36 (KHTML, like Gecko; compatible; bingbot/2.0; +http://www.bing.com/bingbot.htm) Chrome/116.0.1938.76 Safari/537.36"
89.248.107.232 - - [21/Sep/2026:06:33:28 +0200] "POST /wp-cron.php?doing_wp_cron=1789965208.8225469589233398437500 HTTP/1.1" 200 5512 "-" "WordPress/6.6.2; https://grupo-seg.com"
40.77.167.121 - - [21/Sep/2026:06:33:28 +0200] "GET /rdsn1808258odsmdoigstei.html HTTP/1.1" 404 97436 "-" "Mozilla/5.0 AppleWebKit/537.36 (KHTML, like Gecko; compatible; bingbot/2.0; +http://www.bing.com/bingbot.htm) Chrome/116.0.1938.76 Safari/537.36"
89.248.107.232 - - [21/Sep/2026:06:33:29 +0200] "POST /wp-admin/admin-ajax.php?action=async_litespeed&nonce=b4cc4c672a&litespeed_type=imgoptm HTTP/1.1" 200 5698 "-" "WordPress/6.6.2; https://grupo-seg.com"
40.77.167.121 - - [21/Sep/2026:06:33:31 +0200] "GET /en/portfolio/improvement-and-expansion-of-the-jinotepe-sanitary-sewer-system/ HTTP/1.1" 200 117310 "-" "Mozilla/5.0 AppleWebKit/537.36 (KHTML, like Gecko; compatible; bingbot/2.0; +http://www.bing.com/bingbot.htm) Chrome/116.0.1938.76 Safari/537.36"
89.248.107.232 - - [21/Sep/2026:06:33:51 +0200] "POST /wp-cron.php?doing_wp_cron=1789965231.4750781059265136718750 HTTP/1.1" 200 5512 "-" "WordPress/6.6.2; https://grupo-seg.com"
80.79.5.250 - - [21/Sep/2026:06:33:51 +0200] "GET / HTTP/1.1" 200 165847 "https://seg-sa.es" "Mozilla/5.0 (Macintosh; Intel Mac OS X 10_15_7) AppleWebKit/537.36 (KHTML, like Gecko) Chrome/129.0.0.0 Safari/537.3"
89.248.107.232 - - [21/Sep/2026:06:33:54 +0200] "POST /wp-cron.php?doing_wp_cron=1789965234.6704480648040771484375 HTTP/1.1" 200 5512 "-" "WordPress/6.6.2; https://grupo-seg.com"
52.167.144.176 - - [21/Sep/2026:06:33:54 +0200] "GET /elsr361835ottim/clientes.html HTTP/1.1" 301 5688 "-" "Mozilla/5.0 AppleWebKit/537.36 (KHTML, like Gecko; compatible; bingbot/2.0; +http://www.bing.com/bingbot.htm) Chrome/116.0.1938.76 Safari/537.36"
89.248.107.232 - - [21/Sep/2026:06:35:03 +0200] "POST /wp-cron.php?doing_wp_cron=1789965303.2489140033721923828125 HTTP/1.1" 200 5512 "-" "WordPress/6.6.2; https://grupo-seg.com"
35.198.113.100 - - [21/Sep/2026:06:35:02 +0200] "GET /robots.txt HTTP/1.1" 200 5679 "-" "LinkupBot/1.0 (LinkupBot for web indexing; https://linkup.so/bot; bot@linkup.so)"
35.198.113.100 - - [21/Sep/2026:06:35:03 +0200] "GET /actualidad/ HTTP/1.1" 200 149333 "-" "LinkupBot/1.0 (LinkupBot for web indexing; https://linkup.so/bot; bot@linkup.so)"
89.248.107.232 - - [21/Sep/2026:06:35:03 +0200] "POST /wp-admin/admin-ajax.php?action=async_litespeed&nonce=b4cc4c672a&litespeed_type=imgoptm HTTP/1.1" 200 5698 "-" "WordPress/6.6.2; https://grupo-seg.com"
35.198.113.100 - - [21/Sep/2026:06:35:05 +0200] "GET /en/portfolio/consultancy-for-the-construction-of-the-perimeter-fence-of-the-airports-of-arequipa-ayacucho-juliaca-puerto-maldonado-and-tacna/ HTTP/1.1" 200 118186 "-" "LinkupBot/1.0 (LinkupBot for web indexing; https://linkup.so/bot; bot@linkup.so)"
35.198.113.100 - - [21/Sep/2026:06:35:07 +0200] "GET /category/actualidad/noticias/page/2/ HTTP/1.1" 200 107876 "-" "LinkupBot/1.0 (LinkupBot for web indexing; https://linkup.so/bot; bot@linkup.so)"
35.198.113.100 - - [21/Sep/2026:06:35:09 +0200] "GET /portfolio/paso-a-desnivel-enlace-de-guadalupe/ HTTP/1.1" 200 116600 "-" "LinkupBot/1.0 (LinkupBot for web indexing; https://linkup.so/bot; bot@linkup.so)"
35.198.113.100 - - [21/Sep/2026:06:35:11 +0200] "GET /en/portfolio/technical-file-for-the-construction-investment-at-the-mayor-general-fap-armando-revoredo-iglesias-airport-in-cajamarca/ HTTP/1.1" 200 118077 "-" "LinkupBot/1.0 (LinkupBot for web indexing; https://linkup.so/bot; bot@linkup.so)"
35.198.113.100 - - [21/Sep/2026:06:35:13 +0200] "GET /category/argentina/ HTTP/1.1" 200 104305 "-" "LinkupBot/1.0 (LinkupBot for web indexing; https://linkup.so/bot; bot@linkup.so)"
35.198.113.100 - - [21/Sep/2026:06:35:15 +0200] "GET /en/author/roberto/ HTTP/1.1" 200 109346 "-" "LinkupBot/1.0 (LinkupBot for web indexing; https://linkup.so/bot; bot@linkup.so)"
35.198.113.100 - - [21/Sep/2026:06:35:17 +0200] "GET /portfolio/ampliacion-desarenadores-en-hidroabanico/ HTTP/1.1" 200 116687 "-" "LinkupBot/1.0 (LinkupBot for web indexing; https://linkup.so/bot; bot@linkup.so)"
89.248.107.232 - - [21/Sep/2026:06:35:58 +0200] "POST /wp-cron.php?doing_wp_cron=1789965358.8428330421447753906250 HTTP/1.1" 200 5512 "-" "WordPress/6.6.2; https://grupo-seg.com"
23.95.197.220 - - [21/Sep/2026:06:35:58 +0200] "GET /wp-login.php HTTP/1.1" 200 13732 "http://serynco.es/wp-admin/" "Mozilla/5.0 (Windows NT 10.0; Win64; x64) AppleWebKit/537.36 (KHTML, like Gecko) Chrome/90.0.4430.85 Safari/537.36"
89.248.107.232 - - [21/Sep/2026:06:35:59 +0200] "POST /wp-admin/admin-ajax.php?action=async_litespeed&nonce=b4cc4c672a&litespeed_type=imgoptm HTTP/1.1" 200 5698 "-" "WordPress/6.6.2; https://grupo-seg.com"
23.95.197.220 - - [21/Sep/2026:06:35:59 +0200] "POST /wp-login.php HTTP/1.1" 503 25291 "http://serynco.es/wp-admin/" "Mozilla/5.0 (Windows NT 10.0; Win64; x64) AppleWebKit/537.36 (KHTML, like Gecko) Chrome/90.0.4430.85 Safari/537.36"
23.95.197.220 - - [21/Sep/2026:06:36:00 +0200] "GET /wp-admin/ HTTP/1.1" 503 24987 "http://serynco.es/wp-admin/" "Mozilla/5.0 (Windows NT 10.0; Win64; x64) AppleWebKit/537.36 (KHTML, like Gecko) Chrome/90.0.4430.85 Safari/537.36"
23.95.197.220 - - [21/Sep/2026:06:36:01 +0200] "POST /wp-login.php HTTP/1.1" 503 24038 "https://www.grupo-seg.com/wp-admin/" "Mozilla/5.0 (Windows NT 10.0; Win64; x64) AppleWebKit/537.36 (KHTML, like Gecko) Chrome/90.0.4430.85 Safari/537.36"
89.248.107.232 - - [21/Sep/2026:06:36:02 +0200] "POST /?wordfence_syncAttackData=1789965362.1196 HTTP/1.1" 200 5452 "-" "WordPress/6.6.2; https://grupo-seg.com"
23.95.197.220 - - [21/Sep/2026:06:36:01 +0200] "GET /wp-admin/ HTTP/1.1" 503 24987 "https://www.grupo-seg.com/wp-admin/" "Mozilla/5.0 (Windows NT 10.0; Win64; x64) AppleWebKit/537.36 (KHTML, like Gecko) Chrome/90.0.4430.85 Safari/537.36"
23.95.197.220 - - [21/Sep/2026:06:36:03 +0200] "POST /wp-login.php HTTP/1.1" 403 6501 "https://www.grupo-seg.com/wp-admin/" "Mozilla/5.0 (Windows NT 10.0; Win64; x64) AppleWebKit/537.36 (KHTML, like Gecko) Chrome/90.0.4430.85 Safari/537.36"
23.95.197.220 - - [21/Sep/2026:06:36:03 +0200] "GET /wp-admin/ HTTP/1.1" 503 24987 "https://www.grupo-seg.com/wp-admin/" "Mozilla/5.0 (Windows NT 10.0; Win64; x64) AppleWebKit/537.36 (KHTML, like Gecko) Chrome/90.0.4430.85 Safari/537.36"
89.248.107.232 - - [21/Sep/2026:06:36:32 +0200] "POST /wp-cron.php?doing_wp_cron=1789965392.8364689350128173828125 HTTP/1.1" 200 5512 "-" "WordPress/6.6.2; https://grupo-seg.com"
80.79.5.250 - - [21/Sep/2026:06:36:32 +0200] "GET / HTTP/1.1" 301 5612 "https://serynco.es" "Mozilla/5.0 (Windows NT 10.0; Win64; x64; rv:124.0) Gecko/20100101 Firefox/124.0"
89.248.107.232 - - [21/Sep/2026:06:36:33 +0200] "POST /wp-admin/admin-ajax.php?action=async_litespeed&nonce=b4cc4c672a&litespeed_type=imgoptm HTTP/1.1" 200 5698 "-" "WordPress/6.6.2; https://grupo-seg.com"
80.79.5.250 - - [21/Sep/2026:06:36:33 +0200] "GET / HTTP/1.1" 200 165847 "https://www.grupo-seg.com/" "Mozilla/5.0 (Windows NT 10.0; Win64; x64; rv:124.0) Gecko/20100101 Firefox/124.0"
89.248.107.232 - - [21/Sep/2026:06:38:50 +0200] "POST /wp-cron.php?doing_wp_cron=1789965530.5889079570770263671875 HTTP/1.1" 200 5512 "-" "WordPress/6.6.2; https://grupo-seg.com"
172.226.116.55 - - [21/Sep/2026:06:38:50 +0200] "GET /.well-known/passkey-endpoints HTTP/1.1" 404 97436 "-" "com.apple.AuthenticationServicesCore.AuthenticationServicesAgent/8625.1.29.10.29 CFNetwork/3896.100.1.2.1 Darwin/27.0.0"
89.248.107.232 - - [21/Sep/2026:06:38:51 +0200] "POST /wp-admin/admin-ajax.php?action=async_litespeed&nonce=b4cc4c672a&litespeed_type=imgoptm HTTP/1.1" 200 5698 "-" "WordPress/6.6.2; https://grupo-seg.com"
89.248.107.232 - - [21/Sep/2026:06:41:00 +0200] "POST /wp-cron.php?doing_wp_cron=1789965660.0172190666198730468750 HTTP/1.1" 200 5512 "-" "WordPress/6.6.2; https://grupo-seg.com"
43.157.150.69 - - [21/Sep/2026:06:40:59 +0200] "GET / HTTP/1.1" 301 5612 "http://www.serynco.es" "Mozilla/5.0 (iPhone; CPU iPhone OS 13_2_3 like Mac OS X) AppleWebKit/605.1.15 (KHTML, like Gecko) Version/13.0.3 Mobile/15E148 Safari/604.1"
89.248.107.232 - - [21/Sep/2026:06:41:00 +0200] "POST /wp-admin/admin-ajax.php?action=async_litespeed&nonce=b4cc4c672a&litespeed_type=imgoptm HTTP/1.1" 200 5698 "-" "WordPress/6.6.2; https://grupo-seg.com"
43.157.150.69 - - [21/Sep/2026:06:41:01 +0200] "GET / HTTP/1.1" 200 156989 "https://www.grupo-seg.com/" "Mozilla/5.0 (iPhone; CPU iPhone OS 13_2_3 like Mac OS X) AppleWebKit/605.1.15 (KHTML, like Gecko) Version/13.0.3 Mobile/15E148 Safari/604.1"
89.248.107.232 - - [21/Sep/2026:06:41:37 +0200] "POST /wp-cron.php?doing_wp_cron=1789965697.8506350517272949218750 HTTP/1.1" 200 5512 "-" "WordPress/6.6.2; https://grupo-seg.com"
34.156.253.60 - - [21/Sep/2026:06:41:37 +0200] "GET /pagina-ejemplo/feed/ HTTP/1.1" 200 6619 "-" "okhttp/4.12.0"
34.156.253.60 - - [21/Sep/2026:06:41:38 +0200] "GET /feed/ HTTP/1.1" 200 100983 "-" "okhttp/4.12.0"
34.156.253.60 - - [21/Sep/2026:06:41:38 +0200] "GET /wp-sitemap.xml HTTP/1.1" 200 6217 "-" "okhttp/4.12.0"
34.156.253.60 - - [21/Sep/2026:06:41:39 +0200] "GET /wp-sitemap-posts-post-1.xml HTTP/1.1" 200 8170 "-" "okhttp/4.12.0"
89.248.107.232 - - [21/Sep/2026:06:41:39 +0200] "POST /wp-admin/admin-ajax.php?action=async_litespeed&nonce=b4cc4c672a&litespeed_type=imgoptm HTTP/1.1" 200 5698 "-" "WordPress/6.6.2; https://grupo-seg.com"
34.156.253.60 - - [21/Sep/2026:06:41:39 +0200] "GET /wp-sitemap-posts-page-1.xml HTTP/1.1" 200 9189 "-" "okhttp/4.12.0"
89.248.107.232 - - [21/Sep/2026:06:41:40 +0200] "POST /wp-cron.php?doing_wp_cron=1789965700.6004500389099121093750 HTTP/1.1" 200 5512 "-" "WordPress/6.6.2; https://grupo-seg.com"
34.156.253.60 - - [21/Sep/2026:06:41:40 +0200] "GET /wp-sitemap-posts-portfolio-1.xml HTTP/1.1" 200 17286 "-" "okhttp/4.12.0"
34.156.253.60 - - [21/Sep/2026:06:41:40 +0200] "GET /wp-sitemap-posts-mgeo_map-1.xml HTTP/1.1" 200 6011 "-" "okhttp/4.12.0"
34.156.253.60 - - [21/Sep/2026:06:41:41 +0200] "GET /wp-sitemap-taxonomies-category-1.xml HTTP/1.1" 200 6256 "-" "okhttp/4.12.0"
34.156.253.60 - - [21/Sep/2026:06:41:41 +0200] "GET /wp-sitemap-taxonomies-project-type-1.xml HTTP/1.1" 200 6924 "-" "okhttp/4.12.0"
89.248.107.232 - - [21/Sep/2026:06:41:46 +0200] "POST /wp-cron.php?doing_wp_cron=1789965706.5831260681152343750000 HTTP/1.1" 200 5512 "-" "WordPress/6.6.2; https://grupo-seg.com"
54.39.210.28 - - [21/Sep/2026:06:41:46 +0200] "GET /robots.txt HTTP/1.1" 200 5679 "-" "Mozilla/5.0 (compatible; AhrefsBot/7.0; +http://ahrefs.com/robot/)"
54.38.147.19 - - [21/Sep/2026:06:41:47 +0200] "GET /en/ HTTP/1.1" 200 165965 "-" "Mozilla/5.0 (compatible; AhrefsBot/7.0; +http://ahrefs.com/robot/)"
89.248.107.232 - - [21/Sep/2026:06:42:45 +0200] "POST /wp-cron.php?doing_wp_cron=1789965765.3533689975738525390625 HTTP/1.1" 200 5512 "-" "WordPress/6.6.2; https://grupo-seg.com"
165.227.97.40 - - [21/Sep/2026:06:42:44 +0200] "POST /xmlrpc.php HTTP/1.1" 503 25074 "-" "Mozilla/5.0 (Windows NT 10.0; Win64; x64) AppleWebKit/537.36 (KHTML, like Gecko) Chrome/139.0.0.0 Safari/537.36"
89.248.107.232 - - [21/Sep/2026:06:42:45 +0200] "POST /wp-admin/admin-ajax.php?action=async_litespeed&nonce=b4cc4c672a&litespeed_type=imgoptm HTTP/1.1" 200 5698 "-" "WordPress/6.6.2; https://grupo-seg.com"
89.248.107.232 - - [21/Sep/2026:06:44:02 +0200] "POST /wp-cron.php?doing_wp_cron=1789965842.0004780292510986328125 HTTP/1.1" 200 5512 "-" "WordPress/6.6.2; https://grupo-seg.com"
66.249.70.35 - - [21/Sep/2026:06:44:01 +0200] "GET /robots.txt HTTP/1.1" 301 5576 "-" "Mozilla/5.0 (compatible; Googlebot/2.1; +http://www.google.com/bot.html)"
89.248.107.232 - - [21/Sep/2026:06:44:02 +0200] "POST /wp-admin/admin-ajax.php?action=async_litespeed&nonce=b4cc4c672a&litespeed_type=imgoptm HTTP/1.1" 200 5698 "-" "WordPress/6.6.2; https://grupo-seg.com"
192.178.4.4 - - [21/Sep/2026:06:44:02 +0200] "GET /robots.txt HTTP/1.1" 200 5679 "-" "Mozilla/5.0 (compatible; Googlebot/2.1; +http://www.google.com/bot.html)"
89.248.107.232 - - [21/Sep/2026:06:44:05 +0200] "POST /wp-cron.php?doing_wp_cron=1789965845.0286290645599365234375 HTTP/1.1" 200 5512 "-" "WordPress/6.6.2; https://grupo-seg.com"
66.249.70.35 - - [21/Sep/2026:06:44:04 +0200] "GET / HTTP/1.1" 301 5612 "-" "Mozilla/5.0 (compatible; Googlebot/2.1; +http://www.google.com/bot.html)"
89.248.107.232 - - [21/Sep/2026:06:45:25 +0200] "POST /wp-cron.php?doing_wp_cron=1789965925.5404739379882812500000 HTTP/1.1" 200 5512 "-" "WordPress/6.6.2; https://grupo-seg.com"
193.186.4.249 - - [21/Sep/2026:06:45:25 +0200] "GET /category/peru/ HTTP/1.1" 200 106648 "https://www.google.com/" "Mozilla/5.0 (Macintosh; Intel Mac OS X 10_15_7) AppleWebKit/537.36 (KHTML, like Gecko) Chrome/153.0.0.0 Safari/537.36"
89.248.107.232 - - [21/Sep/2026:06:45:26 +0200] "POST /wp-admin/admin-ajax.php?action=async_litespeed&nonce=b4cc4c672a&litespeed_type=imgoptm HTTP/1.1" 200 5698 "-" "WordPress/6.6.2; https://grupo-seg.com"
89.248.107.232 - - [21/Sep/2026:06:45:57 +0200] "POST /wp-cron.php?doing_wp_cron=1789965957.1828589439392089843750 HTTP/1.1" 200 5512 "-" "WordPress/6.6.2; https://grupo-seg.com"
69.6.212.105 - - [21/Sep/2026:06:45:56 +0200] "GET /wp-login.php HTTP/1.1" 200 13732 "-" "Mozilla/5.0 (Windows NT 10.0; Win64; x64) AppleWebKit/537.36 (KHTML, like Gecko) Chrome/149.0.0.0 Safari/537.36"
69.6.212.105 - - [21/Sep/2026:06:45:57 +0200] "POST /wp-login.php HTTP/1.1" 503 25291 "https://grupo-seg.com/wp-login.php" "Mozilla/5.0 (Windows NT 10.0; Win64; x64) AppleWebKit/537.36 (KHTML, like Gecko) Chrome/149.0.0.0 Safari/537.36"
69.6.212.105 - - [21/Sep/2026:06:45:59 +0200] "POST /wp-login.php HTTP/1.1" 503 24038 "https://grupo-seg.com/wp-login.php" "Mozilla/5.0 (Windows NT 10.0; Win64; x64) AppleWebKit/537.36 (KHTML, like Gecko) Chrome/149.0.0.0 Safari/537.36"
69.6.212.105 - - [21/Sep/2026:06:46:01 +0200] "POST /wp-login.php HTTP/1.1" 503 24038 "https://grupo-seg.com/wp-login.php" "Mozilla/5.0 (Windows NT 10.0; Win64; x64) AppleWebKit/537.36 (KHTML, like Gecko) Chrome/149.0.0.0 Safari/537.36"
69.6.212.105 - - [21/Sep/2026:06:46:01 +0200] "GET /wp-json/wp/v2/users/me HTTP/1.1" 503 24038 "-" "Mozilla/5.0 (Windows NT 10.0; Win64; x64) AppleWebKit/537.36 (KHTML, like Gecko) Chrome/149.0.0.0 Safari/537.36"
69.6.212.105 - - [21/Sep/2026:06:46:02 +0200] "GET /wp-json/wp/v2/users/me HTTP/1.1" 503 24038 "-" "Mozilla/5.0 (Windows NT 10.0; Win64; x64) AppleWebKit/537.36 (KHTML, like Gecko) Chrome/149.0.0.0 Safari/537.36"
69.6.212.105 - - [21/Sep/2026:06:46:04 +0200] "GET /wp-json/wp/v2/users/me HTTP/1.1" 503 24038 "-" "Mozilla/5.0 (Windows NT 10.0; Win64; x64) AppleWebKit/537.36 (KHTML, like Gecko) Chrome/149.0.0.0 Safari/537.36"
89.248.107.232 - - [21/Sep/2026:06:46:33 +0200] "POST /?wordfence_syncAttackData=1789965993.3585 HTTP/1.1" 200 5452 "-" "WordPress/6.6.2; https://grupo-seg.com"
89.248.107.232 - - [21/Sep/2026:06:46:33 +0200] "POST /wp-cron.php?doing_wp_cron=1789965993.9444611072540283203125 HTTP/1.1" 200 5512 "-" "WordPress/6.6.2; https://grupo-seg.com"
35.198.113.100 - - [21/Sep/2026:06:46:33 +0200] "GET /robots.txt HTTP/1.1" 200 5679 "-" "LinkupBot/1.0 (LinkupBot for web indexing; https://linkup.so/bot; bot@linkup.so)"
89.248.107.232 - - [21/Sep/2026:06:46:34 +0200] "POST /wp-admin/admin-ajax.php?action=async_litespeed&nonce=b4cc4c672a&litespeed_type=imgoptm HTTP/1.1" 200 5698 "-" "WordPress/6.6.2; https://grupo-seg.com"
35.198.113.100 - - [21/Sep/2026:06:46:34 +0200] "GET /en/countries/nicaragua/ HTTP/1.1" 200 171335 "-" "LinkupBot/1.0 (LinkupBot for web indexing; https://linkup.so/bot; bot@linkup.so)"
35.198.113.100 - - [21/Sep/2026:06:46:36 +0200] "GET /en/portfolio/supervision-of-the-rehabilitation-of-the-maritime-facade-of-gandia-beach/ HTTP/1.1" 200 117466 "-" "LinkupBot/1.0 (LinkupBot for web indexing; https://linkup.so/bot; bot@linkup.so)"
52.167.144.206 - - [21/Sep/2026:06:46:38 +0200] "GET /en/category/ecuador-en/ HTTP/1.1" 200 102856 "-" "Mozilla/5.0 AppleWebKit/537.36 (KHTML, like Gecko; compatible; bingbot/2.0; +http://www.bing.com/bingbot.htm) Chrome/116.0.1938.76 Safari/537.36"
35.198.113.100 - - [21/Sep/2026:06:46:38 +0200] "GET /en/portfolio/supervision-of-various-actions-within-the-framework-of-the-celebration-of-the-32nd-edition-of-the-americas-cup-in-valencia/ HTTP/1.1" 200 118001 "-" "LinkupBot/1.0 (LinkupBot for web indexing; https://linkup.so/bot; bot@linkup.so)"
89.248.107.232 - - [21/Sep/2026:06:46:40 +0200] "POST /wp-cron.php?doing_wp_cron=1789966000.7495279312133789062500 HTTP/1.1" 200 5512 "-" "WordPress/6.6.2; https://grupo-seg.com"
35.198.113.100 - - [21/Sep/2026:06:46:40 +0200] "GET /paises/colombia/ HTTP/1.1" 200 176080 "-" "LinkupBot/1.0 (LinkupBot for web indexing; https://linkup.so/bot; bot@linkup.so)"
89.248.107.232 - - [21/Sep/2026:06:46:42 +0200] "POST /wp-cron.php?doing_wp_cron=1789966002.8877320289611816406250 HTTP/1.1" 200 5512 "-" "WordPress/6.6.2; https://grupo-seg.com"
35.198.113.100 - - [21/Sep/2026:06:46:42 +0200] "GET /avances-en-el-corredor-verde-de-la-septima-en-bogota/ HTTP/1.1" 200 122863 "-" "LinkupBot/1.0 (LinkupBot for web indexing; https://linkup.so/bot; bot@linkup.so)"
35.198.113.100 - - [21/Sep/2026:06:46:44 +0200] "GET /portfolio/expediente-tecnico-de-la-inversion-construccion-en-el-aeropuerto-mayor-general-fap-armando-revoredo-iglesias-de-cajamarca/ HTTP/1.1" 200 117480 "-" "LinkupBot/1.0 (LinkupBot for web indexing; https://linkup.so/bot; bot@linkup.so)"
116.179.32.32 - - [21/Sep/2026:06:46:45 +0200] "GET /paises HTTP/1.1" 301 5573 "-" "Mozilla/5.0 (compatible; Baiduspider/2.0; +http://www.baidu.com/search/spider.html)"
35.198.113.100 - - [21/Sep/2026:06:46:46 +0200] "GET /project-type/carreteras/page/2/ HTTP/1.1" 200 100627 "-" "LinkupBot/1.0 (LinkupBot for web indexing; https://linkup.so/bot; bot@linkup.so)"
116.179.32.88 - - [21/Sep/2026:06:46:46 +0200] "GET /paises/ HTTP/1.1" 200 152376 "-" "Mozilla/5.0 (compatible; Baiduspider/2.0; +http://www.baidu.com/search/spider.html)"
116.179.37.172 - - [21/Sep/2026:06:46:52 +0200] "POST /wp-content/plugins/litespeed-cache/guest.vary.php HTTP/1.1" 403 6501 "https://grupo-seg.com/paises/" "Mozilla/5.0 (compatible; Baiduspider-render/2.0; +http://www.baidu.com/search/spider.html)"
89.248.107.232 - - [21/Sep/2026:06:49:32 +0200] "POST /wp-cron.php?doing_wp_cron=1789966171.9597589969635009765625 HTTP/1.1" 200 5512 "-" "WordPress/6.6.2; https://grupo-seg.com"
175.27.171.245 - - [21/Sep/2026:06:49:31 +0200] "GET / HTTP/1.1" 301 5612 "http://alben4000.com" "Mozilla/5.0 (iPhone; CPU iPhone OS 13_2_3 like Mac OS X) AppleWebKit/605.1.15 (KHTML, like Gecko) Version/13.0.3 Mobile/15E148 Safari/604.1"
89.248.107.232 - - [21/Sep/2026:06:49:33 +0200] "POST /wp-admin/admin-ajax.php?action=async_litespeed&nonce=b4cc4c672a&litespeed_type=imgoptm HTTP/1.1" 200 5698 "-" "WordPress/6.6.2; https://grupo-seg.com"
52.167.144.206 - - [21/Sep/2026:06:49:34 +0200] "GET /guresoniwaiyaresu/empleo.html HTTP/1.1" 404 97421 "-" "Mozilla/5.0 AppleWebKit/537.36 (KHTML, like Gecko; compatible; bingbot/2.0; +http://www.bing.com/bingbot.htm) Chrome/116.0.1938.76 Safari/537.36"
175.27.171.245 - - [21/Sep/2026:06:49:35 +0200] "GET / HTTP/1.1" 200 157019 "https://www.grupo-seg.com/" "Mozilla/5.0 (iPhone; CPU iPhone OS 13_2_3 like Mac OS X) AppleWebKit/605.1.15 (KHTML, like Gecko) Version/13.0.3 Mobile/15E148 Safari/604.1"
89.248.107.232 - - [21/Sep/2026:06:50:07 +0200] "POST /wp-cron.php?doing_wp_cron=1789966207.3320310115814208984375 HTTP/1.1" 200 5512 "-" "WordPress/6.6.2; https://grupo-seg.com"
52.167.144.206 - - [21/Sep/2026:06:50:06 +0200] "GET /ahcd1171926sstidotmpi.html HTTP/1.1" 404 97436 "-" "Mozilla/5.0 AppleWebKit/537.36 (KHTML, like Gecko; compatible; bingbot/2.0; +http://www.bing.com/bingbot.htm) Chrome/116.0.1938.76 Safari/537.36"
89.248.107.232 - - [21/Sep/2026:06:50:37 +0200] "POST /wp-cron.php?doing_wp_cron=1789966237.2899138927459716796875 HTTP/1.1" 200 5512 "-" "WordPress/6.6.2; https://grupo-seg.com"
52.167.144.236 - - [21/Sep/2026:06:50:36 +0200] "GET /ptse1610009ttpiodi/sssem.html HTTP/1.1" 404 97436 "-" "Mozilla/5.0 AppleWebKit/537.36 (KHTML, like Gecko; compatible; bingbot/2.0; +http://www.bing.com/bingbot.htm) Chrome/116.0.1938.76 Safari/537.36"
89.248.107.232 - - [21/Sep/2026:06:50:37 +0200] "POST /wp-admin/admin-ajax.php?action=async_litespeed&nonce=b4cc4c672a&litespeed_type=imgoptm HTTP/1.1" 200 5698 "-" "WordPress/6.6.2; https://grupo-seg.com"
89.248.107.232 - - [21/Sep/2026:06:50:42 +0200] "POST /wp-cron.php?doing_wp_cron=1789966242.0473139286041259765625 HTTP/1.1" 200 5512 "-" "WordPress/6.6.2; https://grupo-seg.com"
52.167.144.233 - - [21/Sep/2026:06:50:41 +0200] "GET /basamisetototsuka/0004814118.html HTTP/1.1" 301 5692 "-" "Mozilla/5.0 AppleWebKit/537.36 (KHTML, like Gecko; compatible; bingbot/2.0; +http://www.bing.com/bingbot.htm) Chrome/116.0.1938.76 Safari/537.36"
89.248.107.232 - - [21/Sep/2026:06:52:24 +0200] "POST /wp-cron.php?doing_wp_cron=1789966344.4372239112854003906250 HTTP/1.1" 200 5512 "-" "WordPress/6.6.2; https://grupo-seg.com"
40.77.167.1 - - [21/Sep/2026:06:52:24 +0200] "GET /ahjv814855gid2409/135867odos HTTP/1.1" 301 5687 "-" "Mozilla/5.0 AppleWebKit/537.36 (KHTML, like Gecko; compatible; bingbot/2.0; +http://www.bing.com/bingbot.htm) Chrome/116.0.1938.76 Safari/537.36"
89.248.107.232 - - [21/Sep/2026:06:52:25 +0200] "POST /wp-admin/admin-ajax.php?action=async_litespeed&nonce=b4cc4c672a&litespeed_type=imgoptm HTTP/1.1" 200 5698 "-" "WordPress/6.6.2; https://grupo-seg.com"
89.248.107.232 - - [21/Sep/2026:06:53:55 +0200] "POST /wp-cron.php?doing_wp_cron=1789966435.4834659099578857421875 HTTP/1.1" 200 5512 "-" "WordPress/6.6.2; https://grupo-seg.com"
52.167.144.206 - - [21/Sep/2026:06:53:55 +0200] "GET /boml287844i8sod7o2650491dg3 HTTP/1.1" 404 97421 "-" "Mozilla/5.0 AppleWebKit/537.36 (KHTML, like Gecko; compatible; bingbot/2.0; +http://www.bing.com/bingbot.htm) Chrome/116.0.1938.76 Safari/537.36"
89.248.107.232 - - [21/Sep/2026:06:53:56 +0200] "POST /wp-admin/admin-ajax.php?action=async_litespeed&nonce=b4cc4c672a&litespeed_type=imgoptm HTTP/1.1" 200 5698 "-" "WordPress/6.6.2; https://grupo-seg.com"
62.60.130.247 - - [21/Sep/2026:06:54:22 +0200] "GET //images/images/cache.php HTTP/1.1" 403 22900 "www.google.com" "Mozlila/5.0 (Linux; Android 7.0; SM-G892A Bulid/NRD90M; wv) AppleWebKit/537.36 (KHTML, like Gecko) Version/4.0 Chrome/60.0.3112.107 Moblie Safari/537.36"
89.248.107.232 - - [21/Sep/2026:06:55:07 +0200] "POST /?wordfence_syncAttackData=1789966507.0781 HTTP/1.1" 200 5452 "-" "WordPress/6.6.2; https://grupo-seg.com"
89.248.107.232 - - [21/Sep/2026:06:55:07 +0200] "POST /wp-cron.php?doing_wp_cron=1789966507.9349110126495361328125 HTTP/1.1" 200 5512 "-" "WordPress/6.6.2; https://grupo-seg.com"
52.167.144.206 - - [21/Sep/2026:06:55:06 +0200] "GET /main/index/empleo.html HTTP/1.1" 404 97611 "-" "Mozilla/5.0 AppleWebKit/537.36 (KHTML, like Gecko; compatible; bingbot/2.0; +http://www.bing.com/bingbot.htm) Chrome/116.0.1938.76 Safari/537.36"
89.248.107.232 - - [21/Sep/2026:06:55:08 +0200] "POST /wp-admin/admin-ajax.php?action=async_litespeed&nonce=b4cc4c672a&litespeed_type=imgoptm HTTP/1.1" 200 5698 "-" "WordPress/6.6.2; https://grupo-seg.com"
89.248.107.232 - - [21/Sep/2026:06:55:30 +0200] "POST /wp-cron.php?doing_wp_cron=1789966530.1228408813476562500000 HTTP/1.1" 200 5512 "-" "WordPress/6.6.2; https://grupo-seg.com"
202.28.17.5 - - [21/Sep/2026:06:55:29 +0200] "GET /wp-login.php HTTP/1.1" 200 13732 "-" "Apache-HttpClient/5.3.1 (Java/17.0.7)"
89.248.107.232 - - [21/Sep/2026:06:55:30 +0200] "POST /wp-admin/admin-ajax.php?action=async_litespeed&nonce=b4cc4c672a&litespeed_type=imgoptm HTTP/1.1" 200 5698 "-" "WordPress/6.6.2; https://grupo-seg.com"
202.28.17.5 - - [21/Sep/2026:06:55:31 +0200] "GET /wp-admin/ HTTP/1.1" 302 5685 "https://alben4000.com/wp-login.php" "Mozilla/5.0 (Windows NT 10.0; Win64; x64) AppleWebKit/537.36 (KHTML, like Gecko) Chrome/126.0.0.0 Safari/537.36"
202.28.17.5 - - [21/Sep/2026:06:55:33 +0200] "GET /wp-login.php?redirect_to=https%3A%2F%2Fwww.grupo-seg.com%2Fwp-admin%2F&reauth=1 HTTP/1.1" 200 15700 "https://alben4000.com/wp-login.php" "Mozilla/5.0 (Windows NT 10.0; Win64; x64) AppleWebKit/537.36 (KHTML, like Gecko) Chrome/126.0.0.0 Safari/537.36"
198.98.55.17 - - [21/Sep/2026:06:55:36 +0200] "GET /wp-login.php HTTP/1.1" 200 13732 "-" "Apache-HttpClient/5.3.1 (Java/17.0.7)"
198.98.55.17 - - [21/Sep/2026:06:55:37 +0200] "GET /wp-admin/ HTTP/1.1" 302 5685 "https://alben4000.com/wp-login.php" "Mozilla/5.0 (Windows NT 10.0; Win64; x64) AppleWebKit/537.36 (KHTML, like Gecko) Chrome/126.0.0.0 Safari/537.36"
89.248.107.232 - - [21/Sep/2026:06:55:40 +0200] "POST /wp-cron.php?doing_wp_cron=1789966540.0545909404754638671875 HTTP/1.1" 200 5512 "-" "WordPress/6.6.2; https://grupo-seg.com"
198.98.55.17 - - [21/Sep/2026:06:55:39 +0200] "GET /wp-login.php?redirect_to=https%3A%2F%2Fwww.grupo-seg.com%2Fwp-admin%2F&reauth=1 HTTP/1.1" 200 15700 "https://alben4000.com/wp-login.php" "Mozilla/5.0 (Windows NT 10.0; Win64; x64) AppleWebKit/537.36 (KHTML, like Gecko) Chrome/126.0.0.0 Safari/537.36"
89.248.107.232 - - [21/Sep/2026:06:55:43 +0200] "POST /wp-cron.php?doing_wp_cron=1789966543.7529261112213134765625 HTTP/1.1" 200 5512 "-" "WordPress/6.6.2; https://grupo-seg.com"
202.28.17.5 - - [21/Sep/2026:06:55:43 +0200] "GET /wp-login.php HTTP/1.1" 200 13732 "-" "Apache-HttpClient/5.3.1 (Java/17.0.7)"
202.28.17.5 - - [21/Sep/2026:06:55:44 +0200] "GET /wp-admin/ HTTP/1.1" 302 5685 "https://alben4000.com/wp-login.php" "Mozilla/5.0 (Windows NT 10.0; Win64; x64) AppleWebKit/537.36 (KHTML, like Gecko) Chrome/126.0.0.0 Safari/537.36"
202.28.17.5 - - [21/Sep/2026:06:55:47 +0200] "GET /wp-login.php?redirect_to=https%3A%2F%2Fwww.grupo-seg.com%2Fwp-admin%2F&reauth=1 HTTP/1.1" 200 15700 "https://alben4000.com/wp-login.php" "Mozilla/5.0 (Windows NT 10.0; Win64; x64) AppleWebKit/537.36 (KHTML, like Gecko) Chrome/126.0.0.0 Safari/537.36"
89.248.107.232 - - [21/Sep/2026:06:57:16 +0200] "POST /wp-cron.php?doing_wp_cron=1789966636.7920680046081542968750 HTTP/1.1" 200 5512 "-" "WordPress/6.6.2; https://grupo-seg.com"
52.167.144.196 - - [21/Sep/2026:06:57:16 +0200] "GET /ibdm146805osdpdogsdtiios.htm HTTP/1.1" 404 97436 "-" "Mozilla/5.0 AppleWebKit/537.36 (KHTML, like Gecko; compatible; bingbot/2.0; +http://www.bing.com/bingbot.htm) Chrome/116.0.1938.76 Safari/537.36"
89.248.107.232 - - [21/Sep/2026:06:57:17 +0200] "POST /wp-admin/admin-ajax.php?action=async_litespeed&nonce=b4cc4c672a&litespeed_type=imgoptm HTTP/1.1" 200 5698 "-" "WordPress/6.6.2; https://grupo-seg.com"
52.167.144.196 - - [21/Sep/2026:06:57:19 +0200] "GET /ueibuwansaikurujya/empresa.html HTTP/1.1" 404 97436 "-" "Mozilla/5.0 AppleWebKit/537.36 (KHTML, like Gecko; compatible; bingbot/2.0; +http://www.bing.com/bingbot.htm) Chrome/116.0.1938.76 Safari/537.36"
52.167.144.196 - - [21/Sep/2026:06:57:20 +0200] "GET /boml21908odsmetidosgi.html HTTP/1.1" 404 97436 "-" "Mozilla/5.0 AppleWebKit/537.36 (KHTML, like Gecko; compatible; bingbot/2.0; +http://www.bing.com/bingbot.htm) Chrome/116.0.1938.76 Safari/537.36"
52.167.144.197 - - [21/Sep/2026:06:57:32 +0200] "GET /boml281885ottid/iessmps.html HTTP/1.1" 404 97421 "-" "Mozilla/5.0 AppleWebKit/537.36 (KHTML, like Gecko; compatible; bingbot/2.0; +http://www.bing.com/bingbot.htm) Chrome/116.0.1938.76 Safari/537.36"
89.248.107.232 - - [21/Sep/2026:06:57:32 +0200] "POST /wp-cron.php?doing_wp_cron=1789966652.4523620605468750000000 HTTP/1.1" 200 5512 "-" "WordPress/6.6.2; https://grupo-seg.com"
89.248.107.232 - - [21/Sep/2026:06:57:34 +0200] "POST /wp-admin/admin-ajax.php?action=async_litespeed&nonce=b4cc4c672a&litespeed_type=imgoptm HTTP/1.1" 200 5698 "-" "WordPress/6.6.2; https://grupo-seg.com"
89.248.107.232 - - [21/Sep/2026:06:59:12 +0200] "POST /wp-cron.php?doing_wp_cron=1789966752.7145559787750244140625 HTTP/1.1" 200 5512 "-" "WordPress/6.6.2; https://grupo-seg.com"
172.245.102.4 - - [21/Sep/2026:06:59:12 +0200] "POST /wp-login.php HTTP/1.1" 503 25291 "-" "Mozilla/5.0 (Macintosh; Intel Mac OS X 10_15_7) AppleWebKit/605.1.15 Version/17.0 Safari/605.1.15"
89.248.107.232 - - [21/Sep/2026:06:59:13 +0200] "POST /wp-admin/admin-ajax.php?action=async_litespeed&nonce=b4cc4c672a&litespeed_type=imgoptm HTTP/1.1" 200 5698 "-" "WordPress/6.6.2; https://grupo-seg.com"
89.248.107.232 - - [21/Sep/2026:06:59:49 +0200] "POST /wp-cron.php?doing_wp_cron=1789966789.3079071044921875000000 HTTP/1.1" 200 5512 "-" "WordPress/6.6.2; https://grupo-seg.com"
104.165.120.18 - - [21/Sep/2026:06:59:48 +0200] "GET / HTTP/1.1" 200 165817 "-" "Mozilla/5.0 (Windows NT 10.0; Win64; x64; rv:64.0) Gecko/20100101 Firefox/64.0"
89.248.107.232 - - [21/Sep/2026:06:59:49 +0200] "POST /wp-admin/admin-ajax.php?action=async_litespeed&nonce=b4cc4c672a&litespeed_type=imgoptm HTTP/1.1" 200 5698 "-" "WordPress/6.6.2; https://grupo-seg.com"
104.222.43.59 - - [21/Sep/2026:06:59:50 +0200] "GET / HTTP/1.1" 200 165847 "-" "Mozilla/5.0 (Windows NT 10.0; Win64; x64; rv:64.0) Gecko/20100101 Firefox/64.0"
89.248.107.232 - - [21/Sep/2026:07:02:07 +0200] "POST /wp-cron.php?doing_wp_cron=1789966927.3384881019592285156250 HTTP/1.1" 200 5512 "-" "WordPress/6.6.2; https://grupo-seg.com"
43.131.243.61 - - [21/Sep/2026:07:02:06 +0200] "GET / HTTP/1.1" 200 156989 "http://grupo-seg.com" "Mozilla/5.0 (iPhone; CPU iPhone OS 13_2_3 like Mac OS X) AppleWebKit/605.1.15 (KHTML, like Gecko) Version/13.0.3 Mobile/15E148 Safari/604.1"
89.248.107.232 - - [21/Sep/2026:07:02:09 +0200] "POST /wp-admin/admin-ajax.php?action=async_litespeed&nonce=b4cc4c672a&litespeed_type=imgoptm HTTP/1.1" 200 5698 "-" "WordPress/6.6.2; https://grupo-seg.com"
89.248.107.232 - - [21/Sep/2026:07:02:46 +0200] "POST /wp-cron.php?doing_wp_cron=1789966966.0260438919067382812500 HTTP/1.1" 200 5512 "-" "WordPress/6.6.2; https://grupo-seg.com"
40.77.167.11 - - [21/Sep/2026:07:02:45 +0200] "GET /wp-sitemap-posts-portfolio-1.xml HTTP/1.1" 200 17286 "-" "Mozilla/5.0 AppleWebKit/537.36 (KHTML, like Gecko; compatible; bingbot/2.0; +http://www.bing.com/bingbot.htm) Chrome/116.0.1938.76 Safari/537.36"
89.248.107.232 - - [21/Sep/2026:07:02:46 +0200] "POST /wp-admin/admin-ajax.php?action=async_litespeed&nonce=b4cc4c672a&litespeed_type=imgoptm HTTP/1.1" 200 5698 "-" "WordPress/6.6.2; https://grupo-seg.com"
89.248.107.232 - - [21/Sep/2026:07:03:55 +0200] "POST /wp-cron.php?doing_wp_cron=1789967035.8983850479125976562500 HTTP/1.1" 200 5512 "-" "WordPress/6.6.2; https://grupo-seg.com"
52.167.144.196 - - [21/Sep/2026:07:03:55 +0200] "GET /suzukijikusasaizu/0004532687.html HTTP/1.1" 404 97421 "-" "Mozilla/5.0 AppleWebKit/537.36 (KHTML, like Gecko; compatible; bingbot/2.0; +http://www.bing.com/bingbot.htm) Chrome/116.0.1938.76 Safari/537.36"
89.248.107.232 - - [21/Sep/2026:07:03:56 +0200] "POST /wp-admin/admin-ajax.php?action=async_litespeed&nonce=b4cc4c672a&litespeed_type=imgoptm HTTP/1.1" 200 5698 "-" "WordPress/6.6.2; https://grupo-seg.com"
89.248.107.232 - - [21/Sep/2026:07:05:24 +0200] "POST /wp-cron.php?doing_wp_cron=1789967124.6015551090240478515625 HTTP/1.1" 200 5512 "-" "WordPress/6.6.2; https://grupo-seg.com"
40.77.167.63 - - [21/Sep/2026:07:05:24 +0200] "GET /batonsunobobutsu/contacto.html HTTP/1.1" 404 97421 "-" "Mozilla/5.0 AppleWebKit/537.36 (KHTML, like Gecko; compatible; bingbot/2.0; +http://www.bing.com/bingbot.htm) Chrome/116.0.1938.76 Safari/537.36"
89.248.107.232 - - [21/Sep/2026:07:05:25 +0200] "POST /wp-admin/admin-ajax.php?action=async_litespeed&nonce=b4cc4c672a&litespeed_type=imgoptm HTTP/1.1" 200 5698 "-" "WordPress/6.6.2; https://grupo-seg.com"
66.249.88.103 - - [21/Sep/2026:07:05:38 +0200] "GET /.well-known/traffic-advice HTTP/1.1" 404 97436 "-" "Chrome Privacy Preserving Prefetch Proxy"
193.186.4.252 - - [21/Sep/2026:07:05:38 +0200] "GET /paises/ecuador/ HTTP/1.1" 200 156665 "https://www.google.com/" "Mozilla/5.0 (Windows NT 10.0; Win64; x64) AppleWebKit/537.36 (KHTML, like Gecko) Chrome/153.0.0.0 Safari/537.36"
89.248.107.232 - - [21/Sep/2026:07:05:40 +0200] "POST /wp-cron.php?doing_wp_cron=1789967140.6780619621276855468750 HTTP/1.1" 200 5512 "-" "WordPress/6.6.2; https://grupo-seg.com"
200.124.251.59 - - [21/Sep/2026:07:05:40 +0200] "GET /paises/ecuador/ HTTP/1.1" 200 156635 "https://www.google.com/" "Mozilla/5.0 (Windows NT 10.0; Win64; x64) AppleWebKit/537.36 (KHTML, like Gecko) Chrome/153.0.0.0 Safari/537.36"
200.124.251.59 - - [21/Sep/2026:07:05:44 +0200] "POST /wp-content/plugins/litespeed-cache/guest.vary.php HTTP/1.1" 403 6501 "https://grupo-seg.com/paises/ecuador/" "Mozilla/5.0 (Windows NT 10.0; Win64; x64) AppleWebKit/537.36 (KHTML, like Gecko) Chrome/153.0.0.0 Safari/537.36"
89.248.107.232 - - [21/Sep/2026:07:07:06 +0200] "POST /wp-cron.php?doing_wp_cron=1789967226.5410859584808349609375 HTTP/1.1" 200 5512 "-" "WordPress/6.6.2; https://grupo-seg.com"
162.120.185.239 - - [21/Sep/2026:07:07:06 +0200] "GET /project-type/ecuador/ HTTP/1.1" 200 106038 "https://www.google.com/" "Mozilla/5.0 (Windows NT 10.0; Win64; x64) AppleWebKit/537.36 (KHTML, like Gecko) Chrome/153.0.0.0 Safari/537.36"
89.248.107.232 - - [21/Sep/2026:07:07:07 +0200] "POST /wp-admin/admin-ajax.php?action=async_litespeed&nonce=b4cc4c672a&litespeed_type=imgoptm HTTP/1.1" 200 5698 "-" "WordPress/6.6.2; https://grupo-seg.com"
200.124.251.59 - - [21/Sep/2026:07:07:09 +0200] "POST /wp-content/plugins/litespeed-cache/guest.vary.php HTTP/1.1" 403 6501 "https://grupo-seg.com/project-type/ecuador/" "Mozilla/5.0 (Windows NT 10.0; Win64; x64) AppleWebKit/537.36 (KHTML, like Gecko) Chrome/153.0.0.0 Safari/537.36"
89.248.107.232 - - [21/Sep/2026:07:07:43 +0200] "POST /wp-cron.php?doing_wp_cron=1789967263.9463059902191162109375 HTTP/1.1" 200 5512 "-" "WordPress/6.6.2; https://grupo-seg.com"
162.120.185.241 - - [21/Sep/2026:07:07:43 +0200] "GET /category/peru/ HTTP/1.1" 200 97820 "https://www.google.com/" "Mozilla/5.0 (Linux; Android 10; K) AppleWebKit/537.36 (KHTML, like Gecko) Chrome/153.0.0.0 Mobile Safari/537.36"
89.248.107.232 - - [21/Sep/2026:07:07:44 +0200] "POST /wp-admin/admin-ajax.php?action=async_litespeed&nonce=b4cc4c672a&litespeed_type=imgoptm HTTP/1.1" 200 5698 "-" "WordPress/6.6.2; https://grupo-seg.com"
209.50.161.152 - - [21/Sep/2026:07:07:52 +0200] "GET / HTTP/1.1" 301 5612 "-" "CMS-Security-Auditor/1.0 (+authorized self-check; contact: local-admin)"
89.248.107.232 - - [21/Sep/2026:07:07:55 +0200] "POST /wp-cron.php?doing_wp_cron=1789967275.1135940551757812500000 HTTP/1.1" 200 5512 "-" "WordPress/6.6.2; https://grupo-seg.com"
209.50.161.152 - - [21/Sep/2026:07:07:54 +0200] "GET / HTTP/1.1" 200 165847 "-" "CMS-Security-Auditor/1.0 (+authorized self-check; contact: local-admin)"
40.77.167.63 - - [21/Sep/2026:07:07:58 +0200] "GET /wp-sitemap-posts-post-1.xml HTTP/1.1" 200 8170 "-" "Mozilla/5.0 AppleWebKit/537.36 (KHTML, like Gecko; compatible; bingbot/2.0; +http://www.bing.com/bingbot.htm) Chrome/116.0.1938.76 Safari/537.36"
89.248.107.232 - - [21/Sep/2026:07:08:00 +0200] "POST /wp-cron.php?doing_wp_cron=1789967280.4600059986114501953125 HTTP/1.1" 200 5512 "-" "WordPress/6.6.2; https://grupo-seg.com"
209.50.161.152 - - [21/Sep/2026:07:08:00 +0200] "GET /wp-json/ HTTP/1.1" 200 285994 "-" "CMS-Security-Auditor/1.0 (+authorized self-check; contact: local-admin)"
89.248.107.232 - - [21/Sep/2026:07:08:05 +0200] "POST /wp-cron.php?doing_wp_cron=1789967285.0045490264892578125000 HTTP/1.1" 200 5512 "-" "WordPress/6.6.2; https://grupo-seg.com"
209.50.161.152 - - [21/Sep/2026:07:08:04 +0200] "GET /?rest_route=/ HTTP/1.1" 200 285934 "-" "CMS-Security-Auditor/1.0 (+authorized self-check; contact: local-admin)"
209.50.161.152 - - [21/Sep/2026:07:08:09 +0200] "GET /wp-includes/version.php HTTP/1.1" 403 6501 "-" "CMS-Security-Auditor/1.0 (+authorized self-check; contact: local-admin)"
209.50.161.152 - - [21/Sep/2026:07:08:13 +0200] "POST /wp-json/batch/v1 HTTP/1.1" 207 5837 "-" "CMS-Security-Auditor/1.0 (+authorized self-check; contact: local-admin)"
89.248.107.232 - - [21/Sep/2026:07:11:03 +0200] "POST /wp-cron.php?doing_wp_cron=1789967463.5887289047241210937500 HTTP/1.1" 200 5512 "-" "WordPress/6.6.2; https://grupo-seg.com"
52.167.144.197 - - [21/Sep/2026:07:11:03 +0200] "GET /redent5b/ HTTP/1.1" 301 5668 "-" "Mozilla/5.0 AppleWebKit/537.36 (KHTML, like Gecko; compatible; bingbot/2.0; +http://www.bing.com/bingbot.htm) Chrome/116.0.1938.76 Safari/537.36"
89.248.107.232 - - [21/Sep/2026:07:11:04 +0200] "POST /wp-admin/admin-ajax.php?action=async_litespeed&nonce=b4cc4c672a&litespeed_type=imgoptm HTTP/1.1" 200 5698 "-" "WordPress/6.6.2; https://grupo-seg.com"
89.248.107.232 - - [21/Sep/2026:07:11:57 +0200] "POST /wp-cron.php?doing_wp_cron=1789967517.0576488971710205078125 HTTP/1.1" 200 5512 "-" "WordPress/6.6.2; https://grupo-seg.com"
40.77.167.63 - - [21/Sep/2026:07:11:56 +0200] "GET /kfue1175441dpsdods/stigooi.html HTTP/1.1" 404 97436 "-" "Mozilla/5.0 AppleWebKit/537.36 (KHTML, like Gecko; compatible; bingbot/2.0; +http://www.bing.com/bingbot.htm) Chrome/116.0.1938.76 Safari/537.36"
89.248.107.232 - - [21/Sep/2026:07:11:57 +0200] "POST /wp-admin/admin-ajax.php?action=async_litespeed&nonce=b4cc4c672a&litespeed_type=imgoptm HTTP/1.1" 200 5698 "-" "WordPress/6.6.2; https://grupo-seg.com"
181.61.246.203 - - [21/Sep/2026:07:12:57 +0200] "POST /wp-content/plugins/litespeed-cache/guest.vary.php HTTP/1.1" 403 6501 "https://grupo-seg.com/paises/colombia/" "Mozilla/5.0 (Windows NT 10.0; Win64; x64) AppleWebKit/537.36 (KHTML, like Gecko) Chrome/152.0.0.0 Safari/537.36"
89.248.107.232 - - [21/Sep/2026:07:13:16 +0200] "POST /wp-cron.php?doing_wp_cron=1789967595.9647960662841796875000 HTTP/1.1" 200 5512 "-" "WordPress/6.6.2; https://grupo-seg.com"
89.248.107.232 - - [21/Sep/2026:07:13:16 +0200] "POST /wp-admin/admin-ajax.php?action=async_litespeed&nonce=b4cc4c672a&litespeed_type=imgoptm HTTP/1.1" 200 5698 "-" "WordPress/6.6.2; https://grupo-seg.com"
52.205.141.124 - - [21/Sep/2026:07:13:15 +0200] "GET /proyectos/ HTTP/1.1" 200 975279 "-" "Mozilla/5.0 AppleWebKit/537.36 (KHTML, like Gecko; compatible; Amazonbot/0.1; +https://developer.amazon.com/support/amazonbot) Chrome/119.0.6045.214 Safari/537.36"
89.248.107.232 - - [21/Sep/2026:07:13:56 +0200] "POST /wp-cron.php?doing_wp_cron=1789967636.1617350578308105468750 HTTP/1.1" 200 5512 "-" "WordPress/6.6.2; https://grupo-seg.com"
196.27.114.137 - - [21/Sep/2026:07:13:55 +0200] "POST /xmlrpc.php HTTP/1.1" 503 25074 "-" "Mozilla/5.0 (Windows NT 10.0) AppleWebKit/537.43 (KHTML, like Gecko) Chrome/140.0.0.0 Safari/537.36 OPR/124.0.0.0"
89.248.107.232 - - [21/Sep/2026:07:13:56 +0200] "POST /wp-admin/admin-ajax.php?action=async_litespeed&nonce=b4cc4c672a&litespeed_type=imgoptm HTTP/1.1" 200 5698 "-" "WordPress/6.6.2; https://grupo-seg.com"
89.248.107.232 - - [21/Sep/2026:07:14:24 +0200] "POST /wp-cron.php?doing_wp_cron=1789967664.1890530586242675781250 HTTP/1.1" 200 5512 "-" "WordPress/6.6.2; https://grupo-seg.com/en/"
17.166.20.107 - - [21/Sep/2026:07:14:23 +0200] "GET /en/wp-json/wp/v2/pages/5601 HTTP/1.1" 200 43361 "-" "Mozilla/5.0 (Macintosh; Intel Mac OS X 10_15_7) AppleWebKit/605.1.15 (KHTML, like Gecko) Version/17.4 Safari/605.1.15 (Applebot/0.1; +http://www.apple.com/go/applebot)"
89.248.107.232 - - [21/Sep/2026:07:14:25 +0200] "POST /wp-cron.php?doing_wp_cron=1789967665.4711799621582031250000 HTTP/1.1" 200 5512 "-" "WordPress/6.6.2; https://grupo-seg.com"
195.64.252.12 - - [21/Sep/2026:07:14:25 +0200] "GET /.well-known/autoconfig/mail/config-v1.1.xml HTTP/1.1" 301 5702 "-" "Mozilla/5.0 (Windows NT 10.0; Win64; x64)"
89.248.107.232 - - [21/Sep/2026:07:14:25 +0200] "POST /wp-admin/admin-ajax.php?action=async_litespeed&nonce=b4cc4c672a&litespeed_type=imgoptm HTTP/1.1" 200 5698 "-" "WordPress/6.6.2; https://grupo-seg.com"
195.64.252.12 - - [21/Sep/2026:07:14:26 +0200] "GET /.well-known/autoconfig/mail/config-v1.1.xml HTTP/1.1" 404 97611 "-" "Mozilla/5.0 (Windows NT 10.0; Win64; x64)"
195.64.252.12 - - [21/Sep/2026:07:14:27 +0200] "GET /.well-known/autoconfig/mail/config-v1.1.xml HTTP/1.1" 301 5702 "-" "Mozilla/5.0 (Windows NT 10.0; Win64; x64)"
195.64.252.12 - - [21/Sep/2026:07:14:28 +0200] "GET /.well-known/autoconfig/mail/config-v1.1.xml HTTP/1.1" 404 97626 "-" "Mozilla/5.0 (Windows NT 10.0; Win64; x64)"
89.248.107.232 - - [21/Sep/2026:07:14:55 +0200] "POST /wp-cron.php?doing_wp_cron=1789967695.8668680191040039062500 HTTP/1.1" 200 5512 "-" "WordPress/6.6.2; https://grupo-seg.com"
132.243.161.99 - - [21/Sep/2026:07:14:55 +0200] "GET /actualidad/ HTTP/1.1" 200 149333 "https://grupo-seg.com/actualidad/" "Mozilla/5.0 (Windows NT 10.0; Win64; x64) AppleWebKit/537.36 (KHTML, like Gecko) Chrome/129.0.0.0 Safari/537.36"
89.248.107.232 - - [21/Sep/2026:07:20:05 +0200] "POST /wp-cron.php?doing_wp_cron=1789968005.0730929374694824218750 HTTP/1.1" 200 5512 "-" "WordPress/6.6.2; https://grupo-seg.com"
46.246.166.155 - - [21/Sep/2026:07:20:04 +0200] "GET /wp-login.php HTTP/1.1" 200 13732 "https://seg-sa.es/" "Mozilla/5.0 (X11; Linux x86_64) AppleWebKit/537.36 (KHTML, like Gecko) Chrome/152.0.0.0 Safari/537.36"
89.248.107.232 - - [21/Sep/2026:07:20:05 +0200] "POST /wp-admin/admin-ajax.php?action=async_litespeed&nonce=b4cc4c672a&litespeed_type=imgoptm HTTP/1.1" 200 5698 "-" "WordPress/6.6.2; https://grupo-seg.com"
46.246.166.155 - - [21/Sep/2026:07:20:06 +0200] "POST /wp-login.php HTTP/1.1" 503 25291 "https://seg-sa.es/wp-login.php" "Mozilla/5.0 (X11; Linux x86_64) AppleWebKit/537.36 (KHTML, like Gecko) Chrome/152.0.0.0 Safari/537.36"
46.246.166.155 - - [21/Sep/2026:07:20:09 +0200] "POST /wp-login.php HTTP/1.1" 503 24038 "https://seg-sa.es/wp-login.php" "Mozilla/5.0 (X11; Linux x86_64) AppleWebKit/537.36 (KHTML, like Gecko) Chrome/152.0.0.0 Safari/537.36"
46.246.166.155 - - [21/Sep/2026:07:20:11 +0200] "POST /wp-login.php HTTP/1.1" 503 24038 "https://seg-sa.es/wp-login.php" "Mozilla/5.0 (X11; Linux x86_64) AppleWebKit/537.36 (KHTML, like Gecko) Chrome/152.0.0.0 Safari/537.36"
89.248.107.232 - - [21/Sep/2026:07:20:19 +0200] "POST /?wordfence_syncAttackData=1789968019.1229 HTTP/1.1" 200 5452 "-" "WordPress/6.6.2; https://grupo-seg.com"
216.73.217.11 - - [21/Sep/2026:07:20:18 +0200] "GET /robots.txt HTTP/1.1" 200 5679 "-" "Mozilla/5.0 AppleWebKit/537.36 (KHTML, like Gecko; compatible; ClaudeBot/1.0; +claudebot@anthropic.com)"
216.73.217.11 - - [21/Sep/2026:07:20:19 +0200] "GET /wp-sitemap.xml HTTP/1.1" 200 6217 "-" "Mozilla/5.0 AppleWebKit/537.36 (KHTML, like Gecko; compatible; ClaudeBot/1.0; +claudebot@anthropic.com)"
89.248.107.232 - - [21/Sep/2026:07:21:04 +0200] "POST /wp-cron.php?doing_wp_cron=1789968064.5727629661560058593750 HTTP/1.1" 200 5512 "-" "WordPress/6.6.2; https://grupo-seg.com/en/"
220.181.108.112 - - [21/Sep/2026:07:21:04 +0200] "GET /en/wp-json/oembed/1.0/embed?url=https%3A%2F%2Fgrupo-seg.com%2Fen%2Fportfolio%2Fconsultancy-for-the-feasibility-study-and-design-for-the-construction-of-the-pacific-coast-highway%2F&format=xml HTTP/1.1" 200 8630 "-" "Mozilla/5.0 (compatible; Baiduspider/2.0; +http://www.baidu.com/search/spider.html)"
89.248.107.232 - - [21/Sep/2026:07:21:05 +0200] "POST /wp-admin/admin-ajax.php?action=async_litespeed&nonce=b4cc4c672a&litespeed_type=imgoptm HTTP/1.1" 200 5698 "-" "WordPress/6.6.2; https://grupo-seg.com"
89.248.107.232 - - [21/Sep/2026:07:21:40 +0200] "POST /wp-cron.php?doing_wp_cron=1789968100.5323929786682128906250 HTTP/1.1" 200 5512 "-" "WordPress/6.6.2; https://grupo-seg.com"
52.167.144.166 - - [21/Sep/2026:07:21:40 +0200] "GET /wp-sitemap-taxonomies-project-type-1.xml HTTP/1.1" 200 6924 "-" "Mozilla/5.0 AppleWebKit/537.36 (KHTML, like Gecko; compatible; bingbot/2.0; +http://www.bing.com/bingbot.htm) Chrome/116.0.1938.76 Safari/537.36"
89.248.107.232 - - [21/Sep/2026:07:21:41 +0200] "POST /wp-admin/admin-ajax.php?action=async_litespeed&nonce=b4cc4c672a&litespeed_type=imgoptm HTTP/1.1" 200 5698 "-" "WordPress/6.6.2; https://grupo-seg.com"
89.248.107.232 - - [21/Sep/2026:07:24:08 +0200] "POST /wp-cron.php?doing_wp_cron=1789968248.1204180717468261718750 HTTP/1.1" 200 5512 "-" "WordPress/6.6.2; https://grupo-seg.com"
43.166.255.122 - - [21/Sep/2026:07:24:07 +0200] "GET / HTTP/1.1" 301 5612 "http://alben4000.com" "Mozilla/5.0 (iPhone; CPU iPhone OS 13_2_3 like Mac OS X) AppleWebKit/605.1.15 (KHTML, like Gecko) Version/13.0.3 Mobile/15E148 Safari/604.1"
89.248.107.232 - - [21/Sep/2026:07:24:08 +0200] "POST /wp-admin/admin-ajax.php?action=async_litespeed&nonce=b4cc4c672a&litespeed_type=imgoptm HTTP/1.1" 200 5698 "-" "WordPress/6.6.2; https://grupo-seg.com"
43.166.255.122 - - [21/Sep/2026:07:24:09 +0200] "GET / HTTP/1.1" 200 156989 "https://www.grupo-seg.com/" "Mozilla/5.0 (iPhone; CPU iPhone OS 13_2_3 like Mac OS X) AppleWebKit/605.1.15 (KHTML, like Gecko) Version/13.0.3 Mobile/15E148 Safari/604.1"
89.248.107.232 - - [21/Sep/2026:07:27:32 +0200] "POST /wp-cron.php?doing_wp_cron=1789968452.3110980987548828125000 HTTP/1.1" 200 5512 "-" "WordPress/6.6.2; https://grupo-seg.com"
40.77.167.235 - - [21/Sep/2026:07:27:31 +0200] "GET /ozuy1131451poioids/contacto.html HTTP/1.1" 404 97436 "-" "Mozilla/5.0 AppleWebKit/537.36 (KHTML, like Gecko; compatible; bingbot/2.0; +http://www.bing.com/bingbot.htm) Chrome/116.0.1938.76 Safari/537.36"
89.248.107.232 - - [21/Sep/2026:07:27:32 +0200] "POST /wp-admin/admin-ajax.php?action=async_litespeed&nonce=b4cc4c672a&litespeed_type=imgoptm HTTP/1.1" 200 5698 "-" "WordPress/6.6.2; https://grupo-seg.com"
89.248.107.232 - - [21/Sep/2026:07:30:07 +0200] "POST /wp-cron.php?doing_wp_cron=1789968606.8735609054565429687500 HTTP/1.1" 200 5512 "-" "WordPress/6.6.2; https://grupo-seg.com/en/"
17.166.153.9 - - [21/Sep/2026:07:30:06 +0200] "GET /en/wp-json/wp/v2/pages/5626 HTTP/1.1" 200 97353 "-" "Mozilla/5.0 (Macintosh; Intel Mac OS X 10_15_7) AppleWebKit/605.1.15 (KHTML, like Gecko) Version/17.4 Safari/605.1.15 (Applebot/0.1; +http://www.apple.com/go/applebot)"
89.248.107.232 - - [21/Sep/2026:07:30:07 +0200] "POST /wp-admin/admin-ajax.php?action=async_litespeed&nonce=b4cc4c672a&litespeed_type=imgoptm HTTP/1.1" 200 5698 "-" "WordPress/6.6.2; https://grupo-seg.com"
74.7.175.132 - - [21/Sep/2026:07:30:20 +0200] "GET /robots.txt HTTP/1.1" 301 5576 "https://serynco.es/robots.txt" "Mozilla/5.0 (Macintosh; Intel Mac OS X 10_15_7) AppleWebKit/537.36 (KHTML, like Gecko) Chrome/131.0.0.0 Safari/537.36; compatible; OAI-SearchBot/1.4; robots.txt; +https://openai.com/searchbot"
74.7.175.132 - - [21/Sep/2026:07:30:20 +0200] "GET /robots.txt HTTP/1.1" 200 5679 "https://www.grupo-seg.com/robots.txt" "Mozilla/5.0 (Macintosh; Intel Mac OS X 10_15_7) AppleWebKit/537.36 (KHTML, like Gecko) Chrome/131.0.0.0 Safari/537.36; compatible; OAI-SearchBot/1.4; robots.txt; +https://openai.com/searchbot"
89.248.107.232 - - [21/Sep/2026:07:30:46 +0200] "POST /wp-cron.php?doing_wp_cron=1789968646.6990010738372802734375 HTTP/1.1" 200 5512 "-" "WordPress/6.6.2; https://grupo-seg.com"
74.7.230.49 - - [21/Sep/2026:07:30:46 +0200] "GET /robots.txt HTTP/1.1" 301 5576 "-" "Mozilla/5.0 (Macintosh; Intel Mac OS X 10_15_7) AppleWebKit/537.36 (KHTML, like Gecko) Chrome/131.0.0.0 Safari/537.36; compatible; OAI-SearchBot/1.4; robots.txt; +https://openai.com/searchbot"
