47.128.96.88 - - [21/Sep/2026:13:50:23 +0200] "GET /robots.txt HTTP/1.1" 200 5679 "https://www.grupo-seg.com/robots.txt" "Mozilla/5.0 (iPhone; CPU iPhone OS 7_1_2 like Mac OS X) AppleWebKit/537.36 (KHTML, like Gecko) Version/7.0 Mobile Safari/537.36 (compatible; Bytespider; https://bytedance.sg.larkoffice.com/docx/K5bxdypulop3IIxrJb0lOjLVgFe)"
89.248.107.232 - - [21/Sep/2026:13:50:40 +0200] "POST /wp-cron.php?doing_wp_cron=1789991440.1804049015045166015625 HTTP/1.1" 200 5512 "-" "WordPress/6.6.2; https://grupo-seg.com"
195.57.112.135 - - [21/Sep/2026:13:50:39 +0200] "POST /autodiscover/autodiscover.xml HTTP/1.1" 404 92202 "-" "Microsoft Office/16.0 (Windows NT 10.0; Microsoft Outlook 16.0.20326; Pro)"
89.248.107.232 - - [21/Sep/2026:13:50:41 +0200] "POST /wp-admin/admin-ajax.php?action=async_litespeed&nonce=b4cc4c672a&litespeed_type=imgoptm HTTP/1.1" 200 5698 "-" "WordPress/6.6.2; https://grupo-seg.com"
89.248.107.232 - - [21/Sep/2026:13:50:42 +0200] "POST /wp-cron.php?doing_wp_cron=1789991442.5969660282135009765625 HTTP/1.1" 200 5512 "-" "WordPress/6.6.2; https://grupo-seg.com"
195.57.112.135 - - [21/Sep/2026:13:50:42 +0200] "POST /autodiscover/autodiscover.xml HTTP/1.1" 404 92217 "-" "Microsoft Office/16.0 (Windows NT 10.0; Microsoft Outlook 16.0.20326; Pro)"
43.133.139.6 - - [21/Sep/2026:13:50:46 +0200] "GET / HTTP/1.1" 200 156989 "https://www.seg-sa.es/" "Mozilla/5.0 (iPhone; CPU iPhone OS 13_2_3 like Mac OS X) AppleWebKit/605.1.15 (KHTML, like Gecko) Version/13.0.3 Mobile/15E148 Safari/604.1"
89.248.107.232 - - [21/Sep/2026:13:50:58 +0200] "POST /wp-cron.php?doing_wp_cron=1789991458.3390040397644042968750 HTTP/1.1" 200 5512 "-" "WordPress/6.6.2; https://grupo-seg.com"
136.69.187.245 - - [21/Sep/2026:13:50:57 +0200] "GET / HTTP/1.1" 200 165817 "http://segcr.com" "Mozilla/5.0 (compatible; CMS-Checker/1.0; +https://example.com)"
89.248.107.232 - - [21/Sep/2026:13:51:00 +0200] "POST /wp-cron.php?doing_wp_cron=1789991460.3316669464111328125000 HTTP/1.1" 200 5512 "-" "WordPress/6.6.2; https://grupo-seg.com"
195.57.112.135 - - [21/Sep/2026:13:50:59 +0200] "POST /autodiscover/autodiscover.xml HTTP/1.1" 404 92202 "-" "Microsoft Office/16.0 (Windows NT 10.0; Microsoft Outlook 16.0.20326; Pro)"
89.248.107.232 - - [21/Sep/2026:13:51:11 +0200] "POST /wp-cron.php?doing_wp_cron=1789991471.0411078929901123046875 HTTP/1.1" 200 5512 "-" "WordPress/6.6.2; https://grupo-seg.com"
195.57.112.135 - - [21/Sep/2026:13:51:10 +0200] "POST /autodiscover/autodiscover.xml HTTP/1.1" 404 92202 "-" "Microsoft Office/16.0 (Windows NT 10.0; Microsoft Outlook 16.0.20326; Pro)"
104.28.88.131 - - [21/Sep/2026:13:51:22 +0200] "GET / HTTP/1.1" 200 165847 "-" "Mozilla/5.0 (Macintosh; Intel Mac OS X 10_11_1) AppleWebKit/601.2.4 (KHTML, like Gecko) Version/9.0.1 Safari/601.2.4 facebookexternalhit/1.1 Facebot Twitterbot/1.0"
89.248.107.232 - - [21/Sep/2026:13:51:43 +0200] "POST /wp-cron.php?doing_wp_cron=1789991503.0079469680786132812500 HTTP/1.1" 200 5512 "-" "WordPress/6.6.2; https://grupo-seg.com"
51.195.215.14 - - [21/Sep/2026:13:51:42 +0200] "GET /wp-sitemap.xml HTTP/1.1" 200 6217 "-" "Mozilla/5.0 (compatible; AhrefsBot/7.0; +http://ahrefs.com/robot/)"
89.248.107.232 - - [21/Sep/2026:13:51:43 +0200] "POST /wp-admin/admin-ajax.php?action=async_litespeed&nonce=b4cc4c672a&litespeed_type=imgoptm HTTP/1.1" 200 5698 "-" "WordPress/6.6.2; https://grupo-seg.com"
198.244.226.31 - - [21/Sep/2026:13:51:43 +0200] "GET /wp-sitemap-posts-post-1.xml HTTP/1.1" 200 8170 "-" "Mozilla/5.0 (compatible; AhrefsBot/7.0; +http://ahrefs.com/robot/)"
198.244.183.113 - - [21/Sep/2026:13:51:45 +0200] "GET /wp-sitemap-posts-page-1.xml HTTP/1.1" 200 9189 "-" "Mozilla/5.0 (compatible; AhrefsBot/7.0; +http://ahrefs.com/robot/)"
54.38.147.169 - - [21/Sep/2026:13:51:46 +0200] "GET /wp-sitemap-posts-portfolio-1.xml HTTP/1.1" 200 17286 "-" "Mozilla/5.0 (compatible; AhrefsBot/7.0; +http://ahrefs.com/robot/)"
51.195.183.37 - - [21/Sep/2026:13:51:47 +0200] "GET /wp-sitemap-posts-mgeo_map-1.xml HTTP/1.1" 200 6011 "-" "Mozilla/5.0 (compatible; AhrefsBot/7.0; +http://ahrefs.com/robot/)"
198.244.226.252 - - [21/Sep/2026:13:51:48 +0200] "GET /wp-sitemap-taxonomies-category-1.xml HTTP/1.1" 200 6256 "-" "Mozilla/5.0 (compatible; AhrefsBot/7.0; +http://ahrefs.com/robot/)"
51.195.215.38 - - [21/Sep/2026:13:51:49 +0200] "GET /wp-sitemap-taxonomies-project-type-1.xml HTTP/1.1" 200 6924 "-" "Mozilla/5.0 (compatible; AhrefsBot/7.0; +http://ahrefs.com/robot/)"
89.248.107.232 - - [21/Sep/2026:13:55:12 +0200] "POST /wp-cron.php?doing_wp_cron=1789991712.8221299648284912109375 HTTP/1.1" 200 5512 "-" "WordPress/6.6.2; https://grupo-seg.com"
190.26.9.23 - - [21/Sep/2026:13:55:11 +0200] "POST /AutoDiscover/autodiscover.xml HTTP/1.1" 404 92217 "-" "Microsoft Office/16.0 (Windows NT 10.0; Microsoft Excel 16.0.14334; Pro)"
89.248.107.232 - - [21/Sep/2026:13:55:13 +0200] "POST /wp-admin/admin-ajax.php?action=async_litespeed&nonce=b4cc4c672a&litespeed_type=imgoptm HTTP/1.1" 200 5698 "-" "WordPress/6.6.2; https://grupo-seg.com"
89.248.107.232 - - [21/Sep/2026:13:55:58 +0200] "POST /wp-cron.php?doing_wp_cron=1789991758.9076778888702392578125 HTTP/1.1" 200 5512 "-" "WordPress/6.6.2; https://grupo-seg.com"
146.19.125.65 - - [21/Sep/2026:13:55:58 +0200] "GET /contactanos/?chronoform=contacto_espana&event=submit&Nombre=Bnuolopics&Apellidos=&Empresa=&Correo=&Asunto=Romanticality+<a+href%3Dhttps%3A%2F%2F1xbetbonuses.com%2F HTTP/1.1" 301 5821 "https://www.grupo-seg.com/contactanos/?chronoform=contacto_espana&event=submit&Nombre=Bnuolopics&Apellidos=&Empresa=&Correo=&Asunto=Romanticality+<a+href%3Dhttps%3A%2F%2F1xbetbonuses.com%2F" "Mozilla/5.0 (Windows NT 10.0; Win64; x64) AppleWebKit/537.36 (KHTML, like Gecko) Chrome/131.0.0.0 Safari/537.36 Avast/131.0.0.0"
89.248.107.232 - - [21/Sep/2026:13:55:59 +0200] "POST /wp-admin/admin-ajax.php?action=async_litespeed&nonce=b4cc4c672a&litespeed_type=imgoptm HTTP/1.1" 200 5698 "-" "WordPress/6.6.2; https://grupo-seg.com"
89.248.107.232 - - [21/Sep/2026:13:56:00 +0200] "POST /wp-cron.php?doing_wp_cron=1789991760.8504290580749511718750 HTTP/1.1" 200 5512 "-" "WordPress/6.6.2; https://grupo-seg.com"
146.19.125.65 - - [21/Sep/2026:13:56:00 +0200] "GET /contactanos/?chronoform=contacto_espana&event=submit&Nombre=Bnuolopics&Apellidos=&Empresa=&Correo=&Asunto=Romanticality+a+href%3Dhttps%3A%2F%2F1xbetbonuses.com%2F HTTP/1.1" 404 97436 "https://grupo-seg.com/contactanos/?chronoform=contacto_espana&event=submit&Nombre=Bnuolopics&Apellidos=&Empresa=&Correo=&Asunto=Romanticality+a+href%3Dhttps%3A%2F%2F1xbetbonuses.com%2F" "Mozilla/5.0 (Windows NT 10.0; Win64; x64) AppleWebKit/537.36 (KHTML, like Gecko) Chrome/131.0.0.0 Safari/537.36 Avast/131.0.0.0"
89.248.107.232 - - [21/Sep/2026:13:56:03 +0200] "POST /wp-cron.php?doing_wp_cron=1789991763.8128850460052490234375 HTTP/1.1" 200 5512 "-" "WordPress/6.6.2; https://grupo-seg.com"
146.19.125.65 - - [21/Sep/2026:13:56:03 +0200] "GET /wp-login.php?action=register HTTP/1.1" 302 5790 "https://grupo-seg.com/wp-login.php?action=register" "Mozilla/5.0 (Windows NT 10.0; Win64; x64) AppleWebKit/537.36 (KHTML, like Gecko) Chrome/131.0.0.0 Safari/537.36 Avast/131.0.0.0"
146.19.125.65 - - [21/Sep/2026:13:56:04 +0200] "GET /wp-login.php?registration=disabled HTTP/1.1" 200 13840 "https://grupo-seg.com/wp-login.php?registration=disabled" "Mozilla/5.0 (Windows NT 10.0; Win64; x64) AppleWebKit/537.36 (KHTML, like Gecko) Chrome/131.0.0.0 Safari/537.36 Avast/131.0.0.0"
89.248.107.232 - - [21/Sep/2026:13:56:35 +0200] "POST /wp-cron.php?doing_wp_cron=1789991795.5135850906372070312500 HTTP/1.1" 200 5512 "-" "WordPress/6.6.2; https://grupo-seg.com"
195.57.112.135 - - [21/Sep/2026:13:56:35 +0200] "POST /autodiscover/autodiscover.xml HTTP/1.1" 404 92217 "-" "Microsoft Office/16.0 (Windows NT 10.0; Microsoft Outlook 16.0.20326; Pro)"
195.57.112.135 - - [21/Sep/2026:13:56:35 +0200] "POST /autodiscover/autodiscover.xml HTTP/1.1" 404 92202 "-" "Microsoft Office/16.0 (Windows NT 10.0; Microsoft Outlook 16.0.20326; Pro)"
89.248.107.232 - - [21/Sep/2026:13:56:36 +0200] "POST /wp-admin/admin-ajax.php?action=async_litespeed&nonce=b4cc4c672a&litespeed_type=imgoptm HTTP/1.1" 200 5698 "-" "WordPress/6.6.2; https://grupo-seg.com"
89.248.107.232 - - [21/Sep/2026:13:57:28 +0200] "POST /wp-cron.php?doing_wp_cron=1789991848.0974810123443603515625 HTTP/1.1" 200 5512 "-" "WordPress/6.6.2; https://grupo-seg.com"
2.136.135.41 - - [21/Sep/2026:13:57:27 +0200] "GET / HTTP/1.1" 301 5612 "https://www.google.com/" "Mozilla/5.0 (Windows NT 10.0; Win64; x64) AppleWebKit/537.36 (KHTML, like Gecko) Chrome/153.0.0.0 Safari/537.36"
2.136.135.41 - - [21/Sep/2026:13:57:28 +0200] "GET / HTTP/1.1" 200 165817 "https://www.google.com/" "Mozilla/5.0 (Windows NT 10.0; Win64; x64) AppleWebKit/537.36 (KHTML, like Gecko) Chrome/153.0.0.0 Safari/537.36"
89.248.107.232 - - [21/Sep/2026:13:57:28 +0200] "POST /wp-admin/admin-ajax.php?action=async_litespeed&nonce=b4cc4c672a&litespeed_type=imgoptm HTTP/1.1" 200 5698 "-" "WordPress/6.6.2; https://grupo-seg.com"
2.136.135.41 - - [21/Sep/2026:13:57:29 +0200] "POST /wp-content/plugins/litespeed-cache/guest.vary.php HTTP/1.1" 200 5656 "https://grupo-seg.com/" "Mozilla/5.0 (Windows NT 10.0; Win64; x64) AppleWebKit/537.36 (KHTML, like Gecko) Chrome/153.0.0.0 Safari/537.36"
2.136.135.41 - - [21/Sep/2026:13:57:30 +0200] "GET / HTTP/1.1" 200 165219 "https://grupo-seg.com/" "Mozilla/5.0 (Windows NT 10.0; Win64; x64) AppleWebKit/537.36 (KHTML, like Gecko) Chrome/153.0.0.0 Safari/537.36"
89.248.107.232 - - [21/Sep/2026:14:00:11 +0200] "POST /wp-cron.php?doing_wp_cron=1789992011.4090790748596191406250 HTTP/1.1" 200 5512 "-" "WordPress/6.6.2; https://grupo-seg.com"
195.57.112.135 - - [21/Sep/2026:14:00:10 +0200] "POST /autodiscover/autodiscover.xml HTTP/1.1" 404 92217 "-" "Microsoft Office/16.0 (Windows NT 10.0; Microsoft Outlook 16.0.20326; Pro)"
89.248.107.232 - - [21/Sep/2026:14:00:12 +0200] "POST /wp-admin/admin-ajax.php?action=async_litespeed&nonce=bc07218fea&litespeed_type=imgoptm HTTP/1.1" 200 5698 "-" "WordPress/6.6.2; https://grupo-seg.com"
89.248.107.232 - - [21/Sep/2026:14:01:33 +0200] "POST /wp-cron.php?doing_wp_cron=1789992093.3546240329742431640625 HTTP/1.1" 200 5512 "-" "WordPress/6.6.2; https://grupo-seg.com"
66.249.88.102 - - [21/Sep/2026:14:01:32 +0200] "GET /.well-known/traffic-advice HTTP/1.1" 404 97436 "-" "Chrome Privacy Preserving Prefetch Proxy"
193.186.4.200 - - [21/Sep/2026:14:01:33 +0200] "GET /paises/colombia/ HTTP/1.1" 200 176080 "https://www.google.com/" "Mozilla/5.0 (Windows NT 10.0; Win64; x64) AppleWebKit/537.36 (KHTML, like Gecko) Chrome/152.0.0.0 Safari/537.36"
89.248.107.232 - - [21/Sep/2026:14:01:34 +0200] "POST /wp-admin/admin-ajax.php?action=async_litespeed&nonce=bc07218fea&litespeed_type=imgoptm HTTP/1.1" 200 5698 "-" "WordPress/6.6.2; https://grupo-seg.com"
89.248.107.232 - - [21/Sep/2026:14:02:05 +0200] "POST /wp-cron.php?doing_wp_cron=1789992125.4960761070251464843750 HTTP/1.1" 200 5512 "-" "WordPress/6.6.2; https://grupo-seg.com"
162.120.188.168 - - [21/Sep/2026:14:02:04 +0200] "GET /paises/espana/ HTTP/1.1" 200 160970 "https://www.google.com/" "Mozilla/5.0 (Windows NT 10.0; Win64; x64) AppleWebKit/537.36 (KHTML, like Gecko) Chrome/153.0.0.0 Safari/537.36"
32.194.74.48 - - [21/Sep/2026:14:02:23 +0200] "GET / HTTP/1.1" 200 165847 "-" "Mozilla/5.0 (Windows NT 10.0; Win64; x64) AppleWebKit/537.36 (KHTML, like Gecko) Chrome/107.0.0.0 Safari/537.36 Edg/107.0.1418.62"
89.248.107.232 - - [21/Sep/2026:14:02:34 +0200] "POST /wp-cron.php?doing_wp_cron=1789992154.7274069786071777343750 HTTP/1.1" 200 5512 "-" "WordPress/6.6.2; https://grupo-seg.com"
195.57.112.135 - - [21/Sep/2026:14:02:34 +0200] "POST /autodiscover/autodiscover.xml HTTP/1.1" 404 92217 "-" "Microsoft Office/16.0 (Windows NT 10.0; Microsoft Outlook 16.0.20326; Pro)"
89.248.107.232 - - [21/Sep/2026:14:02:35 +0200] "POST /wp-admin/admin-ajax.php?action=async_litespeed&nonce=bc07218fea&litespeed_type=imgoptm HTTP/1.1" 200 5698 "-" "WordPress/6.6.2; https://grupo-seg.com"
89.248.107.232 - - [21/Sep/2026:14:03:06 +0200] "POST /wp-cron.php?doing_wp_cron=1789992186.4186139106750488281250 HTTP/1.1" 200 5512 "-" "WordPress/6.6.2; https://grupo-seg.com"
93.156.200.211 - - [21/Sep/2026:14:03:05 +0200] "GET / HTTP/1.1" 200 165817 "-" "Mozilla/5.0 (Macintosh; Intel Mac OS X 10_15_7) AppleWebKit/537.36 (KHTML, like Gecko) Chrome/125.0 Safari/537.36"
195.57.112.135 - - [21/Sep/2026:14:03:19 +0200] "POST /autodiscover/autodiscover.xml HTTP/1.1" 404 92202 "-" "Microsoft Office/16.0 (Windows NT 10.0; Microsoft Outlook 16.0.20326; Pro)"
89.248.107.232 - - [21/Sep/2026:14:04:16 +0200] "POST /wp-cron.php?doing_wp_cron=1789992256.7923729419708251953125 HTTP/1.1" 200 5512 "-" "WordPress/6.6.2; https://grupo-seg.com"
170.246.53.87 - - [21/Sep/2026:14:04:16 +0200] "GET / HTTP/1.1" 200 165817 "https://grupo-seg.com" "Mozilla/5.0 (Macintosh; Intel Mac OS X 10_15_7) AppleWebKit/537.36 (KHTML, like Gecko) Chrome/146.0.0.0 Safari/537.36"
89.248.107.232 - - [21/Sep/2026:14:04:17 +0200] "POST /wp-admin/admin-ajax.php?action=async_litespeed&nonce=bc07218fea&litespeed_type=imgoptm HTTP/1.1" 200 5698 "-" "WordPress/6.6.2; https://grupo-seg.com"
89.248.107.232 - - [21/Sep/2026:14:06:24 +0200] "POST /wp-cron.php?doing_wp_cron=1789992384.4857339859008789062500 HTTP/1.1" 200 5512 "-" "WordPress/6.6.2; https://grupo-seg.com"
190.26.9.23 - - [21/Sep/2026:14:06:24 +0200] "POST /AutoDiscover/autodiscover.xml HTTP/1.1" 404 92202 "-" "Microsoft Office/16.0 (Windows NT 10.0; Microsoft Word 16.0.17928; Pro)"
89.248.107.232 - - [21/Sep/2026:14:06:25 +0200] "POST /wp-admin/admin-ajax.php?action=async_litespeed&nonce=bc07218fea&litespeed_type=imgoptm HTTP/1.1" 200 5698 "-" "WordPress/6.6.2; https://grupo-seg.com"
89.248.107.232 - - [21/Sep/2026:14:06:47 +0200] "POST /wp-cron.php?doing_wp_cron=1789992406.9644250869750976562500 HTTP/1.1" 200 5512 "-" "WordPress/6.6.2; https://grupo-seg.com"
16.216.88.4 - - [21/Sep/2026:14:06:46 +0200] "GET /portfolio/expediente-tecnico-de-la-inversion-construccion-en-el-aeropuerto-mayor-general-fap-armando-revoredo-iglesias-de-cajamarca/ HTTP/1.1" 200 117480 "-" "Mozilla/5.0 AppleWebKit/537.36 (KHTML, like Gecko; compatible; Reflectionbot/1.0; +https://reflection.ai/bot) Chrome/151.0.0.0 Safari/537.36"
89.248.107.232 - - [21/Sep/2026:14:07:27 +0200] "POST /wp-cron.php?doing_wp_cron=1789992447.6987380981445312500000 HTTP/1.1" 200 5512 "-" "WordPress/6.6.2; https://grupo-seg.com"
195.57.112.135 - - [21/Sep/2026:14:07:27 +0200] "POST /autodiscover/autodiscover.xml HTTP/1.1" 404 92202 "-" "Microsoft Office/16.0 (Windows NT 10.0; Microsoft Outlook 16.0.20326; Pro)"
195.57.112.135 - - [21/Sep/2026:14:07:28 +0200] "POST /autodiscover/autodiscover.xml HTTP/1.1" 404 92217 "-" "Microsoft Office/16.0 (Windows NT 10.0; Microsoft Outlook 16.0.20326; Pro)"
89.248.107.232 - - [21/Sep/2026:14:07:28 +0200] "POST /wp-admin/admin-ajax.php?action=async_litespeed&nonce=bc07218fea&litespeed_type=imgoptm HTTP/1.1" 200 5698 "-" "WordPress/6.6.2; https://grupo-seg.com"
89.248.107.232 - - [21/Sep/2026:14:08:17 +0200] "POST /wp-cron.php?doing_wp_cron=1789992497.5028760433197021484375 HTTP/1.1" 200 5512 "-" "WordPress/6.6.2; https://grupo-seg.com"
2.139.158.128 - - [21/Sep/2026:14:08:17 +0200] "POST /AutoDiscover/autodiscover.xml HTTP/1.1" 404 92202 "-" "Microsoft Office/16.0 (Windows NT 10.0; Microsoft Word 16.0.20228; Pro)"
89.248.107.232 - - [21/Sep/2026:14:08:48 +0200] "POST /wp-cron.php?doing_wp_cron=1789992528.4801719188690185546875 HTTP/1.1" 200 5512 "-" "WordPress/6.6.2; https://grupo-seg.com"
2.139.158.128 - - [21/Sep/2026:14:08:48 +0200] "POST /autodiscover/autodiscover.xml HTTP/1.1" 404 92202 "-" "Microsoft Office/16.0 (Windows NT 10.0; Microsoft Outlook 16.0.20326; Pro)"
89.248.107.232 - - [21/Sep/2026:14:08:49 +0200] "POST /wp-admin/admin-ajax.php?action=async_litespeed&nonce=bc07218fea&litespeed_type=imgoptm HTTP/1.1" 200 5698 "-" "WordPress/6.6.2; https://grupo-seg.com"
89.248.107.232 - - [21/Sep/2026:14:08:54 +0200] "POST /wp-cron.php?doing_wp_cron=1789992534.6569991111755371093750 HTTP/1.1" 200 5512 "-" "WordPress/6.6.2; https://grupo-seg.com"
47.82.54.77 - - [21/Sep/2026:14:08:54 +0200] "GET /wp-sitemap.xml HTTP/1.1" 200 6217 "-" "Mozilla/5.0 (Windows NT 10.0; Win64; x64) AppleWebKit/537.36 (KHTML, like Gecko) Chrome/140.0.0.0 Safari/537.36"
190.143.242.170 - - [21/Sep/2026:14:08:55 +0200] "POST /AutoDiscover/autodiscover.xml HTTP/1.1" 404 92202 "-" "Microsoft Office/16.0 (Windows NT 10.0; Microsoft Excel 16.0.20326; Pro)"
190.26.9.23 - - [21/Sep/2026:14:08:57 +0200] "POST /AutoDiscover/autodiscover.xml HTTP/1.1" 404 92202 "-" "Microsoft Office/16.0 (Windows NT 10.0; Microsoft Word 16.0.19127; Pro)"
62.60.130.247 - - [21/Sep/2026:14:09:01 +0200] "GET /images/images/cache.php HTTP/1.1" 403 22902 "www.google.com" "Mozlila/5.0 (Linux; Android 7.0; SM-G892A Bulid/NRD90M; wv) AppleWebKit/537.36 (KHTML, like Gecko) Version/4.0 Chrome/60.0.3112.107 Moblie Safari/537.36"
89.248.107.232 - - [21/Sep/2026:14:09:11 +0200] "POST /?wordfence_syncAttackData=1789992551.0319 HTTP/1.1" 200 5452 "-" "WordPress/6.6.2; https://grupo-seg.com"
89.248.107.232 - - [21/Sep/2026:14:09:11 +0200] "POST /wp-cron.php?doing_wp_cron=1789992551.6374099254608154296875 HTTP/1.1" 200 5512 "-" "WordPress/6.6.2; https://grupo-seg.com"
2.139.158.128 - - [21/Sep/2026:14:09:10 +0200] "POST /autodiscover/autodiscover.xml HTTP/1.1" 404 92253 "-" "Microsoft Office/16.0 (Windows NT 10.0; Microsoft Outlook 16.0.20326; Pro)"
89.248.107.232 - - [21/Sep/2026:14:09:29 +0200] "POST /wp-cron.php?doing_wp_cron=1789992569.8004679679870605468750 HTTP/1.1" 200 5512 "-" "WordPress/6.6.2; https://grupo-seg.com"
2.139.158.128 - - [21/Sep/2026:14:09:29 +0200] "POST /autodiscover/autodiscover.xml HTTP/1.1" 404 92202 "-" "Microsoft Office/16.0 (Windows NT 10.0; Microsoft Outlook 16.0.20326; Pro)"
89.248.107.232 - - [21/Sep/2026:14:09:30 +0200] "POST /wp-admin/admin-ajax.php?action=async_litespeed&nonce=bc07218fea&litespeed_type=imgoptm HTTP/1.1" 200 5698 "-" "WordPress/6.6.2; https://grupo-seg.com"
89.248.107.232 - - [21/Sep/2026:14:09:53 +0200] "POST /wp-cron.php?doing_wp_cron=1789992593.4001920223236083984375 HTTP/1.1" 200 5512 "-" "WordPress/6.6.2; https://grupo-seg.com"
195.57.112.135 - - [21/Sep/2026:14:09:52 +0200] "POST /autodiscover/autodiscover.xml HTTP/1.1" 404 92217 "-" "Microsoft Office/16.0 (Windows NT 10.0; Microsoft Outlook 16.0.20326; Pro)"
89.248.107.232 - - [21/Sep/2026:14:10:36 +0200] "POST /wp-cron.php?doing_wp_cron=1789992636.0421609878540039062500 HTTP/1.1" 200 5512 "-" "WordPress/6.6.2; https://grupo-seg.com"
51.8.102.236 - - [21/Sep/2026:14:10:35 +0200] "GET /robots.txt HTTP/1.1" 301 5576 "-" "Mozilla/5.0 (Macintosh; Intel Mac OS X 10_15_7) AppleWebKit/537.36 (KHTML, like Gecko) Chrome/131.0.0.0 Safari/537.36; compatible; OAI-SearchBot/1.0; +https://openai.com/searchbot"
89.248.107.232 - - [21/Sep/2026:14:10:36 +0200] "POST /wp-admin/admin-ajax.php?action=async_litespeed&nonce=bc07218fea&litespeed_type=imgoptm HTTP/1.1" 200 5698 "-" "WordPress/6.6.2; https://grupo-seg.com"
51.8.102.44 - - [21/Sep/2026:14:10:36 +0200] "GET /robots.txt HTTP/1.1" 200 5679 "-" "Mozilla/5.0 (Macintosh; Intel Mac OS X 10_15_7) AppleWebKit/537.36 (KHTML, like Gecko) Chrome/131.0.0.0 Safari/537.36; compatible; OAI-SearchBot/1.0; +https://openai.com/searchbot"
89.248.107.232 - - [21/Sep/2026:14:10:42 +0200] "POST /wp-cron.php?doing_wp_cron=1789992642.2305879592895507812500 HTTP/1.1" 200 5512 "-" "WordPress/6.6.2; https://grupo-seg.com"
2.139.158.128 - - [21/Sep/2026:14:10:41 +0200] "POST /autodiscover/autodiscover.xml HTTP/1.1" 404 92217 "-" "Microsoft Office/16.0 (Windows NT 10.0; Microsoft Outlook 16.0.20326; Pro)"
2.139.158.128 - - [21/Sep/2026:14:10:41 +0200] "POST /autodiscover/autodiscover.xml HTTP/1.1" 404 92202 "-" "Microsoft Office/16.0 (Windows NT 10.0; Microsoft Outlook 16.0.20326; Pro)"
89.248.107.232 - - [21/Sep/2026:14:11:51 +0200] "POST /wp-cron.php?doing_wp_cron=1789992711.6159110069274902343750 HTTP/1.1" 200 5512 "-" "WordPress/6.6.2; https://grupo-seg.com"
162.120.187.43 - - [21/Sep/2026:14:11:51 +0200] "GET / HTTP/1.1" 200 165847 "https://www.google.com/" "Mozilla/5.0 (Windows NT 10.0; Win64; x64) AppleWebKit/537.36 (KHTML, like Gecko) Chrome/153.0.0.0 Safari/537.36"
89.7.26.66 - - [21/Sep/2026:14:11:53 +0200] "POST /wp-content/plugins/litespeed-cache/guest.vary.php HTTP/1.1" 200 5656 "https://grupo-seg.com/" "Mozilla/5.0 (Windows NT 10.0; Win64; x64) AppleWebKit/537.36 (KHTML, like Gecko) Chrome/153.0.0.0 Safari/537.36"
89.248.107.232 - - [21/Sep/2026:14:11:52 +0200] "POST /wp-admin/admin-ajax.php?action=async_litespeed&nonce=bc07218fea&litespeed_type=imgoptm HTTP/1.1" 200 5698 "-" "WordPress/6.6.2; https://grupo-seg.com"
89.248.107.232 - - [21/Sep/2026:14:11:54 +0200] "POST /wp-cron.php?doing_wp_cron=1789992714.3143749237060546875000 HTTP/1.1" 200 5512 "-" "WordPress/6.6.2; https://grupo-seg.com"
89.7.26.66 - - [21/Sep/2026:14:11:53 +0200] "GET / HTTP/1.1" 200 165219 "https://grupo-seg.com/" "Mozilla/5.0 (Windows NT 10.0; Win64; x64) AppleWebKit/537.36 (KHTML, like Gecko) Chrome/153.0.0.0 Safari/537.36"
89.248.107.232 - - [21/Sep/2026:14:12:11 +0200] "POST /wp-cron.php?doing_wp_cron=1789992731.3228030204772949218750 HTTP/1.1" 200 5512 "-" "WordPress/6.6.2; https://grupo-seg.com"
195.57.112.135 - - [21/Sep/2026:14:12:10 +0200] "POST /autodiscover/autodiscover.xml HTTP/1.1" 404 92217 "-" "Microsoft Office/16.0 (Windows NT 10.0; Microsoft Outlook 16.0.20326; Pro)"
89.248.107.232 - - [21/Sep/2026:14:12:45 +0200] "POST /wp-cron.php?doing_wp_cron=1789992765.3230791091918945312500 HTTP/1.1" 200 5512 "-" "WordPress/6.6.2; https://grupo-seg.com"
89.7.26.66 - - [21/Sep/2026:14:12:44 +0200] "GET /servicios/ HTTP/1.1" 200 198882 "https://grupo-seg.com/" "Mozilla/5.0 (Windows NT 10.0; Win64; x64) AppleWebKit/537.36 (KHTML, like Gecko) Chrome/153.0.0.0 Safari/537.36"
89.248.107.232 - - [21/Sep/2026:14:12:46 +0200] "POST /wp-admin/admin-ajax.php?action=async_litespeed&nonce=bc07218fea&litespeed_type=imgoptm HTTP/1.1" 200 5698 "-" "WordPress/6.6.2; https://grupo-seg.com"
89.248.107.232 - - [21/Sep/2026:14:14:25 +0200] "POST /wp-cron.php?doing_wp_cron=1789992865.3243200778961181640625 HTTP/1.1" 200 5512 "-" "WordPress/6.6.2; https://grupo-seg.com"
2.139.158.128 - - [21/Sep/2026:14:14:24 +0200] "POST /AutoDiscover/autodiscover.xml HTTP/1.1" 404 92217 "-" "Microsoft Office/16.0 (Windows NT 10.0; Microsoft Word 16.0.20228; Pro)"
89.248.107.232 - - [21/Sep/2026:14:14:26 +0200] "POST /wp-admin/admin-ajax.php?action=async_litespeed&nonce=bc07218fea&litespeed_type=imgoptm HTTP/1.1" 200 5698 "-" "WordPress/6.6.2; https://grupo-seg.com"
89.248.107.232 - - [21/Sep/2026:14:15:01 +0200] "POST /wp-cron.php?doing_wp_cron=1789992901.2124650478363037109375 HTTP/1.1" 200 5512 "-" "WordPress/6.6.2; https://grupo-seg.com"
40.77.167.7 - - [21/Sep/2026:14:15:00 +0200] "GET /jrst751063o09d8t4/1752i6s3ps.htm HTTP/1.1" 404 97436 "-" "Mozilla/5.0 AppleWebKit/537.36 (KHTML, like Gecko; compatible; bingbot/2.0; +http://www.bing.com/bingbot.htm) Chrome/116.0.1938.76 Safari/537.36"
89.248.107.232 - - [21/Sep/2026:14:15:36 +0200] "POST /wp-cron.php?doing_wp_cron=1789992936.0671069622039794921875 HTTP/1.1" 200 5512 "-" "WordPress/6.6.2; https://grupo-seg.com"
35.88.118.160 - - [21/Sep/2026:14:15:35 +0200] "GET / HTTP/1.1" 200 165847 "-" "Mozilla/5.0 (Windows NT 10.0; Win64; x64) AppleWebKit/537.36 (KHTML, like Gecko) Chrome/113.0.0.0 Safari/537.36"
89.248.107.232 - - [21/Sep/2026:14:15:37 +0200] "POST /wp-admin/admin-ajax.php?action=async_litespeed&nonce=bc07218fea&litespeed_type=imgoptm HTTP/1.1" 200 5698 "-" "WordPress/6.6.2; https://grupo-seg.com"
89.248.107.232 - - [21/Sep/2026:14:17:06 +0200] "POST /wp-cron.php?doing_wp_cron=1789993026.0684769153594970703125 HTTP/1.1" 200 5512 "-" "WordPress/6.6.2; https://grupo-seg.com"
40.77.167.48 - - [21/Sep/2026:14:17:05 +0200] "GET /jrst696865disptuc/clientes.html HTTP/1.1" 301 5690 "-" "Mozilla/5.0 AppleWebKit/537.36 (KHTML, like Gecko; compatible; bingbot/2.0; +http://www.bing.com/bingbot.htm) Chrome/116.0.1938.76 Safari/537.36"
89.248.107.232 - - [21/Sep/2026:14:17:06 +0200] "POST /wp-admin/admin-ajax.php?action=async_litespeed&nonce=bc07218fea&litespeed_type=imgoptm HTTP/1.1" 200 5698 "-" "WordPress/6.6.2; https://grupo-seg.com"
190.26.9.23 - - [21/Sep/2026:14:17:17 +0200] "POST /AutoDiscover/autodiscover.xml HTTP/1.1" 404 92202 "-" "Microsoft Office/16.0 (Windows NT 10.0; Microsoft Excel 16.0.19127; Pro)"
89.248.107.232 - - [21/Sep/2026:14:17:27 +0200] "POST /wp-cron.php?doing_wp_cron=1789993046.9977340698242187500000 HTTP/1.1" 200 5512 "-" "WordPress/6.6.2; https://grupo-seg.com"
52.167.144.199 - - [21/Sep/2026:14:17:26 +0200] "GET /kyua1082437sgodotm/ideis.htm HTTP/1.1" 301 5687 "-" "Mozilla/5.0 AppleWebKit/537.36 (KHTML, like Gecko; compatible; bingbot/2.0; +http://www.bing.com/bingbot.htm) Chrome/116.0.1938.76 Safari/537.36"
89.248.107.232 - - [21/Sep/2026:14:17:27 +0200] "POST /wp-admin/admin-ajax.php?action=async_litespeed&nonce=bc07218fea&litespeed_type=imgoptm HTTP/1.1" 200 5698 "-" "WordPress/6.6.2; https://grupo-seg.com"
40.77.167.27 - - [21/Sep/2026:14:17:31 +0200] "GET /?s=2027 HTTP/1.1" 200 88565 "-" "Mozilla/5.0 AppleWebKit/537.36 (KHTML, like Gecko; compatible; bingbot/2.0; +http://www.bing.com/bingbot.htm) Chrome/116.0.1938.76 Safari/537.36"
89.248.107.232 - - [21/Sep/2026:14:18:21 +0200] "POST /wp-cron.php?doing_wp_cron=1789993100.9796590805053710937500 HTTP/1.1" 200 5512 "-" "WordPress/6.6.2; https://grupo-seg.com"
195.57.112.135 - - [21/Sep/2026:14:18:20 +0200] "POST /autodiscover/autodiscover.xml HTTP/1.1" 404 92217 "-" "Microsoft Office/16.0 (Windows NT 10.0; Microsoft Outlook 16.0.20326; Pro)"
195.57.112.135 - - [21/Sep/2026:14:18:21 +0200] "POST /autodiscover/autodiscover.xml HTTP/1.1" 404 92202 "-" "Microsoft Office/16.0 (Windows NT 10.0; Microsoft Outlook 16.0.20326; Pro)"
190.26.9.23 - - [21/Sep/2026:14:18:23 +0200] "POST /AutoDiscover/autodiscover.xml HTTP/1.1" 404 92202 "-" "Microsoft Office/16.0 (Windows NT 10.0; Microsoft Word 16.0.20326; Pro)"
89.248.107.232 - - [21/Sep/2026:14:18:50 +0200] "POST /wp-cron.php?doing_wp_cron=1789993130.5545558929443359375000 HTTP/1.1" 200 5512 "-" "WordPress/6.6.2; https://grupo-seg.com"
34.172.22.14 - - [21/Sep/2026:14:18:50 +0200] "GET /mgeo_map/3 HTTP/1.1" 301 5577 "-" "Mozilla/5.0 AppleWebKit/537.36 (KHTML, like Gecko; compatible; KeenableBot/1.0; +https://keenable.ai/)"
34.172.22.14 - - [21/Sep/2026:14:18:50 +0200] "GET /mgeo_map/3/ HTTP/1.1" 200 70958 "https://grupo-seg.com/mgeo_map/3" "Mozilla/5.0 AppleWebKit/537.36 (KHTML, like Gecko; compatible; KeenableBot/1.0; +https://keenable.ai/)"
89.248.107.232 - - [21/Sep/2026:14:18:51 +0200] "POST /wp-admin/admin-ajax.php?action=async_litespeed&nonce=bc07218fea&litespeed_type=imgoptm HTTP/1.1" 200 5698 "-" "WordPress/6.6.2; https://grupo-seg.com"
89.248.107.232 - - [21/Sep/2026:14:18:56 +0200] "POST /wp-cron.php?doing_wp_cron=1789993136.2463719844818115234375 HTTP/1.1" 200 5512 "-" "WordPress/6.6.2; https://grupo-seg.com"
195.57.112.135 - - [21/Sep/2026:14:18:55 +0200] "POST /autodiscover/autodiscover.xml HTTP/1.1" 404 92202 "-" "Microsoft Office/16.0 (Windows NT 10.0; Microsoft Outlook 16.0.20326; Pro)"
89.248.107.232 - - [21/Sep/2026:14:20:38 +0200] "POST /wp-cron.php?doing_wp_cron=1789993238.8728029727935791015625 HTTP/1.1" 200 5512 "-" "WordPress/6.6.2; https://grupo-seg.com"
16.216.88.153 - - [21/Sep/2026:14:20:37 +0200] "GET /paises/panama/ HTTP/1.1" 200 155107 "-" "Mozilla/5.0 AppleWebKit/537.36 (KHTML, like Gecko; compatible; Reflectionbot/1.0; +https://reflection.ai/bot) Chrome/151.0.0.0 Safari/537.36"
89.248.107.232 - - [21/Sep/2026:14:20:41 +0200] "POST /wp-admin/admin-ajax.php?action=async_litespeed&nonce=bc07218fea&litespeed_type=imgoptm HTTP/1.1" 200 5698 "-" "WordPress/6.6.2; https://grupo-seg.com"
98.80.16.166 - - [21/Sep/2026:14:20:44 +0200] "GET /robots.txt HTTP/1.1" 301 5576 "-" "Mozilla/5.0 (Macintosh; Intel Mac OS X 10_10_1) AppleWebKit/600.2.5 (KHTML, like Gecko) Version/8.0.2 Safari/600.2.5 (Gort)"
52.2.226.16 - - [21/Sep/2026:14:20:45 +0200] "GET /robots.txt HTTP/1.1" 200 5679 "-" "Mozilla/5.0 (Macintosh; Intel Mac OS X 10_10_1) AppleWebKit/600.2.5 (KHTML, like Gecko) Version/8.0.2 Safari/600.2.5 (Gort)"
216.73.217.42 - - [21/Sep/2026:14:20:50 +0200] "GET /robots.txt HTTP/1.1" 200 5679 "-" "Mozilla/5.0 AppleWebKit/537.36 (KHTML, like Gecko; compatible; ClaudeBot/1.0; +claudebot@anthropic.com)"
216.73.217.42 - - [21/Sep/2026:14:20:50 +0200] "GET /wp-sitemap.xml HTTP/1.1" 200 6217 "-" "Mozilla/5.0 AppleWebKit/537.36 (KHTML, like Gecko; compatible; ClaudeBot/1.0; +claudebot@anthropic.com)"
89.248.107.232 - - [21/Sep/2026:14:20:57 +0200] "POST /wp-cron.php?doing_wp_cron=1789993257.0516810417175292968750 HTTP/1.1" 200 5512 "-" "WordPress/6.6.2; https://grupo-seg.com"
40.77.167.27 - - [21/Sep/2026:14:20:56 +0200] "GET /npsi1240466dpsdodsstigooi.html HTTP/1.1" 404 97421 "-" "Mozilla/5.0 AppleWebKit/537.36 (KHTML, like Gecko; compatible; bingbot/2.0; +http://www.bing.com/bingbot.htm) Chrome/116.0.1938.76 Safari/537.36"
89.248.107.232 - - [21/Sep/2026:14:21:30 +0200] "POST /wp-cron.php?doing_wp_cron=1789993290.5891470909118652343750 HTTP/1.1" 200 5512 "-" "WordPress/6.6.2; https://grupo-seg.com"
195.57.112.135 - - [21/Sep/2026:14:21:30 +0200] "POST /autodiscover/autodiscover.xml HTTP/1.1" 404 92217 "-" "Microsoft Office/16.0 (Windows NT 10.0; Microsoft Outlook 16.0.20326; Pro)"
195.57.112.135 - - [21/Sep/2026:14:21:31 +0200] "POST /autodiscover/autodiscover.xml HTTP/1.1" 404 92202 "-" "Microsoft Office/16.0 (Windows NT 10.0; Microsoft Outlook 16.0.20326; Pro)"
89.248.107.232 - - [21/Sep/2026:14:21:31 +0200] "POST /wp-admin/admin-ajax.php?action=async_litespeed&nonce=bc07218fea&litespeed_type=imgoptm HTTP/1.1" 200 5698 "-" "WordPress/6.6.2; https://grupo-seg.com"
89.248.107.232 - - [21/Sep/2026:14:21:50 +0200] "POST /wp-cron.php?doing_wp_cron=1789993310.8925731182098388671875 HTTP/1.1" 200 5512 "-" "WordPress/6.6.2; https://grupo-seg.com"
40.77.167.48 - - [21/Sep/2026:14:21:50 +0200] "GET /slipper429/lgsfagjy.html HTTP/1.1" 301 5683 "-" "Mozilla/5.0 AppleWebKit/537.36 (KHTML, like Gecko; compatible; bingbot/2.0; +http://www.bing.com/bingbot.htm) Chrome/116.0.1938.76 Safari/537.36"
89.248.107.232 - - [21/Sep/2026:14:22:10 +0200] "POST /wp-cron.php?doing_wp_cron=1789993330.3759849071502685546875 HTTP/1.1" 200 5512 "-" "WordPress/6.6.2; https://grupo-seg.com"
35.192.65.70 - - [21/Sep/2026:14:22:09 +0200] "GET / HTTP/1.1" 200 165817 "-" "Mozilla/5.0 AppleWebKit/537.36 (KHTML, like Gecko; compatible; KeenableBot/1.0; +https://keenable.ai/)"
89.248.107.232 - - [21/Sep/2026:14:22:39 +0200] "POST /wp-cron.php?doing_wp_cron=1789993359.6624689102172851562500 HTTP/1.1" 200 5512 "-" "WordPress/6.6.2; https://grupo-seg.com"
52.167.144.199 - - [21/Sep/2026:14:22:39 +0200] "GET /ozuy975379p0914ti/empresa.html HTTP/1.1" 301 5689 "-" "Mozilla/5.0 AppleWebKit/537.36 (KHTML, like Gecko; compatible; bingbot/2.0; +http://www.bing.com/bingbot.htm) Chrome/116.0.1938.76 Safari/537.36"
85.208.96.199 - - [21/Sep/2026:14:22:39 +0200] "GET /robots.txt HTTP/1.1" 200 5679 "-" "Mozilla/5.0 (compatible; SemrushBot/7~bl; +http://www.semrush.com/bot.html)"
89.248.107.232 - - [21/Sep/2026:14:22:40 +0200] "POST /wp-admin/admin-ajax.php?action=async_litespeed&nonce=bc07218fea&litespeed_type=imgoptm HTTP/1.1" 200 5698 "-" "WordPress/6.6.2; https://grupo-seg.com"
85.208.96.212 - - [21/Sep/2026:14:22:40 +0200] "GET /en/own-elaboration-and-three-bocas-road-project/ HTTP/1.1" 200 131072 "-" "Mozilla/5.0 (compatible; SemrushBot/7~bl; +http://www.semrush.com/bot.html)"
52.167.144.142 - - [21/Sep/2026:14:22:41 +0200] "GET /arcd717487riodsit/pgocuoddd HTTP/1.1" 404 97436 "-" "Mozilla/5.0 AppleWebKit/537.36 (KHTML, like Gecko; compatible; bingbot/2.0; +http://www.bing.com/bingbot.htm) Chrome/116.0.1938.76 Safari/537.36"
89.248.107.232 - - [21/Sep/2026:14:22:42 +0200] "POST /wp-cron.php?doing_wp_cron=1789993362.7919919490814208984375 HTTP/1.1" 200 5512 "-" "WordPress/6.6.2; https://grupo-seg.com"
52.167.144.142 - - [21/Sep/2026:14:22:42 +0200] "GET /abex1362966iptssddosogdoi.html HTTP/1.1" 404 97436 "-" "Mozilla/5.0 AppleWebKit/537.36 (KHTML, like Gecko; compatible; bingbot/2.0; +http://www.bing.com/bingbot.htm) Chrome/116.0.1938.76 Safari/537.36"
89.248.107.232 - - [21/Sep/2026:14:23:12 +0200] "POST /wp-cron.php?doing_wp_cron=1789993392.6721189022064208984375 HTTP/1.1" 200 5512 "-" "WordPress/6.6.2; https://grupo-seg.com"
195.57.112.135 - - [21/Sep/2026:14:23:12 +0200] "POST /autodiscover/autodiscover.xml HTTP/1.1" 404 92217 "-" "Microsoft Office/16.0 (Windows NT 10.0; Microsoft Outlook 16.0.20326; Pro)"
89.248.107.232 - - [21/Sep/2026:14:24:55 +0200] "POST /wp-cron.php?doing_wp_cron=1789993495.6139690876007080078125 HTTP/1.1" 200 5512 "-" "WordPress/6.6.2; https://grupo-seg.com"
5.205.241.77 - - [21/Sep/2026:14:24:55 +0200] "POST /AutoDiscover/autodiscover.xml HTTP/1.1" 404 92202 "-" "Microsoft Office/16.0 (Windows NT 10.0; Microsoft Word 16.0.20326; Pro)"
89.248.107.232 - - [21/Sep/2026:14:24:56 +0200] "POST /wp-admin/admin-ajax.php?action=async_litespeed&nonce=bc07218fea&litespeed_type=imgoptm HTTP/1.1" 200 5698 "-" "WordPress/6.6.2; https://grupo-seg.com"
89.248.107.232 - - [21/Sep/2026:14:25:46 +0200] "POST /wp-cron.php?doing_wp_cron=1789993546.6810669898986816406250 HTTP/1.1" 200 5512 "-" "WordPress/6.6.2; https://grupo-seg.com"
78.164.52.190 - - [21/Sep/2026:14:25:45 +0200] "GET /robots.txt HTTP/1.1" 200 5679 "-" "Mozilla/5.0"
78.186.204.169 - - [21/Sep/2026:14:25:46 +0200] "GET /en/oversight-of-the-renovation-works-of-the-belgrano-sur-railway-between-tapiales-and-marinos-del-crucero-general-belgrano-stations HTTP/1.1" 301 5698 "-" "Mozilla/5.0 (Windows NT 10.0; Win64; x64) AppleWebKit/537.36 (KHTML, like Gecko) Chrome/138.0.0.0 Safari/537.36"
89.248.107.232 - - [21/Sep/2026:14:25:48 +0200] "POST /wp-admin/admin-ajax.php?action=async_litespeed&nonce=bc07218fea&litespeed_type=imgoptm HTTP/1.1" 200 5698 "-" "WordPress/6.6.2; https://grupo-seg.com"
155.137.104.87 - - [21/Sep/2026:14:25:49 +0200] "GET /en/oversight-of-the-renovation-works-of-the-belgrano-sur-railway-between-tapiales-and-marinos-del-crucero-general-belgrano-stations/ HTTP/1.1" 200 129568 "-" "Mozilla/5.0 (Windows NT 10.0; Win64; x64) AppleWebKit/537.36 (KHTML, like Gecko) Chrome/138.0.0.0 Safari/537.36"
89.248.107.232 - - [21/Sep/2026:14:26:16 +0200] "POST /wp-cron.php?doing_wp_cron=1789993576.7252869606018066406250 HTTP/1.1" 200 5512 "-" "WordPress/6.6.2; https://grupo-seg.com"
195.57.112.135 - - [21/Sep/2026:14:26:16 +0200] "POST /autodiscover/autodiscover.xml HTTP/1.1" 404 92202 "-" "Microsoft Office/16.0 (Windows NT 10.0; Microsoft Outlook 16.0.20326; Pro)"
89.248.107.232 - - [21/Sep/2026:14:26:31 +0200] "POST /wp-cron.php?doing_wp_cron=1789993591.8647971153259277343750 HTTP/1.1" 200 5512 "-" "WordPress/6.6.2; https://grupo-seg.com"
52.167.144.142 - - [21/Sep/2026:14:26:31 +0200] "GET /ahjv306162z0492sts1ido5867p3.html HTTP/1.1" 404 97436 "-" "Mozilla/5.0 AppleWebKit/537.36 (KHTML, like Gecko; compatible; bingbot/2.0; +http://www.bing.com/bingbot.htm) Chrome/116.0.1938.76 Safari/537.36"
89.248.107.232 - - [21/Sep/2026:14:26:32 +0200] "POST /wp-admin/admin-ajax.php?action=async_litespeed&nonce=bc07218fea&litespeed_type=imgoptm HTTP/1.1" 200 5698 "-" "WordPress/6.6.2; https://grupo-seg.com"
40.77.167.121 - - [21/Sep/2026:14:26:36 +0200] "GET /kfue1434784sspsitd/oemti HTTP/1.1" 301 5683 "-" "Mozilla/5.0 AppleWebKit/537.36 (KHTML, like Gecko; compatible; bingbot/2.0; +http://www.bing.com/bingbot.htm) Chrome/116.0.1938.76 Safari/537.36"
89.248.107.232 - - [21/Sep/2026:14:27:41 +0200] "POST /wp-cron.php?doing_wp_cron=1789993660.9634540081024169921875 HTTP/1.1" 200 5512 "-" "WordPress/6.6.2; https://grupo-seg.com"
52.167.144.23 - - [21/Sep/2026:14:27:40 +0200] "GET /ptse1079830ptisuos/buzon-sugerencias.html HTTP/1.1" 301 5700 "-" "Mozilla/5.0 AppleWebKit/537.36 (KHTML, like Gecko; compatible; bingbot/2.0; +http://www.bing.com/bingbot.htm) Chrome/116.0.1938.76 Safari/537.36"
89.248.107.232 - - [21/Sep/2026:14:27:41 +0200] "POST /wp-admin/admin-ajax.php?action=async_litespeed&nonce=bc07218fea&litespeed_type=imgoptm HTTP/1.1" 200 5698 "-" "WordPress/6.6.2; https://grupo-seg.com"
89.248.107.232 - - [21/Sep/2026:14:27:43 +0200] "POST /wp-cron.php?doing_wp_cron=1789993663.5565309524536132812500 HTTP/1.1" 200 5512 "-" "WordPress/6.6.2; https://grupo-seg.com"
52.167.144.23 - - [21/Sep/2026:14:27:43 +0200] "GET /htsr1039669z4s923/0m75i81te6.htm HTTP/1.1" 301 5691 "-" "Mozilla/5.0 AppleWebKit/537.36 (KHTML, like Gecko; compatible; bingbot/2.0; +http://www.bing.com/bingbot.htm) Chrome/116.0.1938.76 Safari/537.36"
89.248.107.232 - - [21/Sep/2026:14:28:33 +0200] "POST /wp-cron.php?doing_wp_cron=1789993713.5638070106506347656250 HTTP/1.1" 200 5512 "-" "WordPress/6.6.2; https://grupo-seg.com"
190.123.76.86 - - [21/Sep/2026:14:28:33 +0200] "POST /AutoDiscover/autodiscover.xml HTTP/1.1" 404 92202 "-" "Microsoft Office/16.0 (Windows NT 10.0; Microsoft Excel 16.0.20326; Pro)"
89.248.107.232 - - [21/Sep/2026:14:28:34 +0200] "POST /wp-admin/admin-ajax.php?action=async_litespeed&nonce=bc07218fea&litespeed_type=imgoptm HTTP/1.1" 200 5698 "-" "WordPress/6.6.2; https://grupo-seg.com"
89.248.107.232 - - [21/Sep/2026:14:28:40 +0200] "POST /wp-cron.php?doing_wp_cron=1789993720.6505599021911621093750 HTTP/1.1" 200 5512 "-" "WordPress/6.6.2; https://grupo-seg.com"
43.165.197.116 - - [21/Sep/2026:14:28:40 +0200] "GET / HTTP/1.1" 301 5612 "http://serynco.es" "Mozilla/5.0 (iPhone; CPU iPhone OS 13_2_3 like Mac OS X) AppleWebKit/605.1.15 (KHTML, like Gecko) Version/13.0.3 Mobile/15E148 Safari/604.1"
89.248.107.232 - - [21/Sep/2026:14:28:42 +0200] "POST /wp-cron.php?doing_wp_cron=1789993722.7003250122070312500000 HTTP/1.1" 200 5512 "-" "WordPress/6.6.2; https://grupo-seg.com"
43.165.197.116 - - [21/Sep/2026:14:28:42 +0200] "GET / HTTP/1.1" 200 156989 "https://www.grupo-seg.com/" "Mozilla/5.0 (iPhone; CPU iPhone OS 13_2_3 like Mac OS X) AppleWebKit/605.1.15 (KHTML, like Gecko) Version/13.0.3 Mobile/15E148 Safari/604.1"
52.167.144.205 - - [21/Sep/2026:14:28:51 +0200] "GET /irve455275gsdidpt/osdoios HTTP/1.1" 404 97436 "-" "Mozilla/5.0 AppleWebKit/537.36 (KHTML, like Gecko; compatible; bingbot/2.0; +http://www.bing.com/bingbot.htm) Chrome/116.0.1938.76 Safari/537.36"
89.248.107.232 - - [21/Sep/2026:14:29:27 +0200] "POST /wp-cron.php?doing_wp_cron=1789993767.5228569507598876953125 HTTP/1.1" 200 5512 "-" "WordPress/6.6.2; https://grupo-seg.com"
52.167.144.222 - - [21/Sep/2026:14:29:27 +0200] "GET /ljpadirectorykfue/48 HTTP/1.1" 404 97436 "-" "Mozilla/5.0 AppleWebKit/537.36 (KHTML, like Gecko; compatible; bingbot/2.0; +http://www.bing.com/bingbot.htm) Chrome/116.0.1938.76 Safari/537.36"
89.248.107.232 - - [21/Sep/2026:14:29:28 +0200] "POST /wp-admin/admin-ajax.php?action=async_litespeed&nonce=bc07218fea&litespeed_type=imgoptm HTTP/1.1" 200 5698 "-" "WordPress/6.6.2; https://grupo-seg.com"
89.248.107.232 - - [21/Sep/2026:14:29:57 +0200] "POST /wp-cron.php?doing_wp_cron=1789993797.8590929508209228515625 HTTP/1.1" 200 5512 "-" "WordPress/6.6.2; https://grupo-seg.com"
195.57.112.135 - - [21/Sep/2026:14:29:57 +0200] "POST /autodiscover/autodiscover.xml HTTP/1.1" 404 92202 "-" "Microsoft Office/16.0 (Windows NT 10.0; Microsoft Outlook 16.0.20326; Pro)"
89.248.107.232 - - [21/Sep/2026:14:30:33 +0200] "POST /wp-cron.php?doing_wp_cron=1789993833.6966331005096435546875 HTTP/1.1" 200 5512 "-" "WordPress/6.6.2; https://grupo-seg.com"
104.248.5.64 - - [21/Sep/2026:14:30:33 +0200] "POST /wp-json/batch/v1 HTTP/1.1" 207 5837 "-" "Mozilla/5.0 (Windows NT 10.0; Win64; x64) AppleWebKit/537.36 (KHTML, like Gecko) Chrome/131.0.0.0 Safari/537.36"
89.248.107.232 - - [21/Sep/2026:14:30:34 +0200] "POST /wp-admin/admin-ajax.php?action=async_litespeed&nonce=bc07218fea&litespeed_type=imgoptm HTTP/1.1" 200 5698 "-" "WordPress/6.6.2; https://grupo-seg.com"
190.143.242.170 - - [21/Sep/2026:14:30:38 +0200] "POST /AutoDiscover/autodiscover.xml HTTP/1.1" 404 92217 "-" "Microsoft Office/16.0 (Windows NT 10.0; Microsoft Word 16.0.20326; Pro)"
43.130.106.18 - - [21/Sep/2026:14:30:39 +0200] "GET / HTTP/1.1" 200 157019 "https://www.seg-sa.es/" "Mozilla/5.0 (iPhone; CPU iPhone OS 13_2_3 like Mac OS X) AppleWebKit/605.1.15 (KHTML, like Gecko) Version/13.0.3 Mobile/15E148 Safari/604.1"
89.248.107.232 - - [21/Sep/2026:14:30:58 +0200] "POST /wp-cron.php?doing_wp_cron=1789993858.7641060352325439453125 HTTP/1.1" 200 5512 "-" "WordPress/6.6.2; https://grupo-seg.com"
186.1.19.130 - - [21/Sep/2026:14:30:58 +0200] "POST /AutoDiscover/autodiscover.xml HTTP/1.1" 404 92217 "-" "Microsoft Office/16.0 (Windows NT 10.0; Microsoft Excel 16.0.14334; Pro)"
89.248.107.232 - - [21/Sep/2026:14:31:20 +0200] "POST /wp-cron.php?doing_wp_cron=1789993880.6598129272460937500000 HTTP/1.1" 200 5512 "-" "WordPress/6.6.2; https://grupo-seg.com"
40.77.167.219 - - [21/Sep/2026:14:31:20 +0200] "GET /robots.txt HTTP/1.1" 200 5679 "-" "Mozilla/5.0 AppleWebKit/537.36 (KHTML, like Gecko; compatible; bingbot/2.0; +http://www.bing.com/bingbot.htm) Chrome/116.0.1938.76 Safari/537.36"
40.77.167.219 - - [21/Sep/2026:14:31:21 +0200] "GET /robots.txt HTTP/1.1" 200 5679 "-" "Mozilla/5.0 AppleWebKit/537.36 (KHTML, like Gecko; compatible; bingbot/2.0; +http://www.bing.com/bingbot.htm) Chrome/116.0.1938.76 Safari/537.36"
89.248.107.232 - - [21/Sep/2026:14:33:16 +0200] "POST /wp-cron.php?doing_wp_cron=1789993995.9574899673461914062500 HTTP/1.1" 200 5512 "-" "WordPress/6.6.2; https://grupo-seg.com"
98.83.10.183 - - [21/Sep/2026:14:33:15 +0200] "GET /se-completan-los-trabajos-de-ingenieria-en-el-tramo-santiago-batuco/post-batuco-santiago4/ HTTP/1.1" 200 105808 "-" "Mozilla/5.0 AppleWebKit/537.36 (KHTML, like Gecko; compatible; Amazonbot/0.1; +https://developer.amazon.com/support/amazonbot) Chrome/119.0.6045.214 Safari/537.36"
89.248.107.232 - - [21/Sep/2026:14:33:16 +0200] "POST /wp-admin/admin-ajax.php?action=async_litespeed&nonce=bc07218fea&litespeed_type=imgoptm HTTP/1.1" 200 5698 "-" "WordPress/6.6.2; https://grupo-seg.com"
89.248.107.232 - - [21/Sep/2026:14:33:30 +0200] "POST /wp-cron.php?doing_wp_cron=1789994010.5665550231933593750000 HTTP/1.1" 200 5512 "-" "WordPress/6.6.2; https://grupo-seg.com"
195.57.112.135 - - [21/Sep/2026:14:33:30 +0200] "POST /autodiscover/autodiscover.xml HTTP/1.1" 404 92217 "-" "Microsoft Office/16.0 (Windows NT 10.0; Microsoft Outlook 16.0.20326; Pro)"
89.248.107.232 - - [21/Sep/2026:14:33:31 +0200] "POST /wp-admin/admin-ajax.php?action=async_litespeed&nonce=bc07218fea&litespeed_type=imgoptm HTTP/1.1" 200 5698 "-" "WordPress/6.6.2; https://grupo-seg.com"
195.57.112.135 - - [21/Sep/2026:14:33:37 +0200] "POST /autodiscover/autodiscover.xml HTTP/1.1" 404 92217 "-" "Microsoft Office/16.0 (Windows NT 10.0; Microsoft Outlook 16.0.20326; Pro)"
195.57.112.135 - - [21/Sep/2026:14:33:38 +0200] "POST /autodiscover/autodiscover.xml HTTP/1.1" 404 92217 "-" "Microsoft Office/16.0 (Windows NT 10.0; Microsoft Outlook 16.0.20326; Pro)"
89.248.107.232 - - [21/Sep/2026:14:33:50 +0200] "POST /wp-cron.php?doing_wp_cron=1789994030.8217799663543701171875 HTTP/1.1" 200 5512 "-" "WordPress/6.6.2; https://grupo-seg.com"
135.125.107.224 - - [21/Sep/2026:14:33:50 +0200] "POST /wp-login.php HTTP/1.1" 503 25298 "https://grupo-seg.com/wp-login.php" "Mozilla/5.0 (Windows NT 10.0; Win64; x64) AppleWebKit/537.36 (KHTML, like Gecko) Chrome/124.0.0.0 Safari/537.36"
89.248.107.232 - - [21/Sep/2026:14:34:16 +0200] "POST /wp-cron.php?doing_wp_cron=1789994056.7458150386810302734375 HTTP/1.1" 200 5512 "-" "WordPress/6.6.2; https://grupo-seg.com"
195.57.112.135 - - [21/Sep/2026:14:34:16 +0200] "POST /autodiscover/autodiscover.xml HTTP/1.1" 404 92202 "-" "Microsoft Office/16.0 (Windows NT 10.0; Microsoft Outlook 16.0.20326; Pro)"
89.248.107.232 - - [21/Sep/2026:14:35:06 +0200] "POST /wp-cron.php?doing_wp_cron=1789994106.8867390155792236328125 HTTP/1.1" 200 5512 "-" "WordPress/6.6.2; https://grupo-seg.com"
51.8.102.44 - - [21/Sep/2026:14:35:06 +0200] "GET /robots.txt HTTP/1.1" 200 5679 "-" "Mozilla/5.0 (Macintosh; Intel Mac OS X 10_15_7) AppleWebKit/537.36 (KHTML, like Gecko) Chrome/131.0.0.0 Safari/537.36; compatible; OAI-SearchBot/1.0; +https://openai.com/searchbot"
89.248.107.232 - - [21/Sep/2026:14:35:07 +0200] "POST /wp-admin/admin-ajax.php?action=async_litespeed&nonce=bc07218fea&litespeed_type=imgoptm HTTP/1.1" 200 5698 "-" "WordPress/6.6.2; https://grupo-seg.com"
46.150.89.159 - - [21/Sep/2026:14:35:14 +0200] "GET /en/countries/panama/ HTTP/1.1" 200 155284 "-" "Mozilla/5.0 (Macintosh; Intel Mac OS X 10_15_7) AppleWebKit/537.36 (KHTML, like Gecko) Chrome/133.0.0.0 Safari/537.36"
89.248.107.232 - - [21/Sep/2026:14:37:25 +0200] "POST /wp-cron.php?doing_wp_cron=1789994245.3262770175933837890625 HTTP/1.1" 200 5512 "-" "WordPress/6.6.2; https://grupo-seg.com"
162.120.185.248 - - [21/Sep/2026:14:37:24 +0200] "GET /paises/bolivia/ HTTP/1.1" 200 174062 "https://www.google.com/" "Mozilla/5.0 (Windows NT 10.0; Win64; x64) AppleWebKit/537.36 (KHTML, like Gecko) Chrome/153.0.0.0 Safari/537.36"
89.248.107.232 - - [21/Sep/2026:14:37:26 +0200] "POST /wp-admin/admin-ajax.php?action=async_litespeed&nonce=bc07218fea&litespeed_type=imgoptm HTTP/1.1" 200 5698 "-" "WordPress/6.6.2; https://grupo-seg.com"
89.248.107.232 - - [21/Sep/2026:14:38:00 +0200] "POST /wp-cron.php?doing_wp_cron=1789994280.8751080036163330078125 HTTP/1.1" 200 5512 "-" "WordPress/6.6.2; https://grupo-seg.com"
173.252.70.21 - - [21/Sep/2026:14:38:00 +0200] "GET / HTTP/1.1" 301 5612 "-" "meta-externalagent/1.1 (+https://developers.facebook.com/docs/sharing/webmasters/crawler)"
173.252.70.0 - - [21/Sep/2026:14:38:01 +0200] "GET / HTTP/1.1" 200 165847 "-" "meta-externalagent/1.1 (+https://developers.facebook.com/docs/sharing/webmasters/crawler)"
89.248.107.232 - - [21/Sep/2026:14:38:26 +0200] "POST /wp-cron.php?doing_wp_cron=1789994306.3861980438232421875000 HTTP/1.1" 200 5512 "-" "WordPress/6.6.2; https://grupo-seg.com"
72.145.152.65 - - [21/Sep/2026:14:38:25 +0200] "GET / HTTP/1.1" 301 5612 "-" "Mozilla/5.0 (Windows NT 10.0; Win64; x64) AppleWebKit/537.36 (KHTML, like Gecko) Chrome/142.0.7444.163 Safari/537.36"
89.248.107.232 - - [21/Sep/2026:14:38:27 +0200] "POST /wp-admin/admin-ajax.php?action=async_litespeed&nonce=bc07218fea&litespeed_type=imgoptm HTTP/1.1" 200 5698 "-" "WordPress/6.6.2; https://grupo-seg.com"
72.145.152.65 - - [21/Sep/2026:14:38:26 +0200] "GET / HTTP/1.1" 200 165817 "-" "Mozilla/5.0 (Windows NT 10.0; Win64; x64) AppleWebKit/537.36 (KHTML, like Gecko) Chrome/142.0.7444.163 Safari/537.36"
72.145.152.65 - - [21/Sep/2026:14:38:30 +0200] "POST /wp-content/plugins/litespeed-cache/guest.vary.php HTTP/1.1" 200 5656 "https://grupo-seg.com/" "Mozilla/5.0 (Windows NT 10.0; Win64; x64) AppleWebKit/537.36 (KHTML, like Gecko) Chrome/142.0.7444.163 Safari/537.36"
72.145.152.65 - - [21/Sep/2026:14:38:30 +0200] "GET / HTTP/1.1" 200 165219 "https://grupo-seg.com/" "Mozilla/5.0 (Windows NT 10.0; Win64; x64) AppleWebKit/537.36 (KHTML, like Gecko) Chrome/142.0.7444.163 Safari/537.36"
89.248.107.232 - - [21/Sep/2026:14:38:46 +0200] "POST /wp-cron.php?doing_wp_cron=1789994325.9018950462341308593750 HTTP/1.1" 200 5512 "-" "WordPress/6.6.2; https://grupo-seg.com"
5.205.241.77 - - [21/Sep/2026:14:38:45 +0200] "POST /AutoDiscover/autodiscover.xml HTTP/1.1" 404 92217 "-" "Microsoft Office/16.0 (Windows NT 10.0; Microsoft Excel 16.0.20326; Pro)"
89.248.107.232 - - [21/Sep/2026:14:38:58 +0200] "POST /wp-cron.php?doing_wp_cron=1789994338.1785030364990234375000 HTTP/1.1" 200 5512 "-" "WordPress/6.6.2; https://grupo-seg.com"
72.145.152.48 - - [21/Sep/2026:14:38:57 +0200] "GET / HTTP/1.1" 301 5612 "-" "Mozilla/5.0 (Windows NT 10.0; Win64; x64) AppleWebKit/537.36 (KHTML, like Gecko) Chrome/142.0.7444.175 Safari/537.36"
72.145.152.48 - - [21/Sep/2026:14:38:58 +0200] "GET / HTTP/1.1" 200 165817 "-" "Mozilla/5.0 (Windows NT 10.0; Win64; x64) AppleWebKit/537.36 (KHTML, like Gecko) Chrome/142.0.7444.175 Safari/537.36"
89.248.107.232 - - [21/Sep/2026:14:39:34 +0200] "POST /wp-cron.php?doing_wp_cron=1789994374.8980970382690429687500 HTTP/1.1" 200 5512 "-" "WordPress/6.6.2; https://grupo-seg.com"
94.154.43.146 - - [21/Sep/2026:14:39:34 +0200] "GET / HTTP/1.1" 200 165817 "-" "Mozilla/5.0 (Windows NT 10.0; Win64; x64) AppleWebKit/537.36 (KHTML, like Gecko) Chrome/147.0.0.0 Safari/537.36"
89.248.107.232 - - [21/Sep/2026:14:39:36 +0200] "POST /wp-admin/admin-ajax.php?action=async_litespeed&nonce=bc07218fea&litespeed_type=imgoptm HTTP/1.1" 200 5698 "-" "WordPress/6.6.2; https://grupo-seg.com"
89.248.107.232 - - [21/Sep/2026:14:40:00 +0200] "POST /wp-cron.php?doing_wp_cron=1789994400.8474490642547607421875 HTTP/1.1" 200 5512 "-" "WordPress/6.6.2; https://grupo-seg.com"
195.57.112.135 - - [21/Sep/2026:14:40:00 +0200] "POST /autodiscover/autodiscover.xml HTTP/1.1" 404 92202 "-" "Microsoft Office/16.0 (Windows NT 10.0; Microsoft Outlook 16.0.20326; Pro)"
89.248.107.232 - - [21/Sep/2026:14:40:06 +0200] "POST /wp-cron.php?doing_wp_cron=1789994406.5032100677490234375000 HTTP/1.1" 200 5512 "-" "WordPress/6.6.2; https://grupo-seg.com"
122.14.225.137 - - [21/Sep/2026:14:40:06 +0200] "GET /robots.txt HTTP/1.1" 200 5679 "-" "Mozilla/5.0 (X11; Linux x86_64) AppleWebKit/537.36 (KHTML, like Gecko) Chrome/120.0.0.0 Safari/537.36 Bytespider;https://zhanzhang.toutiao.com/"
89.248.107.232 - - [21/Sep/2026:14:40:25 +0200] "POST /wp-cron.php?doing_wp_cron=1789994425.1701960563659667968750 HTTP/1.1" 200 5512 "-" "WordPress/6.6.2; https://grupo-seg.com"
136.69.187.245 - - [21/Sep/2026:14:40:24 +0200] "GET / HTTP/1.1" 200 165847 "-" "Mozilla/5.0 (Windows NT 10.0; Win64; x64) AppleWebKit/537.36 (KHTML, like Gecko) Chrome/78.0.3904.108 Safari/537.36"
