83.38.159.37 - - [21/Sep/2026:08:27:58 +0200] "POST /AutoDiscover/autodiscover.xml HTTP/1.1" 404 92217 "-" "Microsoft Office/16.0 (Windows NT 10.0; Microsoft Word 16.0.20326; Pro)"
89.248.107.232 - - [21/Sep/2026:08:28:07 +0200] "POST /wp-cron.php?doing_wp_cron=1789972087.0716369152069091796875 HTTP/1.1" 200 5512 "-" "WordPress/6.6.2; https://grupo-seg.com"
104.28.96.154 - - [21/Sep/2026:08:28:06 +0200] "GET / HTTP/1.1" 200 165847 "-" "Mozilla/5.0 (Macintosh; Intel Mac OS X 10_11_1) AppleWebKit/601.2.4 (KHTML, like Gecko) Version/9.0.1 Safari/601.2.4 facebookexternalhit/1.1 Facebot Twitterbot/1.0"
88.30.85.178 - - [21/Sep/2026:08:28:14 +0200] "POST /AutoDiscover/autodiscover.xml HTTP/1.1" 404 92202 "-" "Microsoft Office/16.0 (Windows NT 10.0; Microsoft Excel 16.0.20228; Pro)"
52.167.144.199 - - [21/Sep/2026:08:28:16 +0200] "GET /kfue1844303oitdudo/idrpdsogc.html HTTP/1.1" 404 97436 "-" "Mozilla/5.0 AppleWebKit/537.36 (KHTML, like Gecko; compatible; bingbot/2.0; +http://www.bing.com/bingbot.htm) Chrome/116.0.1938.76 Safari/537.36"
89.248.107.232 - - [21/Sep/2026:08:28:31 +0200] "POST /wp-cron.php?doing_wp_cron=1789972111.3186049461364746093750 HTTP/1.1" 200 5512 "-" "WordPress/6.6.2; https://grupo-seg.com"
83.37.142.58 - - [21/Sep/2026:08:28:30 +0200] "POST /AutoDiscover/autodiscover.xml HTTP/1.1" 404 92202 "-" "Microsoft Office/16.0 (Windows NT 10.0; Microsoft Excel 16.0.20326; Pro)"
89.248.107.232 - - [21/Sep/2026:08:28:32 +0200] "POST /wp-admin/admin-ajax.php?action=async_litespeed&nonce=b4cc4c672a&litespeed_type=imgoptm HTTP/1.1" 200 5698 "-" "WordPress/6.6.2; https://grupo-seg.com"
89.248.107.232 - - [21/Sep/2026:08:28:43 +0200] "POST /wp-cron.php?doing_wp_cron=1789972123.1818718910217285156250 HTTP/1.1" 200 5512 "-" "WordPress/6.6.2; https://grupo-seg.com"
95.127.20.171 - - [21/Sep/2026:08:28:42 +0200] "POST /autodiscover/autodiscover.xml HTTP/1.1" 404 92202 "-" "Microsoft Office/16.0 (Windows NT 10.0; Microsoft Outlook 16.0.20228; Pro)"
95.127.20.171 - - [21/Sep/2026:08:28:44 +0200] "POST /autodiscover/autodiscover.xml HTTP/1.1" 404 92202 "-" "Microsoft Office/16.0 (Windows NT 10.0; Microsoft Outlook 16.0.20228; Pro)"
89.248.107.232 - - [21/Sep/2026:08:29:41 +0200] "POST /wp-cron.php?doing_wp_cron=1789972181.9011120796203613281250 HTTP/1.1" 200 5512 "-" "WordPress/6.6.2; https://grupo-seg.com"
95.127.20.171 - - [21/Sep/2026:08:29:41 +0200] "POST /autodiscover/autodiscover.xml HTTP/1.1" 404 92202 "-" "Microsoft Office/16.0 (Windows NT 10.0; Microsoft Outlook 16.0.20228; Pro)"
95.127.20.171 - - [21/Sep/2026:08:29:41 +0200] "POST /autodiscover/autodiscover.xml HTTP/1.1" 404 92217 "-" "Microsoft Office/16.0 (Windows NT 10.0; Microsoft Outlook 16.0.20228; Pro)"
89.248.107.232 - - [21/Sep/2026:08:29:42 +0200] "POST /wp-admin/admin-ajax.php?action=async_litespeed&nonce=b4cc4c672a&litespeed_type=imgoptm HTTP/1.1" 200 5698 "-" "WordPress/6.6.2; https://grupo-seg.com"
95.127.20.171 - - [21/Sep/2026:08:29:45 +0200] "POST /autodiscover/autodiscover.xml HTTP/1.1" 404 92202 "-" "Microsoft Office/16.0 (Windows NT 10.0; Microsoft Outlook 16.0.20228; Pro)"
89.248.107.232 - - [21/Sep/2026:08:31:20 +0200] "POST /wp-cron.php?doing_wp_cron=1789972280.4522109031677246093750 HTTP/1.1" 200 5512 "-" "WordPress/6.6.2; https://grupo-seg.com"
95.127.20.171 - - [21/Sep/2026:08:31:19 +0200] "POST /autodiscover/autodiscover.xml HTTP/1.1" 404 92202 "-" "Microsoft Office/16.0 (Windows NT 10.0; Microsoft Outlook 16.0.20228; Pro)"
95.127.20.171 - - [21/Sep/2026:08:31:19 +0200] "POST /autodiscover/autodiscover.xml HTTP/1.1" 404 92202 "-" "Microsoft Office/16.0 (Windows NT 10.0; Microsoft Outlook 16.0.20228; Pro)"
89.248.107.232 - - [21/Sep/2026:08:31:21 +0200] "POST /wp-admin/admin-ajax.php?action=async_litespeed&nonce=b4cc4c672a&litespeed_type=imgoptm HTTP/1.1" 200 5698 "-" "WordPress/6.6.2; https://grupo-seg.com"
89.248.107.232 - - [21/Sep/2026:08:31:48 +0200] "POST /wp-cron.php?doing_wp_cron=1789972308.4734909534454345703125 HTTP/1.1" 200 5512 "-" "WordPress/6.6.2; https://grupo-seg.com"
2.139.158.128 - - [21/Sep/2026:08:31:48 +0200] "POST /AutoDiscover/autodiscover.xml HTTP/1.1" 404 92217 "-" "Microsoft Office/16.0 (Windows NT 10.0; Microsoft PowerPoint 16.0.20326; Pro)"
89.248.107.232 - - [21/Sep/2026:08:31:49 +0200] "POST /wp-admin/admin-ajax.php?action=async_litespeed&nonce=b4cc4c672a&litespeed_type=imgoptm HTTP/1.1" 200 5698 "-" "WordPress/6.6.2; https://grupo-seg.com"
89.248.107.232 - - [21/Sep/2026:08:31:59 +0200] "POST /wp-cron.php?doing_wp_cron=1789972319.4571900367736816406250 HTTP/1.1" 200 5512 "-" "WordPress/6.6.2; https://grupo-seg.com/en/"
69.63.184.20 - - [21/Sep/2026:08:31:59 +0200] "GET /en/countries/bolivia/ HTTP/1.1" 200 174171 "-" "Mozilla/5.0 (Windows NT 10.0; Win64; x64) AppleWebKit/537.36 (KHTML, like Gecko) Chrome/145.0.0.0 Safari/537.36 (compatible; meta-webindexer/1.1 (+https://developers.facebook.com/docs/sharing/webmasters/crawler))"
69.171.249.116 - - [21/Sep/2026:08:32:02 +0200] "POST /wp-content/plugins/litespeed-cache/guest.vary.php HTTP/1.1" 200 5656 "https://grupo-seg.com/en/countries/bolivia/" "Mozilla/5.0 (Windows NT 10.0; Win64; x64) AppleWebKit/537.36 (KHTML, like Gecko) Chrome/145.0.0.0 Safari/537.36 (compatible; meta-webindexer/1.1 (+https://developers.facebook.com/docs/sharing/webmasters/crawler))"
69.171.249.116 - - [21/Sep/2026:08:32:02 +0200] "POST /wp-content/plugins/litespeed-cache/guest.vary.php HTTP/1.1" 200 5500 "https://grupo-seg.com/en/countries/bolivia/" "Mozilla/5.0 (Windows NT 10.0; Win64; x64) AppleWebKit/537.36 (KHTML, like Gecko) Chrome/145.0.0.0 Safari/537.36 (compatible; meta-webindexer/1.1 (+https://developers.facebook.com/docs/sharing/webmasters/crawler))"
89.248.107.232 - - [21/Sep/2026:08:32:08 +0200] "POST /wp-cron.php?doing_wp_cron=1789972328.6902940273284912109375 HTTP/1.1" 200 5512 "-" "WordPress/6.6.2; https://grupo-seg.com"
95.127.20.171 - - [21/Sep/2026:08:32:08 +0200] "POST /autodiscover/autodiscover.xml HTTP/1.1" 404 92202 "-" "Microsoft Office/16.0 (Windows NT 10.0; Microsoft Outlook 16.0.20228; Pro)"
95.127.20.171 - - [21/Sep/2026:08:32:08 +0200] "POST /autodiscover/autodiscover.xml HTTP/1.1" 404 92202 "-" "Microsoft Office/16.0 (Windows NT 10.0; Microsoft Outlook 16.0.20228; Pro)"
89.248.107.232 - - [21/Sep/2026:08:32:26 +0200] "POST /wp-cron.php?doing_wp_cron=1789972346.4488270282745361328125 HTTP/1.1" 200 5512 "-" "WordPress/6.6.2; https://grupo-seg.com"
95.127.20.171 - - [21/Sep/2026:08:32:26 +0200] "POST /autodiscover/autodiscover.xml HTTP/1.1" 404 92217 "-" "Microsoft Office/16.0 (Windows NT 10.0; Microsoft Outlook 16.0.20228; Pro)"
89.248.107.232 - - [21/Sep/2026:08:32:27 +0200] "POST /wp-admin/admin-ajax.php?action=async_litespeed&nonce=b4cc4c672a&litespeed_type=imgoptm HTTP/1.1" 200 5698 "-" "WordPress/6.6.2; https://grupo-seg.com"
89.248.107.232 - - [21/Sep/2026:08:33:12 +0200] "POST /wp-cron.php?doing_wp_cron=1789972392.6669580936431884765625 HTTP/1.1" 200 5512 "-" "WordPress/6.6.2; https://grupo-seg.com"
95.127.20.171 - - [21/Sep/2026:08:33:12 +0200] "POST /autodiscover/autodiscover.xml HTTP/1.1" 404 92217 "-" "Microsoft Office/16.0 (Windows NT 10.0; Microsoft Outlook 16.0.20228; Pro)"
89.248.107.232 - - [21/Sep/2026:08:33:30 +0200] "POST /wp-cron.php?doing_wp_cron=1789972410.4539480209350585937500 HTTP/1.1" 200 5512 "-" "WordPress/6.6.2; https://grupo-seg.com"
95.127.20.171 - - [21/Sep/2026:08:33:30 +0200] "POST /autodiscover/autodiscover.xml HTTP/1.1" 404 92202 "-" "Microsoft Office/16.0 (Windows NT 10.0; Microsoft Outlook 16.0.20228; Pro)"
95.127.20.171 - - [21/Sep/2026:08:33:30 +0200] "POST /autodiscover/autodiscover.xml HTTP/1.1" 404 92217 "-" "Microsoft Office/16.0 (Windows NT 10.0; Microsoft Outlook 16.0.20228; Pro)"
89.248.107.232 - - [21/Sep/2026:08:33:31 +0200] "POST /wp-admin/admin-ajax.php?action=async_litespeed&nonce=b4cc4c672a&litespeed_type=imgoptm HTTP/1.1" 200 5698 "-" "WordPress/6.6.2; https://grupo-seg.com"
64.31.20.24 - - [21/Sep/2026:08:33:34 +0200] "GET /contactanos/?chronoform=contacto_espana&event=submit&Nombre=Bnuolopics&Apellidos=&Empresa=&Correo=&Asunto=Romanticality+<a+href%3Dhttps%3A%2F%2F1xbetbonuses.com%2F HTTP/1.1" 301 5821 "https://www.grupo-seg.com/contactanos/?chronoform=contacto_espana&event=submit&Nombre=Bnuolopics&Apellidos=&Empresa=&Correo=&Asunto=Romanticality+<a+href%3Dhttps%3A%2F%2F1xbetbonuses.com%2F" "Mozilla/5.0 (Windows NT 10.0; Win64; x64) AppleWebKit/537.36 (KHTML, like Gecko) Chrome/129.0.0.0 Safari/537.36"
64.31.20.24 - - [21/Sep/2026:08:33:36 +0200] "GET /contactanos/?chronoform=contacto_espana&event=submit&Nombre=Bnuolopics&Apellidos=&Empresa=&Correo=&Asunto=Romanticality+a+href%3Dhttps%3A%2F%2F1xbetbonuses.com%2F HTTP/1.1" 404 97436 "https://grupo-seg.com/contactanos/?chronoform=contacto_espana&event=submit&Nombre=Bnuolopics&Apellidos=&Empresa=&Correo=&Asunto=Romanticality+a+href%3Dhttps%3A%2F%2F1xbetbonuses.com%2F" "Mozilla/5.0 (Windows NT 10.0; Win64; x64) AppleWebKit/537.36 (KHTML, like Gecko) Chrome/129.0.0.0 Safari/537.36"
89.248.107.232 - - [21/Sep/2026:08:33:41 +0200] "POST /wp-cron.php?doing_wp_cron=1789972421.2971580028533935546875 HTTP/1.1" 200 5512 "-" "WordPress/6.6.2; https://grupo-seg.com"
64.31.20.24 - - [21/Sep/2026:08:33:40 +0200] "GET /contacto/ HTTP/1.1" 200 199636 "https://grupo-seg.com/contacto/" "Mozilla/5.0 (Windows NT 10.0; Win64; x64) AppleWebKit/537.36 (KHTML, like Gecko) Chrome/129.0.0.0 Safari/537.36"
89.248.107.232 - - [21/Sep/2026:08:33:55 +0200] "POST /wp-cron.php?doing_wp_cron=1789972435.1939539909362792968750 HTTP/1.1" 200 5512 "-" "WordPress/6.6.2; https://grupo-seg.com"
52.167.144.25 - - [21/Sep/2026:08:33:54 +0200] "GET /npsi1428582ttpsoedsimsi HTTP/1.1" 404 97436 "-" "Mozilla/5.0 AppleWebKit/537.36 (KHTML, like Gecko; compatible; bingbot/2.0; +http://www.bing.com/bingbot.htm) Chrome/116.0.1938.76 Safari/537.36"
89.248.107.232 - - [21/Sep/2026:08:34:01 +0200] "POST /wp-cron.php?doing_wp_cron=1789972441.0172419548034667968750 HTTP/1.1" 200 5512 "-" "WordPress/6.6.2; https://grupo-seg.com"
52.167.144.189 - - [21/Sep/2026:08:34:00 +0200] "GET /wp-json/wp/v2/pages/666 HTTP/1.1" 200 231222 "-" "Mozilla/5.0 AppleWebKit/537.36 (KHTML, like Gecko; compatible; bingbot/2.0; +http://www.bing.com/bingbot.htm) Chrome/116.0.1938.76 Safari/537.36"
89.248.107.232 - - [21/Sep/2026:08:34:13 +0200] "POST /wp-cron.php?doing_wp_cron=1789972453.4042420387268066406250 HTTP/1.1" 200 5512 "-" "WordPress/6.6.2; https://grupo-seg.com"
52.167.144.219 - - [21/Sep/2026:08:34:13 +0200] "GET /superscript1mf/pn0d6htf.html HTTP/1.1" 301 5687 "-" "Mozilla/5.0 AppleWebKit/537.36 (KHTML, like Gecko; compatible; bingbot/2.0; +http://www.bing.com/bingbot.htm) Chrome/116.0.1938.76 Safari/537.36"
88.30.85.178 - - [21/Sep/2026:08:34:22 +0200] "POST /AutoDiscover/autodiscover.xml HTTP/1.1" 404 92217 "-" "Microsoft Office/16.0 (Windows NT 10.0; Microsoft Word 16.0.20326; Pro)"
95.127.20.171 - - [21/Sep/2026:08:34:24 +0200] "POST /autodiscover/autodiscover.xml HTTP/1.1" 404 92217 "-" "Microsoft Office/16.0 (Windows NT 10.0; Microsoft Outlook 16.0.20228; Pro)"
89.248.107.232 - - [21/Sep/2026:08:34:26 +0200] "POST /wp-cron.php?doing_wp_cron=1789972466.9142959117889404296875 HTTP/1.1" 200 5512 "-" "WordPress/6.6.2; https://grupo-seg.com"
95.127.20.171 - - [21/Sep/2026:08:34:26 +0200] "POST /autodiscover/autodiscover.xml HTTP/1.1" 404 92202 "-" "Microsoft Office/16.0 (Windows NT 10.0; Microsoft Outlook 16.0.20228; Pro)"
89.248.107.232 - - [21/Sep/2026:08:34:27 +0200] "POST /wp-admin/admin-ajax.php?action=async_litespeed&nonce=b4cc4c672a&litespeed_type=imgoptm HTTP/1.1" 200 5698 "-" "WordPress/6.6.2; https://grupo-seg.com"
95.127.20.171 - - [21/Sep/2026:08:34:34 +0200] "POST /autodiscover/autodiscover.xml HTTP/1.1" 404 92217 "-" "Microsoft Office/16.0 (Windows NT 10.0; Microsoft Outlook 16.0.20228; Pro)"
89.248.107.232 - - [21/Sep/2026:08:34:53 +0200] "POST /wp-cron.php?doing_wp_cron=1789972493.1926589012145996093750 HTTP/1.1" 200 5512 "-" "WordPress/6.6.2; https://grupo-seg.com"
52.167.144.234 - - [21/Sep/2026:08:34:52 +0200] "GET /cinibar2g/ls18kdki2.html HTTP/1.1" 301 5683 "-" "Mozilla/5.0 AppleWebKit/537.36 (KHTML, like Gecko; compatible; bingbot/2.0; +http://www.bing.com/bingbot.htm) Chrome/116.0.1938.76 Safari/537.36"
89.248.107.232 - - [21/Sep/2026:08:35:04 +0200] "POST /wp-cron.php?doing_wp_cron=1789972504.1039209365844726562500 HTTP/1.1" 200 5512 "-" "WordPress/6.6.2; https://grupo-seg.com"
68.41.0.193 - - [21/Sep/2026:08:35:03 +0200] "GET /robots.txt HTTP/1.1" 200 5679 "-" "Mozilla/5.0 (Linux; Android 13; SM-G991B) AppleWebKit/537.36 (KHTML, like Gecko) EdgA/125.0.2535.92 Mobile Safari/537.36"
104.28.88.131 - - [21/Sep/2026:08:35:15 +0200] "GET /.well-known/passkey-endpoints HTTP/1.1" 404 97436 "-" "com.apple.AuthenticationServicesCore.AuthenticationServicesAgent/8624.5.1.10.3 CFNetwork/3860.700.2 Darwin/25.6.0"
83.38.187.136 - - [21/Sep/2026:08:35:19 +0200] "POST /AutoDiscover/autodiscover.xml HTTP/1.1" 404 92202 "-" "Microsoft Office/16.0 (Windows NT 10.0; Microsoft Word 16.0.20326; Pro)"
89.248.107.232 - - [21/Sep/2026:08:35:32 +0200] "POST /wp-cron.php?doing_wp_cron=1789972532.7952830791473388671875 HTTP/1.1" 200 5512 "-" "WordPress/6.6.2; https://grupo-seg.com"
95.127.20.171 - - [21/Sep/2026:08:35:32 +0200] "POST /autodiscover/autodiscover.xml HTTP/1.1" 404 92217 "-" "Microsoft Office/16.0 (Windows NT 10.0; Microsoft Outlook 16.0.20228; Pro)"
95.127.20.171 - - [21/Sep/2026:08:35:32 +0200] "POST /autodiscover/autodiscover.xml HTTP/1.1" 404 92217 "-" "Microsoft Office/16.0 (Windows NT 10.0; Microsoft Outlook 16.0.20228; Pro)"
89.248.107.232 - - [21/Sep/2026:08:35:33 +0200] "POST /wp-admin/admin-ajax.php?action=async_litespeed&nonce=b4cc4c672a&litespeed_type=imgoptm HTTP/1.1" 200 5698 "-" "WordPress/6.6.2; https://grupo-seg.com"
89.248.107.232 - - [21/Sep/2026:08:36:51 +0200] "POST /wp-cron.php?doing_wp_cron=1789972611.7276349067687988281250 HTTP/1.1" 200 5512 "-" "WordPress/6.6.2; https://grupo-seg.com"
95.127.20.171 - - [21/Sep/2026:08:36:51 +0200] "POST /autodiscover/autodiscover.xml HTTP/1.1" 404 92217 "-" "Microsoft Office/16.0 (Windows NT 10.0; Microsoft Outlook 16.0.20228; Pro)"
95.127.20.171 - - [21/Sep/2026:08:36:51 +0200] "POST /autodiscover/autodiscover.xml HTTP/1.1" 404 92202 "-" "Microsoft Office/16.0 (Windows NT 10.0; Microsoft Outlook 16.0.20228; Pro)"
89.248.107.232 - - [21/Sep/2026:08:36:53 +0200] "POST /wp-admin/admin-ajax.php?action=async_litespeed&nonce=b4cc4c672a&litespeed_type=imgoptm HTTP/1.1" 200 5698 "-" "WordPress/6.6.2; https://grupo-seg.com"
89.248.107.232 - - [21/Sep/2026:08:36:57 +0200] "POST /wp-cron.php?doing_wp_cron=1789972617.3006100654602050781250 HTTP/1.1" 200 5512 "-" "WordPress/6.6.2; https://grupo-seg.com"
95.127.20.171 - - [21/Sep/2026:08:36:56 +0200] "POST /autodiscover/autodiscover.xml HTTP/1.1" 404 92217 "-" "Microsoft Office/16.0 (Windows NT 10.0; Microsoft Outlook 16.0.20228; Pro)"
89.248.107.232 - - [21/Sep/2026:08:37:14 +0200] "POST /wp-cron.php?doing_wp_cron=1789972634.5098700523376464843750 HTTP/1.1" 200 5512 "-" "WordPress/6.6.2; https://grupo-seg.com"
2.139.158.128 - - [21/Sep/2026:08:37:14 +0200] "POST /AutoDiscover/autodiscover.xml HTTP/1.1" 404 92217 "-" "Microsoft Office/16.0 (Windows NT 10.0; Microsoft Excel 16.0.20326; Pro)"
95.127.20.171 - - [21/Sep/2026:08:37:16 +0200] "POST /AutoDiscover/autodiscover.xml HTTP/1.1" 404 92202 "-" "Microsoft Office/16.0 (Windows NT 10.0; Microsoft Word 16.0.20228; Pro)"
89.248.107.232 - - [21/Sep/2026:08:37:52 +0200] "POST /wp-cron.php?doing_wp_cron=1789972672.1923880577087402343750 HTTP/1.1" 200 5512 "-" "WordPress/6.6.2; https://grupo-seg.com"
95.127.20.171 - - [21/Sep/2026:08:37:51 +0200] "POST /autodiscover/autodiscover.xml HTTP/1.1" 404 92202 "-" "Microsoft Office/16.0 (Windows NT 10.0; Microsoft Outlook 16.0.20228; Pro)"
95.127.20.171 - - [21/Sep/2026:08:37:51 +0200] "POST /autodiscover/autodiscover.xml HTTP/1.1" 404 92217 "-" "Microsoft Office/16.0 (Windows NT 10.0; Microsoft Outlook 16.0.20228; Pro)"
89.248.107.232 - - [21/Sep/2026:08:37:53 +0200] "POST /wp-admin/admin-ajax.php?action=async_litespeed&nonce=b4cc4c672a&litespeed_type=imgoptm HTTP/1.1" 200 5698 "-" "WordPress/6.6.2; https://grupo-seg.com"
89.248.107.232 - - [21/Sep/2026:08:37:55 +0200] "POST /wp-cron.php?doing_wp_cron=1789972675.7926349639892578125000 HTTP/1.1" 200 5512 "-" "WordPress/6.6.2; https://grupo-seg.com"
52.167.144.169 - - [21/Sep/2026:08:37:55 +0200] "GET /kyua774349ooims/empresa.html HTTP/1.1" 404 97436 "-" "Mozilla/5.0 AppleWebKit/537.36 (KHTML, like Gecko; compatible; bingbot/2.0; +http://www.bing.com/bingbot.htm) Chrome/116.0.1938.76 Safari/537.36"
89.248.107.232 - - [21/Sep/2026:08:38:02 +0200] "POST /wp-cron.php?doing_wp_cron=1789972681.9646210670471191406250 HTTP/1.1" 200 5512 "-" "WordPress/6.6.2; https://grupo-seg.com"
52.167.144.189 - - [21/Sep/2026:08:38:01 +0200] "GET /iesj456359iptit/empleo.html HTTP/1.1" 404 97421 "-" "Mozilla/5.0 AppleWebKit/537.36 (KHTML, like Gecko; compatible; bingbot/2.0; +http://www.bing.com/bingbot.htm) Chrome/116.0.1938.76 Safari/537.36"
89.248.107.232 - - [21/Sep/2026:08:38:25 +0200] "POST /wp-cron.php?doing_wp_cron=1789972705.5086340904235839843750 HTTP/1.1" 200 5512 "-" "WordPress/6.6.2; https://grupo-seg.com"
95.127.20.171 - - [21/Sep/2026:08:38:25 +0200] "POST /autodiscover/autodiscover.xml HTTP/1.1" 404 92217 "-" "Microsoft Office/16.0 (Windows NT 10.0; Microsoft Outlook 16.0.20228; Pro)"
89.248.107.232 - - [21/Sep/2026:08:38:26 +0200] "POST /wp-admin/admin-ajax.php?action=async_litespeed&nonce=b4cc4c672a&litespeed_type=imgoptm HTTP/1.1" 200 5698 "-" "WordPress/6.6.2; https://grupo-seg.com"
89.248.107.232 - - [21/Sep/2026:08:38:55 +0200] "POST /wp-cron.php?doing_wp_cron=1789972735.8767209053039550781250 HTTP/1.1" 200 5512 "-" "WordPress/6.6.2; https://grupo-seg.com"
95.127.20.171 - - [21/Sep/2026:08:38:55 +0200] "POST /autodiscover/autodiscover.xml HTTP/1.1" 404 92217 "-" "Microsoft Office/16.0 (Windows NT 10.0; Microsoft Outlook 16.0.20228; Pro)"
95.127.20.171 - - [21/Sep/2026:08:38:55 +0200] "POST /autodiscover/autodiscover.xml HTTP/1.1" 404 92202 "-" "Microsoft Office/16.0 (Windows NT 10.0; Microsoft Outlook 16.0.20228; Pro)"
89.248.107.232 - - [21/Sep/2026:08:39:25 +0200] "POST /wp-cron.php?doing_wp_cron=1789972765.4218320846557617187500 HTTP/1.1" 200 5512 "-" "WordPress/6.6.2; https://grupo-seg.com"
95.127.20.171 - - [21/Sep/2026:08:39:25 +0200] "POST /autodiscover/autodiscover.xml HTTP/1.1" 404 92217 "-" "Microsoft Office/16.0 (Windows NT 10.0; Microsoft Outlook 16.0.20228; Pro)"
95.127.20.171 - - [21/Sep/2026:08:39:25 +0200] "POST /autodiscover/autodiscover.xml HTTP/1.1" 404 92217 "-" "Microsoft Office/16.0 (Windows NT 10.0; Microsoft Outlook 16.0.20228; Pro)"
89.248.107.232 - - [21/Sep/2026:08:39:26 +0200] "POST /wp-admin/admin-ajax.php?action=async_litespeed&nonce=b4cc4c672a&litespeed_type=imgoptm HTTP/1.1" 200 5698 "-" "WordPress/6.6.2; https://grupo-seg.com"
89.248.107.232 - - [21/Sep/2026:08:40:05 +0200] "POST /wp-cron.php?doing_wp_cron=1789972805.0705819129943847656250 HTTP/1.1" 200 5512 "-" "WordPress/6.6.2; https://grupo-seg.com"
95.127.20.171 - - [21/Sep/2026:08:40:04 +0200] "POST /autodiscover/autodiscover.xml HTTP/1.1" 404 92202 "-" "Microsoft Office/16.0 (Windows NT 10.0; Microsoft Outlook 16.0.20228; Pro)"
88.30.85.178 - - [21/Sep/2026:08:40:06 +0200] "POST /AutoDiscover/autodiscover.xml HTTP/1.1" 404 92202 "-" "Microsoft Office/16.0 (Windows NT 10.0; Microsoft Excel 16.0.20326; Pro)"
89.248.107.232 - - [21/Sep/2026:08:41:05 +0200] "POST /wp-cron.php?doing_wp_cron=1789972865.1992640495300292968750 HTTP/1.1" 200 5512 "-" "WordPress/6.6.2; https://grupo-seg.com"
35.198.113.100 - - [21/Sep/2026:08:41:04 +0200] "GET /robots.txt HTTP/1.1" 200 5679 "-" "LinkupBot/1.0 (LinkupBot for web indexing; https://linkup.so/bot; bot@linkup.so)"
35.198.113.100 - - [21/Sep/2026:08:41:05 +0200] "GET /project-type/colombia/ HTTP/1.1" 200 115331 "-" "LinkupBot/1.0 (LinkupBot for web indexing; https://linkup.so/bot; bot@linkup.so)"
89.248.107.232 - - [21/Sep/2026:08:41:05 +0200] "POST /wp-admin/admin-ajax.php?action=async_litespeed&nonce=b4cc4c672a&litespeed_type=imgoptm HTTP/1.1" 200 5698 "-" "WordPress/6.6.2; https://grupo-seg.com"
35.198.113.100 - - [21/Sep/2026:08:41:09 +0200] "GET /portfolio/interventoria-de-los-contratos-de-concesion-portuaria/ HTTP/1.1" 200 116801 "-" "LinkupBot/1.0 (LinkupBot for web indexing; https://linkup.so/bot; bot@linkup.so)"
95.127.20.171 - - [21/Sep/2026:08:41:10 +0200] "POST /autodiscover/autodiscover.xml HTTP/1.1" 404 92202 "-" "Microsoft Office/16.0 (Windows NT 10.0; Microsoft Outlook 16.0.20228; Pro)"
95.127.20.171 - - [21/Sep/2026:08:41:10 +0200] "POST /autodiscover/autodiscover.xml HTTP/1.1" 404 92202 "-" "Microsoft Office/16.0 (Windows NT 10.0; Microsoft Outlook 16.0.20228; Pro)"
35.198.113.100 - - [21/Sep/2026:08:41:13 +0200] "GET /en/supervision-of-the-construction-of-the-sunat-technology-center-for-information-processing-lima-peru/ HTTP/1.1" 200 121239 "-" "LinkupBot/1.0 (LinkupBot for web indexing; https://linkup.so/bot; bot@linkup.so)"
35.198.113.100 - - [21/Sep/2026:08:41:15 +0200] "GET /en/portfolio/ribarroja-logistics-park/ HTTP/1.1" 200 116750 "-" "LinkupBot/1.0 (LinkupBot for web indexing; https://linkup.so/bot; bot@linkup.so)"
35.198.113.100 - - [21/Sep/2026:08:41:17 +0200] "GET /grupo-seg-en-las-obras-de-renovacion-de-la-linea-ferroviaria-belgrano-sur/ HTTP/1.1" 200 122957 "-" "LinkupBot/1.0 (LinkupBot for web indexing; https://linkup.so/bot; bot@linkup.so)"
35.198.113.100 - - [21/Sep/2026:08:41:19 +0200] "GET /interventoria-integral-al-contrato-de-concesion-del-corredor-sabana-de-torres-curumani-troncal-del-magdalena-2-colombia/ HTTP/1.1" 200 120332 "-" "LinkupBot/1.0 (LinkupBot for web indexing; https://linkup.so/bot; bot@linkup.so)"
51.68.236.69 - - [21/Sep/2026:08:41:21 +0200] "GET /robots.txt HTTP/1.1" 200 5679 "-" "Mozilla/5.0 (compatible; MJ12bot/v2.0.5; http://mj12bot.com/)"
51.68.236.69 - - [21/Sep/2026:08:41:22 +0200] "GET /en/nowadays/ HTTP/1.1" 200 149547 "-" "Mozilla/5.0 (compatible; MJ12bot/v2.0.5; http://mj12bot.com/)"
89.248.107.232 - - [21/Sep/2026:08:41:47 +0200] "POST /wp-cron.php?doing_wp_cron=1789972907.5760419368743896484375 HTTP/1.1" 200 5512 "-" "WordPress/6.6.2; https://grupo-seg.com"
95.127.20.171 - - [21/Sep/2026:08:41:47 +0200] "POST /autodiscover/autodiscover.xml HTTP/1.1" 404 92202 "-" "Microsoft Office/16.0 (Windows NT 10.0; Microsoft Outlook 16.0.20228; Pro)"
89.248.107.232 - - [21/Sep/2026:08:41:48 +0200] "POST /wp-admin/admin-ajax.php?action=async_litespeed&nonce=b4cc4c672a&litespeed_type=imgoptm HTTP/1.1" 200 5698 "-" "WordPress/6.6.2; https://grupo-seg.com"
89.248.107.232 - - [21/Sep/2026:08:42:01 +0200] "POST /wp-cron.php?doing_wp_cron=1789972921.0808069705963134765625 HTTP/1.1" 200 5512 "-" "WordPress/6.6.2; https://grupo-seg.com"
88.30.85.178 - - [21/Sep/2026:08:42:00 +0200] "POST /AutoDiscover/autodiscover.xml HTTP/1.1" 404 92217 "-" "Microsoft Office/16.0 (Windows NT 10.0; Microsoft Excel 16.0.20326; Pro)"
89.248.107.232 - - [21/Sep/2026:08:42:17 +0200] "POST /wp-cron.php?doing_wp_cron=1789972937.5277359485626220703125 HTTP/1.1" 200 5512 "-" "WordPress/6.6.2; https://grupo-seg.com"
95.127.20.171 - - [21/Sep/2026:08:42:17 +0200] "POST /autodiscover/autodiscover.xml HTTP/1.1" 404 92217 "-" "Microsoft Office/16.0 (Windows NT 10.0; Microsoft Outlook 16.0.20228; Pro)"
95.127.20.171 - - [21/Sep/2026:08:42:18 +0200] "POST /autodiscover/autodiscover.xml HTTP/1.1" 404 92202 "-" "Microsoft Office/16.0 (Windows NT 10.0; Microsoft Outlook 16.0.20228; Pro)"
89.248.107.232 - - [21/Sep/2026:08:42:48 +0200] "POST /wp-cron.php?doing_wp_cron=1789972968.6400909423828125000000 HTTP/1.1" 200 5512 "-" "WordPress/6.6.2; https://grupo-seg.com"
54.189.50.41 - - [21/Sep/2026:08:42:48 +0200] "GET / HTTP/1.1" 200 165847 "-" "Mozilla/5.0 (Windows NT 10.0; Win64; x64) AppleWebKit/537.36 (KHTML, like Gecko) Chrome/113.0.0.0 Safari/537.36"
89.248.107.232 - - [21/Sep/2026:08:42:49 +0200] "POST /wp-admin/admin-ajax.php?action=async_litespeed&nonce=b4cc4c672a&litespeed_type=imgoptm HTTP/1.1" 200 5698 "-" "WordPress/6.6.2; https://grupo-seg.com"
89.248.107.232 - - [21/Sep/2026:08:43:38 +0200] "POST /wp-cron.php?doing_wp_cron=1789973018.3199360370635986328125 HTTP/1.1" 200 5512 "-" "WordPress/6.6.2; https://grupo-seg.com"
95.127.20.171 - - [21/Sep/2026:08:43:37 +0200] "POST /autodiscover/autodiscover.xml HTTP/1.1" 404 92217 "-" "Microsoft Office/16.0 (Windows NT 10.0; Microsoft Outlook 16.0.20228; Pro)"
95.127.20.171 - - [21/Sep/2026:08:43:37 +0200] "POST /autodiscover/autodiscover.xml HTTP/1.1" 404 92217 "-" "Microsoft Office/16.0 (Windows NT 10.0; Microsoft Outlook 16.0.20228; Pro)"
89.248.107.232 - - [21/Sep/2026:08:43:39 +0200] "POST /wp-admin/admin-ajax.php?action=async_litespeed&nonce=b4cc4c672a&litespeed_type=imgoptm HTTP/1.1" 200 5698 "-" "WordPress/6.6.2; https://grupo-seg.com"
89.248.107.232 - - [21/Sep/2026:08:43:43 +0200] "POST /wp-cron.php?doing_wp_cron=1789973023.8369979858398437500000 HTTP/1.1" 200 5512 "-" "WordPress/6.6.2; https://grupo-seg.com"
95.127.20.171 - - [21/Sep/2026:08:43:43 +0200] "POST /autodiscover/autodiscover.xml HTTP/1.1" 404 92202 "-" "Microsoft Office/16.0 (Windows NT 10.0; Microsoft Outlook 16.0.20228; Pro)"
188.78.95.11 - - [21/Sep/2026:08:43:44 +0200] "POST /AutoDiscover/autodiscover.xml HTTP/1.1" 404 92217 "-" "Microsoft Office/16.0 (Windows NT 10.0; Microsoft Word 16.0.20326; Pro)"
89.248.107.232 - - [21/Sep/2026:08:44:01 +0200] "POST /wp-cron.php?doing_wp_cron=1789973041.5556249618530273437500 HTTP/1.1" 200 5512 "-" "WordPress/6.6.2; https://grupo-seg.com"
95.127.20.171 - - [21/Sep/2026:08:44:01 +0200] "POST /autodiscover/autodiscover.xml HTTP/1.1" 404 92202 "-" "Microsoft Office/16.0 (Windows NT 10.0; Microsoft Outlook 16.0.20228; Pro)"
89.248.107.232 - - [21/Sep/2026:08:44:51 +0200] "POST /wp-cron.php?doing_wp_cron=1789973091.8886570930480957031250 HTTP/1.1" 200 5512 "-" "WordPress/6.6.2; https://grupo-seg.com"
95.127.20.171 - - [21/Sep/2026:08:44:51 +0200] "POST /autodiscover/autodiscover.xml HTTP/1.1" 404 92202 "-" "Microsoft Office/16.0 (Windows NT 10.0; Microsoft Outlook 16.0.20228; Pro)"
95.127.20.171 - - [21/Sep/2026:08:44:51 +0200] "POST /autodiscover/autodiscover.xml HTTP/1.1" 404 92217 "-" "Microsoft Office/16.0 (Windows NT 10.0; Microsoft Outlook 16.0.20228; Pro)"
89.248.107.232 - - [21/Sep/2026:08:44:52 +0200] "POST /wp-admin/admin-ajax.php?action=async_litespeed&nonce=b4cc4c672a&litespeed_type=imgoptm HTTP/1.1" 200 5698 "-" "WordPress/6.6.2; https://grupo-seg.com"
89.248.107.232 - - [21/Sep/2026:08:45:58 +0200] "POST /wp-cron.php?doing_wp_cron=1789973157.9514150619506835937500 HTTP/1.1" 200 5512 "-" "WordPress/6.6.2; https://grupo-seg.com"
95.127.20.171 - - [21/Sep/2026:08:45:57 +0200] "POST /autodiscover/autodiscover.xml HTTP/1.1" 404 92202 "-" "Microsoft Office/16.0 (Windows NT 10.0; Microsoft Outlook 16.0.20228; Pro)"
95.127.20.171 - - [21/Sep/2026:08:45:57 +0200] "POST /autodiscover/autodiscover.xml HTTP/1.1" 404 92217 "-" "Microsoft Office/16.0 (Windows NT 10.0; Microsoft Outlook 16.0.20228; Pro)"
89.248.107.232 - - [21/Sep/2026:08:45:58 +0200] "POST /wp-admin/admin-ajax.php?action=async_litespeed&nonce=b4cc4c672a&litespeed_type=imgoptm HTTP/1.1" 200 5698 "-" "WordPress/6.6.2; https://grupo-seg.com"
89.248.107.232 - - [21/Sep/2026:08:46:44 +0200] "POST /wp-cron.php?doing_wp_cron=1789973204.4210939407348632812500 HTTP/1.1" 200 5512 "-" "WordPress/6.6.2; https://grupo-seg.com"
95.127.20.171 - - [21/Sep/2026:08:46:43 +0200] "POST /autodiscover/autodiscover.xml HTTP/1.1" 404 92202 "-" "Microsoft Office/16.0 (Windows NT 10.0; Microsoft Outlook 16.0.20228; Pro)"
95.127.20.171 - - [21/Sep/2026:08:46:43 +0200] "POST /autodiscover/autodiscover.xml HTTP/1.1" 404 92202 "-" "Microsoft Office/16.0 (Windows NT 10.0; Microsoft Outlook 16.0.20228; Pro)"
89.248.107.232 - - [21/Sep/2026:08:46:45 +0200] "POST /wp-admin/admin-ajax.php?action=async_litespeed&nonce=b4cc4c672a&litespeed_type=imgoptm HTTP/1.1" 200 5698 "-" "WordPress/6.6.2; https://grupo-seg.com"
89.248.107.232 - - [21/Sep/2026:08:47:03 +0200] "POST /wp-cron.php?doing_wp_cron=1789973223.2597119808197021484375 HTTP/1.1" 200 5512 "-" "WordPress/6.6.2; https://grupo-seg.com"
95.127.20.171 - - [21/Sep/2026:08:47:02 +0200] "POST /autodiscover/autodiscover.xml HTTP/1.1" 404 92202 "-" "Microsoft Office/16.0 (Windows NT 10.0; Microsoft Outlook 16.0.20228; Pro)"
89.248.107.232 - - [21/Sep/2026:08:48:14 +0200] "POST /wp-cron.php?doing_wp_cron=1789973294.2793209552764892578125 HTTP/1.1" 200 5512 "-" "WordPress/6.6.2; https://grupo-seg.com"
95.127.20.171 - - [21/Sep/2026:08:48:13 +0200] "POST /autodiscover/autodiscover.xml HTTP/1.1" 404 92217 "-" "Microsoft Office/16.0 (Windows NT 10.0; Microsoft Outlook 16.0.20228; Pro)"
95.127.20.171 - - [21/Sep/2026:08:48:13 +0200] "POST /autodiscover/autodiscover.xml HTTP/1.1" 404 92217 "-" "Microsoft Office/16.0 (Windows NT 10.0; Microsoft Outlook 16.0.20228; Pro)"
89.248.107.232 - - [21/Sep/2026:08:48:15 +0200] "POST /wp-admin/admin-ajax.php?action=async_litespeed&nonce=b4cc4c672a&litespeed_type=imgoptm HTTP/1.1" 200 5698 "-" "WordPress/6.6.2; https://grupo-seg.com"
89.248.107.232 - - [21/Sep/2026:08:49:08 +0200] "POST /wp-cron.php?doing_wp_cron=1789973348.3880369663238525390625 HTTP/1.1" 200 5512 "-" "WordPress/6.6.2; https://grupo-seg.com"
95.127.20.171 - - [21/Sep/2026:08:49:07 +0200] "POST /autodiscover/autodiscover.xml HTTP/1.1" 404 92217 "-" "Microsoft Office/16.0 (Windows NT 10.0; Microsoft Outlook 16.0.20228; Pro)"
95.127.20.171 - - [21/Sep/2026:08:49:07 +0200] "POST /autodiscover/autodiscover.xml HTTP/1.1" 404 92202 "-" "Microsoft Office/16.0 (Windows NT 10.0; Microsoft Outlook 16.0.20228; Pro)"
89.248.107.232 - - [21/Sep/2026:08:49:09 +0200] "POST /wp-admin/admin-ajax.php?action=async_litespeed&nonce=b4cc4c672a&litespeed_type=imgoptm HTTP/1.1" 200 5698 "-" "WordPress/6.6.2; https://grupo-seg.com"
95.127.20.171 - - [21/Sep/2026:08:49:18 +0200] "POST /autodiscover/autodiscover.xml HTTP/1.1" 404 92217 "-" "Microsoft Office/16.0 (Windows NT 10.0; Microsoft Outlook 16.0.20228; Pro)"
95.127.20.171 - - [21/Sep/2026:08:49:23 +0200] "POST /autodiscover/autodiscover.xml HTTP/1.1" 404 92202 "-" "Microsoft Office/16.0 (Windows NT 10.0; Microsoft Outlook 16.0.20228; Pro)"
89.248.107.232 - - [21/Sep/2026:08:50:10 +0200] "POST /wp-cron.php?doing_wp_cron=1789973410.2303340435028076171875 HTTP/1.1" 200 5512 "-" "WordPress/6.6.2; https://grupo-seg.com"
47.128.38.142 - - [21/Sep/2026:08:50:09 +0200] "GET / HTTP/1.1" 200 157019 "-" "Mozilla/5.0 (Linux; Android 5.0) AppleWebKit/537.36 (KHTML, like Gecko) Mobile Safari/537.36 (compatible; Bytespider; spider-feedback@bytedance.com)"
89.248.107.232 - - [21/Sep/2026:08:50:11 +0200] "POST /wp-admin/admin-ajax.php?action=async_litespeed&nonce=b4cc4c672a&litespeed_type=imgoptm HTTP/1.1" 200 5698 "-" "WordPress/6.6.2; https://grupo-seg.com"
47.128.38.142 - - [21/Sep/2026:08:50:12 +0200] "POST /wp-content/plugins/litespeed-cache/guest.vary.php HTTP/1.1" 200 5656 "https://grupo-seg.com/" "Mozilla/5.0 (Linux; Android 5.0) AppleWebKit/537.36 (KHTML, like Gecko) Mobile Safari/537.36 (compatible; Bytespider; spider-feedback@bytedance.com)"
47.128.38.142 - - [21/Sep/2026:08:50:12 +0200] "GET / HTTP/1.1" 200 167021 "https://grupo-seg.com/" "Mozilla/5.0 (Linux; Android 5.0) AppleWebKit/537.36 (KHTML, like Gecko) Mobile Safari/537.36 (compatible; Bytespider; spider-feedback@bytedance.com)"
89.248.107.232 - - [21/Sep/2026:08:50:37 +0200] "POST /wp-cron.php?doing_wp_cron=1789973437.4876658916473388671875 HTTP/1.1" 200 5512 "-" "WordPress/6.6.2; https://grupo-seg.com"
95.127.20.171 - - [21/Sep/2026:08:50:36 +0200] "POST /autodiscover/autodiscover.xml HTTP/1.1" 404 92217 "-" "Microsoft Office/16.0 (Windows NT 10.0; Microsoft Outlook 16.0.20228; Pro)"
95.127.20.171 - - [21/Sep/2026:08:50:37 +0200] "POST /autodiscover/autodiscover.xml HTTP/1.1" 404 92217 "-" "Microsoft Office/16.0 (Windows NT 10.0; Microsoft Outlook 16.0.20228; Pro)"
89.248.107.232 - - [21/Sep/2026:08:50:38 +0200] "POST /wp-admin/admin-ajax.php?action=async_litespeed&nonce=b4cc4c672a&litespeed_type=imgoptm HTTP/1.1" 200 5698 "-" "WordPress/6.6.2; https://grupo-seg.com"
89.248.107.232 - - [21/Sep/2026:08:51:10 +0200] "POST /wp-cron.php?doing_wp_cron=1789973470.2310190200805664062500 HTTP/1.1" 200 5512 "-" "WordPress/6.6.2; https://grupo-seg.com"
154.83.211.58 - - [21/Sep/2026:08:51:09 +0200] "GET /zhc.php HTTP/1.1" 404 97436 "-" "Mozilla/5.0 (Windows NT 10.0; WOW64; rv:48.0) Gecko/20100101 Firefox/48.0"
89.248.107.232 - - [21/Sep/2026:08:51:37 +0200] "POST /wp-cron.php?doing_wp_cron=1789973497.7065150737762451171875 HTTP/1.1" 200 5512 "-" "WordPress/6.6.2; https://grupo-seg.com"
95.127.20.171 - - [21/Sep/2026:08:51:37 +0200] "POST /autodiscover/autodiscover.xml HTTP/1.1" 404 92202 "-" "Microsoft Office/16.0 (Windows NT 10.0; Microsoft Outlook 16.0.20228; Pro)"
89.248.107.232 - - [21/Sep/2026:08:51:38 +0200] "POST /wp-admin/admin-ajax.php?action=async_litespeed&nonce=b4cc4c672a&litespeed_type=imgoptm HTTP/1.1" 200 5698 "-" "WordPress/6.6.2; https://grupo-seg.com"
89.248.107.232 - - [21/Sep/2026:08:51:40 +0200] "POST /wp-cron.php?doing_wp_cron=1789973500.7216188907623291015625 HTTP/1.1" 200 5512 "-" "WordPress/6.6.2; https://grupo-seg.com"
95.127.20.171 - - [21/Sep/2026:08:51:40 +0200] "POST /autodiscover/autodiscover.xml HTTP/1.1" 404 92217 "-" "Microsoft Office/16.0 (Windows NT 10.0; Microsoft Outlook 16.0.20228; Pro)"
95.127.20.171 - - [21/Sep/2026:08:51:40 +0200] "POST /autodiscover/autodiscover.xml HTTP/1.1" 404 92217 "-" "Microsoft Office/16.0 (Windows NT 10.0; Microsoft Outlook 16.0.20228; Pro)"
89.248.107.232 - - [21/Sep/2026:08:51:59 +0200] "POST /wp-cron.php?doing_wp_cron=1789973519.7985980510711669921875 HTTP/1.1" 200 5512 "-" "WordPress/6.6.2; https://grupo-seg.com"
202.141.32.195 - - [21/Sep/2026:08:51:59 +0200] "POST /xmlrpc.php HTTP/1.1" 503 25074 "-" "Jetpack/12.0; WordPress/6.3; http://site56864104.com"
85.63.135.185 - - [21/Sep/2026:08:52:00 +0200] "POST /AutoDiscover/autodiscover.xml HTTP/1.1" 404 92217 "-" "Microsoft Office/16.0 (Windows NT 10.0; Microsoft Excel 16.0.20326; Pro)"
89.248.107.232 - - [21/Sep/2026:08:52:04 +0200] "POST /wp-cron.php?doing_wp_cron=1789973524.2252080440521240234375 HTTP/1.1" 200 5512 "-" "WordPress/6.6.2; https://grupo-seg.com"
40.77.167.74 - - [21/Sep/2026:08:52:03 +0200] "GET /juggler56-wgegpkzb.html HTTP/1.1" 404 97421 "-" "Mozilla/5.0 AppleWebKit/537.36 (KHTML, like Gecko; compatible; bingbot/2.0; +http://www.bing.com/bingbot.htm) Chrome/116.0.1938.76 Safari/537.36"
202.141.32.195 - - [21/Sep/2026:08:52:09 +0200] "POST /xmlrpc.php HTTP/1.1" 503 24038 "-" "Jetpack by WordPress.com"
202.141.32.195 - - [21/Sep/2026:08:52:20 +0200] "POST /xmlrpc.php HTTP/1.1" 503 24038 "-" "Jetpack by WordPress.com (Jetpack 13.0; WordPress 6.4)"
202.141.32.195 - - [21/Sep/2026:08:52:30 +0200] "POST /xmlrpc.php HTTP/1.1" 503 24038 "-" "Jetpack/12.5; WordPress/6.4; http://site96682709.com"
202.141.32.195 - - [21/Sep/2026:08:52:41 +0200] "POST /xmlrpc.php HTTP/1.1" 503 24038 "-" "Jetpack by WordPress.com (Jetpack 12.5; WordPress 6.1)"
89.248.107.232 - - [21/Sep/2026:08:52:43 +0200] "POST /?wordfence_syncAttackData=1789973563.2487 HTTP/1.1" 200 5452 "-" "WordPress/6.6.2; https://grupo-seg.com"
89.248.107.232 - - [21/Sep/2026:08:52:44 +0200] "POST /wp-cron.php?doing_wp_cron=1789973564.0999100208282470703125 HTTP/1.1" 200 5512 "-" "WordPress/6.6.2; https://grupo-seg.com"
95.127.20.171 - - [21/Sep/2026:08:52:42 +0200] "POST /autodiscover/autodiscover.xml HTTP/1.1" 404 92217 "-" "Microsoft Office/16.0 (Windows NT 10.0; Microsoft Outlook 16.0.20228; Pro)"
95.127.20.171 - - [21/Sep/2026:08:52:42 +0200] "POST /autodiscover/autodiscover.xml HTTP/1.1" 404 92217 "-" "Microsoft Office/16.0 (Windows NT 10.0; Microsoft Outlook 16.0.20228; Pro)"
89.248.107.232 - - [21/Sep/2026:08:52:43 +0200] "POST /?wordfence_syncAttackData=1789973563.1229 HTTP/1.1" 200 13454 "-" "WordPress/6.6.2; https://grupo-seg.com"
89.248.107.232 - - [21/Sep/2026:08:52:45 +0200] "POST /wp-admin/admin-ajax.php?action=async_litespeed&nonce=b4cc4c672a&litespeed_type=imgoptm HTTP/1.1" 200 5698 "-" "WordPress/6.6.2; https://grupo-seg.com"
202.141.32.195 - - [21/Sep/2026:08:52:51 +0200] "POST /xmlrpc.php HTTP/1.1" 503 24038 "-" "Jetpack/13.0; WordPress/6.1; http://site14380526.com"
202.141.32.195 - - [21/Sep/2026:08:53:02 +0200] "POST /xmlrpc.php HTTP/1.1" 503 24038 "-" "Jetpack by WordPress.com"
202.141.32.195 - - [21/Sep/2026:08:53:13 +0200] "POST /xmlrpc.php HTTP/1.1" 503 24038 "-" "Jetpack by WordPress.com"
202.141.32.195 - - [21/Sep/2026:08:53:23 +0200] "POST /xmlrpc.php HTTP/1.1" 503 24038 "-" "Jetpack by WordPress.com (Jetpack 12.0; WordPress 6.2)"
202.141.32.195 - - [21/Sep/2026:08:53:34 +0200] "POST /xmlrpc.php HTTP/1.1" 503 24038 "-" "WordPress.com; https://wordpress.com"
202.141.32.195 - - [21/Sep/2026:08:53:44 +0200] "POST /xmlrpc.php HTTP/1.1" 503 24038 "-" "Jetpack by WordPress.com (Jetpack 12.0; WordPress 6.1)"
89.248.107.232 - - [21/Sep/2026:08:53:53 +0200] "POST /?wordfence_syncAttackData=1789973633.1062 HTTP/1.1" 200 5452 "-" "WordPress/6.6.2; https://grupo-seg.com"
89.248.107.232 - - [21/Sep/2026:08:53:53 +0200] "POST /wp-cron.php?doing_wp_cron=1789973633.7365629673004150390625 HTTP/1.1" 200 5512 "-" "WordPress/6.6.2; https://grupo-seg.com"
95.127.20.171 - - [21/Sep/2026:08:53:52 +0200] "POST /autodiscover/autodiscover.xml HTTP/1.1" 404 92202 "-" "Microsoft Office/16.0 (Windows NT 10.0; Microsoft Outlook 16.0.20228; Pro)"
89.248.107.232 - - [21/Sep/2026:08:53:53 +0200] "POST /?wordfence_syncAttackData=1789973633.2456 HTTP/1.1" 200 13454 "-" "WordPress/6.6.2; https://grupo-seg.com"
95.127.20.171 - - [21/Sep/2026:08:53:52 +0200] "POST /autodiscover/autodiscover.xml HTTP/1.1" 404 92202 "-" "Microsoft Office/16.0 (Windows NT 10.0; Microsoft Outlook 16.0.20228; Pro)"
89.248.107.232 - - [21/Sep/2026:08:53:55 +0200] "POST /wp-admin/admin-ajax.php?action=async_litespeed&nonce=b4cc4c672a&litespeed_type=imgoptm HTTP/1.1" 200 5698 "-" "WordPress/6.6.2; https://grupo-seg.com"
202.141.32.195 - - [21/Sep/2026:08:53:55 +0200] "POST /xmlrpc.php HTTP/1.1" 503 24038 "-" "WordPress.com; https://wordpress.com"
79.150.106.92 - - [21/Sep/2026:08:53:59 +0200] "POST /AutoDiscover/autodiscover.xml HTTP/1.1" 404 92217 "-" "Microsoft Office/16.0 (Windows NT 10.0; Microsoft Excel 16.0.20326; Pro)"
202.141.32.195 - - [21/Sep/2026:08:54:06 +0200] "POST /xmlrpc.php HTTP/1.1" 503 24038 "-" "Jetpack/12.0; WordPress/6.4; http://site83243669.com"
192.54.244.141 - - [21/Sep/2026:08:54:11 +0200] "GET /careers HTTP/1.1" 404 13454 "https://seg-sa.es/careers" "Mozilla/5.0 (compatible; CareerScout/1.0)"
192.54.244.141 - - [21/Sep/2026:08:54:11 +0200] "GET /about/careers HTTP/1.1" 404 13454 "https://seg-sa.es/about/careers" "Mozilla/5.0 (compatible; CareerScout/1.0)"
192.54.244.141 - - [21/Sep/2026:08:54:11 +0200] "GET /company/careers HTTP/1.1" 404 13454 "https://seg-sa.es/company/careers" "Mozilla/5.0 (compatible; CareerScout/1.0)"
192.54.244.141 - - [21/Sep/2026:08:54:11 +0200] "GET /jobs HTTP/1.1" 404 13454 "https://seg-sa.es/jobs" "Mozilla/5.0 (compatible; CareerScout/1.0)"
192.54.244.141 - - [21/Sep/2026:08:54:11 +0200] "GET /en/careers HTTP/1.1" 404 13454 "https://seg-sa.es/en/careers" "Mozilla/5.0 (compatible; CareerScout/1.0)"
89.248.107.232 - - [21/Sep/2026:08:54:11 +0200] "POST /?wordfence_syncAttackData=1789973651.641 HTTP/1.1" 200 5452 "-" "WordPress/6.6.2; https://grupo-seg.com"
89.248.107.232 - - [21/Sep/2026:08:54:12 +0200] "POST /?wordfence_syncAttackData=1789973652.4621 HTTP/1.1" 200 13454 "-" "WordPress/6.6.2; https://grupo-seg.com"
89.248.107.232 - - [21/Sep/2026:08:54:12 +0200] "POST /wp-cron.php?doing_wp_cron=1789973652.9052340984344482421875 HTTP/1.1" 200 5512 "-" "WordPress/6.6.2; https://grupo-seg.com"
89.248.107.232 - - [21/Sep/2026:08:54:12 +0200] "POST /?wordfence_syncAttackData=1789973652.4363 HTTP/1.1" 200 13454 "-" "WordPress/6.6.2; https://grupo-seg.com"
89.248.107.232 - - [21/Sep/2026:08:54:12 +0200] "POST /en/?wordfence_syncAttackData=1789973652.5709 HTTP/1.1" 200 13454 "-" "WordPress/6.6.2; https://grupo-seg.com/en/"
202.141.32.195 - - [21/Sep/2026:08:54:16 +0200] "POST /xmlrpc.php HTTP/1.1" 503 24038 "-" "Jetpack by WordPress.com"
192.54.244.141 - - [21/Sep/2026:08:54:11 +0200] "GET / HTTP/1.1" 200 13454 "https://seg-sa.es/" "Mozilla/5.0 (compatible; CareerScout/1.0)"
89.248.107.232 - - [21/Sep/2026:08:54:12 +0200] "POST /?wordfence_syncAttackData=1789973652.772 HTTP/1.1" 200 13454 "-" "WordPress/6.6.2; https://grupo-seg.com"
35.198.113.100 - - [21/Sep/2026:08:54:17 +0200] "GET /robots.txt HTTP/1.1" 200 5679 "-" "LinkupBot/1.0 (LinkupBot for web indexing; https://linkup.so/bot; bot@linkup.so)"
35.198.113.100 - - [21/Sep/2026:08:54:18 +0200] "GET /en/project-type/%C2%B7-various/ HTTP/1.1" 200 116861 "-" "LinkupBot/1.0 (LinkupBot for web indexing; https://linkup.so/bot; bot@linkup.so)"
35.198.113.100 - - [21/Sep/2026:08:54:20 +0200] "GET /en/portfolio/consulting-services-for-the-supervision-of-the-reconstruction-of-the-seafood-area-of-the-central-market-and-the-construction-of-the-autonomous-commercial-center-1/ HTTP/1.1" 200 118704 "-" "LinkupBot/1.0 (LinkupBot for web indexing; https://linkup.so/bot; bot@linkup.so)"
35.198.113.100 - - [21/Sep/2026:08:54:22 +0200] "GET /author/javier/ HTTP/1.1" 200 116030 "-" "LinkupBot/1.0 (LinkupBot for web indexing; https://linkup.so/bot; bot@linkup.so)"
89.248.107.232 - - [21/Sep/2026:08:54:25 +0200] "POST /en/?wordfence_syncAttackData=1789973665.0154 HTTP/1.1" 200 5452 "-" "WordPress/6.6.2; https://grupo-seg.com/en/"
89.248.107.232 - - [21/Sep/2026:08:54:25 +0200] "POST /wp-cron.php?doing_wp_cron=1789973665.5584449768066406250000 HTTP/1.1" 200 5512 "-" "WordPress/6.6.2; https://grupo-seg.com/en/"
95.127.20.171 - - [21/Sep/2026:08:54:25 +0200] "POST /autodiscover/autodiscover.xml HTTP/1.1" 404 92202 "-" "Microsoft Office/16.0 (Windows NT 10.0; Microsoft Outlook 16.0.20228; Pro)"
35.198.113.100 - - [21/Sep/2026:08:54:24 +0200] "GET /en/portfolio/supervision-and-control-of-the-normandia-hydroelectric-project/ HTTP/1.1" 200 117206 "-" "LinkupBot/1.0 (LinkupBot for web indexing; https://linkup.so/bot; bot@linkup.so)"
89.248.107.232 - - [21/Sep/2026:08:54:26 +0200] "POST /wp-admin/admin-ajax.php?action=async_litespeed&nonce=b4cc4c672a&litespeed_type=imgoptm HTTP/1.1" 200 5698 "-" "WordPress/6.6.2; https://grupo-seg.com"
202.141.32.195 - - [21/Sep/2026:08:54:27 +0200] "POST /xmlrpc.php HTTP/1.1" 503 24038 "-" "Jetpack/12.5; WordPress/6.3; http://site48729598.com"
35.198.113.100 - - [21/Sep/2026:08:54:27 +0200] "GET /portfolio/ingenieria-basica-y-detalles-paso-desnivelado-estaciones-francia-y-baron/ HTTP/1.1" 200 117078 "-" "LinkupBot/1.0 (LinkupBot for web indexing; https://linkup.so/bot; bot@linkup.so)"
35.198.113.100 - - [21/Sep/2026:08:54:30 +0200] "GET /paises/nicaragua/ HTTP/1.1" 200 171216 "-" "LinkupBot/1.0 (LinkupBot for web indexing; https://linkup.so/bot; bot@linkup.so)"
35.198.113.100 - - [21/Sep/2026:08:54:32 +0200] "GET /portfolio/centro-penitenciario-y-centro-de-insercion-social-en-ceuta/ HTTP/1.1" 200 116808 "-" "LinkupBot/1.0 (LinkupBot for web indexing; https://linkup.so/bot; bot@linkup.so)"
89.248.107.232 - - [21/Sep/2026:08:54:34 +0200] "POST /?wordfence_syncAttackData=1789973674.4889 HTTP/1.1" 200 5452 "-" "WordPress/6.6.2; https://grupo-seg.com"
35.198.113.100 - - [21/Sep/2026:08:54:34 +0200] "GET /category/colombia/ HTTP/1.1" 200 106661 "-" "LinkupBot/1.0 (LinkupBot for web indexing; https://linkup.so/bot; bot@linkup.so)"
202.141.32.195 - - [21/Sep/2026:08:54:38 +0200] "POST /xmlrpc.php HTTP/1.1" 503 24038 "-" "WordPress.com; https://wordpress.com"
89.248.107.232 - - [21/Sep/2026:08:54:43 +0200] "POST /wp-cron.php?doing_wp_cron=1789973683.8139569759368896484375 HTTP/1.1" 200 5512 "-" "WordPress/6.6.2; https://grupo-seg.com"
2.139.158.128 - - [21/Sep/2026:08:54:43 +0200] "POST /AutoDiscover/autodiscover.xml HTTP/1.1" 404 92202 "-" "Microsoft Office/16.0 (Windows NT 10.0; Microsoft Excel 16.0.20326; Pro)"
89.248.107.232 - - [21/Sep/2026:08:54:44 +0200] "POST /?wordfence_syncAttackData=1789973684.6527 HTTP/1.1" 200 5452 "-" "WordPress/6.6.2; https://grupo-seg.com"
89.248.107.232 - - [21/Sep/2026:08:54:48 +0200] "POST /wp-cron.php?doing_wp_cron=1789973687.9588060379028320312500 HTTP/1.1" 200 5512 "-" "WordPress/6.6.2; https://grupo-seg.com"
47.128.37.79 - - [21/Sep/2026:08:54:47 +0200] "GET /contacto/ HTTP/1.1" 200 190803 "-" "Mozilla/5.0 (Linux; Android 5.0) AppleWebKit/537.36 (KHTML, like Gecko) Mobile Safari/537.36 (compatible; Bytespider; spider-feedback@bytedance.com)"
202.141.32.195 - - [21/Sep/2026:08:54:48 +0200] "POST /xmlrpc.php HTTP/1.1" 503 24038 "-" "Jetpack by WordPress.com"
202.141.32.195 - - [21/Sep/2026:08:54:59 +0200] "POST /xmlrpc.php HTTP/1.1" 503 24038 "-" "Jetpack by WordPress.com (Jetpack 12.5; WordPress 6.1)"
89.248.107.232 - - [21/Sep/2026:08:55:04 +0200] "POST /?wordfence_syncAttackData=1789973704.8459 HTTP/1.1" 200 5452 "-" "WordPress/6.6.2; https://grupo-seg.com"
89.248.107.232 - - [21/Sep/2026:08:55:05 +0200] "POST /wp-cron.php?doing_wp_cron=1789973705.3937449455261230468750 HTTP/1.1" 200 5512 "-" "WordPress/6.6.2; https://grupo-seg.com"
95.127.20.171 - - [21/Sep/2026:08:55:04 +0200] "POST /autodiscover/autodiscover.xml HTTP/1.1" 404 92202 "-" "Microsoft Office/16.0 (Windows NT 10.0; Microsoft Outlook 16.0.20228; Pro)"
95.127.20.171 - - [21/Sep/2026:08:55:05 +0200] "POST /autodiscover/autodiscover.xml HTTP/1.1" 404 92202 "-" "Microsoft Office/16.0 (Windows NT 10.0; Microsoft Outlook 16.0.20228; Pro)"
95.127.20.171 - - [21/Sep/2026:08:55:08 +0200] "POST /autodiscover/autodiscover.xml HTTP/1.1" 404 92217 "-" "Microsoft Office/16.0 (Windows NT 10.0; Microsoft Outlook 16.0.20228; Pro)"
202.141.32.195 - - [21/Sep/2026:08:55:09 +0200] "POST /xmlrpc.php HTTP/1.1" 503 24038 "-" "Jetpack by WordPress.com"
89.248.107.232 - - [21/Sep/2026:08:55:17 +0200] "POST /?wordfence_syncAttackData=1789973717.2466 HTTP/1.1" 200 5452 "-" "WordPress/6.6.2; https://grupo-seg.com"
144.76.163.143 - - [21/Sep/2026:08:55:16 +0200] "GET /robots.txt HTTP/1.1" 301 5576 "http://www.grupo-seg.com/robots.txt" "Mozilla/5.0 (Macintosh; Intel Mac OS X 14_0) AppleWebKit/537.36 (KHTML, like Gecko) Chrome/124.0.0.0 Safari/537.36"
144.76.163.143 - - [21/Sep/2026:08:55:18 +0200] "GET /robots.txt HTTP/1.1" 200 5679 "https://www.grupo-seg.com/robots.txt" "Mozilla/5.0 (Macintosh; Intel Mac OS X 14_0) AppleWebKit/537.36 (KHTML, like Gecko) Chrome/124.0.0.0 Safari/537.36"
144.76.163.143 - - [21/Sep/2026:08:55:18 +0200] "GET / HTTP/1.1" 301 5612 "http://www.grupo-seg.com/" "Mozilla/5.0 (Macintosh; Intel Mac OS X 14_0) AppleWebKit/537.36 (KHTML, like Gecko) Chrome/124.0.0.0 Safari/537.36"
144.76.163.143 - - [21/Sep/2026:08:55:19 +0200] "GET / HTTP/1.1" 200 165847 "https://www.grupo-seg.com/" "Mozilla/5.0 (Macintosh; Intel Mac OS X 14_0) AppleWebKit/537.36 (KHTML, like Gecko) Chrome/124.0.0.0 Safari/537.36"
202.141.32.195 - - [21/Sep/2026:08:55:20 +0200] "POST /xmlrpc.php HTTP/1.1" 503 24038 "-" "WordPress.com; https://wordpress.com"
144.76.163.143 - - [21/Sep/2026:08:55:20 +0200] "GET /contacto/ HTTP/1.1" 200 199540 "-" "Mozilla/5.0 (Macintosh; Intel Mac OS X 14_0) AppleWebKit/537.36 (KHTML, like Gecko) Chrome/124.0.0.0 Safari/537.36"
202.141.32.195 - - [21/Sep/2026:08:55:31 +0200] "POST /xmlrpc.php HTTP/1.1" 503 24038 "-" "Jetpack/13.0; WordPress/6.1; http://site94777597.com"
202.141.32.195 - - [21/Sep/2026:08:55:41 +0200] "POST /xmlrpc.php HTTP/1.1" 503 24038 "-" "Jetpack by WordPress.com"
202.141.32.195 - - [21/Sep/2026:08:55:52 +0200] "POST /xmlrpc.php HTTP/1.1" 503 24038 "-" "Jetpack by WordPress.com (Jetpack 12.0; WordPress 6.2)"
89.248.107.232 - - [21/Sep/2026:08:55:58 +0200] "POST /?wordfence_syncAttackData=1789973757.9921 HTTP/1.1" 200 5452 "-" "WordPress/6.6.2; https://grupo-seg.com"
89.248.107.232 - - [21/Sep/2026:08:55:58 +0200] "POST /wp-cron.php?doing_wp_cron=1789973758.6129701137542724609375 HTTP/1.1" 200 5512 "-" "WordPress/6.6.2; https://grupo-seg.com"
122.14.226.167 - - [21/Sep/2026:08:55:57 +0200] "GET /robots.txt HTTP/1.1" 200 5679 "https://seg-sa.es/robots.txt" "Mozilla/5.0 (X11; Linux x86_64) AppleWebKit/537.36 (KHTML, like Gecko) Chrome/120.0.0.0 Safari/537.36 Bytespider;https://zhanzhang.toutiao.com/"
89.248.107.232 - - [21/Sep/2026:08:55:59 +0200] "POST /wp-admin/admin-ajax.php?action=async_litespeed&nonce=b4cc4c672a&litespeed_type=imgoptm HTTP/1.1" 200 5698 "-" "WordPress/6.6.2; https://grupo-seg.com"
202.141.32.195 - - [21/Sep/2026:08:56:03 +0200] "POST /xmlrpc.php HTTP/1.1" 503 24038 "-" "Jetpack by WordPress.com (Jetpack 12.0; WordPress 6.2)"
202.141.32.195 - - [21/Sep/2026:08:56:13 +0200] "POST /xmlrpc.php HTTP/1.1" 503 24038 "-" "Jetpack by WordPress.com"
89.248.107.232 - - [21/Sep/2026:08:56:15 +0200] "POST /?wordfence_syncAttackData=1789973775.3881 HTTP/1.1" 200 5452 "-" "WordPress/6.6.2; https://grupo-seg.com"
47.128.37.93 - - [21/Sep/2026:08:56:15 +0200] "GET /ingenieria/proyectos-aeroportuarios HTTP/1.1" 301 5694 "-" "Mozilla/5.0 (Linux; Android 5.0) AppleWebKit/537.36 (KHTML, like Gecko) Mobile Safari/537.36 (compatible; Bytespider; spider-feedback@bytedance.com)"
89.248.107.232 - - [21/Sep/2026:08:56:16 +0200] "POST /wp-cron.php?doing_wp_cron=1789973776.3275640010833740234375 HTTP/1.1" 200 5512 "-" "WordPress/6.6.2; https://grupo-seg.com"
95.127.20.171 - - [21/Sep/2026:08:56:15 +0200] "POST /autodiscover/autodiscover.xml HTTP/1.1" 404 92202 "-" "Microsoft Office/16.0 (Windows NT 10.0; Microsoft Outlook 16.0.20228; Pro)"
89.248.107.232 - - [21/Sep/2026:08:56:15 +0200] "POST /?wordfence_syncAttackData=1789973775.6066 HTTP/1.1" 200 13454 "-" "WordPress/6.6.2; https://grupo-seg.com"
