| Server IP : 89.248.107.232 / Your IP : 216.73.217.70 Web Server : Apache System : Linux host2.kasilh.com 5.14.0-687.36.1.el9_8.x86_64 #1 SMP PREEMPT_DYNAMIC Fri Aug 7 05:40:49 EDT 2026 x86_64 User : seg ( 10005) PHP Version : 7.4.33 Disable Function : opcache_get_status MySQL : OFF | cURL : ON | WGET : OFF | Perl : OFF | Python : OFF | Sudo : OFF | Pkexec : OFF Directory : /var/www/vhosts/seg-sa.es/logs/grupo-seg.com/ |
Upload File : |
89.248.107.232 - - [21/Sep/2026:04:14:46 +0200] "POST /wp-cron.php?doing_wp_cron=1789956886.7513759136199951171875 HTTP/1.1" 200 5512 "-" "WordPress/6.6.2; https://grupo-seg.com"
200.201.240.171 - - [21/Sep/2026:04:14:46 +0200] "POST /xmlrpc.php HTTP/1.1" 503 25074 "-" "Mozilla/5.0 (Windows NT 10.0; Win64; x64) AppleWebKit/537.36 (KHTML, like Gecko) Chrome/138.0.0.0 Safari/537.36"
89.248.107.232 - - [21/Sep/2026:04:14:48 +0200] "POST /wp-admin/admin-ajax.php?action=async_litespeed&nonce=b4cc4c672a&litespeed_type=imgoptm HTTP/1.1" 200 5698 "-" "WordPress/6.6.2; https://grupo-seg.com"
89.248.107.232 - - [21/Sep/2026:04:16:12 +0200] "POST /wp-cron.php?doing_wp_cron=1789956972.3432970046997070312500 HTTP/1.1" 200 5512 "-" "WordPress/6.6.2; https://grupo-seg.com"
193.36.225.21 - - [21/Sep/2026:04:16:11 +0200] "POST /wp-login.php HTTP/1.1" 503 25291 "-" "Mozilla/5.0 (Windows NT 10.0; Win64; rv:143.0) Gecko/20100101 Firefox/143.0"
89.248.107.232 - - [21/Sep/2026:04:16:12 +0200] "POST /wp-admin/admin-ajax.php?action=async_litespeed&nonce=b4cc4c672a&litespeed_type=imgoptm HTTP/1.1" 200 5698 "-" "WordPress/6.6.2; https://grupo-seg.com"
40.77.167.132 - - [21/Sep/2026:04:16:14 +0200] "GET /kyua1627261sitoddu/index.php HTTP/1.1" 301 5678 "-" "Mozilla/5.0 AppleWebKit/537.36 (KHTML, like Gecko; compatible; bingbot/2.0; +http://www.bing.com/bingbot.htm) Chrome/116.0.1938.76 Safari/537.36"
89.248.107.232 - - [21/Sep/2026:04:16:36 +0200] "POST /wp-cron.php?doing_wp_cron=1789956996.6330840587615966796875 HTTP/1.1" 200 5512 "-" "WordPress/6.6.2; https://grupo-seg.com"
52.167.144.19 - - [21/Sep/2026:04:16:36 +0200] "GET /masuta/clientes.html HTTP/1.1" 301 5679 "-" "Mozilla/5.0 AppleWebKit/537.36 (KHTML, like Gecko; compatible; bingbot/2.0; +http://www.bing.com/bingbot.htm) Chrome/116.0.1938.76 Safari/537.36"
89.248.107.232 - - [21/Sep/2026:04:16:37 +0200] "POST /wp-admin/admin-ajax.php?action=async_litespeed&nonce=b4cc4c672a&litespeed_type=imgoptm HTTP/1.1" 200 5698 "-" "WordPress/6.6.2; https://grupo-seg.com"
89.248.107.232 - - [21/Sep/2026:04:17:32 +0200] "POST /wp-cron.php?doing_wp_cron=1789957052.5785660743713378906250 HTTP/1.1" 200 5512 "-" "WordPress/6.6.2; https://grupo-seg.com"
51.37.249.51 - - [21/Sep/2026:04:17:32 +0200] "GET /wp-login.php HTTP/1.1" 200 13732 "https://seg-sa.es/" "Mozilla/5.0 (Windows NT 10.0; Win64; x64) AppleWebKit/537.36 (KHTML, like Gecko) Chrome/151.0.0.0 Safari/537.36"
89.248.107.232 - - [21/Sep/2026:04:17:33 +0200] "POST /wp-admin/admin-ajax.php?action=async_litespeed&nonce=b4cc4c672a&litespeed_type=imgoptm HTTP/1.1" 200 5698 "-" "WordPress/6.6.2; https://grupo-seg.com"
52.167.144.206 - - [21/Sep/2026:04:17:33 +0200] "GET /yhug820946z43027sm8ti95e16.html HTTP/1.1" 404 97421 "-" "Mozilla/5.0 AppleWebKit/537.36 (KHTML, like Gecko; compatible; bingbot/2.0; +http://www.bing.com/bingbot.htm) Chrome/116.0.1938.76 Safari/537.36"
89.248.107.232 - - [21/Sep/2026:04:19:40 +0200] "POST /wp-cron.php?doing_wp_cron=1789957180.7656600475311279296875 HTTP/1.1" 200 5512 "-" "WordPress/6.6.2; https://grupo-seg.com"
192.227.237.44 - - [21/Sep/2026:04:19:40 +0200] "GET /wp-json/wp/v2/posts?per_page=1 HTTP/1.1" 200 13454 "https://www.seg-sa.es/wp-json/wp/v2/posts?per_page=1" "Mozilla/5.0 (compatible; WordPressPostChecker/1.0)"
192.227.237.44 - - [21/Sep/2026:04:19:41 +0200] "GET /?rest_route=/wp/v2/posts&per_page=1 HTTP/1.1" 200 15665 "https://www.seg-sa.es/?rest_route=/wp/v2/posts&per_page=1" "Mozilla/5.0 (compatible; WordPressPostChecker/1.0)"
89.248.107.232 - - [21/Sep/2026:04:19:41 +0200] "POST /wp-admin/admin-ajax.php?action=async_litespeed&nonce=b4cc4c672a&litespeed_type=imgoptm HTTP/1.1" 200 5698 "-" "WordPress/6.6.2; https://grupo-seg.com"
89.248.107.232 - - [21/Sep/2026:04:20:34 +0200] "POST /wp-cron.php?doing_wp_cron=1789957234.0199151039123535156250 HTTP/1.1" 200 5512 "-" "WordPress/6.6.2; https://grupo-seg.com"
52.167.144.176 - - [21/Sep/2026:04:20:33 +0200] "GET /vjcl1309444itsip/stmesod HTTP/1.1" 301 5683 "-" "Mozilla/5.0 AppleWebKit/537.36 (KHTML, like Gecko; compatible; bingbot/2.0; +http://www.bing.com/bingbot.htm) Chrome/116.0.1938.76 Safari/537.36"
89.248.107.232 - - [21/Sep/2026:04:20:34 +0200] "POST /wp-admin/admin-ajax.php?action=async_litespeed&nonce=b4cc4c672a&litespeed_type=imgoptm HTTP/1.1" 200 5698 "-" "WordPress/6.6.2; https://grupo-seg.com"
89.248.107.232 - - [21/Sep/2026:04:20:40 +0200] "POST /wp-cron.php?doing_wp_cron=1789957240.7885539531707763671875 HTTP/1.1" 200 5512 "-" "WordPress/6.6.2; https://grupo-seg.com"
40.77.167.51 - - [21/Sep/2026:04:20:40 +0200] "GET /animekoraboresho/index.php HTTP/1.1" 301 5676 "-" "Mozilla/5.0 AppleWebKit/537.36 (KHTML, like Gecko; compatible; bingbot/2.0; +http://www.bing.com/bingbot.htm) Chrome/116.0.1938.76 Safari/537.36"
40.77.167.51 - - [21/Sep/2026:04:20:40 +0200] "GET /fedora10/o08rwfkn.html HTTP/1.1" 301 5681 "-" "Mozilla/5.0 AppleWebKit/537.36 (KHTML, like Gecko; compatible; bingbot/2.0; +http://www.bing.com/bingbot.htm) Chrome/116.0.1938.76 Safari/537.36"
89.248.107.232 - - [21/Sep/2026:04:23:53 +0200] "POST /wp-cron.php?doing_wp_cron=1789957432.9503140449523925781250 HTTP/1.1" 200 5512 "-" "WordPress/6.6.2; https://grupo-seg.com"
35.198.113.100 - - [21/Sep/2026:04:23:52 +0200] "GET /fiscalizacion-de-las-obras-de-renovacion-del-belgrano-sur-entre-estaciones-tapiales-y-marinos-del-crucero-general-belgrano/ HTTP/1.1" 200 129142 "-" "LinkupBot/1.0 (LinkupBot for web indexing; https://linkup.so/bot; bot@linkup.so)"
89.248.107.232 - - [21/Sep/2026:04:23:53 +0200] "POST /wp-admin/admin-ajax.php?action=async_litespeed&nonce=b4cc4c672a&litespeed_type=imgoptm HTTP/1.1" 200 5698 "-" "WordPress/6.6.2; https://grupo-seg.com"
89.248.107.232 - - [21/Sep/2026:04:23:55 +0200] "POST /wp-cron.php?doing_wp_cron=1789957435.5030589103698730468750 HTTP/1.1" 200 5512 "-" "WordPress/6.6.2; https://grupo-seg.com/en/"
35.198.113.100 - - [21/Sep/2026:04:23:55 +0200] "GET /en/portfolio/project-for-the-adaptation-of-the-runway-and-strip-at-la-palma-airport/ HTTP/1.1" 200 117418 "-" "LinkupBot/1.0 (LinkupBot for web indexing; https://linkup.so/bot; bot@linkup.so)"
35.198.113.100 - - [21/Sep/2026:04:23:57 +0200] "GET /en/portfolio/consultancy-for-the-feasibility-study-and-design-for-the-construction-of-the-pacific-coast-highway/ HTTP/1.1" 200 117571 "-" "LinkupBot/1.0 (LinkupBot for web indexing; https://linkup.so/bot; bot@linkup.so)"
89.248.107.232 - - [21/Sep/2026:04:24:00 +0200] "POST /wp-cron.php?doing_wp_cron=1789957440.1017971038818359375000 HTTP/1.1" 200 5512 "-" "WordPress/6.6.2; https://grupo-seg.com"
35.198.113.100 - - [21/Sep/2026:04:23:59 +0200] "GET /portfolio/inspeccion-puentes-metalicos-de-la-linea-ferroviaria-general-roca/ HTTP/1.1" 200 116993 "-" "LinkupBot/1.0 (LinkupBot for web indexing; https://linkup.so/bot; bot@linkup.so)"
35.198.113.100 - - [21/Sep/2026:04:24:01 +0200] "GET /category/espana/ HTTP/1.1" 200 103787 "-" "LinkupBot/1.0 (LinkupBot for web indexing; https://linkup.so/bot; bot@linkup.so)"
52.167.144.206 - - [21/Sep/2026:04:24:01 +0200] "GET /en/countries/ecuador/ HTTP/1.1" 200 156813 "-" "Mozilla/5.0 AppleWebKit/537.36 (KHTML, like Gecko; compatible; bingbot/2.0; +http://www.bing.com/bingbot.htm) Chrome/116.0.1938.76 Safari/537.36"
89.248.107.232 - - [21/Sep/2026:04:24:04 +0200] "POST /wp-cron.php?doing_wp_cron=1789957444.1324479579925537109375 HTTP/1.1" 200 5512 "-" "WordPress/6.6.2; https://grupo-seg.com"
35.198.113.100 - - [21/Sep/2026:04:24:03 +0200] "GET /category/paraguay/ HTTP/1.1" 200 107235 "-" "LinkupBot/1.0 (LinkupBot for web indexing; https://linkup.so/bot; bot@linkup.so)"
35.198.113.100 - - [21/Sep/2026:04:24:05 +0200] "GET /en/grupo-seg-at-the-annual-member-assembly-of-the-united-nations-global-compact/ HTTP/1.1" 200 123379 "-" "LinkupBot/1.0 (LinkupBot for web indexing; https://linkup.so/bot; bot@linkup.so)"
62.60.130.247 - - [21/Sep/2026:04:25:13 +0200] "GET /images/images/cache.php HTTP/1.1" 403 22900 "www.google.com" "Mozlila/5.0 (Linux; Android 7.0; SM-G892A Bulid/NRD90M; wv) AppleWebKit/537.36 (KHTML, like Gecko) Version/4.0 Chrome/60.0.3112.107 Moblie Safari/537.36"
89.248.107.232 - - [21/Sep/2026:04:25:19 +0200] "POST /?wordfence_syncAttackData=1789957519.6008 HTTP/1.1" 200 5452 "-" "WordPress/6.6.2; https://grupo-seg.com"
89.248.107.232 - - [21/Sep/2026:04:25:20 +0200] "POST /wp-cron.php?doing_wp_cron=1789957520.2705519199371337890625 HTTP/1.1" 200 5512 "-" "WordPress/6.6.2; https://grupo-seg.com"
213.180.203.233 - - [21/Sep/2026:04:25:19 +0200] "GET /robots.txt HTTP/1.1" 301 5576 "-" "Mozilla/5.0 (compatible; YandexBot/3.0; +http://yandex.com/bots)"
213.180.203.83 - - [21/Sep/2026:04:25:20 +0200] "GET /robots.txt HTTP/1.1" 301 5576 "-" "Mozilla/5.0 (compatible; YandexBot/3.0; +http://yandex.com/bots)"
213.180.203.233 - - [21/Sep/2026:04:25:20 +0200] "GET /robots.txt HTTP/1.1" 200 5679 "-" "Mozilla/5.0 (compatible; YandexBot/3.0; +http://yandex.com/bots)"
89.248.107.232 - - [21/Sep/2026:04:25:20 +0200] "POST /wp-admin/admin-ajax.php?action=async_litespeed&nonce=b4cc4c672a&litespeed_type=imgoptm HTTP/1.1" 200 5698 "-" "WordPress/6.6.2; https://grupo-seg.com"
213.180.203.83 - - [21/Sep/2026:04:25:21 +0200] "GET /robots.txt HTTP/1.1" 200 5679 "-" "Mozilla/5.0 (compatible; YandexBot/3.0; +http://yandex.com/bots)"
213.180.203.87 - - [21/Sep/2026:04:25:21 +0200] "GET /robots.txt HTTP/1.1" 301 5576 "-" "Mozilla/5.0 (compatible; YandexBot/3.0; +http://yandex.com/bots)"
213.180.203.87 - - [21/Sep/2026:04:25:22 +0200] "GET /robots.txt HTTP/1.1" 200 5679 "-" "Mozilla/5.0 (compatible; YandexBot/3.0; +http://yandex.com/bots)"
95.108.213.162 - - [21/Sep/2026:04:25:22 +0200] "GET /robots.txt HTTP/1.1" 301 5576 "-" "Mozilla/5.0 (compatible; YandexBot/3.0; +http://yandex.com/bots)"
95.108.213.162 - - [21/Sep/2026:04:25:22 +0200] "GET /robots.txt HTTP/1.1" 200 5679 "-" "Mozilla/5.0 (compatible; YandexBot/3.0; +http://yandex.com/bots)"
95.108.213.149 - - [21/Sep/2026:04:25:23 +0200] "GET /robots.txt HTTP/1.1" 301 5576 "-" "Mozilla/5.0 (compatible; YandexBot/3.0; +http://yandex.com/bots)"
95.108.213.149 - - [21/Sep/2026:04:25:24 +0200] "GET /robots.txt HTTP/1.1" 200 5679 "-" "Mozilla/5.0 (compatible; YandexBot/3.0; +http://yandex.com/bots)"
213.180.203.107 - - [21/Sep/2026:04:25:24 +0200] "GET /robots.txt HTTP/1.1" 301 5576 "-" "Mozilla/5.0 (compatible; YandexBot/3.0; +http://yandex.com/bots)"
89.248.107.232 - - [21/Sep/2026:04:25:25 +0200] "POST /wp-cron.php?doing_wp_cron=1789957525.4553658962249755859375 HTTP/1.1" 200 5512 "-" "WordPress/6.6.2; https://grupo-seg.com"
213.180.203.107 - - [21/Sep/2026:04:25:25 +0200] "GET /robots.txt HTTP/1.1" 200 5679 "-" "Mozilla/5.0 (compatible; YandexBot/3.0; +http://yandex.com/bots)"
5.255.231.7 - - [21/Sep/2026:04:25:25 +0200] "GET /robots.txt HTTP/1.1" 301 5576 "-" "Mozilla/5.0 (compatible; YandexBot/3.0; +http://yandex.com/bots)"
213.180.203.222 - - [21/Sep/2026:04:25:26 +0200] "GET /robots.txt HTTP/1.1" 301 5576 "-" "Mozilla/5.0 (compatible; YandexBot/3.0; +http://yandex.com/bots)"
5.255.231.7 - - [21/Sep/2026:04:25:26 +0200] "GET /robots.txt HTTP/1.1" 200 5679 "-" "Mozilla/5.0 (compatible; YandexBot/3.0; +http://yandex.com/bots)"
89.248.107.232 - - [21/Sep/2026:04:25:26 +0200] "POST /wp-admin/admin-ajax.php?action=async_litespeed&nonce=b4cc4c672a&litespeed_type=imgoptm HTTP/1.1" 200 5698 "-" "WordPress/6.6.2; https://grupo-seg.com"
213.180.203.222 - - [21/Sep/2026:04:25:26 +0200] "GET /robots.txt HTTP/1.1" 200 5679 "-" "Mozilla/5.0 (compatible; YandexBot/3.0; +http://yandex.com/bots)"
213.180.203.250 - - [21/Sep/2026:04:25:27 +0200] "GET /robots.txt HTTP/1.1" 301 5576 "-" "Mozilla/5.0 (compatible; YandexBot/3.0; +http://yandex.com/bots)"
213.180.203.250 - - [21/Sep/2026:04:25:27 +0200] "GET /robots.txt HTTP/1.1" 200 5679 "-" "Mozilla/5.0 (compatible; YandexBot/3.0; +http://yandex.com/bots)"
213.180.203.3 - - [21/Sep/2026:04:25:28 +0200] "GET /robots.txt HTTP/1.1" 301 5576 "-" "Mozilla/5.0 (compatible; YandexBot/3.0; +http://yandex.com/bots)"
213.180.203.3 - - [21/Sep/2026:04:25:29 +0200] "GET /robots.txt HTTP/1.1" 200 5679 "-" "Mozilla/5.0 (compatible; YandexBot/3.0; +http://yandex.com/bots)"
89.248.107.232 - - [21/Sep/2026:04:25:51 +0200] "POST /wp-cron.php?doing_wp_cron=1789957551.3700840473175048828125 HTTP/1.1" 200 5512 "-" "WordPress/6.6.2; https://grupo-seg.com"
173.239.240.230 - - [21/Sep/2026:04:25:50 +0200] "POST /wp-login.php HTTP/1.1" 503 25291 "-" "Mozilla/5.0 (Windows NT 10.0; Win64; x64) AppleWebKit/537.36 Chrome/129.0.0.0 Safari/537.36"
89.248.107.232 - - [21/Sep/2026:04:26:04 +0200] "POST /wp-cron.php?doing_wp_cron=1789957564.2392199039459228515625 HTTP/1.1" 200 5512 "-" "WordPress/6.6.2; https://grupo-seg.com"
205.169.39.35 - - [21/Sep/2026:04:26:03 +0200] "GET / HTTP/1.1" 200 13454 "-" "Mozilla/5.0 (Windows NT 10.0; Win64; x64) AppleWebKit/537.36 (KHTML, like Gecko) Chrome/117.0.5938.132 Safari/537.36"
205.169.39.35 - - [21/Sep/2026:04:26:05 +0200] "GET / HTTP/1.1" 200 165817 "-" "Mozilla/5.0 (Windows NT 10.0; Win64; x64) AppleWebKit/537.36 (KHTML, like Gecko) Chrome/117.0.5938.132 Safari/537.36"
89.248.107.232 - - [21/Sep/2026:04:28:10 +0200] "POST /wp-cron.php?doing_wp_cron=1789957690.5298271179199218750000 HTTP/1.1" 200 5512 "-" "WordPress/6.6.2; https://grupo-seg.com"
82.174.38.58 - - [21/Sep/2026:04:28:10 +0200] "GET /wp-login.php HTTP/1.1" 200 13732 "-" "Mozilla/5.0 (Macintosh; Intel Mac OS X 10_15_7) AppleWebKit/537.36 (KHTML, like Gecko) Chrome/147.0.0.0 Safari/537.36"
82.174.38.58 - - [21/Sep/2026:04:28:10 +0200] "POST /wp-login.php HTTP/1.1" 503 25291 "https://grupo-seg.com/wp-login.php" "Mozilla/5.0 (Macintosh; Intel Mac OS X 10_15_7) AppleWebKit/537.36 (KHTML, like Gecko) Chrome/147.0.0.0 Safari/537.36"
89.248.107.232 - - [21/Sep/2026:04:28:11 +0200] "POST /wp-admin/admin-ajax.php?action=async_litespeed&nonce=b4cc4c672a&litespeed_type=imgoptm HTTP/1.1" 200 5698 "-" "WordPress/6.6.2; https://grupo-seg.com"
82.174.38.58 - - [21/Sep/2026:04:28:12 +0200] "POST /wp-login.php HTTP/1.1" 503 24038 "https://grupo-seg.com/wp-login.php" "Mozilla/5.0 (Macintosh; Intel Mac OS X 10_15_7) AppleWebKit/537.36 (KHTML, like Gecko) Chrome/147.0.0.0 Safari/537.36"
82.174.38.58 - - [21/Sep/2026:04:28:13 +0200] "POST /wp-login.php HTTP/1.1" 503 24038 "https://grupo-seg.com/wp-login.php" "Mozilla/5.0 (Macintosh; Intel Mac OS X 10_15_7) AppleWebKit/537.36 (KHTML, like Gecko) Chrome/147.0.0.0 Safari/537.36"
89.248.107.232 - - [21/Sep/2026:04:29:03 +0200] "POST /?wordfence_syncAttackData=1789957743.91 HTTP/1.1" 200 5452 "-" "WordPress/6.6.2; https://grupo-seg.com"
89.248.107.232 - - [21/Sep/2026:04:29:04 +0200] "POST /wp-cron.php?doing_wp_cron=1789957744.5388519763946533203125 HTTP/1.1" 200 5512 "-" "WordPress/6.6.2; https://grupo-seg.com"
52.167.144.213 - - [21/Sep/2026:04:29:03 +0200] "GET /jrst709720osdistp/contacto.html HTTP/1.1" 404 97421 "-" "Mozilla/5.0 AppleWebKit/537.36 (KHTML, like Gecko; compatible; bingbot/2.0; +http://www.bing.com/bingbot.htm) Chrome/116.0.1938.76 Safari/537.36"
89.248.107.232 - - [21/Sep/2026:04:29:05 +0200] "POST /wp-admin/admin-ajax.php?action=async_litespeed&nonce=b4cc4c672a&litespeed_type=imgoptm HTTP/1.1" 200 5698 "-" "WordPress/6.6.2; https://grupo-seg.com"
52.167.144.210 - - [21/Sep/2026:04:29:08 +0200] "GET /rmsy233519ittem/empleo.html HTTP/1.1" 301 5686 "-" "Mozilla/5.0 AppleWebKit/537.36 (KHTML, like Gecko; compatible; bingbot/2.0; +http://www.bing.com/bingbot.htm) Chrome/116.0.1938.76 Safari/537.36"
52.167.144.210 - - [21/Sep/2026:04:29:09 +0200] "GET /tideland1yl/empresa.html HTTP/1.1" 301 5683 "-" "Mozilla/5.0 AppleWebKit/537.36 (KHTML, like Gecko; compatible; bingbot/2.0; +http://www.bing.com/bingbot.htm) Chrome/116.0.1938.76 Safari/537.36"
52.167.144.210 - - [21/Sep/2026:04:29:10 +0200] "GET /georgiana203/lk3i4yej1.html HTTP/1.1" 301 5686 "-" "Mozilla/5.0 AppleWebKit/537.36 (KHTML, like Gecko; compatible; bingbot/2.0; +http://www.bing.com/bingbot.htm) Chrome/116.0.1938.76 Safari/537.36"
89.248.107.232 - - [21/Sep/2026:04:29:40 +0200] "POST /wp-cron.php?doing_wp_cron=1789957780.7967090606689453125000 HTTP/1.1" 200 5512 "-" "WordPress/6.6.2; https://grupo-seg.com"
111.225.214.169 - - [21/Sep/2026:04:29:40 +0200] "GET /category/peru/feed/ HTTP/1.1" 200 32586 "-" "Mozilla/5.0 (Windows NT 10.0; WOW64) AppleWebKit/537.36 (KHTML, like Gecko) Chrome/48.0.2564.116 Safari/537.36"
89.248.107.232 - - [21/Sep/2026:04:29:41 +0200] "POST /wp-admin/admin-ajax.php?action=async_litespeed&nonce=b4cc4c672a&litespeed_type=imgoptm HTTP/1.1" 200 5698 "-" "WordPress/6.6.2; https://grupo-seg.com"
89.248.107.232 - - [21/Sep/2026:04:33:58 +0200] "POST /wp-cron.php?doing_wp_cron=1789958038.7422540187835693359375 HTTP/1.1" 200 5512 "-" "WordPress/6.6.2; https://grupo-seg.com"
216.73.216.42 - - [21/Sep/2026:04:33:58 +0200] "GET /robots.txt HTTP/1.1" 200 5679 "-" "Mozilla/5.0 AppleWebKit/537.36 (KHTML, like Gecko; compatible; ClaudeBot/1.0; +claudebot@anthropic.com)"
216.73.216.42 - - [21/Sep/2026:04:33:59 +0200] "GET /wp-sitemap.xml HTTP/1.1" 200 6217 "-" "Mozilla/5.0 AppleWebKit/537.36 (KHTML, like Gecko; compatible; ClaudeBot/1.0; +claudebot@anthropic.com)"
89.248.107.232 - - [21/Sep/2026:04:34:00 +0200] "POST /wp-admin/admin-ajax.php?action=async_litespeed&nonce=b4cc4c672a&litespeed_type=imgoptm HTTP/1.1" 200 5698 "-" "WordPress/6.6.2; https://grupo-seg.com"
89.248.107.232 - - [21/Sep/2026:04:38:33 +0200] "POST /wp-cron.php?doing_wp_cron=1789958313.5704619884490966796875 HTTP/1.1" 200 5512 "-" "WordPress/6.6.2; https://grupo-seg.com"
35.198.113.100 - - [21/Sep/2026:04:38:32 +0200] "GET /presentacion-publica-del-plan-maestro-de-seguridad-vial-2030/ HTTP/1.1" 200 122359 "-" "LinkupBot/1.0 (LinkupBot for web indexing; https://linkup.so/bot; bot@linkup.so)"
89.248.107.232 - - [21/Sep/2026:04:38:34 +0200] "POST /wp-admin/admin-ajax.php?action=async_litespeed&nonce=b4cc4c672a&litespeed_type=imgoptm HTTP/1.1" 200 5698 "-" "WordPress/6.6.2; https://grupo-seg.com"
89.248.107.232 - - [21/Sep/2026:04:39:03 +0200] "POST /wp-cron.php?doing_wp_cron=1789958343.7038569450378417968750 HTTP/1.1" 200 5512 "-" "WordPress/6.6.2; https://grupo-seg.com"
40.77.167.67 - - [21/Sep/2026:04:39:03 +0200] "GET /wp-json/wp/v2/pages/1460 HTTP/1.1" 200 39375 "-" "Mozilla/5.0 AppleWebKit/537.36 (KHTML, like Gecko; compatible; bingbot/2.0; +http://www.bing.com/bingbot.htm) Chrome/116.0.1938.76 Safari/537.36"
89.248.107.232 - - [21/Sep/2026:04:40:18 +0200] "POST /wp-cron.php?doing_wp_cron=1789958418.5178198814392089843750 HTTP/1.1" 200 5512 "-" "WordPress/6.6.2; https://grupo-seg.com"
52.167.144.213 - - [21/Sep/2026:04:40:18 +0200] "GET /tnsl1474144ciirm/tdoeusptd HTTP/1.1" 404 97436 "-" "Mozilla/5.0 AppleWebKit/537.36 (KHTML, like Gecko; compatible; bingbot/2.0; +http://www.bing.com/bingbot.htm) Chrome/116.0.1938.76 Safari/537.36"
89.248.107.232 - - [21/Sep/2026:04:40:19 +0200] "POST /wp-admin/admin-ajax.php?action=async_litespeed&nonce=b4cc4c672a&litespeed_type=imgoptm HTTP/1.1" 200 5698 "-" "WordPress/6.6.2; https://grupo-seg.com"
89.248.107.232 - - [21/Sep/2026:04:40:52 +0200] "POST /wp-cron.php?doing_wp_cron=1789958452.5081191062927246093750 HTTP/1.1" 200 5512 "-" "WordPress/6.6.2; https://grupo-seg.com/en/"
89.248.107.232 - - [21/Sep/2026:04:40:53 +0200] "POST /wp-admin/admin-ajax.php?action=async_litespeed&nonce=b4cc4c672a&litespeed_type=imgoptm HTTP/1.1" 200 5698 "-" "WordPress/6.6.2; https://grupo-seg.com"
95.170.203.162 - - [21/Sep/2026:04:40:52 +0200] "GET /en/about-us/ HTTP/1.1" 200 256214 "https://www.google.com/" "Mozilla/5.0 (Windows NT 10.0; Win64; x64) AppleWebKit/537.36 (KHTML, like Gecko) Chrome/153.0.0.0 Safari/537.36"
95.170.203.162 - - [21/Sep/2026:04:40:54 +0200] "POST /wp-content/plugins/litespeed-cache/guest.vary.php HTTP/1.1" 403 6501 "https://grupo-seg.com/en/about-us/" "Mozilla/5.0 (Windows NT 10.0; Win64; x64) AppleWebKit/537.36 (KHTML, like Gecko) Chrome/153.0.0.0 Safari/537.36"
89.248.107.232 - - [21/Sep/2026:04:41:10 +0200] "POST /wp-cron.php?doing_wp_cron=1789958470.5568680763244628906250 HTTP/1.1" 200 5512 "-" "WordPress/6.6.2; https://grupo-seg.com/en/"
116.204.74.138 - - [21/Sep/2026:04:41:10 +0200] "GET /en/advances-in-the-green-corridor-of-the-seventh-in-bogota/ HTTP/1.1" 200 123180 "-" "Mozilla/5.0 (Windows NT 10.0; Win64; x64) AppleWebKit/537.36 (KHTML, like Gecko) Chrome/148.0.0.0 Safari/537.36"
116.204.74.138 - - [21/Sep/2026:04:41:12 +0200] "POST /wp-content/plugins/litespeed-cache/guest.vary.php HTTP/1.1" 403 6501 "https://grupo-seg.com/en/advances-in-the-green-corridor-of-the-seventh-in-bogota/" "Mozilla/5.0 (Windows NT 10.0; Win64; x64) AppleWebKit/537.36 (KHTML, like Gecko) Chrome/148.0.0.0 Safari/537.36"
40.77.167.26 - - [21/Sep/2026:04:41:15 +0200] "GET /orycterope3e/empleo.html HTTP/1.1" 301 5683 "-" "Mozilla/5.0 AppleWebKit/537.36 (KHTML, like Gecko; compatible; bingbot/2.0; +http://www.bing.com/bingbot.htm) Chrome/116.0.1938.76 Safari/537.36"
40.77.167.26 - - [21/Sep/2026:04:41:18 +0200] "GET /jyapakusu/empresa.html HTTP/1.1" 301 5681 "-" "Mozilla/5.0 AppleWebKit/537.36 (KHTML, like Gecko; compatible; bingbot/2.0; +http://www.bing.com/bingbot.htm) Chrome/116.0.1938.76 Safari/537.36"
89.248.107.232 - - [21/Sep/2026:04:42:31 +0200] "POST /wp-cron.php?doing_wp_cron=1789958551.7179739475250244140625 HTTP/1.1" 200 5512 "-" "WordPress/6.6.2; https://grupo-seg.com"
52.167.144.213 - - [21/Sep/2026:04:42:31 +0200] "GET /rmsy830949itidseutmoprcd.htm HTTP/1.1" 404 97436 "-" "Mozilla/5.0 AppleWebKit/537.36 (KHTML, like Gecko; compatible; bingbot/2.0; +http://www.bing.com/bingbot.htm) Chrome/116.0.1938.76 Safari/537.36"
89.248.107.232 - - [21/Sep/2026:04:42:32 +0200] "POST /wp-admin/admin-ajax.php?action=async_litespeed&nonce=b4cc4c672a&litespeed_type=imgoptm HTTP/1.1" 200 5698 "-" "WordPress/6.6.2; https://grupo-seg.com"
89.248.107.232 - - [21/Sep/2026:04:42:45 +0200] "POST /wp-cron.php?doing_wp_cron=1789958565.1419920921325683593750 HTTP/1.1" 200 5512 "-" "WordPress/6.6.2; https://grupo-seg.com"
137.74.192.205 - - [21/Sep/2026:04:42:44 +0200] "POST /xmlrpc.php HTTP/1.1" 503 25074 "-" "Mozilla/5.0 (Windows NT 10.0) AppleWebKit/537.36 (KHTML, like Gecko) Chrome/138.0.0.0 Safari/537.36 Edg/138.0.0.0"
89.248.107.232 - - [21/Sep/2026:04:43:12 +0200] "POST /wp-cron.php?doing_wp_cron=1789958592.3274950981140136718750 HTTP/1.1" 200 5512 "-" "WordPress/6.6.2; https://grupo-seg.com"
126.91.230.205 - - [21/Sep/2026:04:43:11 +0200] "GET /wp-login.php HTTP/1.1" 200 13732 "https://serynco.es/" "Mozilla/5.0 (Macintosh; Intel Mac OS X 10_15_7) AppleWebKit/537.36 (KHTML, like Gecko) Chrome/151.0.0.0 Safari/537.36"
89.248.107.232 - - [21/Sep/2026:04:43:17 +0200] "POST /wp-cron.php?doing_wp_cron=1789958597.3482339382171630859375 HTTP/1.1" 200 5512 "-" "WordPress/6.6.2; https://grupo-seg.com"
138.64.115.149 - - [21/Sep/2026:04:43:16 +0200] "POST /wp-login.php HTTP/1.1" 200 14224 "https://serynco.es/wp-login.php" "Mozilla/5.0 (Macintosh; Intel Mac OS X 10_15_7) AppleWebKit/537.36 (KHTML, like Gecko) Chrome/151.0.0.0 Safari/537.36"
89.248.107.232 - - [21/Sep/2026:04:44:20 +0200] "POST /wp-cron.php?doing_wp_cron=1789958660.3274629116058349609375 HTTP/1.1" 200 5512 "-" "WordPress/6.6.2; https://grupo-seg.com"
52.167.144.213 - - [21/Sep/2026:04:44:19 +0200] "GET /dipterocarpus6b-jamkr19a.html HTTP/1.1" 404 97436 "-" "Mozilla/5.0 AppleWebKit/537.36 (KHTML, like Gecko; compatible; bingbot/2.0; +http://www.bing.com/bingbot.htm) Chrome/116.0.1938.76 Safari/537.36"
89.248.107.232 - - [21/Sep/2026:04:44:20 +0200] "POST /wp-admin/admin-ajax.php?action=async_litespeed&nonce=b4cc4c672a&litespeed_type=imgoptm HTTP/1.1" 200 5698 "-" "WordPress/6.6.2; https://grupo-seg.com"
89.248.107.232 - - [21/Sep/2026:04:45:13 +0200] "POST /wp-cron.php?doing_wp_cron=1789958713.1996850967407226562500 HTTP/1.1" 200 5512 "-" "WordPress/6.6.2; https://grupo-seg.com"
32.193.37.124 - - [21/Sep/2026:04:45:12 +0200] "GET /robots.txt HTTP/1.1" 301 5576 "-" "Mozilla/5.0 (Macintosh; Intel Mac OS X 10_10_1) AppleWebKit/600.2.5 (KHTML, like Gecko) Version/8.0.2 Safari/600.2.5 (Gort)"
52.5.64.200 - - [21/Sep/2026:04:45:13 +0200] "GET /robots.txt HTTP/1.1" 200 5679 "-" "Mozilla/5.0 (Macintosh; Intel Mac OS X 10_10_1) AppleWebKit/600.2.5 (KHTML, like Gecko) Version/8.0.2 Safari/600.2.5 (Gort)"
89.248.107.232 - - [21/Sep/2026:04:45:13 +0200] "POST /wp-admin/admin-ajax.php?action=async_litespeed&nonce=b4cc4c672a&litespeed_type=imgoptm HTTP/1.1" 200 5698 "-" "WordPress/6.6.2; https://grupo-seg.com"
89.248.107.232 - - [21/Sep/2026:04:46:56 +0200] "POST /wp-cron.php?doing_wp_cron=1789958816.6393730640411376953125 HTTP/1.1" 200 5512 "-" "WordPress/6.6.2; https://grupo-seg.com"
173.239.240.246 - - [21/Sep/2026:04:46:56 +0200] "POST /wp-login.php HTTP/1.1" 503 25291 "-" "Mozilla/5.0 (Windows NT 10.0; Win64; x64) AppleWebKit/537.36 Chrome/129.0.0.0 Safari/537.36"
89.248.107.232 - - [21/Sep/2026:04:46:57 +0200] "POST /wp-admin/admin-ajax.php?action=async_litespeed&nonce=b4cc4c672a&litespeed_type=imgoptm HTTP/1.1" 200 5698 "-" "WordPress/6.6.2; https://grupo-seg.com"
89.248.107.232 - - [21/Sep/2026:04:48:24 +0200] "POST /wp-cron.php?doing_wp_cron=1789958904.7615399360656738281250 HTTP/1.1" 200 5512 "-" "WordPress/6.6.2; https://grupo-seg.com"
152.53.81.27 - - [21/Sep/2026:04:48:24 +0200] "HEAD / HTTP/1.1" 200 5715 "https://seg-sa.es/" "Mozilla/5.0 (Windows NT 10.0; Win64; x64) AppleWebKit/537.36 (KHTML, like Gecko) Chrome/124.0.0.0 Safari/537.36"
152.53.81.27 - - [21/Sep/2026:04:48:25 +0200] "GET /leadership HTTP/1.1" 404 97436 "https://seg-sa.es/leadership" "Mozilla/5.0 (Windows NT 10.0; Win64; x64) AppleWebKit/537.36 (KHTML, like Gecko) Chrome/124.0.0.0 Safari/537.36"
89.248.107.232 - - [21/Sep/2026:04:48:25 +0200] "POST /wp-admin/admin-ajax.php?action=async_litespeed&nonce=b4cc4c672a&litespeed_type=imgoptm HTTP/1.1" 200 5698 "-" "WordPress/6.6.2; https://grupo-seg.com"
152.53.81.27 - - [21/Sep/2026:04:48:25 +0200] "GET /contact HTTP/1.1" 301 5668 "https://seg-sa.es/contact" "Mozilla/5.0 (Windows NT 10.0; Win64; x64) AppleWebKit/537.36 (KHTML, like Gecko) Chrome/124.0.0.0 Safari/537.36"
152.53.81.27 - - [21/Sep/2026:04:48:25 +0200] "GET /people HTTP/1.1" 404 97436 "https://seg-sa.es/people" "Mozilla/5.0 (Windows NT 10.0; Win64; x64) AppleWebKit/537.36 (KHTML, like Gecko) Chrome/124.0.0.0 Safari/537.36"
152.53.81.27 - - [21/Sep/2026:04:48:25 +0200] "GET / HTTP/1.1" 200 165847 "https://seg-sa.es/" "Mozilla/5.0 (Windows NT 10.0; Win64; x64) AppleWebKit/537.36 (KHTML, like Gecko) Chrome/124.0.0.0 Safari/537.36"
152.53.81.27 - - [21/Sep/2026:04:48:25 +0200] "GET /staff HTTP/1.1" 404 97436 "https://seg-sa.es/staff" "Mozilla/5.0 (Windows NT 10.0; Win64; x64) AppleWebKit/537.36 (KHTML, like Gecko) Chrome/124.0.0.0 Safari/537.36"
152.53.81.27 - - [21/Sep/2026:04:48:25 +0200] "GET /about HTTP/1.1" 301 5674 "https://seg-sa.es/about" "Mozilla/5.0 (Windows NT 10.0; Win64; x64) AppleWebKit/537.36 (KHTML, like Gecko) Chrome/124.0.0.0 Safari/537.36"
152.53.81.27 - - [21/Sep/2026:04:48:25 +0200] "GET /team HTTP/1.1" 404 97436 "https://seg-sa.es/team" "Mozilla/5.0 (Windows NT 10.0; Win64; x64) AppleWebKit/537.36 (KHTML, like Gecko) Chrome/124.0.0.0 Safari/537.36"
152.53.81.27 - - [21/Sep/2026:04:48:27 +0200] "GET /contacto/ HTTP/1.1" 200 199540 "https://grupo-seg.com/contact" "Mozilla/5.0 (Windows NT 10.0; Win64; x64) AppleWebKit/537.36 (KHTML, like Gecko) Chrome/124.0.0.0 Safari/537.36"
152.53.81.27 - - [21/Sep/2026:04:48:28 +0200] "GET /sobre-nosotros/ HTTP/1.1" 200 257603 "https://grupo-seg.com/about" "Mozilla/5.0 (Windows NT 10.0; Win64; x64) AppleWebKit/537.36 (KHTML, like Gecko) Chrome/124.0.0.0 Safari/537.36"
152.53.81.27 - - [21/Sep/2026:04:48:31 +0200] "GET / HTTP/1.1" 200 165817 "https://seg-sa.es/" "Mozilla/5.0 (Windows NT 10.0; Win64; x64) AppleWebKit/537.36 (KHTML, like Gecko) Chrome/124.0.0.0 Safari/537.36"
152.53.81.27 - - [21/Sep/2026:04:48:32 +0200] "GET /sitemap.xml HTTP/1.1" 302 5555 "https://seg-sa.es/sitemap.xml" "Mozilla/5.0 (Windows NT 10.0; Win64; x64) AppleWebKit/537.36 (KHTML, like Gecko) Chrome/124.0.0.0 Safari/537.36"
152.53.81.27 - - [21/Sep/2026:04:48:33 +0200] "GET /wp-sitemap.xml HTTP/1.1" 200 6217 "https://grupo-seg.com/sitemap.xml" "Mozilla/5.0 (Windows NT 10.0; Win64; x64) AppleWebKit/537.36 (KHTML, like Gecko) Chrome/124.0.0.0 Safari/537.36"
152.53.81.27 - - [21/Sep/2026:04:48:33 +0200] "GET /.well-known/security.txt HTTP/1.1" 404 97421 "https://seg-sa.es/.well-known/security.txt" "Mozilla/5.0 (Windows NT 10.0; Win64; x64) AppleWebKit/537.36 (KHTML, like Gecko) Chrome/124.0.0.0 Safari/537.36"
152.53.81.27 - - [21/Sep/2026:04:48:35 +0200] "GET /security.txt HTTP/1.1" 404 97421 "https://seg-sa.es/security.txt" "Mozilla/5.0 (Windows NT 10.0; Win64; x64) AppleWebKit/537.36 (KHTML, like Gecko) Chrome/124.0.0.0 Safari/537.36"
89.248.107.232 - - [21/Sep/2026:04:48:43 +0200] "POST /wp-cron.php?doing_wp_cron=1789958923.2125959396362304687500 HTTP/1.1" 200 5512 "-" "WordPress/6.6.2; https://grupo-seg.com"
62.60.130.199 - - [21/Sep/2026:04:48:42 +0200] "GET /wp-login.php HTTP/1.1" 200 13732 "-" "Mozilla/5.0 (Windows NT 11.0; Win64; x64) AppleWebKit/537.36 (KHTML, like Gecko) Chrome/121.0.0.0 Safari/537.36"
62.60.130.199 - - [21/Sep/2026:04:48:43 +0200] "GET /?author=1 HTTP/1.1" 404 73801 "-" "Mozilla/5.0 (Macintosh; Intel Mac OS X 10_15_7) AppleWebKit/537.36 (KHTML, like Gecko) Chrome/120.0.0.0 Safari/537.36"
62.60.130.199 - - [21/Sep/2026:04:48:44 +0200] "GET /?author=2 HTTP/1.1" 404 73801 "-" "Mozilla/5.0 (Windows NT 11.0; Win64; x64) AppleWebKit/537.36 (KHTML, like Gecko) Chrome/121.0.0.0 Safari/537.36"
62.60.130.199 - - [21/Sep/2026:04:48:45 +0200] "GET /?author=3 HTTP/1.1" 404 73801 "-" "Mozilla/5.0 (Windows NT 10.0; Win64; x64) AppleWebKit/537.36 (KHTML, like Gecko) Chrome/120.0.0.0 Safari/537.36"
62.60.130.199 - - [21/Sep/2026:04:48:45 +0200] "GET /?author=4 HTTP/1.1" 404 73801 "-" "Mozilla/5.0 (X11; Linux x86_64) AppleWebKit/537.36 (KHTML, like Gecko) Chrome/120.0.0.0 Safari/537.36"
62.60.130.199 - - [21/Sep/2026:04:48:46 +0200] "GET /?author=5 HTTP/1.1" 404 73801 "-" "Mozilla/5.0 (Windows NT 10.0; Win64; x64) AppleWebKit/537.36 (KHTML, like Gecko) Chrome/120.0.0.0 Safari/537.36"
62.60.130.199 - - [21/Sep/2026:04:48:47 +0200] "GET /?author=6 HTTP/1.1" 404 73801 "-" "Mozilla/5.0 (Macintosh; Intel Mac OS X 10_15_7) AppleWebKit/537.36 (KHTML, like Gecko) Chrome/120.0.0.0 Safari/537.36"
74.7.229.193 - - [21/Sep/2026:04:48:47 +0200] "GET /en/contact/ HTTP/1.1" 200 199625 "-" "Mozilla/5.0 (Macintosh; Intel Mac OS X 10_15_7) AppleWebKit/537.36 (KHTML, like Gecko) Chrome/131.0.0.0 Safari/537.36; compatible; OAI-SearchBot/1.4; +https://openai.com/searchbot"
62.60.130.199 - - [21/Sep/2026:04:48:49 +0200] "GET /?author=7 HTTP/1.1" 404 73720 "-" "Mozilla/5.0 (Windows NT 10.0; Win64; x64; rv:121.0) Gecko/20100101 Firefox/121.0"
62.60.130.199 - - [21/Sep/2026:04:48:50 +0200] "GET /?author=8 HTTP/1.1" 404 73720 "-" "Mozilla/5.0 (Windows NT 11.0; Win64; x64) AppleWebKit/537.36 (KHTML, like Gecko) Chrome/121.0.0.0 Safari/537.36"
62.60.130.199 - - [21/Sep/2026:04:48:51 +0200] "GET /?author=9 HTTP/1.1" 404 73801 "-" "Mozilla/5.0 (Macintosh; Intel Mac OS X 10_15_7) AppleWebKit/537.36 (KHTML, like Gecko) Chrome/120.0.0.0 Safari/537.36"
62.60.130.199 - - [21/Sep/2026:04:48:51 +0200] "GET /?rest_route=/wp/v2/users&per_page=30&orderby=id&order=asc HTTP/1.1" 401 5951 "-" "Mozilla/5.0 (X11; Linux x86_64) AppleWebKit/537.36 (KHTML, like Gecko) Chrome/120.0.0.0 Safari/537.36"
62.60.130.199 - - [21/Sep/2026:04:48:52 +0200] "GET /?feed=feed HTTP/1.1" 301 5669 "-" "Mozilla/5.0 (Windows NT 10.0; Win64; x64) AppleWebKit/537.36 (KHTML, like Gecko) Chrome/120.0.0.0 Safari/537.36"
62.60.130.199 - - [21/Sep/2026:04:48:52 +0200] "GET /feed/ HTTP/1.1" 200 100998 "-" "Mozilla/5.0 (Windows NT 10.0; Win64; x64) AppleWebKit/537.36 (KHTML, like Gecko) Chrome/120.0.0.0 Safari/537.36"
89.248.107.232 - - [21/Sep/2026:04:50:01 +0200] "POST /wp-cron.php?doing_wp_cron=1789959001.6195800304412841796875 HTTP/1.1" 200 5512 "-" "WordPress/6.6.2; https://grupo-seg.com"
34.79.30.146 - - [21/Sep/2026:04:50:01 +0200] "GET / HTTP/1.1" 200 165847 "-" "python-requests/2.34.2"
89.248.107.232 - - [21/Sep/2026:04:50:02 +0200] "POST /wp-admin/admin-ajax.php?action=async_litespeed&nonce=b4cc4c672a&litespeed_type=imgoptm HTTP/1.1" 200 5698 "-" "WordPress/6.6.2; https://grupo-seg.com"
89.248.107.232 - - [21/Sep/2026:04:50:29 +0200] "POST /wp-cron.php?doing_wp_cron=1789959029.8165419101715087890625 HTTP/1.1" 200 5512 "-" "WordPress/6.6.2; https://grupo-seg.com"
40.77.167.38 - - [21/Sep/2026:04:50:29 +0200] "GET /arqk1689406dstgioi/contacto.html HTTP/1.1" 404 97421 "-" "Mozilla/5.0 AppleWebKit/537.36 (KHTML, like Gecko; compatible; bingbot/2.0; +http://www.bing.com/bingbot.htm) Chrome/116.0.1938.76 Safari/537.36"
168.138.205.35 - - [21/Sep/2026:04:50:30 +0200] "GET /?rest_route=/batch/v1 HTTP/1.1" 404 5968 "-" "cve-2026-63030/1.0"
89.248.107.232 - - [21/Sep/2026:04:50:30 +0200] "POST /wp-admin/admin-ajax.php?action=async_litespeed&nonce=b4cc4c672a&litespeed_type=imgoptm HTTP/1.1" 200 5698 "-" "WordPress/6.6.2; https://grupo-seg.com"
35.198.113.100 - - [21/Sep/2026:04:50:31 +0200] "GET /portfolio/estudio-de-ingenieria-del-puente-maipo/ HTTP/1.1" 200 116606 "-" "LinkupBot/1.0 (LinkupBot for web indexing; https://linkup.so/bot; bot@linkup.so)"
35.198.113.100 - - [21/Sep/2026:04:50:33 +0200] "GET /portfolio/estudio-de-pre-inversion-a-nivel-de-perfil-para-el-mejoramiento-del-corredor-vial-emp-pe-3s-por-niveles-de-servicio/ HTTP/1.1" 200 117685 "-" "LinkupBot/1.0 (LinkupBot for web indexing; https://linkup.so/bot; bot@linkup.so)"
35.198.113.100 - - [21/Sep/2026:04:50:35 +0200] "GET /category/actualidad/ HTTP/1.1" 200 116537 "-" "LinkupBot/1.0 (LinkupBot for web indexing; https://linkup.so/bot; bot@linkup.so)"
35.198.113.100 - - [21/Sep/2026:04:50:37 +0200] "GET /en/portfolio/improvement-and-expansion-of-the-jinotepe-sanitary-sewer-system/ HTTP/1.1" 200 117318 "-" "LinkupBot/1.0 (LinkupBot for web indexing; https://linkup.so/bot; bot@linkup.so)"
89.248.107.232 - - [21/Sep/2026:04:50:40 +0200] "POST /wp-cron.php?doing_wp_cron=1789959040.1170170307159423828125 HTTP/1.1" 200 5512 "-" "WordPress/6.6.2; https://grupo-seg.com"
52.167.144.213 - - [21/Sep/2026:04:50:39 +0200] "GET /twuk609716sdpitsomit.html HTTP/1.1" 404 97436 "-" "Mozilla/5.0 AppleWebKit/537.36 (KHTML, like Gecko; compatible; bingbot/2.0; +http://www.bing.com/bingbot.htm) Chrome/116.0.1938.76 Safari/537.36"
35.198.113.100 - - [21/Sep/2026:04:50:39 +0200] "GET /portfolio/acuerdo-marco-de-control-de-calidad-y-supervision-de-obra-de-centros-educativos-en-la-comunidad-de-madrid/ HTTP/1.1" 200 117655 "-" "LinkupBot/1.0 (LinkupBot for web indexing; https://linkup.so/bot; bot@linkup.so)"
217.169.104.209 - - [21/Sep/2026:04:50:40 +0200] "POST /xmlrpc.php HTTP/1.1" 503 25074 "-" "Mozilla/5.0 (Windows NT 10.0; rv:140.0) Gecko/20100101 Firefox/140.0"
89.248.107.232 - - [21/Sep/2026:04:50:43 +0200] "POST /wp-cron.php?doing_wp_cron=1789959042.9523310661315917968750 HTTP/1.1" 200 5512 "-" "WordPress/6.6.2; https://grupo-seg.com/en/"
35.198.113.100 - - [21/Sep/2026:04:50:42 +0200] "GET /en/portfolio/construction-management-for-the-rehabilitation-of-the-runways-at-the-tacna-airport-and-the-arequipa-airport/ HTTP/1.1" 200 117877 "-" "LinkupBot/1.0 (LinkupBot for web indexing; https://linkup.so/bot; bot@linkup.so)"
35.198.113.100 - - [21/Sep/2026:04:50:44 +0200] "GET /en/portfolio/drafting-of-construction-project-for-the-expansion-of-sidings/ HTTP/1.1" 200 117235 "-" "LinkupBot/1.0 (LinkupBot for web indexing; https://linkup.so/bot; bot@linkup.so)"
35.198.113.100 - - [21/Sep/2026:04:50:47 +0200] "GET /en/portfolio/technical-supervision-of-the-project-study-design-and-construction-of-the-structural-rehabilitation-project-for-the-marine-section-of-the-southern-corridor/ HTTP/1.1" 200 118472 "-" "LinkupBot/1.0 (LinkupBot for web indexing; https://linkup.so/bot; bot@linkup.so)"
89.248.107.232 - - [21/Sep/2026:04:50:56 +0200] "POST /wp-cron.php?doing_wp_cron=1789959056.1993720531463623046875 HTTP/1.1" 200 5512 "-" "WordPress/6.6.2; https://grupo-seg.com"
40.77.167.4 - - [21/Sep/2026:04:50:55 +0200] "GET /gqsh480489dstsicddproutipo.htm HTTP/1.1" 404 97421 "-" "Mozilla/5.0 AppleWebKit/537.36 (KHTML, like Gecko; compatible; bingbot/2.0; +http://www.bing.com/bingbot.htm) Chrome/116.0.1938.76 Safari/537.36"
89.248.107.232 - - [21/Sep/2026:04:51:09 +0200] "POST /wp-cron.php?doing_wp_cron=1789959069.0562698841094970703125 HTTP/1.1" 200 5512 "-" "WordPress/6.6.2; https://grupo-seg.com"
191.235.99.172 - - [21/Sep/2026:04:51:08 +0200] "GET / HTTP/1.1" 200 165847 "-" "Mozilla/5.0 AppleWebKit/537.36 (KHTML, like Gecko); compatible; ChatGPT-User/1.0; +https://openai.com/bot"
89.248.107.232 - - [21/Sep/2026:04:51:12 +0200] "POST /wp-cron.php?doing_wp_cron=1789959072.7759981155395507812500 HTTP/1.1" 200 5512 "-" "WordPress/6.6.2; https://grupo-seg.com"
40.77.167.3 - - [21/Sep/2026:04:51:12 +0200] "GET /unattached180/contacto.html HTTP/1.1" 301 5686 "-" "Mozilla/5.0 AppleWebKit/537.36 (KHTML, like Gecko; compatible; bingbot/2.0; +http://www.bing.com/bingbot.htm) Chrome/116.0.1938.76 Safari/537.36"
89.248.107.232 - - [21/Sep/2026:04:52:12 +0200] "POST /wp-cron.php?doing_wp_cron=1789959132.1658310890197753906250 HTTP/1.1" 200 5512 "-" "WordPress/6.6.2; https://grupo-seg.com"
198.244.183.182 - - [21/Sep/2026:04:52:11 +0200] "GET /wp-sitemap.xml HTTP/1.1" 200 6217 "-" "Mozilla/5.0 (compatible; AhrefsBot/7.0; +http://ahrefs.com/robot/)"
89.248.107.232 - - [21/Sep/2026:04:52:12 +0200] "POST /wp-admin/admin-ajax.php?action=async_litespeed&nonce=b4cc4c672a&litespeed_type=imgoptm HTTP/1.1" 200 5698 "-" "WordPress/6.6.2; https://grupo-seg.com"
51.195.244.36 - - [21/Sep/2026:04:52:12 +0200] "GET /wp-sitemap-posts-post-1.xml HTTP/1.1" 200 8170 "-" "Mozilla/5.0 (compatible; AhrefsBot/7.0; +http://ahrefs.com/robot/)"
198.244.226.134 - - [21/Sep/2026:04:52:13 +0200] "GET /wp-sitemap-posts-page-1.xml HTTP/1.1" 200 9189 "-" "Mozilla/5.0 (compatible; AhrefsBot/7.0; +http://ahrefs.com/robot/)"
198.244.240.144 - - [21/Sep/2026:04:52:14 +0200] "GET /wp-sitemap-posts-portfolio-1.xml HTTP/1.1" 200 17286 "-" "Mozilla/5.0 (compatible; AhrefsBot/7.0; +http://ahrefs.com/robot/)"
51.195.244.32 - - [21/Sep/2026:04:52:15 +0200] "GET /wp-sitemap-posts-mgeo_map-1.xml HTTP/1.1" 200 6011 "-" "Mozilla/5.0 (compatible; AhrefsBot/7.0; +http://ahrefs.com/robot/)"
51.89.129.74 - - [21/Sep/2026:04:52:16 +0200] "GET /wp-sitemap-taxonomies-category-1.xml HTTP/1.1" 200 6256 "-" "Mozilla/5.0 (compatible; AhrefsBot/7.0; +http://ahrefs.com/robot/)"
51.195.244.154 - - [21/Sep/2026:04:52:17 +0200] "GET /wp-sitemap-taxonomies-project-type-1.xml HTTP/1.1" 200 6924 "-" "Mozilla/5.0 (compatible; AhrefsBot/7.0; +http://ahrefs.com/robot/)"
89.248.107.232 - - [21/Sep/2026:04:54:07 +0200] "POST /wp-cron.php?doing_wp_cron=1789959247.1824889183044433593750 HTTP/1.1" 200 5512 "-" "WordPress/6.6.2; https://grupo-seg.com"
177.121.61.111 - - [21/Sep/2026:04:54:06 +0200] "GET /category/chile HTTP/1.1" 301 5581 "https://grupo-seg.com/" "Mozilla/5.0 (Windows NT 10.0; Win64; x64) AppleWebKit/537.36 (KHTML, like Gecko) Chrome/73.0.2010.143 Safari/537.36"
89.248.107.232 - - [21/Sep/2026:04:54:07 +0200] "POST /wp-admin/admin-ajax.php?action=async_litespeed&nonce=b4cc4c672a&litespeed_type=imgoptm HTTP/1.1" 200 5698 "-" "WordPress/6.6.2; https://grupo-seg.com"
177.121.61.111 - - [21/Sep/2026:04:54:07 +0200] "GET /category/chile/ HTTP/1.1" 200 102512 "https://grupo-seg.com/" "Mozilla/5.0 (Windows NT 10.0; Win64; x64) AppleWebKit/537.36 (KHTML, like Gecko) Chrome/73.0.2010.143 Safari/537.36"
89.248.107.232 - - [21/Sep/2026:04:56:49 +0200] "POST /wp-cron.php?doing_wp_cron=1789959409.6122291088104248046875 HTTP/1.1" 200 5512 "-" "WordPress/6.6.2; https://grupo-seg.com"
193.36.225.21 - - [21/Sep/2026:04:56:49 +0200] "POST /wp-login.php HTTP/1.1" 503 25291 "-" "Mozilla/5.0 (Windows NT 10.0; Win64; x64) AppleWebKit/537.36 Chrome/129.0.0.0 Safari/537.36"
89.248.107.232 - - [21/Sep/2026:04:56:50 +0200] "POST /wp-admin/admin-ajax.php?action=async_litespeed&nonce=b4cc4c672a&litespeed_type=imgoptm HTTP/1.1" 200 5698 "-" "WordPress/6.6.2; https://grupo-seg.com"
89.248.107.232 - - [21/Sep/2026:04:57:17 +0200] "POST /wp-cron.php?doing_wp_cron=1789959437.3700549602508544921875 HTTP/1.1" 200 5512 "-" "WordPress/6.6.2; https://grupo-seg.com"
40.77.167.3 - - [21/Sep/2026:04:57:16 +0200] "GET /rmsy603509diddoot/soipsgs.html HTTP/1.1" 301 5689 "-" "Mozilla/5.0 AppleWebKit/537.36 (KHTML, like Gecko; compatible; bingbot/2.0; +http://www.bing.com/bingbot.htm) Chrome/116.0.1938.76 Safari/537.36"
40.77.167.38 - - [21/Sep/2026:04:57:24 +0200] "GET /abcd786228ctriedusipotmd HTTP/1.1" 404 97421 "-" "Mozilla/5.0 AppleWebKit/537.36 (KHTML, like Gecko; compatible; bingbot/2.0; +http://www.bing.com/bingbot.htm) Chrome/116.0.1938.76 Safari/537.36"
89.248.107.232 - - [21/Sep/2026:04:57:27 +0200] "POST /wp-cron.php?doing_wp_cron=1789959447.6707739830017089843750 HTTP/1.1" 200 5512 "-" "WordPress/6.6.2; https://grupo-seg.com"
40.77.167.38 - - [21/Sep/2026:04:57:27 +0200] "GET /elsr1626111ooidesisgtmd.htm HTTP/1.1" 404 97421 "-" "Mozilla/5.0 AppleWebKit/537.36 (KHTML, like Gecko; compatible; bingbot/2.0; +http://www.bing.com/bingbot.htm) Chrome/116.0.1938.76 Safari/537.36"
89.248.107.232 - - [21/Sep/2026:04:57:28 +0200] "POST /wp-admin/admin-ajax.php?action=async_litespeed&nonce=b4cc4c672a&litespeed_type=imgoptm HTTP/1.1" 200 5698 "-" "WordPress/6.6.2; https://grupo-seg.com"
40.77.167.38 - - [21/Sep/2026:04:57:30 +0200] "GET /ahjv182956tiptiss/odsem.htm HTTP/1.1" 404 97436 "-" "Mozilla/5.0 AppleWebKit/537.36 (KHTML, like Gecko; compatible; bingbot/2.0; +http://www.bing.com/bingbot.htm) Chrome/116.0.1938.76 Safari/537.36"
89.248.107.232 - - [21/Sep/2026:04:58:12 +0200] "POST /wp-cron.php?doing_wp_cron=1789959491.9860529899597167968750 HTTP/1.1" 200 5512 "-" "WordPress/6.6.2; https://grupo-seg.com"
51.254.25.239 - - [21/Sep/2026:04:58:11 +0200] "GET /contactanos/ HTTP/1.1" 301 5671 "https://www.grupo-seg.com/contactanos/" "Mozilla/5.0 (Windows NT 10.0; Win64; x64) AppleWebKit/537.36 (KHTML, like Gecko) Chrome/130.0.0.0 Safari/537.36"
51.254.25.239 - - [21/Sep/2026:04:58:12 +0200] "GET /contactanos/ HTTP/1.1" 404 97436 "https://grupo-seg.com/contactanos/" "Mozilla/5.0 (Windows NT 10.0; Win64; x64) AppleWebKit/537.36 (KHTML, like Gecko) Chrome/130.0.0.0 Safari/537.36"
51.254.25.239 - - [21/Sep/2026:04:58:13 +0200] "GET /contacto/ HTTP/1.1" 200 199540 "https://grupo-seg.com/contacto/" "Mozilla/5.0 (Windows NT 10.0; Win64; x64) AppleWebKit/537.36 (KHTML, like Gecko) Chrome/130.0.0.0 Safari/537.36"
89.248.107.232 - - [21/Sep/2026:04:58:51 +0200] "POST /wp-cron.php?doing_wp_cron=1789959531.2073440551757812500000 HTTP/1.1" 200 5512 "-" "WordPress/6.6.2; https://grupo-seg.com/en/"
79.106.123.24 - - [21/Sep/2026:04:58:50 +0200] "GET /en/expansion-of-desanding-tanks-at-hidroabanico HTTP/1.1" 301 5606 "https://grupo-seg.com/" "Mozilla/5.0 (Windows NT 6.0; Win64; x64) AppleWebKit/537.36 (KHTML, like Gecko) Chrome/66.0.2096.78 Safari/537.36"
89.248.107.232 - - [21/Sep/2026:04:58:52 +0200] "POST /wp-admin/admin-ajax.php?action=async_litespeed&nonce=b4cc4c672a&litespeed_type=imgoptm HTTP/1.1" 200 5698 "-" "WordPress/6.6.2; https://grupo-seg.com"
79.106.123.24 - - [21/Sep/2026:04:58:51 +0200] "GET /en/portfolio/expansion-of-desanding-tanks-at-hidroabanico/ HTTP/1.1" 200 117029 "https://grupo-seg.com/" "Mozilla/5.0 (Windows NT 6.0; Win64; x64) AppleWebKit/537.36 (KHTML, like Gecko) Chrome/66.0.2096.78 Safari/537.36"
89.248.107.232 - - [21/Sep/2026:05:00:52 +0200] "POST /wp-cron.php?doing_wp_cron=1789959652.2065470218658447265625 HTTP/1.1" 200 5512 "-" "WordPress/6.6.2; https://grupo-seg.com"
216.211.56.150 - - [21/Sep/2026:05:00:51 +0200] "GET /category/peru HTTP/1.1" 301 5580 "https://grupo-seg.com/" "Mozilla/5.0 (Windows NT 6.0; Win64; x64) AppleWebKit/537.36 (KHTML, like Gecko) Chrome/63.0.3830.64 Safari/537.36"
89.248.107.232 - - [21/Sep/2026:05:00:52 +0200] "POST /wp-admin/admin-ajax.php?action=async_litespeed&nonce=b4cc4c672a&litespeed_type=imgoptm HTTP/1.1" 200 5698 "-" "WordPress/6.6.2; https://grupo-seg.com"
216.211.56.150 - - [21/Sep/2026:05:00:52 +0200] "GET /category/peru/ HTTP/1.1" 200 106663 "https://grupo-seg.com/" "Mozilla/5.0 (Windows NT 6.0; Win64; x64) AppleWebKit/537.36 (KHTML, like Gecko) Chrome/63.0.3830.64 Safari/537.36"
89.248.107.232 - - [21/Sep/2026:05:01:07 +0200] "POST /wp-cron.php?doing_wp_cron=1789959667.6203351020812988281250 HTTP/1.1" 200 5512 "-" "WordPress/6.6.2; https://grupo-seg.com"
148.224.25.43 - - [21/Sep/2026:05:01:07 +0200] "GET /api/session/properties HTTP/1.1" 301 5681 "-" "metabase-cve-2026-72898-detect/1.0 (benign detection probes only)"
148.224.25.43 - - [21/Sep/2026:05:01:07 +0200] "GET /api/session/properties HTTP/1.1" 404 97626 "https://www.grupo-seg.com/api/session/properties" "metabase-cve-2026-72898-detect/1.0 (benign detection probes only)"
148.224.25.43 - - [21/Sep/2026:05:01:08 +0200] "GET /api/session/properties HTTP/1.1" 301 5681 "http://www.grupo-seg.com/api/session/properties" "metabase-cve-2026-72898-detect/1.0 (benign detection probes only)"
148.224.25.43 - - [21/Sep/2026:05:01:09 +0200] "GET /api/session/properties HTTP/1.1" 404 97626 "https://www.grupo-seg.com/api/session/properties" "metabase-cve-2026-72898-detect/1.0 (benign detection probes only)"
148.224.25.43 - - [21/Sep/2026:05:01:10 +0200] "POST /api/session/reset_password HTTP/1.1" 404 92773 "-" "metabase-cve-2026-72898-detect/1.0 (benign detection probes only)"
148.224.25.43 - - [21/Sep/2026:05:01:11 +0200] "POST /api/session/reset_password HTTP/1.1" 404 92773 "-" "metabase-cve-2026-72898-detect/1.0 (benign detection probes only)"
148.224.25.43 - - [21/Sep/2026:05:01:12 +0200] "POST /api/session/reset_password HTTP/1.1" 404 92758 "-" "metabase-cve-2026-72898-detect/1.0 (benign detection probes only)"
89.248.107.232 - - [21/Sep/2026:05:02:08 +0200] "POST /wp-cron.php?doing_wp_cron=1789959728.7354249954223632812500 HTTP/1.1" 200 5512 "-" "WordPress/6.6.2; https://grupo-seg.com"
52.167.144.172 - - [21/Sep/2026:05:02:08 +0200] "GET / HTTP/1.1" 200 165847 "-" "Mozilla/5.0 AppleWebKit/537.36 (KHTML, like Gecko; compatible; bingbot/2.0; +http://www.bing.com/bingbot.htm) Chrome/116.0.1938.76 Safari/537.36"
89.248.107.232 - - [21/Sep/2026:05:02:09 +0200] "POST /wp-admin/admin-ajax.php?action=async_litespeed&nonce=b4cc4c672a&litespeed_type=imgoptm HTTP/1.1" 200 5698 "-" "WordPress/6.6.2; https://grupo-seg.com"
89.248.107.232 - - [21/Sep/2026:05:02:33 +0200] "POST /wp-cron.php?doing_wp_cron=1789959753.4590959548950195312500 HTTP/1.1" 200 5512 "-" "WordPress/6.6.2; https://grupo-seg.com"
66.249.88.104 - - [21/Sep/2026:05:02:32 +0200] "GET /.well-known/traffic-advice HTTP/1.1" 404 97421 "-" "Chrome Privacy Preserving Prefetch Proxy"
162.120.186.159 - - [21/Sep/2026:05:02:33 +0200] "GET / HTTP/1.1" 200 165817 "https://www.google.com/" "Mozilla/5.0 (Windows NT 10.0; Win64; x64) AppleWebKit/537.36 (KHTML, like Gecko) Chrome/153.0.0.0 Safari/537.36"
89.248.107.232 - - [21/Sep/2026:05:02:34 +0200] "POST /wp-admin/admin-ajax.php?action=async_litespeed&nonce=b4cc4c672a&litespeed_type=imgoptm HTTP/1.1" 200 5698 "-" "WordPress/6.6.2; https://grupo-seg.com"
89.248.107.232 - - [21/Sep/2026:05:03:01 +0200] "POST /wp-cron.php?doing_wp_cron=1789959781.7793030738830566406250 HTTP/1.1" 200 5512 "-" "WordPress/6.6.2; https://grupo-seg.com/en/"
35.198.113.100 - - [21/Sep/2026:05:03:01 +0200] "GET /en/portfolio/project-for-the-new-headquarters-of-the-special-delegations-of-the-aeat-state-tax-administration-agency-and-the-ministry-of-economy-and-finance-in-the-city-of-valencia-project-modeled-under-bim-met/ HTTP/1.1" 200 118994 "-" "LinkupBot/1.0 (LinkupBot for web indexing; https://linkup.so/bot; bot@linkup.so)"
89.248.107.232 - - [21/Sep/2026:05:03:04 +0200] "POST /wp-cron.php?doing_wp_cron=1789959784.3049409389495849609375 HTTP/1.1" 200 5512 "-" "WordPress/6.6.2; https://grupo-seg.com"
35.198.113.100 - - [21/Sep/2026:05:03:03 +0200] "GET /portfolio/asistencia-tecnica-y-estudio-para-la-mejora-del-puerto-de-pasaia/ HTTP/1.1" 200 116985 "-" "LinkupBot/1.0 (LinkupBot for web indexing; https://linkup.so/bot; bot@linkup.so)"
35.198.113.100 - - [21/Sep/2026:05:03:06 +0200] "GET /canal-interno-de-informacion/ HTTP/1.1" 200 124485 "-" "LinkupBot/1.0 (LinkupBot for web indexing; https://linkup.so/bot; bot@linkup.so)"
35.198.113.100 - - [21/Sep/2026:05:03:08 +0200] "GET /portfolio/redaccion-de-proyecto-constructivo-para-la-ampliacion-de-apartaderos/ HTTP/1.1" 200 116991 "-" "LinkupBot/1.0 (LinkupBot for web indexing; https://linkup.so/bot; bot@linkup.so)"
35.198.113.100 - - [21/Sep/2026:05:03:10 +0200] "GET /en/portfolio/supervision-of-the-work-for-the-final-repair-of-the-intake-structure-of-the-huachipa-system/ HTTP/1.1" 200 117574 "-" "LinkupBot/1.0 (LinkupBot for web indexing; https://linkup.so/bot; bot@linkup.so)"
35.198.113.100 - - [21/Sep/2026:05:03:12 +0200] "GET /portfolio/urbanizacion-san-patricio-fase-i-adecuacion-de-la-urbanizacion/ HTTP/1.1" 200 117023 "-" "LinkupBot/1.0 (LinkupBot for web indexing; https://linkup.so/bot; bot@linkup.so)"
35.198.113.100 - - [21/Sep/2026:05:03:14 +0200] "GET /portfolio/project-management-de-la-promocion-urbanistica-manilva-ii-en-malaga/ HTTP/1.1" 200 117087 "-" "LinkupBot/1.0 (LinkupBot for web indexing; https://linkup.so/bot; bot@linkup.so)"
