89.248.107.232 - - [21/Sep/2026:14:40:25 +0200] "POST /wp-admin/admin-ajax.php?action=async_litespeed&nonce=bc07218fea&litespeed_type=imgoptm HTTP/1.1" 200 5698 "-" "WordPress/6.6.2; https://grupo-seg.com"
136.69.187.245 - - [21/Sep/2026:14:40:26 +0200] "GET //wp-includes/wlwmanifest.xml HTTP/1.1" 301 5686 "-" "Mozilla/5.0 (Windows NT 10.0; Win64; x64) AppleWebKit/537.36 (KHTML, like Gecko) Chrome/78.0.3904.108 Safari/537.36"
136.69.187.245 - - [21/Sep/2026:14:40:27 +0200] "GET //xmlrpc.php?rsd HTTP/1.1" 200 6259 "-" "Mozilla/5.0 (Windows NT 10.0; Win64; x64) AppleWebKit/537.36 (KHTML, like Gecko) Chrome/78.0.3904.108 Safari/537.36"
136.69.187.245 - - [21/Sep/2026:14:40:28 +0200] "GET //?author=1 HTTP/1.1" 404 73720 "-" "Mozilla/5.0 (Windows NT 10.0; Win64; x64) AppleWebKit/537.36 (KHTML, like Gecko) Chrome/78.0.3904.108 Safari/537.36"
136.69.187.245 - - [21/Sep/2026:14:40:29 +0200] "GET //?author=2 HTTP/1.1" 404 73720 "-" "Mozilla/5.0 (Windows NT 10.0; Win64; x64) AppleWebKit/537.36 (KHTML, like Gecko) Chrome/78.0.3904.108 Safari/537.36"
136.69.187.245 - - [21/Sep/2026:14:40:30 +0200] "GET //wp-json/wp/v2/users/ HTTP/1.1" 401 5951 "-" "Mozilla/5.0 (Windows NT 10.0; Win64; x64) AppleWebKit/537.36 (KHTML, like Gecko) Chrome/78.0.3904.108 Safari/537.36"
136.69.187.245 - - [21/Sep/2026:14:40:31 +0200] "GET //wp-json/oembed/1.0/embed?url=https://grupo-seg.com/ HTTP/1.1" 200 7829 "-" "Mozilla/5.0 (Windows NT 10.0; Win64; x64) AppleWebKit/537.36 (KHTML, like Gecko) Chrome/78.0.3904.108 Safari/537.36"
136.69.187.245 - - [21/Sep/2026:14:40:32 +0200] "POST //xmlrpc.php HTTP/1.1" 503 25081 "-" "Mozilla/5.0 (Windows NT 10.0; Win64; x64) AppleWebKit/537.36 (KHTML, like Gecko) Chrome/78.0.3904.108 Safari/537.36"
89.248.107.232 - - [21/Sep/2026:14:42:03 +0200] "POST /wp-cron.php?doing_wp_cron=1789994523.0683050155639648437500 HTTP/1.1" 200 5512 "-" "WordPress/6.6.2; https://grupo-seg.com"
195.57.112.135 - - [21/Sep/2026:14:42:02 +0200] "POST /autodiscover/autodiscover.xml HTTP/1.1" 404 92217 "-" "Microsoft Office/16.0 (Windows NT 10.0; Microsoft Outlook 16.0.20326; Pro)"
195.57.112.135 - - [21/Sep/2026:14:42:02 +0200] "POST /autodiscover/autodiscover.xml HTTP/1.1" 404 92217 "-" "Microsoft Office/16.0 (Windows NT 10.0; Microsoft Outlook 16.0.20326; Pro)"
89.248.107.232 - - [21/Sep/2026:14:42:04 +0200] "POST /wp-admin/admin-ajax.php?action=async_litespeed&nonce=bc07218fea&litespeed_type=imgoptm HTTP/1.1" 200 5698 "-" "WordPress/6.6.2; https://grupo-seg.com"
89.248.107.232 - - [21/Sep/2026:14:42:30 +0200] "POST /wp-cron.php?doing_wp_cron=1789994550.3084480762481689453125 HTTP/1.1" 200 5512 "-" "WordPress/6.6.2; https://grupo-seg.com"
34.222.168.33 - - [21/Sep/2026:14:42:29 +0200] "GET / HTTP/1.1" 200 165847 "-" "Mozilla/5.0 (Windows NT 10.0; Win64; x64) AppleWebKit/537.36 (KHTML, like Gecko) Chrome/113.0.0.0 Safari/537.36"
89.248.107.232 - - [21/Sep/2026:14:42:31 +0200] "POST /wp-admin/admin-ajax.php?action=async_litespeed&nonce=bc07218fea&litespeed_type=imgoptm HTTP/1.1" 200 5698 "-" "WordPress/6.6.2; https://grupo-seg.com"
89.248.107.232 - - [21/Sep/2026:14:42:55 +0200] "POST /wp-cron.php?doing_wp_cron=1789994575.7273590564727783203125 HTTP/1.1" 200 5512 "-" "WordPress/6.6.2; https://grupo-seg.com"
195.57.112.135 - - [21/Sep/2026:14:42:55 +0200] "POST /autodiscover/autodiscover.xml HTTP/1.1" 404 92217 "-" "Microsoft Office/16.0 (Windows NT 10.0; Microsoft Outlook 16.0.20326; Pro)"
89.248.107.232 - - [21/Sep/2026:14:43:10 +0200] "POST /wp-cron.php?doing_wp_cron=1789994590.3730161190032958984375 HTTP/1.1" 200 5512 "-" "WordPress/6.6.2; https://grupo-seg.com"
2.139.158.128 - - [21/Sep/2026:14:43:09 +0200] "POST /AutoDiscover/autodiscover.xml HTTP/1.1" 404 92217 "-" "Microsoft Office/16.0 (Windows NT 10.0; Microsoft Excel 16.0.20326; Pro)"
89.248.107.232 - - [21/Sep/2026:14:43:42 +0200] "POST /wp-cron.php?doing_wp_cron=1789994622.6897399425506591796875 HTTP/1.1" 200 5512 "-" "WordPress/6.6.2; https://grupo-seg.com"
195.57.112.135 - - [21/Sep/2026:14:43:41 +0200] "POST /autodiscover/autodiscover.xml HTTP/1.1" 404 92217 "-" "Microsoft Office/16.0 (Windows NT 10.0; Microsoft Outlook 16.0.20326; Pro)"
89.248.107.232 - - [21/Sep/2026:14:43:44 +0200] "POST /wp-admin/admin-ajax.php?action=async_litespeed&nonce=bc07218fea&litespeed_type=imgoptm HTTP/1.1" 200 5698 "-" "WordPress/6.6.2; https://grupo-seg.com"
89.248.107.232 - - [21/Sep/2026:14:45:24 +0200] "POST /wp-cron.php?doing_wp_cron=1789994723.9688999652862548828125 HTTP/1.1" 200 5512 "-" "WordPress/6.6.2; https://grupo-seg.com/en/"
54.156.248.117 - - [21/Sep/2026:14:45:23 +0200] "GET /en/advances-in-the-green-corridor-of-the-seventh-in-bogota/corredor-verde-4/ HTTP/1.1" 200 106226 "-" "Mozilla/5.0 AppleWebKit/537.36 (KHTML, like Gecko; compatible; Amazonbot/0.1; +https://developer.amazon.com/support/amazonbot) Chrome/119.0.6045.214 Safari/537.36"
89.248.107.232 - - [21/Sep/2026:14:45:25 +0200] "POST /wp-admin/admin-ajax.php?action=async_litespeed&nonce=bc07218fea&litespeed_type=imgoptm HTTP/1.1" 200 5698 "-" "WordPress/6.6.2; https://grupo-seg.com"
89.248.107.232 - - [21/Sep/2026:14:46:56 +0200] "POST /wp-cron.php?doing_wp_cron=1789994816.1410338878631591796875 HTTP/1.1" 200 5512 "-" "WordPress/6.6.2; https://grupo-seg.com"
190.26.9.23 - - [21/Sep/2026:14:46:55 +0200] "POST /AutoDiscover/autodiscover.xml HTTP/1.1" 404 92202 "-" "Microsoft Office/16.0 (Windows NT 10.0; Microsoft Excel 16.0.19127; Pro)"
89.248.107.232 - - [21/Sep/2026:14:46:58 +0200] "POST /wp-admin/admin-ajax.php?action=async_litespeed&nonce=bc07218fea&litespeed_type=imgoptm HTTP/1.1" 200 5698 "-" "WordPress/6.6.2; https://grupo-seg.com"
89.248.107.232 - - [21/Sep/2026:14:47:41 +0200] "POST /wp-cron.php?doing_wp_cron=1789994861.4739689826965332031250 HTTP/1.1" 200 5512 "-" "WordPress/6.6.2; https://grupo-seg.com"
173.239.218.55 - - [21/Sep/2026:14:47:40 +0200] "GET /feed HTTP/1.1" 301 5669 "-" "Mozilla/5.0 (Macintosh; Intel Mac OS X 10_15_7) AppleWebKit/605.1.15 Version/17.0 Safari/605.1.15"
89.248.107.232 - - [21/Sep/2026:14:47:42 +0200] "POST /wp-admin/admin-ajax.php?action=async_litespeed&nonce=bc07218fea&litespeed_type=imgoptm HTTP/1.1" 200 5698 "-" "WordPress/6.6.2; https://grupo-seg.com"
173.239.218.65 - - [21/Sep/2026:14:47:46 +0200] "GET /feed/ HTTP/1.1" 200 100983 "-" "Mozilla/5.0 (Macintosh; Intel Mac OS X 10_15_7) AppleWebKit/605.1.15 Version/17.0 Safari/605.1.15"
89.248.107.232 - - [21/Sep/2026:14:48:12 +0200] "POST /wp-cron.php?doing_wp_cron=1789994892.1121969223022460937500 HTTP/1.1" 200 5512 "-" "WordPress/6.6.2; https://grupo-seg.com"
172.203.190.132 - - [21/Sep/2026:14:48:11 +0200] "GET /robots.txt HTTP/1.1" 200 5679 "-" "Mozilla/5.0 (Macintosh; Intel Mac OS X 10_15_7) AppleWebKit/537.36 (KHTML, like Gecko) Chrome/131.0.0.0 Safari/537.36; compatible; OAI-SearchBot/1.0; +https://openai.com/searchbot"
89.248.107.232 - - [21/Sep/2026:14:49:09 +0200] "POST /wp-cron.php?doing_wp_cron=1789994949.3409171104431152343750 HTTP/1.1" 200 5512 "-" "WordPress/6.6.2; https://grupo-seg.com"
190.26.9.23 - - [21/Sep/2026:14:49:08 +0200] "POST /AutoDiscover/autodiscover.xml HTTP/1.1" 404 92217 "-" "Microsoft Office/16.0 (Windows NT 10.0; Microsoft Excel 16.0.20326; Pro)"
89.248.107.232 - - [21/Sep/2026:14:49:11 +0200] "POST /wp-admin/admin-ajax.php?action=async_litespeed&nonce=bc07218fea&litespeed_type=imgoptm HTTP/1.1" 200 5698 "-" "WordPress/6.6.2; https://grupo-seg.com"
51.8.102.5 - - [21/Sep/2026:14:49:21 +0200] "GET /robots.txt HTTP/1.1" 301 5576 "-" "Mozilla/5.0 (Macintosh; Intel Mac OS X 10_15_7) AppleWebKit/537.36 (KHTML, like Gecko) Chrome/131.0.0.0 Safari/537.36; compatible; OAI-SearchBot/1.0; +https://openai.com/searchbot"
51.8.102.166 - - [21/Sep/2026:14:49:22 +0200] "GET /robots.txt HTTP/1.1" 200 5679 "-" "Mozilla/5.0 (Macintosh; Intel Mac OS X 10_15_7) AppleWebKit/537.36 (KHTML, like Gecko) Chrome/131.0.0.0 Safari/537.36; compatible; OAI-SearchBot/1.0; +https://openai.com/searchbot"
89.248.107.232 - - [21/Sep/2026:14:52:41 +0200] "POST /wp-cron.php?doing_wp_cron=1789995161.1462531089782714843750 HTTP/1.1" 200 5512 "-" "WordPress/6.6.2; https://grupo-seg.com"
190.26.9.23 - - [21/Sep/2026:14:52:40 +0200] "POST /AutoDiscover/autodiscover.xml HTTP/1.1" 404 92202 "-" "Microsoft Office/16.0 (Windows NT 10.0; Microsoft Word 16.0.15028; Pro)"
89.248.107.232 - - [21/Sep/2026:14:52:43 +0200] "POST /wp-admin/admin-ajax.php?action=async_litespeed&nonce=bc07218fea&litespeed_type=imgoptm HTTP/1.1" 200 5698 "-" "WordPress/6.6.2; https://grupo-seg.com"
4.251.36.214 - - [21/Sep/2026:14:52:41 +0200] "GET / HTTP/1.1" 200 165817 "-" "Mozilla/5.0 (Macintosh; Intel Mac OS X 10_15_7) AppleWebKit/537.36 (KHTML, like Gecko) Chrome/143.0.0.0 Safari/537.36"
4.251.36.214 - - [21/Sep/2026:14:52:46 +0200] "POST /wp-content/plugins/litespeed-cache/guest.vary.php HTTP/1.1" 200 5656 "https://grupo-seg.com/" "Mozilla/5.0 (Macintosh; Intel Mac OS X 10_15_7) AppleWebKit/537.36 (KHTML, like Gecko) Chrome/143.0.0.0 Safari/537.36"
4.251.36.214 - - [21/Sep/2026:14:52:46 +0200] "GET / HTTP/1.1" 200 165189 "https://grupo-seg.com/" "Mozilla/5.0 (Macintosh; Intel Mac OS X 10_15_7) AppleWebKit/537.36 (KHTML, like Gecko) Chrome/143.0.0.0 Safari/537.36"
89.248.107.232 - - [21/Sep/2026:14:53:18 +0200] "POST /wp-cron.php?doing_wp_cron=1789995198.7430930137634277343750 HTTP/1.1" 200 5512 "-" "WordPress/6.6.2; https://grupo-seg.com"
90.174.4.105 - - [21/Sep/2026:14:53:18 +0200] "GET /paises/espana/ HTTP/1.1" 200 148455 "https://www.google.com/" "Mozilla/5.0 (iPhone; CPU iPhone OS 18_7 like Mac OS X) AppleWebKit/605.1.15 (KHTML, like Gecko) Version/26.6.1 Mobile/15E148 Safari/604.1"
90.174.4.105 - - [21/Sep/2026:14:53:20 +0200] "POST /wp-content/plugins/litespeed-cache/guest.vary.php HTTP/1.1" 200 5656 "https://grupo-seg.com/paises/espana/" "Mozilla/5.0 (iPhone; CPU iPhone OS 18_7 like Mac OS X) AppleWebKit/605.1.15 (KHTML, like Gecko) Version/26.6.1 Mobile/15E148 Safari/604.1"
90.174.4.105 - - [21/Sep/2026:14:53:20 +0200] "GET /paises/espana/ HTTP/1.1" 200 155511 "https://grupo-seg.com/paises/espana/" "Mozilla/5.0 (iPhone; CPU iPhone OS 18_7 like Mac OS X) AppleWebKit/605.1.15 (KHTML, like Gecko) Version/26.6.1 Mobile/15E148 Safari/604.1"
89.248.107.232 - - [21/Sep/2026:14:53:30 +0200] "POST /wp-cron.php?doing_wp_cron=1789995210.1962211132049560546875 HTTP/1.1" 200 5512 "-" "WordPress/6.6.2; https://grupo-seg.com"
90.174.4.105 - - [21/Sep/2026:14:53:29 +0200] "GET / HTTP/1.1" 301 5612 "https://www.google.com/" "Mozilla/5.0 (iPhone; CPU iPhone OS 18_7 like Mac OS X) AppleWebKit/605.1.15 (KHTML, like Gecko) Version/26.6.1 Mobile/15E148 Safari/604.1"
89.248.107.232 - - [21/Sep/2026:14:53:30 +0200] "POST /wp-admin/admin-ajax.php?action=async_litespeed&nonce=bc07218fea&litespeed_type=imgoptm HTTP/1.1" 200 5698 "-" "WordPress/6.6.2; https://grupo-seg.com"
90.174.4.105 - - [21/Sep/2026:14:53:30 +0200] "GET / HTTP/1.1" 200 166991 "https://www.google.com/" "Mozilla/5.0 (iPhone; CPU iPhone OS 18_7 like Mac OS X) AppleWebKit/605.1.15 (KHTML, like Gecko) Version/26.6.1 Mobile/15E148 Safari/604.1"
89.248.107.232 - - [21/Sep/2026:14:53:55 +0200] "POST /wp-cron.php?doing_wp_cron=1789995235.2779109477996826171875 HTTP/1.1" 200 5512 "-" "WordPress/6.6.2; https://grupo-seg.com"
90.174.4.105 - - [21/Sep/2026:14:53:54 +0200] "GET /sobre-nosotros/ HTTP/1.1" 200 257174 "https://grupo-seg.com/" "Mozilla/5.0 (iPhone; CPU iPhone OS 18_7 like Mac OS X) AppleWebKit/605.1.15 (KHTML, like Gecko) Version/26.6.1 Mobile/15E148 Safari/604.1"
90.174.4.105 - - [21/Sep/2026:14:53:56 +0200] "GET /sobre-nosotros/ HTTP/1.1" 200 257219 "https://grupo-seg.com/" "Mozilla/5.0 (iPhone; CPU iPhone OS 18_7 like Mac OS X) AppleWebKit/605.1.15 (KHTML, like Gecko) Version/26.6.1 Mobile/15E148 Safari/604.1"
89.248.107.232 - - [21/Sep/2026:14:55:06 +0200] "POST /wp-cron.php?doing_wp_cron=1789995306.7263178825378417968750 HTTP/1.1" 200 5512 "-" "WordPress/6.6.2; https://grupo-seg.com"
2.139.158.128 - - [21/Sep/2026:14:55:06 +0200] "POST /AutoDiscover/autodiscover.xml HTTP/1.1" 404 92217 "-" "Microsoft Office/16.0 (Windows NT 6.2; Microsoft Word 16.0.20228; Pro)"
89.248.107.232 - - [21/Sep/2026:14:55:08 +0200] "POST /wp-admin/admin-ajax.php?action=async_litespeed&nonce=bc07218fea&litespeed_type=imgoptm HTTP/1.1" 200 5698 "-" "WordPress/6.6.2; https://grupo-seg.com"
89.248.107.232 - - [21/Sep/2026:14:57:04 +0200] "POST /wp-cron.php?doing_wp_cron=1789995424.7841699123382568359375 HTTP/1.1" 200 5512 "-" "WordPress/6.6.2; https://grupo-seg.com"
104.252.3.3 - - [21/Sep/2026:14:57:04 +0200] "GET / HTTP/1.1" 200 165817 "-" "Mozilla/5.0 (Windows NT 10.0; Win64; x64; rv:64.0) Gecko/20100101 Firefox/64.0"
89.248.107.232 - - [21/Sep/2026:14:57:06 +0200] "POST /wp-admin/admin-ajax.php?action=async_litespeed&nonce=bc07218fea&litespeed_type=imgoptm HTTP/1.1" 200 5698 "-" "WordPress/6.6.2; https://grupo-seg.com"
192.30.83.155 - - [21/Sep/2026:14:57:05 +0200] "GET / HTTP/1.1" 200 165847 "-" "Mozilla/5.0 (Windows NT 10.0; Win64; x64; rv:64.0) Gecko/20100101 Firefox/64.0"
89.248.107.232 - - [21/Sep/2026:14:57:32 +0200] "POST /wp-cron.php?doing_wp_cron=1789995451.9850749969482421875000 HTTP/1.1" 200 5512 "-" "WordPress/6.6.2; https://grupo-seg.com"
52.167.144.199 - - [21/Sep/2026:14:57:31 +0200] "GET /aguz1480658sscoioduirpdtdpt.html HTTP/1.1" 404 97436 "-" "Mozilla/5.0 AppleWebKit/537.36 (KHTML, like Gecko; compatible; bingbot/2.0; +http://www.bing.com/bingbot.htm) Chrome/116.0.1938.76 Safari/537.36"
89.248.107.232 - - [21/Sep/2026:14:57:33 +0200] "POST /wp-admin/admin-ajax.php?action=async_litespeed&nonce=bc07218fea&litespeed_type=imgoptm HTTP/1.1" 200 5698 "-" "WordPress/6.6.2; https://grupo-seg.com"
89.248.107.232 - - [21/Sep/2026:14:58:07 +0200] "POST /wp-cron.php?doing_wp_cron=1789995487.7621231079101562500000 HTTP/1.1" 200 5512 "-" "WordPress/6.6.2; https://grupo-seg.com"
54.37.252.153 - - [21/Sep/2026:14:58:07 +0200] "GET /robots.txt HTTP/1.1" 200 5679 "-" "Mozilla/5.0 (compatible; MJ12bot/v1.4.8; http://mj12bot.com/)"
54.37.252.153 - - [21/Sep/2026:14:58:10 +0200] "GET /en/project-type/%C2%B7-airports/ HTTP/1.1" 200 117821 "-" "Mozilla/5.0 (compatible; MJ12bot/v1.4.8; http://mj12bot.com/)"
54.37.252.153 - - [21/Sep/2026:14:58:13 +0200] "GET /en/project-type/%C2%B7-airports/feed/ HTTP/1.1" 200 17890 "-" "Mozilla/5.0 (compatible; MJ12bot/v1.4.8; http://mj12bot.com/)"
54.37.252.153 - - [21/Sep/2026:14:58:16 +0200] "GET /en/project-type/%C2%B7-argentina/ HTTP/1.1" 200 102604 "-" "Mozilla/5.0 (compatible; MJ12bot/v1.4.8; http://mj12bot.com/)"
54.37.252.153 - - [21/Sep/2026:14:58:20 +0200] "GET /en/project-type/%C2%B7-argentina/feed/ HTTP/1.1" 200 9728 "-" "Mozilla/5.0 (compatible; MJ12bot/v1.4.8; http://mj12bot.com/)"
54.37.252.153 - - [21/Sep/2026:14:58:22 +0200] "GET /en/project-type/%C2%B7-bolivia-en/ HTTP/1.1" 200 102845 "-" "Mozilla/5.0 (compatible; MJ12bot/v1.4.8; http://mj12bot.com/)"
89.248.107.232 - - [21/Sep/2026:14:58:26 +0200] "POST /wp-cron.php?doing_wp_cron=1789995506.0751409530639648437500 HTTP/1.1" 200 5512 "-" "WordPress/6.6.2; https://grupo-seg.com/en/"
54.37.252.153 - - [21/Sep/2026:14:58:25 +0200] "GET /en/project-type/%C2%B7-colombia/ HTTP/1.1" 200 115638 "-" "Mozilla/5.0 (compatible; MJ12bot/v1.4.8; http://mj12bot.com/)"
89.248.107.232 - - [21/Sep/2026:14:58:27 +0200] "POST /wp-admin/admin-ajax.php?action=async_litespeed&nonce=bc07218fea&litespeed_type=imgoptm HTTP/1.1" 200 5698 "-" "WordPress/6.6.2; https://grupo-seg.com"
54.37.252.153 - - [21/Sep/2026:14:58:29 +0200] "GET /en/project-type/%C2%B7-colombia/feed/ HTTP/1.1" 200 16592 "-" "Mozilla/5.0 (compatible; MJ12bot/v1.4.8; http://mj12bot.com/)"
54.37.252.153 - - [21/Sep/2026:14:58:32 +0200] "GET /en/project-type/%C2%B7-nicaragua/ HTTP/1.1" 200 102774 "-" "Mozilla/5.0 (compatible; MJ12bot/v1.4.8; http://mj12bot.com/)"
34.156.22.222 - - [21/Sep/2026:14:58:32 +0200] "GET / HTTP/1.1" 200 165847 "-" "Mozilla/5.0 (Windows NT 10.0; Win64; x64) AppleWebKit/537.36 (KHTML, like Gecko) Chrome/128.0.0.0 Safari/537.36"
54.37.252.153 - - [21/Sep/2026:14:58:36 +0200] "GET /en/project-type/%C2%B7-nicaragua/feed/ HTTP/1.1" 200 8752 "-" "Mozilla/5.0 (compatible; MJ12bot/v1.4.8; http://mj12bot.com/)"
162.120.186.157 - - [21/Sep/2026:14:58:33 +0200] "GET /paises/colombia/ HTTP/1.1" 200 176080 "https://www.google.com/" "Mozilla/5.0 (Windows NT 10.0; Win64; x64) AppleWebKit/537.36 (KHTML, like Gecko) Chrome/122.0.0.0 Safari/537.36"
89.248.107.232 - - [21/Sep/2026:14:58:40 +0200] "POST /wp-cron.php?doing_wp_cron=1789995520.5887830257415771484375 HTTP/1.1" 200 5512 "-" "WordPress/6.6.2; https://grupo-seg.com/en/"
54.37.252.153 - - [21/Sep/2026:14:58:40 +0200] "GET /en/project-type/%C2%B7-roads/ HTTP/1.1" 200 117194 "-" "Mozilla/5.0 (compatible; MJ12bot/v1.4.8; http://mj12bot.com/)"
54.37.252.153 - - [21/Sep/2026:14:58:44 +0200] "GET /en/project-type/%C2%B7-roads/feed/ HTTP/1.1" 200 17924 "-" "Mozilla/5.0 (compatible; MJ12bot/v1.4.8; http://mj12bot.com/)"
54.37.252.153 - - [21/Sep/2026:14:58:46 +0200] "GET /en/project-type/%C2%B7-spain/ HTTP/1.1" 200 117278 "-" "Mozilla/5.0 (compatible; MJ12bot/v1.4.8; http://mj12bot.com/)"
54.37.252.153 - - [21/Sep/2026:14:58:50 +0200] "GET /en/project-type/%C2%B7-spain/feed/ HTTP/1.1" 200 16723 "-" "Mozilla/5.0 (compatible; MJ12bot/v1.4.8; http://mj12bot.com/)"
54.37.252.153 - - [21/Sep/2026:14:58:53 +0200] "GET /en/project-type/%C2%B7-various/ HTTP/1.1" 200 116876 "-" "Mozilla/5.0 (compatible; MJ12bot/v1.4.8; http://mj12bot.com/)"
89.248.107.232 - - [21/Sep/2026:14:58:57 +0200] "POST /wp-cron.php?doing_wp_cron=1789995537.5267179012298583984375 HTTP/1.1" 200 5512 "-" "WordPress/6.6.2; https://grupo-seg.com/en/"
54.37.252.153 - - [21/Sep/2026:14:58:56 +0200] "GET /en/project-type/%C2%B7-various/feed/ HTTP/1.1" 200 16564 "-" "Mozilla/5.0 (compatible; MJ12bot/v1.4.8; http://mj12bot.com/)"
89.248.107.232 - - [21/Sep/2026:14:59:00 +0200] "POST /wp-cron.php?doing_wp_cron=1789995540.4578249454498291015625 HTTP/1.1" 200 5512 "-" "WordPress/6.6.2; https://grupo-seg.com/en/"
54.37.252.153 - - [21/Sep/2026:14:58:59 +0200] "GET /en/project-type/%C2%B7-airports/ HTTP/1.1" 200 117821 "-" "Mozilla/5.0 (compatible; MJ12bot/v1.4.8; http://mj12bot.com/)"
89.248.107.232 - - [21/Sep/2026:14:59:05 +0200] "POST /wp-cron.php?doing_wp_cron=1789995545.0131170749664306640625 HTTP/1.1" 200 5512 "-" "WordPress/6.6.2; https://grupo-seg.com/en/"
54.37.252.153 - - [21/Sep/2026:14:59:04 +0200] "GET /en/project-type/%C2%B7-airports/page/2/ HTTP/1.1" 200 104698 "-" "Mozilla/5.0 (compatible; MJ12bot/v1.4.8; http://mj12bot.com/)"
54.37.252.153 - - [21/Sep/2026:14:59:08 +0200] "GET /en/project-type/%C2%B7-argentina/ HTTP/1.1" 200 102619 "-" "Mozilla/5.0 (compatible; MJ12bot/v1.4.8; http://mj12bot.com/)"
79.148.54.40 - - [21/Sep/2026:14:59:10 +0200] "POST /AutoDiscover/autodiscover.xml HTTP/1.1" 404 92217 "-" "Microsoft Office/16.0 (Windows NT 10.0; Microsoft Word 16.0.20326; Pro)"
54.37.252.153 - - [21/Sep/2026:14:59:11 +0200] "GET /en/project-type/%C2%B7-bolivia-en/ HTTP/1.1" 200 102830 "-" "Mozilla/5.0 (compatible; MJ12bot/v1.4.8; http://mj12bot.com/)"
54.37.252.153 - - [21/Sep/2026:14:59:14 +0200] "GET /en/project-type/%C2%B7-colombia/ HTTP/1.1" 200 115653 "-" "Mozilla/5.0 (compatible; MJ12bot/v1.4.8; http://mj12bot.com/)"
54.37.252.153 - - [21/Sep/2026:14:59:17 +0200] "GET /en/project-type/%C2%B7-nicaragua/ HTTP/1.1" 200 102774 "-" "Mozilla/5.0 (compatible; MJ12bot/v1.4.8; http://mj12bot.com/)"
54.37.252.153 - - [21/Sep/2026:14:59:20 +0200] "GET /en/project-type/%C2%B7-roads/ HTTP/1.1" 200 117194 "-" "Mozilla/5.0 (compatible; MJ12bot/v1.4.8; http://mj12bot.com/)"
54.37.252.153 - - [21/Sep/2026:14:59:24 +0200] "GET /en/project-type/%C2%B7-roads/page/2/ HTTP/1.1" 200 100873 "-" "Mozilla/5.0 (compatible; MJ12bot/v1.4.8; http://mj12bot.com/)"
89.248.107.232 - - [21/Sep/2026:14:59:27 +0200] "POST /wp-cron.php?doing_wp_cron=1789995567.6976170539855957031250 HTTP/1.1" 200 5512 "-" "WordPress/6.6.2; https://grupo-seg.com/en/"
54.37.252.153 - - [21/Sep/2026:14:59:27 +0200] "GET /en/project-type/%C2%B7-spain/ HTTP/1.1" 200 117278 "-" "Mozilla/5.0 (compatible; MJ12bot/v1.4.8; http://mj12bot.com/)"
89.248.107.232 - - [21/Sep/2026:14:59:28 +0200] "POST /wp-admin/admin-ajax.php?action=async_litespeed&nonce=bc07218fea&litespeed_type=imgoptm HTTP/1.1" 200 5698 "-" "WordPress/6.6.2; https://grupo-seg.com"
54.37.252.153 - - [21/Sep/2026:14:59:30 +0200] "GET /en/project-type/%C2%B7-spain/page/2/ HTTP/1.1" 200 116830 "-" "Mozilla/5.0 (compatible; MJ12bot/v1.4.8; http://mj12bot.com/)"
54.37.252.153 - - [21/Sep/2026:14:59:34 +0200] "GET /en/project-type/%C2%B7-various/ HTTP/1.1" 200 116876 "-" "Mozilla/5.0 (compatible; MJ12bot/v1.4.8; http://mj12bot.com/)"
54.37.252.153 - - [21/Sep/2026:14:59:37 +0200] "GET /project-type/%C2%B7-bolivia/ HTTP/1.1" 200 102497 "-" "Mozilla/5.0 (compatible; MJ12bot/v1.4.8; http://mj12bot.com/)"
89.248.107.232 - - [21/Sep/2026:14:59:41 +0200] "POST /wp-cron.php?doing_wp_cron=1789995581.5040390491485595703125 HTTP/1.1" 200 5512 "-" "WordPress/6.6.2; https://grupo-seg.com"
54.37.252.153 - - [21/Sep/2026:14:59:40 +0200] "GET /project-type/%C2%B7-bolivia/feed/ HTTP/1.1" 200 8375 "-" "Mozilla/5.0 (compatible; MJ12bot/v1.4.8; http://mj12bot.com/)"
54.37.252.153 - - [21/Sep/2026:14:59:43 +0200] "GET /project-type/%C2%B7-bolivia/ HTTP/1.1" 200 102497 "-" "Mozilla/5.0 (compatible; MJ12bot/v1.4.8; http://mj12bot.com/)"
89.248.107.232 - - [21/Sep/2026:15:01:16 +0200] "POST /wp-cron.php?doing_wp_cron=1789995676.5045371055603027343750 HTTP/1.1" 200 5512 "-" "WordPress/6.6.2; https://grupo-seg.com"
40.77.167.63 - - [21/Sep/2026:15:01:16 +0200] "GET /rmsy204508cuims/empresa.html HTTP/1.1" 301 5687 "-" "Mozilla/5.0 AppleWebKit/537.36 (KHTML, like Gecko; compatible; bingbot/2.0; +http://www.bing.com/bingbot.htm) Chrome/116.0.1938.76 Safari/537.36"
52.167.144.199 - - [21/Sep/2026:15:01:15 +0200] "GET /entend41-wpbmuhwnj.html HTTP/1.1" 404 97421 "-" "Mozilla/5.0 AppleWebKit/537.36 (KHTML, like Gecko; compatible; bingbot/2.0; +http://www.bing.com/bingbot.htm) Chrome/116.0.1938.76 Safari/537.36"
89.248.107.232 - - [21/Sep/2026:15:01:17 +0200] "POST /wp-admin/admin-ajax.php?action=async_litespeed&nonce=bc07218fea&litespeed_type=imgoptm HTTP/1.1" 200 5698 "-" "WordPress/6.6.2; https://grupo-seg.com"
89.248.107.232 - - [21/Sep/2026:15:01:36 +0200] "POST /wp-cron.php?doing_wp_cron=1789995696.1245539188385009765625 HTTP/1.1" 200 5512 "-" "WordPress/6.6.2; https://grupo-seg.com/en/"
17.166.25.214 - - [21/Sep/2026:15:01:35 +0200] "GET /en/wp-json/wp/v2/pages/5653 HTTP/1.1" 200 88794 "-" "Mozilla/5.0 (Macintosh; Intel Mac OS X 10_15_7) AppleWebKit/605.1.15 (KHTML, like Gecko) Version/17.4 Safari/605.1.15 (Applebot/0.1; +http://www.apple.com/go/applebot)"
89.248.107.232 - - [21/Sep/2026:15:01:36 +0200] "POST /wp-admin/admin-ajax.php?action=async_litespeed&nonce=bc07218fea&litespeed_type=imgoptm HTTP/1.1" 200 5698 "-" "WordPress/6.6.2; https://grupo-seg.com"
89.248.107.232 - - [21/Sep/2026:15:01:42 +0200] "POST /wp-cron.php?doing_wp_cron=1789995702.5337510108947753906250 HTTP/1.1" 200 5512 "-" "WordPress/6.6.2; https://grupo-seg.com"
52.167.144.147 - - [21/Sep/2026:15:01:42 +0200] "GET /ibxl1366946d6s38i70o2o59g1d4 HTTP/1.1" 404 97421 "-" "Mozilla/5.0 AppleWebKit/537.36 (KHTML, like Gecko; compatible; bingbot/2.0; +http://www.bing.com/bingbot.htm) Chrome/116.0.1938.76 Safari/537.36"
89.248.107.232 - - [21/Sep/2026:15:05:07 +0200] "POST /wp-cron.php?doing_wp_cron=1789995907.0629749298095703125000 HTTP/1.1" 200 5512 "-" "WordPress/6.6.2; https://grupo-seg.com"
104.155.98.43 - - [21/Sep/2026:15:05:06 +0200] "GET /pagina-ejemplo/feed/ HTTP/1.1" 200 6619 "-" "okhttp/4.12.0"
104.155.98.43 - - [21/Sep/2026:15:05:07 +0200] "GET /feed/ HTTP/1.1" 200 100983 "-" "okhttp/4.12.0"
104.155.98.43 - - [21/Sep/2026:15:05:10 +0200] "GET /wp-sitemap.xml HTTP/1.1" 200 6217 "-" "okhttp/4.12.0"
89.248.107.232 - - [21/Sep/2026:15:05:09 +0200] "POST /wp-admin/admin-ajax.php?action=async_litespeed&nonce=bc07218fea&litespeed_type=imgoptm HTTP/1.1" 200 5698 "-" "WordPress/6.6.2; https://grupo-seg.com"
104.155.98.43 - - [21/Sep/2026:15:05:11 +0200] "GET /wp-sitemap-posts-post-1.xml HTTP/1.1" 200 8170 "-" "okhttp/4.12.0"
104.155.98.43 - - [21/Sep/2026:15:05:12 +0200] "GET /wp-sitemap-posts-page-1.xml HTTP/1.1" 200 9189 "-" "okhttp/4.12.0"
104.155.98.43 - - [21/Sep/2026:15:05:13 +0200] "GET /wp-sitemap-posts-portfolio-1.xml HTTP/1.1" 200 17286 "-" "okhttp/4.12.0"
104.155.98.43 - - [21/Sep/2026:15:05:13 +0200] "GET /wp-sitemap-posts-mgeo_map-1.xml HTTP/1.1" 200 6011 "-" "okhttp/4.12.0"
104.155.98.43 - - [21/Sep/2026:15:05:14 +0200] "GET /wp-sitemap-taxonomies-category-1.xml HTTP/1.1" 200 6256 "-" "okhttp/4.12.0"
104.155.98.43 - - [21/Sep/2026:15:05:15 +0200] "GET /wp-sitemap-taxonomies-project-type-1.xml HTTP/1.1" 200 6924 "-" "okhttp/4.12.0"
52.167.144.181 - - [21/Sep/2026:15:05:23 +0200] "GET /jrst711650disdoositdgpos.html HTTP/1.1" 404 97421 "-" "Mozilla/5.0 AppleWebKit/537.36 (KHTML, like Gecko; compatible; bingbot/2.0; +http://www.bing.com/bingbot.htm) Chrome/116.0.1938.76 Safari/537.36"
89.248.107.232 - - [21/Sep/2026:15:05:33 +0200] "POST /wp-cron.php?doing_wp_cron=1789995933.3901000022888183593750 HTTP/1.1" 200 5512 "-" "WordPress/6.6.2; https://grupo-seg.com"
52.167.144.161 - - [21/Sep/2026:15:05:33 +0200] "GET /malison24/contacto.html HTTP/1.1" 301 5682 "-" "Mozilla/5.0 AppleWebKit/537.36 (KHTML, like Gecko; compatible; bingbot/2.0; +http://www.bing.com/bingbot.htm) Chrome/116.0.1938.76 Safari/537.36"
89.248.107.232 - - [21/Sep/2026:15:05:33 +0200] "POST /wp-admin/admin-ajax.php?action=async_litespeed&nonce=bc07218fea&litespeed_type=imgoptm HTTP/1.1" 200 5698 "-" "WordPress/6.6.2; https://grupo-seg.com"
89.248.107.232 - - [21/Sep/2026:15:05:57 +0200] "POST /wp-cron.php?doing_wp_cron=1789995957.0671260356903076171875 HTTP/1.1" 200 5512 "-" "WordPress/6.6.2; https://grupo-seg.com"
152.163.18.212 - - [21/Sep/2026:15:05:56 +0200] "GET /robots.txt HTTP/1.1" 200 5679 "-" "Mozilla/5.0 (compatible; ExaSearchBot/1.0; +https://crawler.exa.ai/)"
89.248.107.232 - - [21/Sep/2026:15:07:11 +0200] "POST /wp-cron.php?doing_wp_cron=1789996031.4754838943481445312500 HTTP/1.1" 200 5512 "-" "WordPress/6.6.2; https://grupo-seg.com"
52.167.144.192 - - [21/Sep/2026:15:07:10 +0200] "GET /rmsy757719omtiedisstps.htm HTTP/1.1" 404 97436 "-" "Mozilla/5.0 AppleWebKit/537.36 (KHTML, like Gecko; compatible; bingbot/2.0; +http://www.bing.com/bingbot.htm) Chrome/116.0.1938.76 Safari/537.36"
89.248.107.232 - - [21/Sep/2026:15:07:12 +0200] "POST /wp-admin/admin-ajax.php?action=async_litespeed&nonce=bc07218fea&litespeed_type=imgoptm HTTP/1.1" 200 5698 "-" "WordPress/6.6.2; https://grupo-seg.com"
152.163.18.101 - - [21/Sep/2026:15:07:47 +0200] "GET /en/the-engineering-works-on-the-santiago-batuco-section-are-completed/ HTTP/1.1" 200 121158 "-" "Mozilla/5.0 (compatible; ExaSearchBot/1.0; +https://crawler.exa.ai/)"
40.77.167.55 - - [21/Sep/2026:15:08:04 +0200] "GET /ibxl1197019si9p35o/142s08t7d6 HTTP/1.1" 404 97436 "-" "Mozilla/5.0 AppleWebKit/537.36 (KHTML, like Gecko; compatible; bingbot/2.0; +http://www.bing.com/bingbot.htm) Chrome/116.0.1938.76 Safari/537.36"
52.167.144.181 - - [21/Sep/2026:15:08:12 +0200] "GET /matomepauchipaku/0006915515.html HTTP/1.1" 404 97421 "-" "Mozilla/5.0 AppleWebKit/537.36 (KHTML, like Gecko; compatible; bingbot/2.0; +http://www.bing.com/bingbot.htm) Chrome/116.0.1938.76 Safari/537.36"
94.154.43.74 - - [21/Sep/2026:15:08:28 +0200] "GET /.env HTTP/1.1" 404 97436 "-" "Mozilla/5.0 (Windows NT 10.0; Win64; x64) AppleWebKit/537.36 (KHTML, like Gecko) Chrome/147.0.0.0 Safari/537.36"
89.248.107.232 - - [21/Sep/2026:15:09:41 +0200] "POST /wp-cron.php?doing_wp_cron=1789996180.9223730564117431640625 HTTP/1.1" 200 5512 "-" "WordPress/6.6.2; https://grupo-seg.com"
146.75.182.19 - - [21/Sep/2026:15:09:40 +0200] "GET / HTTP/1.1" 200 165847 "-" "Mozilla/5.0 (Macintosh; Intel Mac OS X 10_11_1) AppleWebKit/601.2.4 (KHTML, like Gecko) Version/9.0.1 Safari/601.2.4 facebookexternalhit/1.1 Facebot Twitterbot/1.0"
89.248.107.232 - - [21/Sep/2026:15:09:42 +0200] "POST /wp-admin/admin-ajax.php?action=async_litespeed&nonce=bc07218fea&litespeed_type=imgoptm HTTP/1.1" 200 5698 "-" "WordPress/6.6.2; https://grupo-seg.com"
52.167.144.181 - - [21/Sep/2026:15:10:24 +0200] "GET /npsi561272sdptmisoesti.html HTTP/1.1" 404 97436 "-" "Mozilla/5.0 AppleWebKit/537.36 (KHTML, like Gecko; compatible; bingbot/2.0; +http://www.bing.com/bingbot.htm) Chrome/116.0.1938.76 Safari/537.36"
186.4.183.232 - - [21/Sep/2026:15:11:01 +0200] "GET / HTTP/1.1" 200 165817 "-" "Mozilla/5.0 (Windows NT 10.0; Win64; x64) AppleWebKit/537.36 (KHTML, like Gecko) Chrome/153.0.0.0 Safari/537.36"
186.4.183.232 - - [21/Sep/2026:15:11:01 +0200] "GET /sobre-nosotros/ HTTP/1.1" 200 257609 "-" "Mozilla/5.0 (Windows NT 10.0; Win64; x64) AppleWebKit/537.36 (KHTML, like Gecko) Chrome/153.0.0.0 Safari/537.36"
186.4.183.232 - - [21/Sep/2026:15:11:12 +0200] "POST /wp-content/plugins/litespeed-cache/guest.vary.php HTTP/1.1" 200 5656 "https://grupo-seg.com/sobre-nosotros/" "Mozilla/5.0 (Windows NT 10.0; Win64; x64) AppleWebKit/537.36 (KHTML, like Gecko) Chrome/153.0.0.0 Safari/537.36"
186.4.183.232 - - [21/Sep/2026:15:11:18 +0200] "GET /sobre-nosotros/ HTTP/1.1" 200 251532 "https://grupo-seg.com/sobre-nosotros/" "Mozilla/5.0 (Windows NT 10.0; Win64; x64) AppleWebKit/537.36 (KHTML, like Gecko) Chrome/153.0.0.0 Safari/537.36"
89.248.107.232 - - [21/Sep/2026:15:11:50 +0200] "POST /wp-cron.php?doing_wp_cron=1789996310.7151188850402832031250 HTTP/1.1" 200 5512 "-" "WordPress/6.6.2; https://grupo-seg.com"
40.77.167.24 - - [21/Sep/2026:15:11:49 +0200] "GET /irve423565istdicd/dusprotpo HTTP/1.1" 301 5686 "-" "Mozilla/5.0 AppleWebKit/537.36 (KHTML, like Gecko; compatible; bingbot/2.0; +http://www.bing.com/bingbot.htm) Chrome/116.0.1938.76 Safari/537.36"
89.248.107.232 - - [21/Sep/2026:15:11:51 +0200] "POST /wp-admin/admin-ajax.php?action=async_litespeed&nonce=bc07218fea&litespeed_type=imgoptm HTTP/1.1" 200 5698 "-" "WordPress/6.6.2; https://grupo-seg.com"
89.248.107.232 - - [21/Sep/2026:15:12:25 +0200] "POST /wp-cron.php?doing_wp_cron=1789996345.7982308864593505859375 HTTP/1.1" 200 5512 "-" "WordPress/6.6.2; https://grupo-seg.com"
40.77.167.73 - - [21/Sep/2026:15:12:25 +0200] "GET /laci1257045sogmodeditis.htm HTTP/1.1" 404 97436 "-" "Mozilla/5.0 AppleWebKit/537.36 (KHTML, like Gecko; compatible; bingbot/2.0; +http://www.bing.com/bingbot.htm) Chrome/116.0.1938.76 Safari/537.36"
89.248.107.232 - - [21/Sep/2026:15:12:26 +0200] "POST /wp-admin/admin-ajax.php?action=async_litespeed&nonce=bc07218fea&litespeed_type=imgoptm HTTP/1.1" 200 5698 "-" "WordPress/6.6.2; https://grupo-seg.com"
89.248.107.232 - - [21/Sep/2026:15:14:19 +0200] "POST /wp-cron.php?doing_wp_cron=1789996459.4720969200134277343750 HTTP/1.1" 200 5512 "-" "WordPress/6.6.2; https://grupo-seg.com"
17.166.234.51 - - [21/Sep/2026:15:14:18 +0200] "GET /wp-json/wp/v2/posts/3341 HTTP/1.1" 200 16772 "-" "Mozilla/5.0 (Macintosh; Intel Mac OS X 10_15_7) AppleWebKit/605.1.15 (KHTML, like Gecko) Version/17.4 Safari/605.1.15 (Applebot/0.1; +http://www.apple.com/go/applebot)"
89.248.107.232 - - [21/Sep/2026:15:14:20 +0200] "POST /wp-admin/admin-ajax.php?action=async_litespeed&nonce=bc07218fea&litespeed_type=imgoptm HTTP/1.1" 200 5698 "-" "WordPress/6.6.2; https://grupo-seg.com"
51.89.83.53 - - [21/Sep/2026:15:15:20 +0200] "GET /robots.txt HTTP/1.1" 200 5679 "-" "Mozilla/5.0 (compatible; AhrefsBot/7.0; +http://ahrefs.com/robot/)"
51.195.244.220 - - [21/Sep/2026:15:15:26 +0200] "GET /wp-sitemap.xml HTTP/1.1" 200 6217 "-" "Mozilla/5.0 (compatible; AhrefsBot/7.0; +http://ahrefs.com/robot/)"
51.195.215.198 - - [21/Sep/2026:15:15:28 +0200] "GET /wp-sitemap-posts-post-1.xml HTTP/1.1" 200 8170 "-" "Mozilla/5.0 (compatible; AhrefsBot/7.0; +http://ahrefs.com/robot/)"
54.38.147.66 - - [21/Sep/2026:15:15:31 +0200] "GET /wp-sitemap-posts-page-1.xml HTTP/1.1" 200 9189 "-" "Mozilla/5.0 (compatible; AhrefsBot/7.0; +http://ahrefs.com/robot/)"
198.244.183.94 - - [21/Sep/2026:15:15:33 +0200] "GET /wp-sitemap-posts-portfolio-1.xml HTTP/1.1" 200 17286 "-" "Mozilla/5.0 (compatible; AhrefsBot/7.0; +http://ahrefs.com/robot/)"
198.244.240.214 - - [21/Sep/2026:15:15:34 +0200] "GET /wp-sitemap-posts-mgeo_map-1.xml HTTP/1.1" 200 6011 "-" "Mozilla/5.0 (compatible; AhrefsBot/7.0; +http://ahrefs.com/robot/)"
198.244.242.114 - - [21/Sep/2026:15:15:37 +0200] "GET /wp-sitemap-taxonomies-category-1.xml HTTP/1.1" 200 6256 "-" "Mozilla/5.0 (compatible; AhrefsBot/7.0; +http://ahrefs.com/robot/)"
54.38.147.14 - - [21/Sep/2026:15:15:38 +0200] "GET /wp-sitemap-taxonomies-project-type-1.xml HTTP/1.1" 200 6924 "-" "Mozilla/5.0 (compatible; AhrefsBot/7.0; +http://ahrefs.com/robot/)"
66.249.88.103 - - [21/Sep/2026:15:16:34 +0200] "GET /.well-known/traffic-advice HTTP/1.1" 404 97421 "-" "Chrome Privacy Preserving Prefetch Proxy"
162.120.185.248 - - [21/Sep/2026:15:16:33 +0200] "GET /paises/bolivia/ HTTP/1.1" 200 156640 "https://www.google.com/" "Mozilla/5.0 (Linux; Android 10; K) AppleWebKit/537.36 (KHTML, like Gecko) Chrome/153.0.0.0 Mobile Safari/537.36"
47.128.37.69 - - [21/Sep/2026:15:16:31 +0200] "GET /en/category/news/ HTTP/1.1" 200 108075 "-" "Mozilla/5.0 (Linux; Android 5.0) AppleWebKit/537.36 (KHTML, like Gecko) Mobile Safari/537.36 (compatible; Bytespider; spider-feedback@bytedance.com)"
47.128.37.69 - - [21/Sep/2026:15:16:39 +0200] "POST /wp-content/plugins/litespeed-cache/guest.vary.php HTTP/1.1" 200 5656 "https://grupo-seg.com/en/category/news/" "Mozilla/5.0 (Linux; Android 5.0) AppleWebKit/537.36 (KHTML, like Gecko) Mobile Safari/537.36 (compatible; Bytespider; spider-feedback@bytedance.com)"
47.128.37.69 - - [21/Sep/2026:15:16:39 +0200] "GET /en/category/news/ HTTP/1.1" 200 115920 "https://grupo-seg.com/en/category/news/" "Mozilla/5.0 (Linux; Android 5.0) AppleWebKit/537.36 (KHTML, like Gecko) Mobile Safari/537.36 (compatible; Bytespider; spider-feedback@bytedance.com)"
193.186.4.246 - - [21/Sep/2026:15:16:47 +0200] "GET /sobre-nosotros/ HTTP/1.1" 200 257564 "https://www.google.com/" "Mozilla/5.0 (Windows NT 10.0; Win64; x64) AppleWebKit/537.36 (KHTML, like Gecko) Chrome/153.0.0.0 Safari/537.36"
72.14.201.211 - - [21/Sep/2026:15:16:47 +0200] "GET /paises/colombia/ HTTP/1.1" 200 176056 "https://www.google.com/" "Mozilla/5.0 (Windows NT 10.0; Win64; x64) AppleWebKit/537.36 (KHTML, like Gecko) Chrome/153.0.0.0 Safari/537.36"
89.248.107.232 - - [21/Sep/2026:15:18:12 +0200] "POST /wp-cron.php?doing_wp_cron=1789996692.1650919914245605468750 HTTP/1.1" 200 5512 "-" "WordPress/6.6.2; https://grupo-seg.com"
40.77.167.55 - - [21/Sep/2026:15:18:11 +0200] "GET /ahex461794diotsdp/buzon-sugerencias.html HTTP/1.1" 404 97436 "-" "Mozilla/5.0 AppleWebKit/537.36 (KHTML, like Gecko; compatible; bingbot/2.0; +http://www.bing.com/bingbot.htm) Chrome/116.0.1938.76 Safari/537.36"
89.248.107.232 - - [21/Sep/2026:15:18:13 +0200] "POST /wp-admin/admin-ajax.php?action=async_litespeed&nonce=bc07218fea&litespeed_type=imgoptm HTTP/1.1" 200 5698 "-" "WordPress/6.6.2; https://grupo-seg.com"
89.248.107.232 - - [21/Sep/2026:15:21:40 +0200] "POST /wp-cron.php?doing_wp_cron=1789996900.9093780517578125000000 HTTP/1.1" 200 5512 "-" "WordPress/6.6.2; https://grupo-seg.com"
104.249.51.3 - - [21/Sep/2026:15:21:40 +0200] "HEAD / HTTP/1.1" 200 5715 "-" "Mozilla/5.0 (Windows NT 10.0; Win64; x64) AppleWebKit/537.36 (KHTML, like Gecko) Chrome/132.0.0.0 Safari/537.36"
89.248.107.232 - - [21/Sep/2026:15:22:21 +0200] "POST /wp-cron.php?doing_wp_cron=1789996941.2745609283447265625000 HTTP/1.1" 200 5512 "-" "WordPress/6.6.2; https://grupo-seg.com"
8.217.145.188 - - [21/Sep/2026:15:22:20 +0200] "GET / HTTP/1.1" 200 165817 "-" "Mozilla/5.0 (Windows NT 10.0; Win64; x64) AppleWebKit/537.36 (KHTML, like Gecko) Chrome/120.0.0.0 Safari/537.36"
89.248.107.232 - - [21/Sep/2026:15:23:29 +0200] "POST /wp-cron.php?doing_wp_cron=1789997009.2773690223693847656250 HTTP/1.1" 200 5512 "-" "WordPress/6.6.2; https://grupo-seg.com"
52.167.144.182 - - [21/Sep/2026:15:23:28 +0200] "GET /lzmq512412dtoiiosdgm HTTP/1.1" 404 97421 "-" "Mozilla/5.0 AppleWebKit/537.36 (KHTML, like Gecko; compatible; bingbot/2.0; +http://www.bing.com/bingbot.htm) Chrome/116.0.1938.76 Safari/537.36"
89.248.107.232 - - [21/Sep/2026:15:23:30 +0200] "POST /wp-admin/admin-ajax.php?action=async_litespeed&nonce=bc07218fea&litespeed_type=imgoptm HTTP/1.1" 200 5698 "-" "WordPress/6.6.2; https://grupo-seg.com"
40.77.167.3 - - [21/Sep/2026:15:23:33 +0200] "GET /kfue230877z7s960t4s8i3d512po.htm HTTP/1.1" 404 97436 "-" "Mozilla/5.0 AppleWebKit/537.36 (KHTML, like Gecko; compatible; bingbot/2.0; +http://www.bing.com/bingbot.htm) Chrome/116.0.1938.76 Safari/537.36"
89.248.107.232 - - [21/Sep/2026:15:23:49 +0200] "POST /wp-cron.php?doing_wp_cron=1789997029.6375219821929931640625 HTTP/1.1" 200 5512 "-" "WordPress/6.6.2; https://grupo-seg.com"
43.167.239.66 - - [21/Sep/2026:15:23:49 +0200] "GET / HTTP/1.1" 301 5612 "http://www.serynco.es" "Mozilla/5.0 (iPhone; CPU iPhone OS 13_2_3 like Mac OS X) AppleWebKit/605.1.15 (KHTML, like Gecko) Version/13.0.3 Mobile/15E148 Safari/604.1"
43.167.239.66 - - [21/Sep/2026:15:23:51 +0200] "GET / HTTP/1.1" 200 156989 "https://www.grupo-seg.com/" "Mozilla/5.0 (iPhone; CPU iPhone OS 13_2_3 like Mac OS X) AppleWebKit/605.1.15 (KHTML, like Gecko) Version/13.0.3 Mobile/15E148 Safari/604.1"
89.248.107.232 - - [21/Sep/2026:15:25:07 +0200] "POST /wp-cron.php?doing_wp_cron=1789997107.8267951011657714843750 HTTP/1.1" 200 5512 "-" "WordPress/6.6.2; https://grupo-seg.com"
100.28.118.16 - - [21/Sep/2026:15:25:07 +0200] "GET /portfolio/proyecto-carretera-panamericana-oeste-entre-la-chorrera-y-santiago-de-veraguas/ HTTP/1.1" 200 117208 "-" "Mozilla/5.0 AppleWebKit/537.36 (KHTML, like Gecko; compatible; Amazonbot/0.1; +https://developer.amazon.com/support/amazonbot) Chrome/119.0.6045.214 Safari/537.36"
89.248.107.232 - - [21/Sep/2026:15:25:09 +0200] "POST /wp-admin/admin-ajax.php?action=async_litespeed&nonce=bc07218fea&litespeed_type=imgoptm HTTP/1.1" 200 5698 "-" "WordPress/6.6.2; https://grupo-seg.com"
89.248.107.232 - - [21/Sep/2026:15:26:44 +0200] "POST /wp-cron.php?doing_wp_cron=1789997204.1466300487518310546875 HTTP/1.1" 200 5512 "-" "WordPress/6.6.2; https://grupo-seg.com"
51.195.215.130 - - [21/Sep/2026:15:26:43 +0200] "GET /redaccion-de-proyecto-constructivo-para-la-ampliacion-de-apartaderos/ HTTP/1.1" 301 5627 "-" "Mozilla/5.0 (compatible; AhrefsBot/7.0; +http://ahrefs.com/robot/)"
89.248.107.232 - - [21/Sep/2026:15:26:45 +0200] "POST /wp-admin/admin-ajax.php?action=async_litespeed&nonce=bc07218fea&litespeed_type=imgoptm HTTP/1.1" 200 5698 "-" "WordPress/6.6.2; https://grupo-seg.com"
89.248.107.232 - - [21/Sep/2026:15:29:13 +0200] "POST /wp-cron.php?doing_wp_cron=1789997353.4155480861663818359375 HTTP/1.1" 200 5512 "-" "WordPress/6.6.2; https://grupo-seg.com/en/"
47.128.37.87 - - [21/Sep/2026:15:29:12 +0200] "GET /en/project-type/%C2%B7-paraguay/ HTTP/1.1" 200 91935 "-" "Mozilla/5.0 (Linux; Android 5.0) AppleWebKit/537.36 (KHTML, like Gecko) Mobile Safari/537.36 (compatible; Bytespider; spider-feedback@bytedance.com)"
89.248.107.232 - - [21/Sep/2026:15:29:14 +0200] "POST /wp-admin/admin-ajax.php?action=async_litespeed&nonce=bc07218fea&litespeed_type=imgoptm HTTP/1.1" 200 5698 "-" "WordPress/6.6.2; https://grupo-seg.com"
117.219.25.98 - - [21/Sep/2026:15:29:15 +0200] "POST /xmlrpc.php HTTP/1.1" 503 25081 "-" "Jetpack by WordPress.com (Jetpack 13.0; WordPress 6.3)"
117.219.25.98 - - [21/Sep/2026:15:29:23 +0200] "POST /xmlrpc.php HTTP/1.1" 503 24035 "-" "WordPress.com; https://wordpress.com"
117.219.25.98 - - [21/Sep/2026:15:29:34 +0200] "POST /xmlrpc.php HTTP/1.1" 503 24035 "-" "Jetpack by WordPress.com"
117.219.25.98 - - [21/Sep/2026:15:29:44 +0200] "POST /xmlrpc.php HTTP/1.1" 503 24035 "-" "Jetpack by WordPress.com"
117.219.25.98 - - [21/Sep/2026:15:29:55 +0200] "POST /xmlrpc.php HTTP/1.1" 503 24035 "-" "Jetpack/12.1; WordPress/6.3; http://site91375518.com"
117.219.25.98 - - [21/Sep/2026:15:30:06 +0200] "POST /xmlrpc.php HTTP/1.1" 503 24035 "-" "Jetpack by WordPress.com (Jetpack 12.1; WordPress 6.1)"
89.248.107.232 - - [21/Sep/2026:15:30:10 +0200] "POST /?wordfence_syncAttackData=1789997410.3222 HTTP/1.1" 200 5452 "-" "WordPress/6.6.2; https://grupo-seg.com"
89.248.107.232 - - [21/Sep/2026:15:30:11 +0200] "POST /wp-cron.php?doing_wp_cron=1789997411.7709119319915771484375 HTTP/1.1" 200 5512 "-" "WordPress/6.6.2; https://grupo-seg.com"
23.95.197.220 - - [21/Sep/2026:15:30:09 +0200] "GET /wp-login.php HTTP/1.1" 200 13732 "http://serynco.es/wp-admin/" "Mozilla/5.0 (Windows NT 10.0; Win64; x64) AppleWebKit/537.36 (KHTML, like Gecko) Chrome/90.0.4430.85 Safari/537.36"
23.95.197.220 - - [21/Sep/2026:15:30:12 +0200] "POST /wp-login.php HTTP/1.1" 503 25298 "http://serynco.es/wp-admin/" "Mozilla/5.0 (Windows NT 10.0; Win64; x64) AppleWebKit/537.36 (KHTML, like Gecko) Chrome/90.0.4430.85 Safari/537.36"
89.248.107.232 - - [21/Sep/2026:15:30:13 +0200] "POST /wp-admin/admin-ajax.php?action=async_litespeed&nonce=bc07218fea&litespeed_type=imgoptm HTTP/1.1" 200 5698 "-" "WordPress/6.6.2; https://grupo-seg.com"
23.95.197.220 - - [21/Sep/2026:15:30:14 +0200] "GET /wp-admin/ HTTP/1.1" 503 24989 "http://serynco.es/wp-admin/" "Mozilla/5.0 (Windows NT 10.0; Win64; x64) AppleWebKit/537.36 (KHTML, like Gecko) Chrome/90.0.4430.85 Safari/537.36"
23.95.197.220 - - [21/Sep/2026:15:30:14 +0200] "POST /wp-login.php HTTP/1.1" 503 24035 "https://www.grupo-seg.com/wp-admin/" "Mozilla/5.0 (Windows NT 10.0; Win64; x64) AppleWebKit/537.36 (KHTML, like Gecko) Chrome/90.0.4430.85 Safari/537.36"
23.95.197.220 - - [21/Sep/2026:15:30:15 +0200] "GET /wp-admin/ HTTP/1.1" 503 24989 "https://www.grupo-seg.com/wp-admin/" "Mozilla/5.0 (Windows NT 10.0; Win64; x64) AppleWebKit/537.36 (KHTML, like Gecko) Chrome/90.0.4430.85 Safari/537.36"
23.95.197.220 - - [21/Sep/2026:15:30:16 +0200] "POST /wp-login.php HTTP/1.1" 403 6501 "https://www.grupo-seg.com/wp-admin/" "Mozilla/5.0 (Windows NT 10.0; Win64; x64) AppleWebKit/537.36 (KHTML, like Gecko) Chrome/90.0.4430.85 Safari/537.36"
117.219.25.98 - - [21/Sep/2026:15:30:16 +0200] "POST /xmlrpc.php HTTP/1.1" 503 24035 "-" "Jetpack by WordPress.com (Jetpack 12.0; WordPress 6.3)"
23.95.197.220 - - [21/Sep/2026:15:30:16 +0200] "GET /wp-admin/ HTTP/1.1" 503 24989 "https://www.grupo-seg.com/wp-admin/" "Mozilla/5.0 (Windows NT 10.0; Win64; x64) AppleWebKit/537.36 (KHTML, like Gecko) Chrome/90.0.4430.85 Safari/537.36"
117.219.25.98 - - [21/Sep/2026:15:30:27 +0200] "POST /xmlrpc.php HTTP/1.1" 503 24035 "-" "WordPress.com; https://wordpress.com"
117.219.25.98 - - [21/Sep/2026:15:30:37 +0200] "POST /xmlrpc.php HTTP/1.1" 503 24035 "-" "Jetpack/13.0; WordPress/6.3; http://site57380741.com"
117.219.25.98 - - [21/Sep/2026:15:30:48 +0200] "POST /xmlrpc.php HTTP/1.1" 503 24035 "-" "Jetpack by WordPress.com"
117.219.25.98 - - [21/Sep/2026:15:30:58 +0200] "POST /xmlrpc.php HTTP/1.1" 503 24035 "-" "WordPress.com; https://wordpress.com"
117.219.25.98 - - [21/Sep/2026:15:31:09 +0200] "POST /xmlrpc.php HTTP/1.1" 503 24035 "-" "Jetpack/12.1; WordPress/6.2; http://site21355062.com"
117.219.25.98 - - [21/Sep/2026:15:31:19 +0200] "POST /xmlrpc.php HTTP/1.1" 503 24035 "-" "Jetpack/12.0; WordPress/6.2; http://site30987893.com"
117.219.25.98 - - [21/Sep/2026:15:31:30 +0200] "POST /xmlrpc.php HTTP/1.1" 503 24035 "-" "Jetpack/13.0; WordPress/6.3; http://site72627430.com"
117.219.25.98 - - [21/Sep/2026:15:31:40 +0200] "POST /xmlrpc.php HTTP/1.1" 503 24035 "-" "Jetpack/12.5; WordPress/6.2; http://site26024981.com"
117.219.25.98 - - [21/Sep/2026:15:31:51 +0200] "POST /xmlrpc.php HTTP/1.1" 503 24035 "-" "Jetpack/12.0; WordPress/6.1; http://site97634473.com"
117.219.25.98 - - [21/Sep/2026:15:32:02 +0200] "POST /xmlrpc.php HTTP/1.1" 503 24035 "-" "Jetpack by WordPress.com"
117.219.25.98 - - [21/Sep/2026:15:32:12 +0200] "POST /xmlrpc.php HTTP/1.1" 503 24035 "-" "WordPress.com; https://wordpress.com"
117.219.25.98 - - [21/Sep/2026:15:32:23 +0200] "POST /xmlrpc.php HTTP/1.1" 503 24035 "-" "WordPress.com; https://wordpress.com"
117.219.25.98 - - [21/Sep/2026:15:32:33 +0200] "POST /xmlrpc.php HTTP/1.1" 503 24035 "-" "WordPress.com; https://wordpress.com"
117.219.25.98 - - [21/Sep/2026:15:32:44 +0200] "POST /xmlrpc.php HTTP/1.1" 503 24035 "-" "Jetpack by WordPress.com"
117.219.25.98 - - [21/Sep/2026:15:32:54 +0200] "POST /xmlrpc.php HTTP/1.1" 503 24035 "-" "Jetpack/13.0; WordPress/6.1; http://site86483198.com"
117.219.25.98 - - [21/Sep/2026:15:33:05 +0200] "POST /xmlrpc.php HTTP/1.1" 503 24035 "-" "Jetpack/12.5; WordPress/6.2; http://site34034227.com"
89.248.107.232 - - [21/Sep/2026:15:33:10 +0200] "POST /?wordfence_syncAttackData=1789997590.3102 HTTP/1.1" 200 5452 "-" "WordPress/6.6.2; https://grupo-seg.com"
89.248.107.232 - - [21/Sep/2026:15:33:11 +0200] "POST /wp-cron.php?doing_wp_cron=1789997591.4518260955810546875000 HTTP/1.1" 200 5512 "-" "WordPress/6.6.2; https://grupo-seg.com"
141.98.11.224 - - [21/Sep/2026:15:33:09 +0200] "GET / HTTP/1.1" 301 5612 "https://www.grupo-seg.com/" "Mozilla/5.0 (Windows NT 10.0; Win64; x64) AppleWebKit/537.36 (KHTML, like Gecko) Chrome/131.0.0.0 Safari/537.36"
89.248.107.232 - - [21/Sep/2026:15:33:12 +0200] "POST /wp-admin/admin-ajax.php?action=async_litespeed&nonce=bc07218fea&litespeed_type=imgoptm HTTP/1.1" 200 5698 "-" "WordPress/6.6.2; https://grupo-seg.com"
141.98.11.224 - - [21/Sep/2026:15:33:11 +0200] "GET / HTTP/1.1" 200 165817 "https://grupo-seg.com/" "Mozilla/5.0 (Windows NT 10.0; Win64; x64) AppleWebKit/537.36 (KHTML, like Gecko) Chrome/131.0.0.0 Safari/537.36"
141.98.11.224 - - [21/Sep/2026:15:33:14 +0200] "GET /contacto/ HTTP/1.1" 200 199636 "https://grupo-seg.com/contacto/" "Mozilla/5.0 (Windows NT 10.0; Win64; x64) AppleWebKit/537.36 (KHTML, like Gecko) Chrome/131.0.0.0 Safari/537.36"
117.219.25.98 - - [21/Sep/2026:15:33:15 +0200] "POST /xmlrpc.php HTTP/1.1" 503 24035 "-" "Jetpack by WordPress.com"
141.98.11.224 - - [21/Sep/2026:15:33:16 +0200] "GET /en/contact/ HTTP/1.1" 200 199721 "https://grupo-seg.com/en/contact/" "Mozilla/5.0 (Windows NT 10.0; Win64; x64) AppleWebKit/537.36 (KHTML, like Gecko) Chrome/131.0.0.0 Safari/537.36"
89.248.107.232 - - [21/Sep/2026:15:33:23 +0200] "POST /?wordfence_syncAttackData=1789997603.4482 HTTP/1.1" 200 5452 "-" "WordPress/6.6.2; https://grupo-seg.com"
34.60.36.169 - - [21/Sep/2026:15:33:22 +0200] "GET /robots.txt HTTP/1.1" 301 5576 "https://serynco.es/robots.txt" "Mozilla/5.0 AppleWebKit/537.36 (KHTML, like Gecko; compatible; KeenableBot/1.0; +https://keenable.ai/)"
89.248.107.232 - - [21/Sep/2026:15:33:26 +0200] "POST /wp-cron.php?doing_wp_cron=1789997606.0528070926666259765625 HTTP/1.1" 200 5512 "-" "WordPress/6.6.2; https://grupo-seg.com"
34.60.36.169 - - [21/Sep/2026:15:33:25 +0200] "GET /robots.txt HTTP/1.1" 200 5679 "https://www.grupo-seg.com/robots.txt" "Mozilla/5.0 AppleWebKit/537.36 (KHTML, like Gecko; compatible; KeenableBot/1.0; +https://keenable.ai/)"
117.219.25.98 - - [21/Sep/2026:15:33:26 +0200] "POST /xmlrpc.php HTTP/1.1" 503 24035 "-" "Jetpack by WordPress.com (Jetpack 12.1; WordPress 6.2)"
89.248.107.232 - - [21/Sep/2026:15:33:27 +0200] "POST /wp-admin/admin-ajax.php?action=async_litespeed&nonce=bc07218fea&litespeed_type=imgoptm HTTP/1.1" 200 5698 "-" "WordPress/6.6.2; https://grupo-seg.com"
117.219.25.98 - - [21/Sep/2026:15:33:37 +0200] "POST /xmlrpc.php HTTP/1.1" 503 24035 "-" "WordPress.com; https://wordpress.com"
117.219.25.98 - - [21/Sep/2026:15:33:47 +0200] "POST /xmlrpc.php HTTP/1.1" 503 24035 "-" "WordPress.com; https://wordpress.com"
117.219.25.98 - - [21/Sep/2026:15:33:58 +0200] "POST /xmlrpc.php HTTP/1.1" 503 24035 "-" "Jetpack by WordPress.com"
117.219.25.98 - - [21/Sep/2026:15:34:08 +0200] "POST /xmlrpc.php HTTP/1.1" 503 24035 "-" "Jetpack by WordPress.com (Jetpack 12.5; WordPress 6.4)"
117.219.25.98 - - [21/Sep/2026:15:34:19 +0200] "POST /xmlrpc.php HTTP/1.1" 503 24035 "-" "Jetpack by WordPress.com (Jetpack 12.0; WordPress 6.2)"
117.219.25.98 - - [21/Sep/2026:15:34:30 +0200] "POST /xmlrpc.php HTTP/1.1" 503 24035 "-" "WordPress.com; https://wordpress.com"
89.248.107.232 - - [21/Sep/2026:15:34:35 +0200] "POST /?wordfence_syncAttackData=1789997675.7317 HTTP/1.1" 200 5452 "-" "WordPress/6.6.2; https://grupo-seg.com"
89.248.107.232 - - [21/Sep/2026:15:34:36 +0200] "POST /wp-cron.php?doing_wp_cron=1789997676.4356610774993896484375 HTTP/1.1" 200 5512 "-" "WordPress/6.6.2; https://grupo-seg.com"
104.197.113.125 - - [21/Sep/2026:15:34:35 +0200] "GET / HTTP/1.1" 301 5612 "https://serynco.es/" "Mozilla/5.0 AppleWebKit/537.36 (KHTML, like Gecko; compatible; KeenableBot/1.0; +https://keenable.ai/)"
104.197.113.125 - - [21/Sep/2026:15:34:37 +0200] "GET / HTTP/1.1" 200 165847 "https://www.grupo-seg.com/" "Mozilla/5.0 AppleWebKit/537.36 (KHTML, like Gecko; compatible; KeenableBot/1.0; +https://keenable.ai/)"
89.248.107.232 - - [21/Sep/2026:15:34:37 +0200] "POST /wp-admin/admin-ajax.php?action=async_litespeed&nonce=bc07218fea&litespeed_type=imgoptm HTTP/1.1" 200 5698 "-" "WordPress/6.6.2; https://grupo-seg.com"
117.219.25.98 - - [21/Sep/2026:15:34:40 +0200] "POST /xmlrpc.php HTTP/1.1" 503 24035 "-" "Jetpack by WordPress.com (Jetpack 12.1; WordPress 6.4)"
117.219.25.98 - - [21/Sep/2026:15:34:51 +0200] "POST /xmlrpc.php HTTP/1.1" 503 24035 "-" "Jetpack by WordPress.com (Jetpack 12.0; WordPress 6.2)"
117.219.25.98 - - [21/Sep/2026:15:35:01 +0200] "POST /xmlrpc.php HTTP/1.1" 503 24035 "-" "Jetpack by WordPress.com (Jetpack 12.1; WordPress 6.3)"
89.248.107.232 - - [21/Sep/2026:15:35:08 +0200] "POST /?wordfence_syncAttackData=1789997708.8981 HTTP/1.1" 200 5452 "-" "WordPress/6.6.2; https://grupo-seg.com"
89.248.107.232 - - [21/Sep/2026:15:35:09 +0200] "POST /wp-cron.php?doing_wp_cron=1789997709.8569819927215576171875 HTTP/1.1" 200 5512 "-" "WordPress/6.6.2; https://grupo-seg.com"
