95.127.20.171 - - [21/Sep/2026:08:56:15 +0200] "POST /autodiscover/autodiscover.xml HTTP/1.1" 404 92202 "-" "Microsoft Office/16.0 (Windows NT 10.0; Microsoft Outlook 16.0.20228; Pro)"
47.128.37.93 - - [21/Sep/2026:08:56:17 +0200] "GET /ingenieria/proyectos-aeroportuarios HTTP/1.1" 404 88592 "-" "Mozilla/5.0 (Linux; Android 5.0) AppleWebKit/537.36 (KHTML, like Gecko) Mobile Safari/537.36 (compatible; Bytespider; spider-feedback@bytedance.com)"
202.141.32.195 - - [21/Sep/2026:08:56:24 +0200] "POST /xmlrpc.php HTTP/1.1" 503 24038 "-" "Jetpack/12.5; WordPress/6.3; http://site85385834.com"
202.141.32.195 - - [21/Sep/2026:08:56:34 +0200] "POST /xmlrpc.php HTTP/1.1" 503 24038 "-" "WordPress.com; https://wordpress.com"
89.248.107.232 - - [21/Sep/2026:08:56:37 +0200] "POST /?wordfence_syncAttackData=1789973797.5137 HTTP/1.1" 200 5452 "-" "WordPress/6.6.2; https://grupo-seg.com"
89.248.107.232 - - [21/Sep/2026:08:56:38 +0200] "POST /wp-cron.php?doing_wp_cron=1789973798.0929241180419921875000 HTTP/1.1" 200 5512 "-" "WordPress/6.6.2; https://grupo-seg.com"
52.167.144.25 - - [21/Sep/2026:08:56:37 +0200] "GET /jrst397182pstiiddogoossd HTTP/1.1" 404 97436 "-" "Mozilla/5.0 AppleWebKit/537.36 (KHTML, like Gecko; compatible; bingbot/2.0; +http://www.bing.com/bingbot.htm) Chrome/116.0.1938.76 Safari/537.36"
89.248.107.232 - - [21/Sep/2026:08:56:38 +0200] "POST /wp-admin/admin-ajax.php?action=async_litespeed&nonce=b4cc4c672a&litespeed_type=imgoptm HTTP/1.1" 200 5698 "-" "WordPress/6.6.2; https://grupo-seg.com"
202.141.32.195 - - [21/Sep/2026:08:56:45 +0200] "POST /xmlrpc.php HTTP/1.1" 503 24038 "-" "Jetpack/12.5; WordPress/6.2; http://site63061822.com"
89.248.107.232 - - [21/Sep/2026:08:56:48 +0200] "POST /?wordfence_syncAttackData=1789973808.0354 HTTP/1.1" 200 5452 "-" "WordPress/6.6.2; https://grupo-seg.com"
89.248.107.232 - - [21/Sep/2026:08:56:49 +0200] "POST /wp-cron.php?doing_wp_cron=1789973809.3739449977874755859375 HTTP/1.1" 200 5512 "-" "WordPress/6.6.2; https://grupo-seg.com"
95.127.20.171 - - [21/Sep/2026:08:56:47 +0200] "POST /autodiscover/autodiscover.xml HTTP/1.1" 404 92217 "-" "Microsoft Office/16.0 (Windows NT 10.0; Microsoft Outlook 16.0.20228; Pro)"
95.127.20.171 - - [21/Sep/2026:08:56:48 +0200] "POST /autodiscover/autodiscover.xml HTTP/1.1" 404 92217 "-" "Microsoft Office/16.0 (Windows NT 10.0; Microsoft Outlook 16.0.20228; Pro)"
89.248.107.232 - - [21/Sep/2026:08:56:48 +0200] "POST /?wordfence_syncAttackData=1789973808.4638 HTTP/1.1" 200 13454 "-" "WordPress/6.6.2; https://grupo-seg.com"
188.26.195.35 - - [21/Sep/2026:08:56:49 +0200] "POST /AutoDiscover/autodiscover.xml HTTP/1.1" 404 92217 "-" "Microsoft Office/16.0 (Windows NT 10.0; Microsoft Excel 16.0.20326; Pro)"
202.141.32.195 - - [21/Sep/2026:08:56:56 +0200] "POST /xmlrpc.php HTTP/1.1" 503 24038 "-" "Jetpack by WordPress.com"
202.141.32.195 - - [21/Sep/2026:08:57:06 +0200] "POST /xmlrpc.php HTTP/1.1" 503 24038 "-" "Jetpack by WordPress.com"
202.141.32.195 - - [21/Sep/2026:08:57:17 +0200] "POST /xmlrpc.php HTTP/1.1" 503 24038 "-" "Jetpack by WordPress.com"
202.141.32.195 - - [21/Sep/2026:08:57:27 +0200] "POST /xmlrpc.php HTTP/1.1" 503 24038 "-" "Jetpack/13.0; WordPress/6.2; http://site66492914.com"
202.141.32.195 - - [21/Sep/2026:08:57:38 +0200] "POST /xmlrpc.php HTTP/1.1" 503 24038 "-" "Jetpack by WordPress.com (Jetpack 12.1; WordPress 6.4)"
202.141.32.195 - - [21/Sep/2026:08:57:49 +0200] "POST /xmlrpc.php HTTP/1.1" 503 24038 "-" "Jetpack/12.5; WordPress/6.1; http://site46835294.com"
89.248.107.232 - - [21/Sep/2026:08:57:56 +0200] "POST /?wordfence_syncAttackData=1789973876.4444 HTTP/1.1" 200 5452 "-" "WordPress/6.6.2; https://grupo-seg.com"
89.248.107.232 - - [21/Sep/2026:08:57:57 +0200] "POST /wp-cron.php?doing_wp_cron=1789973877.1198639869689941406250 HTTP/1.1" 200 5512 "-" "WordPress/6.6.2; https://grupo-seg.com"
95.127.20.171 - - [21/Sep/2026:08:57:56 +0200] "POST /autodiscover/autodiscover.xml HTTP/1.1" 404 92202 "-" "Microsoft Office/16.0 (Windows NT 10.0; Microsoft Outlook 16.0.20228; Pro)"
89.248.107.232 - - [21/Sep/2026:08:57:56 +0200] "POST /?wordfence_syncAttackData=1789973876.6891 HTTP/1.1" 200 13454 "-" "WordPress/6.6.2; https://grupo-seg.com"
95.127.20.171 - - [21/Sep/2026:08:57:56 +0200] "POST /autodiscover/autodiscover.xml HTTP/1.1" 404 92217 "-" "Microsoft Office/16.0 (Windows NT 10.0; Microsoft Outlook 16.0.20228; Pro)"
89.248.107.232 - - [21/Sep/2026:08:57:58 +0200] "POST /wp-admin/admin-ajax.php?action=async_litespeed&nonce=b4cc4c672a&litespeed_type=imgoptm HTTP/1.1" 200 5698 "-" "WordPress/6.6.2; https://grupo-seg.com"
202.141.32.195 - - [21/Sep/2026:08:57:59 +0200] "POST /xmlrpc.php HTTP/1.1" 503 24038 "-" "WordPress.com; https://wordpress.com"
89.248.107.232 - - [21/Sep/2026:08:58:06 +0200] "POST /?wordfence_syncAttackData=1789973886.5068 HTTP/1.1" 200 5452 "-" "WordPress/6.6.2; https://grupo-seg.com"
89.248.107.232 - - [21/Sep/2026:08:58:07 +0200] "POST /wp-cron.php?doing_wp_cron=1789973887.0588030815124511718750 HTTP/1.1" 200 5512 "-" "WordPress/6.6.2; https://grupo-seg.com"
47.128.55.155 - - [21/Sep/2026:08:58:06 +0200] "GET /robots.txt HTTP/1.1" 301 5576 "http://www.alben4000.com/robots.txt" "Mozilla/5.0 (iPhone; CPU iPhone OS 7_1_2 like Mac OS X) AppleWebKit/537.36 (KHTML, like Gecko) Version/7.0 Mobile Safari/537.36 (compatible; Bytespider; https://bytedance.sg.larkoffice.com/docx/K5bxdypulop3IIxrJb0lOjLVgFe)"
47.128.55.155 - - [21/Sep/2026:08:58:08 +0200] "GET /robots.txt HTTP/1.1" 200 5679 "http://www.alben4000.com/robots.txt" "Mozilla/5.0 (iPhone; CPU iPhone OS 7_1_2 like Mac OS X) AppleWebKit/537.36 (KHTML, like Gecko) Version/7.0 Mobile Safari/537.36 (compatible; Bytespider; https://bytedance.sg.larkoffice.com/docx/K5bxdypulop3IIxrJb0lOjLVgFe)"
202.141.32.195 - - [21/Sep/2026:08:58:10 +0200] "POST /xmlrpc.php HTTP/1.1" 503 24038 "-" "Jetpack by WordPress.com (Jetpack 12.5; WordPress 6.4)"
202.141.32.195 - - [21/Sep/2026:08:58:21 +0200] "POST /xmlrpc.php HTTP/1.1" 503 24038 "-" "Jetpack by WordPress.com (Jetpack 12.5; WordPress 6.4)"
202.141.32.195 - - [21/Sep/2026:08:58:31 +0200] "POST /xmlrpc.php HTTP/1.1" 503 24038 "-" "Jetpack/12.0; WordPress/6.3; http://site19453263.com"
202.141.32.195 - - [21/Sep/2026:08:58:42 +0200] "POST /xmlrpc.php HTTP/1.1" 503 24038 "-" "WordPress.com; https://wordpress.com"
202.141.32.195 - - [21/Sep/2026:08:58:52 +0200] "POST /xmlrpc.php HTTP/1.1" 503 24038 "-" "Jetpack/13.0; WordPress/6.3; http://site19767209.com"
89.248.107.232 - - [21/Sep/2026:08:59:01 +0200] "POST /?wordfence_syncAttackData=1789973940.9941 HTTP/1.1" 200 5452 "-" "WordPress/6.6.2; https://grupo-seg.com"
89.248.107.232 - - [21/Sep/2026:08:59:01 +0200] "POST /wp-cron.php?doing_wp_cron=1789973941.7188909053802490234375 HTTP/1.1" 200 5512 "-" "WordPress/6.6.2; https://grupo-seg.com"
95.127.20.171 - - [21/Sep/2026:08:59:00 +0200] "POST /autodiscover/autodiscover.xml HTTP/1.1" 404 92202 "-" "Microsoft Office/16.0 (Windows NT 10.0; Microsoft Outlook 16.0.20228; Pro)"
89.248.107.232 - - [21/Sep/2026:08:59:02 +0200] "POST /wp-admin/admin-ajax.php?action=async_litespeed&nonce=b4cc4c672a&litespeed_type=imgoptm HTTP/1.1" 200 5698 "-" "WordPress/6.6.2; https://grupo-seg.com"
202.141.32.195 - - [21/Sep/2026:08:59:03 +0200] "POST /xmlrpc.php HTTP/1.1" 503 24038 "-" "Jetpack by WordPress.com (Jetpack 12.1; WordPress 6.3)"
2.139.158.128 - - [21/Sep/2026:08:59:03 +0200] "POST /AutoDiscover/autodiscover.xml HTTP/1.1" 404 92268 "-" "Microsoft Office/16.0 (Windows NT 10.0; Microsoft Excel 16.0.20228; Pro)"
95.127.20.171 - - [21/Sep/2026:08:59:03 +0200] "POST /autodiscover/autodiscover.xml HTTP/1.1" 404 92217 "-" "Microsoft Office/16.0 (Windows NT 10.0; Microsoft Outlook 16.0.20228; Pro)"
95.127.20.171 - - [21/Sep/2026:08:59:04 +0200] "POST /autodiscover/autodiscover.xml HTTP/1.1" 404 92217 "-" "Microsoft Office/16.0 (Windows NT 10.0; Microsoft Outlook 16.0.20228; Pro)"
202.141.32.195 - - [21/Sep/2026:08:59:14 +0200] "POST /xmlrpc.php HTTP/1.1" 503 24038 "-" "WordPress.com; https://wordpress.com"
202.141.32.195 - - [21/Sep/2026:08:59:24 +0200] "POST /xmlrpc.php HTTP/1.1" 503 24038 "-" "WordPress.com; https://wordpress.com"
202.141.32.195 - - [21/Sep/2026:08:59:35 +0200] "POST /xmlrpc.php HTTP/1.1" 503 24038 "-" "Jetpack by WordPress.com"
202.141.32.195 - - [21/Sep/2026:08:59:46 +0200] "POST /xmlrpc.php HTTP/1.1" 503 24038 "-" "Jetpack by WordPress.com"
202.141.32.195 - - [21/Sep/2026:08:59:56 +0200] "POST /xmlrpc.php HTTP/1.1" 503 24038 "-" "Jetpack/13.0; WordPress/6.3; http://site56311104.com"
202.141.32.195 - - [21/Sep/2026:09:00:07 +0200] "POST /xmlrpc.php HTTP/1.1" 503 24038 "-" "Jetpack by WordPress.com"
89.248.107.232 - - [21/Sep/2026:09:00:14 +0200] "POST /?wordfence_syncAttackData=1789974013.9903 HTTP/1.1" 200 5452 "-" "WordPress/6.6.2; https://grupo-seg.com"
89.248.107.232 - - [21/Sep/2026:09:00:15 +0200] "POST /wp-cron.php?doing_wp_cron=1789974015.1360740661621093750000 HTTP/1.1" 200 5512 "-" "WordPress/6.6.2; https://grupo-seg.com"
95.127.20.171 - - [21/Sep/2026:09:00:14 +0200] "POST /autodiscover/autodiscover.xml HTTP/1.1" 404 92217 "-" "Microsoft Office/16.0 (Windows NT 10.0; Microsoft Outlook 16.0.20228; Pro)"
95.127.20.171 - - [21/Sep/2026:09:00:13 +0200] "POST /autodiscover/autodiscover.xml HTTP/1.1" 404 92217 "-" "Microsoft Office/16.0 (Windows NT 10.0; Microsoft Outlook 16.0.20228; Pro)"
89.248.107.232 - - [21/Sep/2026:09:00:16 +0200] "POST /wp-admin/admin-ajax.php?action=async_litespeed&nonce=b4cc4c672a&litespeed_type=imgoptm HTTP/1.1" 200 5698 "-" "WordPress/6.6.2; https://grupo-seg.com"
202.141.32.195 - - [21/Sep/2026:09:00:17 +0200] "POST /xmlrpc.php HTTP/1.1" 503 24038 "-" "Jetpack by WordPress.com (Jetpack 12.1; WordPress 6.1)"
202.141.32.195 - - [21/Sep/2026:09:00:28 +0200] "POST /xmlrpc.php HTTP/1.1" 503 24038 "-" "Jetpack by WordPress.com (Jetpack 12.1; WordPress 6.4)"
202.141.32.195 - - [21/Sep/2026:09:00:39 +0200] "POST /xmlrpc.php HTTP/1.1" 503 24038 "-" "WordPress.com; https://wordpress.com"
202.141.32.195 - - [21/Sep/2026:09:00:49 +0200] "POST /xmlrpc.php HTTP/1.1" 503 24038 "-" "Jetpack/12.0; WordPress/6.2; http://site34573105.com"
89.248.107.232 - - [21/Sep/2026:09:00:55 +0200] "POST /?wordfence_syncAttackData=1789974055.375 HTTP/1.1" 200 5452 "-" "WordPress/6.6.2; https://grupo-seg.com"
89.248.107.232 - - [21/Sep/2026:09:00:56 +0200] "POST /wp-cron.php?doing_wp_cron=1789974055.9839370250701904296875 HTTP/1.1" 200 5512 "-" "WordPress/6.6.2; https://grupo-seg.com"
95.127.20.171 - - [21/Sep/2026:09:00:55 +0200] "POST /autodiscover/autodiscover.xml HTTP/1.1" 404 92202 "-" "Microsoft Office/16.0 (Windows NT 10.0; Microsoft Outlook 16.0.20228; Pro)"
89.248.107.232 - - [21/Sep/2026:09:00:56 +0200] "POST /wp-admin/admin-ajax.php?action=async_litespeed&nonce=b4cc4c672a&litespeed_type=imgoptm HTTP/1.1" 200 5698 "-" "WordPress/6.6.2; https://grupo-seg.com"
202.141.32.195 - - [21/Sep/2026:09:01:00 +0200] "POST /xmlrpc.php HTTP/1.1" 503 24038 "-" "WordPress.com; https://wordpress.com"
202.141.32.195 - - [21/Sep/2026:09:01:10 +0200] "POST /xmlrpc.php HTTP/1.1" 503 24038 "-" "Jetpack/12.1; WordPress/6.1; http://site28141405.com"
202.141.32.195 - - [21/Sep/2026:09:01:21 +0200] "POST /xmlrpc.php HTTP/1.1" 503 24038 "-" "Jetpack/12.0; WordPress/6.3; http://site80823052.com"
89.248.107.232 - - [21/Sep/2026:09:01:27 +0200] "POST /?wordfence_syncAttackData=1789974087.4895 HTTP/1.1" 200 5452 "-" "WordPress/6.6.2; https://grupo-seg.com"
89.248.107.232 - - [21/Sep/2026:09:01:28 +0200] "POST /wp-cron.php?doing_wp_cron=1789974088.1233310699462890625000 HTTP/1.1" 200 5512 "-" "WordPress/6.6.2; https://grupo-seg.com"
95.127.20.171 - - [21/Sep/2026:09:01:27 +0200] "POST /autodiscover/autodiscover.xml HTTP/1.1" 404 92202 "-" "Microsoft Office/16.0 (Windows NT 10.0; Microsoft Outlook 16.0.20228; Pro)"
95.127.20.171 - - [21/Sep/2026:09:01:27 +0200] "POST /autodiscover/autodiscover.xml HTTP/1.1" 404 92217 "-" "Microsoft Office/16.0 (Windows NT 10.0; Microsoft Outlook 16.0.20228; Pro)"
89.248.107.232 - - [21/Sep/2026:09:01:28 +0200] "POST /wp-admin/admin-ajax.php?action=async_litespeed&nonce=b4cc4c672a&litespeed_type=imgoptm HTTP/1.1" 200 5698 "-" "WordPress/6.6.2; https://grupo-seg.com"
202.141.32.195 - - [21/Sep/2026:09:01:32 +0200] "POST /xmlrpc.php HTTP/1.1" 503 24038 "-" "Jetpack by WordPress.com (Jetpack 13.0; WordPress 6.4)"
95.127.20.171 - - [21/Sep/2026:09:01:34 +0200] "POST /autodiscover/autodiscover.xml HTTP/1.1" 404 92202 "-" "Microsoft Office/16.0 (Windows NT 10.0; Microsoft Outlook 16.0.20228; Pro)"
89.248.107.232 - - [21/Sep/2026:09:01:41 +0200] "POST /?wordfence_syncAttackData=1789974101.5619 HTTP/1.1" 200 5452 "-" "WordPress/6.6.2; https://grupo-seg.com"
89.248.107.232 - - [21/Sep/2026:09:01:42 +0200] "POST /wp-cron.php?doing_wp_cron=1789974102.1376330852508544921875 HTTP/1.1" 200 5512 "-" "WordPress/6.6.2; https://grupo-seg.com"
40.77.167.4 - - [21/Sep/2026:09:01:41 +0200] "GET /ibgf76918rigdipt/ HTTP/1.1" 301 5676 "-" "Mozilla/5.0 AppleWebKit/537.36 (KHTML, like Gecko; compatible; bingbot/2.0; +http://www.bing.com/bingbot.htm) Chrome/116.0.1938.76 Safari/537.36"
202.141.32.195 - - [21/Sep/2026:09:01:42 +0200] "POST /xmlrpc.php HTTP/1.1" 503 24038 "-" "Jetpack by WordPress.com (Jetpack 13.0; WordPress 6.4)"
40.77.167.4 - - [21/Sep/2026:09:01:45 +0200] "GET /ptse291756sdstiotmpi HTTP/1.1" 301 5679 "-" "Mozilla/5.0 AppleWebKit/537.36 (KHTML, like Gecko; compatible; bingbot/2.0; +http://www.bing.com/bingbot.htm) Chrome/116.0.1938.76 Safari/537.36"
202.141.32.195 - - [21/Sep/2026:09:01:53 +0200] "POST /xmlrpc.php HTTP/1.1" 503 24038 "-" "Jetpack by WordPress.com"
89.248.107.232 - - [21/Sep/2026:09:02:04 +0200] "POST /?wordfence_syncAttackData=1789974124.4207 HTTP/1.1" 200 5452 "-" "WordPress/6.6.2; https://grupo-seg.com"
89.248.107.232 - - [21/Sep/2026:09:02:05 +0200] "POST /wp-cron.php?doing_wp_cron=1789974124.9678249359130859375000 HTTP/1.1" 200 5512 "-" "WordPress/6.6.2; https://grupo-seg.com"
202.141.32.195 - - [21/Sep/2026:09:02:04 +0200] "POST /xmlrpc.php HTTP/1.1" 503 25074 "-" "Jetpack/13.0; WordPress/6.2; http://site46042544.com"
202.141.32.195 - - [21/Sep/2026:09:02:14 +0200] "POST /xmlrpc.php HTTP/1.1" 503 24038 "-" "WordPress.com; https://wordpress.com"
89.248.107.232 - - [21/Sep/2026:09:02:23 +0200] "POST /?wordfence_syncAttackData=1789974143.1953 HTTP/1.1" 200 5452 "-" "WordPress/6.6.2; https://grupo-seg.com"
88.30.85.178 - - [21/Sep/2026:09:02:22 +0200] "POST /AutoDiscover/autodiscover.xml HTTP/1.1" 404 92217 "-" "Microsoft Office/16.0 (Windows NT 10.0; Microsoft Word 16.0.20228; Pro)"
202.141.32.195 - - [21/Sep/2026:09:02:25 +0200] "POST /xmlrpc.php HTTP/1.1" 503 24038 "-" "Jetpack by WordPress.com"
202.141.32.195 - - [21/Sep/2026:09:02:35 +0200] "POST /xmlrpc.php HTTP/1.1" 503 24038 "-" "Jetpack/12.5; WordPress/6.1; http://site70926401.com"
89.248.107.232 - - [21/Sep/2026:09:02:38 +0200] "POST /?wordfence_syncAttackData=1789974158.1242 HTTP/1.1" 200 5452 "-" "WordPress/6.6.2; https://grupo-seg.com"
89.248.107.232 - - [21/Sep/2026:09:02:38 +0200] "POST /wp-cron.php?doing_wp_cron=1789974158.7964670658111572265625 HTTP/1.1" 200 5512 "-" "WordPress/6.6.2; https://grupo-seg.com"
95.127.20.171 - - [21/Sep/2026:09:02:37 +0200] "POST /autodiscover/autodiscover.xml HTTP/1.1" 404 92202 "-" "Microsoft Office/16.0 (Windows NT 10.0; Microsoft Outlook 16.0.20228; Pro)"
95.127.20.171 - - [21/Sep/2026:09:02:38 +0200] "POST /autodiscover/autodiscover.xml HTTP/1.1" 404 92217 "-" "Microsoft Office/16.0 (Windows NT 10.0; Microsoft Outlook 16.0.20228; Pro)"
89.248.107.232 - - [21/Sep/2026:09:02:39 +0200] "POST /wp-admin/admin-ajax.php?action=async_litespeed&nonce=b4cc4c672a&litespeed_type=imgoptm HTTP/1.1" 200 5698 "-" "WordPress/6.6.2; https://grupo-seg.com"
202.141.32.195 - - [21/Sep/2026:09:02:46 +0200] "POST /xmlrpc.php HTTP/1.1" 503 24038 "-" "Jetpack by WordPress.com (Jetpack 12.0; WordPress 6.4)"
202.141.32.195 - - [21/Sep/2026:09:02:57 +0200] "POST /xmlrpc.php HTTP/1.1" 503 24038 "-" "Jetpack by WordPress.com (Jetpack 12.0; WordPress 6.3)"
89.248.107.232 - - [21/Sep/2026:09:03:01 +0200] "POST /?wordfence_syncAttackData=1789974181.6846 HTTP/1.1" 200 5452 "-" "WordPress/6.6.2; https://grupo-seg.com"
89.248.107.232 - - [21/Sep/2026:09:03:02 +0200] "POST /wp-cron.php?doing_wp_cron=1789974182.2910020351409912109375 HTTP/1.1" 200 5512 "-" "WordPress/6.6.2; https://grupo-seg.com"
188.78.200.67 - - [21/Sep/2026:09:03:01 +0200] "POST /AutoDiscover/autodiscover.xml HTTP/1.1" 404 92202 "-" "Microsoft Office/16.0 (Windows NT 10.0; Microsoft Excel 16.0.20228; Pro)"
202.141.32.195 - - [21/Sep/2026:09:03:07 +0200] "POST /xmlrpc.php HTTP/1.1" 503 24038 "-" "Jetpack/12.5; WordPress/6.4; http://site33067552.com"
202.141.32.195 - - [21/Sep/2026:09:03:18 +0200] "POST /xmlrpc.php HTTP/1.1" 503 24038 "-" "Jetpack/12.0; WordPress/6.1; http://site82251890.com"
202.141.32.195 - - [21/Sep/2026:09:03:28 +0200] "POST /xmlrpc.php HTTP/1.1" 503 24038 "-" "Jetpack/12.0; WordPress/6.2; http://site26026237.com"
202.141.32.195 - - [21/Sep/2026:09:03:39 +0200] "POST /xmlrpc.php HTTP/1.1" 503 24038 "-" "WordPress.com; https://wordpress.com"
202.141.32.195 - - [21/Sep/2026:09:03:50 +0200] "POST /xmlrpc.php HTTP/1.1" 503 24038 "-" "Jetpack by WordPress.com (Jetpack 12.1; WordPress 6.4)"
89.248.107.232 - - [21/Sep/2026:09:03:56 +0200] "POST /?wordfence_syncAttackData=1789974236.8266 HTTP/1.1" 200 5452 "-" "WordPress/6.6.2; https://grupo-seg.com"
89.248.107.232 - - [21/Sep/2026:09:03:57 +0200] "POST /wp-cron.php?doing_wp_cron=1789974237.6999180316925048828125 HTTP/1.1" 200 5512 "-" "WordPress/6.6.2; https://grupo-seg.com"
95.127.20.171 - - [21/Sep/2026:09:03:56 +0200] "POST /autodiscover/autodiscover.xml HTTP/1.1" 404 92217 "-" "Microsoft Office/16.0 (Windows NT 10.0; Microsoft Outlook 16.0.20228; Pro)"
89.248.107.232 - - [21/Sep/2026:09:03:56 +0200] "POST /?wordfence_syncAttackData=1789974236.8434 HTTP/1.1" 200 13454 "-" "WordPress/6.6.2; https://grupo-seg.com"
95.127.20.171 - - [21/Sep/2026:09:03:56 +0200] "POST /autodiscover/autodiscover.xml HTTP/1.1" 404 92217 "-" "Microsoft Office/16.0 (Windows NT 10.0; Microsoft Outlook 16.0.20228; Pro)"
89.248.107.232 - - [21/Sep/2026:09:04:00 +0200] "POST /wp-admin/admin-ajax.php?action=async_litespeed&nonce=b4cc4c672a&litespeed_type=imgoptm HTTP/1.1" 200 5698 "-" "WordPress/6.6.2; https://grupo-seg.com"
202.141.32.195 - - [21/Sep/2026:09:04:00 +0200] "POST /xmlrpc.php HTTP/1.1" 503 24038 "-" "WordPress.com; https://wordpress.com"
89.248.107.232 - - [21/Sep/2026:09:04:09 +0200] "POST /?wordfence_syncAttackData=1789974249.206 HTTP/1.1" 200 5452 "-" "WordPress/6.6.2; https://grupo-seg.com"
89.248.107.232 - - [21/Sep/2026:09:04:10 +0200] "POST /wp-cron.php?doing_wp_cron=1789974250.1222169399261474609375 HTTP/1.1" 200 5512 "-" "WordPress/6.6.2; https://grupo-seg.com"
40.77.167.4 - - [21/Sep/2026:09:04:08 +0200] "GET /jrst746710isstt/oesmpid HTTP/1.1" 301 5682 "-" "Mozilla/5.0 AppleWebKit/537.36 (KHTML, like Gecko; compatible; bingbot/2.0; +http://www.bing.com/bingbot.htm) Chrome/116.0.1938.76 Safari/537.36"
95.127.20.171 - - [21/Sep/2026:09:04:08 +0200] "POST /autodiscover/autodiscover.xml HTTP/1.1" 404 92202 "-" "Microsoft Office/16.0 (Windows NT 10.0; Microsoft Outlook 16.0.20228; Pro)"
89.248.107.232 - - [21/Sep/2026:09:04:09 +0200] "POST /?wordfence_syncAttackData=1789974249.227 HTTP/1.1" 200 13454 "-" "WordPress/6.6.2; https://grupo-seg.com"
202.141.32.195 - - [21/Sep/2026:09:04:11 +0200] "POST /xmlrpc.php HTTP/1.1" 503 24038 "-" "WordPress.com; https://wordpress.com"
3.80.50.249 - - [21/Sep/2026:09:04:10 +0200] "GET / HTTP/1.1" 301 5612 "-" "Mozilla/5.0 (Windows NT 10.0; Win64; x64) AppleWebKit/537.36 (KHTML, like Gecko) Chrome/86.0.4240.75 Safari/537.36"
3.80.50.249 - - [21/Sep/2026:09:04:12 +0200] "GET / HTTP/1.1" 200 165817 "-" "Mozilla/5.0 (Windows NT 10.0; Win64; x64) AppleWebKit/537.36 (KHTML, like Gecko) Chrome/86.0.4240.75 Safari/537.36"
202.141.32.195 - - [21/Sep/2026:09:04:21 +0200] "POST /xmlrpc.php HTTP/1.1" 503 24038 "-" "Jetpack by WordPress.com (Jetpack 12.0; WordPress 6.2)"
202.141.32.195 - - [21/Sep/2026:09:04:32 +0200] "POST /xmlrpc.php HTTP/1.1" 503 24038 "-" "Jetpack by WordPress.com"
202.141.32.195 - - [21/Sep/2026:09:04:43 +0200] "POST /xmlrpc.php HTTP/1.1" 503 24038 "-" "WordPress.com; https://wordpress.com"
202.141.32.195 - - [21/Sep/2026:09:04:53 +0200] "POST /xmlrpc.php HTTP/1.1" 503 24038 "-" "Jetpack/12.5; WordPress/6.4; http://site27483989.com"
89.248.107.232 - - [21/Sep/2026:09:04:59 +0200] "POST /?wordfence_syncAttackData=1789974299.3258 HTTP/1.1" 200 5452 "-" "WordPress/6.6.2; https://grupo-seg.com"
89.248.107.232 - - [21/Sep/2026:09:05:00 +0200] "POST /wp-cron.php?doing_wp_cron=1789974299.9838581085205078125000 HTTP/1.1" 200 5512 "-" "WordPress/6.6.2; https://grupo-seg.com"
95.127.20.171 - - [21/Sep/2026:09:04:59 +0200] "POST /autodiscover/autodiscover.xml HTTP/1.1" 404 92217 "-" "Microsoft Office/16.0 (Windows NT 10.0; Microsoft Outlook 16.0.20228; Pro)"
89.248.107.232 - - [21/Sep/2026:09:04:59 +0200] "POST /?wordfence_syncAttackData=1789974299.461 HTTP/1.1" 200 13454 "-" "WordPress/6.6.2; https://grupo-seg.com"
95.127.20.171 - - [21/Sep/2026:09:04:59 +0200] "POST /autodiscover/autodiscover.xml HTTP/1.1" 404 92202 "-" "Microsoft Office/16.0 (Windows NT 10.0; Microsoft Outlook 16.0.20228; Pro)"
89.248.107.232 - - [21/Sep/2026:09:05:00 +0200] "POST /wp-admin/admin-ajax.php?action=async_litespeed&nonce=b4cc4c672a&litespeed_type=imgoptm HTTP/1.1" 200 5698 "-" "WordPress/6.6.2; https://grupo-seg.com"
202.141.32.195 - - [21/Sep/2026:09:05:04 +0200] "POST /xmlrpc.php HTTP/1.1" 503 24038 "-" "Jetpack by WordPress.com (Jetpack 12.0; WordPress 6.4)"
89.248.107.232 - - [21/Sep/2026:09:05:06 +0200] "POST /wp-cron.php?doing_wp_cron=1789974306.8253309726715087890625 HTTP/1.1" 200 5512 "-" "WordPress/6.6.2; https://grupo-seg.com"
91.202.233.115 - - [21/Sep/2026:09:05:06 +0200] "GET / HTTP/1.1" 301 5612 "https://google.com/" "Mozilla/5.0 (Windows NT 10.0; Win64; x64) AppleWebKit/537.36 (KHTML, like Gecko) Chrome/133.0.0.0 Safari/537.36"
91.202.233.115 - - [21/Sep/2026:09:05:07 +0200] "GET / HTTP/1.1" 200 165847 "https://google.com/" "Mozilla/5.0 (Windows NT 10.0; Win64; x64) AppleWebKit/537.36 (KHTML, like Gecko) Chrome/133.0.0.0 Safari/537.36"
202.141.32.195 - - [21/Sep/2026:09:05:14 +0200] "POST /xmlrpc.php HTTP/1.1" 503 24038 "-" "WordPress.com; https://wordpress.com"
202.141.32.195 - - [21/Sep/2026:09:05:25 +0200] "POST /xmlrpc.php HTTP/1.1" 503 24038 "-" "Jetpack by WordPress.com (Jetpack 12.1; WordPress 6.2)"
202.141.32.195 - - [21/Sep/2026:09:05:36 +0200] "POST /xmlrpc.php HTTP/1.1" 503 24038 "-" "Jetpack/12.1; WordPress/6.1; http://site84619454.com"
202.141.32.195 - - [21/Sep/2026:09:05:46 +0200] "POST /xmlrpc.php HTTP/1.1" 503 24038 "-" "WordPress.com; https://wordpress.com"
202.141.32.195 - - [21/Sep/2026:09:05:57 +0200] "POST /xmlrpc.php HTTP/1.1" 503 24038 "-" "Jetpack by WordPress.com"
89.248.107.232 - - [21/Sep/2026:09:06:03 +0200] "POST /?wordfence_syncAttackData=1789974363.0871 HTTP/1.1" 200 5452 "-" "WordPress/6.6.2; https://grupo-seg.com"
89.248.107.232 - - [21/Sep/2026:09:06:03 +0200] "POST /wp-cron.php?doing_wp_cron=1789974363.6202991008758544921875 HTTP/1.1" 200 5512 "-" "WordPress/6.6.2; https://grupo-seg.com"
95.127.20.171 - - [21/Sep/2026:09:06:03 +0200] "POST /autodiscover/autodiscover.xml HTTP/1.1" 404 92202 "-" "Microsoft Office/16.0 (Windows NT 10.0; Microsoft Outlook 16.0.20228; Pro)"
95.127.20.171 - - [21/Sep/2026:09:06:02 +0200] "POST /autodiscover/autodiscover.xml HTTP/1.1" 404 92202 "-" "Microsoft Office/16.0 (Windows NT 10.0; Microsoft Outlook 16.0.20228; Pro)"
89.248.107.232 - - [21/Sep/2026:09:06:04 +0200] "POST /wp-admin/admin-ajax.php?action=async_litespeed&nonce=b4cc4c672a&litespeed_type=imgoptm HTTP/1.1" 200 5698 "-" "WordPress/6.6.2; https://grupo-seg.com"
202.141.32.195 - - [21/Sep/2026:09:06:07 +0200] "POST /xmlrpc.php HTTP/1.1" 503 24038 "-" "Jetpack/13.0; WordPress/6.2; http://site30185598.com"
95.127.20.171 - - [21/Sep/2026:09:06:08 +0200] "POST /autodiscover/autodiscover.xml HTTP/1.1" 404 92202 "-" "Microsoft Office/16.0 (Windows NT 10.0; Microsoft Outlook 16.0.20228; Pro)"
202.141.32.195 - - [21/Sep/2026:09:06:18 +0200] "POST /xmlrpc.php HTTP/1.1" 503 24038 "-" "Jetpack by WordPress.com"
202.141.32.195 - - [21/Sep/2026:09:06:29 +0200] "POST /xmlrpc.php HTTP/1.1" 503 24038 "-" "WordPress.com; https://wordpress.com"
202.141.32.195 - - [21/Sep/2026:09:06:39 +0200] "POST /xmlrpc.php HTTP/1.1" 503 24038 "-" "Jetpack by WordPress.com (Jetpack 12.1; WordPress 6.3)"
89.248.107.232 - - [21/Sep/2026:09:06:40 +0200] "POST /?wordfence_syncAttackData=1789974400.7758 HTTP/1.1" 200 5452 "-" "WordPress/6.6.2; https://grupo-seg.com"
89.248.107.232 - - [21/Sep/2026:09:06:41 +0200] "POST /wp-cron.php?doing_wp_cron=1789974401.3730630874633789062500 HTTP/1.1" 200 5512 "-" "WordPress/6.6.2; https://grupo-seg.com"
95.127.20.171 - - [21/Sep/2026:09:06:40 +0200] "POST /autodiscover/autodiscover.xml HTTP/1.1" 404 92202 "-" "Microsoft Office/16.0 (Windows NT 10.0; Microsoft Outlook 16.0.20228; Pro)"
89.248.107.232 - - [21/Sep/2026:09:06:42 +0200] "POST /wp-admin/admin-ajax.php?action=async_litespeed&nonce=b4cc4c672a&litespeed_type=imgoptm HTTP/1.1" 200 5698 "-" "WordPress/6.6.2; https://grupo-seg.com"
202.141.32.195 - - [21/Sep/2026:09:06:50 +0200] "POST /xmlrpc.php HTTP/1.1" 503 24038 "-" "Jetpack by WordPress.com"
52.167.144.188 - - [21/Sep/2026:09:06:50 +0200] "GET /reforestization85/ev8599hr.html HTTP/1.1" 404 97436 "-" "Mozilla/5.0 AppleWebKit/537.36 (KHTML, like Gecko; compatible; bingbot/2.0; +http://www.bing.com/bingbot.htm) Chrome/116.0.1938.76 Safari/537.36"
52.167.144.216 - - [21/Sep/2026:09:06:50 +0200] "GET /rdsn1461255cistiguproddodod.htm HTTP/1.1" 404 97436 "-" "Mozilla/5.0 AppleWebKit/537.36 (KHTML, like Gecko; compatible; bingbot/2.0; +http://www.bing.com/bingbot.htm) Chrome/116.0.1938.76 Safari/537.36"
202.141.32.195 - - [21/Sep/2026:09:07:01 +0200] "POST /xmlrpc.php HTTP/1.1" 503 24038 "-" "Jetpack/12.5; WordPress/6.3; http://site71123862.com"
89.248.107.232 - - [21/Sep/2026:09:07:05 +0200] "POST /?wordfence_syncAttackData=1789974425.3003 HTTP/1.1" 200 5452 "-" "WordPress/6.6.2; https://grupo-seg.com"
89.248.107.232 - - [21/Sep/2026:09:07:06 +0200] "POST /wp-cron.php?doing_wp_cron=1789974426.0782110691070556640625 HTTP/1.1" 200 5512 "-" "WordPress/6.6.2; https://grupo-seg.com"
95.127.20.171 - - [21/Sep/2026:09:07:05 +0200] "POST /autodiscover/autodiscover.xml HTTP/1.1" 404 92202 "-" "Microsoft Office/16.0 (Windows NT 10.0; Microsoft Outlook 16.0.20228; Pro)"
95.127.20.171 - - [21/Sep/2026:09:07:05 +0200] "POST /autodiscover/autodiscover.xml HTTP/1.1" 404 92202 "-" "Microsoft Office/16.0 (Windows NT 10.0; Microsoft Outlook 16.0.20228; Pro)"
87.106.152.196 - - [21/Sep/2026:09:07:08 +0200] "POST /xmlrpc.php HTTP/1.1" 503 25074 "-" "Mozilla/5.0 (Windows NT 10.0; WOW64) AppleWebKit/537.43 (KHTML, like Gecko) Chrome/140.0.0.0 Safari/537.36 OPR/124.0.0.0"
202.141.32.195 - - [21/Sep/2026:09:07:11 +0200] "POST /xmlrpc.php HTTP/1.1" 503 24038 "-" "Jetpack by WordPress.com"
202.141.32.195 - - [21/Sep/2026:09:07:22 +0200] "POST /xmlrpc.php HTTP/1.1" 503 24038 "-" "Jetpack by WordPress.com (Jetpack 12.5; WordPress 6.3)"
202.141.32.195 - - [21/Sep/2026:09:07:33 +0200] "POST /xmlrpc.php HTTP/1.1" 503 24038 "-" "Jetpack by WordPress.com (Jetpack 12.1; WordPress 6.3)"
89.248.107.232 - - [21/Sep/2026:09:07:33 +0200] "POST /?wordfence_syncAttackData=1789974453.8162 HTTP/1.1" 200 5452 "-" "WordPress/6.6.2; https://grupo-seg.com"
89.248.107.232 - - [21/Sep/2026:09:07:34 +0200] "POST /wp-cron.php?doing_wp_cron=1789974454.5892510414123535156250 HTTP/1.1" 200 5512 "-" "WordPress/6.6.2; https://grupo-seg.com"
51.195.244.161 - - [21/Sep/2026:09:07:33 +0200] "GET /wp-sitemap.xml HTTP/1.1" 200 6217 "-" "Mozilla/5.0 (compatible; AhrefsBot/7.0; +http://ahrefs.com/robot/)"
51.195.183.122 - - [21/Sep/2026:09:07:35 +0200] "GET /wp-sitemap-posts-post-1.xml HTTP/1.1" 200 8170 "-" "Mozilla/5.0 (compatible; AhrefsBot/7.0; +http://ahrefs.com/robot/)"
89.248.107.232 - - [21/Sep/2026:09:07:35 +0200] "POST /wp-admin/admin-ajax.php?action=async_litespeed&nonce=b4cc4c672a&litespeed_type=imgoptm HTTP/1.1" 200 5698 "-" "WordPress/6.6.2; https://grupo-seg.com"
51.195.215.106 - - [21/Sep/2026:09:07:36 +0200] "GET /wp-sitemap-posts-page-1.xml HTTP/1.1" 200 9189 "-" "Mozilla/5.0 (compatible; AhrefsBot/7.0; +http://ahrefs.com/robot/)"
51.89.129.120 - - [21/Sep/2026:09:07:38 +0200] "GET /wp-sitemap-posts-portfolio-1.xml HTTP/1.1" 200 17286 "-" "Mozilla/5.0 (compatible; AhrefsBot/7.0; +http://ahrefs.com/robot/)"
89.248.107.232 - - [21/Sep/2026:09:07:40 +0200] "POST /wp-cron.php?doing_wp_cron=1789974459.9513740539550781250000 HTTP/1.1" 200 5512 "-" "WordPress/6.6.2; https://grupo-seg.com"
198.244.183.118 - - [21/Sep/2026:09:07:39 +0200] "GET /wp-sitemap-posts-mgeo_map-1.xml HTTP/1.1" 200 6011 "-" "Mozilla/5.0 (compatible; AhrefsBot/7.0; +http://ahrefs.com/robot/)"
51.195.244.228 - - [21/Sep/2026:09:07:40 +0200] "GET /wp-sitemap-taxonomies-category-1.xml HTTP/1.1" 200 6256 "-" "Mozilla/5.0 (compatible; AhrefsBot/7.0; +http://ahrefs.com/robot/)"
89.248.107.232 - - [21/Sep/2026:09:07:42 +0200] "POST /wp-cron.php?doing_wp_cron=1789974462.4098091125488281250000 HTTP/1.1" 200 5512 "-" "WordPress/6.6.2; https://grupo-seg.com"
54.38.147.255 - - [21/Sep/2026:09:07:41 +0200] "GET /wp-sitemap-taxonomies-project-type-1.xml HTTP/1.1" 200 6924 "-" "Mozilla/5.0 (compatible; AhrefsBot/7.0; +http://ahrefs.com/robot/)"
202.141.32.195 - - [21/Sep/2026:09:07:43 +0200] "POST /xmlrpc.php HTTP/1.1" 503 24038 "-" "Jetpack/13.0; WordPress/6.4; http://site75376076.com"
202.141.32.195 - - [21/Sep/2026:09:07:54 +0200] "POST /xmlrpc.php HTTP/1.1" 503 24038 "-" "Jetpack by WordPress.com (Jetpack 12.1; WordPress 6.1)"
89.248.107.232 - - [21/Sep/2026:09:07:58 +0200] "POST /?wordfence_syncAttackData=1789974478.3508 HTTP/1.1" 200 5452 "-" "WordPress/6.6.2; https://grupo-seg.com"
89.248.107.232 - - [21/Sep/2026:09:07:59 +0200] "POST /wp-cron.php?doing_wp_cron=1789974478.9603381156921386718750 HTTP/1.1" 200 5512 "-" "WordPress/6.6.2; https://grupo-seg.com"
81.43.24.240 - - [21/Sep/2026:09:07:58 +0200] "POST /AutoDiscover/autodiscover.xml HTTP/1.1" 404 92217 "-" "Microsoft Office/16.0 (Windows NT 10.0; Microsoft Excel 16.0.20326; Pro)"
202.141.32.195 - - [21/Sep/2026:09:08:04 +0200] "POST /xmlrpc.php HTTP/1.1" 503 24038 "-" "Jetpack/12.1; WordPress/6.4; http://site97383687.com"
89.248.107.232 - - [21/Sep/2026:09:08:10 +0200] "POST /?wordfence_syncAttackData=1789974489.7603 HTTP/1.1" 200 5452 "-" "WordPress/6.6.2; https://grupo-seg.com"
89.248.107.232 - - [21/Sep/2026:09:08:10 +0200] "POST /wp-cron.php?doing_wp_cron=1789974490.8780241012573242187500 HTTP/1.1" 200 5512 "-" "WordPress/6.6.2; https://grupo-seg.com"
95.127.20.171 - - [21/Sep/2026:09:08:09 +0200] "POST /autodiscover/autodiscover.xml HTTP/1.1" 404 92202 "-" "Microsoft Office/16.0 (Windows NT 10.0; Microsoft Outlook 16.0.20228; Pro)"
95.127.20.171 - - [21/Sep/2026:09:08:09 +0200] "POST /autodiscover/autodiscover.xml HTTP/1.1" 404 92217 "-" "Microsoft Office/16.0 (Windows NT 10.0; Microsoft Outlook 16.0.20228; Pro)"
89.248.107.232 - - [21/Sep/2026:09:08:10 +0200] "POST /?wordfence_syncAttackData=1789974489.7704 HTTP/1.1" 200 13454 "-" "WordPress/6.6.2; https://grupo-seg.com"
202.141.32.195 - - [21/Sep/2026:09:08:15 +0200] "POST /xmlrpc.php HTTP/1.1" 503 24038 "-" "Jetpack by WordPress.com"
89.248.107.232 - - [21/Sep/2026:09:08:22 +0200] "POST /?wordfence_syncAttackData=1789974502.148 HTTP/1.1" 200 5452 "-" "WordPress/6.6.2; https://grupo-seg.com"
52.167.144.216 - - [21/Sep/2026:09:08:21 +0200] "GET /ihdm604444smidsop/tti.htm HTTP/1.1" 404 97436 "-" "Mozilla/5.0 AppleWebKit/537.36 (KHTML, like Gecko; compatible; bingbot/2.0; +http://www.bing.com/bingbot.htm) Chrome/116.0.1938.76 Safari/537.36"
202.141.32.195 - - [21/Sep/2026:09:08:26 +0200] "POST /xmlrpc.php HTTP/1.1" 503 24038 "-" "Jetpack/12.5; WordPress/6.4; http://site58140520.com"
202.141.32.195 - - [21/Sep/2026:09:08:36 +0200] "POST /xmlrpc.php HTTP/1.1" 503 24038 "-" "Jetpack by WordPress.com"
89.248.107.232 - - [21/Sep/2026:09:08:38 +0200] "POST /?wordfence_syncAttackData=1789974518.6609 HTTP/1.1" 200 5452 "-" "WordPress/6.6.2; https://grupo-seg.com"
89.248.107.232 - - [21/Sep/2026:09:08:39 +0200] "POST /wp-cron.php?doing_wp_cron=1789974519.2374010086059570312500 HTTP/1.1" 200 5512 "-" "WordPress/6.6.2; https://grupo-seg.com"
52.167.144.188 - - [21/Sep/2026:09:08:38 +0200] "GET /konpuritodekisuke/clientes.html HTTP/1.1" 404 97421 "-" "Mozilla/5.0 AppleWebKit/537.36 (KHTML, like Gecko; compatible; bingbot/2.0; +http://www.bing.com/bingbot.htm) Chrome/116.0.1938.76 Safari/537.36"
89.248.107.232 - - [21/Sep/2026:09:08:39 +0200] "POST /wp-admin/admin-ajax.php?action=async_litespeed&nonce=b4cc4c672a&litespeed_type=imgoptm HTTP/1.1" 200 5698 "-" "WordPress/6.6.2; https://grupo-seg.com"
52.167.144.188 - - [21/Sep/2026:09:08:40 +0200] "GET /recur41-s7qqpcoa.html HTTP/1.1" 404 97436 "-" "Mozilla/5.0 AppleWebKit/537.36 (KHTML, like Gecko; compatible; bingbot/2.0; +http://www.bing.com/bingbot.htm) Chrome/116.0.1938.76 Safari/537.36"
202.141.32.195 - - [21/Sep/2026:09:08:47 +0200] "POST /xmlrpc.php HTTP/1.1" 503 24038 "-" "Jetpack by WordPress.com"
202.141.32.195 - - [21/Sep/2026:09:08:58 +0200] "POST /xmlrpc.php HTTP/1.1" 503 24038 "-" "WordPress.com; https://wordpress.com"
202.141.32.195 - - [21/Sep/2026:09:09:08 +0200] "POST /xmlrpc.php HTTP/1.1" 503 24038 "-" "Jetpack/12.5; WordPress/6.2; http://site16786149.com"
89.248.107.232 - - [21/Sep/2026:09:09:13 +0200] "POST /?wordfence_syncAttackData=1789974553.2309 HTTP/1.1" 200 5452 "-" "WordPress/6.6.2; https://grupo-seg.com"
89.248.107.232 - - [21/Sep/2026:09:09:13 +0200] "POST /wp-cron.php?doing_wp_cron=1789974553.8202610015869140625000 HTTP/1.1" 200 5512 "-" "WordPress/6.6.2; https://grupo-seg.com"
95.127.20.171 - - [21/Sep/2026:09:09:12 +0200] "POST /autodiscover/autodiscover.xml HTTP/1.1" 404 92217 "-" "Microsoft Office/16.0 (Windows NT 10.0; Microsoft Outlook 16.0.20228; Pro)"
95.127.20.171 - - [21/Sep/2026:09:09:15 +0200] "POST /autodiscover/autodiscover.xml HTTP/1.1" 404 92217 "-" "Microsoft Office/16.0 (Windows NT 10.0; Microsoft Outlook 16.0.20228; Pro)"
95.127.20.171 - - [21/Sep/2026:09:09:16 +0200] "POST /autodiscover/autodiscover.xml HTTP/1.1" 404 92217 "-" "Microsoft Office/16.0 (Windows NT 10.0; Microsoft Outlook 16.0.20228; Pro)"
202.141.32.195 - - [21/Sep/2026:09:09:19 +0200] "POST /xmlrpc.php HTTP/1.1" 503 24038 "-" "Jetpack/12.1; WordPress/6.2; http://site35622554.com"
202.141.32.195 - - [21/Sep/2026:09:09:29 +0200] "POST /xmlrpc.php HTTP/1.1" 503 24038 "-" "Jetpack/12.0; WordPress/6.4; http://site38138913.com"
89.248.107.232 - - [21/Sep/2026:09:09:32 +0200] "POST /?wordfence_syncAttackData=1789974572.198 HTTP/1.1" 200 5452 "-" "WordPress/6.6.2; https://grupo-seg.com"
89.248.107.232 - - [21/Sep/2026:09:09:32 +0200] "POST /wp-cron.php?doing_wp_cron=1789974572.7582759857177734375000 HTTP/1.1" 200 5512 "-" "WordPress/6.6.2; https://grupo-seg.com"
52.167.144.188 - - [21/Sep/2026:09:09:31 +0200] "GET /couk674030sopdstitmsie.html HTTP/1.1" 404 97436 "-" "Mozilla/5.0 AppleWebKit/537.36 (KHTML, like Gecko; compatible; bingbot/2.0; +http://www.bing.com/bingbot.htm) Chrome/116.0.1938.76 Safari/537.36"
89.248.107.232 - - [21/Sep/2026:09:09:33 +0200] "POST /wp-admin/admin-ajax.php?action=async_litespeed&nonce=b4cc4c672a&litespeed_type=imgoptm HTTP/1.1" 200 5698 "-" "WordPress/6.6.2; https://grupo-seg.com"
202.141.32.195 - - [21/Sep/2026:09:09:40 +0200] "POST /xmlrpc.php HTTP/1.1" 503 24038 "-" "Jetpack/12.0; WordPress/6.2; http://site85396091.com"
89.248.107.232 - - [21/Sep/2026:09:09:42 +0200] "POST /?wordfence_syncAttackData=1789974582.0447 HTTP/1.1" 200 5452 "-" "WordPress/6.6.2; https://grupo-seg.com"
89.248.107.232 - - [21/Sep/2026:09:09:42 +0200] "POST /wp-cron.php?doing_wp_cron=1789974582.5812740325927734375000 HTTP/1.1" 200 5512 "-" "WordPress/6.6.2; https://grupo-seg.com"
159.195.196.97 - - [21/Sep/2026:09:09:41 +0200] "GET / HTTP/1.1" 200 165847 "-" "Mozilla/5.0 (Windows NT 10.0; Win64; x64) AppleWebKit/537.36 (KHTML, like Gecko) Chrome/124.0.0.0 Safari/537.36"
202.141.32.195 - - [21/Sep/2026:09:09:51 +0200] "POST /xmlrpc.php HTTP/1.1" 503 24038 "-" "WordPress.com; https://wordpress.com"
202.141.32.195 - - [21/Sep/2026:09:10:01 +0200] "POST /xmlrpc.php HTTP/1.1" 503 24038 "-" "Jetpack by WordPress.com (Jetpack 12.0; WordPress 6.2)"
89.248.107.232 - - [21/Sep/2026:09:10:02 +0200] "POST /?wordfence_syncAttackData=1789974602.4306 HTTP/1.1" 200 5452 "-" "WordPress/6.6.2; https://grupo-seg.com"
89.248.107.232 - - [21/Sep/2026:09:10:02 +0200] "POST /wp-cron.php?doing_wp_cron=1789974602.9460630416870117187500 HTTP/1.1" 200 5512 "-" "WordPress/6.6.2; https://grupo-seg.com"
2.139.158.128 - - [21/Sep/2026:09:10:02 +0200] "POST /AutoDiscover/autodiscover.xml HTTP/1.1" 404 92202 "-" "Microsoft Office/16.0 (Windows NT 10.0; Microsoft Excel 16.0.20228; Pro)"
202.141.32.195 - - [21/Sep/2026:09:10:12 +0200] "POST /xmlrpc.php HTTP/1.1" 503 24038 "-" "Jetpack by WordPress.com (Jetpack 12.5; WordPress 6.2)"
89.248.107.232 - - [21/Sep/2026:09:10:19 +0200] "POST /?wordfence_syncAttackData=1789974619.4849 HTTP/1.1" 200 5452 "-" "WordPress/6.6.2; https://grupo-seg.com"
95.127.20.171 - - [21/Sep/2026:09:10:19 +0200] "POST /autodiscover/autodiscover.xml HTTP/1.1" 404 92202 "-" "Microsoft Office/16.0 (Windows NT 10.0; Microsoft Outlook 16.0.20228; Pro)"
89.248.107.232 - - [21/Sep/2026:09:10:19 +0200] "POST /?wordfence_syncAttackData=1789974619.5023 HTTP/1.1" 200 166641 "-" "WordPress/6.6.2; https://grupo-seg.com"
95.127.20.171 - - [21/Sep/2026:09:10:19 +0200] "POST /autodiscover/autodiscover.xml HTTP/1.1" 404 92202 "-" "Microsoft Office/16.0 (Windows NT 10.0; Microsoft Outlook 16.0.20228; Pro)"
202.141.32.195 - - [21/Sep/2026:09:10:22 +0200] "POST /xmlrpc.php HTTP/1.1" 503 24038 "-" "WordPress.com; https://wordpress.com"
202.141.32.195 - - [21/Sep/2026:09:10:33 +0200] "POST /xmlrpc.php HTTP/1.1" 503 24038 "-" "WordPress.com; https://wordpress.com"
202.141.32.195 - - [21/Sep/2026:09:10:44 +0200] "POST /xmlrpc.php HTTP/1.1" 503 24038 "-" "Jetpack/13.0; WordPress/6.2; http://site20535188.com"
202.141.32.195 - - [21/Sep/2026:09:10:54 +0200] "POST /xmlrpc.php HTTP/1.1" 503 24038 "-" "Jetpack/12.0; WordPress/6.1; http://site79980354.com"
202.141.32.195 - - [21/Sep/2026:09:11:05 +0200] "POST /xmlrpc.php HTTP/1.1" 503 24038 "-" "Jetpack by WordPress.com"
202.141.32.195 - - [21/Sep/2026:09:11:15 +0200] "POST /xmlrpc.php HTTP/1.1" 503 24038 "-" "Jetpack by WordPress.com (Jetpack 12.0; WordPress 6.4)"
89.248.107.232 - - [21/Sep/2026:09:11:23 +0200] "POST /?wordfence_syncAttackData=1789974683.2605 HTTP/1.1" 200 5452 "-" "WordPress/6.6.2; https://grupo-seg.com"
89.248.107.232 - - [21/Sep/2026:09:11:24 +0200] "POST /wp-cron.php?doing_wp_cron=1789974684.1769049167633056640625 HTTP/1.1" 200 5512 "-" "WordPress/6.6.2; https://grupo-seg.com"
95.127.20.171 - - [21/Sep/2026:09:11:23 +0200] "POST /autodiscover/autodiscover.xml HTTP/1.1" 404 92217 "-" "Microsoft Office/16.0 (Windows NT 10.0; Microsoft Outlook 16.0.20228; Pro)"
95.127.20.171 - - [21/Sep/2026:09:11:23 +0200] "POST /autodiscover/autodiscover.xml HTTP/1.1" 404 92202 "-" "Microsoft Office/16.0 (Windows NT 10.0; Microsoft Outlook 16.0.20228; Pro)"
89.248.107.232 - - [21/Sep/2026:09:11:25 +0200] "POST /wp-admin/admin-ajax.php?action=async_litespeed&nonce=b4cc4c672a&litespeed_type=imgoptm HTTP/1.1" 200 5698 "-" "WordPress/6.6.2; https://grupo-seg.com"
202.141.32.195 - - [21/Sep/2026:09:11:26 +0200] "POST /xmlrpc.php HTTP/1.1" 503 24038 "-" "Jetpack by WordPress.com"
95.127.20.171 - - [21/Sep/2026:09:11:27 +0200] "POST /autodiscover/autodiscover.xml HTTP/1.1" 404 92217 "-" "Microsoft Office/16.0 (Windows NT 10.0; Microsoft Outlook 16.0.20228; Pro)"
202.141.32.195 - - [21/Sep/2026:09:11:37 +0200] "POST /xmlrpc.php HTTP/1.1" 503 24038 "-" "Jetpack by WordPress.com"
202.141.32.195 - - [21/Sep/2026:09:11:47 +0200] "POST /xmlrpc.php HTTP/1.1" 503 24038 "-" "Jetpack by WordPress.com (Jetpack 12.0; WordPress 6.2)"
202.141.32.195 - - [21/Sep/2026:09:11:58 +0200] "POST /xmlrpc.php HTTP/1.1" 503 24038 "-" "Jetpack by WordPress.com (Jetpack 12.5; WordPress 6.2)"
89.248.107.232 - - [21/Sep/2026:09:12:01 +0200] "POST /?wordfence_syncAttackData=1789974721.1753 HTTP/1.1" 200 5452 "-" "WordPress/6.6.2; https://grupo-seg.com"
89.248.107.232 - - [21/Sep/2026:09:12:01 +0200] "POST /wp-cron.php?doing_wp_cron=1789974721.7585499286651611328125 HTTP/1.1" 200 5512 "-" "WordPress/6.6.2; https://grupo-seg.com"
95.127.20.171 - - [21/Sep/2026:09:12:00 +0200] "POST /autodiscover/autodiscover.xml HTTP/1.1" 404 92217 "-" "Microsoft Office/16.0 (Windows NT 10.0; Microsoft Outlook 16.0.20228; Pro)"
89.248.107.232 - - [21/Sep/2026:09:12:09 +0200] "POST /wp-cron.php?doing_wp_cron=1789974729.3064239025115966796875 HTTP/1.1" 200 5512 "-" "WordPress/6.6.2; https://grupo-seg.com"
202.141.32.195 - - [21/Sep/2026:09:12:08 +0200] "POST /xmlrpc.php HTTP/1.1" 503 25074 "-" "WordPress.com; https://wordpress.com"
202.141.32.195 - - [21/Sep/2026:09:12:19 +0200] "POST /xmlrpc.php HTTP/1.1" 503 24038 "-" "Jetpack by WordPress.com (Jetpack 12.1; WordPress 6.2)"
202.141.32.195 - - [21/Sep/2026:09:12:30 +0200] "POST /xmlrpc.php HTTP/1.1" 503 24038 "-" "WordPress.com; https://wordpress.com"
89.248.107.232 - - [21/Sep/2026:09:12:32 +0200] "POST /?wordfence_syncAttackData=1789974752.923 HTTP/1.1" 200 5452 "-" "WordPress/6.6.2; https://grupo-seg.com"
89.248.107.232 - - [21/Sep/2026:09:12:33 +0200] "POST /wp-cron.php?doing_wp_cron=1789974753.4967470169067382812500 HTTP/1.1" 200 5512 "-" "WordPress/6.6.2; https://grupo-seg.com"
95.127.20.171 - - [21/Sep/2026:09:12:32 +0200] "POST /autodiscover/autodiscover.xml HTTP/1.1" 404 92217 "-" "Microsoft Office/16.0 (Windows NT 10.0; Microsoft Outlook 16.0.20228; Pro)"
89.248.107.232 - - [21/Sep/2026:09:12:33 +0200] "POST /?wordfence_syncAttackData=1789974753.1895 HTTP/1.1" 200 166671 "-" "WordPress/6.6.2; https://grupo-seg.com"
95.127.20.171 - - [21/Sep/2026:09:12:32 +0200] "POST /autodiscover/autodiscover.xml HTTP/1.1" 404 92202 "-" "Microsoft Office/16.0 (Windows NT 10.0; Microsoft Outlook 16.0.20228; Pro)"
89.248.107.232 - - [21/Sep/2026:09:12:34 +0200] "POST /wp-admin/admin-ajax.php?action=async_litespeed&nonce=b4cc4c672a&litespeed_type=imgoptm HTTP/1.1" 200 5698 "-" "WordPress/6.6.2; https://grupo-seg.com"
202.141.32.195 - - [21/Sep/2026:09:12:40 +0200] "POST /xmlrpc.php HTTP/1.1" 503 24038 "-" "Jetpack/12.0; WordPress/6.2; http://site89950564.com"
202.141.32.195 - - [21/Sep/2026:09:12:51 +0200] "POST /xmlrpc.php HTTP/1.1" 503 24038 "-" "WordPress.com; https://wordpress.com"
202.141.32.195 - - [21/Sep/2026:09:13:01 +0200] "POST /xmlrpc.php HTTP/1.1" 503 24038 "-" "Jetpack by WordPress.com (Jetpack 13.0; WordPress 6.2)"
202.141.32.195 - - [21/Sep/2026:09:13:12 +0200] "POST /xmlrpc.php HTTP/1.1" 503 24038 "-" "WordPress.com; https://wordpress.com"
202.141.32.195 - - [21/Sep/2026:09:13:23 +0200] "POST /xmlrpc.php HTTP/1.1" 503 24038 "-" "Jetpack by WordPress.com (Jetpack 12.5; WordPress 6.4)"
89.248.107.232 - - [21/Sep/2026:09:13:24 +0200] "POST /?wordfence_syncAttackData=1789974804.9406 HTTP/1.1" 200 5452 "-" "WordPress/6.6.2; https://grupo-seg.com"
89.248.107.232 - - [21/Sep/2026:09:13:25 +0200] "POST /wp-cron.php?doing_wp_cron=1789974805.5842769145965576171875 HTTP/1.1" 200 5512 "-" "WordPress/6.6.2; https://grupo-seg.com"
79.150.106.92 - - [21/Sep/2026:09:13:24 +0200] "POST /AutoDiscover/autodiscover.xml HTTP/1.1" 404 92217 "-" "Microsoft Office/16.0 (Windows NT 10.0; Microsoft Excel 16.0.20326; Pro)"
89.248.107.232 - - [21/Sep/2026:09:13:26 +0200] "POST /wp-admin/admin-ajax.php?action=async_litespeed&nonce=b4cc4c672a&litespeed_type=imgoptm HTTP/1.1" 200 5698 "-" "WordPress/6.6.2; https://grupo-seg.com"
202.141.32.195 - - [21/Sep/2026:09:13:33 +0200] "POST /xmlrpc.php HTTP/1.1" 503 24038 "-" "Jetpack/12.0; WordPress/6.4; http://site70604899.com"
89.248.107.232 - - [21/Sep/2026:09:13:37 +0200] "POST /?wordfence_syncAttackData=1789974817.9065 HTTP/1.1" 200 5452 "-" "WordPress/6.6.2; https://grupo-seg.com"
95.127.20.171 - - [21/Sep/2026:09:13:37 +0200] "POST /autodiscover/autodiscover.xml HTTP/1.1" 404 92202 "-" "Microsoft Office/16.0 (Windows NT 10.0; Microsoft Outlook 16.0.20228; Pro)"
89.248.107.232 - - [21/Sep/2026:09:13:38 +0200] "POST /?wordfence_syncAttackData=1789974818.0164 HTTP/1.1" 200 13454 "-" "WordPress/6.6.2; https://grupo-seg.com"
95.127.20.171 - - [21/Sep/2026:09:13:37 +0200] "POST /autodiscover/autodiscover.xml HTTP/1.1" 404 92202 "-" "Microsoft Office/16.0 (Windows NT 10.0; Microsoft Outlook 16.0.20228; Pro)"
89.248.107.232 - - [21/Sep/2026:09:13:41 +0200] "POST /wp-cron.php?doing_wp_cron=1789974821.6927061080932617187500 HTTP/1.1" 200 5512 "-" "WordPress/6.6.2; https://grupo-seg.com"
216.244.66.239 - - [21/Sep/2026:09:13:41 +0200] "GET /areas-de-actividad/metro-y-tranvia/61-l1-metro-valencia-estacion-hospital HTTP/1.1" 404 97626 "-" "Mozilla/5.0 (compatible; DotBot/1.2; +https://opensiteexplorer.org/dotbot; help@moz.com)"
202.141.32.195 - - [21/Sep/2026:09:13:44 +0200] "POST /xmlrpc.php HTTP/1.1" 503 24038 "-" "Jetpack by WordPress.com"
202.141.32.195 - - [21/Sep/2026:09:13:54 +0200] "POST /xmlrpc.php HTTP/1.1" 503 24038 "-" "Jetpack by WordPress.com (Jetpack 12.0; WordPress 6.4)"
89.248.107.232 - - [21/Sep/2026:09:13:56 +0200] "POST /?wordfence_syncAttackData=1789974836.652 HTTP/1.1" 200 5452 "-" "WordPress/6.6.2; https://grupo-seg.com"
89.248.107.232 - - [21/Sep/2026:09:13:57 +0200] "POST /wp-cron.php?doing_wp_cron=1789974837.2740440368652343750000 HTTP/1.1" 200 5512 "-" "WordPress/6.6.2; https://grupo-seg.com"
95.127.20.171 - - [21/Sep/2026:09:13:56 +0200] "POST /autodiscover/autodiscover.xml HTTP/1.1" 404 92202 "-" "Microsoft Office/16.0 (Windows NT 10.0; Microsoft Outlook 16.0.20228; Pro)"
202.141.32.195 - - [21/Sep/2026:09:14:05 +0200] "POST /xmlrpc.php HTTP/1.1" 503 24038 "-" "Jetpack by WordPress.com"
202.141.32.195 - - [21/Sep/2026:09:14:16 +0200] "POST /xmlrpc.php HTTP/1.1" 503 24038 "-" "Jetpack/12.0; WordPress/6.1; http://site68503533.com"
202.141.32.195 - - [21/Sep/2026:09:14:26 +0200] "POST /xmlrpc.php HTTP/1.1" 503 24038 "-" "Jetpack/12.0; WordPress/6.1; http://site59658147.com"
202.141.32.195 - - [21/Sep/2026:09:14:37 +0200] "POST /xmlrpc.php HTTP/1.1" 503 24038 "-" "Jetpack by WordPress.com"
89.248.107.232 - - [21/Sep/2026:09:14:47 +0200] "POST /?wordfence_syncAttackData=1789974887.8835 HTTP/1.1" 200 5452 "-" "WordPress/6.6.2; https://grupo-seg.com"
202.141.32.195 - - [21/Sep/2026:09:14:48 +0200] "POST /xmlrpc.php HTTP/1.1" 503 24038 "-" "Jetpack by WordPress.com (Jetpack 12.5; WordPress 6.4)"
89.248.107.232 - - [21/Sep/2026:09:14:48 +0200] "POST /wp-cron.php?doing_wp_cron=1789974888.5265679359436035156250 HTTP/1.1" 200 5512 "-" "WordPress/6.6.2; https://grupo-seg.com"
95.127.20.171 - - [21/Sep/2026:09:14:48 +0200] "POST /autodiscover/autodiscover.xml HTTP/1.1" 404 92217 "-" "Microsoft Office/16.0 (Windows NT 10.0; Microsoft Outlook 16.0.20228; Pro)"
95.127.20.171 - - [21/Sep/2026:09:14:47 +0200] "POST /autodiscover/autodiscover.xml HTTP/1.1" 404 92202 "-" "Microsoft Office/16.0 (Windows NT 10.0; Microsoft Outlook 16.0.20228; Pro)"
89.248.107.232 - - [21/Sep/2026:09:14:49 +0200] "POST /wp-admin/admin-ajax.php?action=async_litespeed&nonce=b4cc4c672a&litespeed_type=imgoptm HTTP/1.1" 200 5698 "-" "WordPress/6.6.2; https://grupo-seg.com"
202.141.32.195 - - [21/Sep/2026:09:14:58 +0200] "POST /xmlrpc.php HTTP/1.1" 503 24038 "-" "Jetpack by WordPress.com"
202.141.32.195 - - [21/Sep/2026:09:15:09 +0200] "POST /xmlrpc.php HTTP/1.1" 503 24038 "-" "Jetpack by WordPress.com"
202.141.32.195 - - [21/Sep/2026:09:15:19 +0200] "POST /xmlrpc.php HTTP/1.1" 503 24038 "-" "WordPress.com; https://wordpress.com"
202.141.32.195 - - [21/Sep/2026:09:15:30 +0200] "POST /xmlrpc.php HTTP/1.1" 503 24038 "-" "WordPress.com; https://wordpress.com"
202.141.32.195 - - [21/Sep/2026:09:15:41 +0200] "POST /xmlrpc.php HTTP/1.1" 503 24038 "-" "WordPress.com; https://wordpress.com"
202.141.32.195 - - [21/Sep/2026:09:15:51 +0200] "POST /xmlrpc.php HTTP/1.1" 503 24038 "-" "Jetpack by WordPress.com (Jetpack 13.0; WordPress 6.2)"
89.248.107.232 - - [21/Sep/2026:09:15:52 +0200] "POST /?wordfence_syncAttackData=1789974952.4048 HTTP/1.1" 200 5452 "-" "WordPress/6.6.2; https://grupo-seg.com"
89.248.107.232 - - [21/Sep/2026:09:15:53 +0200] "POST /wp-cron.php?doing_wp_cron=1789974953.0428619384765625000000 HTTP/1.1" 200 5512 "-" "WordPress/6.6.2; https://grupo-seg.com"
40.77.167.7 - - [21/Sep/2026:09:15:52 +0200] "GET /crook1co/empresa.html HTTP/1.1" 404 97421 "-" "Mozilla/5.0 AppleWebKit/537.36 (KHTML, like Gecko; compatible; bingbot/2.0; +http://www.bing.com/bingbot.htm) Chrome/116.0.1938.76 Safari/537.36"
89.248.107.232 - - [21/Sep/2026:09:15:54 +0200] "POST /wp-admin/admin-ajax.php?action=async_litespeed&nonce=b4cc4c672a&litespeed_type=imgoptm HTTP/1.1" 200 5698 "-" "WordPress/6.6.2; https://grupo-seg.com"
95.127.20.171 - - [21/Sep/2026:09:15:57 +0200] "POST /autodiscover/autodiscover.xml HTTP/1.1" 404 92202 "-" "Microsoft Office/16.0 (Windows NT 10.0; Microsoft Outlook 16.0.20228; Pro)"
95.127.20.171 - - [21/Sep/2026:09:15:57 +0200] "POST /autodiscover/autodiscover.xml HTTP/1.1" 404 92202 "-" "Microsoft Office/16.0 (Windows NT 10.0; Microsoft Outlook 16.0.20228; Pro)"
202.141.32.195 - - [21/Sep/2026:09:16:02 +0200] "POST /xmlrpc.php HTTP/1.1" 503 24038 "-" "Jetpack/12.5; WordPress/6.3; http://site45986008.com"
202.141.32.195 - - [21/Sep/2026:09:16:12 +0200] "POST /xmlrpc.php HTTP/1.1" 503 24038 "-" "Jetpack by WordPress.com (Jetpack 12.5; WordPress 6.3)"
202.141.32.195 - - [21/Sep/2026:09:16:23 +0200] "POST /xmlrpc.php HTTP/1.1" 503 24038 "-" "Jetpack by WordPress.com"
