89.248.107.232 - - [21/Sep/2026:12:23:48 +0200] "POST /wp-cron.php?doing_wp_cron=1789986228.3105258941650390625000 HTTP/1.1" 200 5512 "-" "WordPress/6.6.2; https://grupo-seg.com"
49.51.253.83 - - [21/Sep/2026:12:23:47 +0200] "GET / HTTP/1.1" 301 5612 "http://www.alben4000.com" "Mozilla/5.0 (iPhone; CPU iPhone OS 13_2_3 like Mac OS X) AppleWebKit/605.1.15 (KHTML, like Gecko) Version/13.0.3 Mobile/15E148 Safari/604.1"
49.51.253.83 - - [21/Sep/2026:12:23:49 +0200] "GET / HTTP/1.1" 200 156989 "https://www.grupo-seg.com/" "Mozilla/5.0 (iPhone; CPU iPhone OS 13_2_3 like Mac OS X) AppleWebKit/605.1.15 (KHTML, like Gecko) Version/13.0.3 Mobile/15E148 Safari/604.1"
89.248.107.232 - - [21/Sep/2026:12:24:04 +0200] "POST /wp-cron.php?doing_wp_cron=1789986244.0795319080352783203125 HTTP/1.1" 200 5512 "-" "WordPress/6.6.2; https://grupo-seg.com"
194.224.202.150 - - [21/Sep/2026:12:24:03 +0200] "GET /paises/espana/ HTTP/1.1" 200 153179 "https://grupo-seg.com/proyectos/" "Mozilla/5.0 (Windows NT 10.0; Win64; x64) AppleWebKit/537.36 (KHTML, like Gecko) Chrome/153.0.0.0 Safari/537.36"
194.224.202.150 - - [21/Sep/2026:12:24:16 +0200] "GET /proyectos/ HTTP/1.1" 200 944863 "https://grupo-seg.com/paises/espana/" "Mozilla/5.0 (Windows NT 10.0; Win64; x64) AppleWebKit/537.36 (KHTML, like Gecko) Chrome/153.0.0.0 Safari/537.36"
89.248.107.232 - - [21/Sep/2026:12:24:31 +0200] "POST /wp-cron.php?doing_wp_cron=1789986271.2462940216064453125000 HTTP/1.1" 200 5512 "-" "WordPress/6.6.2; https://grupo-seg.com"
62.238.48.178 - - [21/Sep/2026:12:24:30 +0200] "GET / HTTP/1.1" 301 5612 "-" "Mozilla/5.0 (compatible; hiwolfs-resolver/2.0; +https://hiwolfs.com)"
89.248.107.232 - - [21/Sep/2026:12:24:31 +0200] "POST /wp-admin/admin-ajax.php?action=async_litespeed&nonce=b4cc4c672a&litespeed_type=imgoptm HTTP/1.1" 200 5698 "-" "WordPress/6.6.2; https://grupo-seg.com"
62.238.48.178 - - [21/Sep/2026:12:24:31 +0200] "GET / HTTP/1.1" 200 165817 "-" "Mozilla/5.0 (compatible; hiwolfs-resolver/2.0; +https://hiwolfs.com)"
194.224.202.150 - - [21/Sep/2026:12:24:31 +0200] "GET /proyectos/ HTTP/1.1" 200 944728 "https://grupo-seg.com/paises/espana/" "Mozilla/5.0 (Windows NT 10.0; Win64; x64) AppleWebKit/537.36 (KHTML, like Gecko) Chrome/153.0.0.0 Safari/537.36"
89.248.107.232 - - [21/Sep/2026:12:25:09 +0200] "POST /wp-cron.php?doing_wp_cron=1789986309.1490790843963623046875 HTTP/1.1" 200 5512 "-" "WordPress/6.6.2; https://grupo-seg.com"
194.224.202.150 - - [21/Sep/2026:12:25:08 +0200] "POST /wp-admin/admin-ajax.php HTTP/1.1" 200 20207 "https://grupo-seg.com/proyectos/" "Mozilla/5.0 (Windows NT 10.0; Win64; x64) AppleWebKit/537.36 (KHTML, like Gecko) Chrome/153.0.0.0 Safari/537.36"
89.248.107.232 - - [21/Sep/2026:12:26:10 +0200] "POST /wp-cron.php?doing_wp_cron=1789986370.1258459091186523437500 HTTP/1.1" 200 5512 "-" "WordPress/6.6.2; https://grupo-seg.com"
47.128.37.92 - - [21/Sep/2026:12:26:09 +0200] "GET /portfolio/interventoria-para-cerramiento-construccion-de-franjas-de-seguridad-y-mantenimiento-de-pista-calle-de-rodaje-y-plataforma-del-aeropuerto-leticia/ HTTP/1.1" 200 108973 "-" "Mozilla/5.0 (Linux; Android 5.0) AppleWebKit/537.36 (KHTML, like Gecko) Mobile Safari/537.36 (compatible; Bytespider; spider-feedback@bytedance.com)"
89.248.107.232 - - [21/Sep/2026:12:26:10 +0200] "POST /wp-admin/admin-ajax.php?action=async_litespeed&nonce=b4cc4c672a&litespeed_type=imgoptm HTTP/1.1" 200 5698 "-" "WordPress/6.6.2; https://grupo-seg.com"
89.248.107.232 - - [21/Sep/2026:12:27:36 +0200] "POST /wp-cron.php?doing_wp_cron=1789986456.8875830173492431640625 HTTP/1.1" 200 5512 "-" "WordPress/6.6.2; https://grupo-seg.com"
52.167.144.213 - - [21/Sep/2026:12:27:36 +0200] "GET /elsr1648971reiusocdtdmpti.htm HTTP/1.1" 404 97421 "-" "Mozilla/5.0 AppleWebKit/537.36 (KHTML, like Gecko; compatible; bingbot/2.0; +http://www.bing.com/bingbot.htm) Chrome/116.0.1938.76 Safari/537.36"
89.248.107.232 - - [21/Sep/2026:12:27:37 +0200] "POST /wp-admin/admin-ajax.php?action=async_litespeed&nonce=b4cc4c672a&litespeed_type=imgoptm HTTP/1.1" 200 5698 "-" "WordPress/6.6.2; https://grupo-seg.com"
89.248.107.232 - - [21/Sep/2026:12:28:36 +0200] "POST /wp-cron.php?doing_wp_cron=1789986516.6833689212799072265625 HTTP/1.1" 200 5512 "-" "WordPress/6.6.2; https://grupo-seg.com"
52.167.144.213 - - [21/Sep/2026:12:28:36 +0200] "GET /lzmq1378169cigddot/urodospid.html HTTP/1.1" 404 97436 "-" "Mozilla/5.0 AppleWebKit/537.36 (KHTML, like Gecko; compatible; bingbot/2.0; +http://www.bing.com/bingbot.htm) Chrome/116.0.1938.76 Safari/537.36"
89.248.107.232 - - [21/Sep/2026:12:28:37 +0200] "POST /wp-admin/admin-ajax.php?action=async_litespeed&nonce=b4cc4c672a&litespeed_type=imgoptm HTTP/1.1" 200 5698 "-" "WordPress/6.6.2; https://grupo-seg.com"
89.248.107.232 - - [21/Sep/2026:12:29:52 +0200] "POST /wp-cron.php?doing_wp_cron=1789986592.3017010688781738281250 HTTP/1.1" 200 5512 "-" "WordPress/6.6.2; https://grupo-seg.com"
43.135.36.201 - - [21/Sep/2026:12:29:51 +0200] "GET / HTTP/1.1" 301 5612 "http://www.grupo-seg.com" "Mozilla/5.0 (iPhone; CPU iPhone OS 13_2_3 like Mac OS X) AppleWebKit/605.1.15 (KHTML, like Gecko) Version/13.0.3 Mobile/15E148 Safari/604.1"
89.248.107.232 - - [21/Sep/2026:12:29:52 +0200] "POST /wp-admin/admin-ajax.php?action=async_litespeed&nonce=b4cc4c672a&litespeed_type=imgoptm HTTP/1.1" 200 5698 "-" "WordPress/6.6.2; https://grupo-seg.com"
89.248.107.232 - - [21/Sep/2026:12:29:54 +0200] "POST /wp-cron.php?doing_wp_cron=1789986594.3452999591827392578125 HTTP/1.1" 200 5512 "-" "WordPress/6.6.2; https://grupo-seg.com"
43.135.36.201 - - [21/Sep/2026:12:29:53 +0200] "GET / HTTP/1.1" 200 157019 "https://www.grupo-seg.com/" "Mozilla/5.0 (iPhone; CPU iPhone OS 13_2_3 like Mac OS X) AppleWebKit/605.1.15 (KHTML, like Gecko) Version/13.0.3 Mobile/15E148 Safari/604.1"
49.37.179.58 - - [21/Sep/2026:12:29:56 +0200] "GET / HTTP/1.1" 200 165817 "-" "python-httpx/0.28.1"
89.248.107.232 - - [21/Sep/2026:12:30:07 +0200] "POST /wp-cron.php?doing_wp_cron=1789986607.7105300426483154296875 HTTP/1.1" 200 5512 "-" "WordPress/6.6.2; https://grupo-seg.com/en/"
3.218.103.254 - - [21/Sep/2026:12:30:07 +0200] "GET /en/projects/building-construction/ HTTP/1.1" 200 127584 "-" "Mozilla/5.0 AppleWebKit/537.36 (KHTML, like Gecko; compatible; Amazonbot/0.1; +https://developer.amazon.com/support/amazonbot) Chrome/119.0.6045.214 Safari/537.36"
89.248.107.232 - - [21/Sep/2026:12:30:40 +0200] "POST /wp-cron.php?doing_wp_cron=1789986640.4834430217742919921875 HTTP/1.1" 200 5512 "-" "WordPress/6.6.2; https://grupo-seg.com"
34.74.242.206 - - [21/Sep/2026:12:30:40 +0200] "GET /robots.txt HTTP/1.1" 200 5679 "-" "ZoominfoBot (zoominfobot at zoominfo dot com)"
89.248.107.232 - - [21/Sep/2026:12:30:41 +0200] "POST /wp-admin/admin-ajax.php?action=async_litespeed&nonce=b4cc4c672a&litespeed_type=imgoptm HTTP/1.1" 200 5698 "-" "WordPress/6.6.2; https://grupo-seg.com"
34.74.242.206 - - [21/Sep/2026:12:30:41 +0200] "GET /robots.txt HTTP/1.1" 200 5679 "-" "ZoominfoBot (zoominfobot at zoominfo dot com)"
89.248.107.232 - - [21/Sep/2026:12:31:17 +0200] "POST /wp-cron.php?doing_wp_cron=1789986677.1761200428009033203125 HTTP/1.1" 200 5512 "-" "WordPress/6.6.2; https://grupo-seg.com"
45.138.12.24 - - [21/Sep/2026:12:31:16 +0200] "GET / HTTP/1.1" 200 165847 "-" "Mozilla/5.0 (Windows NT 10.0; Win64; x64) AppleWebKit/537.36 (KHTML, like Gecko) Chrome/128.0.0.0 Safari/537.36"
45.138.12.24 - - [21/Sep/2026:12:31:29 +0200] "GET /.anthropic/config.json HTTP/1.1" 404 13454 "-" "Mozilla/5.0 (Windows NT 10.0; Win64; x64) AppleWebKit/537.36"
45.138.12.24 - - [21/Sep/2026:12:31:29 +0200] "GET /.aws/.env HTTP/1.1" 404 13454 "-" "Mozilla/5.0 (Windows NT 10.0; Win64; x64) AppleWebKit/537.36"
45.138.12.24 - - [21/Sep/2026:12:31:29 +0200] "GET /.docker/secrets.json HTTP/1.1" 404 13454 "-" "Mozilla/5.0 (Windows NT 10.0; Win64; x64) AppleWebKit/537.36"
45.138.12.24 - - [21/Sep/2026:12:31:29 +0200] "GET /.env HTTP/1.1" 404 13454 "-" "Mozilla/5.0 (Windows NT 10.0; Win64; x64) AppleWebKit/537.36"
45.138.12.24 - - [21/Sep/2026:12:31:29 +0200] "GET /.aws/credentials HTTP/1.1" 404 13454 "-" "Mozilla/5.0 (Windows NT 10.0; Win64; x64) AppleWebKit/537.36"
45.138.12.24 - - [21/Sep/2026:12:31:29 +0200] "GET /.aws/config HTTP/1.1" 404 13454 "-" "Mozilla/5.0 (Windows NT 10.0; Win64; x64) AppleWebKit/537.36"
45.138.12.24 - - [21/Sep/2026:12:31:29 +0200] "GET /.config/anthropic/credentials/default.json HTTP/1.1" 404 13454 "-" "Mozilla/5.0 (Windows NT 10.0; Win64; x64) AppleWebKit/537.36"
45.138.12.24 - - [21/Sep/2026:12:31:29 +0200] "GET /.docker/config.json HTTP/1.1" 404 13454 "-" "Mozilla/5.0 (Windows NT 10.0; Win64; x64) AppleWebKit/537.36"
45.138.12.24 - - [21/Sep/2026:12:31:29 +0200] "GET /.docker/.env HTTP/1.1" 404 13454 "-" "Mozilla/5.0 (Windows NT 10.0; Win64; x64) AppleWebKit/537.36"
45.138.12.24 - - [21/Sep/2026:12:31:29 +0200] "GET /.docker/laravel/app/.env HTTP/1.1" 404 13454 "-" "Mozilla/5.0 (Windows NT 10.0; Win64; x64) AppleWebKit/537.36"
45.138.12.24 - - [21/Sep/2026:12:31:29 +0200] "GET /.claude/settings.json HTTP/1.1" 404 13454 "-" "Mozilla/5.0 (Windows NT 10.0; Win64; x64) AppleWebKit/537.36"
45.138.12.24 - - [21/Sep/2026:12:31:29 +0200] "GET /.amplifyrc HTTP/1.1" 404 13454 "-" "Mozilla/5.0 (Windows NT 10.0; Win64; x64) AppleWebKit/537.36"
45.138.12.24 - - [21/Sep/2026:12:31:29 +0200] "GET /.config/gcloud/application_default_credentials.json HTTP/1.1" 404 13454 "-" "Mozilla/5.0 (Windows NT 10.0; Win64; x64) AppleWebKit/537.36"
45.138.12.24 - - [21/Sep/2026:12:31:29 +0200] "GET /.aws/credentials.bak HTTP/1.1" 404 13454 "-" "Mozilla/5.0 (Windows NT 10.0; Win64; x64) AppleWebKit/537.36"
45.138.12.24 - - [21/Sep/2026:12:31:29 +0200] "GET /.boto HTTP/1.1" 404 13454 "-" "Mozilla/5.0 (Windows NT 10.0; Win64; x64) AppleWebKit/537.36"
45.138.12.24 - - [21/Sep/2026:12:31:29 +0200] "GET /.config/gcloud/credentials.db HTTP/1.1" 404 13454 "-" "Mozilla/5.0 (Windows NT 10.0; Win64; x64) AppleWebKit/537.36"
45.138.12.24 - - [21/Sep/2026:12:31:30 +0200] "GET /.env.old HTTP/1.1" 404 13454 "-" "Mozilla/5.0 (Windows NT 10.0; Win64; x64) AppleWebKit/537.36"
45.138.12.24 - - [21/Sep/2026:12:31:30 +0200] "GET /.env.development HTTP/1.1" 404 13454 "-" "Mozilla/5.0 (Windows NT 10.0; Win64; x64) AppleWebKit/537.36"
45.138.12.24 - - [21/Sep/2026:12:31:30 +0200] "GET /.env.anthropic HTTP/1.1" 404 13454 "-" "Mozilla/5.0 (Windows NT 10.0; Win64; x64) AppleWebKit/537.36"
45.138.12.24 - - [21/Sep/2026:12:31:30 +0200] "GET /.env.dev HTTP/1.1" 404 13454 "-" "Mozilla/5.0 (Windows NT 10.0; Win64; x64) AppleWebKit/537.36"
45.138.12.24 - - [21/Sep/2026:12:31:30 +0200] "GET /.env-sample HTTP/1.1" 404 13454 "-" "Mozilla/5.0 (Windows NT 10.0; Win64; x64) AppleWebKit/537.36"
45.138.12.24 - - [21/Sep/2026:12:31:30 +0200] "GET /.env.bak HTTP/1.1" 404 13454 "-" "Mozilla/5.0 (Windows NT 10.0; Win64; x64) AppleWebKit/537.36"
45.138.12.24 - - [21/Sep/2026:12:31:30 +0200] "GET /.env.live HTTP/1.1" 404 13454 "-" "Mozilla/5.0 (Windows NT 10.0; Win64; x64) AppleWebKit/537.36"
45.138.12.24 - - [21/Sep/2026:12:31:30 +0200] "GET /.env.example HTTP/1.1" 404 13454 "-" "Mozilla/5.0 (Windows NT 10.0; Win64; x64) AppleWebKit/537.36"
45.138.12.24 - - [21/Sep/2026:12:31:30 +0200] "GET /.env.docker HTTP/1.1" 404 13454 "-" "Mozilla/5.0 (Windows NT 10.0; Win64; x64) AppleWebKit/537.36"
45.138.12.24 - - [21/Sep/2026:12:31:30 +0200] "GET /.env.local HTTP/1.1" 404 13454 "-" "Mozilla/5.0 (Windows NT 10.0; Win64; x64) AppleWebKit/537.36"
45.138.12.24 - - [21/Sep/2026:12:31:30 +0200] "GET /.env.mail HTTP/1.1" 404 13454 "-" "Mozilla/5.0 (Windows NT 10.0; Win64; x64) AppleWebKit/537.36"
45.138.12.24 - - [21/Sep/2026:12:31:30 +0200] "GET /.env.aws HTTP/1.1" 404 13454 "-" "Mozilla/5.0 (Windows NT 10.0; Win64; x64) AppleWebKit/537.36"
89.248.107.232 - - [21/Sep/2026:12:31:30 +0200] "POST /wp-cron.php?doing_wp_cron=1789986690.7123160362243652343750 HTTP/1.1" 200 5512 "-" "WordPress/6.6.2; https://grupo-seg.com"
45.138.12.24 - - [21/Sep/2026:12:31:30 +0200] "GET /.env-example HTTP/1.1" 404 13454 "-" "Mozilla/5.0 (Windows NT 10.0; Win64; x64) AppleWebKit/537.36"
45.138.12.24 - - [21/Sep/2026:12:31:30 +0200] "GET /.env.dist HTTP/1.1" 404 13454 "-" "Mozilla/5.0 (Windows NT 10.0; Win64; x64) AppleWebKit/537.36"
45.138.12.24 - - [21/Sep/2026:12:31:30 +0200] "GET /.env.email HTTP/1.1" 404 13454 "-" "Mozilla/5.0 (Windows NT 10.0; Win64; x64) AppleWebKit/537.36"
45.138.12.24 - - [21/Sep/2026:12:31:30 +0200] "GET /.env.backup HTTP/1.1" 404 13454 "-" "Mozilla/5.0 (Windows NT 10.0; Win64; x64) AppleWebKit/537.36"
45.138.12.24 - - [21/Sep/2026:12:31:33 +0200] "GET /.env.openai HTTP/1.1" 404 13454 "-" "Mozilla/5.0 (Windows NT 10.0; Win64; x64) AppleWebKit/537.36"
45.138.12.24 - - [21/Sep/2026:12:31:33 +0200] "GET /.env.sample HTTP/1.1" 404 13454 "-" "Mozilla/5.0 (Windows NT 10.0; Win64; x64) AppleWebKit/537.36"
45.138.12.24 - - [21/Sep/2026:12:31:33 +0200] "GET /.env.production HTTP/1.1" 404 13454 "-" "Mozilla/5.0 (Windows NT 10.0; Win64; x64) AppleWebKit/537.36"
45.138.12.24 - - [21/Sep/2026:12:31:33 +0200] "GET /.env.prod HTTP/1.1" 404 13454 "-" "Mozilla/5.0 (Windows NT 10.0; Win64; x64) AppleWebKit/537.36"
45.138.12.24 - - [21/Sep/2026:12:31:33 +0200] "GET /.env.php HTTP/1.1" 404 13454 "-" "Mozilla/5.0 (Windows NT 10.0; Win64; x64) AppleWebKit/537.36"
45.138.12.24 - - [21/Sep/2026:12:31:33 +0200] "GET /.env.qa HTTP/1.1" 404 13454 "-" "Mozilla/5.0 (Windows NT 10.0; Win64; x64) AppleWebKit/537.36"
45.138.12.24 - - [21/Sep/2026:12:31:33 +0200] "GET /.env.test HTTP/1.1" 404 13454 "-" "Mozilla/5.0 (Windows NT 10.0; Win64; x64) AppleWebKit/537.36"
45.138.12.24 - - [21/Sep/2026:12:31:33 +0200] "GET /.env.staging HTTP/1.1" 404 13454 "-" "Mozilla/5.0 (Windows NT 10.0; Win64; x64) AppleWebKit/537.36"
45.138.12.24 - - [21/Sep/2026:12:31:33 +0200] "GET /.env~ HTTP/1.1" 404 13454 "-" "Mozilla/5.0 (Windows NT 10.0; Win64; x64) AppleWebKit/537.36"
45.138.12.24 - - [21/Sep/2026:12:31:33 +0200] "GET /.git-askpass.sh HTTP/1.1" 404 13454 "-" "Mozilla/5.0 (Windows NT 10.0; Win64; x64) AppleWebKit/537.36"
45.138.12.24 - - [21/Sep/2026:12:31:33 +0200] "GET /.env.swp HTTP/1.1" 404 13454 "-" "Mozilla/5.0 (Windows NT 10.0; Win64; x64) AppleWebKit/537.36"
45.138.12.24 - - [21/Sep/2026:12:31:33 +0200] "GET /.git-secret HTTP/1.1" 404 13454 "-" "Mozilla/5.0 (Windows NT 10.0; Win64; x64) AppleWebKit/537.36"
45.138.12.24 - - [21/Sep/2026:12:31:33 +0200] "GET /.esmtprc HTTP/1.1" 404 13454 "-" "Mozilla/5.0 (Windows NT 10.0; Win64; x64) AppleWebKit/537.36"
45.138.12.24 - - [21/Sep/2026:12:31:33 +0200] "GET /.env.testing HTTP/1.1" 404 13454 "-" "Mozilla/5.0 (Windows NT 10.0; Win64; x64) AppleWebKit/537.36"
45.138.12.24 - - [21/Sep/2026:12:31:33 +0200] "GET /.git-credentials HTTP/1.1" 404 13454 "-" "Mozilla/5.0 (Windows NT 10.0; Win64; x64) AppleWebKit/537.36"
45.138.12.24 - - [21/Sep/2026:12:31:33 +0200] "GET /.env.save HTTP/1.1" 404 13454 "-" "Mozilla/5.0 (Windows NT 10.0; Win64; x64) AppleWebKit/537.36"
45.138.12.24 - - [21/Sep/2026:12:31:36 +0200] "GET /.git/FETCH_HEAD HTTP/1.1" 404 13454 "-" "Mozilla/5.0 (Windows NT 10.0; Win64; x64) AppleWebKit/537.36"
45.138.12.24 - - [21/Sep/2026:12:31:36 +0200] "GET /.git/COMMIT_EDITMSG HTTP/1.1" 404 13454 "-" "Mozilla/5.0 (Windows NT 10.0; Win64; x64) AppleWebKit/537.36"
45.138.12.24 - - [21/Sep/2026:12:31:36 +0200] "GET /.git/description HTTP/1.1" 404 13454 "-" "Mozilla/5.0 (Windows NT 10.0; Win64; x64) AppleWebKit/537.36"
45.138.12.24 - - [21/Sep/2026:12:31:36 +0200] "GET /.git/index HTTP/1.1" 404 13454 "-" "Mozilla/5.0 (Windows NT 10.0; Win64; x64) AppleWebKit/537.36"
45.138.12.24 - - [21/Sep/2026:12:31:36 +0200] "GET /.gitconfig HTTP/1.1" 404 13454 "-" "Mozilla/5.0 (Windows NT 10.0; Win64; x64) AppleWebKit/537.36"
45.138.12.24 - - [21/Sep/2026:12:31:36 +0200] "GET /.git/packed-refs HTTP/1.1" 404 13454 "-" "Mozilla/5.0 (Windows NT 10.0; Win64; x64) AppleWebKit/537.36"
45.138.12.24 - - [21/Sep/2026:12:31:36 +0200] "GET /.git/refs/heads/main HTTP/1.1" 404 13454 "-" "Mozilla/5.0 (Windows NT 10.0; Win64; x64) AppleWebKit/537.36"
45.138.12.24 - - [21/Sep/2026:12:31:36 +0200] "GET /.git/ORIG_HEAD HTTP/1.1" 404 13454 "-" "Mozilla/5.0 (Windows NT 10.0; Win64; x64) AppleWebKit/537.36"
45.138.12.24 - - [21/Sep/2026:12:31:36 +0200] "GET /.git/refs/heads/master HTTP/1.1" 404 13454 "-" "Mozilla/5.0 (Windows NT 10.0; Win64; x64) AppleWebKit/537.36"
45.138.12.24 - - [21/Sep/2026:12:31:36 +0200] "GET /.github/workflows/ci.yml HTTP/1.1" 404 13454 "-" "Mozilla/5.0 (Windows NT 10.0; Win64; x64) AppleWebKit/537.36"
45.138.12.24 - - [21/Sep/2026:12:31:36 +0200] "GET /.git/logs/HEAD HTTP/1.1" 404 13454 "-" "Mozilla/5.0 (Windows NT 10.0; Win64; x64) AppleWebKit/537.36"
45.138.12.24 - - [21/Sep/2026:12:31:36 +0200] "GET /.git/HEAD HTTP/1.1" 404 13454 "-" "Mozilla/5.0 (Windows NT 10.0; Win64; x64) AppleWebKit/537.36"
45.138.12.24 - - [21/Sep/2026:12:31:36 +0200] "GET /.git/config HTTP/1.1" 404 13454 "-" "Mozilla/5.0 (Windows NT 10.0; Win64; x64) AppleWebKit/537.36"
45.138.12.24 - - [21/Sep/2026:12:31:36 +0200] "GET /.git/info/exclude HTTP/1.1" 404 13454 "-" "Mozilla/5.0 (Windows NT 10.0; Win64; x64) AppleWebKit/537.36"
45.138.12.24 - - [21/Sep/2026:12:31:36 +0200] "GET /.github/workflows/deploy.yml HTTP/1.1" 404 13454 "-" "Mozilla/5.0 (Windows NT 10.0; Win64; x64) AppleWebKit/537.36"
45.138.12.24 - - [21/Sep/2026:12:31:36 +0200] "GET /.git/config.bak HTTP/1.1" 404 13454 "-" "Mozilla/5.0 (Windows NT 10.0; Win64; x64) AppleWebKit/537.36"
45.138.12.24 - - [21/Sep/2026:12:31:39 +0200] "GET /.github/workflows/main.yml HTTP/1.1" 404 13454 "-" "Mozilla/5.0 (Windows NT 10.0; Win64; x64) AppleWebKit/537.36"
45.138.12.24 - - [21/Sep/2026:12:31:39 +0200] "GET /.gitignore HTTP/1.1" 404 13454 "-" "Mozilla/5.0 (Windows NT 10.0; Win64; x64) AppleWebKit/537.36"
45.138.12.24 - - [21/Sep/2026:12:31:39 +0200] "GET /.gitlab-ci.yml HTTP/1.1" 404 13454 "-" "Mozilla/5.0 (Windows NT 10.0; Win64; x64) AppleWebKit/537.36"
45.138.12.24 - - [21/Sep/2026:12:31:39 +0200] "GET /.gitmodules HTTP/1.1" 404 13454 "-" "Mozilla/5.0 (Windows NT 10.0; Win64; x64) AppleWebKit/537.36"
45.138.12.24 - - [21/Sep/2026:12:31:39 +0200] "GET /.gitlab-ci/variables.yml HTTP/1.1" 404 13454 "-" "Mozilla/5.0 (Windows NT 10.0; Win64; x64) AppleWebKit/537.36"
45.138.12.24 - - [21/Sep/2026:12:31:39 +0200] "GET /.mail.env HTTP/1.1" 404 13454 "-" "Mozilla/5.0 (Windows NT 10.0; Win64; x64) AppleWebKit/537.36"
45.138.12.24 - - [21/Sep/2026:12:31:39 +0200] "GET /.smtp.env HTTP/1.1" 404 13454 "-" "Mozilla/5.0 (Windows NT 10.0; Win64; x64) AppleWebKit/537.36"
45.138.12.24 - - [21/Sep/2026:12:31:39 +0200] "GET /.netrc HTTP/1.1" 404 13454 "-" "Mozilla/5.0 (Windows NT 10.0; Win64; x64) AppleWebKit/537.36"
45.138.12.24 - - [21/Sep/2026:12:31:39 +0200] "GET /.ssh/id_rsa HTTP/1.1" 404 13454 "-" "Mozilla/5.0 (Windows NT 10.0; Win64; x64) AppleWebKit/537.36"
45.138.12.24 - - [21/Sep/2026:12:31:39 +0200] "GET /.msmtprc HTTP/1.1" 404 13454 "-" "Mozilla/5.0 (Windows NT 10.0; Win64; x64) AppleWebKit/537.36"
45.138.12.24 - - [21/Sep/2026:12:31:39 +0200] "GET /.terraform/credentials.tfrc.json HTTP/1.1" 404 13454 "-" "Mozilla/5.0 (Windows NT 10.0; Win64; x64) AppleWebKit/537.36"
45.138.12.24 - - [21/Sep/2026:12:31:39 +0200] "GET /.ssh/known_hosts HTTP/1.1" 404 13454 "-" "Mozilla/5.0 (Windows NT 10.0; Win64; x64) AppleWebKit/537.36"
45.138.12.24 - - [21/Sep/2026:12:31:39 +0200] "GET /.s3cfg HTTP/1.1" 404 13454 "-" "Mozilla/5.0 (Windows NT 10.0; Win64; x64) AppleWebKit/537.36"
45.138.12.24 - - [21/Sep/2026:12:31:39 +0200] "GET /.ssh/authorized_keys HTTP/1.1" 404 13454 "-" "Mozilla/5.0 (Windows NT 10.0; Win64; x64) AppleWebKit/537.36"
45.138.12.24 - - [21/Sep/2026:12:31:39 +0200] "GET /.terraform.lock.hcl HTTP/1.1" 404 13454 "-" "Mozilla/5.0 (Windows NT 10.0; Win64; x64) AppleWebKit/537.36"
45.138.12.24 - - [21/Sep/2026:12:31:42 +0200] "GET /.terraform/terraform.tfstate HTTP/1.1" 404 13454 "-" "Mozilla/5.0 (Windows NT 10.0; Win64; x64) AppleWebKit/537.36"
45.138.12.24 - - [21/Sep/2026:12:31:39 +0200] "GET /.kube/config HTTP/1.1" 404 13454 "-" "Mozilla/5.0 (Windows NT 10.0; Win64; x64) AppleWebKit/537.36"
45.138.12.24 - - [21/Sep/2026:12:31:42 +0200] "GET /Dockerfile HTTP/1.1" 404 13454 "-" "Mozilla/5.0 (Windows NT 10.0; Win64; x64) AppleWebKit/537.36"
45.138.12.24 - - [21/Sep/2026:12:31:42 +0200] "GET /administrator/.env HTTP/1.1" 404 13454 "-" "Mozilla/5.0 (Windows NT 10.0; Win64; x64) AppleWebKit/537.36"
45.138.12.24 - - [21/Sep/2026:12:31:42 +0200] "GET /api/.env HTTP/1.1" 404 13454 "-" "Mozilla/5.0 (Windows NT 10.0; Win64; x64) AppleWebKit/537.36"
45.138.12.24 - - [21/Sep/2026:12:31:42 +0200] "GET /admin/.env HTTP/1.1" 404 13454 "-" "Mozilla/5.0 (Windows NT 10.0; Win64; x64) AppleWebKit/537.36"
45.138.12.24 - - [21/Sep/2026:12:31:42 +0200] "GET /?phpinfo=1 HTTP/1.1" 200 13454 "-" "Mozilla/5.0 (Windows NT 10.0; Win64; x64) AppleWebKit/537.36"
45.138.12.24 - - [21/Sep/2026:12:31:42 +0200] "GET /_profiler/phpinfo.php HTTP/1.1" 404 13454 "-" "Mozilla/5.0 (Windows NT 10.0; Win64; x64) AppleWebKit/537.36"
45.138.12.24 - - [21/Sep/2026:12:31:42 +0200] "GET /admin/phpinfo.php HTTP/1.1" 404 13454 "-" "Mozilla/5.0 (Windows NT 10.0; Win64; x64) AppleWebKit/537.36"
45.138.12.24 - - [21/Sep/2026:12:31:42 +0200] "GET /amplify/team-provider-info.json HTTP/1.1" 404 13454 "-" "Mozilla/5.0 (Windows NT 10.0; Win64; x64) AppleWebKit/537.36"
45.138.12.24 - - [21/Sep/2026:12:31:42 +0200] "GET /_profiler/phpinfo HTTP/1.1" 404 13454 "-" "Mozilla/5.0 (Windows NT 10.0; Win64; x64) AppleWebKit/537.36"
45.138.12.24 - - [21/Sep/2026:12:31:42 +0200] "GET /admin-app/.env HTTP/1.1" 404 13454 "-" "Mozilla/5.0 (Windows NT 10.0; Win64; x64) AppleWebKit/537.36"
45.138.12.24 - - [21/Sep/2026:12:31:42 +0200] "GET /api-backend/.env HTTP/1.1" 404 13454 "-" "Mozilla/5.0 (Windows NT 10.0; Win64; x64) AppleWebKit/537.36"
45.138.12.24 - - [21/Sep/2026:12:31:42 +0200] "GET /admin_phpinfo.php HTTP/1.1" 404 13454 "-" "Mozilla/5.0 (Windows NT 10.0; Win64; x64) AppleWebKit/537.36"
45.138.12.24 - - [21/Sep/2026:12:31:42 +0200] "GET /api/phpinfo.php HTTP/1.1" 404 13454 "-" "Mozilla/5.0 (Windows NT 10.0; Win64; x64) AppleWebKit/537.36"
45.138.12.24 - - [21/Sep/2026:12:31:42 +0200] "GET /app.yaml HTTP/1.1" 404 13454 "-" "Mozilla/5.0 (Windows NT 10.0; Win64; x64) AppleWebKit/537.36"
45.138.12.24 - - [21/Sep/2026:12:31:42 +0200] "GET /app.yml HTTP/1.1" 404 13454 "-" "Mozilla/5.0 (Windows NT 10.0; Win64; x64) AppleWebKit/537.36"
89.248.107.232 - - [21/Sep/2026:12:31:44 +0200] "POST /wp-admin/admin-ajax.php?action=async_litespeed&nonce=b4cc4c672a&litespeed_type=imgoptm HTTP/1.1" 200 5698 "-" "WordPress/6.6.2; https://grupo-seg.com"
45.138.12.24 - - [21/Sep/2026:12:31:45 +0200] "GET /appsettings.Production.json HTTP/1.1" 404 13454 "-" "Mozilla/5.0 (Windows NT 10.0; Win64; x64) AppleWebKit/537.36"
45.138.12.24 - - [21/Sep/2026:12:31:45 +0200] "GET /app/.env.production HTTP/1.1" 404 13454 "-" "Mozilla/5.0 (Windows NT 10.0; Win64; x64) AppleWebKit/537.36"
45.138.12.24 - - [21/Sep/2026:12:31:45 +0200] "GET /appsettings.QA.json HTTP/1.1" 404 13454 "-" "Mozilla/5.0 (Windows NT 10.0; Win64; x64) AppleWebKit/537.36"
45.138.12.24 - - [21/Sep/2026:12:31:45 +0200] "GET /app/.env HTTP/1.1" 404 13454 "-" "Mozilla/5.0 (Windows NT 10.0; Win64; x64) AppleWebKit/537.36"
45.138.12.24 - - [21/Sep/2026:12:31:45 +0200] "GET /app/.env.local HTTP/1.1" 404 13454 "-" "Mozilla/5.0 (Windows NT 10.0; Win64; x64) AppleWebKit/537.36"
45.138.12.24 - - [21/Sep/2026:12:31:45 +0200] "GET /application_default_credentials.json HTTP/1.1" 404 13454 "-" "Mozilla/5.0 (Windows NT 10.0; Win64; x64) AppleWebKit/537.36"
45.138.12.24 - - [21/Sep/2026:12:31:45 +0200] "GET /appsettings.Development.json HTTP/1.1" 404 13454 "-" "Mozilla/5.0 (Windows NT 10.0; Win64; x64) AppleWebKit/537.36"
45.138.12.24 - - [21/Sep/2026:12:31:45 +0200] "GET /aws-ses.json HTTP/1.1" 404 13454 "-" "Mozilla/5.0 (Windows NT 10.0; Win64; x64) AppleWebKit/537.36"
45.138.12.24 - - [21/Sep/2026:12:31:45 +0200] "GET /application/.env HTTP/1.1" 404 13454 "-" "Mozilla/5.0 (Windows NT 10.0; Win64; x64) AppleWebKit/537.36"
45.138.12.24 - - [21/Sep/2026:12:31:45 +0200] "GET /appsettings.Staging.json HTTP/1.1" 404 13454 "-" "Mozilla/5.0 (Windows NT 10.0; Win64; x64) AppleWebKit/537.36"
45.138.12.24 - - [21/Sep/2026:12:31:45 +0200] "GET /aws.env HTTP/1.1" 404 13454 "-" "Mozilla/5.0 (Windows NT 10.0; Win64; x64) AppleWebKit/537.36"
45.138.12.24 - - [21/Sep/2026:12:31:45 +0200] "GET /aws.json HTTP/1.1" 404 13454 "-" "Mozilla/5.0 (Windows NT 10.0; Win64; x64) AppleWebKit/537.36"
45.138.12.24 - - [21/Sep/2026:12:31:45 +0200] "GET /aws-credentials.json HTTP/1.1" 404 13454 "-" "Mozilla/5.0 (Windows NT 10.0; Win64; x64) AppleWebKit/537.36"
45.138.12.24 - - [21/Sep/2026:12:31:45 +0200] "GET /aws.properties HTTP/1.1" 404 13454 "-" "Mozilla/5.0 (Windows NT 10.0; Win64; x64) AppleWebKit/537.36"
45.138.12.24 - - [21/Sep/2026:12:31:45 +0200] "GET /appsettings.json HTTP/1.1" 404 13454 "-" "Mozilla/5.0 (Windows NT 10.0; Win64; x64) AppleWebKit/537.36"
45.138.12.24 - - [21/Sep/2026:12:31:45 +0200] "GET /apps/.env HTTP/1.1" 404 13454 "-" "Mozilla/5.0 (Windows NT 10.0; Win64; x64) AppleWebKit/537.36"
45.138.12.24 - - [21/Sep/2026:12:31:48 +0200] "GET /aws.yaml HTTP/1.1" 404 13454 "-" "Mozilla/5.0 (Windows NT 10.0; Win64; x64) AppleWebKit/537.36"
45.138.12.24 - - [21/Sep/2026:12:31:48 +0200] "GET /aws/.env HTTP/1.1" 404 13454 "-" "Mozilla/5.0 (Windows NT 10.0; Win64; x64) AppleWebKit/537.36"
45.138.12.24 - - [21/Sep/2026:12:31:48 +0200] "GET /aws.yml HTTP/1.1" 404 13454 "-" "Mozilla/5.0 (Windows NT 10.0; Win64; x64) AppleWebKit/537.36"
45.138.12.24 - - [21/Sep/2026:12:31:48 +0200] "GET /aws/config/s3.json HTTP/1.1" 404 13454 "-" "Mozilla/5.0 (Windows NT 10.0; Win64; x64) AppleWebKit/537.36"
45.138.12.24 - - [21/Sep/2026:12:31:48 +0200] "GET /backup/.env HTTP/1.1" 404 13454 "-" "Mozilla/5.0 (Windows NT 10.0; Win64; x64) AppleWebKit/537.36"
45.138.12.24 - - [21/Sep/2026:12:31:48 +0200] "GET /backend/.env HTTP/1.1" 404 13454 "-" "Mozilla/5.0 (Windows NT 10.0; Win64; x64) AppleWebKit/537.36"
45.138.12.24 - - [21/Sep/2026:12:31:48 +0200] "GET /client/stripe.config.js HTTP/1.1" 404 13454 "-" "Mozilla/5.0 (Windows NT 10.0; Win64; x64) AppleWebKit/537.36"
45.138.12.24 - - [21/Sep/2026:12:31:48 +0200] "GET /client/.env HTTP/1.1" 404 13454 "-" "Mozilla/5.0 (Windows NT 10.0; Win64; x64) AppleWebKit/537.36"
45.138.12.24 - - [21/Sep/2026:12:31:48 +0200] "GET /claude_desktop_config.json HTTP/1.1" 404 13454 "-" "Mozilla/5.0 (Windows NT 10.0; Win64; x64) AppleWebKit/537.36"
45.138.12.24 - - [21/Sep/2026:12:31:48 +0200] "GET /aws_s3_config.json HTTP/1.1" 404 13454 "-" "Mozilla/5.0 (Windows NT 10.0; Win64; x64) AppleWebKit/537.36"
45.138.12.24 - - [21/Sep/2026:12:31:48 +0200] "GET /client_secret.json HTTP/1.1" 404 13454 "-" "Mozilla/5.0 (Windows NT 10.0; Win64; x64) AppleWebKit/537.36"
45.138.12.24 - - [21/Sep/2026:12:31:48 +0200] "GET /aws/ses/smtp.env HTTP/1.1" 404 13454 "-" "Mozilla/5.0 (Windows NT 10.0; Win64; x64) AppleWebKit/537.36"
45.138.12.24 - - [21/Sep/2026:12:31:48 +0200] "GET /back/.env HTTP/1.1" 404 13454 "-" "Mozilla/5.0 (Windows NT 10.0; Win64; x64) AppleWebKit/537.36"
45.138.12.24 - - [21/Sep/2026:12:31:48 +0200] "GET /aws/s3/credentials HTTP/1.1" 404 13454 "-" "Mozilla/5.0 (Windows NT 10.0; Win64; x64) AppleWebKit/537.36"
45.138.12.24 - - [21/Sep/2026:12:31:48 +0200] "GET /circle.yml HTTP/1.1" 404 13454 "-" "Mozilla/5.0 (Windows NT 10.0; Win64; x64) AppleWebKit/537.36"
45.138.12.24 - - [21/Sep/2026:12:31:48 +0200] "GET /aws_credentials.ini HTTP/1.1" 404 13454 "-" "Mozilla/5.0 (Windows NT 10.0; Win64; x64) AppleWebKit/537.36"
45.138.12.24 - - [21/Sep/2026:12:31:51 +0200] "GET /client_secrets.json HTTP/1.1" 404 13454 "-" "Mozilla/5.0 (Windows NT 10.0; Win64; x64) AppleWebKit/537.36"
45.138.12.24 - - [21/Sep/2026:12:31:51 +0200] "GET /cms/.env HTTP/1.1" 404 13454 "-" "Mozilla/5.0 (Windows NT 10.0; Win64; x64) AppleWebKit/537.36"
45.138.12.24 - - [21/Sep/2026:12:31:51 +0200] "GET /config.env HTTP/1.1" 404 13454 "-" "Mozilla/5.0 (Windows NT 10.0; Win64; x64) AppleWebKit/537.36"
45.138.12.24 - - [21/Sep/2026:12:31:51 +0200] "GET /compose.yaml HTTP/1.1" 404 13454 "-" "Mozilla/5.0 (Windows NT 10.0; Win64; x64) AppleWebKit/537.36"
45.138.12.24 - - [21/Sep/2026:12:31:51 +0200] "GET /config.js HTTP/1.1" 404 13454 "-" "Mozilla/5.0 (Windows NT 10.0; Win64; x64) AppleWebKit/537.36"
45.138.12.24 - - [21/Sep/2026:12:31:51 +0200] "GET /config.json HTTP/1.1" 404 13454 "-" "Mozilla/5.0 (Windows NT 10.0; Win64; x64) AppleWebKit/537.36"
45.138.12.24 - - [21/Sep/2026:12:31:51 +0200] "GET /config.rb HTTP/1.1" 404 13454 "-" "Mozilla/5.0 (Windows NT 10.0; Win64; x64) AppleWebKit/537.36"
45.138.12.24 - - [21/Sep/2026:12:31:51 +0200] "GET /config.ts HTTP/1.1" 404 13454 "-" "Mozilla/5.0 (Windows NT 10.0; Win64; x64) AppleWebKit/537.36"
45.138.12.24 - - [21/Sep/2026:12:31:51 +0200] "GET /config.php HTTP/1.1" 404 13454 "-" "Mozilla/5.0 (Windows NT 10.0; Win64; x64) AppleWebKit/537.36"
45.138.12.24 - - [21/Sep/2026:12:31:51 +0200] "GET /config.yml HTTP/1.1" 404 13454 "-" "Mozilla/5.0 (Windows NT 10.0; Win64; x64) AppleWebKit/537.36"
45.138.12.24 - - [21/Sep/2026:12:31:51 +0200] "GET /config.yaml HTTP/1.1" 404 13454 "-" "Mozilla/5.0 (Windows NT 10.0; Win64; x64) AppleWebKit/537.36"
45.138.12.24 - - [21/Sep/2026:12:31:51 +0200] "GET /config/.env HTTP/1.1" 404 13454 "-" "Mozilla/5.0 (Windows NT 10.0; Win64; x64) AppleWebKit/537.36"
45.138.12.24 - - [21/Sep/2026:12:31:51 +0200] "GET /config/aws.php HTTP/1.1" 404 13454 "-" "Mozilla/5.0 (Windows NT 10.0; Win64; x64) AppleWebKit/537.36"
45.138.12.24 - - [21/Sep/2026:12:31:51 +0200] "GET /config/aws.yml HTTP/1.1" 404 13454 "-" "Mozilla/5.0 (Windows NT 10.0; Win64; x64) AppleWebKit/537.36"
45.138.12.24 - - [21/Sep/2026:12:31:51 +0200] "GET /config/aws.json HTTP/1.1" 404 13454 "-" "Mozilla/5.0 (Windows NT 10.0; Win64; x64) AppleWebKit/537.36"
45.138.12.24 - - [21/Sep/2026:12:31:51 +0200] "GET /config/config.inc.php HTTP/1.1" 404 13454 "-" "Mozilla/5.0 (Windows NT 10.0; Win64; x64) AppleWebKit/537.36"
45.138.12.24 - - [21/Sep/2026:12:31:54 +0200] "GET /config/environment.rb HTTP/1.1" 404 13454 "-" "Mozilla/5.0 (Windows NT 10.0; Win64; x64) AppleWebKit/537.36"
45.138.12.24 - - [21/Sep/2026:12:31:54 +0200] "GET /config/database.yml HTTP/1.1" 404 13454 "-" "Mozilla/5.0 (Windows NT 10.0; Win64; x64) AppleWebKit/537.36"
45.138.12.24 - - [21/Sep/2026:12:31:54 +0200] "GET /config/databases.yml HTTP/1.1" 404 13454 "-" "Mozilla/5.0 (Windows NT 10.0; Win64; x64) AppleWebKit/537.36"
45.138.12.24 - - [21/Sep/2026:12:31:54 +0200] "GET /config/initializers/secret_token.rb HTTP/1.1" 404 13454 "-" "Mozilla/5.0 (Windows NT 10.0; Win64; x64) AppleWebKit/537.36"
45.138.12.24 - - [21/Sep/2026:12:31:54 +0200] "GET /config/parameters.yml HTTP/1.1" 404 13454 "-" "Mozilla/5.0 (Windows NT 10.0; Win64; x64) AppleWebKit/537.36"
89.248.107.232 - - [21/Sep/2026:12:31:54 +0200] "POST /wp-cron.php?doing_wp_cron=1789986714.3329160213470458984375 HTTP/1.1" 200 5512 "-" "WordPress/6.6.2; https://grupo-seg.com"
45.138.12.24 - - [21/Sep/2026:12:31:54 +0200] "GET /config/mail.php HTTP/1.1" 404 13454 "-" "Mozilla/5.0 (Windows NT 10.0; Win64; x64) AppleWebKit/537.36"
45.138.12.24 - - [21/Sep/2026:12:31:54 +0200] "GET /config/nexmo.php HTTP/1.1" 404 13454 "-" "Mozilla/5.0 (Windows NT 10.0; Win64; x64) AppleWebKit/537.36"
45.138.12.24 - - [21/Sep/2026:12:31:54 +0200] "GET /config/stripe.js HTTP/1.1" 404 13454 "-" "Mozilla/5.0 (Windows NT 10.0; Win64; x64) AppleWebKit/537.36"
45.138.12.24 - - [21/Sep/2026:12:31:54 +0200] "GET /config/secrets.yml HTTP/1.1" 404 13454 "-" "Mozilla/5.0 (Windows NT 10.0; Win64; x64) AppleWebKit/537.36"
45.138.12.24 - - [21/Sep/2026:12:31:54 +0200] "GET /config/stripe.yaml HTTP/1.1" 504 5660 "-" "Mozilla/5.0 (Windows NT 10.0; Win64; x64) AppleWebKit/537.36"
45.138.12.24 - - [21/Sep/2026:12:31:54 +0200] "GET /config/stripe.json HTTP/1.1" 504 5660 "-" "Mozilla/5.0 (Windows NT 10.0; Win64; x64) AppleWebKit/537.36"
45.138.12.24 - - [21/Sep/2026:12:31:54 +0200] "GET /configs/application.ini HTTP/1.1" 504 5660 "-" "Mozilla/5.0 (Windows NT 10.0; Win64; x64) AppleWebKit/537.36"
45.138.12.24 - - [21/Sep/2026:12:31:54 +0200] "GET /config/stripe.php HTTP/1.1" 504 5660 "-" "Mozilla/5.0 (Windows NT 10.0; Win64; x64) AppleWebKit/537.36"
45.138.12.24 - - [21/Sep/2026:12:31:54 +0200] "GET /credentials HTTP/1.1" 504 5660 "-" "Mozilla/5.0 (Windows NT 10.0; Win64; x64) AppleWebKit/537.36"
45.138.12.24 - - [21/Sep/2026:12:31:54 +0200] "GET /credentials.csv HTTP/1.1" 504 5660 "-" "Mozilla/5.0 (Windows NT 10.0; Win64; x64) AppleWebKit/537.36"
45.138.12.24 - - [21/Sep/2026:12:31:54 +0200] "GET /credentials.ini HTTP/1.1" 504 5660 "-" "Mozilla/5.0 (Windows NT 10.0; Win64; x64) AppleWebKit/537.36"
45.138.12.24 - - [21/Sep/2026:12:31:57 +0200] "GET /credentials.js HTTP/1.1" 504 5660 "-" "Mozilla/5.0 (Windows NT 10.0; Win64; x64) AppleWebKit/537.36"
45.138.12.24 - - [21/Sep/2026:12:31:57 +0200] "GET /credentials.json HTTP/1.1" 504 5660 "-" "Mozilla/5.0 (Windows NT 10.0; Win64; x64) AppleWebKit/537.36"
45.138.12.24 - - [21/Sep/2026:12:31:57 +0200] "GET /credentials.yaml HTTP/1.1" 504 5660 "-" "Mozilla/5.0 (Windows NT 10.0; Win64; x64) AppleWebKit/537.36"
45.138.12.24 - - [21/Sep/2026:12:31:57 +0200] "GET /credentials.yml HTTP/1.1" 504 5660 "-" "Mozilla/5.0 (Windows NT 10.0; Win64; x64) AppleWebKit/537.36"
45.138.12.24 - - [21/Sep/2026:12:31:57 +0200] "GET /current/.env HTTP/1.1" 504 5660 "-" "Mozilla/5.0 (Windows NT 10.0; Win64; x64) AppleWebKit/537.36"
45.138.12.24 - - [21/Sep/2026:12:31:57 +0200] "GET /dev/.env HTTP/1.1" 504 5660 "-" "Mozilla/5.0 (Windows NT 10.0; Win64; x64) AppleWebKit/537.36"
45.138.12.24 - - [21/Sep/2026:12:31:57 +0200] "GET /database.sql HTTP/1.1" 504 5660 "-" "Mozilla/5.0 (Windows NT 10.0; Win64; x64) AppleWebKit/537.36"
45.138.12.24 - - [21/Sep/2026:12:31:57 +0200] "GET /elasticsearch.yml HTTP/1.1" 504 5660 "-" "Mozilla/5.0 (Windows NT 10.0; Win64; x64) AppleWebKit/537.36"
45.138.12.24 - - [21/Sep/2026:12:31:57 +0200] "GET /docker-compose.yml HTTP/1.1" 504 5660 "-" "Mozilla/5.0 (Windows NT 10.0; Win64; x64) AppleWebKit/537.36"
45.138.12.24 - - [21/Sep/2026:12:31:57 +0200] "GET /env.js HTTP/1.1" 504 5660 "-" "Mozilla/5.0 (Windows NT 10.0; Win64; x64) AppleWebKit/537.36"
45.138.12.24 - - [21/Sep/2026:12:31:57 +0200] "GET /env.txt HTTP/1.1" 504 5660 "-" "Mozilla/5.0 (Windows NT 10.0; Win64; x64) AppleWebKit/537.36"
45.138.12.24 - - [21/Sep/2026:12:31:57 +0200] "GET /env HTTP/1.1" 504 5660 "-" "Mozilla/5.0 (Windows NT 10.0; Win64; x64) AppleWebKit/537.36"
45.138.12.24 - - [21/Sep/2026:12:31:57 +0200] "GET /env.json HTTP/1.1" 504 5660 "-" "Mozilla/5.0 (Windows NT 10.0; Win64; x64) AppleWebKit/537.36"
45.138.12.24 - - [21/Sep/2026:12:31:57 +0200] "GET /env.yaml HTTP/1.1" 504 5660 "-" "Mozilla/5.0 (Windows NT 10.0; Win64; x64) AppleWebKit/537.36"
45.138.12.24 - - [21/Sep/2026:12:31:57 +0200] "GET /frontend/.env HTTP/1.1" 504 5660 "-" "Mozilla/5.0 (Windows NT 10.0; Win64; x64) AppleWebKit/537.36"
45.138.12.24 - - [21/Sep/2026:12:31:57 +0200] "GET /id_rsa HTTP/1.1" 504 5660 "-" "Mozilla/5.0 (Windows NT 10.0; Win64; x64) AppleWebKit/537.36"
45.138.12.24 - - [21/Sep/2026:12:32:00 +0200] "GET /info.php HTTP/1.1" 504 5660 "-" "Mozilla/5.0 (Windows NT 10.0; Win64; x64) AppleWebKit/537.36"
45.138.12.24 - - [21/Sep/2026:12:32:00 +0200] "GET /infophp.php HTTP/1.1" 504 5660 "-" "Mozilla/5.0 (Windows NT 10.0; Win64; x64) AppleWebKit/537.36"
45.138.12.24 - - [21/Sep/2026:12:32:00 +0200] "GET /infos.php HTTP/1.1" 504 5660 "-" "Mozilla/5.0 (Windows NT 10.0; Win64; x64) AppleWebKit/537.36"
45.138.12.24 - - [21/Sep/2026:12:32:00 +0200] "GET /laravel/.env HTTP/1.1" 504 5660 "-" "Mozilla/5.0 (Windows NT 10.0; Win64; x64) AppleWebKit/537.36"
45.138.12.24 - - [21/Sep/2026:12:32:00 +0200] "GET /netlify.toml HTTP/1.1" 504 5660 "-" "Mozilla/5.0 (Windows NT 10.0; Win64; x64) AppleWebKit/537.36"
45.138.12.24 - - [21/Sep/2026:12:32:00 +0200] "GET /new/.env HTTP/1.1" 504 5660 "-" "Mozilla/5.0 (Windows NT 10.0; Win64; x64) AppleWebKit/537.36"
45.138.12.24 - - [21/Sep/2026:12:32:00 +0200] "GET /media/.env HTTP/1.1" 504 5660 "-" "Mozilla/5.0 (Windows NT 10.0; Win64; x64) AppleWebKit/537.36"
45.138.12.24 - - [21/Sep/2026:12:32:00 +0200] "GET /node-api/.env HTTP/1.1" 504 5660 "-" "Mozilla/5.0 (Windows NT 10.0; Win64; x64) AppleWebKit/537.36"
45.138.12.24 - - [21/Sep/2026:12:32:00 +0200] "GET /old/.env HTTP/1.1" 504 5660 "-" "Mozilla/5.0 (Windows NT 10.0; Win64; x64) AppleWebKit/537.36"
45.138.12.24 - - [21/Sep/2026:12:32:00 +0200] "GET /opt/mailcow-dockerized/mailcow.conf HTTP/1.1" 504 5660 "-" "Mozilla/5.0 (Windows NT 10.0; Win64; x64) AppleWebKit/537.36"
45.138.12.24 - - [21/Sep/2026:12:32:00 +0200] "GET /payment/stripe.json HTTP/1.1" 504 5660 "-" "Mozilla/5.0 (Windows NT 10.0; Win64; x64) AppleWebKit/537.36"
45.138.12.24 - - [21/Sep/2026:12:32:00 +0200] "GET /php-info.php HTTP/1.1" 504 5660 "-" "Mozilla/5.0 (Windows NT 10.0; Win64; x64) AppleWebKit/537.36"
45.138.12.24 - - [21/Sep/2026:12:32:00 +0200] "GET /payment_gateways/stripe.yaml HTTP/1.1" 504 5660 "-" "Mozilla/5.0 (Windows NT 10.0; Win64; x64) AppleWebKit/537.36"
45.138.12.24 - - [21/Sep/2026:12:32:00 +0200] "GET /php.php HTTP/1.1" 504 5660 "-" "Mozilla/5.0 (Windows NT 10.0; Win64; x64) AppleWebKit/537.36"
45.138.12.24 - - [21/Sep/2026:12:32:00 +0200] "GET /php_info.php HTTP/1.1" 504 5660 "-" "Mozilla/5.0 (Windows NT 10.0; Win64; x64) AppleWebKit/537.36"
45.138.12.24 - - [21/Sep/2026:12:32:00 +0200] "GET /phpinfo HTTP/1.1" 504 5660 "-" "Mozilla/5.0 (Windows NT 10.0; Win64; x64) AppleWebKit/537.36"
145.239.73.224 - - [21/Sep/2026:12:32:02 +0200] "POST /xmlrpc.php HTTP/1.1" 504 5660 "-" "Mozilla/5.0 (Windows NT 10.0; WOW64; rv:141.0) Gecko/20100101 Firefox/141.0"
45.138.12.24 - - [21/Sep/2026:12:32:03 +0200] "GET /phpinfo.php HTTP/1.1" 504 5660 "-" "Mozilla/5.0 (Windows NT 10.0; Win64; x64) AppleWebKit/537.36"
45.138.12.24 - - [21/Sep/2026:12:32:03 +0200] "GET /plugins/payments/stripe.json HTTP/1.1" 504 5660 "-" "Mozilla/5.0 (Windows NT 10.0; Win64; x64) AppleWebKit/537.36"
45.138.12.24 - - [21/Sep/2026:12:32:03 +0200] "GET /prod/.env HTTP/1.1" 504 5660 "-" "Mozilla/5.0 (Windows NT 10.0; Win64; x64) AppleWebKit/537.36"
45.138.12.24 - - [21/Sep/2026:12:32:03 +0200] "GET /production/.env HTTP/1.1" 504 5660 "-" "Mozilla/5.0 (Windows NT 10.0; Win64; x64) AppleWebKit/537.36"
45.138.12.24 - - [21/Sep/2026:12:32:03 +0200] "GET /public/.env HTTP/1.1" 504 5660 "-" "Mozilla/5.0 (Windows NT 10.0; Win64; x64) AppleWebKit/537.36"
45.138.12.24 - - [21/Sep/2026:12:32:03 +0200] "GET /public/phpinfo.php HTTP/1.1" 504 5660 "-" "Mozilla/5.0 (Windows NT 10.0; Win64; x64) AppleWebKit/537.36"
45.138.12.24 - - [21/Sep/2026:12:32:03 +0200] "GET /public_html/.env HTTP/1.1" 504 5660 "-" "Mozilla/5.0 (Windows NT 10.0; Win64; x64) AppleWebKit/537.36"
45.138.12.24 - - [21/Sep/2026:12:32:03 +0200] "GET /s3.key HTTP/1.1" 504 5660 "-" "Mozilla/5.0 (Windows NT 10.0; Win64; x64) AppleWebKit/537.36"
45.138.12.24 - - [21/Sep/2026:12:32:03 +0200] "GET /s3.properties HTTP/1.1" 504 5660 "-" "Mozilla/5.0 (Windows NT 10.0; Win64; x64) AppleWebKit/537.36"
45.138.12.24 - - [21/Sep/2026:12:32:03 +0200] "GET /s3.secret HTTP/1.1" 504 5660 "-" "Mozilla/5.0 (Windows NT 10.0; Win64; x64) AppleWebKit/537.36"
45.138.12.24 - - [21/Sep/2026:12:32:03 +0200] "GET /s3.yml HTTP/1.1" 504 5660 "-" "Mozilla/5.0 (Windows NT 10.0; Win64; x64) AppleWebKit/537.36"
45.138.12.24 - - [21/Sep/2026:12:32:03 +0200] "GET /s3.yaml HTTP/1.1" 504 5660 "-" "Mozilla/5.0 (Windows NT 10.0; Win64; x64) AppleWebKit/537.36"
45.138.12.24 - - [21/Sep/2026:12:32:03 +0200] "GET /s3/credentials HTTP/1.1" 504 5660 "-" "Mozilla/5.0 (Windows NT 10.0; Win64; x64) AppleWebKit/537.36"
45.138.12.24 - - [21/Sep/2026:12:32:03 +0200] "GET /sam-template.yaml HTTP/1.1" 504 5660 "-" "Mozilla/5.0 (Windows NT 10.0; Win64; x64) AppleWebKit/537.36"
45.138.12.24 - - [21/Sep/2026:12:32:03 +0200] "GET /secrets.yaml HTTP/1.1" 504 5660 "-" "Mozilla/5.0 (Windows NT 10.0; Win64; x64) AppleWebKit/537.36"
45.138.12.24 - - [21/Sep/2026:12:32:03 +0200] "GET /sendgrid.env HTTP/1.1" 504 5660 "-" "Mozilla/5.0 (Windows NT 10.0; Win64; x64) AppleWebKit/537.36"
45.138.12.24 - - [21/Sep/2026:12:32:06 +0200] "GET /server/.env HTTP/1.1" 504 5660 "-" "Mozilla/5.0 (Windows NT 10.0; Win64; x64) AppleWebKit/537.36"
45.138.12.24 - - [21/Sep/2026:12:32:06 +0200] "GET /server/api/.env HTTP/1.1" 504 5660 "-" "Mozilla/5.0 (Windows NT 10.0; Win64; x64) AppleWebKit/537.36"
45.138.12.24 - - [21/Sep/2026:12:32:06 +0200] "GET /server/backend/.env HTTP/1.1" 504 5660 "-" "Mozilla/5.0 (Windows NT 10.0; Win64; x64) AppleWebKit/537.36"
45.138.12.24 - - [21/Sep/2026:12:32:06 +0200] "GET /serverless.yaml HTTP/1.1" 504 5660 "-" "Mozilla/5.0 (Windows NT 10.0; Win64; x64) AppleWebKit/537.36"
45.138.12.24 - - [21/Sep/2026:12:32:06 +0200] "GET /serverless.yml HTTP/1.1" 504 5660 "-" "Mozilla/5.0 (Windows NT 10.0; Win64; x64) AppleWebKit/537.36"
45.138.12.24 - - [21/Sep/2026:12:32:06 +0200] "GET /settings.ini HTTP/1.1" 504 5660 "-" "Mozilla/5.0 (Windows NT 10.0; Win64; x64) AppleWebKit/537.36"
45.138.12.24 - - [21/Sep/2026:12:32:06 +0200] "GET /settings.json HTTP/1.1" 504 5660 "-" "Mozilla/5.0 (Windows NT 10.0; Win64; x64) AppleWebKit/537.36"
45.138.12.24 - - [21/Sep/2026:12:32:06 +0200] "GET /settings.py HTTP/1.1" 504 5660 "-" "Mozilla/5.0 (Windows NT 10.0; Win64; x64) AppleWebKit/537.36"
45.138.12.24 - - [21/Sep/2026:12:32:06 +0200] "GET /settings.yaml HTTP/1.1" 504 5660 "-" "Mozilla/5.0 (Windows NT 10.0; Win64; x64) AppleWebKit/537.36"
45.138.12.24 - - [21/Sep/2026:12:32:06 +0200] "GET /src/.env HTTP/1.1" 504 5660 "-" "Mozilla/5.0 (Windows NT 10.0; Win64; x64) AppleWebKit/537.36"
45.138.12.24 - - [21/Sep/2026:12:32:06 +0200] "GET /staging/.env HTTP/1.1" 504 5660 "-" "Mozilla/5.0 (Windows NT 10.0; Win64; x64) AppleWebKit/537.36"
45.138.12.24 - - [21/Sep/2026:12:32:06 +0200] "GET /stripe-keys.json HTTP/1.1" 504 5660 "-" "Mozilla/5.0 (Windows NT 10.0; Win64; x64) AppleWebKit/537.36"
45.138.12.24 - - [21/Sep/2026:12:32:06 +0200] "GET /stripe-credentials.json HTTP/1.1" 504 5660 "-" "Mozilla/5.0 (Windows NT 10.0; Win64; x64) AppleWebKit/537.36"
45.138.12.24 - - [21/Sep/2026:12:32:06 +0200] "GET /stripe.config.js HTTP/1.1" 504 5660 "-" "Mozilla/5.0 (Windows NT 10.0; Win64; x64) AppleWebKit/537.36"
45.138.12.24 - - [21/Sep/2026:12:32:06 +0200] "GET /stripe.env HTTP/1.1" 504 5660 "-" "Mozilla/5.0 (Windows NT 10.0; Win64; x64) AppleWebKit/537.36"
45.138.12.24 - - [21/Sep/2026:12:32:06 +0200] "GET /stripe.json HTTP/1.1" 504 5660 "-" "Mozilla/5.0 (Windows NT 10.0; Win64; x64) AppleWebKit/537.36"
45.138.12.24 - - [21/Sep/2026:12:32:09 +0200] "GET /stripe.yaml HTTP/1.1" 504 5660 "-" "Mozilla/5.0 (Windows NT 10.0; Win64; x64) AppleWebKit/537.36"
45.138.12.24 - - [21/Sep/2026:12:32:09 +0200] "GET /stripe/.env HTTP/1.1" 504 5660 "-" "Mozilla/5.0 (Windows NT 10.0; Win64; x64) AppleWebKit/537.36"
45.138.12.24 - - [21/Sep/2026:12:32:09 +0200] "GET /stripe/config.json HTTP/1.1" 504 5660 "-" "Mozilla/5.0 (Windows NT 10.0; Win64; x64) AppleWebKit/537.36"
45.138.12.24 - - [21/Sep/2026:12:32:09 +0200] "GET /stripe/webhook_secret.env HTTP/1.1" 504 5660 "-" "Mozilla/5.0 (Windows NT 10.0; Win64; x64) AppleWebKit/537.36"
45.138.12.24 - - [21/Sep/2026:12:32:09 +0200] "GET /symfony/_profiler/phpinfo HTTP/1.1" 504 5660 "-" "Mozilla/5.0 (Windows NT 10.0; Win64; x64) AppleWebKit/537.36"
45.138.12.24 - - [21/Sep/2026:12:32:09 +0200] "GET /template.yaml HTTP/1.1" 504 5660 "-" "Mozilla/5.0 (Windows NT 10.0; Win64; x64) AppleWebKit/537.36"
45.138.12.24 - - [21/Sep/2026:12:32:09 +0200] "GET /terraform.tfstate HTTP/1.1" 504 5660 "-" "Mozilla/5.0 (Windows NT 10.0; Win64; x64) AppleWebKit/537.36"
45.138.12.24 - - [21/Sep/2026:12:32:09 +0200] "GET /terraform.tfvars HTTP/1.1" 504 5660 "-" "Mozilla/5.0 (Windows NT 10.0; Win64; x64) AppleWebKit/537.36"
45.138.12.24 - - [21/Sep/2026:12:32:09 +0200] "GET /terraform.tfstate.backup HTTP/1.1" 504 5660 "-" "Mozilla/5.0 (Windows NT 10.0; Win64; x64) AppleWebKit/537.36"
45.138.12.24 - - [21/Sep/2026:12:32:09 +0200] "GET /v2/.env HTTP/1.1" 504 5660 "-" "Mozilla/5.0 (Windows NT 10.0; Win64; x64) AppleWebKit/537.36"
45.138.12.24 - - [21/Sep/2026:12:32:09 +0200] "GET /test/.env HTTP/1.1" 504 5660 "-" "Mozilla/5.0 (Windows NT 10.0; Win64; x64) AppleWebKit/537.36"
45.138.12.24 - - [21/Sep/2026:12:32:09 +0200] "GET /v1/.env HTTP/1.1" 504 5660 "-" "Mozilla/5.0 (Windows NT 10.0; Win64; x64) AppleWebKit/537.36"
45.138.12.24 - - [21/Sep/2026:12:32:09 +0200] "GET /terraform/terraform.tfvars.json HTTP/1.1" 504 5660 "-" "Mozilla/5.0 (Windows NT 10.0; Win64; x64) AppleWebKit/537.36"
45.138.12.24 - - [21/Sep/2026:12:32:09 +0200] "GET /v3/.env HTTP/1.1" 504 5660 "-" "Mozilla/5.0 (Windows NT 10.0; Win64; x64) AppleWebKit/537.36"
45.138.12.24 - - [21/Sep/2026:12:32:09 +0200] "GET /var/www/.env HTTP/1.1" 504 5660 "-" "Mozilla/5.0 (Windows NT 10.0; Win64; x64) AppleWebKit/537.36"
45.138.12.24 - - [21/Sep/2026:12:32:09 +0200] "GET /var/www/html/.env HTTP/1.1" 504 5660 "-" "Mozilla/5.0 (Windows NT 10.0; Win64; x64) AppleWebKit/537.36"
89.248.107.232 - - [21/Sep/2026:12:32:54 +0200] "POST /wp-cron.php?doing_wp_cron=1789986774.3685750961303710937500 HTTP/1.1" 200 5512 "-" "WordPress/6.6.2; https://grupo-seg.com"
89.248.107.232 - - [21/Sep/2026:12:32:53 +0200] "POST /wp-admin/admin-ajax.php?action=async_litespeed&nonce=b4cc4c672a&litespeed_type=imgoptm HTTP/1.1" 200 5698 "-" "WordPress/6.6.2; https://grupo-seg.com"
89.248.107.232 - - [21/Sep/2026:12:33:34 +0200] "POST /wp-admin/admin-ajax.php?action=async_litespeed&nonce=b4cc4c672a&litespeed_type=imgoptm HTTP/1.1" 200 5698 "-" "WordPress/6.6.2; https://grupo-seg.com"
89.248.107.232 - - [21/Sep/2026:12:33:45 +0200] "POST /wp-cron.php?doing_wp_cron=1789986825.1889009475708007812500 HTTP/1.1" 200 5512 "-" "WordPress/6.6.2; https://grupo-seg.com"
62.36.121.71 - - [21/Sep/2026:12:33:44 +0200] "POST /autodiscover/autodiscover.xml HTTP/1.1" 404 92217 "-" "Microsoft Office/16.0 (Windows NT 10.0; Microsoft Outlook 16.0.20326; Pro)"
162.120.185.247 - - [21/Sep/2026:12:33:51 +0200] "GET /paises/argentina/ HTTP/1.1" 200 158944 "https://www.google.com/" "Mozilla/5.0 (Windows NT 10.0; Win64; x64) AppleWebKit/537.36 (KHTML, like Gecko) Chrome/153.0.0.0 Safari/537.36"
89.248.107.232 - - [21/Sep/2026:12:34:27 +0200] "POST /wp-cron.php?doing_wp_cron=1789986867.1789510250091552734375 HTTP/1.1" 200 5512 "-" "WordPress/6.6.2; https://grupo-seg.com"
72.145.83.84 - - [21/Sep/2026:12:34:26 +0200] "GET / HTTP/1.1" 301 5612 "-" "Mozilla/5.0 (Windows NT 10.0; Win64; x64) AppleWebKit/537.36 (KHTML, like Gecko) Chrome/142.0.7444.175 Safari/537.36"
89.248.107.232 - - [21/Sep/2026:12:34:27 +0200] "POST /wp-admin/admin-ajax.php?action=async_litespeed&nonce=b4cc4c672a&litespeed_type=imgoptm HTTP/1.1" 200 5698 "-" "WordPress/6.6.2; https://grupo-seg.com"
72.145.83.84 - - [21/Sep/2026:12:34:27 +0200] "GET / HTTP/1.1" 200 165847 "-" "Mozilla/5.0 (Windows NT 10.0; Win64; x64) AppleWebKit/537.36 (KHTML, like Gecko) Chrome/142.0.7444.175 Safari/537.36"
72.145.83.84 - - [21/Sep/2026:12:34:32 +0200] "POST /wp-content/plugins/litespeed-cache/guest.vary.php HTTP/1.1" 200 5656 "https://grupo-seg.com/" "Mozilla/5.0 (Windows NT 10.0; Win64; x64) AppleWebKit/537.36 (KHTML, like Gecko) Chrome/142.0.7444.175 Safari/537.36"
72.145.83.84 - - [21/Sep/2026:12:34:32 +0200] "GET / HTTP/1.1" 200 165219 "https://grupo-seg.com/" "Mozilla/5.0 (Windows NT 10.0; Win64; x64) AppleWebKit/537.36 (KHTML, like Gecko) Chrome/142.0.7444.175 Safari/537.36"
62.36.121.71 - - [21/Sep/2026:12:34:37 +0200] "POST /autodiscover/autodiscover.xml HTTP/1.1" 404 92202 "-" "Microsoft Office/16.0 (Windows NT 10.0; Microsoft Outlook 16.0.20326; Pro)"
62.36.121.71 - - [21/Sep/2026:12:34:37 +0200] "POST /autodiscover/autodiscover.xml HTTP/1.1" 404 92202 "-" "Microsoft Office/16.0 (Windows NT 10.0; Microsoft Outlook 16.0.20326; Pro)"
89.248.107.232 - - [21/Sep/2026:12:34:42 +0200] "POST /wp-cron.php?doing_wp_cron=1789986882.5103130340576171875000 HTTP/1.1" 200 5512 "-" "WordPress/6.6.2; https://grupo-seg.com"
62.36.121.71 - - [21/Sep/2026:12:34:42 +0200] "POST /autodiscover/autodiscover.xml HTTP/1.1" 404 92202 "-" "Microsoft Office/16.0 (Windows NT 10.0; Microsoft Outlook 16.0.20326; Pro)"
52.167.144.25 - - [21/Sep/2026:12:34:46 +0200] "GET /lisd1596473isd0129/3o5678gdo4.html HTTP/1.1" 301 5693 "-" "Mozilla/5.0 AppleWebKit/537.36 (KHTML, like Gecko; compatible; bingbot/2.0; +http://www.bing.com/bingbot.htm) Chrome/116.0.1938.76 Safari/537.36"
62.36.121.71 - - [21/Sep/2026:12:34:50 +0200] "POST /autodiscover/autodiscover.xml HTTP/1.1" 404 92202 "-" "Microsoft Office/16.0 (Windows NT 10.0; Microsoft Outlook 16.0.20326; Pro)"
62.36.121.71 - - [21/Sep/2026:12:34:50 +0200] "POST /autodiscover/autodiscover.xml HTTP/1.1" 404 92202 "-" "Microsoft Office/16.0 (Windows NT 10.0; Microsoft Outlook 16.0.20326; Pro)"
89.248.107.232 - - [21/Sep/2026:12:35:04 +0200] "POST /wp-cron.php?doing_wp_cron=1789986904.5705549716949462890625 HTTP/1.1" 200 5512 "-" "WordPress/6.6.2; https://grupo-seg.com"
43.154.127.188 - - [21/Sep/2026:12:35:04 +0200] "GET / HTTP/1.1" 200 157019 "https://www.seg-sa.es/" "Mozilla/5.0 (iPhone; CPU iPhone OS 13_2_3 like Mac OS X) AppleWebKit/605.1.15 (KHTML, like Gecko) Version/13.0.3 Mobile/15E148 Safari/604.1"
89.248.107.232 - - [21/Sep/2026:12:35:27 +0200] "POST /wp-cron.php?doing_wp_cron=1789986927.3970820903778076171875 HTTP/1.1" 200 5512 "-" "WordPress/6.6.2; https://grupo-seg.com"
62.36.121.71 - - [21/Sep/2026:12:35:26 +0200] "POST /autodiscover/autodiscover.xml HTTP/1.1" 404 92202 "-" "Microsoft Office/16.0 (Windows NT 10.0; Microsoft Outlook 16.0.20326; Pro)"
89.248.107.232 - - [21/Sep/2026:12:35:28 +0200] "POST /wp-admin/admin-ajax.php?action=async_litespeed&nonce=b4cc4c672a&litespeed_type=imgoptm HTTP/1.1" 200 5698 "-" "WordPress/6.6.2; https://grupo-seg.com"
