89.248.107.232 - - [21/Sep/2026:12:36:01 +0200] "POST /wp-cron.php?doing_wp_cron=1789986960.9896740913391113281250 HTTP/1.1" 200 5512 "-" "WordPress/6.6.2; https://grupo-seg.com"
88.30.85.178 - - [21/Sep/2026:12:36:00 +0200] "POST /AutoDiscover/autodiscover.xml HTTP/1.1" 404 92217 "-" "Microsoft Office/16.0 (Windows NT 10.0; Microsoft Word 16.0.20326; Pro)"
89.248.107.232 - - [21/Sep/2026:12:36:10 +0200] "POST /wp-cron.php?doing_wp_cron=1789986970.1220879554748535156250 HTTP/1.1" 200 5512 "-" "WordPress/6.6.2; https://grupo-seg.com"
62.36.121.71 - - [21/Sep/2026:12:36:09 +0200] "POST /autodiscover/autodiscover.xml HTTP/1.1" 404 92217 "-" "Microsoft Office/16.0 (Windows NT 10.0; Microsoft Outlook 16.0.20326; Pro)"
62.36.121.71 - - [21/Sep/2026:12:36:11 +0200] "POST /autodiscover/autodiscover.xml HTTP/1.1" 404 92217 "-" "Microsoft Office/16.0 (Windows NT 10.0; Microsoft Outlook 16.0.20326; Pro)"
89.248.107.232 - - [21/Sep/2026:12:39:25 +0200] "POST /wp-cron.php?doing_wp_cron=1789987165.8737869262695312500000 HTTP/1.1" 200 5512 "-" "WordPress/6.6.2; https://grupo-seg.com"
62.36.121.71 - - [21/Sep/2026:12:39:25 +0200] "POST /autodiscover/autodiscover.xml HTTP/1.1" 404 92217 "-" "Microsoft Office/16.0 (Windows NT 10.0; Microsoft Outlook 16.0.20326; Pro)"
89.248.107.232 - - [21/Sep/2026:12:39:26 +0200] "POST /wp-admin/admin-ajax.php?action=async_litespeed&nonce=b4cc4c672a&litespeed_type=imgoptm HTTP/1.1" 200 5698 "-" "WordPress/6.6.2; https://grupo-seg.com"
62.36.121.71 - - [21/Sep/2026:12:39:27 +0200] "POST /autodiscover/autodiscover.xml HTTP/1.1" 404 92202 "-" "Microsoft Office/16.0 (Windows NT 10.0; Microsoft Outlook 16.0.20326; Pro)"
89.248.107.232 - - [21/Sep/2026:12:39:40 +0200] "POST /wp-cron.php?doing_wp_cron=1789987179.9605510234832763671875 HTTP/1.1" 200 5512 "-" "WordPress/6.6.2; https://grupo-seg.com"
173.252.95.37 - - [21/Sep/2026:12:39:39 +0200] "GET /robots.txt HTTP/1.1" 200 5679 "-" "facebookexternalhit/1.1 (+http://www.facebook.com/externalhit_uatext.php)"
173.252.95.35 - - [21/Sep/2026:12:39:40 +0200] "GET /robots.txt HTTP/1.1" 200 5679 "-" "facebookexternalhit/1.1 (+http://www.facebook.com/externalhit_uatext.php)"
173.252.95.34 - - [21/Sep/2026:12:39:41 +0200] "GET /es/contacto HTTP/1.1" 301 5668 "-" "meta-externalagent/1.1 (+https://developers.facebook.com/docs/sharing/webmasters/crawler)"
89.248.107.232 - - [21/Sep/2026:12:39:42 +0200] "POST /wp-cron.php?doing_wp_cron=1789987182.7810039520263671875000 HTTP/1.1" 200 5512 "-" "WordPress/6.6.2; https://grupo-seg.com"
173.252.95.61 - - [21/Sep/2026:12:39:42 +0200] "GET /contacto/ HTTP/1.1" 200 199636 "-" "meta-externalagent/1.1 (+https://developers.facebook.com/docs/sharing/webmasters/crawler)"
89.248.107.232 - - [21/Sep/2026:12:40:08 +0200] "POST /wp-cron.php?doing_wp_cron=1789987208.5783100128173828125000 HTTP/1.1" 200 5512 "-" "WordPress/6.6.2; https://grupo-seg.com"
62.36.121.71 - - [21/Sep/2026:12:40:08 +0200] "POST /autodiscover/autodiscover.xml HTTP/1.1" 404 92217 "-" "Microsoft Office/16.0 (Windows NT 10.0; Microsoft Outlook 16.0.20326; Pro)"
89.248.107.232 - - [21/Sep/2026:12:40:49 +0200] "POST /wp-cron.php?doing_wp_cron=1789987249.0601658821105957031250 HTTP/1.1" 200 5512 "-" "WordPress/6.6.2; https://grupo-seg.com"
2.139.158.128 - - [21/Sep/2026:12:40:48 +0200] "POST /autodiscover/autodiscover.xml HTTP/1.1" 404 92268 "-" "Microsoft Office/16.0 (Windows NT 10.0; Microsoft Outlook 16.0.20326; Pro)"
89.248.107.232 - - [21/Sep/2026:12:40:49 +0200] "POST /wp-admin/admin-ajax.php?action=async_litespeed&nonce=b4cc4c672a&litespeed_type=imgoptm HTTP/1.1" 200 5698 "-" "WordPress/6.6.2; https://grupo-seg.com"
89.248.107.232 - - [21/Sep/2026:12:41:23 +0200] "POST /wp-cron.php?doing_wp_cron=1789987283.4491269588470458984375 HTTP/1.1" 200 5512 "-" "WordPress/6.6.2; https://grupo-seg.com"
62.36.121.71 - - [21/Sep/2026:12:41:23 +0200] "POST /autodiscover/autodiscover.xml HTTP/1.1" 404 92217 "-" "Microsoft Office/16.0 (Windows NT 10.0; Microsoft Outlook 16.0.20326; Pro)"
89.248.107.232 - - [21/Sep/2026:12:41:57 +0200] "POST /wp-cron.php?doing_wp_cron=1789987317.0194969177246093750000 HTTP/1.1" 200 5512 "-" "WordPress/6.6.2; https://grupo-seg.com"
5.255.231.114 - - [21/Sep/2026:12:41:56 +0200] "GET /robots.txt HTTP/1.1" 200 5679 "-" "Mozilla/5.0 (compatible; YandexBot/3.0; +http://yandex.com/bots)"
89.248.107.232 - - [21/Sep/2026:12:41:57 +0200] "POST /wp-admin/admin-ajax.php?action=async_litespeed&nonce=b4cc4c672a&litespeed_type=imgoptm HTTP/1.1" 200 5698 "-" "WordPress/6.6.2; https://grupo-seg.com"
5.255.231.174 - - [21/Sep/2026:12:41:58 +0200] "GET /robots.txt HTTP/1.1" 200 5679 "-" "Mozilla/5.0 (compatible; YandexBot/3.0; +http://yandex.com/bots)"
89.248.107.232 - - [21/Sep/2026:12:42:00 +0200] "POST /wp-cron.php?doing_wp_cron=1789987320.6649599075317382812500 HTTP/1.1" 200 5512 "-" "WordPress/6.6.2; https://grupo-seg.com"
87.250.224.114 - - [21/Sep/2026:12:42:00 +0200] "GET /robots.txt HTTP/1.1" 200 5679 "-" "Mozilla/5.0 (compatible; YandexBot/3.0; +http://yandex.com/bots)"
62.36.121.71 - - [21/Sep/2026:12:42:01 +0200] "POST /autodiscover/autodiscover.xml HTTP/1.1" 404 92217 "-" "Microsoft Office/16.0 (Windows NT 10.0; Microsoft Outlook 16.0.20326; Pro)"
95.108.213.239 - - [21/Sep/2026:12:42:01 +0200] "GET /images/actividad/edificacion_urbanismo/246/246_01.jpg HTTP/1.1" 404 97626 "-" "Mozilla/5.0 (compatible; YandexImages/3.0; +http://yandex.com/bots)"
89.248.107.232 - - [21/Sep/2026:12:42:13 +0200] "POST /wp-cron.php?doing_wp_cron=1789987333.5709240436553955078125 HTTP/1.1" 200 5512 "-" "WordPress/6.6.2; https://grupo-seg.com"
62.36.121.71 - - [21/Sep/2026:12:42:13 +0200] "POST /autodiscover/autodiscover.xml HTTP/1.1" 404 92202 "-" "Microsoft Office/16.0 (Windows NT 10.0; Microsoft Outlook 16.0.20326; Pro)"
89.248.107.232 - - [21/Sep/2026:12:43:10 +0200] "POST /wp-cron.php?doing_wp_cron=1789987390.6342139244079589843750 HTTP/1.1" 200 5512 "-" "WordPress/6.6.2; https://grupo-seg.com"
78.109.65.34 - - [21/Sep/2026:12:43:10 +0200] "GET /xmlrpc.php HTTP/1.1" 405 5569 "-" "Mozilla/5.0 (Linux; Android 10; arm64) AppleWebKit/537.36 (KHTML, like Gecko) Edge/91.0.0.0 Safari/537.36"
89.248.107.232 - - [21/Sep/2026:12:43:11 +0200] "POST /wp-admin/admin-ajax.php?action=async_litespeed&nonce=b4cc4c672a&litespeed_type=imgoptm HTTP/1.1" 200 5698 "-" "WordPress/6.6.2; https://grupo-seg.com"
89.248.107.232 - - [21/Sep/2026:12:44:03 +0200] "POST /wp-cron.php?doing_wp_cron=1789987442.9842629432678222656250 HTTP/1.1" 200 5512 "-" "WordPress/6.6.2; https://grupo-seg.com"
143.105.152.183 - - [21/Sep/2026:12:44:02 +0200] "GET /xmlrpc.php HTTP/1.1" 405 5569 "-" "Mozilla/5.0 (X11; Ubuntu; Linux x86_64; x64) AppleWebKit/537.36 (KHTML, like Gecko) Opera/79.0.0.0 Safari/537.36"
89.248.107.232 - - [21/Sep/2026:12:44:03 +0200] "POST /wp-admin/admin-ajax.php?action=async_litespeed&nonce=b4cc4c672a&litespeed_type=imgoptm HTTP/1.1" 200 5698 "-" "WordPress/6.6.2; https://grupo-seg.com"
62.36.121.71 - - [21/Sep/2026:12:44:05 +0200] "POST /autodiscover/autodiscover.xml HTTP/1.1" 404 92217 "-" "Microsoft Office/16.0 (Windows NT 10.0; Microsoft Outlook 16.0.20326; Pro)"
89.248.107.232 - - [21/Sep/2026:12:44:25 +0200] "POST /wp-cron.php?doing_wp_cron=1789987465.2140579223632812500000 HTTP/1.1" 200 5512 "-" "WordPress/6.6.2; https://grupo-seg.com/en/"
51.195.215.161 - - [21/Sep/2026:12:44:24 +0200] "GET /en/project-type/%C2%B7-airports/ HTTP/1.1" 200 117812 "-" "Mozilla/5.0 (compatible; AhrefsBot/7.0; +http://ahrefs.com/robot/)"
89.248.107.232 - - [21/Sep/2026:12:44:25 +0200] "POST /wp-admin/admin-ajax.php?action=async_litespeed&nonce=b4cc4c672a&litespeed_type=imgoptm HTTP/1.1" 200 5698 "-" "WordPress/6.6.2; https://grupo-seg.com"
89.248.107.232 - - [21/Sep/2026:12:45:18 +0200] "POST /wp-cron.php?doing_wp_cron=1789987518.0248999595642089843750 HTTP/1.1" 200 5512 "-" "WordPress/6.6.2; https://grupo-seg.com"
95.124.171.193 - - [21/Sep/2026:12:45:17 +0200] "POST /autodiscover/autodiscover.xml HTTP/1.1" 404 92217 "-" "Microsoft Office/16.0 (Windows NT 10.0; Microsoft Outlook 16.0.20326; Pro)"
89.248.107.232 - - [21/Sep/2026:12:46:08 +0200] "POST /wp-cron.php?doing_wp_cron=1789987568.6161000728607177734375 HTTP/1.1" 200 5512 "-" "WordPress/6.6.2; https://grupo-seg.com"
95.124.171.193 - - [21/Sep/2026:12:46:08 +0200] "POST /autodiscover/autodiscover.xml HTTP/1.1" 404 92202 "-" "Microsoft Office/16.0 (Windows NT 10.0; Microsoft Outlook 16.0.20326; Pro)"
95.124.171.193 - - [21/Sep/2026:12:46:09 +0200] "POST /autodiscover/autodiscover.xml HTTP/1.1" 404 92202 "-" "Microsoft Office/16.0 (Windows NT 10.0; Microsoft Outlook 16.0.20326; Pro)"
89.248.107.232 - - [21/Sep/2026:12:46:09 +0200] "POST /wp-admin/admin-ajax.php?action=async_litespeed&nonce=b4cc4c672a&litespeed_type=imgoptm HTTP/1.1" 200 5698 "-" "WordPress/6.6.2; https://grupo-seg.com"
89.248.107.232 - - [21/Sep/2026:12:46:26 +0200] "POST /wp-cron.php?doing_wp_cron=1789987586.7288050651550292968750 HTTP/1.1" 200 5512 "-" "WordPress/6.6.2; https://grupo-seg.com"
40.77.167.74 - - [21/Sep/2026:12:46:26 +0200] "GET /ribokusunika/clientes.html HTTP/1.1" 301 5685 "-" "Mozilla/5.0 AppleWebKit/537.36 (KHTML, like Gecko; compatible; bingbot/2.0; +http://www.bing.com/bingbot.htm) Chrome/116.0.1938.76 Safari/537.36"
89.248.107.232 - - [21/Sep/2026:12:46:27 +0200] "POST /wp-admin/admin-ajax.php?action=async_litespeed&nonce=b4cc4c672a&litespeed_type=imgoptm HTTP/1.1" 200 5698 "-" "WordPress/6.6.2; https://grupo-seg.com"
89.248.107.232 - - [21/Sep/2026:12:46:50 +0200] "POST /wp-cron.php?doing_wp_cron=1789987610.1846189498901367187500 HTTP/1.1" 200 5512 "-" "WordPress/6.6.2; https://grupo-seg.com"
95.124.171.193 - - [21/Sep/2026:12:46:49 +0200] "POST /autodiscover/autodiscover.xml HTTP/1.1" 404 92202 "-" "Microsoft Office/16.0 (Windows NT 10.0; Microsoft Outlook 16.0.20326; Pro)"
95.124.171.193 - - [21/Sep/2026:12:46:51 +0200] "POST /autodiscover/autodiscover.xml HTTP/1.1" 404 92217 "-" "Microsoft Office/16.0 (Windows NT 10.0; Microsoft Outlook 16.0.20326; Pro)"
89.248.107.232 - - [21/Sep/2026:12:47:17 +0200] "POST /wp-cron.php?doing_wp_cron=1789987637.4610381126403808593750 HTTP/1.1" 200 5512 "-" "WordPress/6.6.2; https://grupo-seg.com"
35.92.112.187 - - [21/Sep/2026:12:47:17 +0200] "GET / HTTP/1.1" 200 165817 "-" "Mozilla/5.0 (Windows NT 10.0; Win64; x64) AppleWebKit/537.36 (KHTML, like Gecko) Chrome/113.0.0.0 Safari/537.36"
95.124.171.193 - - [21/Sep/2026:12:47:22 +0200] "POST /autodiscover/autodiscover.xml HTTP/1.1" 404 92217 "-" "Microsoft Office/16.0 (Windows NT 10.0; Microsoft Outlook 16.0.20326; Pro)"
89.248.107.232 - - [21/Sep/2026:12:47:36 +0200] "POST /wp-cron.php?doing_wp_cron=1789987656.2826609611511230468750 HTTP/1.1" 200 5512 "-" "WordPress/6.6.2; https://grupo-seg.com"
95.124.171.193 - - [21/Sep/2026:12:47:35 +0200] "POST /autodiscover/autodiscover.xml HTTP/1.1" 404 92217 "-" "Microsoft Office/16.0 (Windows NT 10.0; Microsoft Outlook 16.0.20326; Pro)"
89.248.107.232 - - [21/Sep/2026:12:47:36 +0200] "POST /wp-admin/admin-ajax.php?action=async_litespeed&nonce=b4cc4c672a&litespeed_type=imgoptm HTTP/1.1" 200 5698 "-" "WordPress/6.6.2; https://grupo-seg.com"
89.248.107.232 - - [21/Sep/2026:12:48:29 +0200] "POST /wp-cron.php?doing_wp_cron=1789987709.8782279491424560546875 HTTP/1.1" 200 5512 "-" "WordPress/6.6.2; https://grupo-seg.com"
95.124.171.193 - - [21/Sep/2026:12:48:29 +0200] "POST /autodiscover/autodiscover.xml HTTP/1.1" 404 92202 "-" "Microsoft Office/16.0 (Windows NT 10.0; Microsoft Outlook 16.0.20326; Pro)"
95.124.171.193 - - [21/Sep/2026:12:48:29 +0200] "POST /autodiscover/autodiscover.xml HTTP/1.1" 404 92217 "-" "Microsoft Office/16.0 (Windows NT 10.0; Microsoft Outlook 16.0.20326; Pro)"
89.248.107.232 - - [21/Sep/2026:12:48:30 +0200] "POST /wp-admin/admin-ajax.php?action=async_litespeed&nonce=b4cc4c672a&litespeed_type=imgoptm HTTP/1.1" 200 5698 "-" "WordPress/6.6.2; https://grupo-seg.com"
89.248.107.232 - - [21/Sep/2026:12:49:00 +0200] "POST /wp-cron.php?doing_wp_cron=1789987740.5142710208892822265625 HTTP/1.1" 200 5512 "-" "WordPress/6.6.2; https://grupo-seg.com"
20.191.45.212 - - [21/Sep/2026:12:49:00 +0200] "GET / HTTP/1.1" 200 165847 "http://grupo-seg.com" "DuckDuckBot/1.1; (+http://duckduckgo.com/duckduckbot.html)"
89.248.107.232 - - [21/Sep/2026:12:49:10 +0200] "POST /wp-cron.php?doing_wp_cron=1789987750.2355210781097412109375 HTTP/1.1" 200 5512 "-" "WordPress/6.6.2; https://grupo-seg.com"
95.124.171.193 - - [21/Sep/2026:12:49:09 +0200] "POST /autodiscover/autodiscover.xml HTTP/1.1" 404 92217 "-" "Microsoft Office/16.0 (Windows NT 10.0; Microsoft Outlook 16.0.20326; Pro)"
95.124.171.193 - - [21/Sep/2026:12:49:09 +0200] "POST /autodiscover/autodiscover.xml HTTP/1.1" 404 92202 "-" "Microsoft Office/16.0 (Windows NT 10.0; Microsoft Outlook 16.0.20326; Pro)"
40.77.167.241 - - [21/Sep/2026:12:49:14 +0200] "GET /ibdm323048z6591i3sd20ot8p7s4 HTTP/1.1" 404 97436 "-" "Mozilla/5.0 AppleWebKit/537.36 (KHTML, like Gecko; compatible; bingbot/2.0; +http://www.bing.com/bingbot.htm) Chrome/116.0.1938.76 Safari/537.36"
89.248.107.232 - - [21/Sep/2026:12:49:42 +0200] "POST /wp-cron.php?doing_wp_cron=1789987782.4026699066162109375000 HTTP/1.1" 200 5512 "-" "WordPress/6.6.2; https://grupo-seg.com"
95.124.171.193 - - [21/Sep/2026:12:49:41 +0200] "POST /autodiscover/autodiscover.xml HTTP/1.1" 404 92202 "-" "Microsoft Office/16.0 (Windows NT 10.0; Microsoft Outlook 16.0.20326; Pro)"
89.248.107.232 - - [21/Sep/2026:12:49:43 +0200] "POST /wp-admin/admin-ajax.php?action=async_litespeed&nonce=b4cc4c672a&litespeed_type=imgoptm HTTP/1.1" 200 5698 "-" "WordPress/6.6.2; https://grupo-seg.com"
89.248.107.232 - - [21/Sep/2026:12:50:53 +0200] "POST /wp-cron.php?doing_wp_cron=1789987853.1110749244689941406250 HTTP/1.1" 200 5512 "-" "WordPress/6.6.2; https://grupo-seg.com"
95.124.171.193 - - [21/Sep/2026:12:50:52 +0200] "POST /autodiscover/autodiscover.xml HTTP/1.1" 404 92217 "-" "Microsoft Office/16.0 (Windows NT 10.0; Microsoft Outlook 16.0.20326; Pro)"
95.124.171.193 - - [21/Sep/2026:12:50:52 +0200] "POST /autodiscover/autodiscover.xml HTTP/1.1" 404 92202 "-" "Microsoft Office/16.0 (Windows NT 10.0; Microsoft Outlook 16.0.20326; Pro)"
89.248.107.232 - - [21/Sep/2026:12:50:54 +0200] "POST /wp-admin/admin-ajax.php?action=async_litespeed&nonce=b4cc4c672a&litespeed_type=imgoptm HTTP/1.1" 200 5698 "-" "WordPress/6.6.2; https://grupo-seg.com"
89.248.107.232 - - [21/Sep/2026:12:51:44 +0200] "POST /wp-cron.php?doing_wp_cron=1789987904.6996560096740722656250 HTTP/1.1" 200 5512 "-" "WordPress/6.6.2; https://grupo-seg.com"
95.124.171.193 - - [21/Sep/2026:12:51:44 +0200] "POST /autodiscover/autodiscover.xml HTTP/1.1" 404 92202 "-" "Microsoft Office/16.0 (Windows NT 10.0; Microsoft Outlook 16.0.20326; Pro)"
95.124.171.193 - - [21/Sep/2026:12:51:44 +0200] "POST /autodiscover/autodiscover.xml HTTP/1.1" 404 92217 "-" "Microsoft Office/16.0 (Windows NT 10.0; Microsoft Outlook 16.0.20326; Pro)"
89.248.107.232 - - [21/Sep/2026:12:51:45 +0200] "POST /wp-admin/admin-ajax.php?action=async_litespeed&nonce=b4cc4c672a&litespeed_type=imgoptm HTTP/1.1" 200 5698 "-" "WordPress/6.6.2; https://grupo-seg.com"
89.248.107.232 - - [21/Sep/2026:12:52:16 +0200] "POST /wp-cron.php?doing_wp_cron=1789987936.0967650413513183593750 HTTP/1.1" 200 5512 "-" "WordPress/6.6.2; https://grupo-seg.com"
35.87.117.51 - - [21/Sep/2026:12:52:15 +0200] "GET /es/contacto HTTP/1.1" 301 5668 "-" "MapBusinessDataEnrichment/0.1 (+contact: operator-required)"
35.87.117.51 - - [21/Sep/2026:12:52:16 +0200] "GET /contacto/ HTTP/1.1" 200 199636 "-" "MapBusinessDataEnrichment/0.1 (+contact: operator-required)"
35.87.117.51 - - [21/Sep/2026:12:52:18 +0200] "GET /contacto HTTP/1.1" 301 5575 "-" "MapBusinessDataEnrichment/0.1 (+contact: operator-required)"
40.77.167.1 - - [21/Sep/2026:12:52:20 +0200] "GET /ibxl1357569sodtdogidoisps.htm HTTP/1.1" 404 97436 "-" "Mozilla/5.0 AppleWebKit/537.36 (KHTML, like Gecko; compatible; bingbot/2.0; +http://www.bing.com/bingbot.htm) Chrome/116.0.1938.76 Safari/537.36"
35.87.117.51 - - [21/Sep/2026:12:52:20 +0200] "GET /contacto/ HTTP/1.1" 200 199636 "-" "MapBusinessDataEnrichment/0.1 (+contact: operator-required)"
35.87.117.51 - - [21/Sep/2026:12:52:22 +0200] "GET /en/contact/ HTTP/1.1" 200 199625 "-" "MapBusinessDataEnrichment/0.1 (+contact: operator-required)"
89.248.107.232 - - [21/Sep/2026:12:52:25 +0200] "POST /wp-cron.php?doing_wp_cron=1789987945.8319959640502929687500 HTTP/1.1" 200 5512 "-" "WordPress/6.6.2; https://grupo-seg.com"
52.167.144.172 - - [21/Sep/2026:12:52:25 +0200] "GET /peru7704/lpmgul3s.html HTTP/1.1" 404 97421 "-" "Mozilla/5.0 AppleWebKit/537.36 (KHTML, like Gecko; compatible; bingbot/2.0; +http://www.bing.com/bingbot.htm) Chrome/116.0.1938.76 Safari/537.36"
89.248.107.232 - - [21/Sep/2026:12:52:26 +0200] "POST /wp-admin/admin-ajax.php?action=async_litespeed&nonce=b4cc4c672a&litespeed_type=imgoptm HTTP/1.1" 200 5698 "-" "WordPress/6.6.2; https://grupo-seg.com"
95.124.171.193 - - [21/Sep/2026:12:52:26 +0200] "POST /autodiscover/autodiscover.xml HTTP/1.1" 404 92202 "-" "Microsoft Office/16.0 (Windows NT 10.0; Microsoft Outlook 16.0.20326; Pro)"
40.77.167.241 - - [21/Sep/2026:12:52:27 +0200] "GET /jrst414517dsppiud/csdrotiot.htm HTTP/1.1" 404 97436 "-" "Mozilla/5.0 AppleWebKit/537.36 (KHTML, like Gecko; compatible; bingbot/2.0; +http://www.bing.com/bingbot.htm) Chrome/116.0.1938.76 Safari/537.36"
40.77.167.241 - - [21/Sep/2026:12:52:30 +0200] "GET /ibxl783547rmids/ctiedpout HTTP/1.1" 404 97436 "-" "Mozilla/5.0 AppleWebKit/537.36 (KHTML, like Gecko; compatible; bingbot/2.0; +http://www.bing.com/bingbot.htm) Chrome/116.0.1938.76 Safari/537.36"
89.248.107.232 - - [21/Sep/2026:12:52:44 +0200] "POST /wp-cron.php?doing_wp_cron=1789987964.8966400623321533203125 HTTP/1.1" 200 5512 "-" "WordPress/6.6.2; https://grupo-seg.com"
23.95.197.220 - - [21/Sep/2026:12:52:44 +0200] "GET /wp-login.php HTTP/1.1" 200 13732 "http://serynco.es/wp-admin/" "Mozilla/5.0 (Windows NT 10.0; Win64; x64) AppleWebKit/537.36 (KHTML, like Gecko) Chrome/90.0.4430.85 Safari/537.36"
23.95.197.220 - - [21/Sep/2026:12:52:45 +0200] "POST /wp-login.php HTTP/1.1" 503 25298 "http://serynco.es/wp-admin/" "Mozilla/5.0 (Windows NT 10.0; Win64; x64) AppleWebKit/537.36 (KHTML, like Gecko) Chrome/90.0.4430.85 Safari/537.36"
23.95.197.220 - - [21/Sep/2026:12:52:46 +0200] "GET /wp-admin/ HTTP/1.1" 503 24989 "http://serynco.es/wp-admin/" "Mozilla/5.0 (Windows NT 10.0; Win64; x64) AppleWebKit/537.36 (KHTML, like Gecko) Chrome/90.0.4430.85 Safari/537.36"
23.95.197.220 - - [21/Sep/2026:12:52:47 +0200] "POST /wp-login.php HTTP/1.1" 503 24035 "https://www.grupo-seg.com/wp-admin/" "Mozilla/5.0 (Windows NT 10.0; Win64; x64) AppleWebKit/537.36 (KHTML, like Gecko) Chrome/90.0.4430.85 Safari/537.36"
89.248.107.232 - - [21/Sep/2026:12:52:48 +0200] "POST /?wordfence_syncAttackData=1789987968.3338 HTTP/1.1" 200 5452 "-" "WordPress/6.6.2; https://grupo-seg.com"
23.95.197.220 - - [21/Sep/2026:12:52:48 +0200] "GET /wp-admin/ HTTP/1.1" 503 24989 "https://www.grupo-seg.com/wp-admin/" "Mozilla/5.0 (Windows NT 10.0; Win64; x64) AppleWebKit/537.36 (KHTML, like Gecko) Chrome/90.0.4430.85 Safari/537.36"
23.95.197.220 - - [21/Sep/2026:12:52:49 +0200] "POST /wp-login.php HTTP/1.1" 403 6501 "https://www.grupo-seg.com/wp-admin/" "Mozilla/5.0 (Windows NT 10.0; Win64; x64) AppleWebKit/537.36 (KHTML, like Gecko) Chrome/90.0.4430.85 Safari/537.36"
23.95.197.220 - - [21/Sep/2026:12:52:49 +0200] "GET /wp-admin/ HTTP/1.1" 503 24989 "https://www.grupo-seg.com/wp-admin/" "Mozilla/5.0 (Windows NT 10.0; Win64; x64) AppleWebKit/537.36 (KHTML, like Gecko) Chrome/90.0.4430.85 Safari/537.36"
89.248.107.232 - - [21/Sep/2026:12:53:02 +0200] "POST /wp-cron.php?doing_wp_cron=1789987982.8924179077148437500000 HTTP/1.1" 200 5512 "-" "WordPress/6.6.2; https://grupo-seg.com"
5.133.192.138 - - [21/Sep/2026:12:53:02 +0200] "GET / HTTP/1.1" 200 165817 "-" "Mozilla/5.0 (Windows NT 10.0; Win64; x64) AppleWebKit/537.36 (KHTML, like Gecko) Chrome/105.0.0.0 Safari/537.36"
89.248.107.232 - - [21/Sep/2026:12:53:18 +0200] "POST /wp-cron.php?doing_wp_cron=1789987998.6039240360260009765625 HTTP/1.1" 200 5512 "-" "WordPress/6.6.2; https://grupo-seg.com"
95.124.171.193 - - [21/Sep/2026:12:53:18 +0200] "POST /autodiscover/autodiscover.xml HTTP/1.1" 404 92217 "-" "Microsoft Office/16.0 (Windows NT 10.0; Microsoft Outlook 16.0.20326; Pro)"
95.124.171.193 - - [21/Sep/2026:12:53:20 +0200] "POST /autodiscover/autodiscover.xml HTTP/1.1" 404 92217 "-" "Microsoft Office/16.0 (Windows NT 10.0; Microsoft Outlook 16.0.20326; Pro)"
95.124.171.193 - - [21/Sep/2026:12:53:20 +0200] "POST /autodiscover/autodiscover.xml HTTP/1.1" 404 92202 "-" "Microsoft Office/16.0 (Windows NT 10.0; Microsoft Outlook 16.0.20326; Pro)"
104.28.225.117 - - [21/Sep/2026:12:53:40 +0200] "GET /administrator/index.php HTTP/1.1" 403 22902 "-" "Mozilla/5.0 (X11; Ubuntu; Linux i686; rv:28.0) Gecko/20100101 Firefox/28.0"
89.248.107.232 - - [21/Sep/2026:12:54:09 +0200] "POST /en/?wordfence_syncAttackData=1789988049.7847 HTTP/1.1" 200 5452 "-" "WordPress/6.6.2; https://grupo-seg.com/en/"
89.248.107.232 - - [21/Sep/2026:12:54:10 +0200] "POST /wp-cron.php?doing_wp_cron=1789988050.4197568893432617187500 HTTP/1.1" 200 5512 "-" "WordPress/6.6.2; https://grupo-seg.com/en/"
216.73.217.42 - - [21/Sep/2026:12:54:09 +0200] "GET /en/wp-json/oembed/1.0/embed?format=xml&url=https%3A%2F%2Fgrupo-seg.com%2Fen%2Fprojects%2Fwater-and-environment%2F HTTP/1.1" 200 8065 "-" "Mozilla/5.0 AppleWebKit/537.36 (KHTML, like Gecko; compatible; ClaudeBot/1.0; +claudebot@anthropic.com)"
89.248.107.232 - - [21/Sep/2026:12:54:10 +0200] "POST /wp-admin/admin-ajax.php?action=async_litespeed&nonce=b4cc4c672a&litespeed_type=imgoptm HTTP/1.1" 200 5698 "-" "WordPress/6.6.2; https://grupo-seg.com"
95.124.171.193 - - [21/Sep/2026:12:54:19 +0200] "POST /autodiscover/autodiscover.xml HTTP/1.1" 404 92217 "-" "Microsoft Office/16.0 (Windows NT 10.0; Microsoft Outlook 16.0.20326; Pro)"
95.124.171.193 - - [21/Sep/2026:12:54:19 +0200] "POST /autodiscover/autodiscover.xml HTTP/1.1" 404 92217 "-" "Microsoft Office/16.0 (Windows NT 10.0; Microsoft Outlook 16.0.20326; Pro)"
95.124.171.193 - - [21/Sep/2026:12:54:22 +0200] "POST /autodiscover/autodiscover.xml HTTP/1.1" 404 92217 "-" "Microsoft Office/16.0 (Windows NT 10.0; Microsoft Outlook 16.0.20326; Pro)"
89.248.107.232 - - [21/Sep/2026:12:54:43 +0200] "POST /wp-cron.php?doing_wp_cron=1789988083.3280150890350341796875 HTTP/1.1" 200 5512 "-" "WordPress/6.6.2; https://grupo-seg.com"
52.167.144.206 - - [21/Sep/2026:12:54:42 +0200] "GET /ozuy1199747ssdmtop/empresa.html HTTP/1.1" 301 5690 "-" "Mozilla/5.0 AppleWebKit/537.36 (KHTML, like Gecko; compatible; bingbot/2.0; +http://www.bing.com/bingbot.htm) Chrome/116.0.1938.76 Safari/537.36"
52.167.144.206 - - [21/Sep/2026:12:54:43 +0200] "GET /entoridepointote/empresa.html HTTP/1.1" 301 5688 "-" "Mozilla/5.0 AppleWebKit/537.36 (KHTML, like Gecko; compatible; bingbot/2.0; +http://www.bing.com/bingbot.htm) Chrome/116.0.1938.76 Safari/537.36"
89.248.107.232 - - [21/Sep/2026:12:54:44 +0200] "POST /wp-admin/admin-ajax.php?action=async_litespeed&nonce=b4cc4c672a&litespeed_type=imgoptm HTTP/1.1" 200 5698 "-" "WordPress/6.6.2; https://grupo-seg.com"
89.248.107.232 - - [21/Sep/2026:12:55:25 +0200] "POST /wp-cron.php?doing_wp_cron=1789988125.0929579734802246093750 HTTP/1.1" 200 5512 "-" "WordPress/6.6.2; https://grupo-seg.com/en/"
216.73.217.42 - - [21/Sep/2026:12:55:24 +0200] "GET /en/wp-json/wp/v2/pages/5698 HTTP/1.1" 200 39277 "-" "Mozilla/5.0 AppleWebKit/537.36 (KHTML, like Gecko; compatible; ClaudeBot/1.0; +claudebot@anthropic.com)"
89.248.107.232 - - [21/Sep/2026:12:55:25 +0200] "POST /wp-admin/admin-ajax.php?action=async_litespeed&nonce=b4cc4c672a&litespeed_type=imgoptm HTTP/1.1" 200 5698 "-" "WordPress/6.6.2; https://grupo-seg.com"
216.73.217.42 - - [21/Sep/2026:12:55:26 +0200] "GET /en/?p=5698 HTTP/1.1" 301 5693 "-" "Mozilla/5.0 AppleWebKit/537.36 (KHTML, like Gecko; compatible; ClaudeBot/1.0; +claudebot@anthropic.com)"
95.124.171.193 - - [21/Sep/2026:12:55:26 +0200] "POST /autodiscover/autodiscover.xml HTTP/1.1" 404 92217 "-" "Microsoft Office/16.0 (Windows NT 10.0; Microsoft Outlook 16.0.20326; Pro)"
95.124.171.193 - - [21/Sep/2026:12:55:26 +0200] "POST /autodiscover/autodiscover.xml HTTP/1.1" 404 92202 "-" "Microsoft Office/16.0 (Windows NT 10.0; Microsoft Outlook 16.0.20326; Pro)"
216.73.217.42 - - [21/Sep/2026:12:55:28 +0200] "GET /en/projects/water-and-environment/ HTTP/1.1" 200 127635 "https://grupo-seg.com/en/?p=5698" "Mozilla/5.0 AppleWebKit/537.36 (KHTML, like Gecko; compatible; ClaudeBot/1.0; +claudebot@anthropic.com)"
89.248.107.232 - - [21/Sep/2026:12:55:43 +0200] "POST /wp-cron.php?doing_wp_cron=1789988143.5728149414062500000000 HTTP/1.1" 200 5512 "-" "WordPress/6.6.2; https://grupo-seg.com"
40.77.167.74 - - [21/Sep/2026:12:55:43 +0200] "GET /jrst1421945odsim/gtdoesi.html HTTP/1.1" 301 5688 "-" "Mozilla/5.0 AppleWebKit/537.36 (KHTML, like Gecko; compatible; bingbot/2.0; +http://www.bing.com/bingbot.htm) Chrome/116.0.1938.76 Safari/537.36"
66.249.88.103 - - [21/Sep/2026:12:55:50 +0200] "GET /.well-known/traffic-advice HTTP/1.1" 404 97421 "-" "Chrome Privacy Preserving Prefetch Proxy"
162.120.186.83 - - [21/Sep/2026:12:55:51 +0200] "GET /en/about-us/ HTTP/1.1" 200 256265 "https://www.google.com/" "Mozilla/5.0 (Windows NT 10.0; Win64; x64) AppleWebKit/537.36 (KHTML, like Gecko) Chrome/153.0.0.0 Safari/537.36"
89.248.107.232 - - [21/Sep/2026:12:55:59 +0200] "POST /wp-cron.php?doing_wp_cron=1789988159.5440878868103027343750 HTTP/1.1" 200 5512 "-" "WordPress/6.6.2; https://grupo-seg.com"
145.239.65.175 - - [21/Sep/2026:12:55:58 +0200] "GET /robots.txt HTTP/1.1" 200 5679 "-" "Mozilla/5.0 (compatible; MJ12bot/v1.4.8; http://mj12bot.com/)"
145.239.65.175 - - [21/Sep/2026:12:56:01 +0200] "GET /portfolio/supervision-de-la-rehabilitacion-de-la-fachada-maritima-de-la-playa-de-gandia/ HTTP/1.1" 200 117167 "-" "Mozilla/5.0 (compatible; MJ12bot/v1.4.8; http://mj12bot.com/)"
89.248.107.232 - - [21/Sep/2026:12:56:13 +0200] "POST /wp-cron.php?doing_wp_cron=1789988173.4928369522094726562500 HTTP/1.1" 200 5512 "-" "WordPress/6.6.2; https://grupo-seg.com"
216.73.217.42 - - [21/Sep/2026:12:56:13 +0200] "GET /robots.txt HTTP/1.1" 200 5679 "-" "Mozilla/5.0 AppleWebKit/537.36 (KHTML, like Gecko; compatible; ClaudeBot/1.0; +claudebot@anthropic.com)"
216.73.217.42 - - [21/Sep/2026:12:56:13 +0200] "GET /en/wp-json/oembed/1.0/embed?url=https%3A%2F%2Fgrupo-seg.com%2Fen%2Fprojects%2Fwater-and-environment%2F HTTP/1.1" 200 7936 "-" "Mozilla/5.0 AppleWebKit/537.36 (KHTML, like Gecko; compatible; ClaudeBot/1.0; +claudebot@anthropic.com)"
89.248.107.232 - - [21/Sep/2026:12:56:25 +0200] "POST /wp-cron.php?doing_wp_cron=1789988185.4194540977478027343750 HTTP/1.1" 200 5512 "-" "WordPress/6.6.2; https://grupo-seg.com"
192.178.4.3 - - [21/Sep/2026:12:56:24 +0200] "GET /robots.txt HTTP/1.1" 200 5679 "-" "Mozilla/5.0 (compatible; Googlebot/2.1; +http://www.google.com/bot.html)"
89.248.107.232 - - [21/Sep/2026:12:56:26 +0200] "POST /wp-admin/admin-ajax.php?action=async_litespeed&nonce=b4cc4c672a&litespeed_type=imgoptm HTTP/1.1" 200 5698 "-" "WordPress/6.6.2; https://grupo-seg.com"
2.139.158.128 - - [21/Sep/2026:12:56:37 +0200] "POST /AutoDiscover/autodiscover.xml HTTP/1.1" 404 92217 "-" "Microsoft Office/16.0 (Windows NT 10.0; Microsoft Excel 16.0.20228; Pro)"
192.178.4.2 - - [21/Sep/2026:12:56:43 +0200] "POST /wp-content/plugins/litespeed-cache/guest.vary.php HTTP/1.1" 200 5500 "https://grupo-seg.com/" "Mozilla/5.0 (compatible; Googlebot/2.1; +http://www.google.com/bot.html)"
89.248.107.232 - - [21/Sep/2026:12:56:43 +0200] "POST /wp-cron.php?doing_wp_cron=1789988203.8508090972900390625000 HTTP/1.1" 200 5512 "-" "WordPress/6.6.2; https://grupo-seg.com"
95.124.171.193 - - [21/Sep/2026:12:56:43 +0200] "POST /autodiscover/autodiscover.xml HTTP/1.1" 404 92217 "-" "Microsoft Office/16.0 (Windows NT 10.0; Microsoft Outlook 16.0.20326; Pro)"
95.124.171.193 - - [21/Sep/2026:12:56:43 +0200] "POST /autodiscover/autodiscover.xml HTTP/1.1" 404 92202 "-" "Microsoft Office/16.0 (Windows NT 10.0; Microsoft Outlook 16.0.20326; Pro)"
89.248.107.232 - - [21/Sep/2026:12:56:54 +0200] "POST /wp-cron.php?doing_wp_cron=1789988214.3299720287322998046875 HTTP/1.1" 200 5512 "-" "WordPress/6.6.2; https://grupo-seg.com"
95.124.171.193 - - [21/Sep/2026:12:56:53 +0200] "POST /autodiscover/autodiscover.xml HTTP/1.1" 404 92202 "-" "Microsoft Office/16.0 (Windows NT 10.0; Microsoft Outlook 16.0.20326; Pro)"
89.248.107.232 - - [21/Sep/2026:12:57:22 +0200] "POST /wp-cron.php?doing_wp_cron=1789988242.4154160022735595703125 HTTP/1.1" 200 5512 "-" "WordPress/6.6.2; https://grupo-seg.com"
62.171.174.208 - - [21/Sep/2026:12:57:21 +0200] "GET /wp-login.php HTTP/1.1" 200 13731 "-" "Mozilla/5.0 (Windows NT 10.0; Win64; x64) AppleWebKit/537.36 (KHTML, like Gecko) Chrome/127.0.0.0 Safari/537.36"
89.248.107.232 - - [21/Sep/2026:12:57:31 +0200] "POST /wp-cron.php?doing_wp_cron=1789988251.8863921165466308593750 HTTP/1.1" 200 5512 "-" "WordPress/6.6.2; https://grupo-seg.com"
40.77.167.241 - - [21/Sep/2026:12:57:31 +0200] "GET /yhug281013z5s971st0843i6d2po.htm HTTP/1.1" 404 97421 "-" "Mozilla/5.0 AppleWebKit/537.36 (KHTML, like Gecko; compatible; bingbot/2.0; +http://www.bing.com/bingbot.htm) Chrome/116.0.1938.76 Safari/537.36"
89.248.107.232 - - [21/Sep/2026:12:57:32 +0200] "POST /wp-admin/admin-ajax.php?action=async_litespeed&nonce=b4cc4c672a&litespeed_type=imgoptm HTTP/1.1" 200 5698 "-" "WordPress/6.6.2; https://grupo-seg.com"
62.171.174.208 - - [21/Sep/2026:12:57:37 +0200] "GET /wp/wp-login.php HTTP/1.1" 404 97436 "-" "Mozilla/5.0 (Windows NT 10.0; Win64; x64) AppleWebKit/537.36 (KHTML, like Gecko) Chrome/127.0.0.0 Safari/537.36"
89.248.107.232 - - [21/Sep/2026:12:57:47 +0200] "POST /wp-cron.php?doing_wp_cron=1789988267.0895929336547851562500 HTTP/1.1" 200 5512 "-" "WordPress/6.6.2; https://grupo-seg.com"
62.171.174.208 - - [21/Sep/2026:12:57:46 +0200] "GET /blog/wp-login.php HTTP/1.1" 404 97436 "-" "Mozilla/5.0 (Windows NT 10.0; Win64; x64) AppleWebKit/537.36 (KHTML, like Gecko) Chrome/127.0.0.0 Safari/537.36"
62.171.174.208 - - [21/Sep/2026:12:57:48 +0200] "GET /wordpress/wp-login.php HTTP/1.1" 404 97436 "-" "Mozilla/5.0 (Windows NT 10.0; Win64; x64) AppleWebKit/537.36 (KHTML, like Gecko) Chrome/127.0.0.0 Safari/537.36"
192.178.4.4 - - [21/Sep/2026:12:57:48 +0200] "GET /paises/bolivia/ HTTP/1.1" 200 156670 "-" "Mozilla/5.0 (Linux; Android 6.0.1; Nexus 5X Build/MMB29P) AppleWebKit/537.36 (KHTML, like Gecko) Chrome/153.0.8010.47 Mobile Safari/537.36 (compatible; Googlebot/2.1; +http://www.google.com/bot.html)"
89.248.107.232 - - [21/Sep/2026:12:57:58 +0200] "POST /wp-cron.php?doing_wp_cron=1789988278.5848159790039062500000 HTTP/1.1" 200 5512 "-" "WordPress/6.6.2; https://grupo-seg.com"
95.124.171.193 - - [21/Sep/2026:12:57:57 +0200] "POST /autodiscover/autodiscover.xml HTTP/1.1" 404 92217 "-" "Microsoft Office/16.0 (Windows NT 10.0; Microsoft Outlook 16.0.20326; Pro)"
95.124.171.193 - - [21/Sep/2026:12:57:57 +0200] "POST /autodiscover/autodiscover.xml HTTP/1.1" 404 92217 "-" "Microsoft Office/16.0 (Windows NT 10.0; Microsoft Outlook 16.0.20326; Pro)"
62.171.174.208 - - [21/Sep/2026:12:58:00 +0200] "GET /cms/wp-login.php HTTP/1.1" 404 97436 "-" "Mozilla/5.0 (Windows NT 10.0; Win64; x64) AppleWebKit/537.36 (KHTML, like Gecko) Chrome/127.0.0.0 Safari/537.36"
89.248.107.232 - - [21/Sep/2026:12:58:05 +0200] "POST /wp-cron.php?doing_wp_cron=1789988285.2986431121826171875000 HTTP/1.1" 200 5512 "-" "WordPress/6.6.2; https://grupo-seg.com"
62.171.174.208 - - [21/Sep/2026:12:58:04 +0200] "GET /wp-json/wp/v2/users?per_page=100&context=edit HTTP/1.1" 401 5951 "-" "Mozilla/5.0 (Windows NT 10.0; Win64; x64) AppleWebKit/537.36 (KHTML, like Gecko) Chrome/127.0.0.0 Safari/537.36"
62.171.174.208 - - [21/Sep/2026:12:58:12 +0200] "GET /wp-json/wp/v2/users?per_page=100 HTTP/1.1" 401 5951 "-" "Mozilla/5.0 (Windows NT 10.0; Win64; x64) AppleWebKit/537.36 (KHTML, like Gecko) Chrome/127.0.0.0 Safari/537.36"
62.171.174.208 - - [21/Sep/2026:12:58:14 +0200] "GET /?rest_route=/wp/v2/users&per_page=100 HTTP/1.1" 401 5951 "-" "Mozilla/5.0 (Windows NT 10.0; Win64; x64) AppleWebKit/537.36 (KHTML, like Gecko) Chrome/127.0.0.0 Safari/537.36"
89.248.107.232 - - [21/Sep/2026:12:58:35 +0200] "POST /wp-cron.php?doing_wp_cron=1789988315.6102681159973144531250 HTTP/1.1" 200 5512 "-" "WordPress/6.6.2; https://grupo-seg.com"
62.171.174.208 - - [21/Sep/2026:12:58:35 +0200] "GET /index.php?rest_route=/wp/v2/users&per_page=100 HTTP/1.1" 401 5951 "-" "Mozilla/5.0 (Windows NT 10.0; Win64; x64) AppleWebKit/537.36 (KHTML, like Gecko) Chrome/127.0.0.0 Safari/537.36"
89.248.107.232 - - [21/Sep/2026:12:58:36 +0200] "POST /wp-admin/admin-ajax.php?action=async_litespeed&nonce=b4cc4c672a&litespeed_type=imgoptm HTTP/1.1" 200 5698 "-" "WordPress/6.6.2; https://grupo-seg.com"
89.248.107.232 - - [21/Sep/2026:12:58:41 +0200] "POST /wp-cron.php?doing_wp_cron=1789988321.3089768886566162109375 HTTP/1.1" 200 5512 "-" "WordPress/6.6.2; https://grupo-seg.com"
95.124.171.193 - - [21/Sep/2026:12:58:40 +0200] "POST /autodiscover/autodiscover.xml HTTP/1.1" 404 92202 "-" "Microsoft Office/16.0 (Windows NT 10.0; Microsoft Outlook 16.0.20326; Pro)"
89.248.107.232 - - [21/Sep/2026:12:58:50 +0200] "POST /wp-cron.php?doing_wp_cron=1789988330.2423729896545410156250 HTTP/1.1" 200 5512 "-" "WordPress/6.6.2; https://grupo-seg.com"
62.171.174.208 - - [21/Sep/2026:12:58:49 +0200] "GET /feed/ HTTP/1.1" 200 100998 "-" "Mozilla/5.0 (Windows NT 10.0; Win64; x64) AppleWebKit/537.36 (KHTML, like Gecko) Chrome/127.0.0.0 Safari/537.36"
89.248.107.232 - - [21/Sep/2026:12:58:54 +0200] "POST /wp-cron.php?doing_wp_cron=1789988334.4099841117858886718750 HTTP/1.1" 200 5512 "-" "WordPress/6.6.2; https://grupo-seg.com"
62.171.174.208 - - [21/Sep/2026:12:58:54 +0200] "GET /wp-sitemap-users-1.xml HTTP/1.1" 200 115744 "-" "Mozilla/5.0 (Windows NT 10.0; Win64; x64) AppleWebKit/537.36 (KHTML, like Gecko) Chrome/127.0.0.0 Safari/537.36"
89.248.107.232 - - [21/Sep/2026:12:59:05 +0200] "POST /wp-cron.php?doing_wp_cron=1789988345.7455530166625976562500 HTTP/1.1" 200 5512 "-" "WordPress/6.6.2; https://grupo-seg.com"
95.124.171.193 - - [21/Sep/2026:12:59:04 +0200] "POST /autodiscover/autodiscover.xml HTTP/1.1" 404 92217 "-" "Microsoft Office/16.0 (Windows NT 10.0; Microsoft Outlook 16.0.20326; Pro)"
95.124.171.193 - - [21/Sep/2026:12:59:04 +0200] "POST /autodiscover/autodiscover.xml HTTP/1.1" 404 92202 "-" "Microsoft Office/16.0 (Windows NT 10.0; Microsoft Outlook 16.0.20326; Pro)"
62.171.174.208 - - [21/Sep/2026:12:59:07 +0200] "GET /wp-sitemap.xml HTTP/1.1" 200 6217 "-" "Mozilla/5.0 (Windows NT 10.0; Win64; x64) AppleWebKit/537.36 (KHTML, like Gecko) Chrome/127.0.0.0 Safari/537.36"
62.171.174.208 - - [21/Sep/2026:12:59:09 +0200] "GET /sitemap.xml HTTP/1.1" 302 5555 "-" "Mozilla/5.0 (Windows NT 10.0; Win64; x64) AppleWebKit/537.36 (KHTML, like Gecko) Chrome/127.0.0.0 Safari/537.36"
62.171.174.208 - - [21/Sep/2026:12:59:13 +0200] "GET /wp-sitemap.xml HTTP/1.1" 200 6217 "https://grupo-seg.com/sitemap.xml" "Mozilla/5.0 (Windows NT 10.0; Win64; x64) AppleWebKit/537.36 (KHTML, like Gecko) Chrome/127.0.0.0 Safari/537.36"
95.124.171.193 - - [21/Sep/2026:12:59:16 +0200] "POST /autodiscover/autodiscover.xml HTTP/1.1" 404 92217 "-" "Microsoft Office/16.0 (Windows NT 10.0; Microsoft Outlook 16.0.20326; Pro)"
62.171.174.208 - - [21/Sep/2026:12:59:24 +0200] "GET / HTTP/1.1" 200 165817 "-" "Mozilla/5.0 (Windows NT 10.0; Win64; x64) AppleWebKit/537.36 (KHTML, like Gecko) Chrome/127.0.0.0 Safari/537.36"
89.248.107.232 - - [21/Sep/2026:12:59:25 +0200] "POST /wp-cron.php?doing_wp_cron=1789988365.2389318943023681640625 HTTP/1.1" 200 5512 "-" "WordPress/6.6.2; https://grupo-seg.com"
62.171.174.208 - - [21/Sep/2026:12:59:24 +0200] "GET /?author=1 HTTP/1.1" 404 73720 "-" "Mozilla/5.0 (Windows NT 10.0; Win64; x64) AppleWebKit/537.36 (KHTML, like Gecko) Chrome/127.0.0.0 Safari/537.36"
89.248.107.232 - - [21/Sep/2026:12:59:25 +0200] "POST /wp-admin/admin-ajax.php?action=async_litespeed&nonce=b4cc4c672a&litespeed_type=imgoptm HTTP/1.1" 200 5698 "-" "WordPress/6.6.2; https://grupo-seg.com"
62.171.174.208 - - [21/Sep/2026:12:59:27 +0200] "POST /xmlrpc.php HTTP/1.1" 503 25081 "-" "Mozilla/5.0 (Windows NT 10.0; Win64; x64) AppleWebKit/537.36 (KHTML, like Gecko) Chrome/127.0.0.0 Safari/537.36"
62.171.174.208 - - [21/Sep/2026:12:59:31 +0200] "GET /?author=2 HTTP/1.1" 503 24035 "-" "Mozilla/5.0 (Windows NT 10.0; Win64; x64) AppleWebKit/537.36 (KHTML, like Gecko) Chrome/127.0.0.0 Safari/537.36"
62.171.174.208 - - [21/Sep/2026:12:59:43 +0200] "GET /?author=3 HTTP/1.1" 503 24035 "-" "Mozilla/5.0 (Windows NT 10.0; Win64; x64) AppleWebKit/537.36 (KHTML, like Gecko) Chrome/127.0.0.0 Safari/537.36"
62.171.174.208 - - [21/Sep/2026:12:59:45 +0200] "GET /?author=4 HTTP/1.1" 503 24035 "-" "Mozilla/5.0 (Windows NT 10.0; Win64; x64) AppleWebKit/537.36 (KHTML, like Gecko) Chrome/127.0.0.0 Safari/537.36"
62.171.174.208 - - [21/Sep/2026:12:59:58 +0200] "GET /?author=5 HTTP/1.1" 503 24035 "-" "Mozilla/5.0 (Windows NT 10.0; Win64; x64) AppleWebKit/537.36 (KHTML, like Gecko) Chrome/127.0.0.0 Safari/537.36"
62.171.174.208 - - [21/Sep/2026:12:59:59 +0200] "GET /?author=6 HTTP/1.1" 503 24035 "-" "Mozilla/5.0 (Windows NT 10.0; Win64; x64) AppleWebKit/537.36 (KHTML, like Gecko) Chrome/127.0.0.0 Safari/537.36"
62.171.174.208 - - [21/Sep/2026:13:00:01 +0200] "GET /?author=7 HTTP/1.1" 503 24035 "-" "Mozilla/5.0 (Windows NT 10.0; Win64; x64) AppleWebKit/537.36 (KHTML, like Gecko) Chrome/127.0.0.0 Safari/537.36"
62.171.174.208 - - [21/Sep/2026:13:00:04 +0200] "GET /?author=8 HTTP/1.1" 503 24035 "-" "Mozilla/5.0 (Windows NT 10.0; Win64; x64) AppleWebKit/537.36 (KHTML, like Gecko) Chrome/127.0.0.0 Safari/537.36"
89.248.107.232 - - [21/Sep/2026:13:00:05 +0200] "POST /?wordfence_syncAttackData=1789988405.3632 HTTP/1.1" 200 5452 "-" "WordPress/6.6.2; https://grupo-seg.com"
89.248.107.232 - - [21/Sep/2026:13:00:06 +0200] "POST /wp-cron.php?doing_wp_cron=1789988406.0595209598541259765625 HTTP/1.1" 200 5512 "-" "WordPress/6.6.2; https://grupo-seg.com"
95.124.171.193 - - [21/Sep/2026:13:00:05 +0200] "POST /autodiscover/autodiscover.xml HTTP/1.1" 404 92217 "-" "Microsoft Office/16.0 (Windows NT 10.0; Microsoft Outlook 16.0.20326; Pro)"
95.124.171.193 - - [21/Sep/2026:13:00:06 +0200] "POST /autodiscover/autodiscover.xml HTTP/1.1" 404 92217 "-" "Microsoft Office/16.0 (Windows NT 10.0; Microsoft Outlook 16.0.20326; Pro)"
62.171.174.208 - - [21/Sep/2026:13:00:11 +0200] "GET /?author=9 HTTP/1.1" 503 24035 "-" "Mozilla/5.0 (Windows NT 10.0; Win64; x64) AppleWebKit/537.36 (KHTML, like Gecko) Chrome/127.0.0.0 Safari/537.36"
62.171.174.208 - - [21/Sep/2026:13:00:12 +0200] "GET /?author=10 HTTP/1.1" 503 24035 "-" "Mozilla/5.0 (Windows NT 10.0; Win64; x64) AppleWebKit/537.36 (KHTML, like Gecko) Chrome/127.0.0.0 Safari/537.36"
89.248.107.232 - - [21/Sep/2026:13:00:53 +0200] "POST /?wordfence_syncAttackData=1789988453.17 HTTP/1.1" 200 5452 "-" "WordPress/6.6.2; https://grupo-seg.com"
89.248.107.232 - - [21/Sep/2026:13:00:54 +0200] "POST /wp-cron.php?doing_wp_cron=1789988454.1977820396423339843750 HTTP/1.1" 200 5512 "-" "WordPress/6.6.2; https://grupo-seg.com"
194.224.202.150 - - [21/Sep/2026:13:00:52 +0200] "GET /actualidad/ HTTP/1.1" 200 141773 "https://grupo-seg.com/proyectos/" "Mozilla/5.0 (Windows NT 10.0; Win64; x64) AppleWebKit/537.36 (KHTML, like Gecko) Chrome/153.0.0.0 Safari/537.36"
89.248.107.232 - - [21/Sep/2026:13:00:55 +0200] "POST /wp-admin/admin-ajax.php?action=async_litespeed&nonce=b4cc4c672a&litespeed_type=imgoptm HTTP/1.1" 200 5698 "-" "WordPress/6.6.2; https://grupo-seg.com"
89.248.107.232 - - [21/Sep/2026:13:01:09 +0200] "POST /wp-cron.php?doing_wp_cron=1789988469.0372939109802246093750 HTTP/1.1" 200 5512 "-" "WordPress/6.6.2; https://grupo-seg.com"
194.224.202.150 - - [21/Sep/2026:13:01:05 +0200] "POST /wp-admin/admin-ajax.php HTTP/1.1" 200 15406 "https://grupo-seg.com/actualidad/" "Mozilla/5.0 (Windows NT 10.0; Win64; x64) AppleWebKit/537.36 (KHTML, like Gecko) Chrome/153.0.0.0 Safari/537.36"
95.124.171.193 - - [21/Sep/2026:13:01:06 +0200] "POST /autodiscover/autodiscover.xml HTTP/1.1" 404 92217 "-" "Microsoft Office/16.0 (Windows NT 10.0; Microsoft Outlook 16.0.20326; Pro)"
95.124.171.193 - - [21/Sep/2026:13:01:07 +0200] "POST /autodiscover/autodiscover.xml HTTP/1.1" 404 92217 "-" "Microsoft Office/16.0 (Windows NT 10.0; Microsoft Outlook 16.0.20326; Pro)"
89.248.107.232 - - [21/Sep/2026:13:01:31 +0200] "POST /wp-cron.php?doing_wp_cron=1789988491.2501039505004882812500 HTTP/1.1" 200 5512 "-" "WordPress/6.6.2; https://grupo-seg.com"
194.224.202.150 - - [21/Sep/2026:13:01:30 +0200] "GET /renovacion-de-la-linea-9-de-metro-de-madrid/ HTTP/1.1" 200 110926 "https://grupo-seg.com/actualidad/" "Mozilla/5.0 (Windows NT 10.0; Win64; x64) AppleWebKit/537.36 (KHTML, like Gecko) Chrome/153.0.0.0 Safari/537.36"
23.95.197.220 - - [21/Sep/2026:13:01:32 +0200] "GET /wp-login.php HTTP/1.1" 503 24035 "http://serynco.es/wp-admin/" "Mozilla/5.0 (Windows NT 10.0; Win64; x64) AppleWebKit/537.36 (KHTML, like Gecko) Chrome/90.0.4430.85 Safari/537.36"
89.248.107.232 - - [21/Sep/2026:13:01:32 +0200] "POST /wp-admin/admin-ajax.php?action=async_litespeed&nonce=b4cc4c672a&litespeed_type=imgoptm HTTP/1.1" 200 5698 "-" "WordPress/6.6.2; https://grupo-seg.com"
23.95.197.220 - - [21/Sep/2026:13:01:33 +0200] "POST /wp-login.php HTTP/1.1" 503 24035 "http://serynco.es/wp-admin/" "Mozilla/5.0 (Windows NT 10.0; Win64; x64) AppleWebKit/537.36 (KHTML, like Gecko) Chrome/90.0.4430.85 Safari/537.36"
89.248.107.232 - - [21/Sep/2026:13:01:34 +0200] "POST /?wordfence_syncAttackData=1789988494.0029 HTTP/1.1" 200 5452 "-" "WordPress/6.6.2; https://grupo-seg.com"
23.95.197.220 - - [21/Sep/2026:13:01:33 +0200] "GET /wp-admin/ HTTP/1.1" 503 24988 "http://serynco.es/wp-admin/" "Mozilla/5.0 (Windows NT 10.0; Win64; x64) AppleWebKit/537.36 (KHTML, like Gecko) Chrome/90.0.4430.85 Safari/537.36"
23.95.197.220 - - [21/Sep/2026:13:01:35 +0200] "POST /wp-login.php HTTP/1.1" 503 24035 "https://www.grupo-seg.com/wp-admin/" "Mozilla/5.0 (Windows NT 10.0; Win64; x64) AppleWebKit/537.36 (KHTML, like Gecko) Chrome/90.0.4430.85 Safari/537.36"
23.95.197.220 - - [21/Sep/2026:13:01:35 +0200] "GET /wp-admin/ HTTP/1.1" 503 24988 "https://www.grupo-seg.com/wp-admin/" "Mozilla/5.0 (Windows NT 10.0; Win64; x64) AppleWebKit/537.36 (KHTML, like Gecko) Chrome/90.0.4430.85 Safari/537.36"
23.95.197.220 - - [21/Sep/2026:13:01:36 +0200] "POST /wp-login.php HTTP/1.1" 403 6501 "https://www.grupo-seg.com/wp-admin/" "Mozilla/5.0 (Windows NT 10.0; Win64; x64) AppleWebKit/537.36 (KHTML, like Gecko) Chrome/90.0.4430.85 Safari/537.36"
23.95.197.220 - - [21/Sep/2026:13:01:36 +0200] "GET /wp-admin/ HTTP/1.1" 503 24988 "https://www.grupo-seg.com/wp-admin/" "Mozilla/5.0 (Windows NT 10.0; Win64; x64) AppleWebKit/537.36 (KHTML, like Gecko) Chrome/90.0.4430.85 Safari/537.36"
89.248.107.232 - - [21/Sep/2026:13:01:50 +0200] "POST /?wordfence_syncAttackData=1789988510.7967 HTTP/1.1" 200 5452 "-" "WordPress/6.6.2; https://grupo-seg.com"
89.248.107.232 - - [21/Sep/2026:13:01:51 +0200] "POST /wp-cron.php?doing_wp_cron=1789988511.8050990104675292968750 HTTP/1.1" 200 5512 "-" "WordPress/6.6.2; https://grupo-seg.com"
95.124.171.193 - - [21/Sep/2026:13:01:50 +0200] "POST /autodiscover/autodiscover.xml HTTP/1.1" 404 92217 "-" "Microsoft Office/16.0 (Windows NT 10.0; Microsoft Outlook 16.0.20326; Pro)"
89.248.107.232 - - [21/Sep/2026:13:02:15 +0200] "POST /wp-cron.php?doing_wp_cron=1789988535.2350230216979980468750 HTTP/1.1" 200 5512 "-" "WordPress/6.6.2; https://grupo-seg.com"
95.124.171.193 - - [21/Sep/2026:13:02:14 +0200] "POST /autodiscover/autodiscover.xml HTTP/1.1" 404 92202 "-" "Microsoft Office/16.0 (Windows NT 10.0; Microsoft Outlook 16.0.20326; Pro)"
62.60.130.247 - - [21/Sep/2026:13:02:15 +0200] "GET /images/images/cache.php HTTP/1.1" 403 22902 "www.google.com" "Mozlila/5.0 (Linux; Android 7.0; SM-G892A Bulid/NRD90M; wv) AppleWebKit/537.36 (KHTML, like Gecko) Version/4.0 Chrome/60.0.3112.107 Moblie Safari/537.36"
89.248.107.232 - - [21/Sep/2026:13:02:16 +0200] "POST /?wordfence_syncAttackData=1789988536.434 HTTP/1.1" 200 5452 "-" "WordPress/6.6.2; https://grupo-seg.com"
95.124.171.193 - - [21/Sep/2026:13:02:15 +0200] "POST /autodiscover/autodiscover.xml HTTP/1.1" 404 92217 "-" "Microsoft Office/16.0 (Windows NT 10.0; Microsoft Outlook 16.0.20326; Pro)"
89.248.107.232 - - [21/Sep/2026:13:02:36 +0200] "POST /wp-cron.php?doing_wp_cron=1789988556.5078499317169189453125 HTTP/1.1" 200 5512 "-" "WordPress/6.6.2; https://grupo-seg.com"
2.139.158.128 - - [21/Sep/2026:13:02:35 +0200] "POST /AutoDiscover/autodiscover.xml HTTP/1.1" 404 92268 "-" "Microsoft Office/16.0 (Windows NT 10.0; Microsoft Excel 16.0.20228; Pro)"
89.248.107.232 - - [21/Sep/2026:13:02:37 +0200] "POST /wp-admin/admin-ajax.php?action=async_litespeed&nonce=b4cc4c672a&litespeed_type=imgoptm HTTP/1.1" 200 5698 "-" "WordPress/6.6.2; https://grupo-seg.com"
89.248.107.232 - - [21/Sep/2026:13:02:47 +0200] "POST /wp-cron.php?doing_wp_cron=1789988567.7862129211425781250000 HTTP/1.1" 200 5512 "-" "WordPress/6.6.2; https://grupo-seg.com"
94.26.106.203 - - [21/Sep/2026:13:02:47 +0200] "GET /wp-login.php HTTP/1.1" 200 13732 "-" "Mozilla/5.0 (Windows NT 10.0; Win64; x64) AppleWebKit/537.36 (KHTML, like Gecko) Chrome/142.0.0.0 Safari/537.36"
83.38.195.67 - - [21/Sep/2026:13:02:48 +0200] "POST /AutoDiscover/autodiscover.xml HTTP/1.1" 404 92217 "-" "Microsoft Office/16.0 (Windows NT 10.0; Microsoft Excel 16.0.20326; Pro)"
94.26.106.203 - - [21/Sep/2026:13:02:48 +0200] "POST /wp-login.php HTTP/1.1" 503 25298 "https://grupo-seg.com/wp-login.php" "Mozilla/5.0 (Windows NT 10.0; Win64; x64) AppleWebKit/537.36 (KHTML, like Gecko) Chrome/142.0.0.0 Safari/537.36"
89.248.107.232 - - [21/Sep/2026:13:03:14 +0200] "POST /wp-cron.php?doing_wp_cron=1789988594.7999680042266845703125 HTTP/1.1" 200 5512 "-" "WordPress/6.6.2; https://grupo-seg.com"
95.124.171.193 - - [21/Sep/2026:13:03:14 +0200] "POST /autodiscover/autodiscover.xml HTTP/1.1" 404 92217 "-" "Microsoft Office/16.0 (Windows NT 10.0; Microsoft Outlook 16.0.20326; Pro)"
95.124.171.193 - - [21/Sep/2026:13:03:14 +0200] "POST /autodiscover/autodiscover.xml HTTP/1.1" 404 92202 "-" "Microsoft Office/16.0 (Windows NT 10.0; Microsoft Outlook 16.0.20326; Pro)"
89.248.107.232 - - [21/Sep/2026:13:03:46 +0200] "POST /wp-cron.php?doing_wp_cron=1789988626.2356460094451904296875 HTTP/1.1" 200 5512 "-" "WordPress/6.6.2; https://grupo-seg.com"
104.252.3.59 - - [21/Sep/2026:13:03:45 +0200] "GET / HTTP/1.1" 301 5612 "-" "Mozilla/5.0 (Windows NT 10.0; Win64; x64; rv:64.0) Gecko/20100101 Firefox/64.0"
104.252.3.242 - - [21/Sep/2026:13:03:45 +0200] "GET / HTTP/1.1" 200 165847 "-" "Mozilla/5.0 (Windows NT 10.0; Win64; x64; rv:64.0) Gecko/20100101 Firefox/64.0"
104.222.43.169 - - [21/Sep/2026:13:03:46 +0200] "GET / HTTP/1.1" 301 5612 "-" "Mozilla/5.0 (Windows NT 10.0; Win64; x64; rv:64.0) Gecko/20100101 Firefox/64.0"
89.248.107.232 - - [21/Sep/2026:13:03:47 +0200] "POST /wp-admin/admin-ajax.php?action=async_litespeed&nonce=b4cc4c672a&litespeed_type=imgoptm HTTP/1.1" 200 5698 "-" "WordPress/6.6.2; https://grupo-seg.com"
104.165.120.136 - - [21/Sep/2026:13:03:46 +0200] "GET / HTTP/1.1" 200 168988 "-" "Mozilla/5.0 (Windows NT 10.0; Win64; x64; rv:64.0) Gecko/20100101 Firefox/64.0"
104.222.43.24 - - [21/Sep/2026:13:03:46 +0200] "GET / HTTP/1.1" 200 168684 "-" "Mozilla/5.0 (Windows NT 10.0; Win64; x64; rv:64.0) Gecko/20100101 Firefox/64.0"
104.28.88.131 - - [21/Sep/2026:13:03:49 +0200] "GET /favicon.ico HTTP/1.1" 302 5672 "-" "NetworkingExtension/8624.2.5.10.8 Network/5812.122.1 iOS/26.5.2"
104.28.88.131 - - [21/Sep/2026:13:03:49 +0200] "GET /apple-touch-icon.png HTTP/1.1" 404 99010 "-" "NetworkingExtension/8624.2.5.10.8 Network/5812.122.1 iOS/26.5.2"
104.28.88.131 - - [21/Sep/2026:13:03:49 +0200] "GET /apple-touch-icon-precomposed.png HTTP/1.1" 404 97436 "-" "NetworkingExtension/8624.2.5.10.8 Network/5812.122.1 iOS/26.5.2"
104.28.88.131 - - [21/Sep/2026:13:03:49 +0200] "GET / HTTP/1.1" 200 169018 "-" "Mozilla/5.0 (Macintosh; Intel Mac OS X 10_11_1) AppleWebKit/601.2.4 (KHTML, like Gecko) Version/9.0.1 Safari/601.2.4 facebookexternalhit/1.1 Facebot Twitterbot/1.0"
192.30.83.119 - - [21/Sep/2026:13:03:50 +0200] "GET / HTTP/1.1" 200 168699 "-" "Mozilla/5.0 (Windows NT 10.0; Win64; x64; rv:64.0) Gecko/20100101 Firefox/64.0"
89.248.107.232 - - [21/Sep/2026:13:04:05 +0200] "POST /wp-cron.php?doing_wp_cron=1789988645.2150878906250000000000 HTTP/1.1" 200 5512 "-" "WordPress/6.6.2; https://grupo-seg.com"
95.124.171.193 - - [21/Sep/2026:13:04:04 +0200] "POST /autodiscover/autodiscover.xml HTTP/1.1" 404 92217 "-" "Microsoft Office/16.0 (Windows NT 10.0; Microsoft Outlook 16.0.20326; Pro)"
89.248.107.232 - - [21/Sep/2026:13:04:20 +0200] "POST /wp-cron.php?doing_wp_cron=1789988660.3176639080047607421875 HTTP/1.1" 200 5512 "-" "WordPress/6.6.2; https://grupo-seg.com"
95.124.171.193 - - [21/Sep/2026:13:04:19 +0200] "POST /autodiscover/autodiscover.xml HTTP/1.1" 404 92217 "-" "Microsoft Office/16.0 (Windows NT 10.0; Microsoft Outlook 16.0.20326; Pro)"
95.124.171.193 - - [21/Sep/2026:13:04:22 +0200] "POST /autodiscover/autodiscover.xml HTTP/1.1" 404 92217 "-" "Microsoft Office/16.0 (Windows NT 10.0; Microsoft Outlook 16.0.20326; Pro)"
95.124.171.193 - - [21/Sep/2026:13:04:23 +0200] "POST /autodiscover/autodiscover.xml HTTP/1.1" 404 92217 "-" "Microsoft Office/16.0 (Windows NT 10.0; Microsoft Outlook 16.0.20326; Pro)"
89.248.107.232 - - [21/Sep/2026:13:05:44 +0200] "POST /wp-cron.php?doing_wp_cron=1789988744.2592630386352539062500 HTTP/1.1" 200 5512 "-" "WordPress/6.6.2; https://grupo-seg.com"
95.124.171.193 - - [21/Sep/2026:13:05:43 +0200] "POST /autodiscover/autodiscover.xml HTTP/1.1" 404 92202 "-" "Microsoft Office/16.0 (Windows NT 10.0; Microsoft Outlook 16.0.20326; Pro)"
