34.216.175.253 - - [21/Sep/2026:13:30:10 +0200] "GET /en/portfolio/ribarroja-logistics-park/ HTTP/1.1" 200 116750 "-" "Mozilla/5.0 (Macintosh; Intel Mac OS X 10_15_7) AppleWebKit/537.36 (KHTML, like Gecko) Chrome/130.0.0.0 Safari/537.36"
34.216.175.253 - - [21/Sep/2026:13:30:13 +0200] "GET /en/portfolio/engineering-study-for-the-construction-of-the-passenger-terminal-at-the-puerto-maldonado-airport/ HTTP/1.1" 200 117751 "-" "Mozilla/5.0 (Macintosh; Intel Mac OS X 10_15_7) AppleWebKit/537.36 (KHTML, like Gecko) Chrome/130.0.0.0 Safari/537.36"
34.216.175.253 - - [21/Sep/2026:13:30:13 +0200] "GET /en/portfolio/consultancy-for-the-construction-of-the-perimeter-fence-of-the-airports-of-arequipa-ayacucho-juliaca-puerto-maldonado-and-tacna/ HTTP/1.1" 200 118186 "-" "Mozilla/5.0 (Macintosh; Intel Mac OS X 10_15_7) AppleWebKit/537.36 (KHTML, like Gecko) Chrome/130.0.0.0 Safari/537.36"
34.216.175.253 - - [21/Sep/2026:13:30:15 +0200] "GET /en/portfolio/technical-file-for-the-construction-investment-at-the-mayor-general-fap-armando-revoredo-iglesias-airport-in-cajamarca/ HTTP/1.1" 200 118062 "-" "Mozilla/5.0 (Macintosh; Intel Mac OS X 10_15_7) AppleWebKit/537.36 (KHTML, like Gecko) Chrome/130.0.0.0 Safari/537.36"
34.216.175.253 - - [21/Sep/2026:13:30:17 +0200] "GET /en/portfolio/pavement-regeneration-on-the-runway-at-the-adolfo-suarez-madrid-barajas-airport/ HTTP/1.1" 200 117573 "-" "Mozilla/5.0 (Macintosh; Intel Mac OS X 10_15_7) AppleWebKit/537.36 (KHTML, like Gecko) Chrome/130.0.0.0 Safari/537.36"
34.216.175.253 - - [21/Sep/2026:13:30:19 +0200] "GET /en/portfolio/construction-management-for-the-rehabilitation-of-the-runways-at-the-tacna-airport-and-the-arequipa-airport/ HTTP/1.1" 200 117886 "-" "Mozilla/5.0 (Macintosh; Intel Mac OS X 10_15_7) AppleWebKit/537.36 (KHTML, like Gecko) Chrome/130.0.0.0 Safari/537.36"
34.216.175.253 - - [21/Sep/2026:13:30:20 +0200] "GET /en/portfolio/project-for-the-renovation-and-adaptation-of-the-pavement-on-taxiways-s-t-and-apron-slabs-2-of-barcelona-airport/ HTTP/1.1" 200 117976 "-" "Mozilla/5.0 (Macintosh; Intel Mac OS X 10_15_7) AppleWebKit/537.36 (KHTML, like Gecko) Chrome/130.0.0.0 Safari/537.36"
34.216.175.253 - - [21/Sep/2026:13:30:22 +0200] "GET /en/portfolio/project-for-the-adaptation-of-the-airfield-at-asturias-airport/ HTTP/1.1" 200 117324 "-" "Mozilla/5.0 (Macintosh; Intel Mac OS X 10_15_7) AppleWebKit/537.36 (KHTML, like Gecko) Chrome/130.0.0.0 Safari/537.36"
34.216.175.253 - - [21/Sep/2026:13:30:23 +0200] "GET /en/portfolio/project-for-the-adaptation-of-the-runway-and-strip-at-la-palma-airport/ HTTP/1.1" 200 117426 "-" "Mozilla/5.0 (Macintosh; Intel Mac OS X 10_15_7) AppleWebKit/537.36 (KHTML, like Gecko) Chrome/130.0.0.0 Safari/537.36"
89.248.107.232 - - [21/Sep/2026:13:30:26 +0200] "POST /wp-cron.php?doing_wp_cron=1789990226.6452970504760742187500 HTTP/1.1" 200 5512 "-" "WordPress/6.6.2; https://grupo-seg.com/en/"
34.216.175.253 - - [21/Sep/2026:13:30:26 +0200] "GET /en/portfolio/technical-administrative-and-financial-supervision-for-the-construction-of-the-terminal-and-maintenance-works-of-the-el-eden-airport-in-armenia/ HTTP/1.1" 200 118368 "-" "Mozilla/5.0 (Macintosh; Intel Mac OS X 10_15_7) AppleWebKit/537.36 (KHTML, like Gecko) Chrome/130.0.0.0 Safari/537.36"
89.248.107.232 - - [21/Sep/2026:13:30:27 +0200] "POST /wp-admin/admin-ajax.php?action=async_litespeed&nonce=b4cc4c672a&litespeed_type=imgoptm HTTP/1.1" 200 5698 "-" "WordPress/6.6.2; https://grupo-seg.com"
34.216.175.253 - - [21/Sep/2026:13:30:28 +0200] "GET /en/portfolio/supervision-for-the-fencing-construction-of-safety-strips-and-maintenance-of-the-runway-taxiway-and-apron-of-the-leticia-airport/ HTTP/1.1" 200 118335 "-" "Mozilla/5.0 (Macintosh; Intel Mac OS X 10_15_7) AppleWebKit/537.36 (KHTML, like Gecko) Chrome/130.0.0.0 Safari/537.36"
34.216.175.253 - - [21/Sep/2026:13:30:30 +0200] "GET /en/portfolio/technical-assistance-for-the-review-of-the-master-plan-and-proposal-for-the-establishment-of-ans-services-at-the-murcia-region-international-airport/ HTTP/1.1" 200 118391 "-" "Mozilla/5.0 (Macintosh; Intel Mac OS X 10_15_7) AppleWebKit/537.36 (KHTML, like Gecko) Chrome/130.0.0.0 Safari/537.36"
34.216.175.253 - - [21/Sep/2026:13:30:31 +0200] "GET /en/portfolio/comprehensive-supervision-of-the-magdalena-trunk-road-2-concession-contract/ HTTP/1.1" 200 117511 "-" "Mozilla/5.0 (Macintosh; Intel Mac OS X 10_15_7) AppleWebKit/537.36 (KHTML, like Gecko) Chrome/130.0.0.0 Safari/537.36"
40.77.167.11 - - [21/Sep/2026:13:30:32 +0200] "GET /apiaangurazusapo/empresa.html HTTP/1.1" 404 97421 "-" "Mozilla/5.0 AppleWebKit/537.36 (KHTML, like Gecko; compatible; bingbot/2.0; +http://www.bing.com/bingbot.htm) Chrome/116.0.1938.76 Safari/537.36"
34.216.175.253 - - [21/Sep/2026:13:30:34 +0200] "GET /en/portfolio/western-pan-american-highway-project-between-la-chorrera-and-santiago-de-veraguas/ HTTP/1.1" 200 117510 "-" "Mozilla/5.0 (Macintosh; Intel Mac OS X 10_15_7) AppleWebKit/537.36 (KHTML, like Gecko) Chrome/130.0.0.0 Safari/537.36"
34.216.175.253 - - [21/Sep/2026:13:30:36 +0200] "GET /en/portfolio/feasibility-study-for-the-improvement-of-urban-and-interurban-roadways-in-the-city-of-san-lorenzo/ HTTP/1.1" 200 117860 "-" "Mozilla/5.0 (Macintosh; Intel Mac OS X 10_15_7) AppleWebKit/537.36 (KHTML, like Gecko) Chrome/130.0.0.0 Safari/537.36"
89.248.107.232 - - [21/Sep/2026:13:30:40 +0200] "POST /wp-cron.php?doing_wp_cron=1789990240.6423659324645996093750 HTTP/1.1" 200 5512 "-" "WordPress/6.6.2; https://grupo-seg.com/en/"
34.216.175.253 - - [21/Sep/2026:13:30:37 +0200] "GET /en/portfolio/technical-supervision-of-the-project-study-design-and-construction-of-the-structural-rehabilitation-project-for-the-marine-section-of-the-southern-corridor/ HTTP/1.1" 200 118472 "-" "Mozilla/5.0 (Macintosh; Intel Mac OS X 10_15_7) AppleWebKit/537.36 (KHTML, like Gecko) Chrome/130.0.0.0 Safari/537.36"
34.216.175.253 - - [21/Sep/2026:13:30:39 +0200] "GET /en/portfolio/pre-investment-study-at-the-profile-level-for-the-improvement-of-the-pe-3s-highway-corridor-by-service-levels/ HTTP/1.1" 200 117975 "-" "Mozilla/5.0 (Macintosh; Intel Mac OS X 10_15_7) AppleWebKit/537.36 (KHTML, like Gecko) Chrome/130.0.0.0 Safari/537.36"
34.216.175.253 - - [21/Sep/2026:13:30:44 +0200] "GET /en/portfolio/supervision-of-the-construction-of-the-costa-verde-highway-el-callao-section/ HTTP/1.1" 200 117468 "-" "Mozilla/5.0 (Macintosh; Intel Mac OS X 10_15_7) AppleWebKit/537.36 (KHTML, like Gecko) Chrome/130.0.0.0 Safari/537.36"
34.216.175.253 - - [21/Sep/2026:13:30:45 +0200] "GET /en/portfolio/supervision-of-the-improvement-works-of-the-maria-auxiliadora-hospital-of-the-amazonas-region/ HTTP/1.1" 200 117722 "-" "Mozilla/5.0 (Macintosh; Intel Mac OS X 10_15_7) AppleWebKit/537.36 (KHTML, like Gecko) Chrome/130.0.0.0 Safari/537.36"
34.216.175.253 - - [21/Sep/2026:13:30:47 +0200] "GET /en/portfolio/works-management-for-the-creation-of-the-technology-and-innovation-park-for-agriculture-of-the-national-agrarian-university/ HTTP/1.1" 200 118102 "-" "Mozilla/5.0 (Macintosh; Intel Mac OS X 10_15_7) AppleWebKit/537.36 (KHTML, like Gecko) Chrome/130.0.0.0 Safari/537.36"
34.216.175.253 - - [21/Sep/2026:13:30:50 +0200] "GET /en/portfolio/framework-agreement-for-quality-control-and-works-supervision-of-educational-centers-in-the-community-of-madrid/ HTTP/1.1" 200 118056 "-" "Mozilla/5.0 (Macintosh; Intel Mac OS X 10_15_7) AppleWebKit/537.36 (KHTML, like Gecko) Chrome/130.0.0.0 Safari/537.36"
40.77.167.63 - - [21/Sep/2026:13:30:52 +0200] "GET /rmsy210343tspmdti/osesi.htm HTTP/1.1" 301 5686 "-" "Mozilla/5.0 AppleWebKit/537.36 (KHTML, like Gecko; compatible; bingbot/2.0; +http://www.bing.com/bingbot.htm) Chrome/116.0.1938.76 Safari/537.36"
89.248.107.232 - - [21/Sep/2026:13:30:54 +0200] "POST /wp-cron.php?doing_wp_cron=1789990254.1297540664672851562500 HTTP/1.1" 200 5512 "-" "WordPress/6.6.2; https://grupo-seg.com/en/"
34.216.175.253 - - [21/Sep/2026:13:30:53 +0200] "GET /en/portfolio/project-for-the-new-headquarters-of-the-special-delegations-of-the-aeat-state-tax-administration-agency-and-the-ministry-of-economy-and-finance-in-the-city-of-valencia-project-modeled-under-bim-met/ HTTP/1.1" 200 118992 "-" "Mozilla/5.0 (Macintosh; Intel Mac OS X 10_15_7) AppleWebKit/537.36 (KHTML, like Gecko) Chrome/130.0.0.0 Safari/537.36"
34.216.175.253 - - [21/Sep/2026:13:30:53 +0200] "GET /en/portfolio/consulting-services-for-the-supervision-of-the-reconstruction-of-the-seafood-area-of-the-central-market-and-the-construction-of-the-autonomous-commercial-center-1/ HTTP/1.1" 200 118704 "-" "Mozilla/5.0 (Macintosh; Intel Mac OS X 10_15_7) AppleWebKit/537.36 (KHTML, like Gecko) Chrome/130.0.0.0 Safari/537.36"
34.216.175.253 - - [21/Sep/2026:13:30:56 +0200] "GET /en/portfolio/preparation-of-the-feasibility-study-studies-and-designs-for-the-urban-integration-project-of-the-regiotram-de-occidente/ HTTP/1.1" 200 119121 "-" "Mozilla/5.0 (Macintosh; Intel Mac OS X 10_15_7) AppleWebKit/537.36 (KHTML, like Gecko) Chrome/130.0.0.0 Safari/537.36"
34.216.175.253 - - [21/Sep/2026:13:30:57 +0200] "GET /en/portfolio/san-patricio-phase-i-urbanization-adaptation-of-the-urbanization/ HTTP/1.1" 200 117374 "-" "Mozilla/5.0 (Macintosh; Intel Mac OS X 10_15_7) AppleWebKit/537.36 (KHTML, like Gecko) Chrome/130.0.0.0 Safari/537.36"
34.216.175.253 - - [21/Sep/2026:13:30:59 +0200] "GET /en/portfolio/certification-and-supervision-of-a-vlt-light-rail-vehicle-in-the-baixada-santista-metropolitan-integrated-system/ HTTP/1.1" 200 117832 "-" "Mozilla/5.0 (Macintosh; Intel Mac OS X 10_15_7) AppleWebKit/537.36 (KHTML, like Gecko) Chrome/130.0.0.0 Safari/537.36"
89.248.107.232 - - [21/Sep/2026:13:31:01 +0200] "POST /wp-cron.php?doing_wp_cron=1789990261.0730009078979492187500 HTTP/1.1" 200 5512 "-" "WordPress/6.6.2; https://grupo-seg.com/en/"
34.216.175.253 - - [21/Sep/2026:13:31:00 +0200] "GET /en/portfolio/drafting-of-level-crossing-elimination-studies-lot-7/ HTTP/1.1" 200 117169 "-" "Mozilla/5.0 (Macintosh; Intel Mac OS X 10_15_7) AppleWebKit/537.36 (KHTML, like Gecko) Chrome/130.0.0.0 Safari/537.36"
34.216.175.253 - - [21/Sep/2026:13:31:02 +0200] "GET /en/portfolio/inspection-of-metallic-bridges-of-the-general-roca-railway-line/ HTTP/1.1" 200 117276 "-" "Mozilla/5.0 (Macintosh; Intel Mac OS X 10_15_7) AppleWebKit/537.36 (KHTML, like Gecko) Chrome/130.0.0.0 Safari/537.36"
89.248.107.232 - - [21/Sep/2026:13:31:06 +0200] "POST /wp-cron.php?doing_wp_cron=1789990266.4254629611968994140625 HTTP/1.1" 200 5512 "-" "WordPress/6.6.2; https://grupo-seg.com/en/"
34.216.175.253 - - [21/Sep/2026:13:31:06 +0200] "GET /en/portfolio/high-speed-rail-tunnels-on-the-prado-porto-and-prado-left-track-sections/ HTTP/1.1" 200 117448 "-" "Mozilla/5.0 (Macintosh; Intel Mac OS X 10_15_7) AppleWebKit/537.36 (KHTML, like Gecko) Chrome/130.0.0.0 Safari/537.36"
34.216.175.253 - - [21/Sep/2026:13:31:08 +0200] "GET /en/portfolio/drafting-of-construction-project-for-the-expansion-of-sidings/ HTTP/1.1" 200 117223 "-" "Mozilla/5.0 (Macintosh; Intel Mac OS X 10_15_7) AppleWebKit/537.36 (KHTML, like Gecko) Chrome/130.0.0.0 Safari/537.36"
34.216.175.253 - - [21/Sep/2026:13:31:09 +0200] "GET /en/portfolio/adif-northern-zone-audits/ HTTP/1.1" 200 116799 "-" "Mozilla/5.0 (Macintosh; Intel Mac OS X 10_15_7) AppleWebKit/537.36 (KHTML, like Gecko) Chrome/130.0.0.0 Safari/537.36"
34.216.175.253 - - [21/Sep/2026:13:31:11 +0200] "GET /en/portfolio/basic-engineering-and-details-for-the-grade-separation-at-francia-and-baron-stations/ HTTP/1.1" 200 117446 "-" "Mozilla/5.0 (Macintosh; Intel Mac OS X 10_15_7) AppleWebKit/537.36 (KHTML, like Gecko) Chrome/130.0.0.0 Safari/537.36"
34.216.175.253 - - [21/Sep/2026:13:31:13 +0200] "GET /en/portfolio/improvement-and-expansion-of-the-jinotepe-sanitary-sewer-system/ HTTP/1.1" 200 117316 "-" "Mozilla/5.0 (Macintosh; Intel Mac OS X 10_15_7) AppleWebKit/537.36 (KHTML, like Gecko) Chrome/130.0.0.0 Safari/537.36"
34.216.175.253 - - [21/Sep/2026:13:31:16 +0200] "GET /en/portfolio/supervision-of-the-work-for-the-final-repair-of-the-intake-structure-of-the-huachipa-system/ HTTP/1.1" 200 117565 "-" "Mozilla/5.0 (Macintosh; Intel Mac OS X 10_15_7) AppleWebKit/537.36 (KHTML, like Gecko) Chrome/130.0.0.0 Safari/537.36"
34.216.175.253 - - [21/Sep/2026:13:31:18 +0200] "GET /en/portfolio/supervision-of-the-solid-waste-management-system-in-cochabamba/ HTTP/1.1" 200 117314 "-" "Mozilla/5.0 (Macintosh; Intel Mac OS X 10_15_7) AppleWebKit/537.36 (KHTML, like Gecko) Chrome/130.0.0.0 Safari/537.36"
34.216.175.253 - - [21/Sep/2026:13:31:20 +0200] "GET /en/portfolio/technical-file-for-the-expansion-and-improvement-of-the-potable-water-and-sewage-systems-of-nueva-rinconada/ HTTP/1.1" 200 117885 "-" "Mozilla/5.0 (Macintosh; Intel Mac OS X 10_15_7) AppleWebKit/537.36 (KHTML, like Gecko) Chrome/130.0.0.0 Safari/537.36"
34.216.175.253 - - [21/Sep/2026:13:31:22 +0200] "GET /en/portfolio/pre-investment-study-for-the-project-construction-and-expansion-of-the-acora-totorani-integrated-irrigation-system/ HTTP/1.1" 200 117953 "-" "Mozilla/5.0 (Macintosh; Intel Mac OS X 10_15_7) AppleWebKit/537.36 (KHTML, like Gecko) Chrome/130.0.0.0 Safari/537.36"
89.248.107.232 - - [21/Sep/2026:13:31:25 +0200] "POST /wp-cron.php?doing_wp_cron=1789990285.8423969745635986328125 HTTP/1.1" 200 5512 "-" "WordPress/6.6.2; https://grupo-seg.com/en/"
34.216.175.253 - - [21/Sep/2026:13:31:25 +0200] "GET /en/portfolio/supervision-of-the-flood-protection-work-for-the-cities-of-piura-and-castilla-in-piura/ HTTP/1.1" 200 117620 "-" "Mozilla/5.0 (Macintosh; Intel Mac OS X 10_15_7) AppleWebKit/537.36 (KHTML, like Gecko) Chrome/130.0.0.0 Safari/537.36"
89.248.107.232 - - [21/Sep/2026:13:31:27 +0200] "POST /wp-admin/admin-ajax.php?action=async_litespeed&nonce=b4cc4c672a&litespeed_type=imgoptm HTTP/1.1" 200 5698 "-" "WordPress/6.6.2; https://grupo-seg.com"
34.216.175.253 - - [21/Sep/2026:13:31:27 +0200] "GET /en/portfolio/supervision-and-control-of-the-normandia-hydroelectric-project/ HTTP/1.1" 200 117206 "-" "Mozilla/5.0 (Macintosh; Intel Mac OS X 10_15_7) AppleWebKit/537.36 (KHTML, like Gecko) Chrome/130.0.0.0 Safari/537.36"
34.216.175.253 - - [21/Sep/2026:13:31:30 +0200] "GET /en/portfolio/expansion-of-desanding-tanks-at-hidroabanico/ HTTP/1.1" 200 117039 "-" "Mozilla/5.0 (Macintosh; Intel Mac OS X 10_15_7) AppleWebKit/537.36 (KHTML, like Gecko) Chrome/130.0.0.0 Safari/537.36"
34.216.175.253 - - [21/Sep/2026:13:31:33 +0200] "GET /en/portfolio/consultancy-for-the-updating-complementing-and-generation-of-the-environmental-viability-for-the-expansion-works-of-the-chingaza-system/ HTTP/1.1" 200 118189 "-" "Mozilla/5.0 (Macintosh; Intel Mac OS X 10_15_7) AppleWebKit/537.36 (KHTML, like Gecko) Chrome/130.0.0.0 Safari/537.36"
34.216.175.253 - - [21/Sep/2026:13:31:34 +0200] "GET /en/portfolio/technical-assistance-for-the-development-and-execution-of-infrastructure-programs-for-the-navy/ HTTP/1.1" 200 117737 "-" "Mozilla/5.0 (Macintosh; Intel Mac OS X 10_15_7) AppleWebKit/537.36 (KHTML, like Gecko) Chrome/130.0.0.0 Safari/537.36"
95.124.171.193 - - [21/Sep/2026:13:31:35 +0200] "POST /autodiscover/autodiscover.xml HTTP/1.1" 404 92202 "-" "Microsoft Office/16.0 (Windows NT 10.0; Microsoft Outlook 16.0.20326; Pro)"
34.216.175.253 - - [21/Sep/2026:13:31:37 +0200] "GET /en/portfolio/supervision-of-the-rehabilitation-of-the-maritime-facade-of-gandia-beach/ HTTP/1.1" 200 117466 "-" "Mozilla/5.0 (Macintosh; Intel Mac OS X 10_15_7) AppleWebKit/537.36 (KHTML, like Gecko) Chrome/130.0.0.0 Safari/537.36"
34.216.175.253 - - [21/Sep/2026:13:31:38 +0200] "GET /en/portfolio/supervision-of-various-actions-within-the-framework-of-the-celebration-of-the-32nd-edition-of-the-americas-cup-in-valencia/ HTTP/1.1" 200 118010 "-" "Mozilla/5.0 (Macintosh; Intel Mac OS X 10_15_7) AppleWebKit/537.36 (KHTML, like Gecko) Chrome/130.0.0.0 Safari/537.36"
89.248.107.232 - - [21/Sep/2026:13:31:43 +0200] "POST /wp-cron.php?doing_wp_cron=1789990303.8751320838928222656250 HTTP/1.1" 200 5512 "-" "WordPress/6.6.2; https://grupo-seg.com/en/"
34.216.175.253 - - [21/Sep/2026:13:31:42 +0200] "GET /en/portfolio/aerial-cable-transport-systems-for-the-towns-of-santafe-and-la-candelaria-and-complementary-works/ HTTP/1.1" 200 117804 "-" "Mozilla/5.0 (Macintosh; Intel Mac OS X 10_15_7) AppleWebKit/537.36 (KHTML, like Gecko) Chrome/130.0.0.0 Safari/537.36"
34.216.175.253 - - [21/Sep/2026:13:31:44 +0200] "GET /en/portfolio/technical-assistance-and-study-for-the-improvement-of-the-port-of-pasaia/ HTTP/1.1" 200 117332 "-" "Mozilla/5.0 (Macintosh; Intel Mac OS X 10_15_7) AppleWebKit/537.36 (KHTML, like Gecko) Chrome/130.0.0.0 Safari/537.36"
34.216.175.253 - - [21/Sep/2026:13:31:49 +0200] "GET /en/portfolio/supervision-of-port-concession-contracts/ HTTP/1.1" 200 117040 "-" "Mozilla/5.0 (Macintosh; Intel Mac OS X 10_15_7) AppleWebKit/537.36 (KHTML, like Gecko) Chrome/130.0.0.0 Safari/537.36"
34.216.175.253 - - [21/Sep/2026:13:31:49 +0200] "GET /en/portfolio/technical-financial-administrative-and-environmental-supervision-for-the-sewage-system-of-the-buenaventura-district/ HTTP/1.1" 200 117913 "-" "Mozilla/5.0 (Macintosh; Intel Mac OS X 10_15_7) AppleWebKit/537.36 (KHTML, like Gecko) Chrome/130.0.0.0 Safari/537.36"
34.216.175.253 - - [21/Sep/2026:13:31:53 +0200] "GET /en/portfolio/project-management-of-the-manilva-ii-urban-development-in-malaga/ HTTP/1.1" 200 117342 "-" "Mozilla/5.0 (Macintosh; Intel Mac OS X 10_15_7) AppleWebKit/537.36 (KHTML, like Gecko) Chrome/130.0.0.0 Safari/537.36"
89.248.107.232 - - [21/Sep/2026:13:31:55 +0200] "POST /wp-cron.php?doing_wp_cron=1789990315.5439319610595703125000 HTTP/1.1" 200 5512 "-" "WordPress/6.6.2; https://grupo-seg.com/en/"
34.216.175.253 - - [21/Sep/2026:13:31:54 +0200] "GET /en/portfolio/consultancy-for-the-feasibility-study-and-design-for-the-construction-of-the-pacific-coast-highway-2/ HTTP/1.1" 200 117839 "-" "Mozilla/5.0 (Macintosh; Intel Mac OS X 10_15_7) AppleWebKit/537.36 (KHTML, like Gecko) Chrome/130.0.0.0 Safari/537.36"
34.216.175.253 - - [21/Sep/2026:13:31:57 +0200] "GET /en/portfolio/consultancy-for-the-feasibility-study-and-design-for-the-construction-of-the-pacific-coast-highway/ HTTP/1.1" 200 117571 "-" "Mozilla/5.0 (Macintosh; Intel Mac OS X 10_15_7) AppleWebKit/537.36 (KHTML, like Gecko) Chrome/130.0.0.0 Safari/537.36"
34.216.175.253 - - [21/Sep/2026:13:31:59 +0200] "GET /en/portfolio/supervision-of-the-renovation-works-of-the-belgrano-sur-railway-line-between-tapiales-and-marinos-del-crucero-general-belgrano-stations/ HTTP/1.1" 200 118406 "-" "Mozilla/5.0 (Macintosh; Intel Mac OS X 10_15_7) AppleWebKit/537.36 (KHTML, like Gecko) Chrome/130.0.0.0 Safari/537.36"
89.248.107.232 - - [21/Sep/2026:13:32:01 +0200] "POST /wp-cron.php?doing_wp_cron=1789990321.1161310672760009765625 HTTP/1.1" 200 5512 "-" "WordPress/6.6.2; https://grupo-seg.com/en/"
34.216.175.253 - - [21/Sep/2026:13:32:00 +0200] "GET /en/integrated-management-system/ HTTP/1.1" 200 147401 "-" "Mozilla/5.0 (Macintosh; Intel Mac OS X 10_15_7) AppleWebKit/537.36 (KHTML, like Gecko) Chrome/130.0.0.0 Safari/537.36"
34.216.175.253 - - [21/Sep/2026:13:32:02 +0200] "GET /en/corporate-social-responsibility/ HTTP/1.1" 200 158753 "-" "Mozilla/5.0 (Macintosh; Intel Mac OS X 10_15_7) AppleWebKit/537.36 (KHTML, like Gecko) Chrome/130.0.0.0 Safari/537.36"
34.216.175.253 - - [21/Sep/2026:13:32:05 +0200] "GET /en/projects/transportation/ HTTP/1.1" 200 127876 "-" "Mozilla/5.0 (Macintosh; Intel Mac OS X 10_15_7) AppleWebKit/537.36 (KHTML, like Gecko) Chrome/130.0.0.0 Safari/537.36"
95.124.171.193 - - [21/Sep/2026:13:32:06 +0200] "POST /autodiscover/autodiscover.xml HTTP/1.1" 404 92202 "-" "Microsoft Office/16.0 (Windows NT 10.0; Microsoft Outlook 16.0.20326; Pro)"
34.216.175.253 - - [21/Sep/2026:13:32:08 +0200] "GET /en/projects/smart-activities/ HTTP/1.1" 200 127451 "-" "Mozilla/5.0 (Macintosh; Intel Mac OS X 10_15_7) AppleWebKit/537.36 (KHTML, like Gecko) Chrome/130.0.0.0 Safari/537.36"
34.216.175.253 - - [21/Sep/2026:13:32:09 +0200] "GET /en/projects/geotechnical-engineering/ HTTP/1.1" 200 127665 "-" "Mozilla/5.0 (Macintosh; Intel Mac OS X 10_15_7) AppleWebKit/537.36 (KHTML, like Gecko) Chrome/130.0.0.0 Safari/537.36"
34.216.175.253 - - [21/Sep/2026:13:32:11 +0200] "GET /en/projects/building-construction/ HTTP/1.1" 200 127584 "-" "Mozilla/5.0 (Macintosh; Intel Mac OS X 10_15_7) AppleWebKit/537.36 (KHTML, like Gecko) Chrome/130.0.0.0 Safari/537.36"
34.216.175.253 - - [21/Sep/2026:13:32:12 +0200] "GET /en/projects/water-and-environment/ HTTP/1.1" 200 127644 "-" "Mozilla/5.0 (Macintosh; Intel Mac OS X 10_15_7) AppleWebKit/537.36 (KHTML, like Gecko) Chrome/130.0.0.0 Safari/537.36"
34.216.175.253 - - [21/Sep/2026:13:32:15 +0200] "GET /en/data-protection-policy/ HTTP/1.1" 200 139826 "-" "Mozilla/5.0 (Macintosh; Intel Mac OS X 10_15_7) AppleWebKit/537.36 (KHTML, like Gecko) Chrome/130.0.0.0 Safari/537.36"
34.216.175.253 - - [21/Sep/2026:13:32:16 +0200] "GET /en/cookies-policy/ HTTP/1.1" 200 121662 "-" "Mozilla/5.0 (Macintosh; Intel Mac OS X 10_15_7) AppleWebKit/537.36 (KHTML, like Gecko) Chrome/130.0.0.0 Safari/537.36"
34.216.175.253 - - [21/Sep/2026:13:32:18 +0200] "GET /en/countries/united-kingdom/ HTTP/1.1" 200 147455 "-" "Mozilla/5.0 (Macintosh; Intel Mac OS X 10_15_7) AppleWebKit/537.36 (KHTML, like Gecko) Chrome/130.0.0.0 Safari/537.36"
34.216.175.253 - - [21/Sep/2026:13:32:19 +0200] "GET /en/countries/el-salvador/ HTTP/1.1" 200 151630 "-" "Mozilla/5.0 (Macintosh; Intel Mac OS X 10_15_7) AppleWebKit/537.36 (KHTML, like Gecko) Chrome/130.0.0.0 Safari/537.36"
34.216.175.253 - - [21/Sep/2026:13:32:21 +0200] "GET /en/general-information/ HTTP/1.1" 200 120264 "-" "Mozilla/5.0 (Macintosh; Intel Mac OS X 10_15_7) AppleWebKit/537.36 (KHTML, like Gecko) Chrome/130.0.0.0 Safari/537.36"
34.216.175.253 - - [21/Sep/2026:13:32:23 +0200] "GET /en/focus/ HTTP/1.1" 200 157004 "-" "Mozilla/5.0 (Macintosh; Intel Mac OS X 10_15_7) AppleWebKit/537.36 (KHTML, like Gecko) Chrome/130.0.0.0 Safari/537.36"
89.248.107.232 - - [21/Sep/2026:13:32:26 +0200] "POST /wp-cron.php?doing_wp_cron=1789990345.9910008907318115234375 HTTP/1.1" 200 5512 "-" "WordPress/6.6.2; https://grupo-seg.com/en/"
34.216.175.253 - - [21/Sep/2026:13:32:25 +0200] "GET /en/internal-reporting-channel/ HTTP/1.1" 200 124423 "-" "Mozilla/5.0 (Macintosh; Intel Mac OS X 10_15_7) AppleWebKit/537.36 (KHTML, like Gecko) Chrome/130.0.0.0 Safari/537.36"
89.248.107.232 - - [21/Sep/2026:13:32:27 +0200] "POST /wp-admin/admin-ajax.php?action=async_litespeed&nonce=b4cc4c672a&litespeed_type=imgoptm HTTP/1.1" 200 5698 "-" "WordPress/6.6.2; https://grupo-seg.com"
34.216.175.253 - - [21/Sep/2026:13:32:26 +0200] "GET /en/grupo-seg-participates-in-the-laying-of-the-first-stone-of-a-project-at-the-national-agrarian-university-la-molina-in-lima/ HTTP/1.1" 200 122393 "-" "Mozilla/5.0 (Macintosh; Intel Mac OS X 10_15_7) AppleWebKit/537.36 (KHTML, like Gecko) Chrome/130.0.0.0 Safari/537.36"
34.216.175.253 - - [21/Sep/2026:13:32:28 +0200] "GET /en/we-enjoy-the-parks-of-madrid/ HTTP/1.1" 200 121472 "-" "Mozilla/5.0 (Macintosh; Intel Mac OS X 10_15_7) AppleWebKit/537.36 (KHTML, like Gecko) Chrome/130.0.0.0 Safari/537.36"
34.216.175.253 - - [21/Sep/2026:13:32:32 +0200] "GET /en/public-presentation-of-the-2030-road-safety-master-plan/ HTTP/1.1" 200 122407 "-" "Mozilla/5.0 (Macintosh; Intel Mac OS X 10_15_7) AppleWebKit/537.36 (KHTML, like Gecko) Chrome/130.0.0.0 Safari/537.36"
34.216.175.253 - - [21/Sep/2026:13:32:33 +0200] "GET /en/grupo-seg-at-the-annual-member-assembly-of-the-united-nations-global-compact/ HTTP/1.1" 200 123460 "-" "Mozilla/5.0 (Macintosh; Intel Mac OS X 10_15_7) AppleWebKit/537.36 (KHTML, like Gecko) Chrome/130.0.0.0 Safari/537.36"
34.216.175.253 - - [21/Sep/2026:13:32:35 +0200] "GET /en/the-first-technical-studies-for-the-improvement-of-the-py01-route-are-presented/ HTTP/1.1" 200 122794 "-" "Mozilla/5.0 (Macintosh; Intel Mac OS X 10_15_7) AppleWebKit/537.36 (KHTML, like Gecko) Chrome/130.0.0.0 Safari/537.36"
34.216.175.253 - - [21/Sep/2026:13:32:38 +0200] "GET /en/advances-in-the-green-corridor-of-the-seventh-in-bogota/ HTTP/1.1" 200 123099 "-" "Mozilla/5.0 (Macintosh; Intel Mac OS X 10_15_7) AppleWebKit/537.36 (KHTML, like Gecko) Chrome/130.0.0.0 Safari/537.36"
89.248.107.232 - - [21/Sep/2026:13:32:41 +0200] "POST /wp-cron.php?doing_wp_cron=1789990360.9679250717163085937500 HTTP/1.1" 200 5512 "-" "WordPress/6.6.2; https://grupo-seg.com/en/"
34.216.175.253 - - [21/Sep/2026:13:32:40 +0200] "GET /en/seg-group-in-the-renovation-works-of-the-belgrano-sur-railway-line/ HTTP/1.1" 200 123193 "-" "Mozilla/5.0 (Macintosh; Intel Mac OS X 10_15_7) AppleWebKit/537.36 (KHTML, like Gecko) Chrome/130.0.0.0 Safari/537.36"
34.216.175.253 - - [21/Sep/2026:13:32:41 +0200] "GET /en/the-works-for-the-restoration-of-the-railway-on-the-madrid-hendaya-line-gabiria-spain-are-progressing/ HTTP/1.1" 200 123129 "-" "Mozilla/5.0 (Macintosh; Intel Mac OS X 10_15_7) AppleWebKit/537.36 (KHTML, like Gecko) Chrome/130.0.0.0 Safari/537.36"
89.248.107.232 - - [21/Sep/2026:13:32:43 +0200] "POST /wp-cron.php?doing_wp_cron=1789990363.3196280002593994140625 HTTP/1.1" 200 5512 "-" "WordPress/6.6.2; https://grupo-seg.com/en/"
34.216.175.253 - - [21/Sep/2026:13:32:42 +0200] "GET /en/the-engineering-works-on-the-santiago-batuco-section-are-completed/ HTTP/1.1" 200 121149 "-" "Mozilla/5.0 (Macintosh; Intel Mac OS X 10_15_7) AppleWebKit/537.36 (KHTML, like Gecko) Chrome/130.0.0.0 Safari/537.36"
34.216.175.253 - - [21/Sep/2026:13:32:45 +0200] "GET /en/the-execution-of-the-tres-bocas-tunnel-in-paraguay-continues/ HTTP/1.1" 200 123066 "-" "Mozilla/5.0 (Macintosh; Intel Mac OS X 10_15_7) AppleWebKit/537.36 (KHTML, like Gecko) Chrome/130.0.0.0 Safari/537.36"
34.216.175.253 - - [21/Sep/2026:13:32:47 +0200] "GET /en/own-elaboration-and-three-bocas-road-project/ HTTP/1.1" 200 131072 "-" "Mozilla/5.0 (Macintosh; Intel Mac OS X 10_15_7) AppleWebKit/537.36 (KHTML, like Gecko) Chrome/130.0.0.0 Safari/537.36"
34.216.175.253 - - [21/Sep/2026:13:32:49 +0200] "GET /en/renovation-of-line-9-of-the-madrid-metro/ HTTP/1.1" 200 116368 "-" "Mozilla/5.0 (Macintosh; Intel Mac OS X 10_15_7) AppleWebKit/537.36 (KHTML, like Gecko) Chrome/130.0.0.0 Safari/537.36"
34.216.175.253 - - [21/Sep/2026:13:32:50 +0200] "GET /en/oversight-of-the-concession-contract-for-the-sabana-de-torres-curumani-corridor-magdalena-2-main-line/ HTTP/1.1" 200 120555 "-" "Mozilla/5.0 (Macintosh; Intel Mac OS X 10_15_7) AppleWebKit/537.36 (KHTML, like Gecko) Chrome/130.0.0.0 Safari/537.36"
34.216.175.253 - - [21/Sep/2026:13:32:52 +0200] "GET /en/oversight-of-the-renovation-works-of-the-belgrano-sur-railway-between-tapiales-and-marinos-del-crucero-general-belgrano-stations/ HTTP/1.1" 200 129568 "-" "Mozilla/5.0 (Macintosh; Intel Mac OS X 10_15_7) AppleWebKit/537.36 (KHTML, like Gecko) Chrome/130.0.0.0 Safari/537.36"
89.248.107.232 - - [21/Sep/2026:13:32:54 +0200] "POST /wp-cron.php?doing_wp_cron=1789990374.3740561008453369140625 HTTP/1.1" 200 5512 "-" "WordPress/6.6.2; https://grupo-seg.com/en/"
34.216.175.253 - - [21/Sep/2026:13:32:53 +0200] "GET /en/supervision-of-the-construction-of-the-sunat-technology-center-for-information-processing-lima-peru/ HTTP/1.1" 200 121231 "-" "Mozilla/5.0 (Macintosh; Intel Mac OS X 10_15_7) AppleWebKit/537.36 (KHTML, like Gecko) Chrome/130.0.0.0 Safari/537.36"
89.248.107.232 - - [21/Sep/2026:13:33:00 +0200] "POST /wp-cron.php?doing_wp_cron=1789990380.3220169544219970703125 HTTP/1.1" 200 5512 "-" "WordPress/6.6.2; https://grupo-seg.com"
34.216.175.253 - - [21/Sep/2026:13:32:59 +0200] "GET /informacion-general/ HTTP/1.1" 200 120017 "-" "Mozilla/5.0 (Macintosh; Intel Mac OS X 10_15_7) AppleWebKit/537.36 (KHTML, like Gecko) Chrome/130.0.0.0 Safari/537.36"
34.216.175.253 - - [21/Sep/2026:13:33:00 +0200] "GET /politica-de-cookies/ HTTP/1.1" 200 121642 "-" "Mozilla/5.0 (Macintosh; Intel Mac OS X 10_15_7) AppleWebKit/537.36 (KHTML, like Gecko) Chrome/130.0.0.0 Safari/537.36"
89.248.107.232 - - [21/Sep/2026:13:33:03 +0200] "POST /wp-cron.php?doing_wp_cron=1789990383.1683320999145507812500 HTTP/1.1" 200 5512 "-" "WordPress/6.6.2; https://grupo-seg.com"
34.216.175.253 - - [21/Sep/2026:13:33:02 +0200] "GET /politica-de-privacidad/ HTTP/1.1" 200 141271 "-" "Mozilla/5.0 (Macintosh; Intel Mac OS X 10_15_7) AppleWebKit/537.36 (KHTML, like Gecko) Chrome/130.0.0.0 Safari/537.36"
34.216.175.253 - - [21/Sep/2026:13:33:03 +0200] "GET /aviso-legal/ HTTP/1.1" 200 122709 "-" "Mozilla/5.0 (Macintosh; Intel Mac OS X 10_15_7) AppleWebKit/537.36 (KHTML, like Gecko) Chrome/130.0.0.0 Safari/537.36"
34.216.175.253 - - [21/Sep/2026:13:33:05 +0200] "GET /actualidad HTTP/1.1" 301 5577 "-" "Mozilla/5.0 (Macintosh; Intel Mac OS X 10_15_7) AppleWebKit/537.36 (KHTML, like Gecko) Chrome/130.0.0.0 Safari/537.36"
34.216.175.253 - - [21/Sep/2026:13:33:06 +0200] "GET /paises HTTP/1.1" 301 5573 "-" "Mozilla/5.0 (Macintosh; Intel Mac OS X 10_15_7) AppleWebKit/537.36 (KHTML, like Gecko) Chrome/130.0.0.0 Safari/537.36"
34.216.175.253 - - [21/Sep/2026:13:33:08 +0200] "GET /contacto HTTP/1.1" 301 5575 "-" "Mozilla/5.0 (Macintosh; Intel Mac OS X 10_15_7) AppleWebKit/537.36 (KHTML, like Gecko) Chrome/130.0.0.0 Safari/537.36"
34.216.175.253 - - [21/Sep/2026:13:33:10 +0200] "GET /en/ HTTP/1.1" 200 165995 "-" "Mozilla/5.0 (Macintosh; Intel Mac OS X 10_15_7) AppleWebKit/537.36 (KHTML, like Gecko) Chrome/130.0.0.0 Safari/537.36"
34.216.175.253 - - [21/Sep/2026:13:33:12 +0200] "GET / HTTP/1.1" 200 165847 "-" "Mozilla/5.0 (Macintosh; Intel Mac OS X 10_15_7) AppleWebKit/537.36 (KHTML, like Gecko) Chrome/130.0.0.0 Safari/537.36"
34.216.175.253 - - [21/Sep/2026:13:33:13 +0200] "GET /contacto/ HTTP/1.1" 200 199636 "-" "Mozilla/5.0 (Macintosh; Intel Mac OS X 10_15_7) AppleWebKit/537.36 (KHTML, like Gecko) Chrome/130.0.0.0 Safari/537.36"
34.216.175.253 - - [21/Sep/2026:13:33:15 +0200] "GET /actualidad/ HTTP/1.1" 200 149363 "-" "Mozilla/5.0 (Macintosh; Intel Mac OS X 10_15_7) AppleWebKit/537.36 (KHTML, like Gecko) Chrome/130.0.0.0 Safari/537.36"
34.216.175.253 - - [21/Sep/2026:13:33:17 +0200] "GET /paises/bolivia/ HTTP/1.1" 200 174062 "-" "Mozilla/5.0 (Macintosh; Intel Mac OS X 10_15_7) AppleWebKit/537.36 (KHTML, like Gecko) Chrome/130.0.0.0 Safari/537.36"
34.216.175.253 - - [21/Sep/2026:13:33:18 +0200] "GET /paises/paraguay/ HTTP/1.1" 200 169964 "-" "Mozilla/5.0 (Macintosh; Intel Mac OS X 10_15_7) AppleWebKit/537.36 (KHTML, like Gecko) Chrome/130.0.0.0 Safari/537.36"
34.216.175.253 - - [21/Sep/2026:13:33:20 +0200] "GET /paises/nicaragua/ HTTP/1.1" 200 171246 "-" "Mozilla/5.0 (Macintosh; Intel Mac OS X 10_15_7) AppleWebKit/537.36 (KHTML, like Gecko) Chrome/130.0.0.0 Safari/537.36"
34.216.175.253 - - [21/Sep/2026:13:33:21 +0200] "GET /paises/panama/ HTTP/1.1" 200 155077 "-" "Mozilla/5.0 (Macintosh; Intel Mac OS X 10_15_7) AppleWebKit/537.36 (KHTML, like Gecko) Chrome/130.0.0.0 Safari/537.36"
34.216.175.253 - - [21/Sep/2026:13:33:23 +0200] "GET /paises/chile/ HTTP/1.1" 200 156795 "-" "Mozilla/5.0 (Macintosh; Intel Mac OS X 10_15_7) AppleWebKit/537.36 (KHTML, like Gecko) Chrome/130.0.0.0 Safari/537.36"
89.248.107.232 - - [21/Sep/2026:13:33:26 +0200] "POST /wp-cron.php?doing_wp_cron=1789990406.0740919113159179687500 HTTP/1.1" 200 5512 "-" "WordPress/6.6.2; https://grupo-seg.com"
34.216.175.253 - - [21/Sep/2026:13:33:25 +0200] "GET /paises/argentina/ HTTP/1.1" 200 158944 "-" "Mozilla/5.0 (Macintosh; Intel Mac OS X 10_15_7) AppleWebKit/537.36 (KHTML, like Gecko) Chrome/130.0.0.0 Safari/537.36"
89.248.107.232 - - [21/Sep/2026:13:33:27 +0200] "POST /wp-admin/admin-ajax.php?action=async_litespeed&nonce=b4cc4c672a&litespeed_type=imgoptm HTTP/1.1" 200 5698 "-" "WordPress/6.6.2; https://grupo-seg.com"
34.216.175.253 - - [21/Sep/2026:13:33:27 +0200] "GET /paises/colombia/ HTTP/1.1" 200 176080 "-" "Mozilla/5.0 (Macintosh; Intel Mac OS X 10_15_7) AppleWebKit/537.36 (KHTML, like Gecko) Chrome/130.0.0.0 Safari/537.36"
34.216.175.253 - - [21/Sep/2026:13:33:28 +0200] "GET /paises/peru/ HTTP/1.1" 200 166718 "-" "Mozilla/5.0 (Macintosh; Intel Mac OS X 10_15_7) AppleWebKit/537.36 (KHTML, like Gecko) Chrome/130.0.0.0 Safari/537.36"
34.216.175.253 - - [21/Sep/2026:13:33:30 +0200] "GET /paises/ecuador/ HTTP/1.1" 200 156665 "-" "Mozilla/5.0 (Macintosh; Intel Mac OS X 10_15_7) AppleWebKit/537.36 (KHTML, like Gecko) Chrome/130.0.0.0 Safari/537.36"
34.216.175.253 - - [21/Sep/2026:13:33:32 +0200] "GET /paises/espana/ HTTP/1.1" 200 160970 "-" "Mozilla/5.0 (Macintosh; Intel Mac OS X 10_15_7) AppleWebKit/537.36 (KHTML, like Gecko) Chrome/130.0.0.0 Safari/537.36"
34.216.175.253 - - [21/Sep/2026:13:33:33 +0200] "GET /paises/ HTTP/1.1" 200 152346 "-" "Mozilla/5.0 (Macintosh; Intel Mac OS X 10_15_7) AppleWebKit/537.36 (KHTML, like Gecko) Chrome/130.0.0.0 Safari/537.36"
34.216.175.253 - - [21/Sep/2026:13:33:34 +0200] "GET /proyectos/ HTTP/1.1" 200 975279 "-" "Mozilla/5.0 (Macintosh; Intel Mac OS X 10_15_7) AppleWebKit/537.36 (KHTML, like Gecko) Chrome/130.0.0.0 Safari/537.36"
34.216.175.253 - - [21/Sep/2026:13:33:35 +0200] "GET /servicios/ HTTP/1.1" 200 202602 "-" "Mozilla/5.0 (Macintosh; Intel Mac OS X 10_15_7) AppleWebKit/537.36 (KHTML, like Gecko) Chrome/130.0.0.0 Safari/537.36"
34.216.175.253 - - [21/Sep/2026:13:33:39 +0200] "GET /sobre-nosotros/ HTTP/1.1" 200 257609 "-" "Mozilla/5.0 (Macintosh; Intel Mac OS X 10_15_7) AppleWebKit/537.36 (KHTML, like Gecko) Chrome/130.0.0.0 Safari/537.36"
89.248.107.232 - - [21/Sep/2026:13:34:16 +0200] "POST /wp-cron.php?doing_wp_cron=1789990456.3901879787445068359375 HTTP/1.1" 200 5512 "-" "WordPress/6.6.2; https://grupo-seg.com"
37.10.239.13 - - [21/Sep/2026:13:34:15 +0200] "POST /autodiscover/autodiscover.xml HTTP/1.1" 404 92217 "-" "Microsoft Office/16.0 (Windows NT 10.0; Microsoft Outlook 16.0.20326; Pro)"
89.248.107.232 - - [21/Sep/2026:13:34:31 +0200] "POST /wp-cron.php?doing_wp_cron=1789990471.3259649276733398437500 HTTP/1.1" 200 5512 "-" "WordPress/6.6.2; https://grupo-seg.com"
146.56.197.150 - - [21/Sep/2026:13:34:30 +0200] "GET / HTTP/1.1" 301 5612 "http://www.alben4000.com" "Mozilla/5.0 (iPhone; CPU iPhone OS 13_2_3 like Mac OS X) AppleWebKit/605.1.15 (KHTML, like Gecko) Version/13.0.3 Mobile/15E148 Safari/604.1"
89.248.107.232 - - [21/Sep/2026:13:34:32 +0200] "POST /wp-admin/admin-ajax.php?action=async_litespeed&nonce=b4cc4c672a&litespeed_type=imgoptm HTTP/1.1" 200 5698 "-" "WordPress/6.6.2; https://grupo-seg.com"
146.56.197.150 - - [21/Sep/2026:13:34:34 +0200] "GET / HTTP/1.1" 200 157019 "https://www.grupo-seg.com/" "Mozilla/5.0 (iPhone; CPU iPhone OS 13_2_3 like Mac OS X) AppleWebKit/605.1.15 (KHTML, like Gecko) Version/13.0.3 Mobile/15E148 Safari/604.1"
89.248.107.232 - - [21/Sep/2026:13:34:43 +0200] "POST /wp-cron.php?doing_wp_cron=1789990483.9297800064086914062500 HTTP/1.1" 200 5512 "-" "WordPress/6.6.2; https://grupo-seg.com"
37.10.239.13 - - [21/Sep/2026:13:34:43 +0200] "POST /autodiscover/autodiscover.xml HTTP/1.1" 404 92202 "-" "Microsoft Office/16.0 (Windows NT 10.0; Microsoft Outlook 16.0.20326; Pro)"
37.10.239.13 - - [21/Sep/2026:13:34:51 +0200] "POST /autodiscover/autodiscover.xml HTTP/1.1" 404 92217 "-" "Microsoft Office/16.0 (Windows NT 10.0; Microsoft Outlook 16.0.20326; Pro)"
89.248.107.232 - - [21/Sep/2026:13:35:32 +0200] "POST /wp-cron.php?doing_wp_cron=1789990532.8574090003967285156250 HTTP/1.1" 200 5512 "-" "WordPress/6.6.2; https://grupo-seg.com"
116.98.255.219 - - [21/Sep/2026:13:35:31 +0200] "GET /favicon.ico HTTP/1.1" 302 5672 "-" "NetworkingExtension/8624.2.5.10.4 Network/5812.122.1 iOS/26.5"
89.248.107.232 - - [21/Sep/2026:13:35:32 +0200] "POST /wp-cron.php?doing_wp_cron=1789990532.8559100627899169921875 HTTP/1.1" 200 5512 "-" "WordPress/6.6.2; https://grupo-seg.com"
116.98.255.219 - - [21/Sep/2026:13:35:31 +0200] "GET /apple-touch-icon-precomposed.png HTTP/1.1" 404 99365 "-" "NetworkingExtension/8624.2.5.10.4 Network/5812.122.1 iOS/26.5"
116.98.255.219 - - [21/Sep/2026:13:35:31 +0200] "GET /apple-touch-icon.png HTTP/1.1" 404 99025 "-" "NetworkingExtension/8624.2.5.10.4 Network/5812.122.1 iOS/26.5"
89.248.107.232 - - [21/Sep/2026:13:35:35 +0200] "POST /wp-admin/admin-ajax.php?action=async_litespeed&nonce=b4cc4c672a&litespeed_type=imgoptm HTTP/1.1" 200 5698 "-" "WordPress/6.6.2; https://grupo-seg.com"
116.98.255.219 - - [21/Sep/2026:13:35:31 +0200] "GET /paises/espana/ HTTP/1.1" 200 161000 "-" "Mozilla/5.0 (Macintosh; Intel Mac OS X 10_11_1) AppleWebKit/601.2.4 (KHTML, like Gecko) Version/9.0.1 Safari/601.2.4 facebookexternalhit/1.1 Facebot Twitterbot/1.0"
89.248.107.232 - - [21/Sep/2026:13:35:52 +0200] "POST /wp-cron.php?doing_wp_cron=1789990552.7329530715942382812500 HTTP/1.1" 200 5512 "-" "WordPress/6.6.2; https://grupo-seg.com"
195.57.112.135 - - [21/Sep/2026:13:35:51 +0200] "POST /autodiscover/autodiscover.xml HTTP/1.1" 404 92202 "-" "Microsoft Office/16.0 (Windows NT 10.0; Microsoft Outlook 16.0.20326; Pro)"
89.248.107.232 - - [21/Sep/2026:13:36:02 +0200] "POST /wp-cron.php?doing_wp_cron=1789990562.6846160888671875000000 HTTP/1.1" 200 5512 "-" "WordPress/6.6.2; https://grupo-seg.com"
195.57.112.135 - - [21/Sep/2026:13:36:02 +0200] "POST /autodiscover/autodiscover.xml HTTP/1.1" 404 92202 "-" "Microsoft Office/16.0 (Windows NT 10.0; Microsoft Outlook 16.0.20326; Pro)"
45.238.71.183 - - [21/Sep/2026:13:36:14 +0200] "GET /en/countries/peru/ HTTP/1.1" 200 166863 "-" "Mozilla/5.0 (Macintosh; Intel Mac OS X 10_15_7) AppleWebKit/537.36 (KHTML, like Gecko) Chrome/133.0.0.0 Safari/537.36"
89.248.107.232 - - [21/Sep/2026:13:36:40 +0200] "POST /wp-cron.php?doing_wp_cron=1789990600.1490681171417236328125 HTTP/1.1" 200 5512 "-" "WordPress/6.6.2; https://grupo-seg.com"
195.57.112.135 - - [21/Sep/2026:13:36:39 +0200] "POST /autodiscover/autodiscover.xml HTTP/1.1" 404 92217 "-" "Microsoft Office/16.0 (Windows NT 10.0; Microsoft Outlook 16.0.20326; Pro)"
89.248.107.232 - - [21/Sep/2026:13:36:41 +0200] "POST /wp-admin/admin-ajax.php?action=async_litespeed&nonce=b4cc4c672a&litespeed_type=imgoptm HTTP/1.1" 200 5698 "-" "WordPress/6.6.2; https://grupo-seg.com"
195.57.112.135 - - [21/Sep/2026:13:36:42 +0200] "POST /autodiscover/autodiscover.xml HTTP/1.1" 404 92217 "-" "Microsoft Office/16.0 (Windows NT 10.0; Microsoft Outlook 16.0.20326; Pro)"
89.248.107.232 - - [21/Sep/2026:13:37:37 +0200] "POST /wp-cron.php?doing_wp_cron=1789990657.2216849327087402343750 HTTP/1.1" 200 5512 "-" "WordPress/6.6.2; https://grupo-seg.com"
137.131.43.163 - - [21/Sep/2026:13:37:36 +0200] "GET / HTTP/1.1" 301 5612 "-" "Mozilla/5.0 (Windows NT 10.0; Win64; x64) AppleWebKit/537.36 (KHTML, like Gecko) Chrome/80.0.3987.149 Safari/537.36"
137.131.43.163 - - [21/Sep/2026:13:37:37 +0200] "GET //wp-includes/wlwmanifest.xml HTTP/1.1" 301 5686 "-" "Mozilla/5.0 (Windows NT 10.0; Win64; x64) AppleWebKit/537.36 (KHTML, like Gecko) Chrome/80.0.3987.149 Safari/537.36"
89.248.107.232 - - [21/Sep/2026:13:37:38 +0200] "POST /wp-admin/admin-ajax.php?action=async_litespeed&nonce=b4cc4c672a&litespeed_type=imgoptm HTTP/1.1" 200 5698 "-" "WordPress/6.6.2; https://grupo-seg.com"
52.167.144.163 - - [21/Sep/2026:13:37:37 +0200] "GET /sistema-de-gestion-integrado/ HTTP/1.1" 200 147202 "-" "Mozilla/5.0 AppleWebKit/537.36 (KHTML, like Gecko; compatible; bingbot/2.0; +http://www.bing.com/bingbot.htm) Chrome/116.0.1938.76 Safari/537.36"
89.248.107.232 - - [21/Sep/2026:13:37:41 +0200] "POST /wp-cron.php?doing_wp_cron=1789990661.8450689315795898437500 HTTP/1.1" 200 5512 "-" "WordPress/6.6.2; https://grupo-seg.com"
137.131.43.163 - - [21/Sep/2026:13:37:40 +0200] "GET //xmlrpc.php?rsd HTTP/1.1" 200 6259 "-" "Mozilla/5.0 (Windows NT 10.0; Win64; x64) AppleWebKit/537.36 (KHTML, like Gecko) Chrome/80.0.3987.149 Safari/537.36"
137.131.43.163 - - [21/Sep/2026:13:37:42 +0200] "GET //?author=1 HTTP/1.1" 404 73801 "-" "Mozilla/5.0 (Windows NT 10.0; Win64; x64) AppleWebKit/537.36 (KHTML, like Gecko) Chrome/80.0.3987.149 Safari/537.36"
137.131.43.163 - - [21/Sep/2026:13:37:44 +0200] "GET //?author=2 HTTP/1.1" 404 73801 "-" "Mozilla/5.0 (Windows NT 10.0; Win64; x64) AppleWebKit/537.36 (KHTML, like Gecko) Chrome/80.0.3987.149 Safari/537.36"
137.131.43.163 - - [21/Sep/2026:13:37:45 +0200] "GET //wp-json/wp/v2/users/ HTTP/1.1" 401 5951 "-" "Mozilla/5.0 (Windows NT 10.0; Win64; x64) AppleWebKit/537.36 (KHTML, like Gecko) Chrome/80.0.3987.149 Safari/537.36"
137.131.43.163 - - [21/Sep/2026:13:37:46 +0200] "GET //wp-json/oembed/1.0/embed?url=https://grupo-seg.com/ HTTP/1.1" 200 7829 "-" "Mozilla/5.0 (Windows NT 10.0; Win64; x64) AppleWebKit/537.36 (KHTML, like Gecko) Chrome/80.0.3987.149 Safari/537.36"
137.131.43.163 - - [21/Sep/2026:13:37:47 +0200] "POST //xmlrpc.php HTTP/1.1" 200 5891 "-" "Mozilla/5.0 (Windows NT 10.0; Win64; x64) AppleWebKit/537.36 (KHTML, like Gecko) Chrome/80.0.3987.149 Safari/537.36"
137.131.43.163 - - [21/Sep/2026:13:37:48 +0200] "POST //xmlrpc.php HTTP/1.1" 503 25081 "-" "Mozilla/5.0 (Windows NT 10.0; Win64; x64) AppleWebKit/537.36 (KHTML, like Gecko) Chrome/80.0.3987.149 Safari/537.36"
89.248.107.232 - - [21/Sep/2026:13:37:58 +0200] "POST /wp-cron.php?doing_wp_cron=1789990678.5950870513916015625000 HTTP/1.1" 200 5512 "-" "WordPress/6.6.2; https://grupo-seg.com"
35.93.139.208 - - [21/Sep/2026:13:37:58 +0200] "GET / HTTP/1.1" 200 165817 "-" "Mozilla/5.0 (Windows NT 10.0; Win64; x64) AppleWebKit/537.36 (KHTML, like Gecko) Chrome/113.0.0.0 Safari/537.36"
89.248.107.232 - - [21/Sep/2026:13:38:22 +0200] "POST /wp-cron.php?doing_wp_cron=1789990702.3541200160980224609375 HTTP/1.1" 200 5512 "-" "WordPress/6.6.2; https://grupo-seg.com"
216.73.217.42 - - [21/Sep/2026:13:38:21 +0200] "GET /wp-sitemap.xml HTTP/1.1" 200 6217 "-" "Mozilla/5.0 AppleWebKit/537.36 (KHTML, like Gecko; compatible; ClaudeBot/1.0; +claudebot@anthropic.com)"
89.248.107.232 - - [21/Sep/2026:13:41:24 +0200] "POST /wp-cron.php?doing_wp_cron=1789990884.1102290153503417968750 HTTP/1.1" 200 5512 "-" "WordPress/6.6.2; https://grupo-seg.com"
79.116.209.41 - - [21/Sep/2026:13:41:23 +0200] "POST /AutoDiscover/autodiscover.xml HTTP/1.1" 404 92217 "-" "Microsoft Office/16.0 (Windows NT 10.0; Microsoft Word 16.0.20326; Pro)"
89.248.107.232 - - [21/Sep/2026:13:41:25 +0200] "POST /wp-admin/admin-ajax.php?action=async_litespeed&nonce=b4cc4c672a&litespeed_type=imgoptm HTTP/1.1" 200 5698 "-" "WordPress/6.6.2; https://grupo-seg.com"
89.248.107.232 - - [21/Sep/2026:13:42:37 +0200] "POST /wp-cron.php?doing_wp_cron=1789990957.3219759464263916015625 HTTP/1.1" 200 5512 "-" "WordPress/6.6.2; https://grupo-seg.com"
40.77.167.3 - - [21/Sep/2026:13:42:36 +0200] "GET /event/2023/well_being_2030/ HTTP/1.1" 301 5686 "-" "Mozilla/5.0 AppleWebKit/537.36 (KHTML, like Gecko; compatible; bingbot/2.0; +http://www.bing.com/bingbot.htm) Chrome/116.0.1938.76 Safari/537.36"
89.248.107.232 - - [21/Sep/2026:13:42:38 +0200] "POST /wp-admin/admin-ajax.php?action=async_litespeed&nonce=b4cc4c672a&litespeed_type=imgoptm HTTP/1.1" 200 5698 "-" "WordPress/6.6.2; https://grupo-seg.com"
89.248.107.232 - - [21/Sep/2026:13:43:07 +0200] "POST /wp-cron.php?doing_wp_cron=1789990987.5170660018920898437500 HTTP/1.1" 200 5512 "-" "WordPress/6.6.2; https://grupo-seg.com"
162.241.63.88 - - [21/Sep/2026:13:43:06 +0200] "GET /wp-login.php HTTP/1.1" 200 13732 "https://serynco.es/" "Mozilla/5.0 (Windows NT 10.0; Win64; x64) AppleWebKit/537.36 (KHTML, like Gecko) Chrome/147.0.0.0 Safari/537.36"
16.216.88.126 - - [21/Sep/2026:13:43:08 +0200] "GET /en/countries/peru/ HTTP/1.1" 200 166833 "-" "Mozilla/5.0 AppleWebKit/537.36 (KHTML, like Gecko; compatible; Reflectionbot/1.0; +https://reflection.ai/bot) Chrome/151.0.0.0 Safari/537.36"
162.241.63.88 - - [21/Sep/2026:13:43:08 +0200] "POST /wp-login.php HTTP/1.1" 503 25298 "https://serynco.es/wp-login.php" "Mozilla/5.0 (Windows NT 10.0; Win64; x64) AppleWebKit/537.36 (KHTML, like Gecko) Chrome/147.0.0.0 Safari/537.36"
162.241.63.88 - - [21/Sep/2026:13:43:11 +0200] "POST /wp-login.php HTTP/1.1" 503 24035 "https://serynco.es/wp-login.php" "Mozilla/5.0 (Windows NT 10.0; Win64; x64) AppleWebKit/537.36 (KHTML, like Gecko) Chrome/147.0.0.0 Safari/537.36"
162.241.63.88 - - [21/Sep/2026:13:43:13 +0200] "POST /wp-login.php HTTP/1.1" 503 24035 "https://serynco.es/wp-login.php" "Mozilla/5.0 (Windows NT 10.0; Win64; x64) AppleWebKit/537.36 (KHTML, like Gecko) Chrome/147.0.0.0 Safari/537.36"
162.241.63.88 - - [21/Sep/2026:13:43:14 +0200] "GET /wp-json/wp/v2/users/me HTTP/1.1" 503 24035 "https://serynco.es/" "Mozilla/5.0 (Windows NT 10.0; Win64; x64) AppleWebKit/537.36 (KHTML, like Gecko) Chrome/147.0.0.0 Safari/537.36"
162.241.63.88 - - [21/Sep/2026:13:43:15 +0200] "GET /wp-json/wp/v2/users/me HTTP/1.1" 503 24035 "https://serynco.es/" "Mozilla/5.0 (Windows NT 10.0; Win64; x64) AppleWebKit/537.36 (KHTML, like Gecko) Chrome/147.0.0.0 Safari/537.36"
162.241.63.88 - - [21/Sep/2026:13:43:16 +0200] "GET /wp-json/wp/v2/users/me HTTP/1.1" 503 24035 "https://serynco.es/" "Mozilla/5.0 (Windows NT 10.0; Win64; x64) AppleWebKit/537.36 (KHTML, like Gecko) Chrome/147.0.0.0 Safari/537.36"
89.248.107.232 - - [21/Sep/2026:13:45:16 +0200] "POST /?wordfence_syncAttackData=1789991116.7022 HTTP/1.1" 200 5452 "-" "WordPress/6.6.2; https://grupo-seg.com"
89.248.107.232 - - [21/Sep/2026:13:45:17 +0200] "POST /wp-cron.php?doing_wp_cron=1789991117.4212749004364013671875 HTTP/1.1" 200 5512 "-" "WordPress/6.6.2; https://grupo-seg.com"
195.57.112.135 - - [21/Sep/2026:13:45:16 +0200] "POST /autodiscover/autodiscover.xml HTTP/1.1" 404 92217 "-" "Microsoft Office/16.0 (Windows NT 10.0; Microsoft Outlook 16.0.20326; Pro)"
195.57.112.135 - - [21/Sep/2026:13:45:17 +0200] "POST /autodiscover/autodiscover.xml HTTP/1.1" 404 92202 "-" "Microsoft Office/16.0 (Windows NT 10.0; Microsoft Outlook 16.0.20326; Pro)"
89.248.107.232 - - [21/Sep/2026:13:45:18 +0200] "POST /wp-admin/admin-ajax.php?action=async_litespeed&nonce=b4cc4c672a&litespeed_type=imgoptm HTTP/1.1" 200 5698 "-" "WordPress/6.6.2; https://grupo-seg.com"
89.248.107.232 - - [21/Sep/2026:13:45:26 +0200] "POST /wp-cron.php?doing_wp_cron=1789991126.2728381156921386718750 HTTP/1.1" 200 5512 "-" "WordPress/6.6.2; https://grupo-seg.com"
47.128.37.77 - - [21/Sep/2026:13:45:25 +0200] "GET / HTTP/1.1" 200 157019 "-" "Mozilla/5.0 (Linux; Android 5.0) AppleWebKit/537.36 (KHTML, like Gecko) Mobile Safari/537.36 (compatible; Bytespider; spider-feedback@bytedance.com)"
89.248.107.232 - - [21/Sep/2026:13:45:27 +0200] "POST /wp-admin/admin-ajax.php?action=async_litespeed&nonce=b4cc4c672a&litespeed_type=imgoptm HTTP/1.1" 200 5698 "-" "WordPress/6.6.2; https://grupo-seg.com"
47.128.37.77 - - [21/Sep/2026:13:45:28 +0200] "POST /wp-content/plugins/litespeed-cache/guest.vary.php HTTP/1.1" 200 5656 "https://grupo-seg.com/" "Mozilla/5.0 (Linux; Android 5.0) AppleWebKit/537.36 (KHTML, like Gecko) Mobile Safari/537.36 (compatible; Bytespider; spider-feedback@bytedance.com)"
47.128.37.77 - - [21/Sep/2026:13:45:29 +0200] "GET / HTTP/1.1" 200 167021 "https://grupo-seg.com/" "Mozilla/5.0 (Linux; Android 5.0) AppleWebKit/537.36 (KHTML, like Gecko) Mobile Safari/537.36 (compatible; Bytespider; spider-feedback@bytedance.com)"
89.248.107.232 - - [21/Sep/2026:13:45:52 +0200] "POST /wp-cron.php?doing_wp_cron=1789991152.8082189559936523437500 HTTP/1.1" 200 5512 "-" "WordPress/6.6.2; https://grupo-seg.com/en/"
162.120.184.59 - - [21/Sep/2026:13:45:52 +0200] "GET /en/about-us/ HTTP/1.1" 200 245720 "https://www.google.com/" "Mozilla/5.0 (Linux; Android 10; K) AppleWebKit/537.36 (KHTML, like Gecko) Chrome/153.0.0.0 Mobile Safari/537.36"
89.248.107.232 - - [21/Sep/2026:13:46:04 +0200] "POST /wp-cron.php?doing_wp_cron=1789991164.5523149967193603515625 HTTP/1.1" 200 5512 "-" "WordPress/6.6.2; https://grupo-seg.com"
195.57.112.135 - - [21/Sep/2026:13:46:04 +0200] "POST /autodiscover/autodiscover.xml HTTP/1.1" 404 92202 "-" "Microsoft Office/16.0 (Windows NT 10.0; Microsoft Outlook 16.0.20326; Pro)"
89.248.107.232 - - [21/Sep/2026:13:48:12 +0200] "POST /wp-cron.php?doing_wp_cron=1789991292.8795809745788574218750 HTTP/1.1" 200 5512 "-" "WordPress/6.6.2; https://grupo-seg.com"
47.128.37.87 - - [21/Sep/2026:13:48:12 +0200] "GET /consultoria/helipuertos/helis-las-bambas-peru HTTP/1.1" 301 5704 "-" "Mozilla/5.0 (Linux; Android 5.0) AppleWebKit/537.36 (KHTML, like Gecko) Mobile Safari/537.36 (compatible; Bytespider; spider-feedback@bytedance.com)"
89.248.107.232 - - [21/Sep/2026:13:48:13 +0200] "POST /wp-admin/admin-ajax.php?action=async_litespeed&nonce=b4cc4c672a&litespeed_type=imgoptm HTTP/1.1" 200 5698 "-" "WordPress/6.6.2; https://grupo-seg.com"
47.128.37.87 - - [21/Sep/2026:13:48:14 +0200] "GET /consultoria/helipuertos/helis-las-bambas-peru HTTP/1.1" 404 88798 "-" "Mozilla/5.0 (Linux; Android 5.0) AppleWebKit/537.36 (KHTML, like Gecko) Mobile Safari/537.36 (compatible; Bytespider; spider-feedback@bytedance.com)"
79.116.161.240 - - [21/Sep/2026:13:48:16 +0200] "GET /.well-known/assetlinks.json HTTP/1.1" 404 97421 "-" "okhttp/4.12.0"
89.248.107.232 - - [21/Sep/2026:13:49:41 +0200] "POST /wp-cron.php?doing_wp_cron=1789991381.7319939136505126953125 HTTP/1.1" 200 5512 "-" "WordPress/6.6.2; https://grupo-seg.com"
2.139.158.128 - - [21/Sep/2026:13:49:41 +0200] "POST /AutoDiscover/autodiscover.xml HTTP/1.1" 404 92217 "-" "Microsoft Office/16.0 (Windows NT 10.0; Microsoft Excel 16.0.20228; Pro)"
89.248.107.232 - - [21/Sep/2026:13:49:42 +0200] "POST /wp-admin/admin-ajax.php?action=async_litespeed&nonce=b4cc4c672a&litespeed_type=imgoptm HTTP/1.1" 200 5698 "-" "WordPress/6.6.2; https://grupo-seg.com"
89.248.107.232 - - [21/Sep/2026:13:50:19 +0200] "POST /wp-cron.php?doing_wp_cron=1789991419.3403968811035156250000 HTTP/1.1" 200 5512 "-" "WordPress/6.6.2; https://grupo-seg.com"
47.128.96.88 - - [21/Sep/2026:13:50:18 +0200] "GET /robots.txt HTTP/1.1" 301 5576 "-" "Mozilla/5.0 (iPhone; CPU iPhone OS 7_1_2 like Mac OS X) AppleWebKit/537.36 (KHTML, like Gecko) Version/7.0 Mobile Safari/537.36 (compatible; Bytespider; https://bytedance.sg.larkoffice.com/docx/K5bxdypulop3IIxrJb0lOjLVgFe)"
