72.145.93.164 - - [21/Sep/2026:10:42:44 +0200] "GET / HTTP/1.1" 200 165219 "https://grupo-seg.com/" "Mozilla/5.0 (Windows NT 10.0; Win64; x64) AppleWebKit/537.36 (KHTML, like Gecko) Chrome/142.0.7444.163 Safari/537.36"
89.248.107.232 - - [21/Sep/2026:10:44:35 +0200] "POST /wp-cron.php?doing_wp_cron=1789980275.5009379386901855468750 HTTP/1.1" 200 5512 "-" "WordPress/6.6.2; https://grupo-seg.com"
35.233.89.59 - - [21/Sep/2026:10:44:35 +0200] "GET //feed/ HTTP/1.1" 301 5669 "-" "Mozilla/5.0 (Windows NT 10.0; Win64; x64) AppleWebKit/537.36 (KHTML, like Gecko) Chrome/95.0.4638.69 Safari/537.36"
35.233.89.59 - - [21/Sep/2026:10:44:35 +0200] "GET //xmlrpc.php?rsd HTTP/1.1" 200 6259 "-" "Mozilla/5.0 (Windows NT 10.0; Win64; x64) AppleWebKit/537.36 (KHTML, like Gecko) Chrome/95.0.4638.69 Safari/537.36"
35.233.89.59 - - [21/Sep/2026:10:44:36 +0200] "GET //?author=1 HTTP/1.1" 404 73801 "-" "Mozilla/5.0 (Windows NT 10.0; Win64; x64) AppleWebKit/537.36 (KHTML, like Gecko) Chrome/95.0.4638.69 Safari/537.36"
89.248.107.232 - - [21/Sep/2026:10:44:36 +0200] "POST /wp-admin/admin-ajax.php?action=async_litespeed&nonce=b4cc4c672a&litespeed_type=imgoptm HTTP/1.1" 200 5698 "-" "WordPress/6.6.2; https://grupo-seg.com"
35.233.89.59 - - [21/Sep/2026:10:44:38 +0200] "GET //wp-json/wp/v2/users/ HTTP/1.1" 401 5951 "-" "Mozilla/5.0 (Windows NT 10.0; Win64; x64) AppleWebKit/537.36 (KHTML, like Gecko) Chrome/95.0.4638.69 Safari/537.36"
35.233.89.59 - - [21/Sep/2026:10:44:39 +0200] "GET //wp-json/oembed/1.0/embed?url=https://grupo-seg.com/ HTTP/1.1" 200 7829 "-" "Mozilla/5.0 (Windows NT 10.0; Win64; x64) AppleWebKit/537.36 (KHTML, like Gecko) Chrome/95.0.4638.69 Safari/537.36"
89.248.107.232 - - [21/Sep/2026:10:44:40 +0200] "POST /wp-cron.php?doing_wp_cron=1789980280.5195960998535156250000 HTTP/1.1" 200 5512 "-" "WordPress/6.6.2; https://grupo-seg.com"
35.233.89.59 - - [21/Sep/2026:10:44:39 +0200] "POST //xmlrpc.php HTTP/1.1" 503 25074 "-" "Mozilla/5.0 (Windows NT 10.0; Win64; x64) AppleWebKit/537.36 (KHTML, like Gecko) Chrome/95.0.4638.69 Safari/537.36"
89.248.107.232 - - [21/Sep/2026:10:47:01 +0200] "POST /wp-cron.php?doing_wp_cron=1789980421.3674530982971191406250 HTTP/1.1" 200 5512 "-" "WordPress/6.6.2; https://grupo-seg.com"
2.139.158.128 - - [21/Sep/2026:10:47:00 +0200] "POST /autodiscover/autodiscover.xml HTTP/1.1" 404 92217 "-" "Microsoft Office/16.0 (Windows NT 10.0; Microsoft Outlook 16.0.20228; Pro)"
89.248.107.232 - - [21/Sep/2026:10:47:02 +0200] "POST /wp-admin/admin-ajax.php?action=async_litespeed&nonce=b4cc4c672a&litespeed_type=imgoptm HTTP/1.1" 200 5698 "-" "WordPress/6.6.2; https://grupo-seg.com"
89.248.107.232 - - [21/Sep/2026:10:47:07 +0200] "POST /wp-cron.php?doing_wp_cron=1789980427.1227490901947021484375 HTTP/1.1" 200 5512 "-" "WordPress/6.6.2; https://grupo-seg.com"
8.138.207.158 - - [21/Sep/2026:10:47:06 +0200] "GET / HTTP/1.1" 200 157019 "https://www.seg-sa.es/" "Mozilla/5.0 (iPhone; CPU iPhone OS 13_2_3 like Mac OS X) AppleWebKit/605.1.15 (KHTML, like Gecko) Version/13.0.3 Mobile/15E148 Safari/604.1"
89.248.107.232 - - [21/Sep/2026:10:47:39 +0200] "POST /wp-cron.php?doing_wp_cron=1789980459.5930271148681640625000 HTTP/1.1" 200 5512 "-" "WordPress/6.6.2; https://grupo-seg.com"
40.77.167.1 - - [21/Sep/2026:10:47:39 +0200] "GET /jrst1708885doosiip/gsstddo.htm HTTP/1.1" 301 5689 "-" "Mozilla/5.0 AppleWebKit/537.36 (KHTML, like Gecko; compatible; bingbot/2.0; +http://www.bing.com/bingbot.htm) Chrome/116.0.1938.76 Safari/537.36"
40.77.167.1 - - [21/Sep/2026:10:47:39 +0200] "GET /rdsn1676434csote/contacto.html HTTP/1.1" 301 5689 "-" "Mozilla/5.0 AppleWebKit/537.36 (KHTML, like Gecko; compatible; bingbot/2.0; +http://www.bing.com/bingbot.htm) Chrome/116.0.1938.76 Safari/537.36"
89.248.107.232 - - [21/Sep/2026:10:47:40 +0200] "POST /wp-admin/admin-ajax.php?action=async_litespeed&nonce=b4cc4c672a&litespeed_type=imgoptm HTTP/1.1" 200 5698 "-" "WordPress/6.6.2; https://grupo-seg.com"
89.248.107.232 - - [21/Sep/2026:10:49:16 +0200] "POST /wp-cron.php?doing_wp_cron=1789980556.5205659866333007812500 HTTP/1.1" 200 5512 "-" "WordPress/6.6.2; https://grupo-seg.com"
5.39.1.240 - - [21/Sep/2026:10:49:16 +0200] "GET /robots.txt HTTP/1.1" 200 5679 "-" "Mozilla/5.0 (compatible; AhrefsBot/7.0; +http://ahrefs.com/robot/)"
89.248.107.232 - - [21/Sep/2026:10:49:17 +0200] "POST /wp-admin/admin-ajax.php?action=async_litespeed&nonce=b4cc4c672a&litespeed_type=imgoptm HTTP/1.1" 200 5698 "-" "WordPress/6.6.2; https://grupo-seg.com"
198.244.183.63 - - [21/Sep/2026:10:49:17 +0200] "GET /wp-sitemap.xml HTTP/1.1" 200 6217 "-" "Mozilla/5.0 (compatible; AhrefsBot/7.0; +http://ahrefs.com/robot/)"
51.195.183.5 - - [21/Sep/2026:10:49:19 +0200] "GET /wp-sitemap-posts-post-1.xml HTTP/1.1" 200 8170 "-" "Mozilla/5.0 (compatible; AhrefsBot/7.0; +http://ahrefs.com/robot/)"
198.244.242.155 - - [21/Sep/2026:10:49:20 +0200] "GET /wp-sitemap-posts-page-1.xml HTTP/1.1" 200 9189 "-" "Mozilla/5.0 (compatible; AhrefsBot/7.0; +http://ahrefs.com/robot/)"
198.244.168.40 - - [21/Sep/2026:10:49:22 +0200] "GET /wp-sitemap-posts-portfolio-1.xml HTTP/1.1" 200 17286 "-" "Mozilla/5.0 (compatible; AhrefsBot/7.0; +http://ahrefs.com/robot/)"
198.244.168.198 - - [21/Sep/2026:10:49:23 +0200] "GET /wp-sitemap-posts-mgeo_map-1.xml HTTP/1.1" 200 6011 "-" "Mozilla/5.0 (compatible; AhrefsBot/7.0; +http://ahrefs.com/robot/)"
51.195.183.105 - - [21/Sep/2026:10:49:24 +0200] "GET /wp-sitemap-taxonomies-category-1.xml HTTP/1.1" 200 6256 "-" "Mozilla/5.0 (compatible; AhrefsBot/7.0; +http://ahrefs.com/robot/)"
89.248.107.232 - - [21/Sep/2026:10:49:26 +0200] "POST /wp-cron.php?doing_wp_cron=1789980565.9149849414825439453125 HTTP/1.1" 200 5512 "-" "WordPress/6.6.2; https://grupo-seg.com"
51.195.215.201 - - [21/Sep/2026:10:49:25 +0200] "GET /wp-sitemap-taxonomies-project-type-1.xml HTTP/1.1" 200 6924 "-" "Mozilla/5.0 (compatible; AhrefsBot/7.0; +http://ahrefs.com/robot/)"
89.248.107.232 - - [21/Sep/2026:10:49:26 +0200] "POST /wp-admin/admin-ajax.php?action=async_litespeed&nonce=b4cc4c672a&litespeed_type=imgoptm HTTP/1.1" 200 5698 "-" "WordPress/6.6.2; https://grupo-seg.com"
89.248.107.232 - - [21/Sep/2026:10:50:09 +0200] "POST /wp-cron.php?doing_wp_cron=1789980609.0029189586639404296875 HTTP/1.1" 200 5512 "-" "WordPress/6.6.2; https://grupo-seg.com"
40.77.167.158 - - [21/Sep/2026:10:50:08 +0200] "GET /rmsy660192oistdpiestms HTTP/1.1" 404 97421 "-" "Mozilla/5.0 AppleWebKit/537.36 (KHTML, like Gecko; compatible; bingbot/2.0; +http://www.bing.com/bingbot.htm) Chrome/116.0.1938.76 Safari/537.36"
89.248.107.232 - - [21/Sep/2026:10:50:44 +0200] "POST /wp-cron.php?doing_wp_cron=1789980644.7325661182403564453125 HTTP/1.1" 200 5512 "-" "WordPress/6.6.2; https://grupo-seg.com"
88.30.85.178 - - [21/Sep/2026:10:50:44 +0200] "POST /AutoDiscover/autodiscover.xml HTTP/1.1" 404 92217 "-" "Microsoft Office/16.0 (Windows NT 10.0; Microsoft Excel 16.0.20326; Pro)"
89.248.107.232 - - [21/Sep/2026:10:50:45 +0200] "POST /wp-admin/admin-ajax.php?action=async_litespeed&nonce=b4cc4c672a&litespeed_type=imgoptm HTTP/1.1" 200 5698 "-" "WordPress/6.6.2; https://grupo-seg.com"
89.248.107.232 - - [21/Sep/2026:10:51:09 +0200] "POST /wp-cron.php?doing_wp_cron=1789980669.0481479167938232421875 HTTP/1.1" 200 5512 "-" "WordPress/6.6.2; https://grupo-seg.com"
40.77.167.158 - - [21/Sep/2026:10:51:08 +0200] "GET /arcd601269igdisdpstooosd.htm HTTP/1.1" 404 97421 "-" "Mozilla/5.0 AppleWebKit/537.36 (KHTML, like Gecko; compatible; bingbot/2.0; +http://www.bing.com/bingbot.htm) Chrome/116.0.1938.76 Safari/537.36"
40.77.167.158 - - [21/Sep/2026:10:51:12 +0200] "GET /htsr576369idiotmessgod.htm HTTP/1.1" 404 97421 "-" "Mozilla/5.0 AppleWebKit/537.36 (KHTML, like Gecko; compatible; bingbot/2.0; +http://www.bing.com/bingbot.htm) Chrome/116.0.1938.76 Safari/537.36"
89.248.107.232 - - [21/Sep/2026:10:51:27 +0200] "POST /wp-cron.php?doing_wp_cron=1789980686.9496819972991943359375 HTTP/1.1" 200 5512 "-" "WordPress/6.6.2; https://grupo-seg.com"
40.77.167.25 - - [21/Sep/2026:10:51:26 +0200] "GET /nebulosity6ee-f5cuzyigh.html HTTP/1.1" 404 97436 "-" "Mozilla/5.0 AppleWebKit/537.36 (KHTML, like Gecko; compatible; bingbot/2.0; +http://www.bing.com/bingbot.htm) Chrome/116.0.1938.76 Safari/537.36"
89.248.107.232 - - [21/Sep/2026:10:51:27 +0200] "POST /wp-admin/admin-ajax.php?action=async_litespeed&nonce=b4cc4c672a&litespeed_type=imgoptm HTTP/1.1" 200 5698 "-" "WordPress/6.6.2; https://grupo-seg.com"
89.248.107.232 - - [21/Sep/2026:10:51:58 +0200] "POST /wp-cron.php?doing_wp_cron=1789980718.6465239524841308593750 HTTP/1.1" 200 5512 "-" "WordPress/6.6.2; https://grupo-seg.com"
40.77.167.25 - - [21/Sep/2026:10:51:58 +0200] "GET /rdsn1762651sdgitim/ HTTP/1.1" 404 97421 "-" "Mozilla/5.0 AppleWebKit/537.36 (KHTML, like Gecko; compatible; bingbot/2.0; +http://www.bing.com/bingbot.htm) Chrome/116.0.1938.76 Safari/537.36"
89.248.107.232 - - [21/Sep/2026:10:56:12 +0200] "POST /wp-cron.php?doing_wp_cron=1789980972.4254651069641113281250 HTTP/1.1" 200 5512 "-" "WordPress/6.6.2; https://grupo-seg.com"
88.22.127.75 - - [21/Sep/2026:10:56:11 +0200] "POST /AutoDiscover/autodiscover.xml HTTP/1.1" 404 92217 "-" "Microsoft Office/16.0 (Windows NT 10.0; Microsoft Excel 16.0.20326; Pro)"
89.248.107.232 - - [21/Sep/2026:10:56:13 +0200] "POST /wp-admin/admin-ajax.php?action=async_litespeed&nonce=b4cc4c672a&litespeed_type=imgoptm HTTP/1.1" 200 5698 "-" "WordPress/6.6.2; https://grupo-seg.com"
89.248.107.232 - - [21/Sep/2026:10:56:36 +0200] "POST /wp-cron.php?doing_wp_cron=1789980996.1798629760742187500000 HTTP/1.1" 200 5512 "-" "WordPress/6.6.2; https://grupo-seg.com"
23.95.197.220 - - [21/Sep/2026:10:56:35 +0200] "GET /wp-login.php HTTP/1.1" 200 13732 "http://serynco.es/wp-admin/" "Mozilla/5.0 (Windows NT 10.0; Win64; x64) AppleWebKit/537.36 (KHTML, like Gecko) Chrome/90.0.4430.85 Safari/537.36"
89.248.107.232 - - [21/Sep/2026:10:56:37 +0200] "POST /wp-admin/admin-ajax.php?action=async_litespeed&nonce=b4cc4c672a&litespeed_type=imgoptm HTTP/1.1" 200 5698 "-" "WordPress/6.6.2; https://grupo-seg.com"
23.95.197.220 - - [21/Sep/2026:10:56:36 +0200] "POST /wp-login.php HTTP/1.1" 503 25291 "http://serynco.es/wp-admin/" "Mozilla/5.0 (Windows NT 10.0; Win64; x64) AppleWebKit/537.36 (KHTML, like Gecko) Chrome/90.0.4430.85 Safari/537.36"
23.95.197.220 - - [21/Sep/2026:10:56:38 +0200] "GET /wp-admin/ HTTP/1.1" 503 24987 "http://serynco.es/wp-admin/" "Mozilla/5.0 (Windows NT 10.0; Win64; x64) AppleWebKit/537.36 (KHTML, like Gecko) Chrome/90.0.4430.85 Safari/537.36"
23.95.197.220 - - [21/Sep/2026:10:56:39 +0200] "POST /wp-login.php HTTP/1.1" 503 24038 "https://www.grupo-seg.com/wp-admin/" "Mozilla/5.0 (Windows NT 10.0; Win64; x64) AppleWebKit/537.36 (KHTML, like Gecko) Chrome/90.0.4430.85 Safari/537.36"
89.248.107.232 - - [21/Sep/2026:10:56:40 +0200] "POST /?wordfence_syncAttackData=1789981000.374 HTTP/1.1" 200 5452 "-" "WordPress/6.6.2; https://grupo-seg.com"
23.95.197.220 - - [21/Sep/2026:10:56:39 +0200] "GET /wp-admin/ HTTP/1.1" 503 24987 "https://www.grupo-seg.com/wp-admin/" "Mozilla/5.0 (Windows NT 10.0; Win64; x64) AppleWebKit/537.36 (KHTML, like Gecko) Chrome/90.0.4430.85 Safari/537.36"
23.95.197.220 - - [21/Sep/2026:10:56:41 +0200] "POST /wp-login.php HTTP/1.1" 403 6501 "https://www.grupo-seg.com/wp-admin/" "Mozilla/5.0 (Windows NT 10.0; Win64; x64) AppleWebKit/537.36 (KHTML, like Gecko) Chrome/90.0.4430.85 Safari/537.36"
23.95.197.220 - - [21/Sep/2026:10:56:41 +0200] "GET /wp-admin/ HTTP/1.1" 503 24987 "https://www.grupo-seg.com/wp-admin/" "Mozilla/5.0 (Windows NT 10.0; Win64; x64) AppleWebKit/537.36 (KHTML, like Gecko) Chrome/90.0.4430.85 Safari/537.36"
89.248.107.232 - - [21/Sep/2026:10:57:29 +0200] "POST /wp-cron.php?doing_wp_cron=1789981049.0218329429626464843750 HTTP/1.1" 200 5512 "-" "WordPress/6.6.2; https://grupo-seg.com"
68.43.193.135 - - [21/Sep/2026:10:57:28 +0200] "GET / HTTP/1.1" 200 168684 "-" "Mozilla/5.0 (Windows NT 10.0; Win64; x64) AppleWebKit/537.36 (KHTML, like Gecko) Chrome/152.0.0.0 Safari/537.36"
108.217.29.218 - - [21/Sep/2026:10:57:28 +0200] "GET / HTTP/1.1" 200 165817 "https://www.google.com/" "Mozilla/5.0 (Windows NT 10.0; Win64; x64) AppleWebKit/537.36 (KHTML, like Gecko) Chrome/153.0.0.0 Safari/537.36"
70.123.141.40 - - [21/Sep/2026:10:57:28 +0200] "GET / HTTP/1.1" 200 169018 "-" "Mozilla/5.0 (Windows NT 10.0; Win64; x64) AppleWebKit/537.36 (KHTML, like Gecko) Chrome/152.0.0.0 Safari/537.36"
63.153.20.16 - - [21/Sep/2026:10:57:29 +0200] "GET / HTTP/1.1" 200 168684 "https://grupo-seg.com/" "Mozilla/5.0 (Windows NT 10.0; Win64; x64) AppleWebKit/537.36 (KHTML, like Gecko) Chrome/152.0.0.0 Safari/537.36"
89.248.107.232 - - [21/Sep/2026:10:57:31 +0200] "POST /wp-admin/admin-ajax.php?action=async_litespeed&nonce=b4cc4c672a&litespeed_type=imgoptm HTTP/1.1" 200 5698 "-" "WordPress/6.6.2; https://grupo-seg.com"
149.22.88.135 - - [21/Sep/2026:10:57:30 +0200] "GET / HTTP/1.1" 200 165817 "https://grupo-seg.com/" "Mozilla/5.0 (Windows NT 10.0; Win64; x64; rv:155.0) Gecko/20100101 Firefox/155.0"
68.43.193.135 - - [21/Sep/2026:10:57:32 +0200] "GET / HTTP/1.1" 200 165817 "https://grupo-seg.com/" "Mozilla/5.0 (Windows NT 10.0; Win64; x64) AppleWebKit/537.36 (KHTML, like Gecko) Chrome/152.0.0.0 Safari/537.36"
89.248.107.232 - - [21/Sep/2026:10:58:33 +0200] "POST /wp-cron.php?doing_wp_cron=1789981113.2831549644470214843750 HTTP/1.1" 200 5512 "-" "WordPress/6.6.2; https://grupo-seg.com"
72.145.152.1 - - [21/Sep/2026:10:58:32 +0200] "GET / HTTP/1.1" 301 5612 "-" "Mozilla/5.0 (Windows NT 10.0; Win64; x64) AppleWebKit/537.36 (KHTML, like Gecko) Chrome/141.0.7390.0 Safari/537.36"
89.248.107.232 - - [21/Sep/2026:10:58:34 +0200] "POST /wp-admin/admin-ajax.php?action=async_litespeed&nonce=b4cc4c672a&litespeed_type=imgoptm HTTP/1.1" 200 5698 "-" "WordPress/6.6.2; https://grupo-seg.com"
72.145.152.1 - - [21/Sep/2026:10:58:33 +0200] "GET / HTTP/1.1" 200 165847 "-" "Mozilla/5.0 (Windows NT 10.0; Win64; x64) AppleWebKit/537.36 (KHTML, like Gecko) Chrome/141.0.7390.0 Safari/537.36"
72.145.152.1 - - [21/Sep/2026:10:58:39 +0200] "POST /wp-content/plugins/litespeed-cache/guest.vary.php HTTP/1.1" 200 5656 "https://grupo-seg.com/" "Mozilla/5.0 (Windows NT 10.0; Win64; x64) AppleWebKit/537.36 (KHTML, like Gecko) Chrome/141.0.7390.0 Safari/537.36"
89.248.107.232 - - [21/Sep/2026:10:58:40 +0200] "POST /wp-cron.php?doing_wp_cron=1789981120.3239450454711914062500 HTTP/1.1" 200 5512 "-" "WordPress/6.6.2; https://grupo-seg.com"
72.145.152.1 - - [21/Sep/2026:10:58:39 +0200] "GET / HTTP/1.1" 200 165219 "https://grupo-seg.com/" "Mozilla/5.0 (Windows NT 10.0; Win64; x64) AppleWebKit/537.36 (KHTML, like Gecko) Chrome/141.0.7390.0 Safari/537.36"
217.216.38.221 - - [21/Sep/2026:10:58:55 +0200] "GET /wp-admin/css/ HTTP/1.1" 403 6501 "binance.com" "Mozilla/5.0 (Windows NT 10.0; Win64; x64) AppleWebKit/537.36 (KHTML, like Gecko) Chrome/90.0.4430.85 Safari/537.36"
89.248.107.232 - - [21/Sep/2026:10:59:26 +0200] "POST /wp-cron.php?doing_wp_cron=1789981166.4110419750213623046875 HTTP/1.1" 200 5512 "-" "WordPress/6.6.2; https://grupo-seg.com"
88.30.85.178 - - [21/Sep/2026:10:59:25 +0200] "POST /AutoDiscover/autodiscover.xml HTTP/1.1" 404 92217 "-" "Microsoft Office/16.0 (Windows NT 10.0; Microsoft Word 16.0.20326; Pro)"
89.248.107.232 - - [21/Sep/2026:10:59:27 +0200] "POST /wp-admin/admin-ajax.php?action=async_litespeed&nonce=b4cc4c672a&litespeed_type=imgoptm HTTP/1.1" 200 5698 "-" "WordPress/6.6.2; https://grupo-seg.com"
89.248.107.232 - - [21/Sep/2026:10:59:41 +0200] "POST /wp-cron.php?doing_wp_cron=1789981181.8675150871276855468750 HTTP/1.1" 200 5512 "-" "WordPress/6.6.2; https://grupo-seg.com"
34.220.77.31 - - [21/Sep/2026:10:59:41 +0200] "GET / HTTP/1.1" 200 165817 "-" "Mozilla/5.0 (Windows NT 10.0; Win64; x64) AppleWebKit/537.36 (KHTML, like Gecko) Chrome/113.0.0.0 Safari/537.36"
40.77.167.55 - - [21/Sep/2026:10:59:53 +0200] "GET /renovacion-de-la-linea-9-de-metro-de-madrid/ HTTP/1.1" 200 116140 "-" "Mozilla/5.0 AppleWebKit/537.36 (KHTML, like Gecko; compatible; bingbot/2.0; +http://www.bing.com/bingbot.htm) Chrome/116.0.1938.76 Safari/537.36"
89.248.107.232 - - [21/Sep/2026:11:01:06 +0200] "POST /wp-cron.php?doing_wp_cron=1789981266.3663289546966552734375 HTTP/1.1" 200 5512 "-" "WordPress/6.6.2; https://grupo-seg.com/en/"
89.248.107.232 - - [21/Sep/2026:11:01:07 +0200] "POST /wp-admin/admin-ajax.php?action=async_litespeed&nonce=b4cc4c672a&litespeed_type=imgoptm HTTP/1.1" 200 5698 "-" "WordPress/6.6.2; https://grupo-seg.com"
47.128.38.102 - - [21/Sep/2026:11:01:03 +0200] "GET /en/portfolio/certification-and-supervision-of-a-vlt-light-rail-vehicle-in-the-baixada-santista-metropolitan-integrated-system/ HTTP/1.1" 200 108712 "-" "Mozilla/5.0 (Linux; Android 5.0) AppleWebKit/537.36 (KHTML, like Gecko) Mobile Safari/537.36 (compatible; Bytespider; spider-feedback@bytedance.com)"
89.248.107.232 - - [21/Sep/2026:11:05:17 +0200] "POST /wp-cron.php?doing_wp_cron=1789981517.2275760173797607421875 HTTP/1.1" 200 5512 "-" "WordPress/6.6.2; https://grupo-seg.com"
83.61.126.249 - - [21/Sep/2026:11:05:16 +0200] "POST /AutoDiscover/autodiscover.xml HTTP/1.1" 404 92202 "-" "Microsoft Office/16.0 (Windows NT 10.0; Microsoft Excel 16.0.20228; Pro)"
89.248.107.232 - - [21/Sep/2026:11:05:18 +0200] "POST /wp-admin/admin-ajax.php?action=async_litespeed&nonce=b4cc4c672a&litespeed_type=imgoptm HTTP/1.1" 200 5698 "-" "WordPress/6.6.2; https://grupo-seg.com"
89.248.107.232 - - [21/Sep/2026:11:08:01 +0200] "POST /wp-cron.php?doing_wp_cron=1789981681.5293579101562500000000 HTTP/1.1" 200 5512 "-" "WordPress/6.6.2; https://grupo-seg.com"
79.145.53.4 - - [21/Sep/2026:11:08:00 +0200] "POST /AutoDiscover/autodiscover.xml HTTP/1.1" 404 92202 "-" "Microsoft Office/16.0 (Windows NT 10.0; Microsoft Excel 16.0.20326; Pro)"
89.248.107.232 - - [21/Sep/2026:11:08:02 +0200] "POST /wp-admin/admin-ajax.php?action=async_litespeed&nonce=b4cc4c672a&litespeed_type=imgoptm HTTP/1.1" 200 5698 "-" "WordPress/6.6.2; https://grupo-seg.com"
89.248.107.232 - - [21/Sep/2026:11:13:39 +0200] "POST /wp-cron.php?doing_wp_cron=1789982019.6286458969116210937500 HTTP/1.1" 200 5512 "-" "WordPress/6.6.2; https://grupo-seg.com"
40.77.167.73 - - [21/Sep/2026:11:13:39 +0200] "GET /parse1738/empresa.html HTTP/1.1" 404 97436 "-" "Mozilla/5.0 AppleWebKit/537.36 (KHTML, like Gecko; compatible; bingbot/2.0; +http://www.bing.com/bingbot.htm) Chrome/116.0.1938.76 Safari/537.36"
89.248.107.232 - - [21/Sep/2026:11:13:40 +0200] "POST /wp-admin/admin-ajax.php?action=async_litespeed&nonce=b4cc4c672a&litespeed_type=imgoptm HTTP/1.1" 200 5698 "-" "WordPress/6.6.2; https://grupo-seg.com"
89.248.107.232 - - [21/Sep/2026:11:14:25 +0200] "POST /wp-cron.php?doing_wp_cron=1789982065.8576419353485107421875 HTTP/1.1" 200 5512 "-" "WordPress/6.6.2; https://grupo-seg.com"
43.135.142.7 - - [21/Sep/2026:11:14:25 +0200] "GET / HTTP/1.1" 301 5612 "http://www.serynco.es" "Mozilla/5.0 (iPhone; CPU iPhone OS 13_2_3 like Mac OS X) AppleWebKit/605.1.15 (KHTML, like Gecko) Version/13.0.3 Mobile/15E148 Safari/604.1"
89.248.107.232 - - [21/Sep/2026:11:14:26 +0200] "POST /wp-admin/admin-ajax.php?action=async_litespeed&nonce=b4cc4c672a&litespeed_type=imgoptm HTTP/1.1" 200 5698 "-" "WordPress/6.6.2; https://grupo-seg.com"
43.135.142.7 - - [21/Sep/2026:11:14:27 +0200] "GET / HTTP/1.1" 200 156989 "https://www.grupo-seg.com/" "Mozilla/5.0 (iPhone; CPU iPhone OS 13_2_3 like Mac OS X) AppleWebKit/605.1.15 (KHTML, like Gecko) Version/13.0.3 Mobile/15E148 Safari/604.1"
89.248.107.232 - - [21/Sep/2026:11:19:51 +0200] "POST /wp-cron.php?doing_wp_cron=1789982391.8496229648590087890625 HTTP/1.1" 200 5512 "-" "WordPress/6.6.2; https://grupo-seg.com"
40.77.167.157 - - [21/Sep/2026:11:19:51 +0200] "GET /ihve86289seitmitm.htm HTTP/1.1" 404 97436 "-" "Mozilla/5.0 AppleWebKit/537.36 (KHTML, like Gecko; compatible; bingbot/2.0; +http://www.bing.com/bingbot.htm) Chrome/116.0.1938.76 Safari/537.36"
89.248.107.232 - - [21/Sep/2026:11:19:52 +0200] "POST /wp-admin/admin-ajax.php?action=async_litespeed&nonce=b4cc4c672a&litespeed_type=imgoptm HTTP/1.1" 200 5698 "-" "WordPress/6.6.2; https://grupo-seg.com"
89.248.107.232 - - [21/Sep/2026:11:20:08 +0200] "POST /wp-cron.php?doing_wp_cron=1789982408.8227429389953613281250 HTTP/1.1" 200 5512 "-" "WordPress/6.6.2; https://grupo-seg.com"
5.205.241.77 - - [21/Sep/2026:11:20:08 +0200] "POST /AutoDiscover/autodiscover.xml HTTP/1.1" 404 92268 "-" "Microsoft Office/16.0 (Windows NT 10.0; Microsoft Word 16.0.20326; Pro)"
44.246.109.37 - - [21/Sep/2026:11:20:20 +0200] "POST /xmlrpc.php HTTP/1.1" 503 25074 "-" "Mozilla/5.0 (Windows NT 10.0; WOW64) AppleWebKit/537.36 (KHTML, like Gecko) Chrome/140.0.0.0 Safari/537.36"
89.248.107.232 - - [21/Sep/2026:11:21:08 +0200] "POST /wp-cron.php?doing_wp_cron=1789982468.2042651176452636718750 HTTP/1.1" 200 5512 "-" "WordPress/6.6.2; https://grupo-seg.com"
193.32.162.85 - - [21/Sep/2026:11:21:07 +0200] "GET /adminer.php HTTP/1.1" 404 88607 "-" "Mozilla/5.0 (Linux; Android 15; SM-G960U) AppleWebKit/537.36 (KHTML, like Gecko) Chrome/137.0.7151.62 Mobile Safari/537.36"
89.248.107.232 - - [21/Sep/2026:11:21:09 +0200] "POST /wp-admin/admin-ajax.php?action=async_litespeed&nonce=b4cc4c672a&litespeed_type=imgoptm HTTP/1.1" 200 5698 "-" "WordPress/6.6.2; https://grupo-seg.com"
193.32.162.85 - - [21/Sep/2026:11:21:09 +0200] "GET /adminer.php HTTP/1.1" 404 88607 "-" "Mozilla/5.0 (Linux; Android 15; SM-G960U) AppleWebKit/537.36 (KHTML, like Gecko) Chrome/137.0.7151.62 Mobile Safari/537.36"
89.248.107.232 - - [21/Sep/2026:11:23:28 +0200] "POST /wp-cron.php?doing_wp_cron=1789982608.7729630470275878906250 HTTP/1.1" 200 5512 "-" "WordPress/6.6.2; https://grupo-seg.com"
185.33.86.18 - - [21/Sep/2026:11:23:28 +0200] "GET / HTTP/1.1" 200 157019 "https://epascual@grupo-seg.com/" "Mozilla/5.0 (Linux; Android 14; SM-S918B) AppleWebKit/537.36 (KHTML, like Gecko) Chrome/120.0.6099.144 Mobile Safari/537.36"
89.248.107.232 - - [21/Sep/2026:11:23:29 +0200] "POST /wp-admin/admin-ajax.php?action=async_litespeed&nonce=b4cc4c672a&litespeed_type=imgoptm HTTP/1.1" 200 5698 "-" "WordPress/6.6.2; https://grupo-seg.com"
40.77.167.48 - - [21/Sep/2026:11:23:36 +0200] "GET /rmsy205217csptdid/dropotisu.html HTTP/1.1" 301 5691 "-" "Mozilla/5.0 AppleWebKit/537.36 (KHTML, like Gecko; compatible; bingbot/2.0; +http://www.bing.com/bingbot.htm) Chrome/116.0.1938.76 Safari/537.36"
89.248.107.232 - - [21/Sep/2026:11:24:43 +0200] "POST /wp-cron.php?doing_wp_cron=1789982683.2379040718078613281250 HTTP/1.1" 200 5512 "-" "WordPress/6.6.2; https://grupo-seg.com"
40.77.167.157 - - [21/Sep/2026:11:24:42 +0200] "GET /gris176/xy19fche.html HTTP/1.1" 404 97421 "-" "Mozilla/5.0 AppleWebKit/537.36 (KHTML, like Gecko; compatible; bingbot/2.0; +http://www.bing.com/bingbot.htm) Chrome/116.0.1938.76 Safari/537.36"
89.248.107.232 - - [21/Sep/2026:11:24:44 +0200] "POST /wp-admin/admin-ajax.php?action=async_litespeed&nonce=b4cc4c672a&litespeed_type=imgoptm HTTP/1.1" 200 5698 "-" "WordPress/6.6.2; https://grupo-seg.com"
40.77.167.157 - - [21/Sep/2026:11:24:44 +0200] "GET /ahjv339618rsipuotiptsdoddc.html HTTP/1.1" 404 97421 "-" "Mozilla/5.0 AppleWebKit/537.36 (KHTML, like Gecko; compatible; bingbot/2.0; +http://www.bing.com/bingbot.htm) Chrome/116.0.1938.76 Safari/537.36"
89.248.107.232 - - [21/Sep/2026:11:25:12 +0200] "POST /wp-cron.php?doing_wp_cron=1789982712.8535890579223632812500 HTTP/1.1" 200 5512 "-" "WordPress/6.6.2; https://grupo-seg.com"
40.77.167.157 - - [21/Sep/2026:11:25:12 +0200] "GET /elsr683396mtgeiodoisds.html HTTP/1.1" 404 97436 "-" "Mozilla/5.0 AppleWebKit/537.36 (KHTML, like Gecko; compatible; bingbot/2.0; +http://www.bing.com/bingbot.htm) Chrome/116.0.1938.76 Safari/537.36"
40.77.167.157 - - [21/Sep/2026:11:25:15 +0200] "GET /arcd749832doditoisgm.html HTTP/1.1" 404 97421 "-" "Mozilla/5.0 AppleWebKit/537.36 (KHTML, like Gecko; compatible; bingbot/2.0; +http://www.bing.com/bingbot.htm) Chrome/116.0.1938.76 Safari/537.36"
17.166.152.24 - - [21/Sep/2026:11:25:22 +0200] "GET /en/wp-json/wp/v2/pages/5646 HTTP/1.1" 200 86205 "-" "Mozilla/5.0 (Macintosh; Intel Mac OS X 10_15_7) AppleWebKit/605.1.15 (KHTML, like Gecko) Version/17.4 Safari/605.1.15 (Applebot/0.1; +http://www.apple.com/go/applebot)"
89.248.107.232 - - [21/Sep/2026:11:25:37 +0200] "POST /wp-cron.php?doing_wp_cron=1789982737.0506570339202880859375 HTTP/1.1" 200 5512 "-" "WordPress/6.6.2; https://grupo-seg.com"
2.139.158.128 - - [21/Sep/2026:11:25:36 +0200] "POST /AutoDiscover/autodiscover.xml HTTP/1.1" 404 92217 "-" "Microsoft Office Excel/16.113.917 (Mac OS/26.7; Desktop; es-ES; NonAppStore; Apple/Mac15,3)"
89.248.107.232 - - [21/Sep/2026:11:25:37 +0200] "POST /wp-admin/admin-ajax.php?action=async_litespeed&nonce=b4cc4c672a&litespeed_type=imgoptm HTTP/1.1" 200 5698 "-" "WordPress/6.6.2; https://grupo-seg.com"
89.248.107.232 - - [21/Sep/2026:11:26:16 +0200] "POST /wp-cron.php?doing_wp_cron=1789982776.8033630847930908203125 HTTP/1.1" 200 5512 "-" "WordPress/6.6.2; https://grupo-seg.com"
52.167.144.232 - - [21/Sep/2026:11:26:16 +0200] "GET /iesj270138z6597p2sd803t4o1si HTTP/1.1" 404 97436 "-" "Mozilla/5.0 AppleWebKit/537.36 (KHTML, like Gecko; compatible; bingbot/2.0; +http://www.bing.com/bingbot.htm) Chrome/116.0.1938.76 Safari/537.36"
89.248.107.232 - - [21/Sep/2026:11:27:02 +0200] "POST /wp-cron.php?doing_wp_cron=1789982822.6883330345153808593750 HTTP/1.1" 200 5512 "-" "WordPress/6.6.2; https://grupo-seg.com"
40.77.167.14 - - [21/Sep/2026:11:27:01 +0200] "GET /elsr95101iiosdsd/osgpdot.htm HTTP/1.1" 404 97421 "-" "Mozilla/5.0 AppleWebKit/537.36 (KHTML, like Gecko; compatible; bingbot/2.0; +http://www.bing.com/bingbot.htm) Chrome/116.0.1938.76 Safari/537.36"
89.248.107.232 - - [21/Sep/2026:11:27:04 +0200] "POST /wp-admin/admin-ajax.php?action=async_litespeed&nonce=b4cc4c672a&litespeed_type=imgoptm HTTP/1.1" 200 5698 "-" "WordPress/6.6.2; https://grupo-seg.com"
27.159.75.49 - - [21/Sep/2026:11:27:12 +0200] "GET / HTTP/1.1" 200 157019 "-" "Mozilla/5.0 (Linux; Android 10; K) AppleWebKit/537.36 (KHTML, like Gecko) Chrome/135.0.0.0 Mobile Safari/537.36"
27.159.75.49 - - [21/Sep/2026:11:27:17 +0200] "GET / HTTP/1.1" 200 156989 "-" "Mozilla/5.0 (iPhone; CPU iPhone OS 17_5 like Mac OS X) AppleWebKit/605.1.15 (KHTML, like Gecko) Version/26.0 Mobile/15E148 Safari/604.1"
27.159.75.49 - - [21/Sep/2026:11:27:20 +0200] "POST /wp-content/plugins/litespeed-cache/guest.vary.php HTTP/1.1" 200 5656 "https://grupo-seg.com/" "Mozilla/5.0 (iPhone; CPU iPhone OS 17_5 like Mac OS X) AppleWebKit/605.1.15 (KHTML, like Gecko) Version/26.0 Mobile/15E148 Safari/604.1"
27.159.75.49 - - [21/Sep/2026:11:27:21 +0200] "GET / HTTP/1.1" 200 166991 "https://grupo-seg.com/" "Mozilla/5.0 (iPhone; CPU iPhone OS 17_5 like Mac OS X) AppleWebKit/605.1.15 (KHTML, like Gecko) Version/26.0 Mobile/15E148 Safari/604.1"
149.34.251.250 - - [21/Sep/2026:11:27:23 +0200] "GET / HTTP/1.1" 301 5612 "https://www.grupo-seg.com/" "Mozilla/5.0 (Windows NT 10.0; Win64; x64) AppleWebKit/537.36 (KHTML, like Gecko) Chrome/129.0.0.0 Safari/537.36"
89.248.107.232 - - [21/Sep/2026:11:27:26 +0200] "POST /wp-cron.php?doing_wp_cron=1789982846.3770570755004882812500 HTTP/1.1" 200 5512 "-" "WordPress/6.6.2; https://grupo-seg.com"
27.159.75.49 - - [21/Sep/2026:11:27:26 +0200] "GET /favicon.ico HTTP/1.1" 302 5672 "-" "Mozilla/5.0 (Windows NT 10.0; Win64; x64) AppleWebKit/537.36 (KHTML, like Gecko) Chrome/106.0.0.0 Safari/537.36 Edg/106.0.1370.37"
149.34.251.250 - - [21/Sep/2026:11:27:25 +0200] "GET / HTTP/1.1" 200 165817 "https://grupo-seg.com/" "Mozilla/5.0 (Windows NT 10.0; Win64; x64) AppleWebKit/537.36 (KHTML, like Gecko) Chrome/129.0.0.0 Safari/537.36"
89.248.107.232 - - [21/Sep/2026:11:27:27 +0200] "POST /wp-admin/admin-ajax.php?action=async_litespeed&nonce=b4cc4c672a&litespeed_type=imgoptm HTTP/1.1" 200 5698 "-" "WordPress/6.6.2; https://grupo-seg.com"
149.34.251.250 - - [21/Sep/2026:11:27:31 +0200] "GET /contacto/ HTTP/1.1" 200 199636 "https://grupo-seg.com/contacto/" "Mozilla/5.0 (Windows NT 10.0; Win64; x64) AppleWebKit/537.36 (KHTML, like Gecko) Chrome/129.0.0.0 Safari/537.36"
149.34.251.250 - - [21/Sep/2026:11:27:35 +0200] "GET /en/contact/ HTTP/1.1" 200 199625 "https://grupo-seg.com/en/contact/" "Mozilla/5.0 (Windows NT 10.0; Win64; x64) AppleWebKit/537.36 (KHTML, like Gecko) Chrome/129.0.0.0 Safari/537.36"
89.248.107.232 - - [21/Sep/2026:11:28:23 +0200] "POST /wp-cron.php?doing_wp_cron=1789982903.0463759899139404296875 HTTP/1.1" 200 5512 "-" "WordPress/6.6.2; https://grupo-seg.com"
207.46.13.229 - - [21/Sep/2026:11:28:22 +0200] "GET /robots.txt HTTP/1.1" 200 5679 "-" "Mozilla/5.0 AppleWebKit/537.36 (KHTML, like Gecko; compatible; bingbot/2.0; +http://www.bing.com/bingbot.htm) Chrome/116.0.1938.76 Safari/537.36"
89.248.107.232 - - [21/Sep/2026:11:28:25 +0200] "POST /wp-cron.php?doing_wp_cron=1789982905.0687289237976074218750 HTTP/1.1" 200 5512 "-" "WordPress/6.6.2; https://grupo-seg.com"
40.77.167.157 - - [21/Sep/2026:11:28:24 +0200] "GET /npsi1347606ditdcguodorpisod HTTP/1.1" 404 97421 "-" "Mozilla/5.0 AppleWebKit/537.36 (KHTML, like Gecko; compatible; bingbot/2.0; +http://www.bing.com/bingbot.htm) Chrome/116.0.1938.76 Safari/537.36"
89.248.107.232 - - [21/Sep/2026:11:28:25 +0200] "POST /wp-admin/admin-ajax.php?action=async_litespeed&nonce=b4cc4c672a&litespeed_type=imgoptm HTTP/1.1" 200 5698 "-" "WordPress/6.6.2; https://grupo-seg.com"
95.63.18.62 - - [21/Sep/2026:11:28:36 +0200] "POST /AutoDiscover/autodiscover.xml HTTP/1.1" 404 92202 "-" "Microsoft Office/16.0 (Windows NT 10.0; Microsoft Excel 16.0.20326; Pro)"
89.248.107.232 - - [21/Sep/2026:11:28:51 +0200] "POST /wp-cron.php?doing_wp_cron=1789982930.9805400371551513671875 HTTP/1.1" 200 5512 "-" "WordPress/6.6.2; https://grupo-seg.com"
40.77.167.51 - - [21/Sep/2026:11:28:50 +0200] "GET /burakudejitaruka/0004741759.html HTTP/1.1" 404 97421 "-" "Mozilla/5.0 AppleWebKit/537.36 (KHTML, like Gecko; compatible; bingbot/2.0; +http://www.bing.com/bingbot.htm) Chrome/116.0.1938.76 Safari/537.36"
89.248.107.232 - - [21/Sep/2026:11:29:01 +0200] "POST /wp-cron.php?doing_wp_cron=1789982941.6085500717163085937500 HTTP/1.1" 200 5512 "-" "WordPress/6.6.2; https://grupo-seg.com"
52.167.144.156 - - [21/Sep/2026:11:29:01 +0200] "GET /prognosis501/pw1uhuox.html HTTP/1.1" 301 5685 "-" "Mozilla/5.0 AppleWebKit/537.36 (KHTML, like Gecko; compatible; bingbot/2.0; +http://www.bing.com/bingbot.htm) Chrome/116.0.1938.76 Safari/537.36"
89.248.107.232 - - [21/Sep/2026:11:29:26 +0200] "POST /wp-cron.php?doing_wp_cron=1789982966.8845210075378417968750 HTTP/1.1" 200 5512 "-" "WordPress/6.6.2; https://grupo-seg.com"
193.32.162.85 - - [21/Sep/2026:11:29:26 +0200] "GET /adminer.php HTTP/1.1" 301 5670 "-" "Mozilla/5.0 (Linux; Android 15; SM-G960U) AppleWebKit/537.36 (KHTML, like Gecko) Chrome/137.0.7151.62 Mobile Safari/537.36"
193.32.162.85 - - [21/Sep/2026:11:29:27 +0200] "GET /adminer.php HTTP/1.1" 404 88592 "-" "Mozilla/5.0 (Linux; Android 15; SM-G960U) AppleWebKit/537.36 (KHTML, like Gecko) Chrome/137.0.7151.62 Mobile Safari/537.36"
89.248.107.232 - - [21/Sep/2026:11:29:27 +0200] "POST /wp-admin/admin-ajax.php?action=async_litespeed&nonce=b4cc4c672a&litespeed_type=imgoptm HTTP/1.1" 200 5698 "-" "WordPress/6.6.2; https://grupo-seg.com"
193.32.162.85 - - [21/Sep/2026:11:29:28 +0200] "GET /adminer.php HTTP/1.1" 301 5670 "-" "Mozilla/5.0 (Linux; Android 15; SM-G960U) AppleWebKit/537.36 (KHTML, like Gecko) Chrome/137.0.7151.62 Mobile Safari/537.36"
193.32.162.85 - - [21/Sep/2026:11:29:29 +0200] "GET /adminer.php HTTP/1.1" 404 88607 "-" "Mozilla/5.0 (Linux; Android 15; SM-G960U) AppleWebKit/537.36 (KHTML, like Gecko) Chrome/137.0.7151.62 Mobile Safari/537.36"
89.248.107.232 - - [21/Sep/2026:11:31:58 +0200] "POST /wp-cron.php?doing_wp_cron=1789983118.7222230434417724609375 HTTP/1.1" 200 5512 "-" "WordPress/6.6.2; https://grupo-seg.com"
40.77.167.51 - - [21/Sep/2026:11:31:58 +0200] "GET /ihve1427256itieodmdsgos.html HTTP/1.1" 404 97436 "-" "Mozilla/5.0 AppleWebKit/537.36 (KHTML, like Gecko; compatible; bingbot/2.0; +http://www.bing.com/bingbot.htm) Chrome/116.0.1938.76 Safari/537.36"
89.248.107.232 - - [21/Sep/2026:11:31:59 +0200] "POST /wp-admin/admin-ajax.php?action=async_litespeed&nonce=b4cc4c672a&litespeed_type=imgoptm HTTP/1.1" 200 5698 "-" "WordPress/6.6.2; https://grupo-seg.com"
89.248.107.232 - - [21/Sep/2026:11:32:44 +0200] "POST /wp-cron.php?doing_wp_cron=1789983164.0099980831146240234375 HTTP/1.1" 200 5512 "-" "WordPress/6.6.2; https://grupo-seg.com"
43.164.133.138 - - [21/Sep/2026:11:32:43 +0200] "GET / HTTP/1.1" 301 5612 "http://alben4000.com" "Mozilla/5.0 (iPhone; CPU iPhone OS 13_2_3 like Mac OS X) AppleWebKit/605.1.15 (KHTML, like Gecko) Version/13.0.3 Mobile/15E148 Safari/604.1"
89.248.107.232 - - [21/Sep/2026:11:32:44 +0200] "POST /wp-admin/admin-ajax.php?action=async_litespeed&nonce=b4cc4c672a&litespeed_type=imgoptm HTTP/1.1" 200 5698 "-" "WordPress/6.6.2; https://grupo-seg.com"
43.164.133.138 - - [21/Sep/2026:11:32:45 +0200] "GET / HTTP/1.1" 200 157019 "https://www.grupo-seg.com/" "Mozilla/5.0 (iPhone; CPU iPhone OS 13_2_3 like Mac OS X) AppleWebKit/605.1.15 (KHTML, like Gecko) Version/13.0.3 Mobile/15E148 Safari/604.1"
89.248.107.232 - - [21/Sep/2026:11:33:00 +0200] "POST /wp-cron.php?doing_wp_cron=1789983180.4561829566955566406250 HTTP/1.1" 200 5512 "-" "WordPress/6.6.2; https://grupo-seg.com"
94.26.106.143 - - [21/Sep/2026:11:33:00 +0200] "GET /wp-login.php HTTP/1.1" 200 13732 "-" "Mozilla/5.0 (X11; Ubuntu; Linux x86_64) AppleWebKit/537.36 (KHTML, like Gecko) Chrome/118.0.0.0 Safari/537.36"
94.26.106.143 - - [21/Sep/2026:11:33:00 +0200] "GET /wp-login.php HTTP/1.1" 200 13732 "-" "Mozilla/5.0 (Macintosh; Intel Mac OS X 10_15_7) AppleWebKit/605.1.15 (KHTML, like Gecko) Version/16.6 Safari/605.1.15"
94.26.106.143 - - [21/Sep/2026:11:33:01 +0200] "GET /wp-admin/ HTTP/1.1" 302 5685 "-" "Mozilla/5.0 (Macintosh; Intel Mac OS X 10_15_7) AppleWebKit/605.1.15 (KHTML, like Gecko) Version/17.2 Safari/605.1.15"
89.248.107.232 - - [21/Sep/2026:11:33:04 +0200] "POST /wp-cron.php?doing_wp_cron=1789983184.8692169189453125000000 HTTP/1.1" 200 5512 "-" "WordPress/6.6.2; https://grupo-seg.com"
207.46.13.229 - - [21/Sep/2026:11:33:04 +0200] "GET /robots.txt HTTP/1.1" 200 5679 "-" "Mozilla/5.0 AppleWebKit/537.36 (KHTML, like Gecko; compatible; bingbot/2.0; +http://www.bing.com/bingbot.htm) Chrome/116.0.1938.76 Safari/537.36"
94.26.106.143 - - [21/Sep/2026:11:33:04 +0200] "GET /wp-login.php?redirect_to=https%3A%2F%2Fwww.grupo-seg.com%2Fwp-admin%2F&reauth=1 HTTP/1.1" 200 15700 "-" "Mozilla/5.0 (Macintosh; Intel Mac OS X 10_15_7) AppleWebKit/605.1.15 (KHTML, like Gecko) Version/17.2 Safari/605.1.15"
52.167.144.157 - - [21/Sep/2026:11:33:09 +0200] "GET /ihve1122649ecots/legal.html HTTP/1.1" 301 5686 "-" "Mozilla/5.0 AppleWebKit/537.36 (KHTML, like Gecko; compatible; bingbot/2.0; +http://www.bing.com/bingbot.htm) Chrome/116.0.1938.76 Safari/537.36"
40.77.167.51 - - [21/Sep/2026:11:33:21 +0200] "GET /armg757042emitt/contacto.html HTTP/1.1" 404 97421 "-" "Mozilla/5.0 AppleWebKit/537.36 (KHTML, like Gecko; compatible; bingbot/2.0; +http://www.bing.com/bingbot.htm) Chrome/116.0.1938.76 Safari/537.36"
2.139.158.128 - - [21/Sep/2026:11:33:23 +0200] "POST /AutoDiscover/autodiscover.xml HTTP/1.1" 404 92202 "-" "Microsoft Office/16.0 (Windows NT 10.0; Microsoft Excel 16.0.20326; Pro)"
89.248.107.232 - - [21/Sep/2026:11:33:36 +0200] "POST /wp-cron.php?doing_wp_cron=1789983216.6604080200195312500000 HTTP/1.1" 200 5512 "-" "WordPress/6.6.2; https://grupo-seg.com"
2.139.158.128 - - [21/Sep/2026:11:33:36 +0200] "POST /AutoDiscover/autodiscover.xml HTTP/1.1" 404 92253 "-" "Microsoft Office/16.0 (Windows NT 10.0; Microsoft Word 16.0.20326; Pro)"
89.248.107.232 - - [21/Sep/2026:11:33:37 +0200] "POST /wp-admin/admin-ajax.php?action=async_litespeed&nonce=b4cc4c672a&litespeed_type=imgoptm HTTP/1.1" 200 5698 "-" "WordPress/6.6.2; https://grupo-seg.com"
89.248.107.232 - - [21/Sep/2026:11:34:03 +0200] "POST /wp-cron.php?doing_wp_cron=1789983243.9064331054687500000000 HTTP/1.1" 200 5512 "-" "WordPress/6.6.2; https://grupo-seg.com"
52.167.144.163 - - [21/Sep/2026:11:34:03 +0200] "GET /zcuh1572265isdrcot/upostpddi.htm HTTP/1.1" 301 5691 "-" "Mozilla/5.0 AppleWebKit/537.36 (KHTML, like Gecko; compatible; bingbot/2.0; +http://www.bing.com/bingbot.htm) Chrome/116.0.1938.76 Safari/537.36"
52.167.144.195 - - [21/Sep/2026:11:34:04 +0200] "GET /inkujitopurinta/empresa.html HTTP/1.1" 301 5687 "-" "Mozilla/5.0 AppleWebKit/537.36 (KHTML, like Gecko; compatible; bingbot/2.0; +http://www.bing.com/bingbot.htm) Chrome/116.0.1938.76 Safari/537.36"
89.248.107.232 - - [21/Sep/2026:11:34:32 +0200] "POST /wp-cron.php?doing_wp_cron=1789983272.0831320285797119140625 HTTP/1.1" 200 5512 "-" "WordPress/6.6.2; https://grupo-seg.com"
2.139.158.128 - - [21/Sep/2026:11:34:31 +0200] "POST /AutoDiscover/autodiscover.xml HTTP/1.1" 404 92217 "-" "Microsoft Office/16.0 (Windows NT 10.0; Microsoft Excel 16.0.20228; Pro)"
89.248.107.232 - - [21/Sep/2026:11:34:32 +0200] "POST /wp-admin/admin-ajax.php?action=async_litespeed&nonce=b4cc4c672a&litespeed_type=imgoptm HTTP/1.1" 200 5698 "-" "WordPress/6.6.2; https://grupo-seg.com"
89.248.107.232 - - [21/Sep/2026:11:38:19 +0200] "POST /wp-cron.php?doing_wp_cron=1789983498.9367299079895019531250 HTTP/1.1" 200 5512 "-" "WordPress/6.6.2; https://grupo-seg.com"
43.133.253.253 - - [21/Sep/2026:11:38:18 +0200] "GET / HTTP/1.1" 200 157019 "http://grupo-seg.com" "Mozilla/5.0 (iPhone; CPU iPhone OS 13_2_3 like Mac OS X) AppleWebKit/605.1.15 (KHTML, like Gecko) Version/13.0.3 Mobile/15E148 Safari/604.1"
89.248.107.232 - - [21/Sep/2026:11:38:20 +0200] "POST /wp-admin/admin-ajax.php?action=async_litespeed&nonce=b4cc4c672a&litespeed_type=imgoptm HTTP/1.1" 200 5698 "-" "WordPress/6.6.2; https://grupo-seg.com"
89.248.107.232 - - [21/Sep/2026:11:41:50 +0200] "POST /wp-cron.php?doing_wp_cron=1789983710.3123779296875000000000 HTTP/1.1" 200 5512 "-" "WordPress/6.6.2; https://grupo-seg.com"
90.160.163.55 - - [21/Sep/2026:11:41:49 +0200] "POST /autodiscover/autodiscover.xml HTTP/1.1" 404 92202 "-" "Microsoft Office/16.0 (Windows NT 10.0; Microsoft Outlook 16.0.20326; Pro)"
90.160.163.55 - - [21/Sep/2026:11:41:50 +0200] "POST /autodiscover/autodiscover.xml HTTP/1.1" 404 92217 "-" "Microsoft Office/16.0 (Windows NT 10.0; Microsoft Outlook 16.0.20326; Pro)"
89.248.107.232 - - [21/Sep/2026:11:41:51 +0200] "POST /wp-admin/admin-ajax.php?action=async_litespeed&nonce=b4cc4c672a&litespeed_type=imgoptm HTTP/1.1" 200 5698 "-" "WordPress/6.6.2; https://grupo-seg.com"
89.248.107.232 - - [21/Sep/2026:11:41:54 +0200] "POST /wp-cron.php?doing_wp_cron=1789983714.8308889865875244140625 HTTP/1.1" 200 5512 "-" "WordPress/6.6.2; https://grupo-seg.com"
90.160.163.55 - - [21/Sep/2026:11:41:54 +0200] "POST /autodiscover/autodiscover.xml HTTP/1.1" 404 92217 "-" "Microsoft Office/16.0 (Windows NT 10.0; Microsoft Outlook 16.0.20326; Pro)"
89.248.107.232 - - [21/Sep/2026:11:42:16 +0200] "POST /wp-cron.php?doing_wp_cron=1789983736.5591030120849609375000 HTTP/1.1" 200 5512 "-" "WordPress/6.6.2; https://grupo-seg.com"
90.160.163.55 - - [21/Sep/2026:11:42:16 +0200] "POST /autodiscover/autodiscover.xml HTTP/1.1" 404 92217 "-" "Microsoft Office/16.0 (Windows NT 10.0; Microsoft Outlook 16.0.20326; Pro)"
43.140.247.223 - - [21/Sep/2026:11:42:16 +0200] "GET / HTTP/1.1" 200 156989 "http://grupo-seg.com" "Mozilla/5.0 (iPhone; CPU iPhone OS 13_2_3 like Mac OS X) AppleWebKit/605.1.15 (KHTML, like Gecko) Version/13.0.3 Mobile/15E148 Safari/604.1"
89.248.107.232 - - [21/Sep/2026:11:42:31 +0200] "POST /wp-cron.php?doing_wp_cron=1789983751.1377499103546142578125 HTTP/1.1" 200 5512 "-" "WordPress/6.6.2; https://grupo-seg.com"
20.57.146.220 - - [21/Sep/2026:11:42:30 +0200] "GET /robots.txt HTTP/1.1" 301 5576 "-" "Mozilla/5.0 (compatible; LeadGennyResearchBot/0.1; +https://detris.ai/bot)"
89.248.107.232 - - [21/Sep/2026:11:42:31 +0200] "POST /wp-admin/admin-ajax.php?action=async_litespeed&nonce=b4cc4c672a&litespeed_type=imgoptm HTTP/1.1" 200 5698 "-" "WordPress/6.6.2; https://grupo-seg.com"
20.57.146.220 - - [21/Sep/2026:11:42:32 +0200] "GET /robots.txt HTTP/1.1" 200 5679 "-" "Mozilla/5.0 (compatible; LeadGennyResearchBot/0.1; +https://detris.ai/bot)"
20.57.146.220 - - [21/Sep/2026:11:42:32 +0200] "GET /robots.txt HTTP/1.1" 301 5576 "-" "Mozilla/5.0 (compatible; LeadGennyResearchBot/0.1; +https://detris.ai/bot)"
20.57.146.220 - - [21/Sep/2026:11:42:33 +0200] "GET /robots.txt HTTP/1.1" 200 5679 "-" "Mozilla/5.0 (compatible; LeadGennyResearchBot/0.1; +https://detris.ai/bot)"
20.57.146.220 - - [21/Sep/2026:11:42:34 +0200] "GET / HTTP/1.1" 301 5612 "-" "Mozilla/5.0 (compatible; LeadGennyResearchBot/0.1; +https://detris.ai/bot)"
20.57.146.220 - - [21/Sep/2026:11:42:35 +0200] "GET /robots.txt HTTP/1.1" 200 5679 "-" "Mozilla/5.0 (compatible; LeadGennyResearchBot/0.1; +https://detris.ai/bot)"
20.57.146.220 - - [21/Sep/2026:11:42:35 +0200] "GET / HTTP/1.1" 200 165817 "-" "Mozilla/5.0 (compatible; LeadGennyResearchBot/0.1; +https://detris.ai/bot)"
20.57.146.220 - - [21/Sep/2026:11:42:38 +0200] "GET /aviso-legal/ HTTP/1.1" 200 122709 "-" "Mozilla/5.0 (compatible; LeadGennyResearchBot/0.1; +https://detris.ai/bot)"
89.248.107.232 - - [21/Sep/2026:11:42:40 +0200] "POST /wp-cron.php?doing_wp_cron=1789983760.0348269939422607421875 HTTP/1.1" 200 5512 "-" "WordPress/6.6.2; https://grupo-seg.com"
20.57.146.220 - - [21/Sep/2026:11:42:39 +0200] "GET /politica-de-cookies/ HTTP/1.1" 200 121722 "-" "Mozilla/5.0 (compatible; LeadGennyResearchBot/0.1; +https://detris.ai/bot)"
20.57.146.220 - - [21/Sep/2026:11:42:41 +0200] "GET /politica-de-privacidad/ HTTP/1.1" 200 141175 "-" "Mozilla/5.0 (compatible; LeadGennyResearchBot/0.1; +https://detris.ai/bot)"
89.248.107.232 - - [21/Sep/2026:11:42:43 +0200] "POST /wp-cron.php?doing_wp_cron=1789983763.0815160274505615234375 HTTP/1.1" 200 5512 "-" "WordPress/6.6.2; https://grupo-seg.com"
20.57.146.220 - - [21/Sep/2026:11:42:42 +0200] "GET /contacto HTTP/1.1" 301 5575 "-" "Mozilla/5.0 (compatible; LeadGennyResearchBot/0.1; +https://detris.ai/bot)"
20.57.146.220 - - [21/Sep/2026:11:42:43 +0200] "GET /contacto/ HTTP/1.1" 200 199540 "-" "Mozilla/5.0 (compatible; LeadGennyResearchBot/0.1; +https://detris.ai/bot)"
90.160.163.55 - - [21/Sep/2026:11:42:44 +0200] "POST /autodiscover/autodiscover.xml HTTP/1.1" 404 92202 "-" "Microsoft Office/16.0 (Windows NT 10.0; Microsoft Outlook 16.0.20326; Pro)"
89.248.107.232 - - [21/Sep/2026:11:43:13 +0200] "POST /wp-cron.php?doing_wp_cron=1789983793.7866199016571044921875 HTTP/1.1" 200 5512 "-" "WordPress/6.6.2; https://grupo-seg.com"
90.160.163.55 - - [21/Sep/2026:11:43:13 +0200] "POST /autodiscover/autodiscover.xml HTTP/1.1" 404 92217 "-" "Microsoft Office/16.0 (Windows NT 10.0; Microsoft Outlook 16.0.20326; Pro)"
89.248.107.232 - - [21/Sep/2026:11:43:30 +0200] "POST /wp-cron.php?doing_wp_cron=1789983810.2441780567169189453125 HTTP/1.1" 200 5512 "-" "WordPress/6.6.2; https://grupo-seg.com"
34.74.242.206 - - [21/Sep/2026:11:43:29 +0200] "GET /robots.txt HTTP/1.1" 200 5679 "-" "ZoominfoBot (zoominfobot at zoominfo dot com)"
89.248.107.232 - - [21/Sep/2026:11:43:30 +0200] "POST /wp-admin/admin-ajax.php?action=async_litespeed&nonce=b4cc4c672a&litespeed_type=imgoptm HTTP/1.1" 200 5698 "-" "WordPress/6.6.2; https://grupo-seg.com"
34.74.242.206 - - [21/Sep/2026:11:43:30 +0200] "GET /robots.txt HTTP/1.1" 200 5679 "-" "ZoominfoBot (zoominfobot at zoominfo dot com)"
89.248.107.232 - - [21/Sep/2026:11:44:07 +0200] "POST /wp-cron.php?doing_wp_cron=1789983847.7148530483245849609375 HTTP/1.1" 200 5512 "-" "WordPress/6.6.2; https://grupo-seg.com"
90.160.163.55 - - [21/Sep/2026:11:44:07 +0200] "POST /autodiscover/autodiscover.xml HTTP/1.1" 404 92217 "-" "Microsoft Office/16.0 (Windows NT 10.0; Microsoft Outlook 16.0.20326; Pro)"
90.160.163.55 - - [21/Sep/2026:11:44:08 +0200] "POST /autodiscover/autodiscover.xml HTTP/1.1" 404 92217 "-" "Microsoft Office/16.0 (Windows NT 10.0; Microsoft Outlook 16.0.20326; Pro)"
89.248.107.232 - - [21/Sep/2026:11:44:40 +0200] "POST /wp-cron.php?doing_wp_cron=1789983880.2998170852661132812500 HTTP/1.1" 200 5512 "-" "WordPress/6.6.2; https://grupo-seg.com"
187.13.187.105 - - [21/Sep/2026:11:44:39 +0200] "GET /paises/espana/ HTTP/1.1" 200 161000 "https://www.ecosia.org/" "Mozilla/5.0 (Windows NT 10.0; Win64; x64) AppleWebKit/537.36 (KHTML, like Gecko) Chrome/153.0.0.0 Safari/537.36"
89.248.107.232 - - [21/Sep/2026:11:44:41 +0200] "POST /wp-admin/admin-ajax.php?action=async_litespeed&nonce=b4cc4c672a&litespeed_type=imgoptm HTTP/1.1" 200 5698 "-" "WordPress/6.6.2; https://grupo-seg.com"
187.13.187.105 - - [21/Sep/2026:11:44:42 +0200] "POST /wp-content/plugins/litespeed-cache/guest.vary.php HTTP/1.1" 200 5656 "https://grupo-seg.com/paises/espana/" "Mozilla/5.0 (Windows NT 10.0; Win64; x64) AppleWebKit/537.36 (KHTML, like Gecko) Chrome/153.0.0.0 Safari/537.36"
89.248.107.232 - - [21/Sep/2026:11:44:43 +0200] "POST /wp-cron.php?doing_wp_cron=1789983883.3312239646911621093750 HTTP/1.1" 200 5512 "-" "WordPress/6.6.2; https://grupo-seg.com"
187.13.187.105 - - [21/Sep/2026:11:44:42 +0200] "GET /paises/espana/ HTTP/1.1" 200 153179 "https://grupo-seg.com/paises/espana/" "Mozilla/5.0 (Windows NT 10.0; Win64; x64) AppleWebKit/537.36 (KHTML, like Gecko) Chrome/153.0.0.0 Safari/537.36"
89.248.107.232 - - [21/Sep/2026:11:45:13 +0200] "POST /wp-cron.php?doing_wp_cron=1789983913.7325310707092285156250 HTTP/1.1" 200 5512 "-" "WordPress/6.6.2; https://grupo-seg.com"
152.163.186.83 - - [21/Sep/2026:11:45:13 +0200] "HEAD /paises/espana/ HTTP/1.1" 200 5679 "-" "Mozilla/5.0 (Windows NT 10.0; Win64; x64) AppleWebKit/537.36 (KHTML, like Gecko) Chrome/134.0.6998.35/36 Safari/537.36"
152.163.186.83 - - [21/Sep/2026:11:45:14 +0200] "GET /paises/espana/ HTTP/1.1" 200 160970 "-" "Mozilla/5.0 (Windows NT 10.0; Win64; x64) AppleWebKit/537.36 (KHTML, like Gecko) Chrome/134.0.6998.35/36 Safari/537.36"
89.248.107.232 - - [21/Sep/2026:11:46:07 +0200] "POST /wp-cron.php?doing_wp_cron=1789983967.7098479270935058593750 HTTP/1.1" 200 5512 "-" "WordPress/6.6.2; https://grupo-seg.com"
90.160.163.55 - - [21/Sep/2026:11:46:07 +0200] "POST /autodiscover/autodiscover.xml HTTP/1.1" 404 92217 "-" "Microsoft Office/16.0 (Windows NT 10.0; Microsoft Outlook 16.0.20326; Pro)"
90.160.163.55 - - [21/Sep/2026:11:46:08 +0200] "POST /autodiscover/autodiscover.xml HTTP/1.1" 404 92217 "-" "Microsoft Office/16.0 (Windows NT 10.0; Microsoft Outlook 16.0.20326; Pro)"
89.248.107.232 - - [21/Sep/2026:11:46:09 +0200] "POST /wp-admin/admin-ajax.php?action=async_litespeed&nonce=b4cc4c672a&litespeed_type=imgoptm HTTP/1.1" 200 5698 "-" "WordPress/6.6.2; https://grupo-seg.com"
90.160.163.55 - - [21/Sep/2026:11:46:09 +0200] "POST /autodiscover/autodiscover.xml HTTP/1.1" 404 92217 "-" "Microsoft Office/16.0 (Windows NT 10.0; Microsoft Outlook 16.0.20326; Pro)"
18.97.9.102 - - [21/Sep/2026:11:46:11 +0200] "GET /robots.txt HTTP/1.1" 200 5679 "-" "Mozilla/5.0 AppleWebKit/537.36 (KHTML, like Gecko; compatible; PerplexityBot/1.0; +https://perplexity.ai/perplexitybot)"
18.97.9.103 - - [21/Sep/2026:11:46:13 +0200] "GET /en/about-us/ HTTP/1.1" 200 256169 "-" "Mozilla/5.0 AppleWebKit/537.36 (KHTML, like Gecko; compatible; PerplexityBot/1.0; +https://perplexity.ai/perplexitybot)"
89.248.107.232 - - [21/Sep/2026:11:48:13 +0200] "POST /wp-cron.php?doing_wp_cron=1789984092.9863839149475097656250 HTTP/1.1" 200 5512 "-" "WordPress/6.6.2; https://grupo-seg.com"
90.160.163.55 - - [21/Sep/2026:11:48:12 +0200] "POST /autodiscover/autodiscover.xml HTTP/1.1" 404 92202 "-" "Microsoft Office/16.0 (Windows NT 10.0; Microsoft Outlook 16.0.20326; Pro)"
90.160.163.55 - - [21/Sep/2026:11:48:12 +0200] "POST /autodiscover/autodiscover.xml HTTP/1.1" 404 92217 "-" "Microsoft Office/16.0 (Windows NT 10.0; Microsoft Outlook 16.0.20326; Pro)"
89.248.107.232 - - [21/Sep/2026:11:48:14 +0200] "POST /wp-admin/admin-ajax.php?action=async_litespeed&nonce=b4cc4c672a&litespeed_type=imgoptm HTTP/1.1" 200 5698 "-" "WordPress/6.6.2; https://grupo-seg.com"
89.248.107.232 - - [21/Sep/2026:11:48:44 +0200] "POST /wp-cron.php?doing_wp_cron=1789984124.6543629169464111328125 HTTP/1.1" 200 5512 "-" "WordPress/6.6.2; https://grupo-seg.com"
90.160.163.55 - - [21/Sep/2026:11:48:44 +0200] "POST /autodiscover/autodiscover.xml HTTP/1.1" 404 92217 "-" "Microsoft Office/16.0 (Windows NT 10.0; Microsoft Outlook 16.0.20326; Pro)"
89.248.107.232 - - [21/Sep/2026:11:48:45 +0200] "POST /wp-admin/admin-ajax.php?action=async_litespeed&nonce=b4cc4c672a&litespeed_type=imgoptm HTTP/1.1" 200 5698 "-" "WordPress/6.6.2; https://grupo-seg.com"
89.248.107.232 - - [21/Sep/2026:11:49:12 +0200] "POST /wp-cron.php?doing_wp_cron=1789984152.4288289546966552734375 HTTP/1.1" 200 5512 "-" "WordPress/6.6.2; https://grupo-seg.com"
66.249.93.172 - - [21/Sep/2026:11:49:10 +0200] "GET /.well-known/traffic-advice HTTP/1.1" 404 97421 "-" "Chrome Privacy Preserving Prefetch Proxy"
72.14.201.122 - - [21/Sep/2026:11:49:10 +0200] "GET /paises/espana/ HTTP/1.1" 200 13454 "https://www.google.com/" "Mozilla/5.0 (Windows NT 10.0; Win64; x64) AppleWebKit/537.36 (KHTML, like Gecko) Chrome/152.0.0.0 Safari/537.36"
90.160.163.55 - - [21/Sep/2026:11:49:12 +0200] "POST /autodiscover/autodiscover.xml HTTP/1.1" 404 92217 "-" "Microsoft Office/16.0 (Windows NT 10.0; Microsoft Outlook 16.0.20326; Pro)"
193.186.4.62 - - [21/Sep/2026:11:49:10 +0200] "GET / HTTP/1.1" 200 13454 "https://www.google.com/" "Mozilla/5.0 (Windows NT 10.0; Win64; x64) AppleWebKit/537.36 (KHTML, like Gecko) Chrome/152.0.0.0 Safari/537.36"
89.248.107.232 - - [21/Sep/2026:11:49:31 +0200] "POST /wp-cron.php?doing_wp_cron=1789984170.9222218990325927734375 HTTP/1.1" 200 5512 "-" "WordPress/6.6.2; https://grupo-seg.com"
162.120.188.168 - - [21/Sep/2026:11:49:30 +0200] "GET /sobre-nosotros/ HTTP/1.1" 200 257564 "https://www.google.com/" "Mozilla/5.0 (Windows NT 10.0; Win64; x64) AppleWebKit/537.36 (KHTML, like Gecko) Chrome/152.0.0.0 Safari/537.36"
