134.238.84.16 - - [21/Sep/2026:10:08:30 +0200] "GET / HTTP/1.1" 301 5612 "https://www.bing.com/" "Mozilla/5.0 (Windows NT 10.0; Win64; x64) AppleWebKit/537.36 (KHTML, like Gecko) Chrome/153.0.0.0 Safari/537.36 Edg/153.0.0.0"
89.248.107.232 - - [21/Sep/2026:10:08:31 +0200] "POST /wp-admin/admin-ajax.php?action=async_litespeed&nonce=b4cc4c672a&litespeed_type=imgoptm HTTP/1.1" 200 5698 "-" "WordPress/6.6.2; https://grupo-seg.com"
134.238.84.16 - - [21/Sep/2026:10:08:31 +0200] "GET / HTTP/1.1" 200 165817 "https://www.bing.com/" "Mozilla/5.0 (Windows NT 10.0; Win64; x64) AppleWebKit/537.36 (KHTML, like Gecko) Chrome/153.0.0.0 Safari/537.36 Edg/153.0.0.0"
134.238.84.16 - - [21/Sep/2026:10:08:33 +0200] "POST /wp-content/plugins/litespeed-cache/guest.vary.php HTTP/1.1" 200 5656 "https://grupo-seg.com/" "Mozilla/5.0 (Windows NT 10.0; Win64; x64) AppleWebKit/537.36 (KHTML, like Gecko) Chrome/153.0.0.0 Safari/537.36 Edg/153.0.0.0"
134.238.84.16 - - [21/Sep/2026:10:08:33 +0200] "GET / HTTP/1.1" 200 165219 "https://grupo-seg.com/" "Mozilla/5.0 (Windows NT 10.0; Win64; x64) AppleWebKit/537.36 (KHTML, like Gecko) Chrome/153.0.0.0 Safari/537.36 Edg/153.0.0.0"
89.248.107.232 - - [21/Sep/2026:10:08:40 +0200] "POST /wp-cron.php?doing_wp_cron=1789978120.8310239315032958984375 HTTP/1.1" 200 5512 "-" "WordPress/6.6.2; https://grupo-seg.com"
134.238.84.16 - - [21/Sep/2026:10:08:40 +0200] "GET /contacto/ HTTP/1.1" 200 194854 "https://grupo-seg.com/" "Mozilla/5.0 (Windows NT 10.0; Win64; x64) AppleWebKit/537.36 (KHTML, like Gecko) Chrome/153.0.0.0 Safari/537.36 Edg/153.0.0.0"
89.248.107.232 - - [21/Sep/2026:10:09:50 +0200] "POST /wp-cron.php?doing_wp_cron=1789978190.0324070453643798828125 HTTP/1.1" 200 5512 "-" "WordPress/6.6.2; https://grupo-seg.com"
66.249.70.35 - - [21/Sep/2026:10:09:49 +0200] "GET /robots.txt HTTP/1.1" 301 5576 "-" "Mozilla/5.0 (compatible; Googlebot/2.1; +http://www.google.com/bot.html)"
192.178.4.2 - - [21/Sep/2026:10:09:50 +0200] "GET /robots.txt HTTP/1.1" 200 5679 "-" "Mozilla/5.0 (compatible; Googlebot/2.1; +http://www.google.com/bot.html)"
89.248.107.232 - - [21/Sep/2026:10:09:50 +0200] "POST /wp-admin/admin-ajax.php?action=async_litespeed&nonce=b4cc4c672a&litespeed_type=imgoptm HTTP/1.1" 200 5698 "-" "WordPress/6.6.2; https://grupo-seg.com"
192.178.4.2 - - [21/Sep/2026:10:09:52 +0200] "GET / HTTP/1.1" 200 165847 "-" "Mozilla/5.0 (compatible; Googlebot/2.1; +http://www.google.com/bot.html)"
192.178.4.3 - - [21/Sep/2026:10:10:00 +0200] "POST /wp-content/plugins/litespeed-cache/guest.vary.php HTTP/1.1" 200 5500 "https://grupo-seg.com/" "Mozilla/5.0 (compatible; Googlebot/2.1; +http://www.google.com/bot.html)"
89.248.107.232 - - [21/Sep/2026:10:10:40 +0200] "POST /wp-cron.php?doing_wp_cron=1789978240.5683560371398925781250 HTTP/1.1" 200 5512 "-" "WordPress/6.6.2; https://grupo-seg.com"
2.139.158.128 - - [21/Sep/2026:10:10:39 +0200] "POST /autodiscover/autodiscover.xml HTTP/1.1" 404 92217 "-" "Microsoft Office/16.0 (Windows NT 10.0; Microsoft Outlook 16.0.20228; Pro)"
89.248.107.232 - - [21/Sep/2026:10:10:41 +0200] "POST /wp-admin/admin-ajax.php?action=async_litespeed&nonce=b4cc4c672a&litespeed_type=imgoptm HTTP/1.1" 200 5698 "-" "WordPress/6.6.2; https://grupo-seg.com"
89.248.107.232 - - [21/Sep/2026:10:12:36 +0200] "POST /wp-cron.php?doing_wp_cron=1789978356.1028780937194824218750 HTTP/1.1" 200 5512 "-" "WordPress/6.6.2; https://grupo-seg.com"
17.166.150.23 - - [21/Sep/2026:10:12:35 +0200] "GET /wp-json/wp/v2/pages/2002 HTTP/1.1" 200 84244 "-" "Mozilla/5.0 (Macintosh; Intel Mac OS X 10_15_7) AppleWebKit/605.1.15 (KHTML, like Gecko) Version/17.4 Safari/605.1.15 (Applebot/0.1; +http://www.apple.com/go/applebot)"
89.248.107.232 - - [21/Sep/2026:10:12:36 +0200] "POST /wp-admin/admin-ajax.php?action=async_litespeed&nonce=b4cc4c672a&litespeed_type=imgoptm HTTP/1.1" 200 5698 "-" "WordPress/6.6.2; https://grupo-seg.com"
89.248.107.232 - - [21/Sep/2026:10:13:45 +0200] "POST /wp-cron.php?doing_wp_cron=1789978425.8468770980834960937500 HTTP/1.1" 200 5512 "-" "WordPress/6.6.2; https://grupo-seg.com/en/"
162.120.187.151 - - [21/Sep/2026:10:13:45 +0200] "GET /en/about-us/ HTTP/1.1" 200 256214 "https://www.google.com/" "Mozilla/5.0 (Windows NT 10.0; Win64; x64) AppleWebKit/537.36 (KHTML, like Gecko) Chrome/144.0.0.0 Safari/537.36"
89.248.107.232 - - [21/Sep/2026:10:13:46 +0200] "POST /wp-admin/admin-ajax.php?action=async_litespeed&nonce=b4cc4c672a&litespeed_type=imgoptm HTTP/1.1" 200 5698 "-" "WordPress/6.6.2; https://grupo-seg.com"
89.248.107.232 - - [21/Sep/2026:10:16:18 +0200] "POST /wp-cron.php?doing_wp_cron=1789978578.8784348964691162109375 HTTP/1.1" 200 5512 "-" "WordPress/6.6.2; https://grupo-seg.com"
2.139.158.128 - - [21/Sep/2026:10:16:18 +0200] "POST /autodiscover/autodiscover.xml HTTP/1.1" 404 92217 "-" "Microsoft Office/16.0 (Windows NT 10.0; Microsoft Outlook 16.0.20228; Pro)"
89.248.107.232 - - [21/Sep/2026:10:16:19 +0200] "POST /wp-admin/admin-ajax.php?action=async_litespeed&nonce=b4cc4c672a&litespeed_type=imgoptm HTTP/1.1" 200 5698 "-" "WordPress/6.6.2; https://grupo-seg.com"
89.248.107.232 - - [21/Sep/2026:10:16:53 +0200] "POST /wp-cron.php?doing_wp_cron=1789978613.0184340476989746093750 HTTP/1.1" 200 5512 "-" "WordPress/6.6.2; https://grupo-seg.com"
83.38.195.67 - - [21/Sep/2026:10:16:52 +0200] "POST /AutoDiscover/autodiscover.xml HTTP/1.1" 404 92217 "-" "Microsoft Office/16.0 (Windows NT 10.0; Microsoft Word 16.0.20326; Pro)"
89.248.107.232 - - [21/Sep/2026:10:16:54 +0200] "POST /wp-admin/admin-ajax.php?action=async_litespeed&nonce=b4cc4c672a&litespeed_type=imgoptm HTTP/1.1" 200 5698 "-" "WordPress/6.6.2; https://grupo-seg.com"
89.248.107.232 - - [21/Sep/2026:10:16:59 +0200] "POST /wp-cron.php?doing_wp_cron=1789978619.0208170413970947265625 HTTP/1.1" 200 5512 "-" "WordPress/6.6.2; https://grupo-seg.com"
18.194.97.123 - - [21/Sep/2026:10:16:58 +0200] "HEAD / HTTP/1.1" 200 5715 "-" "curl/8.14.1"
89.248.107.232 - - [21/Sep/2026:10:17:00 +0200] "POST /wp-cron.php?doing_wp_cron=1789978620.2035470008850097656250 HTTP/1.1" 200 5512 "-" "WordPress/6.6.2; https://grupo-seg.com"
18.194.97.123 - - [21/Sep/2026:10:16:59 +0200] "GET / HTTP/1.1" 200 165847 "-" "curl/8.14.1"
18.194.97.123 - - [21/Sep/2026:10:17:01 +0200] "GET / HTTP/1.1" 200 165847 "-" "curl/8.14.1"
18.194.97.123 - - [21/Sep/2026:10:17:03 +0200] "GET /robots.txt HTTP/1.1" 200 5679 "https://www.seg-sa.es/robots.txt" "Go-http-client/2.0"
89.248.107.232 - - [21/Sep/2026:10:17:04 +0200] "POST /wp-cron.php?doing_wp_cron=1789978624.2358510494232177734375 HTTP/1.1" 200 5512 "-" "WordPress/6.6.2; https://grupo-seg.com"
18.194.97.123 - - [21/Sep/2026:10:17:03 +0200] "GET /sitemap.xml HTTP/1.1" 302 5555 "https://www.seg-sa.es/sitemap.xml" "Go-http-client/2.0"
18.194.97.123 - - [21/Sep/2026:10:17:03 +0200] "GET / HTTP/1.1" 200 165847 "https://www.seg-sa.es/" "Opera/9.80 (Windows NT 6.1; WOW64; U; en) Presto/2.2.15 Version/10.00"
18.194.97.123 - - [21/Sep/2026:10:17:05 +0200] "GET /wp-sitemap.xml HTTP/1.1" 200 6217 "https://grupo-seg.com/sitemap.xml" "Go-http-client/2.0"
18.194.97.123 - - [21/Sep/2026:10:17:05 +0200] "GET /wp-admin/admin-ajax.php HTTP/1.1" 400 5614 "https://www.seg-sa.es/wp-admin/admin-ajax.php" "Opera/9.80 (X11; Linux x86_64; U; en) Presto/2.9.168 Version/11.50"
18.194.97.123 - - [21/Sep/2026:10:17:05 +0200] "GET /wp-admin/ HTTP/1.1" 302 5681 "https://www.seg-sa.es/wp-admin/" "Mozilla/5.0 (Windows NT 5.1) AppleWebKit/537.36 (KHTML, like Gecko) Chrome/61.0.3163.100 Safari/537.36"
18.194.97.123 - - [21/Sep/2026:10:17:06 +0200] "GET /paises/peru/ HTTP/1.1" 200 166748 "https://grupo-seg.com/" "Opera/9.80 (Windows NT 6.1; WOW64; U; en) Presto/2.2.15 Version/10.00"
18.194.97.123 - - [21/Sep/2026:10:17:06 +0200] "GET /contacto/ HTTP/1.1" 200 199636 "https://grupo-seg.com/" "Opera/9.80 (Windows NT 10.0; U; en) Presto/2.8.131 Version/11.11"
18.194.97.123 - - [21/Sep/2026:10:17:06 +0200] "GET / HTTP/1.1" 200 165847 "https://grupo-seg.com/" "Mozilla/5.0 (Windows NT 5.1; rv:56.0) Gecko/20100101 Firefox/56.0"
18.194.97.123 - - [21/Sep/2026:10:17:07 +0200] "GET /sitemap_news.xml HTTP/1.1" 404 97436 "https://www.seg-sa.es/sitemap_news.xml" "Go-http-client/2.0"
18.194.97.123 - - [21/Sep/2026:10:17:06 +0200] "GET /en/ HTTP/1.1" 200 165965 "https://grupo-seg.com/" "Opera/9.80 (Windows NT 5.1; U; en) Presto/2.2.15 Version/10.00"
18.194.97.123 - - [21/Sep/2026:10:17:07 +0200] "GET /feed/ HTTP/1.1" 200 100998 "https://grupo-seg.com/" "Mozilla/5.0 (X11; Linux x86_64; rv:41.0) Gecko/20100101 Firefox/41.0"
18.194.97.123 - - [21/Sep/2026:10:17:07 +0200] "GET /comments/feed/ HTTP/1.1" 200 6411 "https://grupo-seg.com/" "Mozilla/5.0 (Macintosh; Intel Mac OS X 10_10; rv:35.0) Gecko/20100101 Firefox/35.0"
18.194.97.123 - - [21/Sep/2026:10:17:07 +0200] "GET /pagina-ejemplo/feed/ HTTP/1.1" 200 6619 "https://grupo-seg.com/" "Mozilla/5.0 (X11; Linux x86_64; rv:35.0) Gecko/20100101 Firefox/35.0"
18.194.97.123 - - [21/Sep/2026:10:17:09 +0200] "GET /wp-json/wp/v2/pages/2 HTTP/1.1" 200 90276 "https://grupo-seg.com/" "Opera/9.80 (Windows NT 6.1; WOW64; U; en) Presto/2.7.62 Version/11.00"
18.194.97.123 - - [21/Sep/2026:10:17:10 +0200] "GET /wp-login.php?redirect_to=https%3A%2F%2Fgrupo-seg.com%2Fwp-admin%2F&reauth=1 HTTP/1.1" 200 13454 "https://grupo-seg.com/wp-admin/" "Mozilla/5.0 (Windows NT 5.1) AppleWebKit/537.36 (KHTML, like Gecko) Chrome/61.0.3163.100 Safari/537.36"
18.194.97.123 - - [21/Sep/2026:10:17:14 +0200] "GET /xmlrpc.php?rsd HTTP/1.1" 200 6259 "https://grupo-seg.com/" "Opera/9.80 (Windows NT 6.1; Win64; x64; U; en) Presto/2.7.62 Version/11.00"
18.194.97.123 - - [21/Sep/2026:10:17:08 +0200] "GET /wp-json/ HTTP/1.1" 200 285979 "https://grupo-seg.com/" "Opera/9.80 (X11; Linux x86_64; U; en) Presto/2.9.168 Version/11.50"
18.194.97.123 - - [21/Sep/2026:10:17:15 +0200] "GET /wp-json/oembed/1.0/embed?url=https%3A%2F%2Fgrupo-seg.com%2F HTTP/1.1" 200 7829 "https://grupo-seg.com/" "Opera/9.80 (Macintosh; Intel Mac OS X 10_10; U; en) Presto/2.8.131 Version/11.11"
18.194.97.123 - - [21/Sep/2026:10:17:15 +0200] "GET /wp-json/oembed/1.0/embed?url=https%3A%2F%2Fgrupo-seg.com%2F&format=xml HTTP/1.1" 200 7965 "https://grupo-seg.com/" "Mozilla/5.0 (X11; Linux x86_64) AppleWebKit/537.36 (KHTML, like Gecko) Chrome/70.0.3538.102 Safari/537.36"
18.194.97.123 - - [21/Sep/2026:10:17:15 +0200] "GET /sitemap_index.xml HTTP/1.1" 404 97436 "https://www.seg-sa.es/sitemap_index.xml" "Go-http-client/2.0"
18.194.97.123 - - [21/Sep/2026:10:17:14 +0200] "GET / HTTP/1.1" 200 165847 "https://grupo-seg.com/" "Mozilla/5.0 (X11; Linux x86_64) AppleWebKit/537.36 (KHTML, like Gecko) Chrome/61.0.3163.100 Safari/537.36"
18.194.97.123 - - [21/Sep/2026:10:17:15 +0200] "GET /sobre-nosotros/ HTTP/1.1" 200 257564 "https://grupo-seg.com/" "Mozilla/5.0 (Windows NT 6.1; WOW64) AppleWebKit/537.36 (KHTML, like Gecko) Chrome/57.0.2987.133 Safari/537.36"
18.194.97.123 - - [21/Sep/2026:10:17:16 +0200] "GET /paises/ HTTP/1.1" 200 152376 "https://grupo-seg.com/" "Mozilla/5.0 (X11; Linux x86_64) AppleWebKit/537.36 (KHTML, like Gecko) Chrome/40.0.2214.93 Safari/537.36"
18.194.97.123 - - [21/Sep/2026:10:17:15 +0200] "GET /servicios/ HTTP/1.1" 200 202602 "https://grupo-seg.com/" "Mozilla/5.0 (Windows NT 6.1; WOW64) AppleWebKit/537.36 (KHTML, like Gecko) Chrome/55.0.2883.87 Safari/537.36"
18.194.97.123 - - [21/Sep/2026:10:17:17 +0200] "GET /paises/espana/ HTTP/1.1" 200 161000 "https://grupo-seg.com/" "Opera/9.80 (Windows NT 6.1; WOW64; U; en) Presto/2.9.168 Version/11.50"
18.194.97.123 - - [21/Sep/2026:10:17:17 +0200] "GET /paises/ecuador/ HTTP/1.1" 200 156665 "https://grupo-seg.com/" "Opera/9.80 (Windows NT 6.1; Win64; x64; U; en) Presto/2.5.24 Version/10.54"
18.194.97.123 - - [21/Sep/2026:10:17:19 +0200] "GET /aviso-legal/ HTTP/1.1" 200 122790 "https://grupo-seg.com/" "Opera/9.80 (Macintosh; Intel Mac OS X 10_10; U; en) Presto/2.5.24 Version/10.54"
18.194.97.123 - - [21/Sep/2026:10:17:17 +0200] "GET /politica-de-privacidad/ HTTP/1.1" 200 141175 "https://grupo-seg.com/" "Opera/9.80 (X11; Linux x86_64; U; en) Presto/2.2.15 Version/10.00"
18.194.97.123 - - [21/Sep/2026:10:17:19 +0200] "GET /paises HTTP/1.1" 301 5573 "https://grupo-seg.com/" "Mozilla/5.0 (Windows NT 6.1; Win64; x64; rv:40.0) Gecko/20100101 Firefox/40.0"
18.194.97.123 - - [21/Sep/2026:10:17:16 +0200] "GET /proyectos/ HTTP/1.1" 200 975459 "https://grupo-seg.com/" "Mozilla/5.0 (Windows NT 6.1; WOW64) AppleWebKit/537.36 (KHTML, like Gecko) Chrome/68.0.3440.106 Safari/537.36"
18.194.97.123 - - [21/Sep/2026:10:17:19 +0200] "GET /sitemap-index.xml HTTP/1.1" 404 97421 "https://www.seg-sa.es/sitemap-index.xml" "Go-http-client/2.0"
18.194.97.123 - - [21/Sep/2026:10:17:20 +0200] "GET /contacto HTTP/1.1" 301 5575 "https://grupo-seg.com/" "Mozilla/5.0 (Windows NT 10.0) AppleWebKit/537.36 (KHTML, like Gecko) Chrome/57.0.2987.133 Safari/537.36"
18.194.97.123 - - [21/Sep/2026:10:17:22 +0200] "GET /actualidad HTTP/1.1" 301 5577 "https://grupo-seg.com/" "Opera/9.80 (X11; Linux x86_64; U; en) Presto/2.8.131 Version/11.11"
18.194.97.123 - - [21/Sep/2026:10:17:21 +0200] "GET /politica-de-cookies/ HTTP/1.1" 200 121642 "https://grupo-seg.com/" "Mozilla/5.0 (Windows NT 6.1; WOW64) AppleWebKit/537.36 (KHTML, like Gecko) Chrome/57.0.2987.133 Safari/537.36"
18.194.97.123 - - [21/Sep/2026:10:17:21 +0200] "GET /informacion-general/ HTTP/1.1" 200 120026 "https://grupo-seg.com/" "Mozilla/5.0 (Macintosh; Intel Mac OS X 10_10) AppleWebKit/537.36 (KHTML, like Gecko) Chrome/56.0.2924.87 Safari/537.36"
18.194.97.123 - - [21/Sep/2026:10:17:23 +0200] "GET /paises/ HTTP/1.1" 200 152346 "https://grupo-seg.com/" "Mozilla/5.0 (Windows NT 6.1; Win64; x64; rv:40.0) Gecko/20100101 Firefox/40.0"
18.194.97.123 - - [21/Sep/2026:10:17:23 +0200] "GET /paises/colombia/ HTTP/1.1" 200 176056 "https://grupo-seg.com/" "Opera/9.80 (Windows NT 5.1; U; en) Presto/2.2.15 Version/10.00"
18.194.97.123 - - [21/Sep/2026:10:17:23 +0200] "GET /paises/paraguay/ HTTP/1.1" 200 169964 "https://grupo-seg.com/" "Mozilla/5.0 (Windows NT 6.1; WOW64) AppleWebKit/537.36 (KHTML, like Gecko) Chrome/37.0.2062.124 Safari/537.36"
18.194.97.123 - - [21/Sep/2026:10:17:23 +0200] "GET /paises/argentina/ HTTP/1.1" 200 158944 "https://grupo-seg.com/" "Opera/9.80 (Windows NT 6.1; Win64; x64; U; en) Presto/2.2.15 Version/10.00"
18.194.97.123 - - [21/Sep/2026:10:17:24 +0200] "GET /paises/chile/ HTTP/1.1" 200 156795 "https://grupo-seg.com/" "Mozilla/5.0 (Windows NT 6.1; Win64; x64) AppleWebKit/537.36 (KHTML, like Gecko) Chrome/74.0.3729.169 Safari/537.36"
89.248.107.232 - - [21/Sep/2026:10:17:25 +0200] "POST /wp-cron.php?doing_wp_cron=1789978645.3661129474639892578125 HTTP/1.1" 200 5512 "-" "WordPress/6.6.2; https://grupo-seg.com"
18.194.97.123 - - [21/Sep/2026:10:17:24 +0200] "GET /sitemapindex.xml HTTP/1.1" 404 97421 "https://www.seg-sa.es/sitemapindex.xml" "Go-http-client/2.0"
18.194.97.123 - - [21/Sep/2026:10:17:24 +0200] "GET /paises/panama/ HTTP/1.1" 200 155107 "https://grupo-seg.com/" "Mozilla/5.0 (Windows NT 6.1; WOW64) AppleWebKit/537.36 (KHTML, like Gecko) Chrome/49.0.2623.112 Safari/537.36"
18.194.97.123 - - [21/Sep/2026:10:17:24 +0200] "GET /actualidad/ HTTP/1.1" 200 149363 "https://grupo-seg.com/" "Opera/9.80 (X11; Linux x86_64; U; en) Presto/2.8.131 Version/11.11"
18.194.97.123 - - [21/Sep/2026:10:17:24 +0200] "GET /contacto/ HTTP/1.1" 200 13454 "https://grupo-seg.com/" "Mozilla/5.0 (Windows NT 10.0) AppleWebKit/537.36 (KHTML, like Gecko) Chrome/57.0.2987.133 Safari/537.36"
18.194.97.123 - - [21/Sep/2026:10:17:25 +0200] "GET /paises/nicaragua/ HTTP/1.1" 200 171216 "https://grupo-seg.com/" "Mozilla/5.0 (Windows NT 5.1) AppleWebKit/537.36 (KHTML, like Gecko) Chrome/68.0.3440.106 Safari/537.36"
18.194.97.123 - - [21/Sep/2026:10:17:26 +0200] "GET /actualidad/ HTTP/1.1" 200 149333 "https://grupo-seg.com/" "Mozilla/5.0 (X11; Linux x86_64) AppleWebKit/537.36 (KHTML, like Gecko) Chrome/40.0.2214.93 Safari/537.36"
89.248.107.232 - - [21/Sep/2026:10:17:30 +0200] "POST /wp-admin/admin-ajax.php?action=async_litespeed&nonce=b4cc4c672a&litespeed_type=imgoptm HTTP/1.1" 200 5698 "-" "WordPress/6.6.2; https://grupo-seg.com"
18.194.97.123 - - [21/Sep/2026:10:17:30 +0200] "GET /sitemap-news.xml HTTP/1.1" 404 97421 "https://www.seg-sa.es/sitemap-news.xml" "Go-http-client/2.0"
18.194.97.123 - - [21/Sep/2026:10:17:27 +0200] "GET /paises/bolivia/ HTTP/1.1" 200 174032 "https://grupo-seg.com/" "Mozilla/5.0 (Windows NT 6.1; Win64; x64; rv:45.0) Gecko/20100101 Firefox/45.0"
18.194.97.123 - - [21/Sep/2026:10:17:33 +0200] "GET /post-sitemap.xml HTTP/1.1" 404 97421 "https://www.seg-sa.es/post-sitemap.xml" "Go-http-client/2.0"
18.194.97.123 - - [21/Sep/2026:10:17:34 +0200] "GET /page-sitemap.xml HTTP/1.1" 404 97436 "https://www.seg-sa.es/page-sitemap.xml" "Go-http-client/2.0"
18.194.97.123 - - [21/Sep/2026:10:17:34 +0200] "GET /portfolio-sitemap.xml HTTP/1.1" 404 97421 "https://www.seg-sa.es/portfolio-sitemap.xml" "Go-http-client/2.0"
18.194.97.123 - - [21/Sep/2026:10:17:35 +0200] "GET /home_slider-sitemap.xml HTTP/1.1" 404 97421 "https://www.seg-sa.es/home_slider-sitemap.xml" "Go-http-client/2.0"
18.194.97.123 - - [21/Sep/2026:10:17:36 +0200] "GET /category-sitemap.xml HTTP/1.1" 404 97436 "https://www.seg-sa.es/category-sitemap.xml" "Go-http-client/2.0"
18.194.97.123 - - [21/Sep/2026:10:17:37 +0200] "GET /author-sitemap.xml HTTP/1.1" 404 97436 "https://www.seg-sa.es/author-sitemap.xml" "Go-http-client/2.0"
89.248.107.232 - - [21/Sep/2026:10:17:49 +0200] "POST /wp-cron.php?doing_wp_cron=1789978669.5673899650573730468750 HTTP/1.1" 200 5512 "-" "WordPress/6.6.2; https://grupo-seg.com/en/"
18.194.97.123 - - [21/Sep/2026:10:17:49 +0200] "GET /wp-json/wp/v2/pages/2009 HTTP/1.1" 200 99333 "https://grupo-seg.com/paises/peru/" "Opera/9.80 (Windows NT 6.1; WOW64; U; en) Presto/2.2.15 Version/10.00"
18.194.97.123 - - [21/Sep/2026:10:17:49 +0200] "GET /?p=2009 HTTP/1.1" 301 5671 "https://grupo-seg.com/paises/peru/" "Opera/9.80 (Windows NT 10.0; U; en) Presto/2.2.15 Version/10.10"
18.194.97.123 - - [21/Sep/2026:10:17:49 +0200] "GET /en/countries/peru/ HTTP/1.1" 200 166833 "https://grupo-seg.com/paises/peru/" "Mozilla/5.0 (X11; Linux x86_64) AppleWebKit/537.36 (KHTML, like Gecko) Chrome/56.0.2924.87 Safari/537.36"
18.194.97.123 - - [21/Sep/2026:10:17:49 +0200] "GET /wp-json/oembed/1.0/embed?url=https%3A%2F%2Fgrupo-seg.com%2Fpaises%2Fperu%2F&format=xml HTTP/1.1" 200 7974 "https://grupo-seg.com/paises/peru/" "Mozilla/5.0 (Windows NT 5.1) AppleWebKit/537.36 (KHTML, like Gecko) Chrome/74.0.3729.169 Safari/537.36"
18.194.97.123 - - [21/Sep/2026:10:17:49 +0200] "GET /wp-json/oembed/1.0/embed?url=https%3A%2F%2Fgrupo-seg.com%2Fpaises%2Fperu%2F HTTP/1.1" 200 7842 "https://grupo-seg.com/paises/peru/" "Mozilla/5.0 (Windows NT 10.0; rv:58.0) Gecko/20100101 Firefox/58.0"
18.194.97.123 - - [21/Sep/2026:10:17:49 +0200] "GET /category/actualidad/ HTTP/1.1" 200 116537 "https://grupo-seg.com/paises/peru/" "Opera/9.80 (Windows NT 6.1; WOW64; U; en) Presto/2.2.15 Version/10.10"
18.194.97.123 - - [21/Sep/2026:10:17:49 +0200] "GET /supervision-de-la-construccion-del-centro-tecnologico-para-el-tratamiento-de-la-informacion-sunat-lima-peru/ HTTP/1.1" 200 121000 "https://grupo-seg.com/paises/peru/" "Opera/9.80 (Windows NT 6.1; WOW64; U; en) Presto/2.7.62 Version/11.00"
18.194.97.123 - - [21/Sep/2026:10:17:50 +0200] "GET /category/argentina/ HTTP/1.1" 200 104290 "https://grupo-seg.com/paises/peru/" "Mozilla/5.0 (Macintosh; Intel Mac OS X 10_10; rv:53.0) Gecko/20100101 Firefox/53.0"
18.194.97.123 - - [21/Sep/2026:10:17:50 +0200] "GET /grupo-seg-participa-en-la-colocacion-de-la-primera-piedra-de-un-proyecto-de-la-universidad-nacional-agraria-la-molina-en-lima/ HTTP/1.1" 200 122136 "https://grupo-seg.com/paises/peru/" "Mozilla/5.0 (Macintosh; Intel Mac OS X 10_10; rv:44.0) Gecko/20100101 Firefox/44.0"
18.194.97.123 - - [21/Sep/2026:10:17:50 +0200] "GET /grupo-seg-en-la-asamblea-anual-de-socio-del-pacto-mundial-de-naciones-unidas/ HTTP/1.1" 200 123049 "https://grupo-seg.com/paises/peru/" "Opera/9.80 (Windows NT 5.1; U; en) Presto/2.8.131 Version/11.11"
18.194.97.123 - - [21/Sep/2026:10:17:52 +0200] "GET /?p=1735 HTTP/1.1" 301 5668 "https://grupo-seg.com/contacto/" "Opera/9.80 (Macintosh; Intel Mac OS X 10_10; U; en) Presto/2.5.24 Version/10.54"
18.194.97.123 - - [21/Sep/2026:10:17:50 +0200] "GET /paises/peru/ HTTP/1.1" 200 166748 "https://grupo-seg.com/paises/peru/" "Opera/9.80 (Windows NT 10.0; U; en) Presto/2.2.15 Version/10.10"
18.194.97.123 - - [21/Sep/2026:10:17:51 +0200] "GET /wp-json/wp/v2/pages/1735 HTTP/1.1" 200 141299 "https://grupo-seg.com/contacto/" "Mozilla/5.0 (Windows NT 10.0) AppleWebKit/537.36 (KHTML, like Gecko) Chrome/40.0.2214.93 Safari/537.36"
18.194.97.123 - - [21/Sep/2026:10:17:53 +0200] "GET /wp-json/oembed/1.0/embed?url=https%3A%2F%2Fgrupo-seg.com%2Fcontacto%2F HTTP/1.1" 200 7831 "https://grupo-seg.com/contacto/" "Mozilla/5.0 (Windows NT 6.1; WOW64) AppleWebKit/537.36 (KHTML, like Gecko) Chrome/74.0.3729.169 Safari/537.36"
89.248.107.232 - - [21/Sep/2026:10:17:54 +0200] "POST /wp-cron.php?doing_wp_cron=1789978674.3290679454803466796875 HTTP/1.1" 200 5512 "-" "WordPress/6.6.2; https://grupo-seg.com"
18.194.97.123 - - [21/Sep/2026:10:17:53 +0200] "GET /wp-json/oembed/1.0/embed?url=https%3A%2F%2Fgrupo-seg.com%2Fcontacto%2F&format=xml HTTP/1.1" 200 7965 "https://grupo-seg.com/contacto/" "Mozilla/5.0 (X11; Linux x86_64) AppleWebKit/537.36 (KHTML, like Gecko) Chrome/49.0.2623.112 Safari/537.36"
18.194.97.123 - - [21/Sep/2026:10:17:51 +0200] "GET /en/contact/ HTTP/1.1" 200 199721 "https://grupo-seg.com/contacto/" "Mozilla/5.0 (Windows NT 6.1; Win64; x64) AppleWebKit/537.36 (KHTML, like Gecko) Chrome/37.0.2062.124 Safari/537.36"
18.194.97.123 - - [21/Sep/2026:10:17:50 +0200] "GET /category/actualidad/noticias/ HTTP/1.1" 200 116739 "https://grupo-seg.com/paises/peru/" "Mozilla/5.0 (X11; Linux x86_64; rv:63.0) Gecko/20100101 Firefox/63.0"
18.194.97.123 - - [21/Sep/2026:10:17:54 +0200] "GET /en/comments/feed/ HTTP/1.1" 200 6419 "https://grupo-seg.com/feed/" "Mozilla/5.0 (X11; Linux x86_64) AppleWebKit/537.36 (KHTML, like Gecko) Chrome/74.0.3729.169 Safari/537.36"
18.194.97.123 - - [21/Sep/2026:10:17:54 +0200] "GET /en/feed/ HTTP/1.1" 200 101213 "https://grupo-seg.com/feed/" "Mozilla/5.0 (Windows NT 5.1; rv:35.0) Gecko/20100101 Firefox/35.0"
18.194.97.123 - - [21/Sep/2026:10:17:55 +0200] "GET /en/seg-engineering/feed/ HTTP/1.1" 200 6637 "https://grupo-seg.com/feed/" "Mozilla/5.0 (Windows NT 10.0) AppleWebKit/537.36 (KHTML, like Gecko) Chrome/49.0.2623.112 Safari/537.36"
18.194.97.123 - - [21/Sep/2026:10:17:55 +0200] "GET /en/wp-json/ HTTP/1.1" 200 266127 "https://grupo-seg.com/feed/" "Mozilla/5.0 (Windows NT 10.0) AppleWebKit/537.36 (KHTML, like Gecko) Chrome/55.0.2883.87 Safari/537.36"
18.194.97.123 - - [21/Sep/2026:10:17:55 +0200] "GET /en/wp-json/wp/v2/pages/5712 HTTP/1.1" 200 89714 "https://grupo-seg.com/feed/" "Opera/9.80 (Windows NT 6.1; Win64; x64; U; en) Presto/2.5.24 Version/10.54"
18.194.97.123 - - [21/Sep/2026:10:17:56 +0200] "GET /en/wp-json/oembed/1.0/embed?url=https%3A%2F%2Fgrupo-seg.com%2Fen%2F HTTP/1.1" 200 7852 "https://grupo-seg.com/feed/" "Mozilla/5.0 (X11; Linux x86_64) AppleWebKit/537.36 (KHTML, like Gecko) Chrome/40.0.2214.93 Safari/537.36"
18.194.97.123 - - [21/Sep/2026:10:17:54 +0200] "GET /contacto/ HTTP/1.1" 200 199636 "https://grupo-seg.com/contacto/" "Opera/9.80 (Macintosh; Intel Mac OS X 10_10; U; en) Presto/2.5.24 Version/10.54"
18.194.97.123 - - [21/Sep/2026:10:17:54 +0200] "GET /en/projects/ HTTP/1.1" 200 973357 "https://grupo-seg.com/feed/" "Mozilla/5.0 (Windows NT 6.1; WOW64; rv:56.0) Gecko/20100101 Firefox/56.0"
18.194.97.123 - - [21/Sep/2026:10:17:56 +0200] "GET /en/wp-json/oembed/1.0/embed?url=https%3A%2F%2Fgrupo-seg.com%2Fen%2F&format=xml HTTP/1.1" 200 7985 "https://grupo-seg.com/feed/" "Opera/9.80 (Windows NT 5.1; U; en) Presto/2.8.131 Version/11.11"
18.194.97.123 - - [21/Sep/2026:10:17:58 +0200] "GET /en/countries/ HTTP/1.1" 200 13454 "https://grupo-seg.com/feed/" "Mozilla/5.0 (Windows NT 6.1; WOW64) AppleWebKit/537.36 (KHTML, like Gecko) Chrome/63.0.3239.132 Safari/537.36"
18.194.97.123 - - [21/Sep/2026:10:17:57 +0200] "GET /en/countries/argentina/ HTTP/1.1" 200 13454 "https://grupo-seg.com/feed/" "Mozilla/5.0 (X11; Linux x86_64) AppleWebKit/537.36 (KHTML, like Gecko) Chrome/64.0.3282.0 Safari/537.36"
18.194.97.123 - - [21/Sep/2026:10:17:57 +0200] "GET /en/services/ HTTP/1.1" 200 13454 "https://grupo-seg.com/feed/" "Mozilla/5.0 (X11; Linux x86_64; rv:49.0) Gecko/20100101 Firefox/49.0"
18.194.97.123 - - [21/Sep/2026:10:17:59 +0200] "GET /en/countries/spain/ HTTP/1.1" 200 13454 "https://grupo-seg.com/feed/" "Opera/9.80 (X11; Linux x86_64; U; en) Presto/2.5.24 Version/10.54"
89.248.107.232 - - [21/Sep/2026:10:18:00 +0200] "POST /wp-cron.php?doing_wp_cron=1789978680.0716230869293212890625 HTTP/1.1" 200 5512 "-" "WordPress/6.6.2; https://grupo-seg.com/en/"
18.194.97.123 - - [21/Sep/2026:10:17:57 +0200] "GET /en/about-us/ HTTP/1.1" 200 13454 "https://grupo-seg.com/feed/" "Mozilla/5.0 (Macintosh; Intel Mac OS X 10_10; rv:48.0) Gecko/20100101 Firefox/48.0"
18.194.97.123 - - [21/Sep/2026:10:17:59 +0200] "GET /en/countries/ecuador/ HTTP/1.1" 200 13454 "https://grupo-seg.com/feed/" "Mozilla/5.0 (X11; Linux x86_64; rv:44.0) Gecko/20100101 Firefox/44.0"
18.194.97.123 - - [21/Sep/2026:10:18:00 +0200] "GET /en/countries/nicaragua/ HTTP/1.1" 200 13454 "https://grupo-seg.com/feed/" "Mozilla/5.0 (Windows NT 10.0; rv:45.0) Gecko/20100101 Firefox/45.0"
18.194.97.123 - - [21/Sep/2026:10:18:00 +0200] "GET /en/countries/colombia/ HTTP/1.1" 200 13454 "https://grupo-seg.com/feed/" "Mozilla/5.0 (Windows NT 6.1; WOW64) AppleWebKit/537.36 (KHTML, like Gecko) Chrome/56.0.2924.87 Safari/537.36"
18.194.97.123 - - [21/Sep/2026:10:18:00 +0200] "GET /en/countries/chile/ HTTP/1.1" 200 13454 "https://grupo-seg.com/feed/" "Mozilla/5.0 (Windows NT 6.1; WOW64; rv:41.0) Gecko/20100101 Firefox/41.0"
18.194.97.123 - - [21/Sep/2026:10:18:01 +0200] "GET /en/countries/panama/ HTTP/1.1" 200 13454 "https://grupo-seg.com/feed/" "Mozilla/5.0 (Windows NT 10.0) AppleWebKit/537.36 (KHTML, like Gecko) Chrome/64.0.3282.0 Safari/537.36"
52.167.144.166 - - [21/Sep/2026:10:18:22 +0200] "GET /tnsl455627iiogssp/oddodts.html HTTP/1.1" 301 5689 "-" "Mozilla/5.0 AppleWebKit/537.36 (KHTML, like Gecko; compatible; bingbot/2.0; +http://www.bing.com/bingbot.htm) Chrome/116.0.1938.76 Safari/537.36"
89.248.107.232 - - [21/Sep/2026:10:18:26 +0200] "POST /wp-cron.php?doing_wp_cron=1789978706.0782549381256103515625 HTTP/1.1" 200 5512 "-" "WordPress/6.6.2; https://grupo-seg.com/en/"
51.195.215.184 - - [21/Sep/2026:10:18:25 +0200] "GET /en/project-type/%C2%B7-ecuador/ HTTP/1.1" 200 106406 "-" "Mozilla/5.0 (compatible; AhrefsBot/7.0; +http://ahrefs.com/robot/)"
89.248.107.232 - - [21/Sep/2026:10:18:26 +0200] "POST /wp-admin/admin-ajax.php?action=async_litespeed&nonce=b4cc4c672a&litespeed_type=imgoptm HTTP/1.1" 200 5698 "-" "WordPress/6.6.2; https://grupo-seg.com"
52.7.45.143 - - [21/Sep/2026:10:18:33 +0200] "GET /robots.txt HTTP/1.1" 301 5576 "-" "Mozilla/5.0 (Macintosh; Intel Mac OS X 10_10_1) AppleWebKit/600.2.5 (KHTML, like Gecko) Version/8.0.2 Safari/600.2.5 (Gort)"
52.20.51.46 - - [21/Sep/2026:10:18:34 +0200] "GET /robots.txt HTTP/1.1" 200 5679 "-" "Mozilla/5.0 (Macintosh; Intel Mac OS X 10_10_1) AppleWebKit/600.2.5 (KHTML, like Gecko) Version/8.0.2 Safari/600.2.5 (Gort)"
89.248.107.232 - - [21/Sep/2026:10:18:40 +0200] "POST /wp-cron.php?doing_wp_cron=1789978720.8563919067382812500000 HTTP/1.1" 200 5512 "-" "WordPress/6.6.2; https://grupo-seg.com"
40.77.167.156 - - [21/Sep/2026:10:18:40 +0200] "GET /arqk423201segmoitoddis.htm HTTP/1.1" 404 97436 "-" "Mozilla/5.0 AppleWebKit/537.36 (KHTML, like Gecko; compatible; bingbot/2.0; +http://www.bing.com/bingbot.htm) Chrome/116.0.1938.76 Safari/537.36"
89.248.107.232 - - [21/Sep/2026:10:18:43 +0200] "POST /wp-cron.php?doing_wp_cron=1789978723.7853169441223144531250 HTTP/1.1" 200 5512 "-" "WordPress/6.6.2; https://grupo-seg.com"
2.139.158.128 - - [21/Sep/2026:10:18:43 +0200] "POST /autodiscover/autodiscover.xml HTTP/1.1" 404 92202 "-" "Microsoft Office/16.0 (Windows NT 10.0; Microsoft Outlook 16.0.20326; Pro)"
89.248.107.232 - - [21/Sep/2026:10:21:31 +0200] "POST /wp-cron.php?doing_wp_cron=1789978891.5875239372253417968750 HTTP/1.1" 200 5512 "-" "WordPress/6.6.2; https://grupo-seg.com"
88.22.127.75 - - [21/Sep/2026:10:21:31 +0200] "POST /AutoDiscover/autodiscover.xml HTTP/1.1" 404 92217 "-" "Microsoft Office/16.0 (Windows NT 10.0; Microsoft Excel 16.0.20326; Pro)"
89.248.107.232 - - [21/Sep/2026:10:21:32 +0200] "POST /wp-admin/admin-ajax.php?action=async_litespeed&nonce=b4cc4c672a&litespeed_type=imgoptm HTTP/1.1" 200 5698 "-" "WordPress/6.6.2; https://grupo-seg.com"
150.109.180.208 - - [21/Sep/2026:10:21:33 +0200] "POST /xmlrpc.php HTTP/1.1" 503 25074 "-" "Mozilla/5.0 (Windows NT 10.0; WOW64) AppleWebKit/537.43 (KHTML, like Gecko) Chrome/139.0.0.0 Safari/537.36 OPR/123.0.0.0"
89.248.107.232 - - [21/Sep/2026:10:21:46 +0200] "POST /wp-cron.php?doing_wp_cron=1789978906.7303450107574462890625 HTTP/1.1" 200 5512 "-" "WordPress/6.6.2; https://grupo-seg.com"
2.139.158.128 - - [21/Sep/2026:10:21:46 +0200] "POST /autodiscover/autodiscover.xml HTTP/1.1" 404 92217 "-" "Microsoft Office/16.0 (Windows NT 10.0; Microsoft Outlook 16.0.20228; Pro)"
89.248.107.232 - - [21/Sep/2026:10:22:08 +0200] "POST /wp-cron.php?doing_wp_cron=1789978928.6687560081481933593750 HTTP/1.1" 200 5512 "-" "WordPress/6.6.2; https://grupo-seg.com"
2.139.158.128 - - [21/Sep/2026:10:22:08 +0200] "POST /autodiscover/autodiscover.xml HTTP/1.1" 404 92202 "-" "Microsoft Office/16.0 (Windows NT 10.0; Microsoft Outlook 16.0.20228; Pro)"
89.248.107.232 - - [21/Sep/2026:10:22:34 +0200] "POST /wp-cron.php?doing_wp_cron=1789978954.4796280860900878906250 HTTP/1.1" 200 5512 "-" "WordPress/6.6.2; https://grupo-seg.com"
49.51.252.146 - - [21/Sep/2026:10:22:33 +0200] "GET / HTTP/1.1" 301 5612 "http://serynco.es" "Mozilla/5.0 (iPhone; CPU iPhone OS 13_2_3 like Mac OS X) AppleWebKit/605.1.15 (KHTML, like Gecko) Version/13.0.3 Mobile/15E148 Safari/604.1"
89.248.107.232 - - [21/Sep/2026:10:22:35 +0200] "POST /wp-admin/admin-ajax.php?action=async_litespeed&nonce=b4cc4c672a&litespeed_type=imgoptm HTTP/1.1" 200 5698 "-" "WordPress/6.6.2; https://grupo-seg.com"
49.51.252.146 - - [21/Sep/2026:10:22:35 +0200] "GET / HTTP/1.1" 200 156989 "https://www.grupo-seg.com/" "Mozilla/5.0 (iPhone; CPU iPhone OS 13_2_3 like Mac OS X) AppleWebKit/605.1.15 (KHTML, like Gecko) Version/13.0.3 Mobile/15E148 Safari/604.1"
89.248.107.232 - - [21/Sep/2026:10:23:18 +0200] "POST /wp-cron.php?doing_wp_cron=1789978998.3991520404815673828125 HTTP/1.1" 200 5512 "-" "WordPress/6.6.2; https://grupo-seg.com"
2.139.158.128 - - [21/Sep/2026:10:23:17 +0200] "POST /autodiscover/autodiscover.xml HTTP/1.1" 404 92217 "-" "Microsoft Office/16.0 (Windows NT 10.0; Microsoft Outlook 16.0.20326; Pro)"
2.139.158.128 - - [21/Sep/2026:10:23:17 +0200] "POST /autodiscover/autodiscover.xml HTTP/1.1" 404 92202 "-" "Microsoft Office/16.0 (Windows NT 10.0; Microsoft Outlook 16.0.20326; Pro)"
89.248.107.232 - - [21/Sep/2026:10:23:35 +0200] "POST /wp-cron.php?doing_wp_cron=1789979015.3661210536956787109375 HTTP/1.1" 200 5512 "-" "WordPress/6.6.2; https://grupo-seg.com"
192.178.4.4 - - [21/Sep/2026:10:23:34 +0200] "GET /comments/feed/ HTTP/1.1" 200 6411 "-" "Mozilla/5.0 (Linux; Android 6.0.1; Nexus 5X Build/MMB29P) AppleWebKit/537.36 (KHTML, like Gecko) Chrome/153.0.8010.47 Mobile Safari/537.36 (compatible; Googlebot/2.1; +http://www.google.com/bot.html)"
89.248.107.232 - - [21/Sep/2026:10:23:35 +0200] "POST /wp-admin/admin-ajax.php?action=async_litespeed&nonce=b4cc4c672a&litespeed_type=imgoptm HTTP/1.1" 200 5698 "-" "WordPress/6.6.2; https://grupo-seg.com"
89.248.107.232 - - [21/Sep/2026:10:24:43 +0200] "POST /wp-cron.php?doing_wp_cron=1789979083.1663069725036621093750 HTTP/1.1" 200 5512 "-" "WordPress/6.6.2; https://grupo-seg.com"
98.92.210.22 - - [21/Sep/2026:10:24:42 +0200] "GET / HTTP/1.1" 200 165847 "-" "Mozilla/5.0 (Windows NT 10.0; Win64; x64) AppleWebKit/537.36 (KHTML, like Gecko) Chrome/113.0.0.0 Safari/537.36"
89.248.107.232 - - [21/Sep/2026:10:24:45 +0200] "POST /wp-admin/admin-ajax.php?action=async_litespeed&nonce=b4cc4c672a&litespeed_type=imgoptm HTTP/1.1" 200 5698 "-" "WordPress/6.6.2; https://grupo-seg.com"
44.249.159.93 - - [21/Sep/2026:10:24:43 +0200] "GET / HTTP/1.1" 200 165817 "-" "Mozilla/5.0 (Windows NT 10.0; Win64; x64) AppleWebKit/537.36 (KHTML, like Gecko) Chrome/113.0.0.0 Safari/537.36"
51.8.102.203 - - [21/Sep/2026:10:24:52 +0200] "GET /robots.txt HTTP/1.1" 200 5679 "-" "Mozilla/5.0 (Macintosh; Intel Mac OS X 10_15_7) AppleWebKit/537.36 (KHTML, like Gecko) Chrome/131.0.0.0 Safari/537.36; compatible; OAI-SearchBot/1.0; +https://openai.com/searchbot"
89.248.107.232 - - [21/Sep/2026:10:24:58 +0200] "POST /wp-cron.php?doing_wp_cron=1789979098.7358870506286621093750 HTTP/1.1" 200 5512 "-" "WordPress/6.6.2; https://grupo-seg.com"
168.138.205.35 - - [21/Sep/2026:10:24:58 +0200] "GET /?rest_route=/batch/v1 HTTP/1.1" 404 5968 "-" "cve-2026-63030/1.0"
89.248.107.232 - - [21/Sep/2026:10:25:20 +0200] "POST /wp-cron.php?doing_wp_cron=1789979120.4357140064239501953125 HTTP/1.1" 200 5512 "-" "WordPress/6.6.2; https://grupo-seg.com/en/"
162.120.187.125 - - [21/Sep/2026:10:25:20 +0200] "GET /en/countries/spain/ HTTP/1.1" 200 160981 "https://www.google.com/" "Mozilla/5.0 (Windows NT 10.0; Win64; x64) AppleWebKit/537.36 (KHTML, like Gecko) Chrome/153.0.0.0 Safari/537.36"
89.248.107.232 - - [21/Sep/2026:10:25:40 +0200] "POST /wp-cron.php?doing_wp_cron=1789979140.4830830097198486328125 HTTP/1.1" 200 5512 "-" "WordPress/6.6.2; https://grupo-seg.com"
48.209.223.38 - - [21/Sep/2026:10:25:40 +0200] "GET / HTTP/1.1" 301 5612 "-" "Mozilla/5.0 (Windows NT 10.0; Win64; x64) AppleWebKit/537.36 (KHTML, like Gecko) Chrome/142.0.7444.163 Safari/537.36"
89.248.107.232 - - [21/Sep/2026:10:25:41 +0200] "POST /wp-admin/admin-ajax.php?action=async_litespeed&nonce=b4cc4c672a&litespeed_type=imgoptm HTTP/1.1" 200 5698 "-" "WordPress/6.6.2; https://grupo-seg.com"
48.209.223.38 - - [21/Sep/2026:10:25:40 +0200] "GET / HTTP/1.1" 200 165847 "-" "Mozilla/5.0 (Windows NT 10.0; Win64; x64) AppleWebKit/537.36 (KHTML, like Gecko) Chrome/142.0.7444.163 Safari/537.36"
48.209.223.38 - - [21/Sep/2026:10:25:44 +0200] "POST /wp-content/plugins/litespeed-cache/guest.vary.php HTTP/1.1" 200 5656 "https://grupo-seg.com/" "Mozilla/5.0 (Windows NT 10.0; Win64; x64) AppleWebKit/537.36 (KHTML, like Gecko) Chrome/142.0.7444.163 Safari/537.36"
89.248.107.232 - - [21/Sep/2026:10:25:45 +0200] "POST /wp-cron.php?doing_wp_cron=1789979145.0846459865570068359375 HTTP/1.1" 200 5512 "-" "WordPress/6.6.2; https://grupo-seg.com"
48.209.223.38 - - [21/Sep/2026:10:25:44 +0200] "GET / HTTP/1.1" 200 165219 "https://grupo-seg.com/" "Mozilla/5.0 (Windows NT 10.0; Win64; x64) AppleWebKit/537.36 (KHTML, like Gecko) Chrome/142.0.7444.163 Safari/537.36"
72.14.201.102 - - [21/Sep/2026:10:25:46 +0200] "GET /en/countries/spain/ HTTP/1.1" 200 160981 "https://www.google.com/" "Mozilla/5.0 (Windows NT 10.0; Win64; x64) AppleWebKit/537.36 (KHTML, like Gecko) Chrome/153.0.0.0 Safari/537.36"
89.248.107.232 - - [21/Sep/2026:10:26:16 +0200] "POST /wp-cron.php?doing_wp_cron=1789979176.3725008964538574218750 HTTP/1.1" 200 5512 "-" "WordPress/6.6.2; https://grupo-seg.com"
48.209.223.38 - - [21/Sep/2026:10:26:15 +0200] "GET / HTTP/1.1" 301 5612 "-" "Mozilla/5.0 (Windows NT 10.0; Win64; x64) AppleWebKit/537.36 (KHTML, like Gecko) Chrome/142.0.7444.162 Safari/537.36"
48.209.223.38 - - [21/Sep/2026:10:26:16 +0200] "GET / HTTP/1.1" 200 165817 "-" "Mozilla/5.0 (Windows NT 10.0; Win64; x64) AppleWebKit/537.36 (KHTML, like Gecko) Chrome/142.0.7444.162 Safari/537.36"
89.248.107.232 - - [21/Sep/2026:10:27:46 +0200] "POST /wp-cron.php?doing_wp_cron=1789979266.4447510242462158203125 HTTP/1.1" 200 5512 "-" "WordPress/6.6.2; https://grupo-seg.com"
77.47.253.155 - - [21/Sep/2026:10:27:46 +0200] "GET /robots.txt HTTP/1.1" 200 5679 "https://seg-sa.es/robots.txt" "Mozilla/5.0 AppleWebKit/537.36 (KHTML, like Gecko); compatible; SEOJuice-SearchBot/1.0; +https://seojuice.io/bot"
77.47.253.155 - - [21/Sep/2026:10:27:46 +0200] "GET /llms.txt HTTP/1.1" 404 97436 "https://seg-sa.es/llms.txt" "Mozilla/5.0 AppleWebKit/537.36 (KHTML, like Gecko); compatible; SEOJuice-SearchBot/1.0; +https://seojuice.io/bot"
89.248.107.232 - - [21/Sep/2026:10:27:47 +0200] "POST /wp-admin/admin-ajax.php?action=async_litespeed&nonce=b4cc4c672a&litespeed_type=imgoptm HTTP/1.1" 200 5698 "-" "WordPress/6.6.2; https://grupo-seg.com"
77.47.253.155 - - [21/Sep/2026:10:27:48 +0200] "GET /ai.txt HTTP/1.1" 404 97421 "https://seg-sa.es/ai.txt" "Mozilla/5.0 AppleWebKit/537.36 (KHTML, like Gecko); compatible; SEOJuice-SearchBot/1.0; +https://seojuice.io/bot"
77.47.253.155 - - [21/Sep/2026:10:27:49 +0200] "GET / HTTP/1.1" 200 165817 "https://seg-sa.es/" "Mozilla/5.0 AppleWebKit/537.36 (KHTML, like Gecko); compatible; SEOJuice-SearchBot/1.0; +https://seojuice.io/bot"
89.248.107.232 - - [21/Sep/2026:10:28:44 +0200] "POST /wp-cron.php?doing_wp_cron=1789979324.7790510654449462890625 HTTP/1.1" 200 5512 "-" "WordPress/6.6.2; https://grupo-seg.com"
2.139.158.128 - - [21/Sep/2026:10:28:44 +0200] "POST /autodiscover/autodiscover.xml HTTP/1.1" 404 92202 "-" "Microsoft Office/16.0 (Windows NT 10.0; Microsoft Outlook 16.0.20326; Pro)"
89.248.107.232 - - [21/Sep/2026:10:28:45 +0200] "POST /wp-admin/admin-ajax.php?action=async_litespeed&nonce=b4cc4c672a&litespeed_type=imgoptm HTTP/1.1" 200 5698 "-" "WordPress/6.6.2; https://grupo-seg.com"
89.248.107.232 - - [21/Sep/2026:10:29:33 +0200] "POST /wp-cron.php?doing_wp_cron=1789979373.6943449974060058593750 HTTP/1.1" 200 5512 "-" "WordPress/6.6.2; https://grupo-seg.com"
8.148.150.111 - - [21/Sep/2026:10:29:33 +0200] "GET / HTTP/1.1" 200 157019 "https://www.seg-sa.es/" "Mozilla/5.0 (iPhone; CPU iPhone OS 13_2_3 like Mac OS X) AppleWebKit/605.1.15 (KHTML, like Gecko) Version/13.0.3 Mobile/15E148 Safari/604.1"
89.248.107.232 - - [21/Sep/2026:10:29:34 +0200] "POST /wp-admin/admin-ajax.php?action=async_litespeed&nonce=b4cc4c672a&litespeed_type=imgoptm HTTP/1.1" 200 5698 "-" "WordPress/6.6.2; https://grupo-seg.com"
89.248.107.232 - - [21/Sep/2026:10:30:56 +0200] "POST /wp-cron.php?doing_wp_cron=1789979456.6630260944366455078125 HTTP/1.1" 200 5512 "-" "WordPress/6.6.2; https://grupo-seg.com"
2.139.158.128 - - [21/Sep/2026:10:30:56 +0200] "POST /autodiscover/autodiscover.xml HTTP/1.1" 404 92217 "-" "Microsoft Office/16.0 (Windows NT 10.0; Microsoft Outlook 16.0.20228; Pro)"
89.248.107.232 - - [21/Sep/2026:10:30:57 +0200] "POST /wp-admin/admin-ajax.php?action=async_litespeed&nonce=b4cc4c672a&litespeed_type=imgoptm HTTP/1.1" 200 5698 "-" "WordPress/6.6.2; https://grupo-seg.com"
89.248.107.232 - - [21/Sep/2026:10:31:54 +0200] "POST /wp-cron.php?doing_wp_cron=1789979514.4780929088592529296875 HTTP/1.1" 200 5512 "-" "WordPress/6.6.2; https://grupo-seg.com"
88.30.85.178 - - [21/Sep/2026:10:31:54 +0200] "POST /AutoDiscover/autodiscover.xml HTTP/1.1" 404 92202 "-" "Microsoft Office/16.0 (Windows NT 10.0; Microsoft Excel 16.0.20326; Pro)"
89.248.107.232 - - [21/Sep/2026:10:31:55 +0200] "POST /wp-admin/admin-ajax.php?action=async_litespeed&nonce=b4cc4c672a&litespeed_type=imgoptm HTTP/1.1" 200 5698 "-" "WordPress/6.6.2; https://grupo-seg.com"
89.248.107.232 - - [21/Sep/2026:10:35:23 +0200] "POST /wp-cron.php?doing_wp_cron=1789979723.2213768959045410156250 HTTP/1.1" 200 5512 "-" "WordPress/6.6.2; https://grupo-seg.com"
89.248.107.232 - - [21/Sep/2026:10:35:24 +0200] "POST /wp-admin/admin-ajax.php?action=async_litespeed&nonce=b4cc4c672a&litespeed_type=imgoptm HTTP/1.1" 200 5698 "-" "WordPress/6.6.2; https://grupo-seg.com"
51.195.215.248 - - [21/Sep/2026:10:35:22 +0200] "GET / HTTP/1.1" 200 165817 "-" "Mozilla/5.0 (compatible; AhrefsBot/7.0; +http://ahrefs.com/robot/)"
89.248.107.232 - - [21/Sep/2026:10:35:48 +0200] "POST /wp-cron.php?doing_wp_cron=1789979748.7659869194030761718750 HTTP/1.1" 200 5512 "-" "WordPress/6.6.2; https://grupo-seg.com"
72.14.201.63 - - [21/Sep/2026:10:35:48 +0200] "GET / HTTP/1.1" 200 165817 "https://www.google.com/" "Mozilla/5.0 (Windows NT 10.0; Win64; x64) AppleWebKit/537.36 (KHTML, like Gecko) Chrome/153.0.0.0 Safari/537.36"
89.248.107.232 - - [21/Sep/2026:10:35:49 +0200] "POST /wp-admin/admin-ajax.php?action=async_litespeed&nonce=b4cc4c672a&litespeed_type=imgoptm HTTP/1.1" 200 5698 "-" "WordPress/6.6.2; https://grupo-seg.com"
89.248.107.232 - - [21/Sep/2026:10:36:12 +0200] "POST /wp-cron.php?doing_wp_cron=1789979771.8999140262603759765625 HTTP/1.1" 200 5512 "-" "WordPress/6.6.2; https://grupo-seg.com"
2.139.158.128 - - [21/Sep/2026:10:36:11 +0200] "POST /autodiscover/autodiscover.xml HTTP/1.1" 404 92217 "-" "Microsoft Office/16.0 (Windows NT 10.0; Microsoft Outlook 16.0.20228; Pro)"
40.77.167.73 - - [21/Sep/2026:10:36:13 +0200] "GET /coonhound6eo/empleo.html HTTP/1.1" 404 97436 "-" "Mozilla/5.0 AppleWebKit/537.36 (KHTML, like Gecko; compatible; bingbot/2.0; +http://www.bing.com/bingbot.htm) Chrome/116.0.1938.76 Safari/537.36"
188.26.196.181 - - [21/Sep/2026:10:36:16 +0200] "POST /AutoDiscover/autodiscover.xml HTTP/1.1" 404 92217 "-" "Microsoft Office/16.0 (Windows NT 10.0; Microsoft Excel 16.0.20326; Pro)"
89.248.107.232 - - [21/Sep/2026:10:36:41 +0200] "POST /wp-cron.php?doing_wp_cron=1789979801.3866779804229736328125 HTTP/1.1" 200 5512 "-" "WordPress/6.6.2; https://grupo-seg.com"
2.139.158.128 - - [21/Sep/2026:10:36:40 +0200] "POST /AutoDiscover/autodiscover.xml HTTP/1.1" 404 92217 "-" "Microsoft Office/16.0 (Windows NT 10.0; Microsoft Excel 16.0.20326; Pro)"
89.248.107.232 - - [21/Sep/2026:10:36:42 +0200] "POST /wp-admin/admin-ajax.php?action=async_litespeed&nonce=b4cc4c672a&litespeed_type=imgoptm HTTP/1.1" 200 5698 "-" "WordPress/6.6.2; https://grupo-seg.com"
89.248.107.232 - - [21/Sep/2026:10:37:43 +0200] "POST /wp-cron.php?doing_wp_cron=1789979863.4430210590362548828125 HTTP/1.1" 200 5512 "-" "WordPress/6.6.2; https://grupo-seg.com"
74.7.175.137 - - [21/Sep/2026:10:37:42 +0200] "GET /robots.txt HTTP/1.1" 200 5679 "-" "Mozilla/5.0 (Macintosh; Intel Mac OS X 10_15_7) AppleWebKit/537.36 (KHTML, like Gecko) Chrome/131.0.0.0 Safari/537.36; compatible; OAI-SearchBot/1.4; robots.txt; +https://openai.com/searchbot"
89.248.107.232 - - [21/Sep/2026:10:37:44 +0200] "POST /wp-admin/admin-ajax.php?action=async_litespeed&nonce=b4cc4c672a&litespeed_type=imgoptm HTTP/1.1" 200 5698 "-" "WordPress/6.6.2; https://grupo-seg.com"
74.7.243.43 - - [21/Sep/2026:10:37:42 +0200] "GET /proyectos/ HTTP/1.1" 200 975444 "-" "Mozilla/5.0 (Macintosh; Intel Mac OS X 10_15_7) AppleWebKit/537.36 (KHTML, like Gecko) Chrome/131.0.0.0 Safari/537.36; compatible; OAI-SearchBot/1.4; +https://openai.com/searchbot"
74.7.229.207 - - [21/Sep/2026:10:37:46 +0200] "GET / HTTP/1.1" 200 165817 "https://grupo-seg.com/proyectos/" "Mozilla/5.0 (Macintosh; Intel Mac OS X 10_15_7) AppleWebKit/537.36 (KHTML, like Gecko) Chrome/131.0.0.0 Safari/537.36; compatible; OAI-SearchBot/1.4; +https://openai.com/searchbot"
89.248.107.232 - - [21/Sep/2026:10:38:04 +0200] "POST /wp-cron.php?doing_wp_cron=1789979884.3549540042877197265625 HTTP/1.1" 200 5512 "-" "WordPress/6.6.2; https://grupo-seg.com"
40.77.167.33 - - [21/Sep/2026:10:38:03 +0200] "GET /kfue1402066oddgidp/sioosts HTTP/1.1" 301 5685 "-" "Mozilla/5.0 AppleWebKit/537.36 (KHTML, like Gecko; compatible; bingbot/2.0; +http://www.bing.com/bingbot.htm) Chrome/116.0.1938.76 Safari/537.36"
40.77.167.33 - - [21/Sep/2026:10:38:04 +0200] "GET /ahex1468195idsso/ttmepis HTTP/1.1" 301 5683 "-" "Mozilla/5.0 AppleWebKit/537.36 (KHTML, like Gecko; compatible; bingbot/2.0; +http://www.bing.com/bingbot.htm) Chrome/116.0.1938.76 Safari/537.36"
89.248.107.232 - - [21/Sep/2026:10:38:30 +0200] "POST /wp-cron.php?doing_wp_cron=1789979910.4346780776977539062500 HTTP/1.1" 200 5512 "-" "WordPress/6.6.2; https://grupo-seg.com"
40.77.167.4 - - [21/Sep/2026:10:38:29 +0200] "GET /fujikurabentasubu/servicios.html HTTP/1.1" 404 97436 "-" "Mozilla/5.0 AppleWebKit/537.36 (KHTML, like Gecko; compatible; bingbot/2.0; +http://www.bing.com/bingbot.htm) Chrome/116.0.1938.76 Safari/537.36"
89.248.107.232 - - [21/Sep/2026:10:38:31 +0200] "POST /wp-admin/admin-ajax.php?action=async_litespeed&nonce=b4cc4c672a&litespeed_type=imgoptm HTTP/1.1" 200 5698 "-" "WordPress/6.6.2; https://grupo-seg.com"
52.167.144.235 - - [21/Sep/2026:10:38:37 +0200] "GET /ahex1092729o6id90d273458gso1.htm HTTP/1.1" 404 97421 "-" "Mozilla/5.0 AppleWebKit/537.36 (KHTML, like Gecko; compatible; bingbot/2.0; +http://www.bing.com/bingbot.htm) Chrome/116.0.1938.76 Safari/537.36"
89.248.107.232 - - [21/Sep/2026:10:39:45 +0200] "POST /wp-cron.php?doing_wp_cron=1789979985.0868239402770996093750 HTTP/1.1" 200 5512 "-" "WordPress/6.6.2; https://grupo-seg.com"
43.167.245.18 - - [21/Sep/2026:10:39:44 +0200] "GET / HTTP/1.1" 200 157019 "https://www.seg-sa.es/" "Mozilla/5.0 (iPhone; CPU iPhone OS 13_2_3 like Mac OS X) AppleWebKit/605.1.15 (KHTML, like Gecko) Version/13.0.3 Mobile/15E148 Safari/604.1"
89.248.107.232 - - [21/Sep/2026:10:39:46 +0200] "POST /wp-admin/admin-ajax.php?action=async_litespeed&nonce=b4cc4c672a&litespeed_type=imgoptm HTTP/1.1" 200 5698 "-" "WordPress/6.6.2; https://grupo-seg.com"
40.77.167.4 - - [21/Sep/2026:10:39:50 +0200] "GET /server543/empleo.html HTTP/1.1" 301 5680 "-" "Mozilla/5.0 AppleWebKit/537.36 (KHTML, like Gecko; compatible; bingbot/2.0; +http://www.bing.com/bingbot.htm) Chrome/116.0.1938.76 Safari/537.36"
89.248.107.232 - - [21/Sep/2026:10:39:58 +0200] "POST /wp-cron.php?doing_wp_cron=1789979998.2929379940032958984375 HTTP/1.1" 200 5512 "-" "WordPress/6.6.2; https://grupo-seg.com"
40.77.167.33 - - [21/Sep/2026:10:39:57 +0200] "GET /fugyuatsutaresu/0004594894.html HTTP/1.1" 301 5690 "-" "Mozilla/5.0 AppleWebKit/537.36 (KHTML, like Gecko; compatible; bingbot/2.0; +http://www.bing.com/bingbot.htm) Chrome/116.0.1938.76 Safari/537.36"
89.248.107.232 - - [21/Sep/2026:10:40:29 +0200] "POST /wp-cron.php?doing_wp_cron=1789980029.7984039783477783203125 HTTP/1.1" 200 5512 "-" "WordPress/6.6.2; https://grupo-seg.com"
40.77.167.4 - - [21/Sep/2026:10:40:29 +0200] "GET /kfue826796ipttsdesmois.html HTTP/1.1" 404 97436 "-" "Mozilla/5.0 AppleWebKit/537.36 (KHTML, like Gecko; compatible; bingbot/2.0; +http://www.bing.com/bingbot.htm) Chrome/116.0.1938.76 Safari/537.36"
89.248.107.232 - - [21/Sep/2026:10:40:30 +0200] "POST /wp-admin/admin-ajax.php?action=async_litespeed&nonce=b4cc4c672a&litespeed_type=imgoptm HTTP/1.1" 200 5698 "-" "WordPress/6.6.2; https://grupo-seg.com"
89.248.107.232 - - [21/Sep/2026:10:40:47 +0200] "POST /wp-cron.php?doing_wp_cron=1789980047.7334320545196533203125 HTTP/1.1" 200 5512 "-" "WordPress/6.6.2; https://grupo-seg.com"
88.30.85.178 - - [21/Sep/2026:10:40:47 +0200] "POST /AutoDiscover/autodiscover.xml HTTP/1.1" 404 92217 "-" "Microsoft Office/16.0 (Windows NT 10.0; Microsoft Excel 16.0.20326; Pro)"
40.77.167.73 - - [21/Sep/2026:10:40:49 +0200] "GET /bushuribetenguha/clientes.html HTTP/1.1" 404 97421 "-" "Mozilla/5.0 AppleWebKit/537.36 (KHTML, like Gecko; compatible; bingbot/2.0; +http://www.bing.com/bingbot.htm) Chrome/116.0.1938.76 Safari/537.36"
89.248.107.232 - - [21/Sep/2026:10:41:14 +0200] "POST /wp-cron.php?doing_wp_cron=1789980074.4147150516510009765625 HTTP/1.1" 200 5512 "-" "WordPress/6.6.2; https://grupo-seg.com"
52.167.144.235 - - [21/Sep/2026:10:41:13 +0200] "GET /ibdm135717z1p93452dtoi08s7s6.htm HTTP/1.1" 404 97421 "-" "Mozilla/5.0 AppleWebKit/537.36 (KHTML, like Gecko; compatible; bingbot/2.0; +http://www.bing.com/bingbot.htm) Chrome/116.0.1938.76 Safari/537.36"
89.248.107.232 - - [21/Sep/2026:10:41:51 +0200] "POST /wp-cron.php?doing_wp_cron=1789980111.5143361091613769531250 HTTP/1.1" 200 5512 "-" "WordPress/6.6.2; https://grupo-seg.com"
2.139.158.128 - - [21/Sep/2026:10:41:51 +0200] "POST /autodiscover/autodiscover.xml HTTP/1.1" 404 92217 "-" "Microsoft Office/16.0 (Windows NT 10.0; Microsoft Outlook 16.0.20228; Pro)"
89.248.107.232 - - [21/Sep/2026:10:41:52 +0200] "POST /wp-admin/admin-ajax.php?action=async_litespeed&nonce=b4cc4c672a&litespeed_type=imgoptm HTTP/1.1" 200 5698 "-" "WordPress/6.6.2; https://grupo-seg.com"
89.248.107.232 - - [21/Sep/2026:10:42:25 +0200] "POST /wp-cron.php?doing_wp_cron=1789980145.1050329208374023437500 HTTP/1.1" 200 5512 "-" "WordPress/6.6.2; https://grupo-seg.com"
52.167.144.182 - - [21/Sep/2026:10:42:24 +0200] "GET /zcuh274841eticp/omdstruid.html HTTP/1.1" 301 5689 "-" "Mozilla/5.0 AppleWebKit/537.36 (KHTML, like Gecko; compatible; bingbot/2.0; +http://www.bing.com/bingbot.htm) Chrome/116.0.1938.76 Safari/537.36"
89.248.107.232 - - [21/Sep/2026:10:42:25 +0200] "POST /wp-admin/admin-ajax.php?action=async_litespeed&nonce=b4cc4c672a&litespeed_type=imgoptm HTTP/1.1" 200 5698 "-" "WordPress/6.6.2; https://grupo-seg.com"
89.248.107.232 - - [21/Sep/2026:10:42:40 +0200] "POST /wp-cron.php?doing_wp_cron=1789980160.5475330352783203125000 HTTP/1.1" 200 5512 "-" "WordPress/6.6.2; https://grupo-seg.com"
72.145.93.164 - - [21/Sep/2026:10:42:40 +0200] "GET / HTTP/1.1" 301 5612 "-" "Mozilla/5.0 (Windows NT 10.0; Win64; x64) AppleWebKit/537.36 (KHTML, like Gecko) Chrome/142.0.7444.163 Safari/537.36"
72.145.93.164 - - [21/Sep/2026:10:42:40 +0200] "GET / HTTP/1.1" 200 165847 "-" "Mozilla/5.0 (Windows NT 10.0; Win64; x64) AppleWebKit/537.36 (KHTML, like Gecko) Chrome/142.0.7444.163 Safari/537.36"
72.145.93.164 - - [21/Sep/2026:10:42:43 +0200] "POST /wp-content/plugins/litespeed-cache/guest.vary.php HTTP/1.1" 200 5656 "https://grupo-seg.com/" "Mozilla/5.0 (Windows NT 10.0; Win64; x64) AppleWebKit/537.36 (KHTML, like Gecko) Chrome/142.0.7444.163 Safari/537.36"
89.248.107.232 - - [21/Sep/2026:10:42:44 +0200] "POST /wp-cron.php?doing_wp_cron=1789980164.9104359149932861328125 HTTP/1.1" 200 5512 "-" "WordPress/6.6.2; https://grupo-seg.com"
