157.55.39.56 - - [21/Sep/2026:13:03:19 +0200] "GET /?w=farmaku-punya-masalah-dengan-gigi-ngilu-yang-facebook-oo-RrVybWTW HTTP/1.1" 301 5641 "-" "Mozilla/5.0 AppleWebKit/537.36 (KHTML, like Gecko; compatible; bingbot/2.0; +http://www.bing.com/bingbot.htm) Chrome/116.0.1938.76 Safari/537.36"
207.46.13.63 - - [21/Sep/2026:13:03:38 +0200] "GET /?w=farmaku-punya-masalah-dengan-gigi-ngilu-yang-facebook-oo-RrVybWTW HTTP/1.1" 200 52555 "-" "Mozilla/5.0 AppleWebKit/537.36 (KHTML, like Gecko; compatible; bingbot/2.0; +http://www.bing.com/bingbot.htm) Chrome/116.0.1938.76 Safari/537.36"
57.141.22.127 - - [21/Sep/2026:13:10:02 +0200] "GET /?jdsportfolio=portfolio-2 HTTP/1.1" 200 38015 "-" "Mozilla/5.0 (Windows NT 10.0; Win64; x64) AppleWebKit/537.36 (KHTML, like Gecko) Chrome/145.0.0.0 Safari/537.36 (compatible; meta-externalagent/1.1 (+https://developers.facebook.com/docs/sharing/webmasters/crawler))"
77.75.79.72 - - [21/Sep/2026:13:13:59 +0200] "GET /ivace-y-mni/politica-de-cookies HTTP/1.1" 301 5654 "-" "Mozilla/5.0 (compatible; SeznamBot/4.0; +https://o-seznam.cz/napoveda/vyhledavani/en/seznambot-crawler/)"
77.75.79.72 - - [21/Sep/2026:13:13:59 +0200] "GET /politica-de-cookies/ HTTP/1.1" 200 37373 "-" "Mozilla/5.0 (compatible; SeznamBot/4.0; +https://o-seznam.cz/napoveda/vyhledavani/en/seznambot-crawler/)"
207.46.13.230 - - [21/Sep/2026:13:21:40 +0200] "GET /robots.txt HTTP/1.1" 301 5583 "-" "Mozilla/5.0 AppleWebKit/537.36 (KHTML, like Gecko; compatible; bingbot/2.0; +http://www.bing.com/bingbot.htm) Chrome/116.0.1938.76 Safari/537.36"
52.167.144.234 - - [21/Sep/2026:13:21:40 +0200] "GET /?w=abenson-dowell-warranty-extension-facebook-oo-yrYYJPTy HTTP/1.1" 301 5630 "-" "Mozilla/5.0 AppleWebKit/537.36 (KHTML, like Gecko; compatible; bingbot/2.0; +http://www.bing.com/bingbot.htm) Chrome/116.0.1938.76 Safari/537.36"
207.46.13.230 - - [21/Sep/2026:13:21:44 +0200] "GET /robots.txt HTTP/1.1" 200 5766 "-" "Mozilla/5.0 AppleWebKit/537.36 (KHTML, like Gecko; compatible; bingbot/2.0; +http://www.bing.com/bingbot.htm) Chrome/116.0.1938.76 Safari/537.36"
40.77.167.156 - - [21/Sep/2026:13:21:50 +0200] "GET /?w=abenson-dowell-warranty-extension-facebook-oo-yrYYJPTy HTTP/1.1" 200 52544 "-" "Mozilla/5.0 AppleWebKit/537.36 (KHTML, like Gecko; compatible; bingbot/2.0; +http://www.bing.com/bingbot.htm) Chrome/116.0.1938.76 Safari/537.36"
77.75.79.72 - - [21/Sep/2026:13:23:51 +0200] "GET /contacto/planes HTTP/1.1" 301 5641 "-" "Mozilla/5.0 (compatible; SeznamBot/4.0; +https://o-seznam.cz/napoveda/vyhledavani/en/seznambot-crawler/)"
40.77.167.33 - - [21/Sep/2026:13:29:10 +0200] "GET /?w=replying-to-%40footlocker-final-verdict%3B-pibb-is-not-good-oo-NX7Lzgce HTTP/1.1" 301 5647 "-" "Mozilla/5.0 AppleWebKit/537.36 (KHTML, like Gecko; compatible; bingbot/2.0; +http://www.bing.com/bingbot.htm) Chrome/116.0.1938.76 Safari/537.36"
40.77.167.26 - - [21/Sep/2026:13:29:20 +0200] "GET /?w=replying-to-%40footlocker-final-verdict%3B-pibb-is-not-good-oo-NX7Lzgce HTTP/1.1" 200 52561 "-" "Mozilla/5.0 AppleWebKit/537.36 (KHTML, like Gecko; compatible; bingbot/2.0; +http://www.bing.com/bingbot.htm) Chrome/116.0.1938.76 Safari/537.36"
40.77.167.33 - - [21/Sep/2026:13:30:32 +0200] "GET /?w=apple-stores-now-offering-shop-with-a-specialist-appointments-oo-Yg9n66HN HTTP/1.1" 301 5649 "-" "Mozilla/5.0 AppleWebKit/537.36 (KHTML, like Gecko; compatible; bingbot/2.0; +http://www.bing.com/bingbot.htm) Chrome/116.0.1938.76 Safari/537.36"
40.77.167.26 - - [21/Sep/2026:13:30:42 +0200] "GET /?w=apple-stores-now-offering-shop-with-a-specialist-appointments-oo-Yg9n66HN HTTP/1.1" 200 52563 "-" "Mozilla/5.0 AppleWebKit/537.36 (KHTML, like Gecko; compatible; bingbot/2.0; +http://www.bing.com/bingbot.htm) Chrome/116.0.1938.76 Safari/537.36"
57.141.22.9 - - [21/Sep/2026:13:32:39 +0200] "GET /datingsider-pa-nett-date-trondheim/ HTTP/1.1" 200 94189 "-" "Mozilla/5.0 (Macintosh; Intel Mac OS X 10_15_7) AppleWebKit/537.36 (KHTML, like Gecko) Chrome/145.0.0.0 Safari/537.36 (compatible; meta-externalagent/1.1 (+https://developers.facebook.com/docs/sharing/webmasters/crawler))"
77.75.79.72 - - [21/Sep/2026:13:35:07 +0200] "GET /blog/planes HTTP/1.1" 301 5641 "-" "Mozilla/5.0 (compatible; SeznamBot/4.0; +https://o-seznam.cz/napoveda/vyhledavani/en/seznambot-crawler/)"
89.248.107.232 - - [21/Sep/2026:13:37:57 +0200] "POST /wp-cron.php?doing_wp_cron=1789990676.8434579372406005859375 HTTP/1.1" 200 5547 "https://marenostrumingenieros.com/wp-cron.php?doing_wp_cron=1789990676.8434579372406005859375" "WordPress/6.1.13; https://marenostrumingenieros.com"
207.46.13.52 - - [21/Sep/2026:13:37:56 +0200] "GET /?a=otu-deubiquitinases-reveal-mechanisms-of-linkage-specificity-and-enable-bb-9MKvXZhv HTTP/1.1" 200 38064 "-" "Mozilla/5.0 AppleWebKit/537.36 (KHTML, like Gecko; compatible; bingbot/2.0; +http://www.bing.com/bingbot.htm) Chrome/116.0.1938.76 Safari/537.36"
192.185.176.145 - - [21/Sep/2026:13:38:13 +0200] "POST /xmlrpc.php HTTP/1.1" 200 5940 "-" "Mozilla/5.0 (Macintosh; Intel Mac OS X 10_15_7) AppleWebKit/537.36 (KHTML, like Gecko) Chrome/147.0.0.0 Safari/537.36"
207.46.13.17 - - [21/Sep/2026:13:49:05 +0200] "GET /?a=zaks-mks-bb-gGdndjsa HTTP/1.1" 200 38064 "-" "Mozilla/5.0 AppleWebKit/537.36 (KHTML, like Gecko; compatible; bingbot/2.0; +http://www.bing.com/bingbot.htm) Chrome/116.0.1938.76 Safari/537.36"
198.98.54.225 - - [21/Sep/2026:13:50:52 +0200] "GET /wp-login.php HTTP/1.1" 200 14188 "-" "Mozilla/5.0 (Macintosh; Intel Mac OS X 10_10_0) AppleWebKit/537.36 (KHTML, like Gecko) Chrome/36.0.1985.125 Safari/537.36"
198.98.54.225 - - [21/Sep/2026:13:50:55 +0200] "POST /wp-login.php HTTP/1.1" 200 14667 "-" "Mozilla/5.0 (Macintosh; Intel Mac OS X 10_10_0) AppleWebKit/537.36 (KHTML, like Gecko) Chrome/36.0.1985.125 Safari/537.36"
23.21.148.226 - - [21/Sep/2026:13:57:08 +0200] "GET /2020/03/10/ HTTP/1.1" 200 36794 "-" "Mozilla/5.0 AppleWebKit/537.36 (KHTML, like Gecko; compatible; Amazonbot/0.1; +https://developer.amazon.com/support/amazonbot) Chrome/119.0.6045.214 Safari/537.36"
157.55.39.62 - - [21/Sep/2026:13:58:52 +0200] "GET /?w=the-slice-pizza-719-14th-st-san-francisco-ca-oo-bJOe05ua HTTP/1.1" 301 5632 "-" "Mozilla/5.0 AppleWebKit/537.36 (KHTML, like Gecko; compatible; bingbot/2.0; +http://www.bing.com/bingbot.htm) Chrome/116.0.1938.76 Safari/537.36"
157.55.39.61 - - [21/Sep/2026:13:59:03 +0200] "GET /?w=the-slice-pizza-719-14th-st-san-francisco-ca-oo-bJOe05ua HTTP/1.1" 200 52546 "-" "Mozilla/5.0 AppleWebKit/537.36 (KHTML, like Gecko; compatible; bingbot/2.0; +http://www.bing.com/bingbot.htm) Chrome/116.0.1938.76 Safari/537.36"
103.209.64.41 - - [21/Sep/2026:14:00:09 +0200] "POST /xmlrpc.php HTTP/1.1" 200 5942 "-" "Jetpack by WordPress.com (Jetpack 12.1; WordPress 6.1)"
103.209.64.41 - - [21/Sep/2026:14:00:18 +0200] "POST /xmlrpc.php HTTP/1.1" 200 5942 "-" "WordPress.com; https://wordpress.com"
103.209.64.41 - - [21/Sep/2026:14:00:29 +0200] "POST /xmlrpc.php HTTP/1.1" 200 5942 "-" "Jetpack by WordPress.com (Jetpack 12.5; WordPress 6.1)"
103.209.64.41 - - [21/Sep/2026:14:00:39 +0200] "POST /xmlrpc.php HTTP/1.1" 200 5942 "-" "Jetpack/12.5; WordPress/6.1; http://site23636524.com"
103.209.64.41 - - [21/Sep/2026:14:00:50 +0200] "POST /xmlrpc.php HTTP/1.1" 200 5942 "-" "Jetpack by WordPress.com"
103.209.64.41 - - [21/Sep/2026:14:01:00 +0200] "POST /xmlrpc.php HTTP/1.1" 200 5942 "-" "Jetpack by WordPress.com"
98.159.233.100 - - [21/Sep/2026:14:01:08 +0200] "GET /wp-login.php HTTP/1.1" 200 14188 "-" "Mozilla/5.0 (Macintosh; Intel Mac OS X 10_15_7) AppleWebKit/605.1.15 Version/17.0 Safari/605.1.15"
98.159.233.100 - - [21/Sep/2026:14:01:09 +0200] "GET /?author=1 HTTP/1.1" 301 5552 "-" "Mozilla/5.0 (Windows NT 10.0; Win64; rv:143.0) Gecko/20100101 Firefox/143.0"
98.159.233.100 - - [21/Sep/2026:14:01:09 +0200] "GET /?rest_route=/wp/v2/users HTTP/1.1" 200 7079 "-" "Mozilla/5.0 (Macintosh; Intel Mac OS X 10_15_7) AppleWebKit/605.1.15 Version/17.0 Safari/605.1.15"
98.159.233.100 - - [21/Sep/2026:14:01:10 +0200] "GET /?author=2 HTTP/1.1" 301 5558 "-" "Mozilla/5.0 (Macintosh; Intel Mac OS X 10_15_7) AppleWebKit/605.1.15 Version/17.0 Safari/605.1.15"
98.159.233.100 - - [21/Sep/2026:14:01:10 +0200] "GET /?rest_route=/wp/v2/users HTTP/1.1" 200 7079 "-" "Mozilla/5.0 (Windows NT 10.0; Win64; x64) AppleWebKit/537.36 Chrome/129.0.0.0 Safari/537.36"
103.209.64.41 - - [21/Sep/2026:14:01:11 +0200] "POST /xmlrpc.php HTTP/1.1" 200 5942 "-" "Jetpack by WordPress.com"
103.209.64.41 - - [21/Sep/2026:14:01:21 +0200] "POST /xmlrpc.php HTTP/1.1" 200 5942 "-" "Jetpack/12.0; WordPress/6.2; http://site20148976.com"
103.209.64.41 - - [21/Sep/2026:14:01:32 +0200] "POST /xmlrpc.php HTTP/1.1" 200 5942 "-" "WordPress.com; https://wordpress.com"
103.209.64.41 - - [21/Sep/2026:14:01:42 +0200] "POST /xmlrpc.php HTTP/1.1" 200 5942 "-" "Jetpack/12.5; WordPress/6.3; http://site71084781.com"
103.209.64.41 - - [21/Sep/2026:14:01:53 +0200] "POST /xmlrpc.php HTTP/1.1" 200 5942 "-" "WordPress.com; https://wordpress.com"
103.209.64.41 - - [21/Sep/2026:14:02:03 +0200] "POST /xmlrpc.php HTTP/1.1" 200 5942 "-" "Jetpack by WordPress.com"
103.209.64.41 - - [21/Sep/2026:14:02:14 +0200] "POST /xmlrpc.php HTTP/1.1" 200 5942 "-" "Jetpack/13.0; WordPress/6.1; http://site20467345.com"
103.209.64.41 - - [21/Sep/2026:14:02:25 +0200] "POST /xmlrpc.php HTTP/1.1" 200 5942 "-" "Jetpack by WordPress.com (Jetpack 13.0; WordPress 6.3)"
103.209.64.41 - - [21/Sep/2026:14:02:35 +0200] "POST /xmlrpc.php HTTP/1.1" 200 5942 "-" "Jetpack/12.1; WordPress/6.2; http://site13482470.com"
103.209.64.41 - - [21/Sep/2026:14:02:46 +0200] "POST /xmlrpc.php HTTP/1.1" 200 5942 "-" "Jetpack by WordPress.com"
103.209.64.41 - - [21/Sep/2026:14:02:56 +0200] "POST /xmlrpc.php HTTP/1.1" 200 5942 "-" "Jetpack by WordPress.com"
103.209.64.41 - - [21/Sep/2026:14:03:07 +0200] "POST /xmlrpc.php HTTP/1.1" 200 5942 "-" "Jetpack by WordPress.com (Jetpack 13.0; WordPress 6.1)"
103.209.64.41 - - [21/Sep/2026:14:03:17 +0200] "POST /xmlrpc.php HTTP/1.1" 200 5942 "-" "Jetpack by WordPress.com (Jetpack 13.0; WordPress 6.1)"
57.141.22.109 - - [21/Sep/2026:14:03:22 +0200] "GET /automatach-kasynowy/ HTTP/1.1" 200 39761 "-" "Mozilla/5.0 (Macintosh; Intel Mac OS X 10_15_7) AppleWebKit/537.36 (KHTML, like Gecko) Chrome/145.0.0.0 Safari/537.36 (compatible; meta-externalagent/1.1 (+https://developers.facebook.com/docs/sharing/webmasters/crawler))"
103.209.64.41 - - [21/Sep/2026:14:03:28 +0200] "POST /xmlrpc.php HTTP/1.1" 200 5942 "-" "WordPress.com; https://wordpress.com"
103.209.64.41 - - [21/Sep/2026:14:03:38 +0200] "POST /xmlrpc.php HTTP/1.1" 200 5942 "-" "Jetpack/13.0; WordPress/6.4; http://site78072081.com"
103.209.64.41 - - [21/Sep/2026:14:03:49 +0200] "POST /xmlrpc.php HTTP/1.1" 200 5942 "-" "Jetpack by WordPress.com (Jetpack 12.1; WordPress 6.2)"
103.209.64.41 - - [21/Sep/2026:14:03:59 +0200] "POST /xmlrpc.php HTTP/1.1" 200 5942 "-" "Jetpack/13.0; WordPress/6.3; http://site88501369.com"
103.209.64.41 - - [21/Sep/2026:14:04:10 +0200] "POST /xmlrpc.php HTTP/1.1" 200 5942 "-" "Jetpack/12.0; WordPress/6.4; http://site10224168.com"
103.209.64.41 - - [21/Sep/2026:14:04:20 +0200] "POST /xmlrpc.php HTTP/1.1" 200 5942 "-" "Jetpack by WordPress.com (Jetpack 12.0; WordPress 6.1)"
103.209.64.41 - - [21/Sep/2026:14:04:31 +0200] "POST /xmlrpc.php HTTP/1.1" 200 5942 "-" "Jetpack by WordPress.com"
103.209.64.41 - - [21/Sep/2026:14:04:41 +0200] "POST /xmlrpc.php HTTP/1.1" 200 5942 "-" "Jetpack by WordPress.com"
103.209.64.41 - - [21/Sep/2026:14:04:52 +0200] "POST /xmlrpc.php HTTP/1.1" 200 5942 "-" "Jetpack/12.1; WordPress/6.4; http://site52199215.com"
103.209.64.41 - - [21/Sep/2026:14:05:02 +0200] "POST /xmlrpc.php HTTP/1.1" 200 5942 "-" "Jetpack by WordPress.com (Jetpack 12.0; WordPress 6.4)"
103.209.64.41 - - [21/Sep/2026:14:05:13 +0200] "POST /xmlrpc.php HTTP/1.1" 200 5942 "-" "Jetpack by WordPress.com (Jetpack 13.0; WordPress 6.3)"
103.209.64.41 - - [21/Sep/2026:14:05:23 +0200] "POST /xmlrpc.php HTTP/1.1" 200 5942 "-" "WordPress.com; https://wordpress.com"
103.209.64.41 - - [21/Sep/2026:14:05:34 +0200] "POST /xmlrpc.php HTTP/1.1" 200 5942 "-" "Jetpack by WordPress.com"
103.209.64.41 - - [21/Sep/2026:14:05:44 +0200] "POST /xmlrpc.php HTTP/1.1" 200 5942 "-" "Jetpack by WordPress.com (Jetpack 12.5; WordPress 6.4)"
103.209.64.41 - - [21/Sep/2026:14:05:55 +0200] "POST /xmlrpc.php HTTP/1.1" 200 5942 "-" "Jetpack by WordPress.com"
103.209.64.41 - - [21/Sep/2026:14:06:05 +0200] "POST /xmlrpc.php HTTP/1.1" 200 5942 "-" "Jetpack/12.1; WordPress/6.1; http://site28582066.com"
103.209.64.41 - - [21/Sep/2026:14:06:16 +0200] "POST /xmlrpc.php HTTP/1.1" 200 5942 "-" "WordPress.com; https://wordpress.com"
103.209.64.41 - - [21/Sep/2026:14:06:26 +0200] "POST /xmlrpc.php HTTP/1.1" 200 5942 "-" "Jetpack by WordPress.com (Jetpack 12.0; WordPress 6.4)"
103.209.64.41 - - [21/Sep/2026:14:06:37 +0200] "POST /xmlrpc.php HTTP/1.1" 200 5942 "-" "WordPress.com; https://wordpress.com"
103.209.64.41 - - [21/Sep/2026:14:06:47 +0200] "POST /xmlrpc.php HTTP/1.1" 200 5942 "-" "Jetpack by WordPress.com (Jetpack 12.1; WordPress 6.4)"
103.209.64.41 - - [21/Sep/2026:14:06:58 +0200] "POST /xmlrpc.php HTTP/1.1" 200 5942 "-" "Jetpack by WordPress.com"
103.209.64.41 - - [21/Sep/2026:14:07:08 +0200] "POST /xmlrpc.php HTTP/1.1" 200 5942 "-" "Jetpack by WordPress.com"
103.209.64.41 - - [21/Sep/2026:14:07:19 +0200] "POST /xmlrpc.php HTTP/1.1" 200 5942 "-" "WordPress.com; https://wordpress.com"
103.209.64.41 - - [21/Sep/2026:14:07:29 +0200] "POST /xmlrpc.php HTTP/1.1" 200 5942 "-" "Jetpack by WordPress.com"
103.209.64.41 - - [21/Sep/2026:14:07:40 +0200] "POST /xmlrpc.php HTTP/1.1" 200 5942 "-" "WordPress.com; https://wordpress.com"
103.209.64.41 - - [21/Sep/2026:14:07:50 +0200] "POST /xmlrpc.php HTTP/1.1" 200 5942 "-" "WordPress.com; https://wordpress.com"
103.209.64.41 - - [21/Sep/2026:14:08:01 +0200] "POST /xmlrpc.php HTTP/1.1" 200 5942 "-" "Jetpack by WordPress.com"
103.209.64.41 - - [21/Sep/2026:14:08:11 +0200] "POST /xmlrpc.php HTTP/1.1" 200 5942 "-" "WordPress.com; https://wordpress.com"
103.209.64.41 - - [21/Sep/2026:14:08:22 +0200] "POST /xmlrpc.php HTTP/1.1" 200 5942 "-" "Jetpack by WordPress.com"
103.209.64.41 - - [21/Sep/2026:14:08:32 +0200] "POST /xmlrpc.php HTTP/1.1" 200 5942 "-" "WordPress.com; https://wordpress.com"
103.209.64.41 - - [21/Sep/2026:14:08:43 +0200] "POST /xmlrpc.php HTTP/1.1" 200 5942 "-" "Jetpack by WordPress.com (Jetpack 12.5; WordPress 6.4)"
103.209.64.41 - - [21/Sep/2026:14:08:53 +0200] "POST /xmlrpc.php HTTP/1.1" 200 5942 "-" "Jetpack/13.0; WordPress/6.1; http://site52216813.com"
103.209.64.41 - - [21/Sep/2026:14:09:04 +0200] "POST /xmlrpc.php HTTP/1.1" 200 5942 "-" "Jetpack/13.0; WordPress/6.1; http://site30244237.com"
103.209.64.41 - - [21/Sep/2026:14:09:14 +0200] "POST /xmlrpc.php HTTP/1.1" 200 5942 "-" "Jetpack/13.0; WordPress/6.3; http://site26215005.com"
103.209.64.41 - - [21/Sep/2026:14:09:25 +0200] "POST /xmlrpc.php HTTP/1.1" 200 5942 "-" "WordPress.com; https://wordpress.com"
103.209.64.41 - - [21/Sep/2026:14:09:35 +0200] "POST /xmlrpc.php HTTP/1.1" 200 5942 "-" "Jetpack by WordPress.com"
103.209.64.41 - - [21/Sep/2026:14:09:45 +0200] "POST /xmlrpc.php HTTP/1.1" 200 5942 "-" "Jetpack by WordPress.com"
103.209.64.41 - - [21/Sep/2026:14:09:56 +0200] "POST /xmlrpc.php HTTP/1.1" 200 5942 "-" "Jetpack by WordPress.com"
103.209.64.41 - - [21/Sep/2026:14:10:06 +0200] "POST /xmlrpc.php HTTP/1.1" 200 5942 "-" "Jetpack/13.0; WordPress/6.2; http://site15465768.com"
103.209.64.41 - - [21/Sep/2026:14:10:17 +0200] "POST /xmlrpc.php HTTP/1.1" 200 5942 "-" "Jetpack by WordPress.com"
103.209.64.41 - - [21/Sep/2026:14:10:27 +0200] "POST /xmlrpc.php HTTP/1.1" 200 5942 "-" "Jetpack by WordPress.com"
103.209.64.41 - - [21/Sep/2026:14:10:38 +0200] "POST /xmlrpc.php HTTP/1.1" 200 5942 "-" "Jetpack/13.0; WordPress/6.4; http://site86333348.com"
103.209.64.41 - - [21/Sep/2026:14:10:49 +0200] "POST /xmlrpc.php HTTP/1.1" 200 5942 "-" "Jetpack by WordPress.com"
206.189.134.17 - - [21/Sep/2026:14:10:49 +0200] "POST /wp-json/batch/v1 HTTP/1.1" 207 5825 "-" "Mozilla/5.0 (Windows NT 10.0; Win64; x64) AppleWebKit/537.36 (KHTML, like Gecko) Chrome/131.0.0.0 Safari/537.36"
206.189.134.17 - - [21/Sep/2026:14:10:50 +0200] "POST /wp-json/batch/v1 HTTP/1.1" 500 6206 "-" "Mozilla/5.0 (Windows NT 10.0; Win64; x64) AppleWebKit/537.36 (KHTML, like Gecko) Chrome/131.0.0.0 Safari/537.36"
206.189.134.17 - - [21/Sep/2026:14:10:50 +0200] "POST /wp-json/batch/v1 HTTP/1.1" 500 6206 "-" "Mozilla/5.0 (Windows NT 10.0; Win64; x64) AppleWebKit/537.36 (KHTML, like Gecko) Chrome/131.0.0.0 Safari/537.36"
206.189.134.17 - - [21/Sep/2026:14:10:51 +0200] "POST /wp-json/batch/v1 HTTP/1.1" 500 6206 "-" "Mozilla/5.0 (Windows NT 10.0; Win64; x64) AppleWebKit/537.36 (KHTML, like Gecko) Chrome/131.0.0.0 Safari/537.36"
206.189.134.17 - - [21/Sep/2026:14:10:52 +0200] "POST /wp-json/batch/v1 HTTP/1.1" 500 6206 "-" "Mozilla/5.0 (Windows NT 10.0; Win64; x64) AppleWebKit/537.36 (KHTML, like Gecko) Chrome/131.0.0.0 Safari/537.36"
206.189.134.17 - - [21/Sep/2026:14:10:53 +0200] "POST /wp-json/batch/v1 HTTP/1.1" 500 6206 "-" "Mozilla/5.0 (Windows NT 10.0; Win64; x64) AppleWebKit/537.36 (KHTML, like Gecko) Chrome/131.0.0.0 Safari/537.36"
206.189.134.17 - - [21/Sep/2026:14:10:53 +0200] "POST /wp-json/batch/v1 HTTP/1.1" 500 6206 "-" "Mozilla/5.0 (Windows NT 10.0; Win64; x64) AppleWebKit/537.36 (KHTML, like Gecko) Chrome/131.0.0.0 Safari/537.36"
157.55.39.15 - - [21/Sep/2026:14:13:14 +0200] "GET /?w=bellini-outdoor-chair-modern-outdoor-furniture-room-board-oo-XvBR5MFJ HTTP/1.1" 200 52559 "-" "Mozilla/5.0 AppleWebKit/537.36 (KHTML, like Gecko; compatible; bingbot/2.0; +http://www.bing.com/bingbot.htm) Chrome/116.0.1938.76 Safari/537.36"
40.77.167.136 - - [21/Sep/2026:14:17:35 +0200] "GET /?w=el-mundo-de-exe-%E2%9C%93batidora-port%C3%A1til-recargable-por-facebook-oo-N8V1mOue HTTP/1.1" 301 5659 "-" "Mozilla/5.0 AppleWebKit/537.36 (KHTML, like Gecko; compatible; bingbot/2.0; +http://www.bing.com/bingbot.htm) Chrome/116.0.1938.76 Safari/537.36"
52.167.144.182 - - [21/Sep/2026:14:17:45 +0200] "GET /?w=el-mundo-de-exe-%E2%9C%93batidora-port%C3%A1til-recargable-por-facebook-oo-N8V1mOue HTTP/1.1" 200 52573 "-" "Mozilla/5.0 AppleWebKit/537.36 (KHTML, like Gecko; compatible; bingbot/2.0; +http://www.bing.com/bingbot.htm) Chrome/116.0.1938.76 Safari/537.36"
57.141.22.116 - - [21/Sep/2026:14:19:08 +0200] "GET /swingers-i-bergen-pakistan-sax/ HTTP/1.1" 200 88163 "-" "Mozilla/5.0 (Windows NT 10.0; Win64; x64) AppleWebKit/537.36 (KHTML, like Gecko) Chrome/145.0.0.0 Safari/537.36 (compatible; meta-externalagent/1.1 (+https://developers.facebook.com/docs/sharing/webmasters/crawler))"
50.7.86.141 - - [21/Sep/2026:14:22:52 +0200] "POST /xmlrpc.php HTTP/1.1" 200 5942 "-" "Jetpack/12.0; WordPress/6.2; http://site34816854.com"
50.7.86.141 - - [21/Sep/2026:14:23:02 +0200] "POST /xmlrpc.php HTTP/1.1" 200 5942 "-" "Jetpack/13.0; WordPress/6.2; http://site24210629.com"
50.7.86.141 - - [21/Sep/2026:14:23:13 +0200] "POST /xmlrpc.php HTTP/1.1" 200 5942 "-" "Jetpack/12.1; WordPress/6.2; http://site77159780.com"
50.7.86.141 - - [21/Sep/2026:14:23:23 +0200] "POST /xmlrpc.php HTTP/1.1" 200 5942 "-" "Jetpack by WordPress.com (Jetpack 13.0; WordPress 6.2)"
50.7.86.141 - - [21/Sep/2026:14:23:34 +0200] "POST /xmlrpc.php HTTP/1.1" 200 5942 "-" "Jetpack by WordPress.com"
50.7.86.141 - - [21/Sep/2026:14:23:45 +0200] "POST /xmlrpc.php HTTP/1.1" 200 5942 "-" "WordPress.com; https://wordpress.com"
50.7.86.141 - - [21/Sep/2026:14:23:55 +0200] "POST /xmlrpc.php HTTP/1.1" 200 5942 "-" "Jetpack by WordPress.com"
40.77.167.136 - - [21/Sep/2026:14:23:57 +0200] "GET /?w=nemuki-fashion-brisbane-qld-oo-0n86xeFa HTTP/1.1" 301 5615 "-" "Mozilla/5.0 AppleWebKit/537.36 (KHTML, like Gecko; compatible; bingbot/2.0; +http://www.bing.com/bingbot.htm) Chrome/116.0.1938.76 Safari/537.36"
50.7.86.141 - - [21/Sep/2026:14:24:06 +0200] "POST /xmlrpc.php HTTP/1.1" 200 5942 "-" "Jetpack by WordPress.com"
52.167.144.182 - - [21/Sep/2026:14:24:11 +0200] "GET /?w=nemuki-fashion-brisbane-qld-oo-0n86xeFa HTTP/1.1" 200 52529 "-" "Mozilla/5.0 AppleWebKit/537.36 (KHTML, like Gecko; compatible; bingbot/2.0; +http://www.bing.com/bingbot.htm) Chrome/116.0.1938.76 Safari/537.36"
50.7.86.141 - - [21/Sep/2026:14:24:16 +0200] "POST /xmlrpc.php HTTP/1.1" 200 5942 "-" "Jetpack by WordPress.com (Jetpack 12.1; WordPress 6.2)"
50.7.86.141 - - [21/Sep/2026:14:24:27 +0200] "POST /xmlrpc.php HTTP/1.1" 200 5942 "-" "Jetpack by WordPress.com"
50.7.86.141 - - [21/Sep/2026:14:24:38 +0200] "POST /xmlrpc.php HTTP/1.1" 200 5942 "-" "Jetpack by WordPress.com (Jetpack 12.5; WordPress 6.1)"
50.7.86.141 - - [21/Sep/2026:14:24:48 +0200] "POST /xmlrpc.php HTTP/1.1" 200 5942 "-" "WordPress.com; https://wordpress.com"
50.7.86.141 - - [21/Sep/2026:14:24:59 +0200] "POST /xmlrpc.php HTTP/1.1" 200 5942 "-" "WordPress.com; https://wordpress.com"
50.7.86.141 - - [21/Sep/2026:14:25:10 +0200] "POST /xmlrpc.php HTTP/1.1" 200 5942 "-" "Jetpack by WordPress.com (Jetpack 12.0; WordPress 6.4)"
50.7.86.141 - - [21/Sep/2026:14:25:20 +0200] "POST /xmlrpc.php HTTP/1.1" 200 5942 "-" "Jetpack by WordPress.com (Jetpack 13.0; WordPress 6.3)"
50.7.86.141 - - [21/Sep/2026:14:25:31 +0200] "POST /xmlrpc.php HTTP/1.1" 200 5942 "-" "Jetpack/12.1; WordPress/6.2; http://site13754225.com"
50.7.86.141 - - [21/Sep/2026:14:25:42 +0200] "POST /xmlrpc.php HTTP/1.1" 200 5942 "-" "Jetpack by WordPress.com (Jetpack 13.0; WordPress 6.2)"
50.7.86.141 - - [21/Sep/2026:14:25:52 +0200] "POST /xmlrpc.php HTTP/1.1" 200 5942 "-" "Jetpack/12.5; WordPress/6.4; http://site69497807.com"
173.236.254.75 - - [21/Sep/2026:14:25:59 +0200] "POST /xmlrpc.php HTTP/1.1" 200 5940 "-" "Mozilla/5.0 (Windows NT 10.0; Win64; x64) AppleWebKit/537.36 (KHTML, like Gecko) Chrome/147.0.0.0 Safari/537.36"
50.7.86.141 - - [21/Sep/2026:14:26:03 +0200] "POST /xmlrpc.php HTTP/1.1" 200 5942 "-" "WordPress.com; https://wordpress.com"
50.7.86.141 - - [21/Sep/2026:14:26:13 +0200] "POST /xmlrpc.php HTTP/1.1" 200 5942 "-" "Jetpack by WordPress.com (Jetpack 12.0; WordPress 6.4)"
50.7.86.141 - - [21/Sep/2026:14:26:24 +0200] "POST /xmlrpc.php HTTP/1.1" 200 5942 "-" "Jetpack by WordPress.com (Jetpack 12.0; WordPress 6.3)"
50.7.86.141 - - [21/Sep/2026:14:26:35 +0200] "POST /xmlrpc.php HTTP/1.1" 200 5942 "-" "Jetpack by WordPress.com"
50.7.86.141 - - [21/Sep/2026:14:26:45 +0200] "POST /xmlrpc.php HTTP/1.1" 200 5942 "-" "Jetpack/12.1; WordPress/6.4; http://site22371122.com"
50.7.86.141 - - [21/Sep/2026:14:26:56 +0200] "POST /xmlrpc.php HTTP/1.1" 200 5942 "-" "Jetpack by WordPress.com (Jetpack 12.5; WordPress 6.4)"
50.7.86.141 - - [21/Sep/2026:14:27:06 +0200] "POST /xmlrpc.php HTTP/1.1" 200 5942 "-" "WordPress.com; https://wordpress.com"
50.7.86.141 - - [21/Sep/2026:14:27:17 +0200] "POST /xmlrpc.php HTTP/1.1" 200 5942 "-" "Jetpack/12.1; WordPress/6.4; http://site23747044.com"
50.7.86.141 - - [21/Sep/2026:14:27:28 +0200] "POST /xmlrpc.php HTTP/1.1" 200 5942 "-" "WordPress.com; https://wordpress.com"
50.7.86.141 - - [21/Sep/2026:14:27:38 +0200] "POST /xmlrpc.php HTTP/1.1" 200 5942 "-" "WordPress.com; https://wordpress.com"
50.7.86.141 - - [21/Sep/2026:14:27:49 +0200] "POST /xmlrpc.php HTTP/1.1" 200 5942 "-" "Jetpack/12.5; WordPress/6.4; http://site86765878.com"
50.7.86.141 - - [21/Sep/2026:14:28:00 +0200] "POST /xmlrpc.php HTTP/1.1" 200 5942 "-" "Jetpack/13.0; WordPress/6.2; http://site38086319.com"
50.7.86.141 - - [21/Sep/2026:14:28:10 +0200] "POST /xmlrpc.php HTTP/1.1" 200 5942 "-" "WordPress.com; https://wordpress.com"
50.7.86.141 - - [21/Sep/2026:14:28:21 +0200] "POST /xmlrpc.php HTTP/1.1" 200 5942 "-" "Jetpack by WordPress.com (Jetpack 12.1; WordPress 6.2)"
50.7.86.141 - - [21/Sep/2026:14:28:32 +0200] "POST /xmlrpc.php HTTP/1.1" 200 5942 "-" "WordPress.com; https://wordpress.com"
50.7.86.141 - - [21/Sep/2026:14:28:42 +0200] "POST /xmlrpc.php HTTP/1.1" 200 5942 "-" "WordPress.com; https://wordpress.com"
50.7.86.141 - - [21/Sep/2026:14:28:53 +0200] "POST /xmlrpc.php HTTP/1.1" 200 5942 "-" "Jetpack by WordPress.com"
50.7.86.141 - - [21/Sep/2026:14:29:03 +0200] "POST /xmlrpc.php HTTP/1.1" 200 5942 "-" "Jetpack by WordPress.com (Jetpack 12.1; WordPress 6.2)"
50.7.86.141 - - [21/Sep/2026:14:29:14 +0200] "POST /xmlrpc.php HTTP/1.1" 200 5942 "-" "Jetpack by WordPress.com (Jetpack 12.1; WordPress 6.2)"
157.55.39.7 - - [21/Sep/2026:14:29:20 +0200] "GET /?a=sabyasachi-wallpaper-by-asian-paints-in-mumb-shree-shanti-bb-XggWb3U8 HTTP/1.1" 200 38064 "-" "Mozilla/5.0 AppleWebKit/537.36 (KHTML, like Gecko; compatible; bingbot/2.0; +http://www.bing.com/bingbot.htm) Chrome/116.0.1938.76 Safari/537.36"
50.7.86.141 - - [21/Sep/2026:14:29:25 +0200] "POST /xmlrpc.php HTTP/1.1" 200 5942 "-" "Jetpack by WordPress.com"
50.7.86.141 - - [21/Sep/2026:14:29:35 +0200] "POST /xmlrpc.php HTTP/1.1" 200 5942 "-" "WordPress.com; https://wordpress.com"
57.141.22.120 - - [21/Sep/2026:14:29:37 +0200] "GET / HTTP/1.1" 200 38064 "-" "Mozilla/5.0 (X11; Linux x86_64) AppleWebKit/537.36 (KHTML, like Gecko) Chrome/145.0.0.0 Safari/537.36 (compatible; meta-externalagent/1.1 (+https://developers.facebook.com/docs/sharing/webmasters/crawler))"
50.7.86.141 - - [21/Sep/2026:14:29:46 +0200] "POST /xmlrpc.php HTTP/1.1" 200 5942 "-" "Jetpack by WordPress.com"
50.7.86.141 - - [21/Sep/2026:14:29:57 +0200] "POST /xmlrpc.php HTTP/1.1" 200 5942 "-" "Jetpack by WordPress.com"
50.7.86.141 - - [21/Sep/2026:14:30:07 +0200] "POST /xmlrpc.php HTTP/1.1" 200 5942 "-" "Jetpack by WordPress.com (Jetpack 12.5; WordPress 6.2)"
50.7.86.141 - - [21/Sep/2026:14:30:18 +0200] "POST /xmlrpc.php HTTP/1.1" 200 5942 "-" "Jetpack by WordPress.com"
50.7.86.141 - - [21/Sep/2026:14:30:28 +0200] "POST /xmlrpc.php HTTP/1.1" 200 5942 "-" "Jetpack by WordPress.com (Jetpack 12.1; WordPress 6.4)"
50.7.86.141 - - [21/Sep/2026:14:30:39 +0200] "POST /xmlrpc.php HTTP/1.1" 200 5942 "-" "Jetpack by WordPress.com (Jetpack 12.1; WordPress 6.4)"
50.7.86.141 - - [21/Sep/2026:14:30:50 +0200] "POST /xmlrpc.php HTTP/1.1" 200 5942 "-" "Jetpack/12.1; WordPress/6.2; http://site47182847.com"
50.7.86.141 - - [21/Sep/2026:14:31:00 +0200] "POST /xmlrpc.php HTTP/1.1" 200 5942 "-" "Jetpack by WordPress.com (Jetpack 12.0; WordPress 6.4)"
50.7.86.141 - - [21/Sep/2026:14:31:11 +0200] "POST /xmlrpc.php HTTP/1.1" 200 5942 "-" "Jetpack by WordPress.com"
50.7.86.141 - - [21/Sep/2026:14:31:22 +0200] "POST /xmlrpc.php HTTP/1.1" 200 5942 "-" "Jetpack by WordPress.com (Jetpack 12.0; WordPress 6.4)"
50.7.86.141 - - [21/Sep/2026:14:31:32 +0200] "POST /xmlrpc.php HTTP/1.1" 200 5942 "-" "Jetpack by WordPress.com (Jetpack 13.0; WordPress 6.2)"
50.7.86.141 - - [21/Sep/2026:14:31:43 +0200] "POST /xmlrpc.php HTTP/1.1" 200 5942 "-" "Jetpack/12.1; WordPress/6.3; http://site38725564.com"
50.7.86.141 - - [21/Sep/2026:14:31:54 +0200] "POST /xmlrpc.php HTTP/1.1" 200 5942 "-" "Jetpack by WordPress.com"
50.7.86.141 - - [21/Sep/2026:14:32:04 +0200] "POST /xmlrpc.php HTTP/1.1" 200 5942 "-" "Jetpack/12.5; WordPress/6.1; http://site48136656.com"
50.7.86.141 - - [21/Sep/2026:14:32:15 +0200] "POST /xmlrpc.php HTTP/1.1" 200 5942 "-" "Jetpack by WordPress.com (Jetpack 13.0; WordPress 6.2)"
50.7.86.141 - - [21/Sep/2026:14:32:25 +0200] "POST /xmlrpc.php HTTP/1.1" 200 5942 "-" "Jetpack by WordPress.com (Jetpack 13.0; WordPress 6.2)"
50.7.86.141 - - [21/Sep/2026:14:32:36 +0200] "POST /xmlrpc.php HTTP/1.1" 200 5942 "-" "Jetpack by WordPress.com (Jetpack 12.1; WordPress 6.4)"
49.36.210.36 - - [21/Sep/2026:14:32:45 +0200] "POST /xmlrpc.php HTTP/1.1" 200 5942 "-" "Jetpack by WordPress.com"
50.7.86.141 - - [21/Sep/2026:14:32:47 +0200] "POST /xmlrpc.php HTTP/1.1" 200 5942 "-" "Jetpack/12.0; WordPress/6.1; http://site13779046.com"
49.36.210.36 - - [21/Sep/2026:14:32:55 +0200] "POST /xmlrpc.php HTTP/1.1" 200 5942 "-" "Jetpack/13.0; WordPress/6.1; http://site92253372.com"
50.7.86.141 - - [21/Sep/2026:14:32:57 +0200] "POST /xmlrpc.php HTTP/1.1" 200 5942 "-" "Jetpack by WordPress.com"
49.36.210.36 - - [21/Sep/2026:14:33:06 +0200] "POST /xmlrpc.php HTTP/1.1" 200 5942 "-" "Jetpack/13.0; WordPress/6.1; http://site55287201.com"
50.7.86.141 - - [21/Sep/2026:14:33:08 +0200] "POST /xmlrpc.php HTTP/1.1" 200 5942 "-" "WordPress.com; https://wordpress.com"
49.36.210.36 - - [21/Sep/2026:14:33:16 +0200] "POST /xmlrpc.php HTTP/1.1" 200 5942 "-" "WordPress.com; https://wordpress.com"
50.7.86.141 - - [21/Sep/2026:14:33:18 +0200] "POST /xmlrpc.php HTTP/1.1" 200 5942 "-" "Jetpack/13.0; WordPress/6.1; http://site94613763.com"
49.36.210.36 - - [21/Sep/2026:14:33:27 +0200] "POST /xmlrpc.php HTTP/1.1" 200 5942 "-" "WordPress.com; https://wordpress.com"
50.7.86.141 - - [21/Sep/2026:14:33:29 +0200] "POST /xmlrpc.php HTTP/1.1" 200 5942 "-" "WordPress.com; https://wordpress.com"
49.36.210.36 - - [21/Sep/2026:14:33:38 +0200] "POST /xmlrpc.php HTTP/1.1" 200 5942 "-" "Jetpack by WordPress.com (Jetpack 12.5; WordPress 6.3)"
50.7.86.141 - - [21/Sep/2026:14:33:40 +0200] "POST /xmlrpc.php HTTP/1.1" 200 5942 "-" "Jetpack by WordPress.com"
49.36.210.36 - - [21/Sep/2026:14:33:49 +0200] "POST /xmlrpc.php HTTP/1.1" 200 5942 "-" "Jetpack by WordPress.com (Jetpack 12.0; WordPress 6.1)"
50.7.86.141 - - [21/Sep/2026:14:33:50 +0200] "POST /xmlrpc.php HTTP/1.1" 200 5942 "-" "Jetpack by WordPress.com"
49.36.210.36 - - [21/Sep/2026:14:33:59 +0200] "POST /xmlrpc.php HTTP/1.1" 200 5942 "-" "Jetpack by WordPress.com"
35.171.141.42 - - [21/Sep/2026:14:34:00 +0200] "GET /2020/03/proyectos HTTP/1.1" 404 35772 "-" "Mozilla/5.0 AppleWebKit/537.36 (KHTML, like Gecko; compatible; Amazonbot/0.1; +https://developer.amazon.com/support/amazonbot) Chrome/119.0.6045.214 Safari/537.36"
50.7.86.141 - - [21/Sep/2026:14:34:01 +0200] "POST /xmlrpc.php HTTP/1.1" 200 5942 "-" "Jetpack by WordPress.com"
3.223.134.5 - - [21/Sep/2026:14:34:04 +0200] "GET /2020/04/12/ivace-y-mni HTTP/1.1" 404 35772 "-" "Mozilla/5.0 AppleWebKit/537.36 (KHTML, like Gecko; compatible; Amazonbot/0.1; +https://developer.amazon.com/support/amazonbot) Chrome/119.0.6045.214 Safari/537.36"
49.36.210.36 - - [21/Sep/2026:14:34:10 +0200] "POST /xmlrpc.php HTTP/1.1" 200 5942 "-" "WordPress.com; https://wordpress.com"
50.7.86.141 - - [21/Sep/2026:14:34:12 +0200] "POST /xmlrpc.php HTTP/1.1" 200 5942 "-" "Jetpack by WordPress.com (Jetpack 12.1; WordPress 6.3)"
49.36.210.36 - - [21/Sep/2026:14:34:21 +0200] "POST /xmlrpc.php HTTP/1.1" 200 5942 "-" "Jetpack/12.5; WordPress/6.1; http://site12861697.com"
50.7.86.141 - - [21/Sep/2026:14:34:22 +0200] "POST /xmlrpc.php HTTP/1.1" 200 5942 "-" "Jetpack by WordPress.com"
49.36.210.36 - - [21/Sep/2026:14:34:32 +0200] "POST /xmlrpc.php HTTP/1.1" 200 5942 "-" "Jetpack/12.5; WordPress/6.2; http://site83286678.com"
50.7.86.141 - - [21/Sep/2026:14:34:33 +0200] "POST /xmlrpc.php HTTP/1.1" 200 5942 "-" "Jetpack/12.5; WordPress/6.3; http://site36438813.com"
49.36.210.36 - - [21/Sep/2026:14:34:43 +0200] "POST /xmlrpc.php HTTP/1.1" 200 5942 "-" "Jetpack/12.5; WordPress/6.2; http://site26529707.com"
50.7.86.141 - - [21/Sep/2026:14:34:43 +0200] "POST /xmlrpc.php HTTP/1.1" 200 5942 "-" "Jetpack/12.5; WordPress/6.1; http://site72815781.com"
49.36.210.36 - - [21/Sep/2026:14:34:53 +0200] "POST /xmlrpc.php HTTP/1.1" 200 5942 "-" "Jetpack by WordPress.com (Jetpack 12.5; WordPress 6.3)"
50.7.86.141 - - [21/Sep/2026:14:34:54 +0200] "POST /xmlrpc.php HTTP/1.1" 200 5942 "-" "WordPress.com; https://wordpress.com"
49.36.210.36 - - [21/Sep/2026:14:35:04 +0200] "POST /xmlrpc.php HTTP/1.1" 200 5942 "-" "Jetpack by WordPress.com (Jetpack 12.1; WordPress 6.4)"
50.7.86.141 - - [21/Sep/2026:14:35:05 +0200] "POST /xmlrpc.php HTTP/1.1" 200 5942 "-" "Jetpack by WordPress.com"
49.36.210.36 - - [21/Sep/2026:14:35:15 +0200] "POST /xmlrpc.php HTTP/1.1" 200 5942 "-" "WordPress.com; https://wordpress.com"
50.7.86.141 - - [21/Sep/2026:14:35:15 +0200] "POST /xmlrpc.php HTTP/1.1" 200 5942 "-" "Jetpack by WordPress.com (Jetpack 12.0; WordPress 6.2)"
49.36.210.36 - - [21/Sep/2026:14:35:26 +0200] "POST /xmlrpc.php HTTP/1.1" 200 5942 "-" "Jetpack by WordPress.com"
50.7.86.141 - - [21/Sep/2026:14:35:26 +0200] "POST /xmlrpc.php HTTP/1.1" 200 5942 "-" "Jetpack by WordPress.com"
50.7.86.141 - - [21/Sep/2026:14:35:37 +0200] "POST /xmlrpc.php HTTP/1.1" 200 5942 "-" "Jetpack by WordPress.com (Jetpack 12.5; WordPress 6.2)"
49.36.210.36 - - [21/Sep/2026:14:35:37 +0200] "POST /xmlrpc.php HTTP/1.1" 200 5942 "-" "WordPress.com; https://wordpress.com"
49.36.210.36 - - [21/Sep/2026:14:35:47 +0200] "POST /xmlrpc.php HTTP/1.1" 200 5942 "-" "WordPress.com; https://wordpress.com"
89.248.107.232 - - [21/Sep/2026:14:35:48 +0200] "POST /wp-cron.php?doing_wp_cron=1789994148.3175539970397949218750 HTTP/1.1" 200 5547 "https://marenostrumingenieros.com/wp-cron.php?doing_wp_cron=1789994148.3175539970397949218750" "WordPress/6.1.13; https://marenostrumingenieros.com"
50.7.86.141 - - [21/Sep/2026:14:35:47 +0200] "POST /xmlrpc.php HTTP/1.1" 200 5942 "-" "Jetpack/12.1; WordPress/6.4; http://site40063258.com"
50.7.86.141 - - [21/Sep/2026:14:35:58 +0200] "POST /xmlrpc.php HTTP/1.1" 200 5942 "-" "Jetpack by WordPress.com"
49.36.210.36 - - [21/Sep/2026:14:35:58 +0200] "POST /xmlrpc.php HTTP/1.1" 200 5942 "-" "Jetpack by WordPress.com"
50.7.86.141 - - [21/Sep/2026:14:36:09 +0200] "POST /xmlrpc.php HTTP/1.1" 200 5942 "-" "Jetpack by WordPress.com"
49.36.210.36 - - [21/Sep/2026:14:36:09 +0200] "POST /xmlrpc.php HTTP/1.1" 200 5942 "-" "Jetpack by WordPress.com"
50.7.86.141 - - [21/Sep/2026:14:36:19 +0200] "POST /xmlrpc.php HTTP/1.1" 200 5942 "-" "WordPress.com; https://wordpress.com"
49.36.210.36 - - [21/Sep/2026:14:36:20 +0200] "POST /xmlrpc.php HTTP/1.1" 200 5942 "-" "Jetpack by WordPress.com (Jetpack 12.0; WordPress 6.1)"
50.7.86.141 - - [21/Sep/2026:14:36:30 +0200] "POST /xmlrpc.php HTTP/1.1" 200 5942 "-" "WordPress.com; https://wordpress.com"
49.36.210.36 - - [21/Sep/2026:14:36:31 +0200] "POST /xmlrpc.php HTTP/1.1" 200 5942 "-" "Jetpack/12.1; WordPress/6.1; http://site32919829.com"
50.7.86.141 - - [21/Sep/2026:14:36:40 +0200] "POST /xmlrpc.php HTTP/1.1" 200 5942 "-" "WordPress.com; https://wordpress.com"
49.36.210.36 - - [21/Sep/2026:14:36:41 +0200] "POST /xmlrpc.php HTTP/1.1" 200 5942 "-" "Jetpack by WordPress.com"
50.7.86.141 - - [21/Sep/2026:14:36:51 +0200] "POST /xmlrpc.php HTTP/1.1" 200 5942 "-" "WordPress.com; https://wordpress.com"
49.36.210.36 - - [21/Sep/2026:14:36:52 +0200] "POST /xmlrpc.php HTTP/1.1" 200 5942 "-" "Jetpack by WordPress.com (Jetpack 12.1; WordPress 6.3)"
50.7.86.141 - - [21/Sep/2026:14:37:02 +0200] "POST /xmlrpc.php HTTP/1.1" 200 5942 "-" "Jetpack by WordPress.com"
49.36.210.36 - - [21/Sep/2026:14:37:03 +0200] "POST /xmlrpc.php HTTP/1.1" 200 5942 "-" "Jetpack by WordPress.com (Jetpack 12.1; WordPress 6.2)"
50.7.86.141 - - [21/Sep/2026:14:37:12 +0200] "POST /xmlrpc.php HTTP/1.1" 200 5942 "-" "Jetpack by WordPress.com"
49.36.210.36 - - [21/Sep/2026:14:37:14 +0200] "POST /xmlrpc.php HTTP/1.1" 200 5942 "-" "Jetpack by WordPress.com (Jetpack 12.0; WordPress 6.1)"
66.249.64.160 - - [21/Sep/2026:14:37:16 +0200] "GET /robots.txt HTTP/1.1" 200 5766 "-" "Mozilla/5.0 (compatible; Googlebot/2.1; +http://www.google.com/bot.html)"
66.249.64.160 - - [21/Sep/2026:14:37:17 +0200] "GET /jds_categories/edificacion/ HTTP/1.1" 200 38963 "-" "Mozilla/5.0 (Linux; Android 6.0.1; Nexus 5X Build/MMB29P) AppleWebKit/537.36 (KHTML, like Gecko) Chrome/153.0.8010.47 Mobile Safari/537.36 (compatible; Googlebot/2.1; +http://www.google.com/bot.html)"
50.7.86.141 - - [21/Sep/2026:14:37:23 +0200] "POST /xmlrpc.php HTTP/1.1" 200 5942 "-" "Jetpack by WordPress.com"
49.36.210.36 - - [21/Sep/2026:14:37:25 +0200] "POST /xmlrpc.php HTTP/1.1" 200 5942 "-" "Jetpack by WordPress.com (Jetpack 12.0; WordPress 6.2)"
157.55.39.54 - - [21/Sep/2026:14:37:28 +0200] "GET /?w=citro%C3%ABn-c3-aircross-anomalia-no-sistema-antipolui%C3%A7%C3%A3o-citroen-tiktok-oo-MMr6Dzse HTTP/1.1" 301 5670 "-" "Mozilla/5.0 AppleWebKit/537.36 (KHTML, like Gecko; compatible; bingbot/2.0; +http://www.bing.com/bingbot.htm) Chrome/116.0.1938.76 Safari/537.36"
50.7.86.141 - - [21/Sep/2026:14:37:34 +0200] "POST /xmlrpc.php HTTP/1.1" 200 5942 "-" "Jetpack by WordPress.com (Jetpack 12.0; WordPress 6.2)"
49.36.210.36 - - [21/Sep/2026:14:37:35 +0200] "POST /xmlrpc.php HTTP/1.1" 200 5942 "-" "Jetpack by WordPress.com"
207.46.13.151 - - [21/Sep/2026:14:37:38 +0200] "GET /?w=citro%C3%ABn-c3-aircross-anomalia-no-sistema-antipolui%C3%A7%C3%A3o-citroen-tiktok-oo-MMr6Dzse HTTP/1.1" 200 52584 "-" "Mozilla/5.0 AppleWebKit/537.36 (KHTML, like Gecko; compatible; bingbot/2.0; +http://www.bing.com/bingbot.htm) Chrome/116.0.1938.76 Safari/537.36"
50.7.86.141 - - [21/Sep/2026:14:37:44 +0200] "POST /xmlrpc.php HTTP/1.1" 200 5942 "-" "Jetpack by WordPress.com (Jetpack 12.0; WordPress 6.1)"
49.36.210.36 - - [21/Sep/2026:14:37:46 +0200] "POST /xmlrpc.php HTTP/1.1" 200 5942 "-" "Jetpack by WordPress.com"
50.7.86.141 - - [21/Sep/2026:14:37:55 +0200] "POST /xmlrpc.php HTTP/1.1" 200 5942 "-" "Jetpack by WordPress.com (Jetpack 12.1; WordPress 6.2)"
49.36.210.36 - - [21/Sep/2026:14:37:57 +0200] "POST /xmlrpc.php HTTP/1.1" 200 5942 "-" "Jetpack by WordPress.com"
50.7.86.141 - - [21/Sep/2026:14:38:05 +0200] "POST /xmlrpc.php HTTP/1.1" 200 5942 "-" "WordPress.com; https://wordpress.com"
49.36.210.36 - - [21/Sep/2026:14:38:08 +0200] "POST /xmlrpc.php HTTP/1.1" 200 5942 "-" "Jetpack by WordPress.com"
50.7.86.141 - - [21/Sep/2026:14:38:16 +0200] "POST /xmlrpc.php HTTP/1.1" 200 5942 "-" "Jetpack by WordPress.com (Jetpack 12.5; WordPress 6.2)"
49.36.210.36 - - [21/Sep/2026:14:38:18 +0200] "POST /xmlrpc.php HTTP/1.1" 200 5942 "-" "Jetpack by WordPress.com (Jetpack 12.5; WordPress 6.1)"
50.7.86.141 - - [21/Sep/2026:14:38:27 +0200] "POST /xmlrpc.php HTTP/1.1" 200 5942 "-" "Jetpack by WordPress.com (Jetpack 13.0; WordPress 6.3)"
49.36.210.36 - - [21/Sep/2026:14:38:29 +0200] "POST /xmlrpc.php HTTP/1.1" 200 5942 "-" "Jetpack by WordPress.com"
50.7.86.141 - - [21/Sep/2026:14:38:37 +0200] "POST /xmlrpc.php HTTP/1.1" 200 5942 "-" "WordPress.com; https://wordpress.com"
49.36.210.36 - - [21/Sep/2026:14:38:40 +0200] "POST /xmlrpc.php HTTP/1.1" 200 5942 "-" "WordPress.com; https://wordpress.com"
50.7.86.141 - - [21/Sep/2026:14:38:48 +0200] "POST /xmlrpc.php HTTP/1.1" 200 5942 "-" "WordPress.com; https://wordpress.com"
49.36.210.36 - - [21/Sep/2026:14:38:51 +0200] "POST /xmlrpc.php HTTP/1.1" 200 5942 "-" "Jetpack by WordPress.com (Jetpack 12.0; WordPress 6.3)"
50.7.86.141 - - [21/Sep/2026:14:38:58 +0200] "POST /xmlrpc.php HTTP/1.1" 200 5942 "-" "Jetpack/12.5; WordPress/6.3; http://site98901600.com"
49.36.210.36 - - [21/Sep/2026:14:39:01 +0200] "POST /xmlrpc.php HTTP/1.1" 200 5942 "-" "Jetpack by WordPress.com (Jetpack 13.0; WordPress 6.1)"
157.55.39.54 - - [21/Sep/2026:14:39:08 +0200] "GET /?w=buy-live-moss-sampler-terrarium-moss-assortment-varieties-online-oo-openkYin HTTP/1.1" 301 5652 "-" "Mozilla/5.0 AppleWebKit/537.36 (KHTML, like Gecko; compatible; bingbot/2.0; +http://www.bing.com/bingbot.htm) Chrome/116.0.1938.76 Safari/537.36"
50.7.86.141 - - [21/Sep/2026:14:39:09 +0200] "POST /xmlrpc.php HTTP/1.1" 200 5942 "-" "Jetpack/12.0; WordPress/6.4; http://site49491129.com"
49.36.210.36 - - [21/Sep/2026:14:39:12 +0200] "POST /xmlrpc.php HTTP/1.1" 200 5942 "-" "WordPress.com; https://wordpress.com"
207.46.13.151 - - [21/Sep/2026:14:39:18 +0200] "GET /?w=buy-live-moss-sampler-terrarium-moss-assortment-varieties-online-oo-openkYin HTTP/1.1" 200 52566 "-" "Mozilla/5.0 AppleWebKit/537.36 (KHTML, like Gecko; compatible; bingbot/2.0; +http://www.bing.com/bingbot.htm) Chrome/116.0.1938.76 Safari/537.36"
50.7.86.141 - - [21/Sep/2026:14:39:20 +0200] "POST /xmlrpc.php HTTP/1.1" 200 5942 "-" "Jetpack by WordPress.com"
49.36.210.36 - - [21/Sep/2026:14:39:23 +0200] "POST /xmlrpc.php HTTP/1.1" 200 5942 "-" "Jetpack by WordPress.com (Jetpack 13.0; WordPress 6.2)"
50.7.86.141 - - [21/Sep/2026:14:39:30 +0200] "POST /xmlrpc.php HTTP/1.1" 200 5942 "-" "Jetpack/12.5; WordPress/6.1; http://site20122607.com"
49.36.210.36 - - [21/Sep/2026:14:39:34 +0200] "POST /xmlrpc.php HTTP/1.1" 200 5942 "-" "WordPress.com; https://wordpress.com"
50.7.86.141 - - [21/Sep/2026:14:39:41 +0200] "POST /xmlrpc.php HTTP/1.1" 200 5942 "-" "Jetpack by WordPress.com (Jetpack 12.5; WordPress 6.2)"
49.36.210.36 - - [21/Sep/2026:14:39:44 +0200] "POST /xmlrpc.php HTTP/1.1" 200 5942 "-" "WordPress.com; https://wordpress.com"
50.7.86.141 - - [21/Sep/2026:14:39:51 +0200] "POST /xmlrpc.php HTTP/1.1" 200 5942 "-" "Jetpack by WordPress.com (Jetpack 12.0; WordPress 6.2)"
49.36.210.36 - - [21/Sep/2026:14:39:55 +0200] "POST /xmlrpc.php HTTP/1.1" 200 5942 "-" "Jetpack by WordPress.com"
157.55.39.54 - - [21/Sep/2026:14:39:55 +0200] "GET /?w=prissa-gourmet-xalapa-si-deseas-el-mejor-servicio-y-oo-59B69eSb HTTP/1.1" 301 5639 "-" "Mozilla/5.0 AppleWebKit/537.36 (KHTML, like Gecko; compatible; bingbot/2.0; +http://www.bing.com/bingbot.htm) Chrome/116.0.1938.76 Safari/537.36"
207.46.13.151 - - [21/Sep/2026:14:39:58 +0200] "GET /?w=prissa-gourmet-xalapa-si-deseas-el-mejor-servicio-y-oo-59B69eSb HTTP/1.1" 200 52553 "-" "Mozilla/5.0 AppleWebKit/537.36 (KHTML, like Gecko; compatible; bingbot/2.0; +http://www.bing.com/bingbot.htm) Chrome/116.0.1938.76 Safari/537.36"
103.209.64.41 - - [21/Sep/2026:14:40:01 +0200] "POST /xmlrpc.php HTTP/1.1" 200 5942 "-" "Jetpack/12.0; WordPress/6.2; http://site81691730.com"
50.7.86.141 - - [21/Sep/2026:14:40:02 +0200] "POST /xmlrpc.php HTTP/1.1" 200 5942 "-" "Jetpack/12.0; WordPress/6.1; http://site54980873.com"
49.36.210.36 - - [21/Sep/2026:14:40:06 +0200] "POST /xmlrpc.php HTTP/1.1" 200 5942 "-" "Jetpack/13.0; WordPress/6.1; http://site44862266.com"
103.209.64.41 - - [21/Sep/2026:14:40:12 +0200] "POST /xmlrpc.php HTTP/1.1" 200 5942 "-" "WordPress.com; https://wordpress.com"
50.7.86.141 - - [21/Sep/2026:14:40:13 +0200] "POST /xmlrpc.php HTTP/1.1" 200 5942 "-" "Jetpack/12.1; WordPress/6.2; http://site34855453.com"
49.36.210.36 - - [21/Sep/2026:14:40:17 +0200] "POST /xmlrpc.php HTTP/1.1" 200 5942 "-" "Jetpack by WordPress.com (Jetpack 13.0; WordPress 6.4)"
50.7.86.141 - - [21/Sep/2026:14:40:23 +0200] "POST /xmlrpc.php HTTP/1.1" 200 5942 "-" "Jetpack by WordPress.com"
40.77.167.4 - - [21/Sep/2026:14:40:27 +0200] "GET /?w=tv3-ghana-waakye-in-leaves-or-waakye-in-pack-oo-jbpaNZCo HTTP/1.1" 301 5632 "-" "Mozilla/5.0 AppleWebKit/537.36 (KHTML, like Gecko; compatible; bingbot/2.0; +http://www.bing.com/bingbot.htm) Chrome/116.0.1938.76 Safari/537.36"
49.36.210.36 - - [21/Sep/2026:14:40:27 +0200] "POST /xmlrpc.php HTTP/1.1" 200 5942 "-" "WordPress.com; https://wordpress.com"
50.7.86.141 - - [21/Sep/2026:14:40:34 +0200] "POST /xmlrpc.php HTTP/1.1" 200 5942 "-" "Jetpack by WordPress.com (Jetpack 12.1; WordPress 6.3)"
40.77.167.7 - - [21/Sep/2026:14:40:37 +0200] "GET /?w=tv3-ghana-waakye-in-leaves-or-waakye-in-pack-oo-jbpaNZCo HTTP/1.1" 200 52546 "-" "Mozilla/5.0 AppleWebKit/537.36 (KHTML, like Gecko; compatible; bingbot/2.0; +http://www.bing.com/bingbot.htm) Chrome/116.0.1938.76 Safari/537.36"
49.36.210.36 - - [21/Sep/2026:14:40:38 +0200] "POST /xmlrpc.php HTTP/1.1" 200 5942 "-" "WordPress.com; https://wordpress.com"
50.7.86.141 - - [21/Sep/2026:14:40:44 +0200] "POST /xmlrpc.php HTTP/1.1" 200 5942 "-" "Jetpack by WordPress.com"
49.36.210.36 - - [21/Sep/2026:14:40:49 +0200] "POST /xmlrpc.php HTTP/1.1" 200 5942 "-" "Jetpack by WordPress.com (Jetpack 12.5; WordPress 6.1)"
50.7.86.141 - - [21/Sep/2026:14:40:55 +0200] "POST /xmlrpc.php HTTP/1.1" 200 5942 "-" "Jetpack/12.5; WordPress/6.1; http://site56084893.com"
49.36.210.36 - - [21/Sep/2026:14:41:00 +0200] "POST /xmlrpc.php HTTP/1.1" 200 5942 "-" "WordPress.com; https://wordpress.com"
50.7.86.141 - - [21/Sep/2026:14:41:06 +0200] "POST /xmlrpc.php HTTP/1.1" 200 5942 "-" "Jetpack/12.5; WordPress/6.2; http://site69551508.com"
49.36.210.36 - - [21/Sep/2026:14:41:10 +0200] "POST /xmlrpc.php HTTP/1.1" 200 5942 "-" "Jetpack/13.0; WordPress/6.3; http://site82022636.com"
50.7.86.141 - - [21/Sep/2026:14:41:16 +0200] "POST /xmlrpc.php HTTP/1.1" 200 5942 "-" "Jetpack by WordPress.com (Jetpack 12.1; WordPress 6.2)"
49.36.210.36 - - [21/Sep/2026:14:41:21 +0200] "POST /xmlrpc.php HTTP/1.1" 200 5942 "-" "WordPress.com; https://wordpress.com"
50.7.86.141 - - [21/Sep/2026:14:41:27 +0200] "POST /xmlrpc.php HTTP/1.1" 200 5942 "-" "Jetpack/13.0; WordPress/6.3; http://site57275358.com"
49.36.210.36 - - [21/Sep/2026:14:41:32 +0200] "POST /xmlrpc.php HTTP/1.1" 200 5942 "-" "Jetpack/12.0; WordPress/6.2; http://site38387279.com"
50.7.86.141 - - [21/Sep/2026:14:41:37 +0200] "POST /xmlrpc.php HTTP/1.1" 200 5942 "-" "WordPress.com; https://wordpress.com"
49.36.210.36 - - [21/Sep/2026:14:41:43 +0200] "POST /xmlrpc.php HTTP/1.1" 200 5942 "-" "Jetpack/12.5; WordPress/6.3; http://site82035948.com"
50.7.86.141 - - [21/Sep/2026:14:41:48 +0200] "POST /xmlrpc.php HTTP/1.1" 200 5942 "-" "Jetpack by WordPress.com (Jetpack 12.5; WordPress 6.1)"
49.36.210.36 - - [21/Sep/2026:14:41:53 +0200] "POST /xmlrpc.php HTTP/1.1" 200 5942 "-" "WordPress.com; https://wordpress.com"
50.7.86.141 - - [21/Sep/2026:14:41:59 +0200] "POST /xmlrpc.php HTTP/1.1" 200 5942 "-" "Jetpack by WordPress.com (Jetpack 12.0; WordPress 6.4)"
49.36.210.36 - - [21/Sep/2026:14:42:04 +0200] "POST /xmlrpc.php HTTP/1.1" 200 5942 "-" "WordPress.com; https://wordpress.com"
50.7.86.141 - - [21/Sep/2026:14:42:09 +0200] "POST /xmlrpc.php HTTP/1.1" 200 5942 "-" "Jetpack/12.5; WordPress/6.3; http://site30878810.com"
49.36.210.36 - - [21/Sep/2026:14:42:15 +0200] "POST /xmlrpc.php HTTP/1.1" 200 5942 "-" "Jetpack/12.5; WordPress/6.2; http://site34588259.com"
50.7.86.141 - - [21/Sep/2026:14:42:20 +0200] "POST /xmlrpc.php HTTP/1.1" 200 5942 "-" "Jetpack by WordPress.com"
49.36.210.36 - - [21/Sep/2026:14:42:26 +0200] "POST /xmlrpc.php HTTP/1.1" 200 5942 "-" "Jetpack/12.1; WordPress/6.4; http://site35307671.com"
50.7.86.141 - - [21/Sep/2026:14:42:30 +0200] "POST /xmlrpc.php HTTP/1.1" 200 5942 "-" "Jetpack by WordPress.com"
49.36.210.36 - - [21/Sep/2026:14:42:37 +0200] "POST /xmlrpc.php HTTP/1.1" 200 5942 "-" "Jetpack by WordPress.com"
50.7.86.141 - - [21/Sep/2026:14:42:41 +0200] "POST /xmlrpc.php HTTP/1.1" 200 5942 "-" "WordPress.com; https://wordpress.com"
49.36.210.36 - - [21/Sep/2026:14:42:47 +0200] "POST /xmlrpc.php HTTP/1.1" 200 5942 "-" "Jetpack/12.1; WordPress/6.1; http://site10569418.com"
50.7.86.141 - - [21/Sep/2026:14:42:51 +0200] "POST /xmlrpc.php HTTP/1.1" 200 5942 "-" "WordPress.com; https://wordpress.com"
49.36.210.36 - - [21/Sep/2026:14:42:58 +0200] "POST /xmlrpc.php HTTP/1.1" 200 5942 "-" "Jetpack/12.1; WordPress/6.2; http://site92273776.com"
50.7.86.141 - - [21/Sep/2026:14:43:02 +0200] "POST /xmlrpc.php HTTP/1.1" 200 5942 "-" "Jetpack/13.0; WordPress/6.1; http://site46602393.com"
49.36.210.36 - - [21/Sep/2026:14:43:09 +0200] "POST /xmlrpc.php HTTP/1.1" 200 5942 "-" "WordPress.com; https://wordpress.com"
50.7.86.141 - - [21/Sep/2026:14:43:13 +0200] "POST /xmlrpc.php HTTP/1.1" 200 5942 "-" "Jetpack by WordPress.com (Jetpack 12.5; WordPress 6.2)"
49.36.210.36 - - [21/Sep/2026:14:43:19 +0200] "POST /xmlrpc.php HTTP/1.1" 200 5942 "-" "Jetpack/12.5; WordPress/6.3; http://site72564553.com"
50.7.86.141 - - [21/Sep/2026:14:43:23 +0200] "POST /xmlrpc.php HTTP/1.1" 200 5942 "-" "Jetpack by WordPress.com (Jetpack 12.0; WordPress 6.3)"
49.36.210.36 - - [21/Sep/2026:14:43:30 +0200] "POST /xmlrpc.php HTTP/1.1" 200 5942 "-" "WordPress.com; https://wordpress.com"
50.7.86.141 - - [21/Sep/2026:14:43:34 +0200] "POST /xmlrpc.php HTTP/1.1" 200 5942 "-" "Jetpack by WordPress.com"
49.36.210.36 - - [21/Sep/2026:14:43:41 +0200] "POST /xmlrpc.php HTTP/1.1" 200 5942 "-" "Jetpack by WordPress.com"
50.7.86.141 - - [21/Sep/2026:14:43:45 +0200] "POST /xmlrpc.php HTTP/1.1" 200 5942 "-" "Jetpack by WordPress.com (Jetpack 13.0; WordPress 6.4)"
49.36.210.36 - - [21/Sep/2026:14:43:51 +0200] "POST /xmlrpc.php HTTP/1.1" 200 5942 "-" "Jetpack by WordPress.com"
50.7.86.141 - - [21/Sep/2026:14:43:55 +0200] "POST /xmlrpc.php HTTP/1.1" 200 5942 "-" "Jetpack/13.0; WordPress/6.1; http://site87300470.com"
49.36.210.36 - - [21/Sep/2026:14:44:02 +0200] "POST /xmlrpc.php HTTP/1.1" 200 5942 "-" "Jetpack by WordPress.com"
50.7.86.141 - - [21/Sep/2026:14:44:06 +0200] "POST /xmlrpc.php HTTP/1.1" 200 5942 "-" "Jetpack by WordPress.com"
49.36.210.36 - - [21/Sep/2026:14:44:13 +0200] "POST /xmlrpc.php HTTP/1.1" 200 5942 "-" "Jetpack/12.1; WordPress/6.1; http://site32375376.com"
50.7.86.141 - - [21/Sep/2026:14:44:16 +0200] "POST /xmlrpc.php HTTP/1.1" 200 5942 "-" "Jetpack by WordPress.com"
49.36.210.36 - - [21/Sep/2026:14:44:23 +0200] "POST /xmlrpc.php HTTP/1.1" 200 5942 "-" "Jetpack/12.0; WordPress/6.1; http://site84041813.com"
50.7.86.141 - - [21/Sep/2026:14:44:27 +0200] "POST /xmlrpc.php HTTP/1.1" 200 5942 "-" "Jetpack/12.1; WordPress/6.1; http://site69703065.com"
49.36.210.36 - - [21/Sep/2026:14:44:34 +0200] "POST /xmlrpc.php HTTP/1.1" 200 5942 "-" "WordPress.com; https://wordpress.com"
50.7.86.141 - - [21/Sep/2026:14:44:38 +0200] "POST /xmlrpc.php HTTP/1.1" 200 5942 "-" "Jetpack by WordPress.com (Jetpack 13.0; WordPress 6.1)"
49.36.210.36 - - [21/Sep/2026:14:44:45 +0200] "POST /xmlrpc.php HTTP/1.1" 200 5942 "-" "WordPress.com; https://wordpress.com"
50.7.86.141 - - [21/Sep/2026:14:44:48 +0200] "POST /xmlrpc.php HTTP/1.1" 200 5942 "-" "WordPress.com; https://wordpress.com"
49.36.210.36 - - [21/Sep/2026:14:44:56 +0200] "POST /xmlrpc.php HTTP/1.1" 200 5942 "-" "Jetpack by WordPress.com (Jetpack 12.0; WordPress 6.4)"
50.7.86.141 - - [21/Sep/2026:14:44:59 +0200] "POST /xmlrpc.php HTTP/1.1" 200 5942 "-" "WordPress.com; https://wordpress.com"
49.36.210.36 - - [21/Sep/2026:14:45:06 +0200] "POST /xmlrpc.php HTTP/1.1" 200 5942 "-" "Jetpack/12.5; WordPress/6.3; http://site51583958.com"
50.7.86.141 - - [21/Sep/2026:14:45:10 +0200] "POST /xmlrpc.php HTTP/1.1" 200 5942 "-" "Jetpack/12.1; WordPress/6.3; http://site11111478.com"
