51.223.90.133 - - [21/Sep/2026:08:42:36 +0200] "POST /xmlrpc.php HTTP/1.1" 200 564623 "-" "Jetpack/12.0; WordPress/6.2; http://site75710014.com"
171.76.107.79 - - [21/Sep/2026:08:42:40 +0200] "POST /xmlrpc.php HTTP/1.1" 200 564639 "-" "Jetpack by WordPress.com (Jetpack 12.1; WordPress 6.2)"
51.223.90.133 - - [21/Sep/2026:08:42:47 +0200] "POST /xmlrpc.php HTTP/1.1" 200 564655 "-" "Jetpack by WordPress.com"
171.76.107.79 - - [21/Sep/2026:08:42:51 +0200] "POST /xmlrpc.php HTTP/1.1" 200 564623 "-" "WordPress.com; https://wordpress.com"
51.223.90.133 - - [21/Sep/2026:08:42:58 +0200] "POST /xmlrpc.php HTTP/1.1" 200 564655 "-" "Jetpack by WordPress.com"
171.76.107.79 - - [21/Sep/2026:08:43:02 +0200] "POST /xmlrpc.php HTTP/1.1" 200 564655 "-" "Jetpack/13.0; WordPress/6.1; http://site26480697.com"
51.223.90.133 - - [21/Sep/2026:08:43:08 +0200] "POST /xmlrpc.php HTTP/1.1" 200 564655 "-" "Jetpack/12.0; WordPress/6.1; http://site73381188.com"
171.76.107.79 - - [21/Sep/2026:08:43:12 +0200] "POST /xmlrpc.php HTTP/1.1" 200 564655 "-" "WordPress.com; https://wordpress.com"
51.223.90.133 - - [21/Sep/2026:08:43:19 +0200] "POST /xmlrpc.php HTTP/1.1" 200 564655 "-" "Jetpack by WordPress.com"
171.76.107.79 - - [21/Sep/2026:08:43:23 +0200] "POST /xmlrpc.php HTTP/1.1" 200 564639 "-" "Jetpack by WordPress.com (Jetpack 13.0; WordPress 6.4)"
51.223.90.133 - - [21/Sep/2026:08:43:30 +0200] "POST /xmlrpc.php HTTP/1.1" 200 564639 "-" "Jetpack by WordPress.com"
171.76.107.79 - - [21/Sep/2026:08:43:33 +0200] "POST /xmlrpc.php HTTP/1.1" 200 564623 "-" "Jetpack by WordPress.com (Jetpack 12.0; WordPress 6.4)"
51.223.90.133 - - [21/Sep/2026:08:43:40 +0200] "POST /xmlrpc.php HTTP/1.1" 200 564639 "-" "Jetpack by WordPress.com"
171.76.107.79 - - [21/Sep/2026:08:43:44 +0200] "POST /xmlrpc.php HTTP/1.1" 200 564639 "-" "Jetpack by WordPress.com"
51.223.90.133 - - [21/Sep/2026:08:43:51 +0200] "POST /xmlrpc.php HTTP/1.1" 200 564623 "-" "Jetpack by WordPress.com (Jetpack 13.0; WordPress 6.1)"
171.76.107.79 - - [21/Sep/2026:08:43:55 +0200] "POST /xmlrpc.php HTTP/1.1" 200 564639 "-" "Jetpack/12.1; WordPress/6.3; http://site32494505.com"
51.223.90.133 - - [21/Sep/2026:08:44:02 +0200] "POST /xmlrpc.php HTTP/1.1" 200 564623 "-" "Jetpack/12.0; WordPress/6.3; http://site68801606.com"
171.76.107.79 - - [21/Sep/2026:08:44:05 +0200] "POST /xmlrpc.php HTTP/1.1" 200 564639 "-" "Jetpack/12.1; WordPress/6.1; http://site98230562.com"
54.36.150.170 - - [21/Sep/2026:08:44:09 +0200] "GET /5c2jjevch.html HTTP/1.1" 404 6479 "-" "Mozilla/5.0 (compatible; HaloBot/1.0)"
51.223.90.133 - - [21/Sep/2026:08:44:12 +0200] "POST /xmlrpc.php HTTP/1.1" 200 564639 "-" "Jetpack by WordPress.com"
171.76.107.79 - - [21/Sep/2026:08:44:16 +0200] "POST /xmlrpc.php HTTP/1.1" 200 564639 "-" "WordPress.com; https://wordpress.com"
116.179.32.76 - - [21/Sep/2026:08:44:22 +0200] "GET /wp-json/wp/v2/pages/694?lokasie=/var/www/vhosts/seg-sa.es/serinco.es/wp-class-script.php&loknya=/var/www/vhosts/seg-sa.es/serinco.es HTTP/1.1" 404 6495 "-" "Mozilla/5.0 (compatible; Baiduspider/2.0; +http://www.baidu.com/search/spider.html)"
220.181.108.165 - - [21/Sep/2026:08:44:23 +0200] "GET /wp-json/wp/v2/pages/694?lokasie=/var/www/vhosts/seg-sa.es/serinco.es/wp-class-revision.php&loknya=/var/www/vhosts/seg-sa.es/serinco.es HTTP/1.1" 404 6479 "-" "Mozilla/5.0 (compatible; Baiduspider/2.0; +http://www.baidu.com/search/spider.html)"
51.223.90.133 - - [21/Sep/2026:08:44:23 +0200] "POST /xmlrpc.php HTTP/1.1" 200 564639 "-" "Jetpack/12.1; WordPress/6.1; http://site79982916.com"
171.76.107.79 - - [21/Sep/2026:08:44:27 +0200] "POST /xmlrpc.php HTTP/1.1" 200 564639 "-" "Jetpack by WordPress.com"
51.223.90.133 - - [21/Sep/2026:08:44:34 +0200] "POST /xmlrpc.php HTTP/1.1" 200 564639 "-" "Jetpack by WordPress.com"
171.76.107.79 - - [21/Sep/2026:08:44:37 +0200] "POST /xmlrpc.php HTTP/1.1" 200 564623 "-" "Jetpack by WordPress.com"
51.223.90.133 - - [21/Sep/2026:08:44:44 +0200] "POST /xmlrpc.php HTTP/1.1" 200 564639 "-" "WordPress.com; https://wordpress.com"
171.76.107.79 - - [21/Sep/2026:08:44:48 +0200] "POST /xmlrpc.php HTTP/1.1" 200 564655 "-" "Jetpack by WordPress.com"
51.223.90.133 - - [21/Sep/2026:08:44:55 +0200] "POST /xmlrpc.php HTTP/1.1" 200 564623 "-" "Jetpack by WordPress.com"
171.76.107.79 - - [21/Sep/2026:08:44:59 +0200] "POST /xmlrpc.php HTTP/1.1" 200 564623 "-" "WordPress.com; https://wordpress.com"
51.223.90.133 - - [21/Sep/2026:08:45:05 +0200] "POST /xmlrpc.php HTTP/1.1" 200 564655 "-" "Jetpack by WordPress.com"
171.76.107.79 - - [21/Sep/2026:08:45:09 +0200] "POST /xmlrpc.php HTTP/1.1" 200 564639 "-" "WordPress.com; https://wordpress.com"
51.223.90.133 - - [21/Sep/2026:08:45:16 +0200] "POST /xmlrpc.php HTTP/1.1" 200 564623 "-" "WordPress.com; https://wordpress.com"
171.76.107.79 - - [21/Sep/2026:08:45:20 +0200] "POST /xmlrpc.php HTTP/1.1" 200 564639 "-" "WordPress.com; https://wordpress.com"
51.223.90.133 - - [21/Sep/2026:08:45:27 +0200] "POST /xmlrpc.php HTTP/1.1" 200 564623 "-" "Jetpack/12.0; WordPress/6.1; http://site84311907.com"
171.76.107.79 - - [21/Sep/2026:08:45:31 +0200] "POST /xmlrpc.php HTTP/1.1" 200 564623 "-" "Jetpack by WordPress.com (Jetpack 12.0; WordPress 6.3)"
51.223.90.133 - - [21/Sep/2026:08:45:40 +0200] "POST /xmlrpc.php HTTP/1.1" 200 564639 "-" "Jetpack by WordPress.com (Jetpack 12.5; WordPress 6.2)"
171.76.107.79 - - [21/Sep/2026:08:45:41 +0200] "POST /xmlrpc.php HTTP/1.1" 200 564623 "-" "WordPress.com; https://wordpress.com"
51.223.90.133 - - [21/Sep/2026:08:45:51 +0200] "POST /xmlrpc.php HTTP/1.1" 200 564623 "-" "Jetpack by WordPress.com (Jetpack 12.1; WordPress 6.1)"
171.76.107.79 - - [21/Sep/2026:08:45:52 +0200] "POST /xmlrpc.php HTTP/1.1" 200 564655 "-" "Jetpack by WordPress.com (Jetpack 12.5; WordPress 6.3)"
51.223.90.133 - - [21/Sep/2026:08:46:02 +0200] "POST /xmlrpc.php HTTP/1.1" 200 564639 "-" "Jetpack by WordPress.com (Jetpack 12.0; WordPress 6.3)"
171.76.107.79 - - [21/Sep/2026:08:46:03 +0200] "POST /xmlrpc.php HTTP/1.1" 200 564639 "-" "Jetpack by WordPress.com"
51.223.90.133 - - [21/Sep/2026:08:46:12 +0200] "POST /xmlrpc.php HTTP/1.1" 200 564639 "-" "Jetpack by WordPress.com (Jetpack 12.5; WordPress 6.1)"
171.76.107.79 - - [21/Sep/2026:08:46:13 +0200] "POST /xmlrpc.php HTTP/1.1" 200 564639 "-" "WordPress.com; https://wordpress.com"
51.223.90.133 - - [21/Sep/2026:08:46:23 +0200] "POST /xmlrpc.php HTTP/1.1" 200 564623 "-" "Jetpack by WordPress.com"
171.76.107.79 - - [21/Sep/2026:08:46:24 +0200] "POST /xmlrpc.php HTTP/1.1" 200 564639 "-" "Jetpack/13.0; WordPress/6.1; http://site41605515.com"
51.223.90.133 - - [21/Sep/2026:08:46:34 +0200] "POST /xmlrpc.php HTTP/1.1" 200 564655 "-" "Jetpack/12.5; WordPress/6.4; http://site89638917.com"
171.76.107.79 - - [21/Sep/2026:08:46:35 +0200] "POST /xmlrpc.php HTTP/1.1" 200 564655 "-" "Jetpack by WordPress.com"
51.223.90.133 - - [21/Sep/2026:08:46:44 +0200] "POST /xmlrpc.php HTTP/1.1" 200 564639 "-" "Jetpack/12.1; WordPress/6.1; http://site21225139.com"
171.76.107.79 - - [21/Sep/2026:08:46:45 +0200] "POST /xmlrpc.php HTTP/1.1" 200 564639 "-" "Jetpack by WordPress.com"
51.223.90.133 - - [21/Sep/2026:08:46:55 +0200] "POST /xmlrpc.php HTTP/1.1" 200 564623 "-" "Jetpack/12.1; WordPress/6.1; http://site86529124.com"
171.76.107.79 - - [21/Sep/2026:08:46:56 +0200] "POST /xmlrpc.php HTTP/1.1" 200 564623 "-" "Jetpack by WordPress.com"
54.36.150.170 - - [21/Sep/2026:08:47:02 +0200] "GET /po%C3%AAle-jade-m6-boutique-k.html HTTP/1.1" 404 6495 "-" "Mozilla/5.0 (compatible; HaloBot/1.0)"
51.223.90.133 - - [21/Sep/2026:08:47:06 +0200] "POST /xmlrpc.php HTTP/1.1" 200 564639 "-" "Jetpack by WordPress.com (Jetpack 12.1; WordPress 6.4)"
171.76.107.79 - - [21/Sep/2026:08:47:07 +0200] "POST /xmlrpc.php HTTP/1.1" 200 564639 "-" "Jetpack/13.0; WordPress/6.4; http://site39789647.com"
51.223.90.133 - - [21/Sep/2026:08:47:16 +0200] "POST /xmlrpc.php HTTP/1.1" 200 564623 "-" "WordPress.com; https://wordpress.com"
171.76.107.79 - - [21/Sep/2026:08:47:17 +0200] "POST /xmlrpc.php HTTP/1.1" 200 564623 "-" "Jetpack by WordPress.com"
51.223.90.133 - - [21/Sep/2026:08:47:27 +0200] "POST /xmlrpc.php HTTP/1.1" 200 564639 "-" "Jetpack by WordPress.com"
171.76.107.79 - - [21/Sep/2026:08:47:28 +0200] "POST /xmlrpc.php HTTP/1.1" 200 564639 "-" "Jetpack by WordPress.com"
51.223.90.133 - - [21/Sep/2026:08:47:37 +0200] "POST /xmlrpc.php HTTP/1.1" 200 564623 "-" "Jetpack/12.1; WordPress/6.2; http://site34493754.com"
171.76.107.79 - - [21/Sep/2026:08:47:39 +0200] "POST /xmlrpc.php HTTP/1.1" 200 564639 "-" "Jetpack by WordPress.com"
116.179.32.66 - - [21/Sep/2026:08:47:42 +0200] "GET /wp-json/wp/v2/pages/694?lokasie=/var/www/vhosts/seg-sa.es/serinco.es/wp-class-migration.php&loknya=/var/www/vhosts/seg-sa.es/serinco.es HTTP/1.1" 404 6479 "-" "Mozilla/5.0 (compatible; Baiduspider/2.0; +http://www.baidu.com/search/spider.html)"
220.181.108.114 - - [21/Sep/2026:08:47:42 +0200] "GET /wp-json/wp/v2/pages/694?lokasie=/var/www/vhosts/seg-sa.es/serinco.es/wp-frame.php&loknya=/var/www/vhosts/seg-sa.es/serinco.es HTTP/1.1" 404 6479 "-" "Mozilla/5.0 (compatible; Baiduspider/2.0; +http://www.baidu.com/search/spider.html)"
51.223.90.133 - - [21/Sep/2026:08:47:48 +0200] "POST /xmlrpc.php HTTP/1.1" 200 564655 "-" "Jetpack/12.0; WordPress/6.1; http://site25778728.com"
171.76.107.79 - - [21/Sep/2026:08:47:49 +0200] "POST /xmlrpc.php HTTP/1.1" 200 564639 "-" "Jetpack by WordPress.com"
51.223.90.133 - - [21/Sep/2026:08:47:59 +0200] "POST /xmlrpc.php HTTP/1.1" 200 564639 "-" "WordPress.com; https://wordpress.com"
171.76.107.79 - - [21/Sep/2026:08:48:00 +0200] "POST /xmlrpc.php HTTP/1.1" 200 564623 "-" "Jetpack by WordPress.com"
51.223.90.133 - - [21/Sep/2026:08:48:09 +0200] "POST /xmlrpc.php HTTP/1.1" 200 564655 "-" "WordPress.com; https://wordpress.com"
171.76.107.79 - - [21/Sep/2026:08:48:11 +0200] "POST /xmlrpc.php HTTP/1.1" 200 564639 "-" "WordPress.com; https://wordpress.com"
51.223.90.133 - - [21/Sep/2026:08:48:20 +0200] "POST /xmlrpc.php HTTP/1.1" 200 564623 "-" "Jetpack/12.5; WordPress/6.2; http://site10330688.com"
171.76.107.79 - - [21/Sep/2026:08:48:21 +0200] "POST /xmlrpc.php HTTP/1.1" 200 564639 "-" "Jetpack by WordPress.com"
51.223.90.133 - - [21/Sep/2026:08:48:31 +0200] "POST /xmlrpc.php HTTP/1.1" 200 564639 "-" "Jetpack by WordPress.com (Jetpack 13.0; WordPress 6.2)"
171.76.107.79 - - [21/Sep/2026:08:48:32 +0200] "POST /xmlrpc.php HTTP/1.1" 200 564655 "-" "WordPress.com; https://wordpress.com"
51.223.90.133 - - [21/Sep/2026:08:48:41 +0200] "POST /xmlrpc.php HTTP/1.1" 200 564655 "-" "WordPress.com; https://wordpress.com"
171.76.107.79 - - [21/Sep/2026:08:48:42 +0200] "POST /xmlrpc.php HTTP/1.1" 200 564623 "-" "Jetpack/13.0; WordPress/6.4; http://site98116074.com"
51.223.90.133 - - [21/Sep/2026:08:48:52 +0200] "POST /xmlrpc.php HTTP/1.1" 200 564655 "-" "WordPress.com; https://wordpress.com"
171.76.107.79 - - [21/Sep/2026:08:48:53 +0200] "POST /xmlrpc.php HTTP/1.1" 200 564639 "-" "WordPress.com; https://wordpress.com"
51.223.90.133 - - [21/Sep/2026:08:49:03 +0200] "POST /xmlrpc.php HTTP/1.1" 200 564639 "-" "WordPress.com; https://wordpress.com"
171.76.107.79 - - [21/Sep/2026:08:49:04 +0200] "POST /xmlrpc.php HTTP/1.1" 200 564639 "-" "WordPress.com; https://wordpress.com"
51.223.90.133 - - [21/Sep/2026:08:49:13 +0200] "POST /xmlrpc.php HTTP/1.1" 200 564639 "-" "WordPress.com; https://wordpress.com"
171.76.107.79 - - [21/Sep/2026:08:49:14 +0200] "POST /xmlrpc.php HTTP/1.1" 200 564639 "-" "Jetpack by WordPress.com"
54.36.150.170 - - [21/Sep/2026:08:49:24 +0200] "GET /noragami-saison-1-vf-k.html HTTP/1.1" 404 6463 "-" "Mozilla/5.0 (compatible; HaloBot/1.0)"
51.223.90.133 - - [21/Sep/2026:08:49:24 +0200] "POST /xmlrpc.php HTTP/1.1" 200 564655 "-" "Jetpack by WordPress.com"
171.76.107.79 - - [21/Sep/2026:08:49:25 +0200] "POST /xmlrpc.php HTTP/1.1" 200 564623 "-" "Jetpack/12.0; WordPress/6.1; http://site43478993.com"
51.223.90.133 - - [21/Sep/2026:08:49:35 +0200] "POST /xmlrpc.php HTTP/1.1" 200 564639 "-" "WordPress.com; https://wordpress.com"
171.76.107.79 - - [21/Sep/2026:08:49:36 +0200] "POST /xmlrpc.php HTTP/1.1" 200 564639 "-" "Jetpack by WordPress.com"
51.223.90.133 - - [21/Sep/2026:08:49:45 +0200] "POST /xmlrpc.php HTTP/1.1" 200 564623 "-" "Jetpack by WordPress.com (Jetpack 12.0; WordPress 6.1)"
171.76.107.79 - - [21/Sep/2026:08:49:46 +0200] "POST /xmlrpc.php HTTP/1.1" 200 564639 "-" "Jetpack by WordPress.com"
51.223.90.133 - - [21/Sep/2026:08:49:56 +0200] "POST /xmlrpc.php HTTP/1.1" 200 564639 "-" "Jetpack by WordPress.com (Jetpack 13.0; WordPress 6.2)"
171.76.107.79 - - [21/Sep/2026:08:49:57 +0200] "POST /xmlrpc.php HTTP/1.1" 200 564623 "-" "Jetpack by WordPress.com"
51.223.90.133 - - [21/Sep/2026:08:50:07 +0200] "POST /xmlrpc.php HTTP/1.1" 200 564655 "-" "Jetpack/12.1; WordPress/6.2; http://site26100921.com"
171.76.107.79 - - [21/Sep/2026:08:50:08 +0200] "POST /xmlrpc.php HTTP/1.1" 200 564639 "-" "WordPress.com; https://wordpress.com"
51.223.90.133 - - [21/Sep/2026:08:50:18 +0200] "POST /xmlrpc.php HTTP/1.1" 200 564639 "-" "Jetpack/12.1; WordPress/6.2; http://site30891045.com"
171.76.107.79 - - [21/Sep/2026:08:50:19 +0200] "POST /xmlrpc.php HTTP/1.1" 200 564639 "-" "Jetpack by WordPress.com"
51.223.90.133 - - [21/Sep/2026:08:50:28 +0200] "POST /xmlrpc.php HTTP/1.1" 200 564655 "-" "Jetpack by WordPress.com (Jetpack 12.5; WordPress 6.1)"
171.76.107.79 - - [21/Sep/2026:08:50:29 +0200] "POST /xmlrpc.php HTTP/1.1" 200 564655 "-" "Jetpack by WordPress.com"
51.223.90.133 - - [21/Sep/2026:08:50:39 +0200] "POST /xmlrpc.php HTTP/1.1" 200 564639 "-" "WordPress.com; https://wordpress.com"
171.76.107.79 - - [21/Sep/2026:08:50:40 +0200] "POST /xmlrpc.php HTTP/1.1" 200 564639 "-" "Jetpack by WordPress.com (Jetpack 12.0; WordPress 6.4)"
51.223.90.133 - - [21/Sep/2026:08:50:49 +0200] "POST /xmlrpc.php HTTP/1.1" 200 564639 "-" "Jetpack/12.5; WordPress/6.2; http://site34475089.com"
171.76.107.79 - - [21/Sep/2026:08:50:51 +0200] "POST /xmlrpc.php HTTP/1.1" 200 564639 "-" "Jetpack by WordPress.com (Jetpack 12.0; WordPress 6.3)"
51.223.90.133 - - [21/Sep/2026:08:51:00 +0200] "POST /xmlrpc.php HTTP/1.1" 200 564639 "-" "Jetpack by WordPress.com (Jetpack 12.1; WordPress 6.2)"
171.76.107.79 - - [21/Sep/2026:08:51:01 +0200] "POST /xmlrpc.php HTTP/1.1" 200 564639 "-" "Jetpack/12.0; WordPress/6.2; http://site75822194.com"
116.179.32.171 - - [21/Sep/2026:08:51:02 +0200] "GET /wp-json/wp/v2/pages/694?lokasie=/var/www/vhosts/seg-sa.es/serinco.es/wp-class-cookie.php&loknya=/var/www/vhosts/seg-sa.es/serinco.es HTTP/1.1" 404 6495 "-" "Mozilla/5.0 (compatible; Baiduspider/2.0; +http://www.baidu.com/search/spider.html)"
220.181.108.102 - - [21/Sep/2026:08:51:02 +0200] "GET /wp-json/wp/v2/pages/694?lokasie=/var/www/vhosts/seg-sa.es/serinco.es/wp-data.php&loknya=/var/www/vhosts/seg-sa.es/serinco.es HTTP/1.1" 404 6479 "-" "Mozilla/5.0 (compatible; Baiduspider/2.0; +http://www.baidu.com/search/spider.html)"
51.223.90.133 - - [21/Sep/2026:08:51:11 +0200] "POST /xmlrpc.php HTTP/1.1" 200 564623 "-" "Jetpack/12.1; WordPress/6.1; http://site48606295.com"
171.76.107.79 - - [21/Sep/2026:08:51:12 +0200] "POST /xmlrpc.php HTTP/1.1" 200 564623 "-" "Jetpack/12.5; WordPress/6.1; http://site89177562.com"
51.223.90.133 - - [21/Sep/2026:08:51:21 +0200] "POST /xmlrpc.php HTTP/1.1" 200 564623 "-" "Jetpack/12.0; WordPress/6.4; http://site86743741.com"
171.76.107.79 - - [21/Sep/2026:08:51:22 +0200] "POST /xmlrpc.php HTTP/1.1" 200 564623 "-" "WordPress.com; https://wordpress.com"
51.223.90.133 - - [21/Sep/2026:08:51:32 +0200] "POST /xmlrpc.php HTTP/1.1" 200 564639 "-" "WordPress.com; https://wordpress.com"
171.76.107.79 - - [21/Sep/2026:08:51:33 +0200] "POST /xmlrpc.php HTTP/1.1" 200 564655 "-" "Jetpack by WordPress.com"
54.36.150.170 - - [21/Sep/2026:08:51:40 +0200] "GET /coupe-courte-blonde-tendance-2019-k.html HTTP/1.1" 404 6495 "-" "Mozilla/5.0 (compatible; HaloBot/1.0)"
51.223.90.133 - - [21/Sep/2026:08:51:42 +0200] "POST /xmlrpc.php HTTP/1.1" 200 564639 "-" "Jetpack/13.0; WordPress/6.3; http://site79070959.com"
171.76.107.79 - - [21/Sep/2026:08:51:44 +0200] "POST /xmlrpc.php HTTP/1.1" 200 564639 "-" "Jetpack by WordPress.com (Jetpack 13.0; WordPress 6.1)"
51.223.90.133 - - [21/Sep/2026:08:51:53 +0200] "POST /xmlrpc.php HTTP/1.1" 200 564655 "-" "Jetpack by WordPress.com"
171.76.107.79 - - [21/Sep/2026:08:51:54 +0200] "POST /xmlrpc.php HTTP/1.1" 200 564655 "-" "Jetpack by WordPress.com (Jetpack 12.0; WordPress 6.2)"
51.223.90.133 - - [21/Sep/2026:08:52:04 +0200] "POST /xmlrpc.php HTTP/1.1" 200 564639 "-" "Jetpack by WordPress.com"
171.76.107.79 - - [21/Sep/2026:08:52:05 +0200] "POST /xmlrpc.php HTTP/1.1" 200 564639 "-" "Jetpack by WordPress.com"
51.223.90.133 - - [21/Sep/2026:08:52:14 +0200] "POST /xmlrpc.php HTTP/1.1" 200 564655 "-" "Jetpack/13.0; WordPress/6.3; http://site90347535.com"
171.76.107.79 - - [21/Sep/2026:08:52:16 +0200] "POST /xmlrpc.php HTTP/1.1" 200 564639 "-" "Jetpack by WordPress.com (Jetpack 12.5; WordPress 6.3)"
51.223.90.133 - - [21/Sep/2026:08:52:25 +0200] "POST /xmlrpc.php HTTP/1.1" 200 564639 "-" "WordPress.com; https://wordpress.com"
171.76.107.79 - - [21/Sep/2026:08:52:26 +0200] "POST /xmlrpc.php HTTP/1.1" 200 564639 "-" "Jetpack by WordPress.com"
51.223.90.133 - - [21/Sep/2026:08:52:36 +0200] "POST /xmlrpc.php HTTP/1.1" 200 564639 "-" "Jetpack by WordPress.com (Jetpack 12.5; WordPress 6.4)"
171.76.107.79 - - [21/Sep/2026:08:52:37 +0200] "POST /xmlrpc.php HTTP/1.1" 200 564655 "-" "Jetpack by WordPress.com (Jetpack 12.1; WordPress 6.2)"
51.223.90.133 - - [21/Sep/2026:08:52:46 +0200] "POST /xmlrpc.php HTTP/1.1" 200 564623 "-" "Jetpack by WordPress.com (Jetpack 12.0; WordPress 6.3)"
171.76.107.79 - - [21/Sep/2026:08:52:48 +0200] "POST /xmlrpc.php HTTP/1.1" 200 564639 "-" "Jetpack by WordPress.com (Jetpack 12.0; WordPress 6.1)"
51.223.90.133 - - [21/Sep/2026:08:52:57 +0200] "POST /xmlrpc.php HTTP/1.1" 200 564623 "-" "Jetpack by WordPress.com"
171.76.107.79 - - [21/Sep/2026:08:52:59 +0200] "POST /xmlrpc.php HTTP/1.1" 200 564623 "-" "Jetpack/12.1; WordPress/6.2; http://site41510696.com"
51.223.90.133 - - [21/Sep/2026:08:53:08 +0200] "POST /xmlrpc.php HTTP/1.1" 200 564623 "-" "Jetpack by WordPress.com (Jetpack 12.5; WordPress 6.1)"
171.76.107.79 - - [21/Sep/2026:08:53:09 +0200] "POST /xmlrpc.php HTTP/1.1" 200 564623 "-" "Jetpack by WordPress.com"
51.223.90.133 - - [21/Sep/2026:08:53:18 +0200] "POST /xmlrpc.php HTTP/1.1" 200 564639 "-" "Jetpack/12.1; WordPress/6.2; http://site46537574.com"
171.76.107.79 - - [21/Sep/2026:08:53:20 +0200] "POST /xmlrpc.php HTTP/1.1" 200 564623 "-" "Jetpack/12.5; WordPress/6.3; http://site72598309.com"
51.223.90.133 - - [21/Sep/2026:08:53:29 +0200] "POST /xmlrpc.php HTTP/1.1" 200 564639 "-" "Jetpack/12.0; WordPress/6.4; http://site20842576.com"
171.76.107.79 - - [21/Sep/2026:08:53:31 +0200] "POST /xmlrpc.php HTTP/1.1" 200 564623 "-" "Jetpack/12.5; WordPress/6.4; http://site20553309.com"
51.223.90.133 - - [21/Sep/2026:08:53:40 +0200] "POST /xmlrpc.php HTTP/1.1" 200 564655 "-" "Jetpack by WordPress.com"
171.76.107.79 - - [21/Sep/2026:08:53:41 +0200] "POST /xmlrpc.php HTTP/1.1" 200 564639 "-" "WordPress.com; https://wordpress.com"
51.223.90.133 - - [21/Sep/2026:08:53:50 +0200] "POST /xmlrpc.php HTTP/1.1" 200 564639 "-" "Jetpack/12.1; WordPress/6.4; http://site85064419.com"
171.76.107.79 - - [21/Sep/2026:08:53:52 +0200] "POST /xmlrpc.php HTTP/1.1" 200 564639 "-" "Jetpack by WordPress.com (Jetpack 12.0; WordPress 6.3)"
51.223.90.133 - - [21/Sep/2026:08:54:01 +0200] "POST /xmlrpc.php HTTP/1.1" 200 564655 "-" "WordPress.com; https://wordpress.com"
171.76.107.79 - - [21/Sep/2026:08:54:03 +0200] "POST /xmlrpc.php HTTP/1.1" 200 564639 "-" "Jetpack by WordPress.com"
54.36.150.170 - - [21/Sep/2026:08:54:08 +0200] "GET /224792bauaetidm74w HTTP/1.1" 404 6479 "-" "Mozilla/5.0 (compatible; HaloBot/1.0)"
51.223.90.133 - - [21/Sep/2026:08:54:12 +0200] "POST /xmlrpc.php HTTP/1.1" 200 564655 "-" "Jetpack by WordPress.com (Jetpack 12.0; WordPress 6.4)"
171.76.107.79 - - [21/Sep/2026:08:54:13 +0200] "POST /xmlrpc.php HTTP/1.1" 200 564655 "-" "Jetpack by WordPress.com"
220.181.108.174 - - [21/Sep/2026:08:54:22 +0200] "GET /wp-json/wp/v2/pages/694?lokasie=/var/www/vhosts/seg-sa.es/serinco.es/wp-atom.php&loknya=/var/www/vhosts/seg-sa.es/serinco.es HTTP/1.1" 404 6463 "-" "Mozilla/5.0 (compatible; Baiduspider/2.0; +http://www.baidu.com/search/spider.html)"
51.223.90.133 - - [21/Sep/2026:08:54:22 +0200] "POST /xmlrpc.php HTTP/1.1" 200 564639 "-" "Jetpack/12.1; WordPress/6.1; http://site80500522.com"
171.76.107.79 - - [21/Sep/2026:08:54:24 +0200] "POST /xmlrpc.php HTTP/1.1" 200 564639 "-" "WordPress.com; https://wordpress.com"
220.181.108.166 - - [21/Sep/2026:08:54:26 +0200] "GET /wp-json/wp/v2/pages/694?lokasie=/var/www/vhosts/seg-sa.es/serinco.es/wp-class-error.php&loknya=/var/www/vhosts/seg-sa.es/serinco.es HTTP/1.1" 404 6495 "-" "Mozilla/5.0 (compatible; Baiduspider/2.0; +http://www.baidu.com/search/spider.html)"
51.223.90.133 - - [21/Sep/2026:08:54:33 +0200] "POST /xmlrpc.php HTTP/1.1" 200 564623 "-" "Jetpack by WordPress.com (Jetpack 12.0; WordPress 6.4)"
171.76.107.79 - - [21/Sep/2026:08:54:35 +0200] "POST /xmlrpc.php HTTP/1.1" 200 564639 "-" "Jetpack/12.1; WordPress/6.2; http://site45327536.com"
51.223.90.133 - - [21/Sep/2026:08:54:43 +0200] "POST /xmlrpc.php HTTP/1.1" 200 564639 "-" "Jetpack by WordPress.com (Jetpack 12.0; WordPress 6.1)"
171.76.107.79 - - [21/Sep/2026:08:54:45 +0200] "POST /xmlrpc.php HTTP/1.1" 200 564623 "-" "Jetpack/12.0; WordPress/6.4; http://site66993255.com"
51.223.90.133 - - [21/Sep/2026:08:54:54 +0200] "POST /xmlrpc.php HTTP/1.1" 200 564623 "-" "WordPress.com; https://wordpress.com"
171.76.107.79 - - [21/Sep/2026:08:54:56 +0200] "POST /xmlrpc.php HTTP/1.1" 200 564655 "-" "Jetpack by WordPress.com (Jetpack 12.5; WordPress 6.2)"
51.223.90.133 - - [21/Sep/2026:08:55:05 +0200] "POST /xmlrpc.php HTTP/1.1" 200 564623 "-" "Jetpack by WordPress.com (Jetpack 12.0; WordPress 6.4)"
171.76.107.79 - - [21/Sep/2026:08:55:07 +0200] "POST /xmlrpc.php HTTP/1.1" 200 564623 "-" "Jetpack by WordPress.com"
51.223.90.133 - - [21/Sep/2026:08:55:15 +0200] "POST /xmlrpc.php HTTP/1.1" 200 564655 "-" "Jetpack/12.5; WordPress/6.1; http://site35908049.com"
171.76.107.79 - - [21/Sep/2026:08:55:17 +0200] "POST /xmlrpc.php HTTP/1.1" 200 564655 "-" "Jetpack by WordPress.com"
51.223.90.133 - - [21/Sep/2026:08:55:26 +0200] "POST /xmlrpc.php HTTP/1.1" 200 564639 "-" "Jetpack by WordPress.com"
171.76.107.79 - - [21/Sep/2026:08:55:28 +0200] "POST /xmlrpc.php HTTP/1.1" 200 564655 "-" "Jetpack by WordPress.com"
171.76.107.79 - - [21/Sep/2026:08:55:39 +0200] "POST /xmlrpc.php HTTP/1.1" 200 564639 "-" "WordPress.com; https://wordpress.com"
51.223.90.133 - - [21/Sep/2026:08:55:48 +0200] "POST /xmlrpc.php HTTP/1.1" 200 564639 "-" "Jetpack by WordPress.com (Jetpack 13.0; WordPress 6.2)"
171.76.107.79 - - [21/Sep/2026:08:55:49 +0200] "POST /xmlrpc.php HTTP/1.1" 200 564655 "-" "Jetpack by WordPress.com (Jetpack 12.1; WordPress 6.3)"
51.223.90.133 - - [21/Sep/2026:08:55:58 +0200] "POST /xmlrpc.php HTTP/1.1" 200 564639 "-" "WordPress.com; https://wordpress.com"
171.76.107.79 - - [21/Sep/2026:08:56:00 +0200] "POST /xmlrpc.php HTTP/1.1" 200 564639 "-" "Jetpack by WordPress.com"
51.223.90.133 - - [21/Sep/2026:08:56:09 +0200] "POST /xmlrpc.php HTTP/1.1" 200 564639 "-" "WordPress.com; https://wordpress.com"
171.76.107.79 - - [21/Sep/2026:08:56:11 +0200] "POST /xmlrpc.php HTTP/1.1" 200 564639 "-" "Jetpack by WordPress.com"
51.223.90.133 - - [21/Sep/2026:08:56:19 +0200] "POST /xmlrpc.php HTTP/1.1" 200 564639 "-" "WordPress.com; https://wordpress.com"
171.76.107.79 - - [21/Sep/2026:08:56:21 +0200] "POST /xmlrpc.php HTTP/1.1" 200 564623 "-" "Jetpack/13.0; WordPress/6.3; http://site37788915.com"
51.223.90.133 - - [21/Sep/2026:08:56:30 +0200] "POST /xmlrpc.php HTTP/1.1" 200 564655 "-" "Jetpack by WordPress.com (Jetpack 12.5; WordPress 6.3)"
54.36.150.170 - - [21/Sep/2026:08:56:33 +0200] "GET /8i699j5df.html HTTP/1.1" 404 6495 "-" "Mozilla/5.0 (compatible; HaloBot/1.0)"
171.76.107.79 - - [21/Sep/2026:08:56:32 +0200] "POST /xmlrpc.php HTTP/1.1" 200 564639 "-" "Jetpack by WordPress.com"
51.223.90.133 - - [21/Sep/2026:08:56:41 +0200] "POST /xmlrpc.php HTTP/1.1" 200 564639 "-" "Jetpack by WordPress.com"
171.76.107.79 - - [21/Sep/2026:08:56:43 +0200] "POST /xmlrpc.php HTTP/1.1" 200 564639 "-" "Jetpack by WordPress.com"
51.223.90.133 - - [21/Sep/2026:08:56:51 +0200] "POST /xmlrpc.php HTTP/1.1" 200 564655 "-" "Jetpack/13.0; WordPress/6.2; http://site47622187.com"
171.76.107.79 - - [21/Sep/2026:08:56:54 +0200] "POST /xmlrpc.php HTTP/1.1" 200 564655 "-" "Jetpack/12.1; WordPress/6.4; http://site30281861.com"
51.223.90.133 - - [21/Sep/2026:08:57:02 +0200] "POST /xmlrpc.php HTTP/1.1" 200 564655 "-" "Jetpack/12.5; WordPress/6.2; http://site58914615.com"
171.76.107.79 - - [21/Sep/2026:08:57:04 +0200] "POST /xmlrpc.php HTTP/1.1" 200 564655 "-" "Jetpack by WordPress.com (Jetpack 13.0; WordPress 6.3)"
51.223.90.133 - - [21/Sep/2026:08:57:12 +0200] "POST /xmlrpc.php HTTP/1.1" 200 564655 "-" "WordPress.com; https://wordpress.com"
171.76.107.79 - - [21/Sep/2026:08:57:15 +0200] "POST /xmlrpc.php HTTP/1.1" 200 564655 "-" "Jetpack by WordPress.com (Jetpack 12.1; WordPress 6.3)"
51.223.90.133 - - [21/Sep/2026:08:57:23 +0200] "POST /xmlrpc.php HTTP/1.1" 200 564639 "-" "Jetpack by WordPress.com"
171.76.107.79 - - [21/Sep/2026:08:57:26 +0200] "POST /xmlrpc.php HTTP/1.1" 200 564623 "-" "Jetpack/12.0; WordPress/6.1; http://site65639955.com"
51.223.90.133 - - [21/Sep/2026:08:57:34 +0200] "POST /xmlrpc.php HTTP/1.1" 200 564655 "-" "WordPress.com; https://wordpress.com"
171.76.107.79 - - [21/Sep/2026:08:57:36 +0200] "POST /xmlrpc.php HTTP/1.1" 200 564639 "-" "Jetpack/12.5; WordPress/6.1; http://site73105919.com"
220.181.108.166 - - [21/Sep/2026:08:57:42 +0200] "GET /wp-json/wp/v2/pages/694?lokasie=/var/www/vhosts/seg-sa.es/serinco.es/wp-class-embed.php&loknya=/var/www/vhosts/seg-sa.es/serinco.es HTTP/1.1" 404 6479 "-" "Mozilla/5.0 (compatible; Baiduspider/2.0; +http://www.baidu.com/search/spider.html)"
220.181.108.165 - - [21/Sep/2026:08:57:44 +0200] "GET /wp-json/wp/v2/pages/694?lokasie=/var/www/vhosts/seg-sa.es/serinco.es/wp-detection.php&loknya=/var/www/vhosts/seg-sa.es/serinco.es HTTP/1.1" 404 6479 "-" "Mozilla/5.0 (compatible; Baiduspider/2.0; +http://www.baidu.com/search/spider.html)"
51.223.90.133 - - [21/Sep/2026:08:57:45 +0200] "POST /xmlrpc.php HTTP/1.1" 200 564639 "-" "Jetpack by WordPress.com"
171.76.107.79 - - [21/Sep/2026:08:57:47 +0200] "POST /xmlrpc.php HTTP/1.1" 200 564639 "-" "WordPress.com; https://wordpress.com"
51.223.90.133 - - [21/Sep/2026:08:57:55 +0200] "POST /xmlrpc.php HTTP/1.1" 200 564639 "-" "Jetpack by WordPress.com"
171.76.107.79 - - [21/Sep/2026:08:57:58 +0200] "POST /xmlrpc.php HTTP/1.1" 200 564655 "-" "Jetpack by WordPress.com"
51.223.90.133 - - [21/Sep/2026:08:58:06 +0200] "POST /xmlrpc.php HTTP/1.1" 200 564623 "-" "Jetpack by WordPress.com (Jetpack 12.1; WordPress 6.2)"
171.76.107.79 - - [21/Sep/2026:08:58:08 +0200] "POST /xmlrpc.php HTTP/1.1" 200 564639 "-" "Jetpack/12.1; WordPress/6.3; http://site18842502.com"
51.223.90.133 - - [21/Sep/2026:08:58:17 +0200] "POST /xmlrpc.php HTTP/1.1" 200 564655 "-" "Jetpack by WordPress.com"
171.76.107.79 - - [21/Sep/2026:08:58:19 +0200] "POST /xmlrpc.php HTTP/1.1" 200 564623 "-" "WordPress.com; https://wordpress.com"
51.223.90.133 - - [21/Sep/2026:08:58:27 +0200] "POST /xmlrpc.php HTTP/1.1" 200 564639 "-" "Jetpack by WordPress.com"
54.36.150.170 - - [21/Sep/2026:08:58:37 +0200] "GET /m7k7vl35g.html HTTP/1.1" 404 6479 "-" "Mozilla/5.0 (compatible; HaloBot/1.0)"
51.223.90.133 - - [21/Sep/2026:08:58:38 +0200] "POST /xmlrpc.php HTTP/1.1" 200 564639 "-" "Jetpack by WordPress.com (Jetpack 13.0; WordPress 6.3)"
51.223.90.133 - - [21/Sep/2026:08:58:49 +0200] "POST /xmlrpc.php HTTP/1.1" 200 564623 "-" "Jetpack by WordPress.com"
51.223.90.133 - - [21/Sep/2026:08:58:59 +0200] "POST /xmlrpc.php HTTP/1.1" 200 564623 "-" "WordPress.com; https://wordpress.com"
51.223.90.133 - - [21/Sep/2026:08:59:10 +0200] "POST /xmlrpc.php HTTP/1.1" 200 564623 "-" "Jetpack/12.5; WordPress/6.4; http://site71185672.com"
51.223.90.133 - - [21/Sep/2026:08:59:21 +0200] "POST /xmlrpc.php HTTP/1.1" 200 564655 "-" "Jetpack by WordPress.com"
51.223.90.133 - - [21/Sep/2026:08:59:31 +0200] "POST /xmlrpc.php HTTP/1.1" 200 564623 "-" "WordPress.com; https://wordpress.com"
51.223.90.133 - - [21/Sep/2026:08:59:42 +0200] "POST /xmlrpc.php HTTP/1.1" 200 564623 "-" "Jetpack by WordPress.com"
17.166.235.116 - - [21/Sep/2026:08:59:45 +0200] "GET /wp-json/wp/v2/pages/667 HTTP/1.1" 404 6495 "-" "Mozilla/5.0 (Macintosh; Intel Mac OS X 10_15_7) AppleWebKit/605.1.15 (KHTML, like Gecko) Version/17.4 Safari/605.1.15 (Applebot/0.1; +http://www.apple.com/go/applebot)"
51.223.90.133 - - [21/Sep/2026:08:59:53 +0200] "POST /xmlrpc.php HTTP/1.1" 200 564655 "-" "Jetpack by WordPress.com"
51.223.90.133 - - [21/Sep/2026:09:00:03 +0200] "POST /xmlrpc.php HTTP/1.1" 200 564655 "-" "Jetpack by WordPress.com"
51.223.90.133 - - [21/Sep/2026:09:00:14 +0200] "POST /xmlrpc.php HTTP/1.1" 200 564655 "-" "WordPress.com; https://wordpress.com"
51.223.90.133 - - [21/Sep/2026:09:00:24 +0200] "POST /xmlrpc.php HTTP/1.1" 200 564639 "-" "WordPress.com; https://wordpress.com"
54.36.150.170 - - [21/Sep/2026:09:00:30 +0200] "GET /9fxyb1pfh.html HTTP/1.1" 404 6463 "-" "Mozilla/5.0 (compatible; HaloBot/1.0)"
51.223.90.133 - - [21/Sep/2026:09:00:37 +0200] "POST /xmlrpc.php HTTP/1.1" 200 564639 "-" "Jetpack by WordPress.com"
51.223.90.133 - - [21/Sep/2026:09:00:47 +0200] "POST /xmlrpc.php HTTP/1.1" 200 564655 "-" "WordPress.com; https://wordpress.com"
51.223.90.133 - - [21/Sep/2026:09:00:58 +0200] "POST /xmlrpc.php HTTP/1.1" 200 564639 "-" "WordPress.com; https://wordpress.com"
116.179.32.144 - - [21/Sep/2026:09:01:02 +0200] "GET /wp-json/wp/v2/pages/694?lokasie=/var/www/vhosts/seg-sa.es/serinco.es/wp-class-pluggable.php&loknya=/var/www/vhosts/seg-sa.es/serinco.es HTTP/1.1" 404 6463 "-" "Mozilla/5.0 (compatible; Baiduspider/2.0; +http://www.baidu.com/search/spider.html)"
116.179.32.34 - - [21/Sep/2026:09:01:02 +0200] "GET /wp-json/wp/v2/pages/694?lokasie=/var/www/vhosts/seg-sa.es/serinco.es/wp-class-query.php&loknya=/var/www/vhosts/seg-sa.es/serinco.es HTTP/1.1" 404 6463 "-" "Mozilla/5.0 (compatible; Baiduspider/2.0; +http://www.baidu.com/search/spider.html)"
51.223.90.133 - - [21/Sep/2026:09:01:08 +0200] "POST /xmlrpc.php HTTP/1.1" 200 564623 "-" "Jetpack/12.1; WordPress/6.3; http://site80330134.com"
51.223.90.133 - - [21/Sep/2026:09:01:19 +0200] "POST /xmlrpc.php HTTP/1.1" 200 564623 "-" "Jetpack/13.0; WordPress/6.4; http://site38779273.com"
51.223.90.133 - - [21/Sep/2026:09:01:30 +0200] "POST /xmlrpc.php HTTP/1.1" 200 564623 "-" "WordPress.com; https://wordpress.com"
51.223.90.133 - - [21/Sep/2026:09:01:40 +0200] "POST /xmlrpc.php HTTP/1.1" 200 564639 "-" "Jetpack by WordPress.com"
51.223.90.133 - - [21/Sep/2026:09:01:51 +0200] "POST /xmlrpc.php HTTP/1.1" 200 564623 "-" "Jetpack by WordPress.com"
51.223.90.133 - - [21/Sep/2026:09:02:02 +0200] "POST /xmlrpc.php HTTP/1.1" 200 564639 "-" "Jetpack by WordPress.com"
51.223.90.133 - - [21/Sep/2026:09:02:12 +0200] "POST /xmlrpc.php HTTP/1.1" 200 564639 "-" "Jetpack/12.0; WordPress/6.3; http://site24508794.com"
51.223.90.133 - - [21/Sep/2026:09:02:23 +0200] "POST /xmlrpc.php HTTP/1.1" 200 564639 "-" "WordPress.com; https://wordpress.com"
51.223.90.133 - - [21/Sep/2026:09:02:34 +0200] "POST /xmlrpc.php HTTP/1.1" 200 564639 "-" "Jetpack/12.1; WordPress/6.3; http://site46298098.com"
51.223.90.133 - - [21/Sep/2026:09:02:44 +0200] "POST /xmlrpc.php HTTP/1.1" 200 564655 "-" "Jetpack/12.5; WordPress/6.1; http://site26557500.com"
51.223.90.133 - - [21/Sep/2026:09:02:55 +0200] "POST /xmlrpc.php HTTP/1.1" 200 564639 "-" "Jetpack by WordPress.com"
51.223.90.133 - - [21/Sep/2026:09:03:06 +0200] "POST /xmlrpc.php HTTP/1.1" 200 564655 "-" "Jetpack by WordPress.com (Jetpack 13.0; WordPress 6.1)"
51.223.90.133 - - [21/Sep/2026:09:03:16 +0200] "POST /xmlrpc.php HTTP/1.1" 200 564639 "-" "Jetpack by WordPress.com"
116.179.32.100 - - [21/Sep/2026:09:04:22 +0200] "GET /wp-json/wp/v2/pages/694?lokasie=/var/www/vhosts/seg-sa.es/serinco.es/wp-object.php&loknya=/var/www/vhosts/seg-sa.es/serinco.es HTTP/1.1" 404 6463 "-" "Mozilla/5.0 (compatible; Baiduspider/2.0; +http://www.baidu.com/search/spider.html)"
220.181.108.80 - - [21/Sep/2026:09:04:25 +0200] "GET /wp-json/wp/v2/pages/694?lokasie=/var/www/vhosts/seg-sa.es/serinco.es/wp-date.php&loknya=/var/www/vhosts/seg-sa.es/serinco.es HTTP/1.1" 404 6479 "-" "Mozilla/5.0 (compatible; Baiduspider/2.0; +http://www.baidu.com/search/spider.html)"
201.83.43.22 - - [21/Sep/2026:09:04:40 +0200] "GET / HTTP/1.1" 200 564621 "-" "SmartReader Library"
51.223.90.133 - - [21/Sep/2026:09:05:10 +0200] "POST /xmlrpc.php HTTP/1.1" 200 564639 "-" "WordPress.com; https://wordpress.com"
51.223.90.133 - - [21/Sep/2026:09:05:21 +0200] "POST /xmlrpc.php HTTP/1.1" 200 564655 "-" "WordPress.com; https://wordpress.com"
51.223.90.133 - - [21/Sep/2026:09:05:31 +0200] "POST /xmlrpc.php HTTP/1.1" 200 564639 "-" "Jetpack by WordPress.com"
51.223.90.133 - - [21/Sep/2026:09:05:42 +0200] "POST /xmlrpc.php HTTP/1.1" 200 564639 "-" "Jetpack by WordPress.com (Jetpack 12.0; WordPress 6.1)"
51.223.90.133 - - [21/Sep/2026:09:05:52 +0200] "POST /xmlrpc.php HTTP/1.1" 200 564639 "-" "Jetpack by WordPress.com (Jetpack 13.0; WordPress 6.1)"
51.223.90.133 - - [21/Sep/2026:09:06:03 +0200] "POST /xmlrpc.php HTTP/1.1" 200 564639 "-" "Jetpack by WordPress.com"
51.223.90.133 - - [21/Sep/2026:09:06:14 +0200] "POST /xmlrpc.php HTTP/1.1" 200 564639 "-" "Jetpack by WordPress.com (Jetpack 12.5; WordPress 6.4)"
51.223.90.133 - - [21/Sep/2026:09:06:25 +0200] "POST /xmlrpc.php HTTP/1.1" 200 564639 "-" "Jetpack by WordPress.com"
51.223.90.133 - - [21/Sep/2026:09:06:35 +0200] "POST /xmlrpc.php HTTP/1.1" 200 564639 "-" "Jetpack/12.5; WordPress/6.1; http://site58439619.com"
51.223.90.133 - - [21/Sep/2026:09:06:46 +0200] "POST /xmlrpc.php HTTP/1.1" 200 564655 "-" "Jetpack/12.1; WordPress/6.4; http://site56946652.com"
51.223.90.133 - - [21/Sep/2026:09:06:57 +0200] "POST /xmlrpc.php HTTP/1.1" 200 564639 "-" "Jetpack/13.0; WordPress/6.2; http://site47838785.com"
51.223.90.133 - - [21/Sep/2026:09:07:07 +0200] "POST /xmlrpc.php HTTP/1.1" 200 564639 "-" "Jetpack by WordPress.com"
51.223.90.133 - - [21/Sep/2026:09:07:18 +0200] "POST /xmlrpc.php HTTP/1.1" 200 564639 "-" "Jetpack/13.0; WordPress/6.4; http://site96329807.com"
51.223.90.133 - - [21/Sep/2026:09:07:29 +0200] "POST /xmlrpc.php HTTP/1.1" 200 564639 "-" "Jetpack/12.5; WordPress/6.4; http://site96911795.com"
51.223.90.133 - - [21/Sep/2026:09:07:40 +0200] "POST /xmlrpc.php HTTP/1.1" 200 564655 "-" "Jetpack/12.1; WordPress/6.3; http://site71505154.com"
220.181.108.146 - - [21/Sep/2026:09:07:43 +0200] "GET /wp-json/wp/v2/pages/694?lokasie=/var/www/vhosts/seg-sa.es/serinco.es/wp-modules.php&loknya=/var/www/vhosts/seg-sa.es/serinco.es HTTP/1.1" 404 6479 "-" "Mozilla/5.0 (compatible; Baiduspider/2.0; +http://www.baidu.com/search/spider.html)"
220.181.108.174 - - [21/Sep/2026:09:07:44 +0200] "GET /wp-json/wp/v2/pages/694?lokasie=/var/www/vhosts/seg-sa.es/serinco.es/wp-activate.php&loknya=/var/www/vhosts/seg-sa.es/serinco.es HTTP/1.1" 404 6479 "-" "Mozilla/5.0 (compatible; Baiduspider/2.0; +http://www.baidu.com/search/spider.html)"
51.223.90.133 - - [21/Sep/2026:09:07:50 +0200] "POST /xmlrpc.php HTTP/1.1" 200 564639 "-" "WordPress.com; https://wordpress.com"
51.223.90.133 - - [21/Sep/2026:09:08:01 +0200] "POST /xmlrpc.php HTTP/1.1" 200 564655 "-" "WordPress.com; https://wordpress.com"
66.249.64.13 - - [21/Sep/2026:09:08:10 +0200] "GET / HTTP/1.1" 200 564637 "-" "Mozilla/5.0 (compatible; Googlebot/2.1; +http://www.google.com/bot.html)"
51.223.90.133 - - [21/Sep/2026:09:08:12 +0200] "POST /xmlrpc.php HTTP/1.1" 200 564639 "-" "Jetpack/13.0; WordPress/6.1; http://site60004751.com"
51.223.90.133 - - [21/Sep/2026:09:08:22 +0200] "POST /xmlrpc.php HTTP/1.1" 200 564655 "-" "Jetpack/12.5; WordPress/6.4; http://site47237830.com"
51.223.90.133 - - [21/Sep/2026:09:08:33 +0200] "POST /xmlrpc.php HTTP/1.1" 200 564655 "-" "Jetpack/12.0; WordPress/6.1; http://site80340286.com"
103.141.183.18 - - [21/Sep/2026:09:08:40 +0200] "GET /wp-content/uploads/2026/09/wzevaspw.php HTTP/1.1" 404 6479 "-" "Mozilla/5.0 (Windows NT 10.0; Win64; x64) AppleWebKit/537.36 (KHTML, like Gecko) Chrome/153.0.0.0 Safari/537.36"
82.26.28.162 - - [21/Sep/2026:09:08:43 +0200] "GET /?lokasie=/var/www/vhosts/seg-sa.es/wkq51tkp.php&loknya=/var/www/vhosts/seg-sa.es HTTP/1.1" 200 11559 "-" "Mozilla/5.0 (Macintosh; Intel Mac OS X 10_15_7) AppleWebKit/537.36 (KHTML, like Gecko) Chrome/104.0.0.0 Safari/537.36"
51.223.90.133 - - [21/Sep/2026:09:08:43 +0200] "POST /xmlrpc.php HTTP/1.1" 200 564623 "-" "WordPress.com; https://wordpress.com"
82.26.28.162 - - [21/Sep/2026:09:08:44 +0200] "GET /?lokasie=/var/www/vhosts/seg-sa.es//tkv01azt.php&loknya=/var/www/vhosts/seg-sa.es/ HTTP/1.1" 200 11339 "-" "Mozilla/5.0 (Macintosh; Intel Mac OS X 10_15_7) AppleWebKit/537.36 (KHTML, like Gecko) Chrome/104.0.0.0 Safari/537.36"
82.26.28.162 - - [21/Sep/2026:09:08:44 +0200] "GET /?lokasie=/var/www/vhosts/seg-sa.es/z1qlo5hm.php&loknya=/var/www/vhosts/seg-sa.es HTTP/1.1" 200 11481 "-" "Mozilla/5.0 (Macintosh; Intel Mac OS X 10_15_7) AppleWebKit/537.36 (KHTML, like Gecko) Chrome/104.0.0.0 Safari/537.36"
82.26.28.162 - - [21/Sep/2026:09:08:44 +0200] "GET /?loknya=/var/www/vhosts/seg-sa.es/.analytic HTTP/1.1" 200 12002 "-" "Mozilla/5.0 (Macintosh; Intel Mac OS X 10_15_7) AppleWebKit/537.36 (KHTML, like Gecko) Chrome/104.0.0.0 Safari/537.36"
82.26.28.162 - - [21/Sep/2026:09:08:45 +0200] "GET /?lokasie=/var/www/vhosts/seg-sa.es//834jejpk.php&loknya=/var/www/vhosts/seg-sa.es/ HTTP/1.1" 200 11401 "-" "Mozilla/5.0 (Macintosh; Intel Mac OS X 10_15_7) AppleWebKit/537.36 (KHTML, like Gecko) Chrome/104.0.0.0 Safari/537.36"
82.26.28.162 - - [21/Sep/2026:09:08:45 +0200] "GET /?lokasie=/var/www/vhosts/seg-sa.es/s0ecrjly.php&loknya=/var/www/vhosts/seg-sa.es HTTP/1.1" 200 12079 "-" "Mozilla/5.0 (Macintosh; Intel Mac OS X 10_15_7) AppleWebKit/537.36 (KHTML, like Gecko) Chrome/104.0.0.0 Safari/537.36"
82.26.28.162 - - [21/Sep/2026:09:08:45 +0200] "GET /?lokasie=/var/www/vhosts/seg-sa.es//1gvcnclf.php&loknya=/var/www/vhosts/seg-sa.es/ HTTP/1.1" 200 11449 "-" "Mozilla/5.0 (Macintosh; Intel Mac OS X 10_15_7) AppleWebKit/537.36 (KHTML, like Gecko) Chrome/104.0.0.0 Safari/537.36"
82.26.28.162 - - [21/Sep/2026:09:08:46 +0200] "GET /?lokasie=/var/www/vhosts/seg-sa.es//wkq51tkp.php&loknya=/var/www/vhosts/seg-sa.es/ HTTP/1.1" 200 11544 "-" "Mozilla/5.0 (Macintosh; Intel Mac OS X 10_15_7) AppleWebKit/537.36 (KHTML, like Gecko) Chrome/104.0.0.0 Safari/537.36"
82.26.28.162 - - [21/Sep/2026:09:08:46 +0200] "GET /?lokasie=/var/www/vhosts/seg-sa.es/ylhb04c5.php&loknya=/var/www/vhosts/seg-sa.es HTTP/1.1" 200 11361 "-" "Mozilla/5.0 (Macintosh; Intel Mac OS X 10_15_7) AppleWebKit/537.36 (KHTML, like Gecko) Chrome/104.0.0.0 Safari/537.36"
82.26.28.162 - - [21/Sep/2026:09:08:46 +0200] "GET /?lokasie=/var/www/vhosts/seg-sa.es//jfukq5zl.php&loknya=/var/www/vhosts/seg-sa.es/ HTTP/1.1" 200 11619 "-" "Mozilla/5.0 (Macintosh; Intel Mac OS X 10_15_7) AppleWebKit/537.36 (KHTML, like Gecko) Chrome/104.0.0.0 Safari/537.36"
51.223.90.133 - - [21/Sep/2026:09:08:54 +0200] "POST /xmlrpc.php HTTP/1.1" 200 564639 "-" "Jetpack by WordPress.com (Jetpack 12.1; WordPress 6.2)"
51.223.90.133 - - [21/Sep/2026:09:09:05 +0200] "POST /xmlrpc.php HTTP/1.1" 200 564639 "-" "Jetpack by WordPress.com"
51.223.90.133 - - [21/Sep/2026:09:09:16 +0200] "POST /xmlrpc.php HTTP/1.1" 200 564639 "-" "Jetpack by WordPress.com (Jetpack 12.1; WordPress 6.2)"
51.223.90.133 - - [21/Sep/2026:09:09:26 +0200] "POST /xmlrpc.php HTTP/1.1" 200 564655 "-" "WordPress.com; https://wordpress.com"
51.223.90.133 - - [21/Sep/2026:09:09:37 +0200] "POST /xmlrpc.php HTTP/1.1" 200 564655 "-" "Jetpack/12.1; WordPress/6.3; http://site61445010.com"
51.223.90.133 - - [21/Sep/2026:09:09:48 +0200] "POST /xmlrpc.php HTTP/1.1" 200 564623 "-" "WordPress.com; https://wordpress.com"
51.223.90.133 - - [21/Sep/2026:09:09:58 +0200] "POST /xmlrpc.php HTTP/1.1" 200 564639 "-" "Jetpack by WordPress.com (Jetpack 12.5; WordPress 6.2)"
220.181.108.157 - - [21/Sep/2026:09:11:03 +0200] "GET /wp-json/wp/v2/pages/694?lokasie=/var/www/vhosts/seg-sa.es/serinco.es/wp-fatal.php&loknya=/var/www/vhosts/seg-sa.es/serinco.es HTTP/1.1" 404 6463 "-" "Mozilla/5.0 (compatible; Baiduspider/2.0; +http://www.baidu.com/search/spider.html)"
116.179.32.41 - - [21/Sep/2026:09:11:03 +0200] "GET /wp-json/wp/v2/pages/694?lokasie=/var/www/vhosts/seg-sa.es/serinco.es/wp-blocks.php&loknya=/var/www/vhosts/seg-sa.es/serinco.es HTTP/1.1" 404 6479 "-" "Mozilla/5.0 (compatible; Baiduspider/2.0; +http://www.baidu.com/search/spider.html)"
198.98.54.225 - - [21/Sep/2026:09:12:10 +0200] "GET /wp-login.php HTTP/1.1" 200 564625 "-" "Mozilla/5.0 (Windows NT 10.0; Win64; x64) AppleWebKit/537.36 (KHTML, like Gecko) Chrome/121.0.0.0 Safari/537.36 Edg/121.0.0.0"
40.77.167.71 - - [21/Sep/2026:09:13:35 +0200] "GET /fibrose-h%C3%A9patique-prise-de-sang-k.html HTTP/1.1" 404 6479 "-" "Mozilla/5.0 AppleWebKit/537.36 (KHTML, like Gecko; compatible; bingbot/2.0; +http://www.bing.com/bingbot.htm) Chrome/116.0.1938.76 Safari/537.36"
93.92.20.171 - - [21/Sep/2026:09:14:14 +0200] "GET /?lokasie=/var/www/vhosts/seg-sa.es//4sf26vc5.php&loknya=/var/www/vhosts/seg-sa.es/ HTTP/1.1" 200 11453 "-" "Mozilla/5.0 (Macintosh; Intel Mac OS X 10_15_7) AppleWebKit/537.36 (KHTML, like Gecko) Chrome/104.0.0.0 Safari/537.36"
93.92.20.171 - - [21/Sep/2026:09:14:14 +0200] "GET /?loknya=/var/www/vhosts/seg-sa.es/fincasandoval.com/.wp-cli HTTP/1.1" 200 12084 "-" "Mozilla/5.0 (Macintosh; Intel Mac OS X 10_15_7) AppleWebKit/537.36 (KHTML, like Gecko) Chrome/104.0.0.0 Safari/537.36"
93.92.20.171 - - [21/Sep/2026:09:14:14 +0200] "GET /?lokasie=/var/www/vhosts/seg-sa.es//ylhb04c5.php&loknya=/var/www/vhosts/seg-sa.es/ HTTP/1.1" 200 11362 "-" "Mozilla/5.0 (Macintosh; Intel Mac OS X 10_15_7) AppleWebKit/537.36 (KHTML, like Gecko) Chrome/104.0.0.0 Safari/537.36"
93.92.20.171 - - [21/Sep/2026:09:14:14 +0200] "GET /?lokasie=/var/www/vhosts/seg-sa.es/fincasandoval.com/lIiOFNwLhSV.php&loknya=/var/www/vhosts/seg-sa.es/fincasandoval.com HTTP/1.1" 200 62695 "-" "Mozilla/5.0 (Macintosh; Intel Mac OS X 10_15_7) AppleWebKit/537.36 (KHTML, like Gecko) Chrome/104.0.0.0 Safari/537.36"
93.92.20.171 - - [21/Sep/2026:09:14:15 +0200] "GET /?lokasie=/var/www/vhosts/seg-sa.es//vdnofi2y.php&loknya=/var/www/vhosts/seg-sa.es/ HTTP/1.1" 200 11441 "-" "Mozilla/5.0 (Macintosh; Intel Mac OS X 10_15_7) AppleWebKit/537.36 (KHTML, like Gecko) Chrome/104.0.0.0 Safari/537.36"
93.92.20.171 - - [21/Sep/2026:09:14:15 +0200] "GET /?loknya=/var/www/vhosts/seg-sa.es/.composer HTTP/1.1" 200 14810 "-" "Mozilla/5.0 (Macintosh; Intel Mac OS X 10_15_7) AppleWebKit/537.36 (KHTML, like Gecko) Chrome/104.0.0.0 Safari/537.36"
93.92.20.171 - - [21/Sep/2026:09:14:16 +0200] "GET /?lokasie=/var/www/vhosts/seg-sa.es//og6gjn85.php&loknya=/var/www/vhosts/seg-sa.es/ HTTP/1.1" 200 11428 "-" "Mozilla/5.0 (Macintosh; Intel Mac OS X 10_15_7) AppleWebKit/537.36 (KHTML, like Gecko) Chrome/104.0.0.0 Safari/537.36"
93.92.20.171 - - [21/Sep/2026:09:14:16 +0200] "GET /?lokasie=/var/www/vhosts/seg-sa.es//6dcqlmyv.php&loknya=/var/www/vhosts/seg-sa.es/ HTTP/1.1" 200 11436 "-" "Mozilla/5.0 (Macintosh; Intel Mac OS X 10_15_7) AppleWebKit/537.36 (KHTML, like Gecko) Chrome/104.0.0.0 Safari/537.36"
93.92.20.171 - - [21/Sep/2026:09:14:16 +0200] "GET /?lokasie=/var/www/vhosts/seg-sa.es/4nbewxug.php&loknya=/var/www/vhosts/seg-sa.es HTTP/1.1" 200 11375 "-" "Mozilla/5.0 (Macintosh; Intel Mac OS X 10_15_7) AppleWebKit/537.36 (KHTML, like Gecko) Chrome/104.0.0.0 Safari/537.36"
93.92.20.171 - - [21/Sep/2026:09:14:17 +0200] "GET /?lokasie=/var/www/vhosts/seg-sa.es/oqlna52a.php&loknya=/var/www/vhosts/seg-sa.es HTTP/1.1" 200 11476 "-" "Mozilla/5.0 (Macintosh; Intel Mac OS X 10_15_7) AppleWebKit/537.36 (KHTML, like Gecko) Chrome/104.0.0.0 Safari/537.36"
116.179.32.95 - - [21/Sep/2026:09:14:23 +0200] "GET /wp-json/wp/v2/pages/694?lokasie=/var/www/vhosts/seg-sa.es/serinco.es/wp-feed.php&loknya=/var/www/vhosts/seg-sa.es/serinco.es HTTP/1.1" 404 6479 "-" "Mozilla/5.0 (compatible; Baiduspider/2.0; +http://www.baidu.com/search/spider.html)"
116.179.32.96 - - [21/Sep/2026:09:14:24 +0200] "GET /wp-json/wp/v2/pages/694?lokasie=/var/www/vhosts/seg-sa.es/serinco.es/wp-control.php&loknya=/var/www/vhosts/seg-sa.es/serinco.es HTTP/1.1" 404 6463 "-" "Mozilla/5.0 (compatible; Baiduspider/2.0; +http://www.baidu.com/search/spider.html)"
45.78.56.234 - - [21/Sep/2026:09:16:11 +0200] "GET /wp-content/uploads/2026/09/wzevaspw.php HTTP/1.1" 404 6479 "-" "Mozilla/5.0 (Windows NT 10.0; Win64; x64) AppleWebKit/537.36 (KHTML, like Gecko) Chrome/136.0.0.0 Safari/537.36 Edg/136.0.0.0"
45.78.56.234 - - [21/Sep/2026:09:16:12 +0200] "GET /wp-content/uploads/2026/09/wzevaspw.php?ac=p&api=&path=&t=b366b763edaac0dbb03a9f7dc791c464 HTTP/1.1" 404 6463 "-" "Mozilla/5.0 (Windows NT 10.0; Win64; x64) AppleWebKit/537.36 (KHTML, like Gecko) Chrome/136.0.0.0 Safari/537.36 Edg/136.0.0.0"
45.78.56.234 - - [21/Sep/2026:09:16:14 +0200] "GET /wp-content/uploads/2026/09/wzevaspw.php HTTP/1.1" 404 6495 "-" "Mozilla/5.0 (Windows NT 10.0; Win64; x64) AppleWebKit/537.36 (KHTML, like Gecko) Chrome/136.0.0.0 Safari/537.36 Edg/136.0.0.0"
45.78.56.234 - - [21/Sep/2026:09:16:16 +0200] "POST /wp-content/uploads/2026/09/wzevaspw.php HTTP/1.1" 404 6463 "-" "Mozilla/5.0 (Windows NT 10.0; Win64; x64) AppleWebKit/537.36 (KHTML, like Gecko) Chrome/136.0.0.0 Safari/537.36 Edg/136.0.0.0"
40.77.167.235 - - [21/Sep/2026:09:16:28 +0200] "GET /chauffeur-livreur-fiche-m%C3%A9tier-onisep-k.html HTTP/1.1" 404 6495 "-" "Mozilla/5.0 AppleWebKit/537.36 (KHTML, like Gecko; compatible; bingbot/2.0; +http://www.bing.com/bingbot.htm) Chrome/116.0.1938.76 Safari/537.36"
142.54.189.122 - - [21/Sep/2026:09:16:43 +0200] "GET /wp-content/uploads/2026/09/wzevaspw.php HTTP/1.1" 404 6463 "-" "Mozilla/5.0 (Windows NT 10.0; Win64; x64) AppleWebKit/537.36 (KHTML, like Gecko) Chrome/153.0.0.0 Safari/537.36"
142.54.189.122 - - [21/Sep/2026:09:16:43 +0200] "GET /favicon.ico HTTP/1.1" 404 6495 "https://serinco.es/wp-content/uploads/2026/09/wzevaspw.php" "Mozilla/5.0 (Windows NT 10.0; Win64; x64) AppleWebKit/537.36 (KHTML, like Gecko) Chrome/153.0.0.0 Safari/537.36"
220.181.108.146 - - [21/Sep/2026:09:17:43 +0200] "GET /wp-json/wp/v2/pages/694?lokasie=/var/www/vhosts/seg-sa.es/serinco.es/wp-vars.php&loknya=/var/www/vhosts/seg-sa.es/serinco.es HTTP/1.1" 404 6495 "-" "Mozilla/5.0 (compatible; Baiduspider/2.0; +http://www.baidu.com/search/spider.html)"
54.36.150.170 - - [21/Sep/2026:09:17:51 +0200] "GET /gifs-anim%C3%A9s-joyeux-no%C3%ABl-k.html HTTP/1.1" 404 6495 "-" "Mozilla/5.0 (compatible; HaloBot/1.0)"
142.54.189.122 - - [21/Sep/2026:09:19:24 +0200] "GET /wp-content/uploads/2026/09/wzevaspw.php HTTP/1.1" 404 6495 "-" "Mozilla/5.0 (Windows NT 10.0; Win64; x64) AppleWebKit/537.36 (KHTML, like Gecko) Chrome/153.0.0.0 Safari/537.36"
142.54.189.122 - - [21/Sep/2026:09:19:24 +0200] "GET /admin.php?520 HTTP/1.1" 200 5380 "-" "Mozilla/5.0 (Windows NT 10.0; Win64; x64) AppleWebKit/537.36 (KHTML, like Gecko) Chrome/153.0.0.0 Safari/537.36"
116.179.32.215 - - [21/Sep/2026:09:20:27 +0200] "GET /wp-json/wp/v2/pages/694?lokasie=/var/www/vhosts/seg-sa.es/serinco.es/wp-class-filters.php&loknya=/var/www/vhosts/seg-sa.es/serinco.es HTTP/1.1" 404 6495 "-" "Mozilla/5.0 (compatible; Baiduspider/2.0; +http://www.baidu.com/search/spider.html)"
116.179.32.214 - - [21/Sep/2026:09:21:03 +0200] "GET /wp-json/wp/v2/pages/694?lokasie=/var/www/vhosts/seg-sa.es/serinco.es/wp-menus.php&loknya=/var/www/vhosts/seg-sa.es/serinco.es HTTP/1.1" 404 6495 "-" "Mozilla/5.0 (compatible; Baiduspider/2.0; +http://www.baidu.com/search/spider.html)"
116.179.32.226 - - [21/Sep/2026:09:21:03 +0200] "GET /wp-json/wp/v2/pages/694?lokasie=/var/www/vhosts/seg-sa.es/serinco.es/wp-application.php&loknya=/var/www/vhosts/seg-sa.es/serinco.es HTTP/1.1" 404 6495 "-" "Mozilla/5.0 (compatible; Baiduspider/2.0; +http://www.baidu.com/search/spider.html)"
94.130.21.250 - - [21/Sep/2026:09:21:29 +0200] "POST /xmlrpc.php HTTP/1.1" 200 564639 "-" "Mozilla/5.0 (Windows NT 10.0) AppleWebKit/537.43 (KHTML, like Gecko) Chrome/135.0.0.0 Safari/537.36 OPR/120.0.0.0"
209.141.37.250 - - [21/Sep/2026:09:22:17 +0200] "GET /wp-login.php HTTP/1.1" 200 564658 "-" "Mozilla/5.0 (Windows NT 10.0; Win64; x64) AppleWebKit/537.36 (KHTML, like Gecko) Chrome/147.0.0.0 Safari/537.36"
116.179.32.144 - - [21/Sep/2026:09:24:24 +0200] "GET /wp-json/wp/v2/pages/694?lokasie=/var/www/vhosts/seg-sa.es/serinco.es/wp-text.php&loknya=/var/www/vhosts/seg-sa.es/serinco.es HTTP/1.1" 404 6479 "-" "Mozilla/5.0 (compatible; Baiduspider/2.0; +http://www.baidu.com/search/spider.html)"
220.181.108.93 - - [21/Sep/2026:09:24:25 +0200] "GET /wp-json/wp/v2/pages/694?lokasie=/var/www/vhosts/seg-sa.es/serinco.es/wp-section.php&loknya=/var/www/vhosts/seg-sa.es/serinco.es HTTP/1.1" 404 6479 "-" "Mozilla/5.0 (compatible; Baiduspider/2.0; +http://www.baidu.com/search/spider.html)"
54.36.150.170 - - [21/Sep/2026:09:24:59 +0200] "GET /mrpuz6tqh.html HTTP/1.1" 404 6495 "-" "Mozilla/5.0 (compatible; HaloBot/1.0)"
116.179.32.46 - - [21/Sep/2026:09:27:44 +0200] "GET /wp-json/wp/v2/pages/694?lokasie=/var/www/vhosts/seg-sa.es/serinco.es/wp-streams.php&loknya=/var/www/vhosts/seg-sa.es/serinco.es HTTP/1.1" 404 6463 "-" "Mozilla/5.0 (compatible; Baiduspider/2.0; +http://www.baidu.com/search/spider.html)"
54.36.150.170 - - [21/Sep/2026:09:27:51 +0200] "GET /recette-mayonnaise-shaker-tupperware-k.html HTTP/1.1" 404 6479 "-" "Mozilla/5.0 (compatible; HaloBot/1.0)"
