216.73.217.70 - - [21/Sep/2026:12:57:06 +0200] "GET /?lokasie=%2Fvar%2Fwww%2Fvhosts%2Fseg-sa.es%2Fxq7qmnfy.php&loknya=%2Fvar%2Fwww%2Fvhosts%2Fseg-sa.es HTTP/1.1" 200 11357 "-" "Mozilla/5.0 AppleWebKit/537.36 (KHTML, like Gecko; compatible; ClaudeBot/1.0; +claudebot@anthropic.com)"
216.73.217.70 - - [21/Sep/2026:12:57:06 +0200] "GET /?lokasie=%2Fvar%2Fwww%2Fvhosts%2Fseg-sa.es%2Fserinco.es%2F.tmb%2Fwp-type.php&loknya=%2Fvar%2Fwww%2Fvhosts%2Fseg-sa.es%2Fserinco.es%2F.tmb HTTP/1.1" 200 199948 "-" "Mozilla/5.0 AppleWebKit/537.36 (KHTML, like Gecko; compatible; ClaudeBot/1.0; +claudebot@anthropic.com)"
216.73.217.70 - - [21/Sep/2026:12:57:07 +0200] "GET /?lokasie=%2Fvar%2Fwww%2Fvhosts%2Fseg-sa.es%2Fserinco.es%2Fpdf%2Fwp-ajax.php&loknya=%2Fvar%2Fwww%2Fvhosts%2Fseg-sa.es%2Fserinco.es%2Fpdf HTTP/1.1" 200 15950 "-" "Mozilla/5.0 AppleWebKit/537.36 (KHTML, like Gecko; compatible; ClaudeBot/1.0; +claudebot@anthropic.com)"
216.73.217.70 - - [21/Sep/2026:12:57:07 +0200] "GET /?lokasie=%2Fvar%2Fwww%2Fvhosts%2Fseg-sa.es%2Fserinco.es%2Fpdf%2Fwp-vars.php&loknya=%2Fvar%2Fwww%2Fvhosts%2Fseg-sa.es%2Fserinco.es%2Fpdf HTTP/1.1" 200 16201 "-" "Mozilla/5.0 AppleWebKit/537.36 (KHTML, like Gecko; compatible; ClaudeBot/1.0; +claudebot@anthropic.com)"
216.73.217.70 - - [21/Sep/2026:12:57:07 +0200] "GET /?lokasie=%2Fvar%2Fwww%2Fvhosts%2Fseg-sa.es%2Fserinco.es%2Fpdf%2F258c2e50.php&loknya=%2Fvar%2Fwww%2Fvhosts%2Fseg-sa.es%2Fserinco.es%2Fpdf HTTP/1.1" 200 65644 "-" "Mozilla/5.0 AppleWebKit/537.36 (KHTML, like Gecko; compatible; ClaudeBot/1.0; +claudebot@anthropic.com)"
216.73.217.70 - - [21/Sep/2026:12:57:07 +0200] "GET /?lokasie=%2Fvar%2Fwww%2Fvhosts%2Fseg-sa.es%2F%2Fhwy81k3z.php&loknya=%2Fvar%2Fwww%2Fvhosts%2Fseg-sa.es%2F HTTP/1.1" 200 11432 "-" "Mozilla/5.0 AppleWebKit/537.36 (KHTML, like Gecko; compatible; ClaudeBot/1.0; +claudebot@anthropic.com)"
216.73.217.70 - - [21/Sep/2026:12:57:07 +0200] "GET /?lokasie=%2Fvar%2Fwww%2Fvhosts%2Fseg-sa.es%2Fserinco.es%2Fpdf%2Fwp-revision.php&loknya=%2Fvar%2Fwww%2Fvhosts%2Fseg-sa.es%2Fserinco.es%2Fpdf HTTP/1.1" 200 25901 "-" "Mozilla/5.0 AppleWebKit/537.36 (KHTML, like Gecko; compatible; ClaudeBot/1.0; +claudebot@anthropic.com)"
74.7.242.28 - - [21/Sep/2026:12:57:07 +0200] "GET /?lokasie=/var/www/vhosts/seg-sa.es/serinco.es/wp-json.php&loknya=/var/www/vhosts/seg-sa.es/serinco.es HTTP/1.1" 200 23494 "https://www.serinco.es/" "Mozilla/5.0 AppleWebKit/537.36 (KHTML, like Gecko; compatible; GPTBot/1.4; +https://openai.com/gptbot)"
216.73.217.70 - - [21/Sep/2026:12:57:07 +0200] "GET /?lokasie=%2Fvar%2Fwww%2Fvhosts%2Fseg-sa.es%2Fserinco.es%2Fwp-content%2Fiqjlfydc.php&loknya=%2Fvar%2Fwww%2Fvhosts%2Fseg-sa.es%2Fserinco.es%2Fwp-content HTTP/1.1" 200 14934 "-" "Mozilla/5.0 AppleWebKit/537.36 (KHTML, like Gecko; compatible; ClaudeBot/1.0; +claudebot@anthropic.com)"
216.73.217.70 - - [21/Sep/2026:12:57:08 +0200] "GET /?lokasie=%2Fvar%2Fwww%2Fvhosts%2Fseg-sa.es%2Fserinco.es%2Fpdf%2Fwp-protection.php&loknya=%2Fvar%2Fwww%2Fvhosts%2Fseg-sa.es%2Fserinco.es%2Fpdf HTTP/1.1" 200 92028 "-" "Mozilla/5.0 AppleWebKit/537.36 (KHTML, like Gecko; compatible; ClaudeBot/1.0; +claudebot@anthropic.com)"
216.73.217.70 - - [21/Sep/2026:12:57:08 +0200] "GET /?lokasie=%2Fvar%2Fwww%2Fvhosts%2Fseg-sa.es%2F%2Fjfukq5zl.php&loknya=%2Fvar%2Fwww%2Fvhosts%2Fseg-sa.es%2F HTTP/1.1" 200 11636 "-" "Mozilla/5.0 AppleWebKit/537.36 (KHTML, like Gecko; compatible; ClaudeBot/1.0; +claudebot@anthropic.com)"
216.73.217.70 - - [21/Sep/2026:12:57:08 +0200] "GET /?lokasie=%2Fvar%2Fwww%2Fvhosts%2Fseg-sa.es%2Fserinco.es%2Fpdf%2Fwp-converter.php&loknya=%2Fvar%2Fwww%2Fvhosts%2Fseg-sa.es%2Fserinco.es%2Fpdf HTTP/1.1" 200 29764 "-" "Mozilla/5.0 AppleWebKit/537.36 (KHTML, like Gecko; compatible; ClaudeBot/1.0; +claudebot@anthropic.com)"
216.73.217.70 - - [21/Sep/2026:12:57:08 +0200] "GET /?lokasie=%2Fvar%2Fwww%2Fvhosts%2Fseg-sa.es%2Fserinco.es%2Fpdf%2Fwp-class-canonical.php&loknya=%2Fvar%2Fwww%2Fvhosts%2Fseg-sa.es%2Fserinco.es%2Fpdf HTTP/1.1" 200 55329 "-" "Mozilla/5.0 AppleWebKit/537.36 (KHTML, like Gecko; compatible; ClaudeBot/1.0; +claudebot@anthropic.com)"
216.73.217.70 - - [21/Sep/2026:12:57:08 +0200] "GET /?lokasie=%2Fvar%2Fwww%2Fvhosts%2Fseg-sa.es%2Fserinco.es%2Fpdf%2Fwp-registry.php&loknya=%2Fvar%2Fwww%2Fvhosts%2Fseg-sa.es%2Fserinco.es%2Fpdf HTTP/1.1" 200 42185 "-" "Mozilla/5.0 AppleWebKit/537.36 (KHTML, like Gecko; compatible; ClaudeBot/1.0; +claudebot@anthropic.com)"
216.73.217.70 - - [21/Sep/2026:12:57:08 +0200] "GET /index.php?lokasie=%2Fvar%2Fwww%2Fvhosts%2Fseg-sa.es%2Fserinco.es%2FjCtvdXUr.php&loknya=%2Fvar%2Fwww%2Fvhosts%2Fseg-sa.es%2Fserinco.es HTTP/1.1" 200 12769 "-" "Mozilla/5.0 AppleWebKit/537.36 (KHTML, like Gecko; compatible; ClaudeBot/1.0; +claudebot@anthropic.com)"
216.73.217.70 - - [21/Sep/2026:12:57:08 +0200] "GET /?lokasie=%2Fvar%2Fwww%2Fvhosts%2Fseg-sa.es%2Fserinco.es%2Fpdf%2Fwp-fonts.php&loknya=%2Fvar%2Fwww%2Fvhosts%2Fseg-sa.es%2Fserinco.es%2Fpdf HTTP/1.1" 200 30812 "-" "Mozilla/5.0 AppleWebKit/537.36 (KHTML, like Gecko; compatible; ClaudeBot/1.0; +claudebot@anthropic.com)"
74.7.242.28 - - [21/Sep/2026:12:57:08 +0200] "GET /?lokasie=/var/www/vhosts/seg-sa.es/serinco.es/wp-navigation.php&loknya=/var/www/vhosts/seg-sa.es/serinco.es HTTP/1.1" 200 20758 "https://www.serinco.es/" "Mozilla/5.0 AppleWebKit/537.36 (KHTML, like Gecko; compatible; GPTBot/1.4; +https://openai.com/gptbot)"
216.73.217.70 - - [21/Sep/2026:12:57:08 +0200] "GET /?lokasie=%2Fvar%2Fwww%2Fvhosts%2Fseg-sa.es%2F%2Fejq6rvoi.php&loknya=%2Fvar%2Fwww%2Fvhosts%2Fseg-sa.es%2F HTTP/1.1" 200 11611 "-" "Mozilla/5.0 AppleWebKit/537.36 (KHTML, like Gecko; compatible; ClaudeBot/1.0; +claudebot@anthropic.com)"
216.73.217.70 - - [21/Sep/2026:12:57:08 +0200] "GET /?lokasie=%2Fvar%2Fwww%2Fvhosts%2Fseg-sa.es%2Fhwy81k3z.php&loknya=%2Fvar%2Fwww%2Fvhosts%2Fseg-sa.es HTTP/1.1" 200 11431 "-" "Mozilla/5.0 AppleWebKit/537.36 (KHTML, like Gecko; compatible; ClaudeBot/1.0; +claudebot@anthropic.com)"
216.73.217.70 - - [21/Sep/2026:12:57:09 +0200] "GET /?lokasie=%2Fvar%2Fwww%2Fvhosts%2Fseg-sa.es%2Fserinco.es%2Fwp-admin%2Fsite-health-info.php&loknya=%2Fvar%2Fwww%2Fvhosts%2Fseg-sa.es%2Fserinco.es%2Fwp-admin HTTP/1.1" 200 14570 "-" "Mozilla/5.0 AppleWebKit/537.36 (KHTML, like Gecko; compatible; ClaudeBot/1.0; +claudebot@anthropic.com)"
216.73.217.70 - - [21/Sep/2026:12:57:09 +0200] "GET /?lokasie=%2Fvar%2Fwww%2Fvhosts%2Fseg-sa.es%2Fserinco.es%2Fpdf%2Fwp-class-locale.php&loknya=%2Fvar%2Fwww%2Fvhosts%2Fseg-sa.es%2Fserinco.es%2Fpdf HTTP/1.1" 200 32666 "-" "Mozilla/5.0 AppleWebKit/537.36 (KHTML, like Gecko; compatible; ClaudeBot/1.0; +claudebot@anthropic.com)"
216.73.217.70 - - [21/Sep/2026:12:57:09 +0200] "GET /?lokasie=%2Fvar%2Fwww%2Fvhosts%2Fseg-sa.es%2Fserinco.es%2Fpdf%2Fwp-media.php&loknya=%2Fvar%2Fwww%2Fvhosts%2Fseg-sa.es%2Fserinco.es%2Fpdf HTTP/1.1" 200 28424 "-" "Mozilla/5.0 AppleWebKit/537.36 (KHTML, like Gecko; compatible; ClaudeBot/1.0; +claudebot@anthropic.com)"
216.73.217.70 - - [21/Sep/2026:12:57:09 +0200] "GET /index.php?lokasie=%2Fvar%2Fwww%2Fvhosts%2Fseg-sa.es%2Fserinco.es%2FLjFHOrvq.php&loknya=%2Fvar%2Fwww%2Fvhosts%2Fseg-sa.es%2Fserinco.es HTTP/1.1" 200 12581 "-" "Mozilla/5.0 AppleWebKit/537.36 (KHTML, like Gecko; compatible; ClaudeBot/1.0; +claudebot@anthropic.com)"
216.73.217.70 - - [21/Sep/2026:12:57:09 +0200] "GET /?lokasie=%2Fvar%2Fwww%2Fvhosts%2Fseg-sa.es%2Fjfukq5zl.php&loknya=%2Fvar%2Fwww%2Fvhosts%2Fseg-sa.es HTTP/1.1" 200 11603 "-" "Mozilla/5.0 AppleWebKit/537.36 (KHTML, like Gecko; compatible; ClaudeBot/1.0; +claudebot@anthropic.com)"
74.7.242.28 - - [21/Sep/2026:12:57:09 +0200] "GET /?lokasie=/var/www/vhosts/seg-sa.es/serinco.es/wp-default.php&loknya=/var/www/vhosts/seg-sa.es/serinco.es HTTP/1.1" 200 28105 "https://www.serinco.es/" "Mozilla/5.0 AppleWebKit/537.36 (KHTML, like Gecko; compatible; GPTBot/1.4; +https://openai.com/gptbot)"
216.73.217.70 - - [21/Sep/2026:12:57:09 +0200] "GET /?lokasie=%2Fvar%2Fwww%2Fvhosts%2Fseg-sa.es%2Fserinco.es%2Fpdf%2Fwp-role.php&loknya=%2Fvar%2Fwww%2Fvhosts%2Fseg-sa.es%2Fserinco.es%2Fpdf HTTP/1.1" 200 60005 "-" "Mozilla/5.0 AppleWebKit/537.36 (KHTML, like Gecko; compatible; ClaudeBot/1.0; +claudebot@anthropic.com)"
216.73.217.70 - - [21/Sep/2026:12:57:09 +0200] "GET /?lokasie=%2Fvar%2Fwww%2Fvhosts%2Fseg-sa.es%2F%2Fgq001wz6.php&loknya=%2Fvar%2Fwww%2Fvhosts%2Fseg-sa.es%2F HTTP/1.1" 200 11455 "-" "Mozilla/5.0 AppleWebKit/537.36 (KHTML, like Gecko; compatible; ClaudeBot/1.0; +claudebot@anthropic.com)"
216.73.217.70 - - [21/Sep/2026:12:57:09 +0200] "GET /?lokasie=%2Fvar%2Fwww%2Fvhosts%2Fseg-sa.es%2Fejq6rvoi.php&loknya=%2Fvar%2Fwww%2Fvhosts%2Fseg-sa.es HTTP/1.1" 200 11594 "-" "Mozilla/5.0 AppleWebKit/537.36 (KHTML, like Gecko; compatible; ClaudeBot/1.0; +claudebot@anthropic.com)"
216.73.217.70 - - [21/Sep/2026:12:57:10 +0200] "GET /?lokasie=%2Fvar%2Fwww%2Fvhosts%2Fseg-sa.es%2Fserinco.es%2Fpdf%2Fwp-class-recovery.php&loknya=%2Fvar%2Fwww%2Fvhosts%2Fseg-sa.es%2Fserinco.es%2Fpdf HTTP/1.1" 200 57199 "-" "Mozilla/5.0 AppleWebKit/537.36 (KHTML, like Gecko; compatible; ClaudeBot/1.0; +claudebot@anthropic.com)"
216.73.217.70 - - [21/Sep/2026:12:57:10 +0200] "GET /?lokasie=%2Fvar%2Fwww%2Fvhosts%2Fseg-sa.es%2Fserinco.es%2Fpdf%2Fwp-class-fatal.php&loknya=%2Fvar%2Fwww%2Fvhosts%2Fseg-sa.es%2Fserinco.es%2Fpdf HTTP/1.1" 200 24073 "-" "Mozilla/5.0 AppleWebKit/537.36 (KHTML, like Gecko; compatible; ClaudeBot/1.0; +claudebot@anthropic.com)"
216.73.217.70 - - [21/Sep/2026:12:57:10 +0200] "GET /?lokasie=%2Fvar%2Fwww%2Fvhosts%2Fseg-sa.es%2Fserinco.es%2Fpdf%2Fwp-class-tokens.php&loknya=%2Fvar%2Fwww%2Fvhosts%2Fseg-sa.es%2Fserinco.es%2Fpdf HTTP/1.1" 200 29695 "-" "Mozilla/5.0 AppleWebKit/537.36 (KHTML, like Gecko; compatible; ClaudeBot/1.0; +claudebot@anthropic.com)"
216.73.217.70 - - [21/Sep/2026:12:57:10 +0200] "GET /?lokasie=%2Fvar%2Fwww%2Fvhosts%2Fseg-sa.es%2Fgq001wz6.php&loknya=%2Fvar%2Fwww%2Fvhosts%2Fseg-sa.es HTTP/1.1" 200 11454 "-" "Mozilla/5.0 AppleWebKit/537.36 (KHTML, like Gecko; compatible; ClaudeBot/1.0; +claudebot@anthropic.com)"
74.7.242.28 - - [21/Sep/2026:12:57:10 +0200] "GET /?lokasie=/var/www/vhosts/seg-sa.es/serinco.es/wp-class-db.php&loknya=/var/www/vhosts/seg-sa.es/serinco.es HTTP/1.1" 200 26430 "https://www.serinco.es/" "Mozilla/5.0 AppleWebKit/537.36 (KHTML, like Gecko; compatible; GPTBot/1.4; +https://openai.com/gptbot)"
216.73.217.70 - - [21/Sep/2026:12:57:10 +0200] "GET /index.php?lokasie=%2Fvar%2Fwww%2Fvhosts%2Fseg-sa.es%2Fserinco.es%2FcGJgjnIp.php&loknya=%2Fvar%2Fwww%2Fvhosts%2Fseg-sa.es%2Fserinco.es HTTP/1.1" 200 12635 "-" "Mozilla/5.0 AppleWebKit/537.36 (KHTML, like Gecko; compatible; ClaudeBot/1.0; +claudebot@anthropic.com)"
216.73.217.70 - - [21/Sep/2026:12:57:10 +0200] "GET /?lokasie=%2Fvar%2Fwww%2Fvhosts%2Fseg-sa.es%2Fserinco.es%2Fpdf%2Fwp-taxonomy.php&loknya=%2Fvar%2Fwww%2Fvhosts%2Fseg-sa.es%2Fserinco.es%2Fpdf HTTP/1.1" 200 19501 "-" "Mozilla/5.0 AppleWebKit/537.36 (KHTML, like Gecko; compatible; ClaudeBot/1.0; +claudebot@anthropic.com)"
216.73.217.70 - - [21/Sep/2026:12:57:10 +0200] "GET /?lokasie=%2Fvar%2Fwww%2Fvhosts%2Fseg-sa.es%2Fserinco.es%2Fpdf%2Fwp-paused.php&loknya=%2Fvar%2Fwww%2Fvhosts%2Fseg-sa.es%2Fserinco.es%2Fpdf HTTP/1.1" 200 85360 "-" "Mozilla/5.0 AppleWebKit/537.36 (KHTML, like Gecko; compatible; ClaudeBot/1.0; +claudebot@anthropic.com)"
216.73.217.70 - - [21/Sep/2026:12:57:10 +0200] "GET /?lokasie=%2Fvar%2Fwww%2Fvhosts%2Fseg-sa.es%2Fserinco.es%2F.tmb%2Fwp-class-formats.php&loknya=%2Fvar%2Fwww%2Fvhosts%2Fseg-sa.es%2Fserinco.es%2F.tmb HTTP/1.1" 200 15919 "-" "Mozilla/5.0 AppleWebKit/537.36 (KHTML, like Gecko; compatible; ClaudeBot/1.0; +claudebot@anthropic.com)"
216.73.217.70 - - [21/Sep/2026:12:57:11 +0200] "GET /?lokasie=%2Fvar%2Fwww%2Fvhosts%2Fseg-sa.es%2Fserinco.es%2F.tmb%2Fwp-class-passwords.php&loknya=%2Fvar%2Fwww%2Fvhosts%2Fseg-sa.es%2Fserinco.es%2F.tmb HTTP/1.1" 200 15968 "-" "Mozilla/5.0 AppleWebKit/537.36 (KHTML, like Gecko; compatible; ClaudeBot/1.0; +claudebot@anthropic.com)"
216.73.217.70 - - [21/Sep/2026:12:57:11 +0200] "GET /?lokasie=%2Fvar%2Fwww%2Fvhosts%2Fseg-sa.es%2Fserinco.es%2Fpdf%2Fwp-class-factory.php&loknya=%2Fvar%2Fwww%2Fvhosts%2Fseg-sa.es%2Fserinco.es%2Fpdf HTTP/1.1" 200 27729 "-" "Mozilla/5.0 AppleWebKit/537.36 (KHTML, like Gecko; compatible; ClaudeBot/1.0; +claudebot@anthropic.com)"
216.73.217.70 - - [21/Sep/2026:12:57:11 +0200] "GET /?lokasie=%2Fvar%2Fwww%2Fvhosts%2Fseg-sa.es%2Fserinco.es%2Fpdf%2Fwp-canonical.php&loknya=%2Fvar%2Fwww%2Fvhosts%2Fseg-sa.es%2Fserinco.es%2Fpdf HTTP/1.1" 200 55129 "-" "Mozilla/5.0 AppleWebKit/537.36 (KHTML, like Gecko; compatible; ClaudeBot/1.0; +claudebot@anthropic.com)"
216.73.217.70 - - [21/Sep/2026:12:57:11 +0200] "GET /?lokasie=%2Fvar%2Fwww%2Fvhosts%2Fseg-sa.es%2Fserinco.es%2Fwp-content%2Fqjyemlha.php&loknya=%2Fvar%2Fwww%2Fvhosts%2Fseg-sa.es%2Fserinco.es%2Fwp-content HTTP/1.1" 200 124395 "-" "Mozilla/5.0 AppleWebKit/537.36 (KHTML, like Gecko; compatible; ClaudeBot/1.0; +claudebot@anthropic.com)"
216.73.217.70 - - [21/Sep/2026:12:57:11 +0200] "GET /?lokasie=%2Fvar%2Fwww%2Fvhosts%2Fseg-sa.es%2Fserinco.es%2Fpdf%2Fwp-filters.php&loknya=%2Fvar%2Fwww%2Fvhosts%2Fseg-sa.es%2Fserinco.es%2Fpdf HTTP/1.1" 200 23875 "-" "Mozilla/5.0 AppleWebKit/537.36 (KHTML, like Gecko; compatible; ClaudeBot/1.0; +claudebot@anthropic.com)"
74.7.242.28 - - [21/Sep/2026:12:57:11 +0200] "GET /?loknya=/ HTTP/1.1" 200 10470 "https://www.serinco.es/" "Mozilla/5.0 AppleWebKit/537.36 (KHTML, like Gecko; compatible; GPTBot/1.4; +https://openai.com/gptbot)"
216.73.217.70 - - [21/Sep/2026:12:57:11 +0200] "GET /?lokasie=%2Fvar%2Fwww%2Fvhosts%2Fseg-sa.es%2Fserinco.es%2F.tmb%2Fwp-general.php&loknya=%2Fvar%2Fwww%2Fvhosts%2Fseg-sa.es%2Fserinco.es%2F.tmb HTTP/1.1" 200 43445 "-" "Mozilla/5.0 AppleWebKit/537.36 (KHTML, like Gecko; compatible; ClaudeBot/1.0; +claudebot@anthropic.com)"
216.73.217.70 - - [21/Sep/2026:12:57:11 +0200] "GET /?lokasie=%2Fvar%2Fwww%2Fvhosts%2Fseg-sa.es%2Fserinco.es%2Fpdf%2Fwp-class-tax.php&loknya=%2Fvar%2Fwww%2Fvhosts%2Fseg-sa.es%2Fserinco.es%2Fpdf HTTP/1.1" 200 48224 "-" "Mozilla/5.0 AppleWebKit/537.36 (KHTML, like Gecko; compatible; ClaudeBot/1.0; +claudebot@anthropic.com)"
216.73.217.70 - - [21/Sep/2026:12:57:12 +0200] "GET /?lokasie=%2Fvar%2Fwww%2Fvhosts%2Fseg-sa.es%2Fserinco.es%2Fpdf%2Fwp-recovery.php&loknya=%2Fvar%2Fwww%2Fvhosts%2Fseg-sa.es%2Fserinco.es%2Fpdf HTTP/1.1" 200 43406 "-" "Mozilla/5.0 AppleWebKit/537.36 (KHTML, like Gecko; compatible; ClaudeBot/1.0; +claudebot@anthropic.com)"
216.73.217.70 - - [21/Sep/2026:12:57:11 +0200] "GET /?lokasie=%2Fvar%2Fwww%2Fvhosts%2Fseg-sa.es%2F%2F.myimunify_id&loknya=%2Fvar%2Fwww%2Fvhosts%2Fseg-sa.es%2F HTTP/1.1" 200 9672 "-" "Mozilla/5.0 AppleWebKit/537.36 (KHTML, like Gecko; compatible; ClaudeBot/1.0; +claudebot@anthropic.com)"
216.73.217.70 - - [21/Sep/2026:12:57:12 +0200] "GET /?lokasie=%2Fvar%2Fwww%2Fvhosts%2Fseg-sa.es%2F.myimunify_id&loknya=%2Fvar%2Fwww%2Fvhosts%2Fseg-sa.es HTTP/1.1" 200 9687 "-" "Mozilla/5.0 AppleWebKit/537.36 (KHTML, like Gecko; compatible; ClaudeBot/1.0; +claudebot@anthropic.com)"
49.36.239.165 - - [21/Sep/2026:12:57:11 +0200] "POST /xmlrpc.php HTTP/1.1" 200 564639 "-" "WordPress.com; https://wordpress.com"
216.73.217.70 - - [21/Sep/2026:12:57:12 +0200] "GET /?lokasie=%2Fvar%2Fwww%2Fvhosts%2Fseg-sa.es%2Fserinco.es%2Fpdf%2Fwp-tokens.php&loknya=%2Fvar%2Fwww%2Fvhosts%2Fseg-sa.es%2Fserinco.es%2Fpdf HTTP/1.1" 200 31992 "-" "Mozilla/5.0 AppleWebKit/537.36 (KHTML, like Gecko; compatible; ClaudeBot/1.0; +claudebot@anthropic.com)"
216.73.217.70 - - [21/Sep/2026:12:57:12 +0200] "GET /?lokasie=%2Fvar%2Fwww%2Fvhosts%2Fseg-sa.es%2Fserinco.es%2F.tmb%2Fadmin-ajax.php&loknya=%2Fvar%2Fwww%2Fvhosts%2Fseg-sa.es%2Fserinco.es%2F.tmb HTTP/1.1" 200 15031 "-" "Mozilla/5.0 AppleWebKit/537.36 (KHTML, like Gecko; compatible; ClaudeBot/1.0; +claudebot@anthropic.com)"
216.73.217.70 - - [21/Sep/2026:12:57:12 +0200] "GET /?lokasie=%2Fvar%2Fwww%2Fvhosts%2Fseg-sa.es%2Fserinco.es%2Fpdf%2Fwp-fatal.php&loknya=%2Fvar%2Fwww%2Fvhosts%2Fseg-sa.es%2Fserinco.es%2Fpdf HTTP/1.1" 200 22330 "-" "Mozilla/5.0 AppleWebKit/537.36 (KHTML, like Gecko; compatible; ClaudeBot/1.0; +claudebot@anthropic.com)"
74.7.242.28 - - [21/Sep/2026:12:57:12 +0200] "GET /?loknya=/var/www HTTP/1.1" 200 10554 "https://www.serinco.es/" "Mozilla/5.0 AppleWebKit/537.36 (KHTML, like Gecko; compatible; GPTBot/1.4; +https://openai.com/gptbot)"
216.73.217.70 - - [21/Sep/2026:12:57:12 +0200] "GET /?lokasie=%2Fvar%2Fwww%2Fvhosts%2Fseg-sa.es%2Fserinco.es%2F.tmb%2Fwp-class-supports.php&loknya=%2Fvar%2Fwww%2Fvhosts%2Fseg-sa.es%2Fserinco.es%2F.tmb HTTP/1.1" 200 147982 "-" "Mozilla/5.0 AppleWebKit/537.36 (KHTML, like Gecko; compatible; ClaudeBot/1.0; +claudebot@anthropic.com)"
216.73.217.70 - - [21/Sep/2026:12:57:13 +0200] "GET /?lokasie=%2Fvar%2Fwww%2Fvhosts%2Fseg-sa.es%2Fserinco.es%2F.tmb%2Fwp-login.php&loknya=%2Fvar%2Fwww%2Fvhosts%2Fseg-sa.es%2Fserinco.es%2F.tmb HTTP/1.1" 200 14895 "-" "Mozilla/5.0 AppleWebKit/537.36 (KHTML, like Gecko; compatible; ClaudeBot/1.0; +claudebot@anthropic.com)"
216.73.217.70 - - [21/Sep/2026:12:57:12 +0200] "GET /?lokasie=%2Fvar%2Fwww%2Fvhosts%2Fseg-sa.es%2Fserinco.es%2Fpdf%2Fwp-factory.php&loknya=%2Fvar%2Fwww%2Fvhosts%2Fseg-sa.es%2Fserinco.es%2Fpdf HTTP/1.1" 200 138992 "-" "Mozilla/5.0 AppleWebKit/537.36 (KHTML, like Gecko; compatible; ClaudeBot/1.0; +claudebot@anthropic.com)"
216.73.217.70 - - [21/Sep/2026:12:57:13 +0200] "GET /?lokasie=%2Fvar%2Fwww%2Fvhosts%2Fseg-sa.es%2Fserinco.es%2F.tmb%2Fwp-roles.php&loknya=%2Fvar%2Fwww%2Fvhosts%2Fseg-sa.es%2Fserinco.es%2F.tmb HTTP/1.1" 200 262427 "-" "Mozilla/5.0 AppleWebKit/537.36 (KHTML, like Gecko; compatible; ClaudeBot/1.0; +claudebot@anthropic.com)"
216.73.217.70 - - [21/Sep/2026:12:57:13 +0200] "GET /?lokasie=%2Fvar%2Fwww%2Fvhosts%2Fseg-sa.es%2Fserinco.es%2Fpdf%2Fwp-tax.php&loknya=%2Fvar%2Fwww%2Fvhosts%2Fseg-sa.es%2Fserinco.es%2Fpdf HTTP/1.1" 200 23038 "-" "Mozilla/5.0 AppleWebKit/537.36 (KHTML, like Gecko; compatible; ClaudeBot/1.0; +claudebot@anthropic.com)"
216.73.217.70 - - [21/Sep/2026:12:57:13 +0200] "GET /?lokasie=%2Fvar%2Fwww%2Fvhosts%2Fseg-sa.es%2Fserinco.es%2F.tmb%2Fwp-registry.php&loknya=%2Fvar%2Fwww%2Fvhosts%2Fseg-sa.es%2Fserinco.es%2F.tmb HTTP/1.1" 200 124290 "-" "Mozilla/5.0 AppleWebKit/537.36 (KHTML, like Gecko; compatible; ClaudeBot/1.0; +claudebot@anthropic.com)"
216.73.217.70 - - [21/Sep/2026:12:57:13 +0200] "GET /?lokasie=%2Fvar%2Fwww%2Fvhosts%2Fseg-sa.es%2Fserinco.es%2F.tmb%2Fwp-class-locale.php&loknya=%2Fvar%2Fwww%2Fvhosts%2Fseg-sa.es%2Fserinco.es%2F.tmb HTTP/1.1" 200 87708 "-" "Mozilla/5.0 AppleWebKit/537.36 (KHTML, like Gecko; compatible; ClaudeBot/1.0; +claudebot@anthropic.com)"
216.73.217.70 - - [21/Sep/2026:12:57:13 +0200] "GET /index.php?lokasie=%2Fvar%2Fwww%2Fvhosts%2Fseg-sa.es%2Fserinco.es%2F.ftpquota&loknya=%2Fvar%2Fwww%2Fvhosts%2Fseg-sa.es%2Fserinco.es HTTP/1.1" 200 9646 "-" "Mozilla/5.0 AppleWebKit/537.36 (KHTML, like Gecko; compatible; ClaudeBot/1.0; +claudebot@anthropic.com)"
216.73.217.70 - - [21/Sep/2026:12:57:13 +0200] "GET /?lokasie=%2Fvar%2Fwww%2Fvhosts%2Fseg-sa.es%2Fserinco.es%2Fpdf%2FH-OTROS-ENSAYOS.pdf&loknya=%2Fvar%2Fwww%2Fvhosts%2Fseg-sa.es%2Fserinco.es%2Fpdf HTTP/1.1" 200 9711 "-" "Mozilla/5.0 AppleWebKit/537.36 (KHTML, like Gecko; compatible; ClaudeBot/1.0; +claudebot@anthropic.com)"
74.7.242.28 - - [21/Sep/2026:12:57:13 +0200] "GET /?lokasie=/var/www/vhosts/seg-sa.es/serinco.es/duongyxv.php&loknya=/var/www/vhosts/seg-sa.es/serinco.es HTTP/1.1" 200 9663 "https://www.serinco.es/" "Mozilla/5.0 AppleWebKit/537.36 (KHTML, like Gecko; compatible; GPTBot/1.4; +https://openai.com/gptbot)"
216.73.217.70 - - [21/Sep/2026:12:57:14 +0200] "GET /?lokasie=%2Fvar%2Fwww%2Fvhosts%2Fseg-sa.es%2Fserinco.es%2Fwp-snapshots%2Findex.php&loknya=%2Fvar%2Fwww%2Fvhosts%2Fseg-sa.es%2Fserinco.es%2Fwp-snapshots HTTP/1.1" 200 9951 "-" "Mozilla/5.0 AppleWebKit/537.36 (KHTML, like Gecko; compatible; ClaudeBot/1.0; +claudebot@anthropic.com)"
216.73.217.70 - - [21/Sep/2026:12:57:14 +0200] "GET /?lokasie=%2Fvar%2Fwww%2Fvhosts%2Fseg-sa.es%2Fserinco.es%2Fpdf%2Fxartpkum.php&loknya=%2Fvar%2Fwww%2Fvhosts%2Fseg-sa.es%2Fserinco.es%2Fpdf HTTP/1.1" 200 12335 "-" "Mozilla/5.0 AppleWebKit/537.36 (KHTML, like Gecko; compatible; ClaudeBot/1.0; +claudebot@anthropic.com)"
216.73.217.70 - - [21/Sep/2026:12:57:14 +0200] "GET /?lokasie=%2Fvar%2Fwww%2Fvhosts%2Fseg-sa.es%2Fserinco.es%2Fpdf%2Fapdqeuzx.php&loknya=%2Fvar%2Fwww%2Fvhosts%2Fseg-sa.es%2Fserinco.es%2Fpdf HTTP/1.1" 200 83176 "-" "Mozilla/5.0 AppleWebKit/537.36 (KHTML, like Gecko; compatible; ClaudeBot/1.0; +claudebot@anthropic.com)"
216.73.217.70 - - [21/Sep/2026:12:57:14 +0200] "GET /?lokasie=%2Fvar%2Fwww%2Fvhosts%2Fseg-sa.es%2Fserinco.es%2F.tmb%2Fwp-locale.php&loknya=%2Fvar%2Fwww%2Fvhosts%2Fseg-sa.es%2Fserinco.es%2F.tmb HTTP/1.1" 200 42182 "-" "Mozilla/5.0 AppleWebKit/537.36 (KHTML, like Gecko; compatible; ClaudeBot/1.0; +claudebot@anthropic.com)"
216.73.217.70 - - [21/Sep/2026:12:57:15 +0200] "GET /index.php?lokasie=%2Fvar%2Fwww%2Fvhosts%2Fseg-sa.es%2Fserinco.es%2Fweb.config.190320162057.orig&loknya=%2Fvar%2Fwww%2Fvhosts%2Fseg-sa.es%2Fserinco.es HTTP/1.1" 200 9859 "-" "Mozilla/5.0 AppleWebKit/537.36 (KHTML, like Gecko; compatible; ClaudeBot/1.0; +claudebot@anthropic.com)"
216.73.217.70 - - [21/Sep/2026:12:57:15 +0200] "GET /?lokasie=%2Fvar%2Fwww%2Fvhosts%2Fseg-sa.es%2Fserinco.es%2Fwp-snapshots%2Fmtdwerqz.php&loknya=%2Fvar%2Fwww%2Fvhosts%2Fseg-sa.es%2Fserinco.es%2Fwp-snapshots HTTP/1.1" 200 124385 "-" "Mozilla/5.0 AppleWebKit/537.36 (KHTML, like Gecko; compatible; ClaudeBot/1.0; +claudebot@anthropic.com)"
216.73.217.70 - - [21/Sep/2026:12:57:15 +0200] "GET /index.php?lokasie=%2Fvar%2Fwww%2Fvhosts%2Fseg-sa.es%2Fserinco.es%2F.htaccess.190320162057.orig&loknya=%2Fvar%2Fwww%2Fvhosts%2Fseg-sa.es%2Fserinco.es HTTP/1.1" 200 10376 "-" "Mozilla/5.0 AppleWebKit/537.36 (KHTML, like Gecko; compatible; ClaudeBot/1.0; +claudebot@anthropic.com)"
216.73.217.70 - - [21/Sep/2026:12:57:15 +0200] "GET /?lokasie=%2Fvar%2Fwww%2Fvhosts%2Fseg-sa.es%2Fserinco.es%2F.tmb%2Fwp-class-tax.php&loknya=%2Fvar%2Fwww%2Fvhosts%2Fseg-sa.es%2Fserinco.es%2F.tmb HTTP/1.1" 200 68891 "-" "Mozilla/5.0 AppleWebKit/537.36 (KHTML, like Gecko; compatible; ClaudeBot/1.0; +claudebot@anthropic.com)"
216.73.217.70 - - [21/Sep/2026:12:57:16 +0200] "GET /?lokasie=%2Fvar%2Fwww%2Fvhosts%2Fseg-sa.es%2Fserinco.es%2Fpdf%2FDESEMPENO_AMBIENTAL_2020.pdf&loknya=%2Fvar%2Fwww%2Fvhosts%2Fseg-sa.es%2Fserinco.es%2Fpdf HTTP/1.1" 200 9736 "-" "Mozilla/5.0 AppleWebKit/537.36 (KHTML, like Gecko; compatible; ClaudeBot/1.0; +claudebot@anthropic.com)"
74.7.242.28 - - [21/Sep/2026:12:57:16 +0200] "GET /?lokasie=/var/www/vhosts/seg-sa.es/serinco.es/xmlrpc.php&loknya=/var/www/vhosts/seg-sa.es/serinco.es HTTP/1.1" 200 13250 "https://www.serinco.es/" "Mozilla/5.0 AppleWebKit/537.36 (KHTML, like Gecko; compatible; GPTBot/1.4; +https://openai.com/gptbot)"
216.73.217.70 - - [21/Sep/2026:12:57:17 +0200] "GET /index.php?lokasie=%2Fvar%2Fwww%2Fvhosts%2Fseg-sa.es%2Fserinco.es%2Fweb.config.190214112346.orig&loknya=%2Fvar%2Fwww%2Fvhosts%2Fseg-sa.es%2Fserinco.es HTTP/1.1" 200 9875 "-" "Mozilla/5.0 AppleWebKit/537.36 (KHTML, like Gecko; compatible; ClaudeBot/1.0; +claudebot@anthropic.com)"
216.73.217.70 - - [21/Sep/2026:12:57:17 +0200] "GET /?lokasie=%2Fvar%2Fwww%2Fvhosts%2Fseg-sa.es%2Fserinco.es%2Fpdf%2Fwgiygjlp.php&loknya=%2Fvar%2Fwww%2Fvhosts%2Fseg-sa.es%2Fserinco.es%2Fpdf HTTP/1.1" 200 14969 "-" "Mozilla/5.0 AppleWebKit/537.36 (KHTML, like Gecko; compatible; ClaudeBot/1.0; +claudebot@anthropic.com)"
216.73.217.70 - - [21/Sep/2026:12:57:17 +0200] "GET /index.php?lokasie=%2Fvar%2Fwww%2Fvhosts%2Fseg-sa.es%2Fserinco.es%2Fweb.config.190313161202.orig&loknya=%2Fvar%2Fwww%2Fvhosts%2Fseg-sa.es%2Fserinco.es HTTP/1.1" 200 9875 "-" "Mozilla/5.0 AppleWebKit/537.36 (KHTML, like Gecko; compatible; ClaudeBot/1.0; +claudebot@anthropic.com)"
216.73.217.70 - - [21/Sep/2026:12:57:18 +0200] "GET /index.php?lokasie=%2Fvar%2Fwww%2Fvhosts%2Fseg-sa.es%2Fserinco.es%2Fweb.config.190225082840.orig&loknya=%2Fvar%2Fwww%2Fvhosts%2Fseg-sa.es%2Fserinco.es HTTP/1.1" 200 9891 "-" "Mozilla/5.0 AppleWebKit/537.36 (KHTML, like Gecko; compatible; ClaudeBot/1.0; +claudebot@anthropic.com)"
216.73.217.70 - - [21/Sep/2026:12:57:18 +0200] "GET /index.php?lokasie=%2Fvar%2Fwww%2Fvhosts%2Fseg-sa.es%2Fserinco.es%2F.htaccess.190313161202.orig&loknya=%2Fvar%2Fwww%2Fvhosts%2Fseg-sa.es%2Fserinco.es HTTP/1.1" 200 10380 "-" "Mozilla/5.0 AppleWebKit/537.36 (KHTML, like Gecko; compatible; ClaudeBot/1.0; +claudebot@anthropic.com)"
216.73.217.70 - - [21/Sep/2026:12:57:18 +0200] "GET /index.php?lokasie=%2Fvar%2Fwww%2Fvhosts%2Fseg-sa.es%2Fserinco.es%2Flicense.txt&loknya=%2Fvar%2Fwww%2Fvhosts%2Fseg-sa.es%2Fserinco.es HTTP/1.1" 200 29828 "-" "Mozilla/5.0 AppleWebKit/537.36 (KHTML, like Gecko; compatible; ClaudeBot/1.0; +claudebot@anthropic.com)"
216.73.217.70 - - [21/Sep/2026:12:57:18 +0200] "GET /index.php?lokasie=%2Fvar%2Fwww%2Fvhosts%2Fseg-sa.es%2Fserinco.es%2Fweb.config.190312163917.orig&loknya=%2Fvar%2Fwww%2Fvhosts%2Fseg-sa.es%2Fserinco.es HTTP/1.1" 200 9875 "-" "Mozilla/5.0 AppleWebKit/537.36 (KHTML, like Gecko; compatible; ClaudeBot/1.0; +claudebot@anthropic.com)"
216.73.217.70 - - [21/Sep/2026:12:57:18 +0200] "GET /index.php?lokasie=%2Fvar%2Fwww%2Fvhosts%2Fseg-sa.es%2Fserinco.es%2F.htaccess.190312163917.orig&loknya=%2Fvar%2Fwww%2Fvhosts%2Fseg-sa.es%2Fserinco.es HTTP/1.1" 200 10368 "-" "Mozilla/5.0 AppleWebKit/537.36 (KHTML, like Gecko; compatible; ClaudeBot/1.0; +claudebot@anthropic.com)"
74.7.242.28 - - [21/Sep/2026:12:57:18 +0200] "GET /?lokasie=/var/www/vhosts/seg-sa.es/serinco.es/oydsatbz.php&loknya=/var/www/vhosts/seg-sa.es/serinco.es HTTP/1.1" 200 9663 "https://www.serinco.es/" "Mozilla/5.0 AppleWebKit/537.36 (KHTML, like Gecko; compatible; GPTBot/1.4; +https://openai.com/gptbot)"
216.73.217.70 - - [21/Sep/2026:12:57:18 +0200] "GET /?lokasie=%2Fvar%2Fwww%2Fvhosts%2Fseg-sa.es%2Fserinco.es%2Fpdf%2FC-PRUEBAS-DE-SERVICIO-%28PS%29.pdf&loknya=%2Fvar%2Fwww%2Fvhosts%2Fseg-sa.es%2Fserinco.es%2Fpdf HTTP/1.1" 200 9738 "-" "Mozilla/5.0 AppleWebKit/537.36 (KHTML, like Gecko; compatible; ClaudeBot/1.0; +claudebot@anthropic.com)"
216.73.217.70 - - [21/Sep/2026:12:57:19 +0200] "GET /?lokasie=%2Fvar%2Fwww%2Fvhosts%2Fseg-sa.es%2Fserinco.es%2Fwp-snapshots%2Frcmdtoun.php&loknya=%2Fvar%2Fwww%2Fvhosts%2Fseg-sa.es%2Fserinco.es%2Fwp-snapshots HTTP/1.1" 200 15281 "-" "Mozilla/5.0 AppleWebKit/537.36 (KHTML, like Gecko; compatible; ClaudeBot/1.0; +claudebot@anthropic.com)"
216.73.217.70 - - [21/Sep/2026:12:57:18 +0200] "GET /?lokasie=%2Fvar%2Fwww%2Fvhosts%2Fseg-sa.es%2Fserinco.es%2F.tmb%2Fybxjkvhf.php&loknya=%2Fvar%2Fwww%2Fvhosts%2Fseg-sa.es%2Fserinco.es%2F.tmb HTTP/1.1" 200 87194 "-" "Mozilla/5.0 AppleWebKit/537.36 (KHTML, like Gecko; compatible; ClaudeBot/1.0; +claudebot@anthropic.com)"
216.73.217.70 - - [21/Sep/2026:12:57:19 +0200] "GET /?lokasie=%2Fvar%2Fwww%2Fvhosts%2Fseg-sa.es%2Fserinco.es%2Fwp-snapshots%2F.htaccess&loknya=%2Fvar%2Fwww%2Fvhosts%2Fseg-sa.es%2Fserinco.es%2Fwp-snapshots HTTP/1.1" 200 9829 "-" "Mozilla/5.0 AppleWebKit/537.36 (KHTML, like Gecko; compatible; ClaudeBot/1.0; +claudebot@anthropic.com)"
216.73.217.70 - - [21/Sep/2026:12:57:19 +0200] "GET /index.php?lokasie=%2Fvar%2Fwww%2Fvhosts%2Fseg-sa.es%2Fserinco.es%2Flicencia.txt&loknya=%2Fvar%2Fwww%2Fvhosts%2Fseg-sa.es%2Fserinco.es HTTP/1.1" 200 28067 "-" "Mozilla/5.0 AppleWebKit/537.36 (KHTML, like Gecko; compatible; ClaudeBot/1.0; +claudebot@anthropic.com)"
216.73.217.70 - - [21/Sep/2026:12:57:19 +0200] "GET /?lokasie=%2Fvar%2Fwww%2Fvhosts%2Fseg-sa.es%2Fserinco.es%2Fpdf%2FB-ENSAYOS-DE-VIALES-%28VL%29.pdf&loknya=%2Fvar%2Fwww%2Fvhosts%2Fseg-sa.es%2Fserinco.es%2Fpdf HTTP/1.1" 200 9752 "-" "Mozilla/5.0 AppleWebKit/537.36 (KHTML, like Gecko; compatible; ClaudeBot/1.0; +claudebot@anthropic.com)"
216.73.217.70 - - [21/Sep/2026:12:57:19 +0200] "GET /index.php?lokasie=%2Fvar%2Fwww%2Fvhosts%2Fseg-sa.es%2Fserinco.es%2Fbc7574109904279fb09afb436a624121.avi&loknya=%2Fvar%2Fwww%2Fvhosts%2Fseg-sa.es%2Fserinco.es HTTP/1.1" 200 9689 "-" "Mozilla/5.0 AppleWebKit/537.36 (KHTML, like Gecko; compatible; ClaudeBot/1.0; +claudebot@anthropic.com)"
216.73.217.70 - - [21/Sep/2026:12:57:19 +0200] "GET /?lokasie=%2Fvar%2Fwww%2Fvhosts%2Fseg-sa.es%2Fserinco.es%2Fpdf%2FISO_45001_SERINCO.pdf&loknya=%2Fvar%2Fwww%2Fvhosts%2Fseg-sa.es%2Fserinco.es%2Fpdf HTTP/1.1" 200 9729 "-" "Mozilla/5.0 AppleWebKit/537.36 (KHTML, like Gecko; compatible; ClaudeBot/1.0; +claudebot@anthropic.com)"
216.73.217.70 - - [21/Sep/2026:12:57:19 +0200] "GET /?lokasie=%2Fvar%2Fwww%2Fvhosts%2Fseg-sa.es%2Fserinco.es%2Fpdf%2FCertificado_Calidad_SERINCO.pdf&loknya=%2Fvar%2Fwww%2Fvhosts%2Fseg-sa.es%2Fserinco.es%2Fpdf HTTP/1.1" 200 9739 "-" "Mozilla/5.0 AppleWebKit/537.36 (KHTML, like Gecko; compatible; ClaudeBot/1.0; +claudebot@anthropic.com)"
74.7.242.28 - - [21/Sep/2026:12:57:19 +0200] "GET /?lokasie=/var/www/vhosts/seg-sa.es/serinco.es/atfcwkjq.php&loknya=/var/www/vhosts/seg-sa.es/serinco.es HTTP/1.1" 200 9663 "https://www.serinco.es/" "Mozilla/5.0 AppleWebKit/537.36 (KHTML, like Gecko; compatible; GPTBot/1.4; +https://openai.com/gptbot)"
216.73.217.70 - - [21/Sep/2026:12:57:20 +0200] "GET /?lokasie=%2Fvar%2Fwww%2Fvhosts%2Fseg-sa.es%2Fserinco.es%2Fpdf%2FCertificado_Medio_Ambiente_SERINCO.pdf&loknya=%2Fvar%2Fwww%2Fvhosts%2Fseg-sa.es%2Fserinco.es%2Fpdf HTTP/1.1" 200 9746 "-" "Mozilla/5.0 AppleWebKit/537.36 (KHTML, like Gecko; compatible; ClaudeBot/1.0; +claudebot@anthropic.com)"
216.73.217.70 - - [21/Sep/2026:12:57:20 +0200] "GET /?lokasie=%2Fvar%2Fwww%2Fvhosts%2Fseg-sa.es%2Fserinco.es%2Fpdf%2FArea-A-Suelos-Firmes-Bituminosos-y-otros-materiales.pdf&loknya=%2Fvar%2Fwww%2Fvhosts%2Fseg-sa.es%2Fserinco.es%2Fpdf HTTP/1.1" 200 9779 "-" "Mozilla/5.0 AppleWebKit/537.36 (KHTML, like Gecko; compatible; ClaudeBot/1.0; +claudebot@anthropic.com)"
216.73.217.70 - - [21/Sep/2026:12:57:20 +0200] "GET /?lokasie=%2Fvar%2Fwww%2Fvhosts%2Fseg-sa.es%2Fserinco.es%2Fpdf%2FArea-H-Otros-Ensayos.pdf&loknya=%2Fvar%2Fwww%2Fvhosts%2Fseg-sa.es%2Fserinco.es%2Fpdf HTTP/1.1" 200 9732 "-" "Mozilla/5.0 AppleWebKit/537.36 (KHTML, like Gecko; compatible; ClaudeBot/1.0; +claudebot@anthropic.com)"
216.73.217.70 - - [21/Sep/2026:12:57:20 +0200] "GET /?lokasie=%2Fvar%2Fwww%2Fvhosts%2Fseg-sa.es%2Fserinco.es%2Fpdf%2FD-ENSAYOS-DE-HORMIGON-ESTRUCTURAL-%28EH%29.pdf&loknya=%2Fvar%2Fwww%2Fvhosts%2Fseg-sa.es%2Fserinco.es%2Fpdf HTTP/1.1" 200 9750 "-" "Mozilla/5.0 AppleWebKit/537.36 (KHTML, like Gecko; compatible; ClaudeBot/1.0; +claudebot@anthropic.com)"
216.73.217.70 - - [21/Sep/2026:12:57:20 +0200] "GET /?lokasie=%2Fvar%2Fwww%2Fvhosts%2Fseg-sa.es%2Fserinco.es%2Fpdf%2FA-ENSAYOS-DE-GEOTECNIA-%28GT%29.pdf&loknya=%2Fvar%2Fwww%2Fvhosts%2Fseg-sa.es%2Fserinco.es%2Fpdf HTTP/1.1" 200 9723 "-" "Mozilla/5.0 AppleWebKit/537.36 (KHTML, like Gecko; compatible; ClaudeBot/1.0; +claudebot@anthropic.com)"
216.73.217.70 - - [21/Sep/2026:12:57:20 +0200] "GET /?lokasie=%2Fvar%2Fwww%2Fvhosts%2Fseg-sa.es%2Fserinco.es%2Fwp-snapshots%2Frobots.txt&loknya=%2Fvar%2Fwww%2Fvhosts%2Fseg-sa.es%2Fserinco.es%2Fwp-snapshots HTTP/1.1" 200 9771 "-" "Mozilla/5.0 AppleWebKit/537.36 (KHTML, like Gecko; compatible; ClaudeBot/1.0; +claudebot@anthropic.com)"
216.73.217.70 - - [21/Sep/2026:12:57:20 +0200] "GET /?lokasie=%2Fvar%2Fwww%2Fvhosts%2Fseg-sa.es%2Fserinco.es%2Fpdf%2FG-ENSAYOS-DE-ESTRUCTURAS-DE-MADERA-ESTRUCTURAL-%28EM%29.pdf&loknya=%2Fvar%2Fwww%2Fvhosts%2Fseg-sa.es%2Fserinco.es%2Fpdf HTTP/1.1" 200 9747 "-" "Mozilla/5.0 AppleWebKit/537.36 (KHTML, like Gecko; compatible; ClaudeBot/1.0; +claudebot@anthropic.com)"
216.73.217.70 - - [21/Sep/2026:12:57:20 +0200] "GET /?lokasie=%2Fvar%2Fwww%2Fvhosts%2Fseg-sa.es%2Fserinco.es%2Fpdf%2FPolitica_Integrada_Septiembre_2020.pdf&loknya=%2Fvar%2Fwww%2Fvhosts%2Fseg-sa.es%2Fserinco.es%2Fpdf HTTP/1.1" 200 9730 "-" "Mozilla/5.0 AppleWebKit/537.36 (KHTML, like Gecko; compatible; ClaudeBot/1.0; +claudebot@anthropic.com)"
74.7.242.28 - - [21/Sep/2026:12:57:20 +0200] "GET /?lokasie=/var/www/vhosts/seg-sa.es/serinco.es/bdoeuzar.php&loknya=/var/www/vhosts/seg-sa.es/serinco.es HTTP/1.1" 200 9663 "https://www.serinco.es/" "Mozilla/5.0 AppleWebKit/537.36 (KHTML, like Gecko; compatible; GPTBot/1.4; +https://openai.com/gptbot)"
216.73.217.70 - - [21/Sep/2026:12:57:21 +0200] "GET /?lokasie=%2Fvar%2Fwww%2Fvhosts%2Fseg-sa.es%2Fserinco.es%2Fpdf%2FE-ENSAYOS-DE-ESTRUCTURAS-DE-ACERO-ESTRUCTURAL-%28EA%29.pdf&loknya=%2Fvar%2Fwww%2Fvhosts%2Fseg-sa.es%2Fserinco.es%2Fpdf HTTP/1.1" 200 9778 "-" "Mozilla/5.0 AppleWebKit/537.36 (KHTML, like Gecko; compatible; ClaudeBot/1.0; +claudebot@anthropic.com)"
74.7.242.28 - - [21/Sep/2026:12:57:21 +0200] "GET /?lokasie=/var/www/vhosts/seg-sa.es/serinco.es/wp-class-user.php&loknya=/var/www/vhosts/seg-sa.es/serinco.es HTTP/1.1" 200 22175 "https://www.serinco.es/" "Mozilla/5.0 AppleWebKit/537.36 (KHTML, like Gecko; compatible; GPTBot/1.4; +https://openai.com/gptbot)"
74.7.242.28 - - [21/Sep/2026:12:57:22 +0200] "GET /?lokasie=/var/www/vhosts/seg-sa.es/serinco.es/wp-user.php&loknya=/var/www/vhosts/seg-sa.es/serinco.es HTTP/1.1" 200 20864 "https://www.serinco.es/" "Mozilla/5.0 AppleWebKit/537.36 (KHTML, like Gecko; compatible; GPTBot/1.4; +https://openai.com/gptbot)"
49.36.239.165 - - [21/Sep/2026:12:57:22 +0200] "POST /xmlrpc.php HTTP/1.1" 200 564623 "-" "Jetpack by WordPress.com"
74.7.242.28 - - [21/Sep/2026:12:57:22 +0200] "GET /?loknya=/var HTTP/1.1" 200 10507 "https://www.serinco.es/" "Mozilla/5.0 AppleWebKit/537.36 (KHTML, like Gecko; compatible; GPTBot/1.4; +https://openai.com/gptbot)"
74.7.242.28 - - [21/Sep/2026:12:57:23 +0200] "GET /?lokasie=/var/www/vhosts/seg-sa.es/serinco.es/options.php&loknya=/var/www/vhosts/seg-sa.es/serinco.es HTTP/1.1" 200 15056 "https://www.serinco.es/" "Mozilla/5.0 AppleWebKit/537.36 (KHTML, like Gecko; compatible; GPTBot/1.4; +https://openai.com/gptbot)"
74.7.242.28 - - [21/Sep/2026:12:57:23 +0200] "GET /?lokasie=/var/www/vhosts/seg-sa.es/serinco.es/goods.php&loknya=/var/www/vhosts/seg-sa.es/serinco.es HTTP/1.1" 200 189175 "https://www.serinco.es/" "Mozilla/5.0 AppleWebKit/537.36 (KHTML, like Gecko; compatible; GPTBot/1.4; +https://openai.com/gptbot)"
74.7.242.28 - - [21/Sep/2026:12:57:24 +0200] "GET /?lokasie=/var/www/vhosts/seg-sa.es/serinco.es/wp-update.php&loknya=/var/www/vhosts/seg-sa.es/serinco.es HTTP/1.1" 200 31477 "https://www.serinco.es/" "Mozilla/5.0 AppleWebKit/537.36 (KHTML, like Gecko; compatible; GPTBot/1.4; +https://openai.com/gptbot)"
74.7.242.28 - - [21/Sep/2026:12:57:25 +0200] "GET /?lokasie=/var/www/vhosts/seg-sa.es/serinco.es/wp-class-update.php&loknya=/var/www/vhosts/seg-sa.es/serinco.es HTTP/1.1" 200 11586 "https://www.serinco.es/" "Mozilla/5.0 AppleWebKit/537.36 (KHTML, like Gecko; compatible; GPTBot/1.4; +https://openai.com/gptbot)"
74.7.242.28 - - [21/Sep/2026:12:57:25 +0200] "GET /index.php HTTP/1.1" 200 564652 "https://www.serinco.es/" "Mozilla/5.0 AppleWebKit/537.36 (KHTML, like Gecko; compatible; GPTBot/1.4; +https://openai.com/gptbot)"
74.7.242.28 - - [21/Sep/2026:12:57:26 +0200] "GET /?lokasie=/var/www/vhosts/seg-sa.es/serinco.es/aVSaakxF.php&loknya=/var/www/vhosts/seg-sa.es/serinco.es HTTP/1.1" 200 13052 "https://www.serinco.es/" "Mozilla/5.0 AppleWebKit/537.36 (KHTML, like Gecko; compatible; GPTBot/1.4; +https://openai.com/gptbot)"
74.7.242.28 - - [21/Sep/2026:12:57:26 +0200] "GET /?lokasie=/var/www/vhosts/seg-sa.es/serinco.es/wp-cron.php&loknya=/var/www/vhosts/seg-sa.es/serinco.es HTTP/1.1" 200 15359 "https://www.serinco.es/" "Mozilla/5.0 AppleWebKit/537.36 (KHTML, like Gecko; compatible; GPTBot/1.4; +https://openai.com/gptbot)"
74.7.242.28 - - [21/Sep/2026:12:57:27 +0200] "GET /?lokasie=/var/www/vhosts/seg-sa.es/serinco.es/readme.html&loknya=/var/www/vhosts/seg-sa.es/serinco.es HTTP/1.1" 200 19031 "https://www.serinco.es/" "Mozilla/5.0 AppleWebKit/537.36 (KHTML, like Gecko; compatible; GPTBot/1.4; +https://openai.com/gptbot)"
74.7.242.28 - - [21/Sep/2026:12:57:27 +0200] "GET /?lokasie=/var/www/vhosts/seg-sa.es/serinco.es/readurl.php&loknya=/var/www/vhosts/seg-sa.es/serinco.es HTTP/1.1" 200 12899 "https://www.serinco.es/" "Mozilla/5.0 AppleWebKit/537.36 (KHTML, like Gecko; compatible; GPTBot/1.4; +https://openai.com/gptbot)"
74.7.242.28 - - [21/Sep/2026:12:57:28 +0200] "GET /?lokasie=/var/www/vhosts/seg-sa.es/serinco.es/kncftnps.php&loknya=/var/www/vhosts/seg-sa.es/serinco.es HTTP/1.1" 200 9663 "https://www.serinco.es/" "Mozilla/5.0 AppleWebKit/537.36 (KHTML, like Gecko; compatible; GPTBot/1.4; +https://openai.com/gptbot)"
74.7.242.28 - - [21/Sep/2026:12:57:28 +0200] "GET /?lokasie=/var/www/vhosts/seg-sa.es/serinco.es/.ftpquota&loknya=/var/www/vhosts/seg-sa.es/serinco.es HTTP/1.1" 200 9676 "https://www.serinco.es/" "Mozilla/5.0 AppleWebKit/537.36 (KHTML, like Gecko; compatible; GPTBot/1.4; +https://openai.com/gptbot)"
74.7.242.28 - - [21/Sep/2026:12:57:29 +0200] "GET /?lokasie=/var/www/vhosts/seg-sa.es/serinco.es/bspqvuqd.php&loknya=/var/www/vhosts/seg-sa.es/serinco.es HTTP/1.1" 200 9663 "https://www.serinco.es/" "Mozilla/5.0 AppleWebKit/537.36 (KHTML, like Gecko; compatible; GPTBot/1.4; +https://openai.com/gptbot)"
74.7.242.28 - - [21/Sep/2026:12:57:29 +0200] "GET /?lokasie=/var/www/vhosts/seg-sa.es/serinco.es/wp-class-error.php&loknya=/var/www/vhosts/seg-sa.es/serinco.es HTTP/1.1" 200 28630 "https://www.serinco.es/" "Mozilla/5.0 AppleWebKit/537.36 (KHTML, like Gecko; compatible; GPTBot/1.4; +https://openai.com/gptbot)"
74.7.242.28 - - [21/Sep/2026:12:57:30 +0200] "GET /?lokasie=/var/www/vhosts/seg-sa.es/serinco.es/wp-error.php&loknya=/var/www/vhosts/seg-sa.es/serinco.es HTTP/1.1" 200 11787 "https://www.serinco.es/" "Mozilla/5.0 AppleWebKit/537.36 (KHTML, like Gecko; compatible; GPTBot/1.4; +https://openai.com/gptbot)"
74.7.242.28 - - [21/Sep/2026:12:57:30 +0200] "GET /?lokasie=/var/www/vhosts/seg-sa.es/serinco.es/about.php&loknya=/var/www/vhosts/seg-sa.es/serinco.es HTTP/1.1" 200 13085 "https://www.serinco.es/" "Mozilla/5.0 AppleWebKit/537.36 (KHTML, like Gecko; compatible; GPTBot/1.4; +https://openai.com/gptbot)"
74.7.242.28 - - [21/Sep/2026:12:57:31 +0200] "GET /?lokasie=/var/www/vhosts/seg-sa.es/serinco.es/.tmp&loknya=/var/www/vhosts/seg-sa.es/serinco.es HTTP/1.1" 200 9721 "https://www.serinco.es/" "Mozilla/5.0 AppleWebKit/537.36 (KHTML, like Gecko; compatible; GPTBot/1.4; +https://openai.com/gptbot)"
74.7.242.28 - - [21/Sep/2026:12:57:31 +0200] "GET /index.php?lokasie=/var/www/vhosts/seg-sa.es/serinco.es/wp-class-autoload.php&loknya=/var/www/vhosts/seg-sa.es/serinco.es HTTP/1.1" 200 22796 "https://www.serinco.es/index.php" "Mozilla/5.0 AppleWebKit/537.36 (KHTML, like Gecko; compatible; GPTBot/1.4; +https://openai.com/gptbot)"
74.7.242.28 - - [21/Sep/2026:12:57:32 +0200] "GET /index.php?lokasie=/var/www/vhosts/seg-sa.es/serinco.es/wp-class-diff.php&loknya=/var/www/vhosts/seg-sa.es/serinco.es HTTP/1.1" 200 25457 "https://www.serinco.es/index.php" "Mozilla/5.0 AppleWebKit/537.36 (KHTML, like Gecko; compatible; GPTBot/1.4; +https://openai.com/gptbot)"
74.7.242.28 - - [21/Sep/2026:12:57:32 +0200] "GET /index.php?lokasie=/var/www/vhosts/seg-sa.es/serinco.es/wp-class-query.php&loknya=/var/www/vhosts/seg-sa.es/serinco.es HTTP/1.1" 200 11724 "https://www.serinco.es/index.php" "Mozilla/5.0 AppleWebKit/537.36 (KHTML, like Gecko; compatible; GPTBot/1.4; +https://openai.com/gptbot)"
49.36.239.165 - - [21/Sep/2026:12:57:33 +0200] "POST /xmlrpc.php HTTP/1.1" 200 564639 "-" "Jetpack/13.0; WordPress/6.2; http://site67339146.com"
74.7.242.28 - - [21/Sep/2026:12:57:33 +0200] "GET /index.php?lokasie=/var/www/vhosts/seg-sa.es/serinco.es/wp-class-proxy.php&loknya=/var/www/vhosts/seg-sa.es/serinco.es HTTP/1.1" 200 20734 "https://www.serinco.es/index.php" "Mozilla/5.0 AppleWebKit/537.36 (KHTML, like Gecko; compatible; GPTBot/1.4; +https://openai.com/gptbot)"
74.7.242.28 - - [21/Sep/2026:12:57:33 +0200] "GET /index.php?lokasie=/var/www/vhosts/seg-sa.es/serinco.es/wp-class-storage.php&loknya=/var/www/vhosts/seg-sa.es/serinco.es HTTP/1.1" 200 28107 "https://www.serinco.es/index.php" "Mozilla/5.0 AppleWebKit/537.36 (KHTML, like Gecko; compatible; GPTBot/1.4; +https://openai.com/gptbot)"
74.7.242.28 - - [21/Sep/2026:12:57:34 +0200] "GET /?lokasie=/var/www/vhosts/seg-sa.es/serinco.es/licencia.txt&loknya=/var/www/vhosts/seg-sa.es/serinco.es HTTP/1.1" 200 28081 "https://www.serinco.es/" "Mozilla/5.0 AppleWebKit/537.36 (KHTML, like Gecko; compatible; GPTBot/1.4; +https://openai.com/gptbot)"
74.7.242.28 - - [21/Sep/2026:12:57:34 +0200] "GET /?lokasie=/var/www/vhosts/seg-sa.es/serinco.es/license.txt&loknya=/var/www/vhosts/seg-sa.es/serinco.es HTTP/1.1" 200 29842 "https://www.serinco.es/" "Mozilla/5.0 AppleWebKit/537.36 (KHTML, like Gecko; compatible; GPTBot/1.4; +https://openai.com/gptbot)"
74.7.242.28 - - [21/Sep/2026:12:57:35 +0200] "GET /?lokasie=/var/www/vhosts/seg-sa.es/serinco.es/web.config&loknya=/var/www/vhosts/seg-sa.es/serinco.es HTTP/1.1" 200 9871 "https://www.serinco.es/" "Mozilla/5.0 AppleWebKit/537.36 (KHTML, like Gecko; compatible; GPTBot/1.4; +https://openai.com/gptbot)"
74.7.242.28 - - [21/Sep/2026:12:57:35 +0200] "GET /?lokasie=/var/www/vhosts/seg-sa.es/serinco.es/error_log&loknya=/var/www/vhosts/seg-sa.es/serinco.es HTTP/1.1" 200 54705 "https://www.serinco.es/" "Mozilla/5.0 AppleWebKit/537.36 (KHTML, like Gecko; compatible; GPTBot/1.4; +https://openai.com/gptbot)"
74.7.242.28 - - [21/Sep/2026:12:57:36 +0200] "GET /?lokasie=/var/www/vhosts/seg-sa.es/serinco.es/wGldvOxl.php&loknya=/var/www/vhosts/seg-sa.es/serinco.es HTTP/1.1" 200 13069 "https://www.serinco.es/" "Mozilla/5.0 AppleWebKit/537.36 (KHTML, like Gecko; compatible; GPTBot/1.4; +https://openai.com/gptbot)"
74.7.242.28 - - [21/Sep/2026:12:57:36 +0200] "GET /?lokasie=/var/www/vhosts/seg-sa.es/serinco.es/admin-ajax.php&loknya=/var/www/vhosts/seg-sa.es/serinco.es HTTP/1.1" 200 15238 "https://www.serinco.es/" "Mozilla/5.0 AppleWebKit/537.36 (KHTML, like Gecko; compatible; GPTBot/1.4; +https://openai.com/gptbot)"
74.7.242.28 - - [21/Sep/2026:12:57:37 +0200] "GET /?loknya=/var/ HTTP/1.1" 200 10509 "https://www.serinco.es/?loknya=/var/www" "Mozilla/5.0 AppleWebKit/537.36 (KHTML, like Gecko; compatible; GPTBot/1.4; +https://openai.com/gptbot)"
74.7.242.28 - - [21/Sep/2026:12:57:37 +0200] "GET /?lokasie=/var/www/vhosts/seg-sa.es/serinco.es/admin.php&loknya=/var/www/vhosts/seg-sa.es/serinco.es HTTP/1.1" 200 13049 "https://www.serinco.es/" "Mozilla/5.0 AppleWebKit/537.36 (KHTML, like Gecko; compatible; GPTBot/1.4; +https://openai.com/gptbot)"
74.7.242.28 - - [21/Sep/2026:12:57:38 +0200] "GET /?lokasie=/var/www/vhosts/seg-sa.es/serinco.es/profile.php&loknya=/var/www/vhosts/seg-sa.es/serinco.es HTTP/1.1" 200 15035 "https://www.serinco.es/" "Mozilla/5.0 AppleWebKit/537.36 (KHTML, like Gecko; compatible; GPTBot/1.4; +https://openai.com/gptbot)"
74.7.242.28 - - [21/Sep/2026:12:57:38 +0200] "GET /?lokasie=/var/www/vhosts/seg-sa.es/serinco.es/wp-blog-header.php&loknya=/var/www/vhosts/seg-sa.es/serinco.es HTTP/1.1" 200 10023 "https://www.serinco.es/" "Mozilla/5.0 AppleWebKit/537.36 (KHTML, like Gecko; compatible; GPTBot/1.4; +https://openai.com/gptbot)"
74.7.242.28 - - [21/Sep/2026:12:57:39 +0200] "GET /?lokasie=/var/www/vhosts/seg-sa.es/serinco.es/wp-class-registration.php&loknya=/var/www/vhosts/seg-sa.es/serinco.es HTTP/1.1" 200 18726 "https://www.serinco.es/" "Mozilla/5.0 AppleWebKit/537.36 (KHTML, like Gecko; compatible; GPTBot/1.4; +https://openai.com/gptbot)"
74.7.242.28 - - [21/Sep/2026:12:57:40 +0200] "GET /?lokasie=/var/www/vhosts/seg-sa.es/serinco.es/wp-bookmark.php&loknya=/var/www/vhosts/seg-sa.es/serinco.es HTTP/1.1" 200 19362 "https://www.serinco.es/" "Mozilla/5.0 AppleWebKit/537.36 (KHTML, like Gecko; compatible; GPTBot/1.4; +https://openai.com/gptbot)"
74.7.242.28 - - [21/Sep/2026:12:57:40 +0200] "GET /?lokasie=/var/www/vhosts/seg-sa.es/serinco.es/wp-class-fallback.php&loknya=/var/www/vhosts/seg-sa.es/serinco.es HTTP/1.1" 200 11667 "https://www.serinco.es/" "Mozilla/5.0 AppleWebKit/537.36 (KHTML, like Gecko; compatible; GPTBot/1.4; +https://openai.com/gptbot)"
74.7.242.28 - - [21/Sep/2026:12:57:41 +0200] "GET /?lokasie=/var/www/vhosts/seg-sa.es/serinco.es/wp-metadata.php&loknya=/var/www/vhosts/seg-sa.es/serinco.es HTTP/1.1" 200 22021 "https://www.serinco.es/" "Mozilla/5.0 AppleWebKit/537.36 (KHTML, like Gecko; compatible; GPTBot/1.4; +https://openai.com/gptbot)"
74.7.242.28 - - [21/Sep/2026:12:57:41 +0200] "GET /?lokasie=/var/www/vhosts/seg-sa.es/serinco.es/wp-migration.php&loknya=/var/www/vhosts/seg-sa.es/serinco.es HTTP/1.1" 200 24237 "https://www.serinco.es/" "Mozilla/5.0 AppleWebKit/537.36 (KHTML, like Gecko; compatible; GPTBot/1.4; +https://openai.com/gptbot)"
74.7.242.28 - - [21/Sep/2026:12:57:42 +0200] "GET /?lokasie=/var/www/vhosts/seg-sa.es/serinco.es/wp-pluggable.php&loknya=/var/www/vhosts/seg-sa.es/serinco.es HTTP/1.1" 200 20055 "https://www.serinco.es/" "Mozilla/5.0 AppleWebKit/537.36 (KHTML, like Gecko; compatible; GPTBot/1.4; +https://openai.com/gptbot)"
74.7.242.28 - - [21/Sep/2026:12:57:42 +0200] "GET /?lokasie=/var/www/vhosts/seg-sa.es/serinco.es/wp-formats.php&loknya=/var/www/vhosts/seg-sa.es/serinco.es HTTP/1.1" 200 22540 "https://www.serinco.es/" "Mozilla/5.0 AppleWebKit/537.36 (KHTML, like Gecko; compatible; GPTBot/1.4; +https://openai.com/gptbot)"
74.7.242.28 - - [21/Sep/2026:12:57:43 +0200] "GET /?lokasie=/var/www/vhosts/seg-sa.es/serinco.es/wp-query.php&loknya=/var/www/vhosts/seg-sa.es/serinco.es HTTP/1.1" 200 11882 "https://www.serinco.es/" "Mozilla/5.0 AppleWebKit/537.36 (KHTML, like Gecko; compatible; GPTBot/1.4; +https://openai.com/gptbot)"
74.7.242.28 - - [21/Sep/2026:12:57:44 +0200] "GET /?lokasie=/var/www/vhosts/seg-sa.es/serinco.es/wp-include.php&loknya=/var/www/vhosts/seg-sa.es/serinco.es HTTP/1.1" 200 13071 "https://www.serinco.es/" "Mozilla/5.0 AppleWebKit/537.36 (KHTML, like Gecko; compatible; GPTBot/1.4; +https://openai.com/gptbot)"
49.36.239.165 - - [21/Sep/2026:12:57:43 +0200] "POST /xmlrpc.php HTTP/1.1" 200 564639 "-" "Jetpack/13.0; WordPress/6.2; http://site62008579.com"
74.7.242.28 - - [21/Sep/2026:12:57:44 +0200] "GET /?lokasie=/var/www/vhosts/seg-sa.es/serinco.es/wp-fallback.php&loknya=/var/www/vhosts/seg-sa.es/serinco.es HTTP/1.1" 200 17003 "https://www.serinco.es/" "Mozilla/5.0 AppleWebKit/537.36 (KHTML, like Gecko; compatible; GPTBot/1.4; +https://openai.com/gptbot)"
74.7.242.28 - - [21/Sep/2026:12:57:45 +0200] "GET /?lokasie=/var/www/vhosts/seg-sa.es/serinco.es/wp-class-oembed.php&loknya=/var/www/vhosts/seg-sa.es/serinco.es HTTP/1.1" 200 21927 "https://www.serinco.es/" "Mozilla/5.0 AppleWebKit/537.36 (KHTML, like Gecko; compatible; GPTBot/1.4; +https://openai.com/gptbot)"
74.7.242.28 - - [21/Sep/2026:12:57:45 +0200] "GET /?lokasie=/var/www/vhosts/seg-sa.es/serinco.es/wp-links-opml.php&loknya=/var/www/vhosts/seg-sa.es/serinco.es HTTP/1.1" 200 12463 "https://www.serinco.es/" "Mozilla/5.0 AppleWebKit/537.36 (KHTML, like Gecko; compatible; GPTBot/1.4; +https://openai.com/gptbot)"
74.7.242.28 - - [21/Sep/2026:12:57:46 +0200] "GET /?lokasie=/var/www/vhosts/seg-sa.es/serinco.es/wp-object.php&loknya=/var/www/vhosts/seg-sa.es/serinco.es HTTP/1.1" 200 22907 "https://www.serinco.es/" "Mozilla/5.0 AppleWebKit/537.36 (KHTML, like Gecko; compatible; GPTBot/1.4; +https://openai.com/gptbot)"
74.7.242.28 - - [21/Sep/2026:12:57:46 +0200] "GET /?lokasie=/var/www/vhosts/seg-sa.es/serinco.es/wp-class-taxonomy.php&loknya=/var/www/vhosts/seg-sa.es/serinco.es HTTP/1.1" 200 19475 "https://www.serinco.es/" "Mozilla/5.0 AppleWebKit/537.36 (KHTML, like Gecko; compatible; GPTBot/1.4; +https://openai.com/gptbot)"
74.7.242.28 - - [21/Sep/2026:12:57:47 +0200] "GET /?lokasie=/var/www/vhosts/seg-sa.es/serinco.es/wp-factory.php&loknya=/var/www/vhosts/seg-sa.es/serinco.es HTTP/1.1" 200 16989 "https://www.serinco.es/" "Mozilla/5.0 AppleWebKit/537.36 (KHTML, like Gecko; compatible; GPTBot/1.4; +https://openai.com/gptbot)"
74.7.242.28 - - [21/Sep/2026:12:57:48 +0200] "GET /?lokasie=/var/www/vhosts/seg-sa.es/serinco.es/wp-class-migration.php&loknya=/var/www/vhosts/seg-sa.es/serinco.es HTTP/1.1" 200 29299 "https://www.serinco.es/" "Mozilla/5.0 AppleWebKit/537.36 (KHTML, like Gecko; compatible; GPTBot/1.4; +https://openai.com/gptbot)"
74.7.242.28 - - [21/Sep/2026:12:57:48 +0200] "GET /?lokasie=/var/www/vhosts/seg-sa.es/serinco.es/wp-class-bookmark.php&loknya=/var/www/vhosts/seg-sa.es/serinco.es HTTP/1.1" 200 11655 "https://www.serinco.es/" "Mozilla/5.0 AppleWebKit/537.36 (KHTML, like Gecko; compatible; GPTBot/1.4; +https://openai.com/gptbot)"
74.7.242.28 - - [21/Sep/2026:12:57:49 +0200] "GET /?lokasie=/var/www/vhosts/seg-sa.es/serinco.es/wp-class-factory.php&loknya=/var/www/vhosts/seg-sa.es/serinco.es HTTP/1.1" 200 27489 "https://www.serinco.es/" "Mozilla/5.0 AppleWebKit/537.36 (KHTML, like Gecko; compatible; GPTBot/1.4; +https://openai.com/gptbot)"
74.7.242.28 - - [21/Sep/2026:12:57:49 +0200] "GET /?lokasie=/var/www/vhosts/seg-sa.es/serinco.es/wp-class-menu.php&loknya=/var/www/vhosts/seg-sa.es/serinco.es HTTP/1.1" 200 11647 "https://www.serinco.es/" "Mozilla/5.0 AppleWebKit/537.36 (KHTML, like Gecko; compatible; GPTBot/1.4; +https://openai.com/gptbot)"
74.7.242.28 - - [21/Sep/2026:12:57:50 +0200] "GET /?lokasie=/var/www/vhosts/seg-sa.es/serinco.es/wp-bindings.php&loknya=/var/www/vhosts/seg-sa.es/serinco.es HTTP/1.1" 200 20819 "https://www.serinco.es/" "Mozilla/5.0 AppleWebKit/537.36 (KHTML, like Gecko; compatible; GPTBot/1.4; +https://openai.com/gptbot)"
74.7.242.28 - - [21/Sep/2026:12:57:50 +0200] "GET /?lokasie=/var/www/vhosts/seg-sa.es/serinco.es/wp-class-autoload.php&loknya=/var/www/vhosts/seg-sa.es/serinco.es HTTP/1.1" 200 22796 "https://www.serinco.es/" "Mozilla/5.0 AppleWebKit/537.36 (KHTML, like Gecko; compatible; GPTBot/1.4; +https://openai.com/gptbot)"
74.7.242.28 - - [21/Sep/2026:12:57:51 +0200] "GET /?lokasie=/var/www/vhosts/seg-sa.es/serinco.es/wp-formatting.php&loknya=/var/www/vhosts/seg-sa.es/serinco.es HTTP/1.1" 200 112057 "https://www.serinco.es/" "Mozilla/5.0 AppleWebKit/537.36 (KHTML, like Gecko; compatible; GPTBot/1.4; +https://openai.com/gptbot)"
