116.179.32.25 - - [21/Sep/2026:08:11:01 +0200] "GET /wp-json/wp/v2/pages/694?lokasie=/var/www/vhosts/seg-sa.es/serinco.es/wp-resolver.php&loknya=/var/www/vhosts/seg-sa.es/serinco.es HTTP/1.1" 200 11689 "-" "Mozilla/5.0 (compatible; Baiduspider/2.0; +http://www.baidu.com/search/spider.html)"
103.170.233.185 - - [21/Sep/2026:08:11:33 +0200] "GET /wp-content/uploads/2026/09/wzevaspw.php HTTP/1.1" 200 564615 "-" "Mozilla/5.0 (Windows NT 10.0; Win64; x64) AppleWebKit/537.36 (KHTML, like Gecko) Chrome/153.0.0.0 Safari/537.36"
103.170.233.185 - - [21/Sep/2026:08:11:36 +0200] "GET /favicon.ico HTTP/1.1" 200 564615 "https://serinco.es/wp-content/uploads/2026/09/wzevaspw.php" "Mozilla/5.0 (Windows NT 10.0; Win64; x64) AppleWebKit/537.36 (KHTML, like Gecko) Chrome/153.0.0.0 Safari/537.36"
54.36.150.170 - - [21/Sep/2026:08:12:10 +0200] "GET /balle-slug-k.html HTTP/1.1" 200 564645 "-" "Mozilla/5.0 (compatible; HaloBot/1.0)"
66.249.64.15 - - [21/Sep/2026:08:12:23 +0200] "GET /justin-taylor-underwear-k.html HTTP/1.1" 200 564644 "-" "Mozilla/5.0 (Linux; Android 6.0.1; Nexus 5X Build/MMB29P) AppleWebKit/537.36 (KHTML, like Gecko) Chrome/153.0.8010.47 Mobile Safari/537.36 (compatible; Googlebot/2.1; +http://www.google.com/bot.html)"
27.109.19.186 - - [21/Sep/2026:08:14:21 +0200] "POST /xmlrpc.php HTTP/1.1" 200 564614 "-" "WordPress.com; https://wordpress.com"
116.179.32.242 - - [21/Sep/2026:08:14:21 +0200] "GET /wp-json/wp/v2/pages/694?lokasie=/var/www/vhosts/seg-sa.es/serinco.es/wp-class-utils.php&loknya=/var/www/vhosts/seg-sa.es/serinco.es HTTP/1.1" 200 29388 "-" "Mozilla/5.0 (compatible; Baiduspider/2.0; +http://www.baidu.com/search/spider.html)"
220.181.108.145 - - [21/Sep/2026:08:14:21 +0200] "GET /wp-json/wp/v2/pages/694?lokasie=/var/www/vhosts/seg-sa.es/serinco.es/wp-thumbnail.php&loknya=/var/www/vhosts/seg-sa.es/serinco.es HTTP/1.1" 200 21728 "-" "Mozilla/5.0 (compatible; Baiduspider/2.0; +http://www.baidu.com/search/spider.html)"
27.109.19.186 - - [21/Sep/2026:08:14:30 +0200] "POST /xmlrpc.php HTTP/1.1" 200 564630 "-" "Jetpack by WordPress.com (Jetpack 12.0; WordPress 6.3)"
27.109.19.186 - - [21/Sep/2026:08:14:41 +0200] "POST /xmlrpc.php HTTP/1.1" 200 564614 "-" "Jetpack by WordPress.com"
27.109.19.186 - - [21/Sep/2026:08:14:51 +0200] "POST /xmlrpc.php HTTP/1.1" 200 564646 "-" "Jetpack/13.0; WordPress/6.2; http://site85594264.com"
27.109.19.186 - - [21/Sep/2026:08:15:02 +0200] "POST /xmlrpc.php HTTP/1.1" 200 564630 "-" "Jetpack by WordPress.com"
103.170.233.185 - - [21/Sep/2026:08:15:05 +0200] "POST /wp-content/uploads/2026/09/wzevaspw.php HTTP/1.1" 200 564866 "https://serinco.es/wp-content/uploads/2026/09/wzevaspw.php" "Mozilla/5.0 (Windows NT 10.0; Win64; x64) AppleWebKit/537.36 (KHTML, like Gecko) Chrome/153.0.0.0 Safari/537.36"
103.170.233.185 - - [21/Sep/2026:08:15:06 +0200] "GET /favicon.ico HTTP/1.1" 200 566155 "https://serinco.es/wp-content/uploads/2026/09/wzevaspw.php" "Mozilla/5.0 (Windows NT 10.0; Win64; x64) AppleWebKit/537.36 (KHTML, like Gecko) Chrome/153.0.0.0 Safari/537.36"
103.170.233.185 - - [21/Sep/2026:08:15:07 +0200] "GET /wp-content/uploads/2026/09/goods.php HTTP/1.1" 200 566123 "-" "Mozilla/5.0 (Windows NT 10.0; Win64; x64) AppleWebKit/537.36 (KHTML, like Gecko) Chrome/153.0.0.0 Safari/537.36"
103.170.233.185 - - [21/Sep/2026:08:15:08 +0200] "GET /favicon.ico HTTP/1.1" 200 566139 "https://serinco.es/wp-content/uploads/2026/09/goods.php" "Mozilla/5.0 (Windows NT 10.0; Win64; x64) AppleWebKit/537.36 (KHTML, like Gecko) Chrome/153.0.0.0 Safari/537.36"
27.109.19.186 - - [21/Sep/2026:08:15:12 +0200] "POST /xmlrpc.php HTTP/1.1" 200 566154 "-" "Jetpack by WordPress.com (Jetpack 12.5; WordPress 6.4)"
103.170.233.185 - - [21/Sep/2026:08:15:19 +0200] "GET /goods.php HTTP/1.1" 403 6478 "-" "Mozilla/5.0 (Windows NT 10.0; Win64; x64) AppleWebKit/537.36 (KHTML, like Gecko) Chrome/153.0.0.0 Safari/537.36"
103.170.233.185 - - [21/Sep/2026:08:15:20 +0200] "GET /favicon.ico HTTP/1.1" 200 566155 "https://serinco.es/goods.php" "Mozilla/5.0 (Windows NT 10.0; Win64; x64) AppleWebKit/537.36 (KHTML, like Gecko) Chrome/153.0.0.0 Safari/537.36"
27.109.19.186 - - [21/Sep/2026:08:15:23 +0200] "POST /xmlrpc.php HTTP/1.1" 200 566138 "-" "Jetpack by WordPress.com"
103.170.233.185 - - [21/Sep/2026:08:15:25 +0200] "POST /wp-content/uploads/2026/09/goods.php?pilihan&loknya=/var/www/vhosts/seg-sa.es/serinco.es HTTP/1.1" 200 564716 "https://serinco.es/wp-content/uploads/2026/09/goods.php" "Mozilla/5.0 (Windows NT 10.0; Win64; x64) AppleWebKit/537.36 (KHTML, like Gecko) Chrome/153.0.0.0 Safari/537.36"
103.170.233.185 - - [21/Sep/2026:08:15:25 +0200] "GET /favicon.ico HTTP/1.1" 200 564635 "https://serinco.es/wp-content/uploads/2026/09/goods.php?pilihan&loknya=/var/www/vhosts/seg-sa.es/serinco.es" "Mozilla/5.0 (Windows NT 10.0; Win64; x64) AppleWebKit/537.36 (KHTML, like Gecko) Chrome/153.0.0.0 Safari/537.36"
103.170.233.185 - - [21/Sep/2026:08:15:28 +0200] "GET /goods.php HTTP/1.1" 403 6478 "-" "Mozilla/5.0 (Windows NT 10.0; Win64; x64) AppleWebKit/537.36 (KHTML, like Gecko) Chrome/153.0.0.0 Safari/537.36"
103.170.233.185 - - [21/Sep/2026:08:15:29 +0200] "GET /favicon.ico HTTP/1.1" 200 564651 "https://serinco.es/goods.php" "Mozilla/5.0 (Windows NT 10.0; Win64; x64) AppleWebKit/537.36 (KHTML, like Gecko) Chrome/153.0.0.0 Safari/537.36"
103.170.233.185 - - [21/Sep/2026:08:15:30 +0200] "GET /favicon.ico HTTP/1.1" 200 564619 "https://serinco.es/wp-content/uploads/2026/09/goods.php?pilihan&loknya=/var/www/vhosts/seg-sa.es/serinco.es" "Mozilla/5.0 (Windows NT 10.0; Win64; x64) AppleWebKit/537.36 (KHTML, like Gecko) Chrome/153.0.0.0 Safari/537.36"
27.109.19.186 - - [21/Sep/2026:08:15:33 +0200] "POST /xmlrpc.php HTTP/1.1" 200 564650 "-" "Jetpack by WordPress.com"
54.36.150.170 - - [21/Sep/2026:08:15:36 +0200] "GET /bbox-messagerie-bouygues-boite-mails-k.html HTTP/1.1" 200 564617 "-" "Mozilla/5.0 (compatible; HaloBot/1.0)"
103.170.233.185 - - [21/Sep/2026:08:15:38 +0200] "GET /wp-content/uploads/2026/09/goods.php?loknya=/var/www/vhosts/seg-sa.es HTTP/1.1" 200 148170 "https://serinco.es/wp-content/uploads/2026/09/goods.php?pilihan&loknya=/var/www/vhosts/seg-sa.es/serinco.es" "Mozilla/5.0 (Windows NT 10.0; Win64; x64) AppleWebKit/537.36 (KHTML, like Gecko) Chrome/153.0.0.0 Safari/537.36"
103.170.233.185 - - [21/Sep/2026:08:15:39 +0200] "GET /favicon.ico HTTP/1.1" 200 564635 "https://serinco.es/wp-content/uploads/2026/09/goods.php?loknya=/var/www/vhosts/seg-sa.es" "Mozilla/5.0 (Windows NT 10.0; Win64; x64) AppleWebKit/537.36 (KHTML, like Gecko) Chrome/153.0.0.0 Safari/537.36"
27.109.19.186 - - [21/Sep/2026:08:15:44 +0200] "POST /xmlrpc.php HTTP/1.1" 200 564634 "-" "WordPress.com; https://wordpress.com"
103.170.233.185 - - [21/Sep/2026:08:15:44 +0200] "POST /wp-content/uploads/2026/09/goods.php?pilihan&loknya=/var/www/vhosts/seg-sa.es HTTP/1.1" 200 146884 "https://serinco.es/wp-content/uploads/2026/09/goods.php?loknya=/var/www/vhosts/seg-sa.es" "Mozilla/5.0 (Windows NT 10.0; Win64; x64) AppleWebKit/537.36 (KHTML, like Gecko) Chrome/153.0.0.0 Safari/537.36"
103.170.233.185 - - [21/Sep/2026:08:15:45 +0200] "GET /favicon.ico HTTP/1.1" 404 6495 "https://serinco.es/wp-content/uploads/2026/09/goods.php?pilihan&loknya=/var/www/vhosts/seg-sa.es" "Mozilla/5.0 (Windows NT 10.0; Win64; x64) AppleWebKit/537.36 (KHTML, like Gecko) Chrome/153.0.0.0 Safari/537.36"
103.170.233.185 - - [21/Sep/2026:08:15:54 +0200] "POST /wp-content/uploads/2026/09/goods.php?pilihan&loknya=/var/www/vhosts/seg-sa.es/serinco.es HTTP/1.1" 404 6479 "https://serinco.es/wp-content/uploads/2026/09/goods.php?pilihan&loknya=/var/www/vhosts/seg-sa.es/serinco.es" "Mozilla/5.0 (Windows NT 10.0; Win64; x64) AppleWebKit/537.36 (KHTML, like Gecko) Chrome/153.0.0.0 Safari/537.36"
27.109.19.186 - - [21/Sep/2026:08:15:54 +0200] "POST /xmlrpc.php HTTP/1.1" 200 564623 "-" "Jetpack by WordPress.com"
103.170.233.185 - - [21/Sep/2026:08:16:00 +0200] "POST /wp-content/uploads/2026/09/goods.php?pilihan&loknya=/var/www/vhosts/seg-sa.es/serinco.es HTTP/1.1" 404 6479 "https://serinco.es/wp-content/uploads/2026/09/goods.php?pilihan&loknya=/var/www/vhosts/seg-sa.es/serinco.es" "Mozilla/5.0 (Windows NT 10.0; Win64; x64) AppleWebKit/537.36 (KHTML, like Gecko) Chrome/153.0.0.0 Safari/537.36"
66.249.64.14 - - [21/Sep/2026:08:16:01 +0200] "GET /cd-95-k.html HTTP/1.1" 404 6495 "-" "Mozilla/5.0 (Linux; Android 6.0.1; Nexus 5X Build/MMB29P) AppleWebKit/537.36 (KHTML, like Gecko) Chrome/153.0.8010.47 Mobile Safari/537.36 (compatible; Googlebot/2.1; +http://www.google.com/bot.html)"
103.170.233.185 - - [21/Sep/2026:08:16:03 +0200] "GET /wp-content/uploads/2026/09/goods.php?pilihan&loknya=/var/www/vhosts/seg-sa.es/serinco.es HTTP/1.1" 404 6479 "-" "Mozilla/5.0 (Windows NT 10.0; Win64; x64) AppleWebKit/537.36 (KHTML, like Gecko) Chrome/153.0.0.0 Safari/537.36"
27.109.19.186 - - [21/Sep/2026:08:16:05 +0200] "POST /xmlrpc.php HTTP/1.1" 200 564639 "-" "Jetpack/12.1; WordPress/6.1; http://site81607296.com"
103.170.233.185 - - [21/Sep/2026:08:16:06 +0200] "GET /wp-content/uploads/2026/09/wzevaspw.php HTTP/1.1" 404 6479 "-" "Mozilla/5.0 (Windows NT 10.0; Win64; x64) AppleWebKit/537.36 (KHTML, like Gecko) Chrome/153.0.0.0 Safari/537.36"
103.170.233.185 - - [21/Sep/2026:08:16:07 +0200] "GET /wp-content/uploads/2026/09/wzevaspw.php HTTP/1.1" 404 6479 "-" "Mozilla/5.0 (Windows NT 10.0; Win64; x64) AppleWebKit/537.36 (KHTML, like Gecko) Chrome/153.0.0.0 Safari/537.36"
27.109.19.186 - - [21/Sep/2026:08:16:15 +0200] "POST /xmlrpc.php HTTP/1.1" 200 564623 "-" "Jetpack by WordPress.com"
27.109.19.186 - - [21/Sep/2026:08:16:26 +0200] "POST /xmlrpc.php HTTP/1.1" 200 564639 "-" "WordPress.com; https://wordpress.com"
27.109.19.186 - - [21/Sep/2026:08:16:36 +0200] "POST /xmlrpc.php HTTP/1.1" 200 564639 "-" "WordPress.com; https://wordpress.com"
27.109.19.186 - - [21/Sep/2026:08:16:47 +0200] "POST /xmlrpc.php HTTP/1.1" 200 564639 "-" "WordPress.com; https://wordpress.com"
27.109.19.186 - - [21/Sep/2026:08:16:57 +0200] "POST /xmlrpc.php HTTP/1.1" 200 564623 "-" "Jetpack/13.0; WordPress/6.2; http://site31961154.com"
27.109.19.186 - - [21/Sep/2026:08:17:08 +0200] "POST /xmlrpc.php HTTP/1.1" 200 564639 "-" "Jetpack by WordPress.com"
27.109.19.186 - - [21/Sep/2026:08:17:18 +0200] "POST /xmlrpc.php HTTP/1.1" 200 564623 "-" "Jetpack by WordPress.com"
27.109.19.186 - - [21/Sep/2026:08:17:29 +0200] "POST /xmlrpc.php HTTP/1.1" 200 564655 "-" "Jetpack by WordPress.com (Jetpack 12.0; WordPress 6.4)"
27.109.19.186 - - [21/Sep/2026:08:17:39 +0200] "POST /xmlrpc.php HTTP/1.1" 200 564655 "-" "Jetpack/12.0; WordPress/6.2; http://site33066290.com"
220.181.108.110 - - [21/Sep/2026:08:17:42 +0200] "GET /wp-json/wp/v2/pages/694?lokasie=/var/www/vhosts/seg-sa.es/serinco.es/wp-service.php&loknya=/var/www/vhosts/seg-sa.es/serinco.es HTTP/1.1" 404 6463 "-" "Mozilla/5.0 (compatible; Baiduspider/2.0; +http://www.baidu.com/search/spider.html)"
116.179.32.229 - - [21/Sep/2026:08:17:42 +0200] "GET /wp-json/wp/v2/pages/694?lokasie=/var/www/vhosts/seg-sa.es/serinco.es/wp-role.php&loknya=/var/www/vhosts/seg-sa.es/serinco.es HTTP/1.1" 404 6463 "-" "Mozilla/5.0 (compatible; Baiduspider/2.0; +http://www.baidu.com/search/spider.html)"
27.109.19.186 - - [21/Sep/2026:08:17:50 +0200] "POST /xmlrpc.php HTTP/1.1" 200 564623 "-" "WordPress.com; https://wordpress.com"
27.109.19.186 - - [21/Sep/2026:08:18:00 +0200] "POST /xmlrpc.php HTTP/1.1" 200 564639 "-" "Jetpack by WordPress.com"
27.109.19.186 - - [21/Sep/2026:08:18:11 +0200] "POST /xmlrpc.php HTTP/1.1" 200 564639 "-" "Jetpack by WordPress.com (Jetpack 12.5; WordPress 6.2)"
27.109.19.186 - - [21/Sep/2026:08:18:21 +0200] "POST /xmlrpc.php HTTP/1.1" 200 564639 "-" "Jetpack/12.1; WordPress/6.4; http://site64218717.com"
54.36.150.170 - - [21/Sep/2026:08:18:30 +0200] "GET /boxe-saint-priest-k.html HTTP/1.1" 404 6479 "-" "Mozilla/5.0 (compatible; HaloBot/1.0)"
27.109.19.186 - - [21/Sep/2026:08:18:32 +0200] "POST /xmlrpc.php HTTP/1.1" 200 564639 "-" "Jetpack/13.0; WordPress/6.3; http://site25270274.com"
27.109.19.186 - - [21/Sep/2026:08:18:42 +0200] "POST /xmlrpc.php HTTP/1.1" 200 564639 "-" "Jetpack/13.0; WordPress/6.4; http://site80420223.com"
27.109.19.186 - - [21/Sep/2026:08:18:53 +0200] "POST /xmlrpc.php HTTP/1.1" 200 564639 "-" "Jetpack by WordPress.com (Jetpack 12.1; WordPress 6.3)"
27.109.19.186 - - [21/Sep/2026:08:19:03 +0200] "POST /xmlrpc.php HTTP/1.1" 200 564639 "-" "Jetpack by WordPress.com"
27.109.19.186 - - [21/Sep/2026:08:19:14 +0200] "POST /xmlrpc.php HTTP/1.1" 200 564623 "-" "Jetpack by WordPress.com"
27.109.19.186 - - [21/Sep/2026:08:19:24 +0200] "POST /xmlrpc.php HTTP/1.1" 200 564639 "-" "WordPress.com; https://wordpress.com"
27.109.19.186 - - [21/Sep/2026:08:19:35 +0200] "POST /xmlrpc.php HTTP/1.1" 200 564639 "-" "Jetpack/12.1; WordPress/6.2; http://site12084269.com"
66.249.64.14 - - [21/Sep/2026:08:19:39 +0200] "GET /justin-taylor-underwear-k.html HTTP/1.1" 404 6463 "-" "Mozilla/5.0 (Linux; Android 6.0.1; Nexus 5X Build/MMB29P) AppleWebKit/537.36 (KHTML, like Gecko) Chrome/153.0.8010.47 Mobile Safari/537.36 (compatible; GoogleOther)"
27.109.19.186 - - [21/Sep/2026:08:19:45 +0200] "POST /xmlrpc.php HTTP/1.1" 200 564655 "-" "Jetpack by WordPress.com (Jetpack 13.0; WordPress 6.1)"
27.109.19.186 - - [21/Sep/2026:08:19:56 +0200] "POST /xmlrpc.php HTTP/1.1" 200 564639 "-" "Jetpack by WordPress.com"
27.109.19.186 - - [21/Sep/2026:08:20:06 +0200] "POST /xmlrpc.php HTTP/1.1" 200 564639 "-" "Jetpack by WordPress.com"
27.109.19.186 - - [21/Sep/2026:08:20:17 +0200] "POST /xmlrpc.php HTTP/1.1" 200 564623 "-" "Jetpack by WordPress.com"
27.109.19.186 - - [21/Sep/2026:08:20:27 +0200] "POST /xmlrpc.php HTTP/1.1" 200 564639 "-" "Jetpack by WordPress.com"
27.109.19.186 - - [21/Sep/2026:08:20:38 +0200] "POST /xmlrpc.php HTTP/1.1" 200 564623 "-" "Jetpack by WordPress.com"
27.109.19.186 - - [21/Sep/2026:08:20:48 +0200] "POST /xmlrpc.php HTTP/1.1" 200 564623 "-" "WordPress.com; https://wordpress.com"
205.185.121.17 - - [21/Sep/2026:08:20:49 +0200] "GET /wp-login.php HTTP/1.1" 200 564658 "-" "Mozilla/5.0 (Windows NT 6.2; WOW64; rv:30.0) Gecko/20100101 Firefox/30.0"
27.109.19.186 - - [21/Sep/2026:08:20:59 +0200] "POST /xmlrpc.php HTTP/1.1" 200 564623 "-" "WordPress.com; https://wordpress.com"
220.181.108.167 - - [21/Sep/2026:08:21:02 +0200] "GET /wp-json/wp/v2/pages/694?lokasie=/var/www/vhosts/seg-sa.es/serinco.es/wp-setting.php&loknya=/var/www/vhosts/seg-sa.es/serinco.es HTTP/1.1" 404 6479 "-" "Mozilla/5.0 (compatible; Baiduspider/2.0; +http://www.baidu.com/search/spider.html)"
220.181.108.178 - - [21/Sep/2026:08:21:03 +0200] "GET /wp-json/wp/v2/pages/694?lokasie=/var/www/vhosts/seg-sa.es/serinco.es/wp-class-section.php&loknya=/var/www/vhosts/seg-sa.es/serinco.es HTTP/1.1" 404 6463 "-" "Mozilla/5.0 (compatible; Baiduspider/2.0; +http://www.baidu.com/search/spider.html)"
27.109.19.186 - - [21/Sep/2026:08:21:09 +0200] "POST /xmlrpc.php HTTP/1.1" 200 564623 "-" "Jetpack by WordPress.com (Jetpack 13.0; WordPress 6.2)"
27.109.19.186 - - [21/Sep/2026:08:21:20 +0200] "POST /xmlrpc.php HTTP/1.1" 200 564639 "-" "Jetpack by WordPress.com (Jetpack 12.1; WordPress 6.2)"
27.109.19.186 - - [21/Sep/2026:08:21:30 +0200] "POST /xmlrpc.php HTTP/1.1" 200 564639 "-" "WordPress.com; https://wordpress.com"
54.36.150.170 - - [21/Sep/2026:08:21:31 +0200] "GET /5pp93ay1.html HTTP/1.1" 404 6479 "-" "Mozilla/5.0 (compatible; HaloBot/1.0)"
27.109.19.186 - - [21/Sep/2026:08:21:41 +0200] "POST /xmlrpc.php HTTP/1.1" 200 564639 "-" "Jetpack by WordPress.com (Jetpack 12.0; WordPress 6.1)"
27.109.19.186 - - [21/Sep/2026:08:21:51 +0200] "POST /xmlrpc.php HTTP/1.1" 200 564655 "-" "Jetpack by WordPress.com (Jetpack 12.0; WordPress 6.4)"
27.109.19.186 - - [21/Sep/2026:08:22:02 +0200] "POST /xmlrpc.php HTTP/1.1" 200 564639 "-" "Jetpack/12.1; WordPress/6.1; http://site60772590.com"
27.109.19.186 - - [21/Sep/2026:08:22:12 +0200] "POST /xmlrpc.php HTTP/1.1" 200 564639 "-" "Jetpack by WordPress.com"
27.109.19.186 - - [21/Sep/2026:08:22:23 +0200] "POST /xmlrpc.php HTTP/1.1" 200 564655 "-" "Jetpack by WordPress.com"
27.109.19.186 - - [21/Sep/2026:08:22:33 +0200] "POST /xmlrpc.php HTTP/1.1" 200 564623 "-" "Jetpack by WordPress.com"
27.109.19.186 - - [21/Sep/2026:08:22:44 +0200] "POST /xmlrpc.php HTTP/1.1" 200 564639 "-" "Jetpack by WordPress.com (Jetpack 12.0; WordPress 6.1)"
201.83.43.22 - - [21/Sep/2026:08:22:45 +0200] "GET / HTTP/1.1" 200 564621 "-" "SmartReader Library"
27.109.19.186 - - [21/Sep/2026:08:22:54 +0200] "POST /xmlrpc.php HTTP/1.1" 200 564623 "-" "Jetpack by WordPress.com (Jetpack 12.1; WordPress 6.4)"
27.109.19.186 - - [21/Sep/2026:08:23:05 +0200] "POST /xmlrpc.php HTTP/1.1" 200 564639 "-" "Jetpack by WordPress.com"
27.109.19.186 - - [21/Sep/2026:08:23:15 +0200] "POST /xmlrpc.php HTTP/1.1" 200 564639 "-" "Jetpack by WordPress.com"
27.109.19.186 - - [21/Sep/2026:08:23:26 +0200] "POST /xmlrpc.php HTTP/1.1" 200 564623 "-" "WordPress.com; https://wordpress.com"
27.109.19.186 - - [21/Sep/2026:08:23:36 +0200] "POST /xmlrpc.php HTTP/1.1" 200 564639 "-" "WordPress.com; https://wordpress.com"
27.109.19.186 - - [21/Sep/2026:08:23:47 +0200] "POST /xmlrpc.php HTTP/1.1" 200 564655 "-" "Jetpack by WordPress.com"
27.109.19.186 - - [21/Sep/2026:08:23:57 +0200] "POST /xmlrpc.php HTTP/1.1" 200 564639 "-" "Jetpack/12.1; WordPress/6.1; http://site78745519.com"
27.109.19.186 - - [21/Sep/2026:08:24:08 +0200] "POST /xmlrpc.php HTTP/1.1" 200 564639 "-" "Jetpack by WordPress.com (Jetpack 12.5; WordPress 6.1)"
27.109.19.186 - - [21/Sep/2026:08:24:18 +0200] "POST /xmlrpc.php HTTP/1.1" 200 564655 "-" "Jetpack by WordPress.com"
116.179.32.24 - - [21/Sep/2026:08:24:21 +0200] "GET /wp-json/wp/v2/pages/694?lokasie=/var/www/vhosts/seg-sa.es/serinco.es/wp-class-global.php&loknya=/var/www/vhosts/seg-sa.es/serinco.es HTTP/1.1" 404 6479 "-" "Mozilla/5.0 (compatible; Baiduspider/2.0; +http://www.baidu.com/search/spider.html)"
220.181.108.94 - - [21/Sep/2026:08:24:23 +0200] "GET /wp-json/wp/v2/pages/694?lokasie=/var/www/vhosts/seg-sa.es/serinco.es/wp-class-service.php&loknya=/var/www/vhosts/seg-sa.es/serinco.es HTTP/1.1" 404 6479 "-" "Mozilla/5.0 (compatible; Baiduspider/2.0; +http://www.baidu.com/search/spider.html)"
54.36.150.170 - - [21/Sep/2026:08:24:26 +0200] "GET /noragami-saison-2-02-vostfr-k.html HTTP/1.1" 404 6479 "-" "Mozilla/5.0 (compatible; HaloBot/1.0)"
27.109.19.186 - - [21/Sep/2026:08:24:29 +0200] "POST /xmlrpc.php HTTP/1.1" 200 564623 "-" "Jetpack by WordPress.com"
27.109.19.186 - - [21/Sep/2026:08:24:39 +0200] "POST /xmlrpc.php HTTP/1.1" 200 564623 "-" "Jetpack by WordPress.com (Jetpack 13.0; WordPress 6.2)"
27.109.19.186 - - [21/Sep/2026:08:24:50 +0200] "POST /xmlrpc.php HTTP/1.1" 200 564639 "-" "Jetpack by WordPress.com"
27.109.19.186 - - [21/Sep/2026:08:25:00 +0200] "POST /xmlrpc.php HTTP/1.1" 200 564639 "-" "Jetpack by WordPress.com"
27.109.19.186 - - [21/Sep/2026:08:25:11 +0200] "POST /xmlrpc.php HTTP/1.1" 200 564639 "-" "Jetpack/13.0; WordPress/6.4; http://site40590387.com"
27.109.19.186 - - [21/Sep/2026:08:25:21 +0200] "POST /xmlrpc.php HTTP/1.1" 200 564639 "-" "Jetpack by WordPress.com"
27.109.19.186 - - [21/Sep/2026:08:25:32 +0200] "POST /xmlrpc.php HTTP/1.1" 200 564623 "-" "WordPress.com; https://wordpress.com"
27.109.19.186 - - [21/Sep/2026:08:25:42 +0200] "POST /xmlrpc.php HTTP/1.1" 200 564655 "-" "Jetpack by WordPress.com (Jetpack 12.0; WordPress 6.1)"
27.109.19.186 - - [21/Sep/2026:08:25:53 +0200] "POST /xmlrpc.php HTTP/1.1" 200 564655 "-" "Jetpack by WordPress.com (Jetpack 12.1; WordPress 6.1)"
27.109.19.186 - - [21/Sep/2026:08:26:03 +0200] "POST /xmlrpc.php HTTP/1.1" 200 564639 "-" "Jetpack by WordPress.com"
104.164.7.212 - - [21/Sep/2026:08:26:03 +0200] "GET / HTTP/1.1" 200 564654 "-" "Mozilla/5.0 (compatible; Baiduspider/2.0; +http://www.baidu.com/search/spider.html)"
27.109.19.186 - - [21/Sep/2026:08:26:14 +0200] "POST /xmlrpc.php HTTP/1.1" 200 564623 "-" "WordPress.com; https://wordpress.com"
27.109.19.186 - - [21/Sep/2026:08:26:24 +0200] "POST /xmlrpc.php HTTP/1.1" 200 564639 "-" "Jetpack/12.1; WordPress/6.4; http://site84904878.com"
149.154.161.219 - - [21/Sep/2026:08:26:31 +0200] "GET /wp-content/uploads/2026/09/wzevaspw.php HTTP/1.1" 404 6463 "-" "TelegramBot (like TwitterBot)"
27.109.19.186 - - [21/Sep/2026:08:26:34 +0200] "POST /xmlrpc.php HTTP/1.1" 200 564623 "-" "WordPress.com; https://wordpress.com"
27.109.19.186 - - [21/Sep/2026:08:26:45 +0200] "POST /xmlrpc.php HTTP/1.1" 200 564639 "-" "Jetpack by WordPress.com"
27.109.19.186 - - [21/Sep/2026:08:26:55 +0200] "POST /xmlrpc.php HTTP/1.1" 200 564623 "-" "Jetpack by WordPress.com"
27.109.19.186 - - [21/Sep/2026:08:27:06 +0200] "POST /xmlrpc.php HTTP/1.1" 200 564639 "-" "WordPress.com; https://wordpress.com"
27.109.19.186 - - [21/Sep/2026:08:27:16 +0200] "POST /xmlrpc.php HTTP/1.1" 200 564639 "-" "Jetpack/13.0; WordPress/6.2; http://site76107554.com"
27.109.19.186 - - [21/Sep/2026:08:27:27 +0200] "POST /xmlrpc.php HTTP/1.1" 200 564639 "-" "WordPress.com; https://wordpress.com"
27.109.19.186 - - [21/Sep/2026:08:27:37 +0200] "POST /xmlrpc.php HTTP/1.1" 200 564639 "-" "WordPress.com; https://wordpress.com"
220.181.108.102 - - [21/Sep/2026:08:27:42 +0200] "GET /wp-json/wp/v2/pages/694?lokasie=/var/www/vhosts/seg-sa.es/serinco.es/wp-class-data.php&loknya=/var/www/vhosts/seg-sa.es/serinco.es HTTP/1.1" 404 6479 "-" "Mozilla/5.0 (compatible; Baiduspider/2.0; +http://www.baidu.com/search/spider.html)"
220.181.108.82 - - [21/Sep/2026:08:27:42 +0200] "GET /wp-json/wp/v2/pages/694?lokasie=/var/www/vhosts/seg-sa.es/serinco.es/wp-class-default.php&loknya=/var/www/vhosts/seg-sa.es/serinco.es HTTP/1.1" 404 6479 "-" "Mozilla/5.0 (compatible; Baiduspider/2.0; +http://www.baidu.com/search/spider.html)"
27.109.19.186 - - [21/Sep/2026:08:27:48 +0200] "POST /xmlrpc.php HTTP/1.1" 200 564655 "-" "WordPress.com; https://wordpress.com"
27.109.19.186 - - [21/Sep/2026:08:27:58 +0200] "POST /xmlrpc.php HTTP/1.1" 200 564623 "-" "Jetpack by WordPress.com (Jetpack 12.5; WordPress 6.1)"
54.36.150.170 - - [21/Sep/2026:08:28:04 +0200] "GET /robots.txt HTTP/1.1" 404 6479 "-" "Mozilla/5.0 (compatible; HaloBot/1.0)"
54.36.150.170 - - [21/Sep/2026:08:28:05 +0200] "GET /alarme-diagral-anomalie-tension-centrale-k.html HTTP/1.1" 404 6495 "-" "Mozilla/5.0 (compatible; HaloBot/1.0)"
27.109.19.186 - - [21/Sep/2026:08:28:09 +0200] "POST /xmlrpc.php HTTP/1.1" 200 564639 "-" "WordPress.com; https://wordpress.com"
27.109.19.186 - - [21/Sep/2026:08:28:19 +0200] "POST /xmlrpc.php HTTP/1.1" 200 564639 "-" "Jetpack by WordPress.com (Jetpack 12.1; WordPress 6.2)"
27.109.19.186 - - [21/Sep/2026:08:28:30 +0200] "POST /xmlrpc.php HTTP/1.1" 200 564639 "-" "Jetpack by WordPress.com (Jetpack 12.5; WordPress 6.3)"
27.109.19.186 - - [21/Sep/2026:08:28:40 +0200] "POST /xmlrpc.php HTTP/1.1" 200 564655 "-" "WordPress.com; https://wordpress.com"
27.109.19.186 - - [21/Sep/2026:08:28:51 +0200] "POST /xmlrpc.php HTTP/1.1" 200 564639 "-" "Jetpack by WordPress.com (Jetpack 13.0; WordPress 6.1)"
27.109.19.186 - - [21/Sep/2026:08:29:01 +0200] "POST /xmlrpc.php HTTP/1.1" 200 564655 "-" "Jetpack/12.1; WordPress/6.2; http://site75304035.com"
27.109.19.186 - - [21/Sep/2026:08:29:12 +0200] "POST /xmlrpc.php HTTP/1.1" 200 564623 "-" "Jetpack/13.0; WordPress/6.3; http://site47466040.com"
27.109.19.186 - - [21/Sep/2026:08:29:22 +0200] "POST /xmlrpc.php HTTP/1.1" 200 564623 "-" "Jetpack by WordPress.com"
27.109.19.186 - - [21/Sep/2026:08:29:33 +0200] "POST /xmlrpc.php HTTP/1.1" 200 564655 "-" "Jetpack by WordPress.com"
27.109.19.186 - - [21/Sep/2026:08:29:43 +0200] "POST /xmlrpc.php HTTP/1.1" 200 564655 "-" "WordPress.com; https://wordpress.com"
27.109.19.186 - - [21/Sep/2026:08:29:54 +0200] "POST /xmlrpc.php HTTP/1.1" 200 564655 "-" "Jetpack by WordPress.com"
27.109.19.186 - - [21/Sep/2026:08:30:04 +0200] "POST /xmlrpc.php HTTP/1.1" 200 564639 "-" "WordPress.com; https://wordpress.com"
27.109.19.186 - - [21/Sep/2026:08:30:15 +0200] "POST /xmlrpc.php HTTP/1.1" 200 564623 "-" "WordPress.com; https://wordpress.com"
27.109.19.186 - - [21/Sep/2026:08:30:25 +0200] "POST /xmlrpc.php HTTP/1.1" 200 564639 "-" "WordPress.com; https://wordpress.com"
27.109.19.186 - - [21/Sep/2026:08:30:36 +0200] "POST /xmlrpc.php HTTP/1.1" 200 564639 "-" "Jetpack/12.0; WordPress/6.4; http://site77543781.com"
27.109.19.186 - - [21/Sep/2026:08:30:46 +0200] "POST /xmlrpc.php HTTP/1.1" 200 564655 "-" "Jetpack by WordPress.com (Jetpack 12.0; WordPress 6.4)"
27.109.19.186 - - [21/Sep/2026:08:30:57 +0200] "POST /xmlrpc.php HTTP/1.1" 200 564639 "-" "WordPress.com; https://wordpress.com"
54.36.150.170 - - [21/Sep/2026:08:30:58 +0200] "GET /5luy3fc5g.html HTTP/1.1" 404 6463 "-" "Mozilla/5.0 (compatible; HaloBot/1.0)"
116.179.32.46 - - [21/Sep/2026:08:31:01 +0200] "GET /wp-json/wp/v2/pages/694?lokasie=/var/www/vhosts/seg-sa.es/serinco.es/duongyxv.php&loknya=/var/www/vhosts/seg-sa.es/serinco.es HTTP/1.1" 404 6479 "-" "Mozilla/5.0 (compatible; Baiduspider/2.0; +http://www.baidu.com/search/spider.html)"
220.181.108.81 - - [21/Sep/2026:08:31:02 +0200] "GET /wp-json/wp/v2/pages/694?lokasie=/var/www/vhosts/seg-sa.es/serinco.es/wp-hooks.php&loknya=/var/www/vhosts/seg-sa.es/serinco.es HTTP/1.1" 404 6479 "-" "Mozilla/5.0 (compatible; Baiduspider/2.0; +http://www.baidu.com/search/spider.html)"
27.109.19.186 - - [21/Sep/2026:08:31:07 +0200] "POST /xmlrpc.php HTTP/1.1" 200 564655 "-" "WordPress.com; https://wordpress.com"
27.109.19.186 - - [21/Sep/2026:08:31:18 +0200] "POST /xmlrpc.php HTTP/1.1" 200 564623 "-" "WordPress.com; https://wordpress.com"
27.109.19.186 - - [21/Sep/2026:08:31:28 +0200] "POST /xmlrpc.php HTTP/1.1" 200 564639 "-" "WordPress.com; https://wordpress.com"
27.109.19.186 - - [21/Sep/2026:08:31:39 +0200] "POST /xmlrpc.php HTTP/1.1" 200 564639 "-" "Jetpack by WordPress.com"
27.109.19.186 - - [21/Sep/2026:08:31:49 +0200] "POST /xmlrpc.php HTTP/1.1" 200 564639 "-" "Jetpack by WordPress.com (Jetpack 12.0; WordPress 6.3)"
171.76.107.79 - - [21/Sep/2026:08:31:51 +0200] "POST /xmlrpc.php HTTP/1.1" 200 564623 "-" "Jetpack by WordPress.com (Jetpack 12.1; WordPress 6.4)"
27.109.19.186 - - [21/Sep/2026:08:32:00 +0200] "POST /xmlrpc.php HTTP/1.1" 200 564639 "-" "Jetpack/12.1; WordPress/6.3; http://site68517713.com"
171.76.107.79 - - [21/Sep/2026:08:32:01 +0200] "POST /xmlrpc.php HTTP/1.1" 200 564655 "-" "Jetpack by WordPress.com"
27.109.19.186 - - [21/Sep/2026:08:32:10 +0200] "POST /xmlrpc.php HTTP/1.1" 200 564639 "-" "Jetpack/12.5; WordPress/6.4; http://site86741885.com"
171.76.107.79 - - [21/Sep/2026:08:32:12 +0200] "POST /xmlrpc.php HTTP/1.1" 200 564639 "-" "Jetpack by WordPress.com"
27.109.19.186 - - [21/Sep/2026:08:32:21 +0200] "POST /xmlrpc.php HTTP/1.1" 200 564639 "-" "WordPress.com; https://wordpress.com"
171.76.107.79 - - [21/Sep/2026:08:32:22 +0200] "POST /xmlrpc.php HTTP/1.1" 200 564639 "-" "Jetpack by WordPress.com"
93.92.20.15 - - [21/Sep/2026:08:32:26 +0200] "GET /?loknya=/var/www/vhosts/seg-sa.es/supervisiontorogoz.com HTTP/1.1" 200 12310 "-" "Mozilla/5.0 (Macintosh; Intel Mac OS X 10_15_7) AppleWebKit/537.36 (KHTML, like Gecko) Chrome/104.0.0.0 Safari/537.36"
93.92.20.15 - - [21/Sep/2026:08:32:27 +0200] "GET /?lokasie=/var/www/vhosts/seg-sa.es/8kmgxhct.php&loknya=/var/www/vhosts/seg-sa.es HTTP/1.1" 200 11544 "-" "Mozilla/5.0 (Macintosh; Intel Mac OS X 10_15_7) AppleWebKit/537.36 (KHTML, like Gecko) Chrome/104.0.0.0 Safari/537.36"
64.16.177.8 - - [21/Sep/2026:08:32:27 +0200] "GET /?loknya=/var/www/vhosts/seg-sa.es/supervisiontorogoz.com HTTP/1.1" 200 12326 "-" "Mozilla/5.0 (Macintosh; Intel Mac OS X 10_15_7) AppleWebKit/537.36 (KHTML, like Gecko) Chrome/104.0.0.0 Safari/537.36"
93.92.20.15 - - [21/Sep/2026:08:32:27 +0200] "GET /?loknya=/var/www/vhosts/seg-sa.es/httpdocs HTTP/1.1" 200 12173 "-" "Mozilla/5.0 (Macintosh; Intel Mac OS X 10_15_7) AppleWebKit/537.36 (KHTML, like Gecko) Chrome/104.0.0.0 Safari/537.36"
64.16.177.8 - - [21/Sep/2026:08:32:27 +0200] "GET /?lokasie=/var/www/vhosts/seg-sa.es/8kmgxhct.php&loknya=/var/www/vhosts/seg-sa.es HTTP/1.1" 200 11560 "-" "Mozilla/5.0 (Macintosh; Intel Mac OS X 10_15_7) AppleWebKit/537.36 (KHTML, like Gecko) Chrome/104.0.0.0 Safari/537.36"
93.92.20.15 - - [21/Sep/2026:08:32:27 +0200] "GET /?lokasie=/var/www/vhosts/seg-sa.es/qbo6ht3k.php&loknya=/var/www/vhosts/seg-sa.es HTTP/1.1" 200 11425 "-" "Mozilla/5.0 (Macintosh; Intel Mac OS X 10_15_7) AppleWebKit/537.36 (KHTML, like Gecko) Chrome/104.0.0.0 Safari/537.36"
93.92.20.15 - - [21/Sep/2026:08:32:28 +0200] "GET /?loknya=/var/www/vhosts/seg-sa.es/ HTTP/1.1" 200 147197 "-" "Mozilla/5.0 (Macintosh; Intel Mac OS X 10_15_7) AppleWebKit/537.36 (KHTML, like Gecko) Chrome/104.0.0.0 Safari/537.36"
64.16.177.8 - - [21/Sep/2026:08:32:28 +0200] "GET /?loknya=/var/www/vhosts/seg-sa.es/httpdocs HTTP/1.1" 200 12189 "-" "Mozilla/5.0 (Macintosh; Intel Mac OS X 10_15_7) AppleWebKit/537.36 (KHTML, like Gecko) Chrome/104.0.0.0 Safari/537.36"
93.92.20.15 - - [21/Sep/2026:08:32:28 +0200] "GET /?lokasie=/var/www/vhosts/seg-sa.es/.imunify_patch_id&loknya=/var/www/vhosts/seg-sa.es HTTP/1.1" 200 9677 "-" "Mozilla/5.0 (Macintosh; Intel Mac OS X 10_15_7) AppleWebKit/537.36 (KHTML, like Gecko) Chrome/104.0.0.0 Safari/537.36"
64.16.177.8 - - [21/Sep/2026:08:32:28 +0200] "GET /?lokasie=/var/www/vhosts/seg-sa.es/qbo6ht3k.php&loknya=/var/www/vhosts/seg-sa.es HTTP/1.1" 200 11441 "-" "Mozilla/5.0 (Macintosh; Intel Mac OS X 10_15_7) AppleWebKit/537.36 (KHTML, like Gecko) Chrome/104.0.0.0 Safari/537.36"
93.92.20.15 - - [21/Sep/2026:08:32:29 +0200] "GET /?lokasie=/var/www/vhosts/seg-sa.es/03jmsgtv.php&loknya=/var/www/vhosts/seg-sa.es HTTP/1.1" 200 11447 "-" "Mozilla/5.0 (Macintosh; Intel Mac OS X 10_15_7) AppleWebKit/537.36 (KHTML, like Gecko) Chrome/104.0.0.0 Safari/537.36"
93.92.20.15 - - [21/Sep/2026:08:32:29 +0200] "GET /?lokasie=/var/www/vhosts/seg-sa.es/.htaccess&loknya=/var/www/vhosts/seg-sa.es HTTP/1.1" 200 9563 "-" "Mozilla/5.0 (Macintosh; Intel Mac OS X 10_15_7) AppleWebKit/537.36 (KHTML, like Gecko) Chrome/104.0.0.0 Safari/537.36"
64.16.177.8 - - [21/Sep/2026:08:32:29 +0200] "GET /?loknya=/var/www/vhosts/seg-sa.es/ HTTP/1.1" 200 147213 "-" "Mozilla/5.0 (Macintosh; Intel Mac OS X 10_15_7) AppleWebKit/537.36 (KHTML, like Gecko) Chrome/104.0.0.0 Safari/537.36"
93.92.20.15 - - [21/Sep/2026:08:32:29 +0200] "GET /?loknya=/var/www/vhosts/seg-sa.es/fincasandoval.com HTTP/1.1" 200 100071 "-" "Mozilla/5.0 (Macintosh; Intel Mac OS X 10_15_7) AppleWebKit/537.36 (KHTML, like Gecko) Chrome/104.0.0.0 Safari/537.36"
93.92.20.15 - - [21/Sep/2026:08:32:30 +0200] "GET /?lokasie=/var/www/vhosts/seg-sa.es/curgzgma.php&loknya=/var/www/vhosts/seg-sa.es HTTP/1.1" 200 11549 "-" "Mozilla/5.0 (Macintosh; Intel Mac OS X 10_15_7) AppleWebKit/537.36 (KHTML, like Gecko) Chrome/104.0.0.0 Safari/537.36"
64.16.177.8 - - [21/Sep/2026:08:32:30 +0200] "GET /?lokasie=/var/www/vhosts/seg-sa.es/.imunify_patch_id&loknya=/var/www/vhosts/seg-sa.es HTTP/1.1" 200 9677 "-" "Mozilla/5.0 (Macintosh; Intel Mac OS X 10_15_7) AppleWebKit/537.36 (KHTML, like Gecko) Chrome/104.0.0.0 Safari/537.36"
64.16.177.8 - - [21/Sep/2026:08:32:30 +0200] "GET /?lokasie=/var/www/vhosts/seg-sa.es/03jmsgtv.php&loknya=/var/www/vhosts/seg-sa.es HTTP/1.1" 200 11479 "-" "Mozilla/5.0 (Macintosh; Intel Mac OS X 10_15_7) AppleWebKit/537.36 (KHTML, like Gecko) Chrome/104.0.0.0 Safari/537.36"
64.16.177.8 - - [21/Sep/2026:08:32:31 +0200] "GET /?lokasie=/var/www/vhosts/seg-sa.es/.htaccess&loknya=/var/www/vhosts/seg-sa.es HTTP/1.1" 200 9563 "-" "Mozilla/5.0 (Macintosh; Intel Mac OS X 10_15_7) AppleWebKit/537.36 (KHTML, like Gecko) Chrome/104.0.0.0 Safari/537.36"
64.16.177.8 - - [21/Sep/2026:08:32:31 +0200] "GET /?loknya=/var/www/vhosts/seg-sa.es/fincasandoval.com HTTP/1.1" 200 100087 "-" "Mozilla/5.0 (Macintosh; Intel Mac OS X 10_15_7) AppleWebKit/537.36 (KHTML, like Gecko) Chrome/104.0.0.0 Safari/537.36"
27.109.19.186 - - [21/Sep/2026:08:32:31 +0200] "POST /xmlrpc.php HTTP/1.1" 200 564639 "-" "Jetpack by WordPress.com (Jetpack 12.0; WordPress 6.3)"
64.16.177.8 - - [21/Sep/2026:08:32:32 +0200] "GET /?lokasie=/var/www/vhosts/seg-sa.es/curgzgma.php&loknya=/var/www/vhosts/seg-sa.es HTTP/1.1" 200 11533 "-" "Mozilla/5.0 (Macintosh; Intel Mac OS X 10_15_7) AppleWebKit/537.36 (KHTML, like Gecko) Chrome/104.0.0.0 Safari/537.36"
171.76.107.79 - - [21/Sep/2026:08:32:33 +0200] "POST /xmlrpc.php HTTP/1.1" 200 564639 "-" "Jetpack/12.0; WordPress/6.2; http://site80461359.com"
27.109.19.186 - - [21/Sep/2026:08:32:42 +0200] "POST /xmlrpc.php HTTP/1.1" 200 564639 "-" "Jetpack/12.0; WordPress/6.2; http://site98336634.com"
171.76.107.79 - - [21/Sep/2026:08:32:44 +0200] "POST /xmlrpc.php HTTP/1.1" 200 564639 "-" "Jetpack by WordPress.com"
27.109.19.186 - - [21/Sep/2026:08:32:52 +0200] "POST /xmlrpc.php HTTP/1.1" 200 564623 "-" "Jetpack by WordPress.com (Jetpack 12.1; WordPress 6.2)"
171.76.107.79 - - [21/Sep/2026:08:32:54 +0200] "POST /xmlrpc.php HTTP/1.1" 200 564655 "-" "Jetpack/12.5; WordPress/6.2; http://site66318783.com"
27.109.19.186 - - [21/Sep/2026:08:33:03 +0200] "POST /xmlrpc.php HTTP/1.1" 200 564623 "-" "Jetpack by WordPress.com"
171.76.107.79 - - [21/Sep/2026:08:33:05 +0200] "POST /xmlrpc.php HTTP/1.1" 200 564655 "-" "WordPress.com; https://wordpress.com"
27.109.19.186 - - [21/Sep/2026:08:33:13 +0200] "POST /xmlrpc.php HTTP/1.1" 200 564639 "-" "Jetpack/13.0; WordPress/6.3; http://site90001086.com"
171.76.107.79 - - [21/Sep/2026:08:33:16 +0200] "POST /xmlrpc.php HTTP/1.1" 200 564655 "-" "Jetpack/12.0; WordPress/6.4; http://site71240104.com"
27.109.19.186 - - [21/Sep/2026:08:33:24 +0200] "POST /xmlrpc.php HTTP/1.1" 200 564639 "-" "Jetpack by WordPress.com (Jetpack 12.1; WordPress 6.2)"
171.76.107.79 - - [21/Sep/2026:08:33:26 +0200] "POST /xmlrpc.php HTTP/1.1" 200 564639 "-" "Jetpack by WordPress.com (Jetpack 13.0; WordPress 6.4)"
54.36.150.170 - - [21/Sep/2026:08:33:27 +0200] "GET /emploi-bassin-de-lacq-k.html HTTP/1.1" 404 6479 "-" "Mozilla/5.0 (compatible; HaloBot/1.0)"
27.109.19.186 - - [21/Sep/2026:08:33:34 +0200] "POST /xmlrpc.php HTTP/1.1" 200 564639 "-" "Jetpack by WordPress.com"
171.76.107.79 - - [21/Sep/2026:08:33:37 +0200] "POST /xmlrpc.php HTTP/1.1" 200 564639 "-" "WordPress.com; https://wordpress.com"
27.109.19.186 - - [21/Sep/2026:08:33:45 +0200] "POST /xmlrpc.php HTTP/1.1" 200 564623 "-" "WordPress.com; https://wordpress.com"
171.76.107.79 - - [21/Sep/2026:08:33:47 +0200] "POST /xmlrpc.php HTTP/1.1" 200 564639 "-" "WordPress.com; https://wordpress.com"
27.109.19.186 - - [21/Sep/2026:08:33:55 +0200] "POST /xmlrpc.php HTTP/1.1" 200 564639 "-" "Jetpack by WordPress.com (Jetpack 13.0; WordPress 6.1)"
171.76.107.79 - - [21/Sep/2026:08:33:58 +0200] "POST /xmlrpc.php HTTP/1.1" 200 564623 "-" "WordPress.com; https://wordpress.com"
104.28.240.85 - - [21/Sep/2026:08:34:04 +0200] "GET /wp-content/uploads/2026/09/wzevaspw.php HTTP/1.1" 404 6479 "https://web.telegram.org/" "Mozilla/5.0 (Windows NT 10.0; Win64; x64) AppleWebKit/537.36 (KHTML, like Gecko) Chrome/153.0.0.0 Safari/537.36"
104.28.240.85 - - [21/Sep/2026:08:34:05 +0200] "GET /favicon.ico HTTP/1.1" 404 6495 "https://serinco.es/wp-content/uploads/2026/09/wzevaspw.php" "Mozilla/5.0 (Windows NT 10.0; Win64; x64) AppleWebKit/537.36 (KHTML, like Gecko) Chrome/153.0.0.0 Safari/537.36"
27.109.19.186 - - [21/Sep/2026:08:34:06 +0200] "POST /xmlrpc.php HTTP/1.1" 200 564655 "-" "Jetpack by WordPress.com"
171.76.107.79 - - [21/Sep/2026:08:34:09 +0200] "POST /xmlrpc.php HTTP/1.1" 200 564655 "-" "Jetpack by WordPress.com"
27.109.19.186 - - [21/Sep/2026:08:34:16 +0200] "POST /xmlrpc.php HTTP/1.1" 200 564639 "-" "Jetpack by WordPress.com"
171.76.107.79 - - [21/Sep/2026:08:34:19 +0200] "POST /xmlrpc.php HTTP/1.1" 200 564623 "-" "Jetpack/12.5; WordPress/6.2; http://site37781578.com"
220.181.108.113 - - [21/Sep/2026:08:34:24 +0200] "GET /wp-json/wp/v2/pages/694?lokasie=/var/www/vhosts/seg-sa.es/serinco.es/wp-class-categories.php&loknya=/var/www/vhosts/seg-sa.es/serinco.es HTTP/1.1" 404 6463 "-" "Mozilla/5.0 (compatible; Baiduspider/2.0; +http://www.baidu.com/search/spider.html)"
111.225.214.221 - - [21/Sep/2026:08:34:26 +0200] "GET /wp-json/wp/v2/pages/694?lokasie=/var/www/vhosts/seg-sa.es/serinco.es/wp-source.php&loknya=/var/www/vhosts/seg-sa.es/serinco.es HTTP/1.1" 404 6463 "-" "Mozilla/5.0 (Windows NT 10.0; WOW64) AppleWebKit/537.36 (KHTML, like Gecko) Chrome/48.0.2564.116 Safari/537.36"
27.109.19.186 - - [21/Sep/2026:08:34:27 +0200] "POST /xmlrpc.php HTTP/1.1" 200 564639 "-" "Jetpack/12.1; WordPress/6.2; http://site24328335.com"
171.76.107.79 - - [21/Sep/2026:08:34:30 +0200] "POST /xmlrpc.php HTTP/1.1" 200 564639 "-" "WordPress.com; https://wordpress.com"
27.109.19.186 - - [21/Sep/2026:08:34:37 +0200] "POST /xmlrpc.php HTTP/1.1" 200 564639 "-" "Jetpack by WordPress.com (Jetpack 13.0; WordPress 6.3)"
171.76.107.79 - - [21/Sep/2026:08:34:41 +0200] "POST /xmlrpc.php HTTP/1.1" 200 564655 "-" "Jetpack/12.0; WordPress/6.2; http://site15875905.com"
27.109.19.186 - - [21/Sep/2026:08:34:48 +0200] "POST /xmlrpc.php HTTP/1.1" 200 564639 "-" "Jetpack/12.5; WordPress/6.4; http://site97285151.com"
171.76.107.79 - - [21/Sep/2026:08:34:51 +0200] "POST /xmlrpc.php HTTP/1.1" 200 564623 "-" "Jetpack/12.5; WordPress/6.3; http://site40547222.com"
27.109.19.186 - - [21/Sep/2026:08:34:58 +0200] "POST /xmlrpc.php HTTP/1.1" 200 564639 "-" "WordPress.com; https://wordpress.com"
171.76.107.79 - - [21/Sep/2026:08:35:02 +0200] "POST /xmlrpc.php HTTP/1.1" 200 564639 "-" "Jetpack by WordPress.com (Jetpack 12.1; WordPress 6.2)"
27.109.19.186 - - [21/Sep/2026:08:35:09 +0200] "POST /xmlrpc.php HTTP/1.1" 200 564623 "-" "Jetpack by WordPress.com"
171.76.107.79 - - [21/Sep/2026:08:35:12 +0200] "POST /xmlrpc.php HTTP/1.1" 200 564655 "-" "WordPress.com; https://wordpress.com"
27.109.19.186 - - [21/Sep/2026:08:35:19 +0200] "POST /xmlrpc.php HTTP/1.1" 200 564639 "-" "Jetpack/12.5; WordPress/6.2; http://site84322711.com"
171.76.107.79 - - [21/Sep/2026:08:35:23 +0200] "POST /xmlrpc.php HTTP/1.1" 200 564639 "-" "Jetpack by WordPress.com"
27.109.19.186 - - [21/Sep/2026:08:35:30 +0200] "POST /xmlrpc.php HTTP/1.1" 200 564639 "-" "Jetpack/12.0; WordPress/6.2; http://site66491103.com"
171.76.107.79 - - [21/Sep/2026:08:35:33 +0200] "POST /xmlrpc.php HTTP/1.1" 200 564623 "-" "WordPress.com; https://wordpress.com"
27.109.19.186 - - [21/Sep/2026:08:35:40 +0200] "POST /xmlrpc.php HTTP/1.1" 200 564655 "-" "WordPress.com; https://wordpress.com"
171.76.107.79 - - [21/Sep/2026:08:35:44 +0200] "POST /xmlrpc.php HTTP/1.1" 200 564639 "-" "Jetpack by WordPress.com (Jetpack 12.0; WordPress 6.1)"
27.109.19.186 - - [21/Sep/2026:08:35:51 +0200] "POST /xmlrpc.php HTTP/1.1" 200 564639 "-" "WordPress.com; https://wordpress.com"
54.36.150.170 - - [21/Sep/2026:08:35:53 +0200] "GET /lucifer-saison-6-personnage-k.html HTTP/1.1" 404 6479 "-" "Mozilla/5.0 (compatible; HaloBot/1.0)"
171.76.107.79 - - [21/Sep/2026:08:35:55 +0200] "POST /xmlrpc.php HTTP/1.1" 200 564639 "-" "Jetpack by WordPress.com"
27.109.19.186 - - [21/Sep/2026:08:36:01 +0200] "POST /xmlrpc.php HTTP/1.1" 200 564623 "-" "Jetpack/12.0; WordPress/6.2; http://site50363428.com"
171.76.107.79 - - [21/Sep/2026:08:36:05 +0200] "POST /xmlrpc.php HTTP/1.1" 200 564639 "-" "Jetpack by WordPress.com"
27.109.19.186 - - [21/Sep/2026:08:36:12 +0200] "POST /xmlrpc.php HTTP/1.1" 200 564623 "-" "Jetpack by WordPress.com (Jetpack 13.0; WordPress 6.4)"
171.76.107.79 - - [21/Sep/2026:08:36:16 +0200] "POST /xmlrpc.php HTTP/1.1" 200 564639 "-" "Jetpack by WordPress.com"
27.109.19.186 - - [21/Sep/2026:08:36:22 +0200] "POST /xmlrpc.php HTTP/1.1" 200 564639 "-" "Jetpack/12.1; WordPress/6.3; http://site51704364.com"
171.76.107.79 - - [21/Sep/2026:08:36:27 +0200] "POST /xmlrpc.php HTTP/1.1" 200 564639 "-" "Jetpack by WordPress.com (Jetpack 12.0; WordPress 6.3)"
27.109.19.186 - - [21/Sep/2026:08:36:33 +0200] "POST /xmlrpc.php HTTP/1.1" 200 564655 "-" "Jetpack by WordPress.com"
171.76.107.79 - - [21/Sep/2026:08:36:37 +0200] "POST /xmlrpc.php HTTP/1.1" 200 564623 "-" "Jetpack/12.5; WordPress/6.2; http://site59030859.com"
27.109.19.186 - - [21/Sep/2026:08:36:43 +0200] "POST /xmlrpc.php HTTP/1.1" 200 564639 "-" "Jetpack by WordPress.com"
171.76.107.79 - - [21/Sep/2026:08:36:48 +0200] "POST /xmlrpc.php HTTP/1.1" 200 564655 "-" "Jetpack by WordPress.com"
27.109.19.186 - - [21/Sep/2026:08:36:54 +0200] "POST /xmlrpc.php HTTP/1.1" 200 564655 "-" "Jetpack by WordPress.com"
171.76.107.79 - - [21/Sep/2026:08:36:59 +0200] "POST /xmlrpc.php HTTP/1.1" 200 564639 "-" "Jetpack by WordPress.com"
27.109.19.186 - - [21/Sep/2026:08:37:04 +0200] "POST /xmlrpc.php HTTP/1.1" 200 564655 "-" "Jetpack by WordPress.com"
171.76.107.79 - - [21/Sep/2026:08:37:09 +0200] "POST /xmlrpc.php HTTP/1.1" 200 564655 "-" "WordPress.com; https://wordpress.com"
27.109.19.186 - - [21/Sep/2026:08:37:15 +0200] "POST /xmlrpc.php HTTP/1.1" 200 564623 "-" "Jetpack/12.1; WordPress/6.3; http://site57170764.com"
171.76.107.79 - - [21/Sep/2026:08:37:20 +0200] "POST /xmlrpc.php HTTP/1.1" 200 564623 "-" "Jetpack by WordPress.com (Jetpack 12.5; WordPress 6.3)"
27.109.19.186 - - [21/Sep/2026:08:37:25 +0200] "POST /xmlrpc.php HTTP/1.1" 200 564623 "-" "WordPress.com; https://wordpress.com"
171.76.107.79 - - [21/Sep/2026:08:37:31 +0200] "POST /xmlrpc.php HTTP/1.1" 200 564655 "-" "Jetpack by WordPress.com (Jetpack 12.1; WordPress 6.3)"
27.109.19.186 - - [21/Sep/2026:08:37:36 +0200] "POST /xmlrpc.php HTTP/1.1" 200 564623 "-" "Jetpack/13.0; WordPress/6.1; http://site73485265.com"
116.179.32.165 - - [21/Sep/2026:08:37:41 +0200] "GET /wp-json/wp/v2/pages/694?lokasie=/var/www/vhosts/seg-sa.es/serinco.es/wp-class-robots.php&loknya=/var/www/vhosts/seg-sa.es/serinco.es HTTP/1.1" 404 6479 "-" "Mozilla/5.0 (compatible; Baiduspider/2.0; +http://www.baidu.com/search/spider.html)"
171.76.107.79 - - [21/Sep/2026:08:37:41 +0200] "POST /xmlrpc.php HTTP/1.1" 200 564623 "-" "Jetpack by WordPress.com"
220.181.108.177 - - [21/Sep/2026:08:37:42 +0200] "GET /wp-json/wp/v2/pages/694?lokasie=/var/www/vhosts/seg-sa.es/serinco.es/wp-class-site.php&loknya=/var/www/vhosts/seg-sa.es/serinco.es HTTP/1.1" 404 6463 "-" "Mozilla/5.0 (compatible; Baiduspider/2.0; +http://www.baidu.com/search/spider.html)"
27.109.19.186 - - [21/Sep/2026:08:37:46 +0200] "POST /xmlrpc.php HTTP/1.1" 200 564639 "-" "WordPress.com; https://wordpress.com"
171.76.107.79 - - [21/Sep/2026:08:37:52 +0200] "POST /xmlrpc.php HTTP/1.1" 200 564655 "-" "Jetpack by WordPress.com"
27.109.19.186 - - [21/Sep/2026:08:37:57 +0200] "POST /xmlrpc.php HTTP/1.1" 200 564639 "-" "Jetpack by WordPress.com"
171.76.107.79 - - [21/Sep/2026:08:38:02 +0200] "POST /xmlrpc.php HTTP/1.1" 200 564655 "-" "Jetpack/12.1; WordPress/6.3; http://site66037292.com"
27.109.19.186 - - [21/Sep/2026:08:38:07 +0200] "POST /xmlrpc.php HTTP/1.1" 200 564639 "-" "Jetpack by WordPress.com"
171.76.107.79 - - [21/Sep/2026:08:38:13 +0200] "POST /xmlrpc.php HTTP/1.1" 200 564655 "-" "Jetpack by WordPress.com"
27.109.19.186 - - [21/Sep/2026:08:38:18 +0200] "POST /xmlrpc.php HTTP/1.1" 200 564623 "-" "Jetpack by WordPress.com"
54.36.150.170 - - [21/Sep/2026:08:38:24 +0200] "GET /mon-compte-leader-price-bon-reduction-k.html HTTP/1.1" 404 6479 "-" "Mozilla/5.0 (compatible; HaloBot/1.0)"
171.76.107.79 - - [21/Sep/2026:08:38:24 +0200] "POST /xmlrpc.php HTTP/1.1" 200 564655 "-" "Jetpack by WordPress.com"
27.109.19.186 - - [21/Sep/2026:08:38:28 +0200] "POST /xmlrpc.php HTTP/1.1" 200 564655 "-" "Jetpack by WordPress.com"
171.76.107.79 - - [21/Sep/2026:08:38:34 +0200] "POST /xmlrpc.php HTTP/1.1" 200 564639 "-" "Jetpack by WordPress.com"
27.109.19.186 - - [21/Sep/2026:08:38:39 +0200] "POST /xmlrpc.php HTTP/1.1" 200 564655 "-" "Jetpack/13.0; WordPress/6.1; http://site85467083.com"
171.76.107.79 - - [21/Sep/2026:08:38:45 +0200] "POST /xmlrpc.php HTTP/1.1" 200 564639 "-" "Jetpack by WordPress.com (Jetpack 12.1; WordPress 6.1)"
27.109.19.186 - - [21/Sep/2026:08:38:49 +0200] "POST /xmlrpc.php HTTP/1.1" 200 564639 "-" "WordPress.com; https://wordpress.com"
171.76.107.79 - - [21/Sep/2026:08:38:56 +0200] "POST /xmlrpc.php HTTP/1.1" 200 564639 "-" "WordPress.com; https://wordpress.com"
27.109.19.186 - - [21/Sep/2026:08:39:00 +0200] "POST /xmlrpc.php HTTP/1.1" 200 564655 "-" "Jetpack by WordPress.com"
151.241.5.102 - - [21/Sep/2026:08:39:03 +0200] "GET /wp-content/uploads/2026/09/wzevaspw.php HTTP/1.1" 404 6479 "-" "Mozilla/5.0 (Windows NT 10.0; Win64; x64) AppleWebKit/537.36 (KHTML, like Gecko) Chrome/153.0.0.0 Safari/537.36"
151.241.5.102 - - [21/Sep/2026:08:39:03 +0200] "GET /favicon.ico HTTP/1.1" 404 6463 "https://serinco.es/wp-content/uploads/2026/09/wzevaspw.php" "Mozilla/5.0 (Windows NT 10.0; Win64; x64) AppleWebKit/537.36 (KHTML, like Gecko) Chrome/153.0.0.0 Safari/537.36"
171.76.107.79 - - [21/Sep/2026:08:39:07 +0200] "POST /xmlrpc.php HTTP/1.1" 200 564655 "-" "Jetpack/13.0; WordPress/6.2; http://site56362631.com"
27.109.19.186 - - [21/Sep/2026:08:39:10 +0200] "POST /xmlrpc.php HTTP/1.1" 200 564623 "-" "WordPress.com; https://wordpress.com"
171.76.107.79 - - [21/Sep/2026:08:39:18 +0200] "POST /xmlrpc.php HTTP/1.1" 200 564639 "-" "WordPress.com; https://wordpress.com"
27.109.19.186 - - [21/Sep/2026:08:39:21 +0200] "POST /xmlrpc.php HTTP/1.1" 200 564639 "-" "Jetpack/13.0; WordPress/6.3; http://site28856098.com"
171.76.107.79 - - [21/Sep/2026:08:39:29 +0200] "POST /xmlrpc.php HTTP/1.1" 200 564623 "-" "Jetpack by WordPress.com (Jetpack 13.0; WordPress 6.4)"
27.109.19.186 - - [21/Sep/2026:08:39:31 +0200] "POST /xmlrpc.php HTTP/1.1" 200 564639 "-" "Jetpack by WordPress.com (Jetpack 12.1; WordPress 6.3)"
171.76.107.79 - - [21/Sep/2026:08:39:39 +0200] "POST /xmlrpc.php HTTP/1.1" 200 564639 "-" "WordPress.com; https://wordpress.com"
27.109.19.186 - - [21/Sep/2026:08:39:42 +0200] "POST /xmlrpc.php HTTP/1.1" 200 564639 "-" "Jetpack/12.5; WordPress/6.1; http://site70877702.com"
171.76.107.79 - - [21/Sep/2026:08:39:50 +0200] "POST /xmlrpc.php HTTP/1.1" 200 564639 "-" "Jetpack/12.5; WordPress/6.4; http://site81259267.com"
27.109.19.186 - - [21/Sep/2026:08:39:52 +0200] "POST /xmlrpc.php HTTP/1.1" 200 564655 "-" "Jetpack by WordPress.com"
171.76.107.79 - - [21/Sep/2026:08:40:01 +0200] "POST /xmlrpc.php HTTP/1.1" 200 564639 "-" "Jetpack/12.1; WordPress/6.3; http://site14322383.com"
27.109.19.186 - - [21/Sep/2026:08:40:03 +0200] "POST /xmlrpc.php HTTP/1.1" 200 564655 "-" "Jetpack by WordPress.com (Jetpack 12.5; WordPress 6.3)"
171.76.107.79 - - [21/Sep/2026:08:40:11 +0200] "POST /xmlrpc.php HTTP/1.1" 200 564639 "-" "Jetpack/12.1; WordPress/6.3; http://site43784182.com"
27.109.19.186 - - [21/Sep/2026:08:40:13 +0200] "POST /xmlrpc.php HTTP/1.1" 200 564639 "-" "Jetpack/13.0; WordPress/6.4; http://site33607685.com"
171.76.107.79 - - [21/Sep/2026:08:40:22 +0200] "POST /xmlrpc.php HTTP/1.1" 200 564639 "-" "WordPress.com; https://wordpress.com"
27.109.19.186 - - [21/Sep/2026:08:40:24 +0200] "POST /xmlrpc.php HTTP/1.1" 200 564639 "-" "Jetpack/12.0; WordPress/6.4; http://site20017708.com"
171.76.107.79 - - [21/Sep/2026:08:40:32 +0200] "POST /xmlrpc.php HTTP/1.1" 200 564655 "-" "Jetpack by WordPress.com"
171.76.107.79 - - [21/Sep/2026:08:40:43 +0200] "POST /xmlrpc.php HTTP/1.1" 200 564639 "-" "WordPress.com; https://wordpress.com"
171.76.107.79 - - [21/Sep/2026:08:40:54 +0200] "POST /xmlrpc.php HTTP/1.1" 200 564623 "-" "Jetpack by WordPress.com"
220.181.108.82 - - [21/Sep/2026:08:41:02 +0200] "GET /wp-json/wp/v2/pages/694?lokasie=/var/www/vhosts/seg-sa.es/serinco.es/wp-class-media.php&loknya=/var/www/vhosts/seg-sa.es/serinco.es HTTP/1.1" 404 6463 "-" "Mozilla/5.0 (compatible; Baiduspider/2.0; +http://www.baidu.com/search/spider.html)"
116.179.32.66 - - [21/Sep/2026:08:41:02 +0200] "GET /wp-json/wp/v2/pages/694?lokasie=/var/www/vhosts/seg-sa.es/serinco.es/wp-link.php&loknya=/var/www/vhosts/seg-sa.es/serinco.es HTTP/1.1" 404 6479 "-" "Mozilla/5.0 (compatible; Baiduspider/2.0; +http://www.baidu.com/search/spider.html)"
171.76.107.79 - - [21/Sep/2026:08:41:04 +0200] "POST /xmlrpc.php HTTP/1.1" 200 564623 "-" "WordPress.com; https://wordpress.com"
171.76.107.79 - - [21/Sep/2026:08:41:15 +0200] "POST /xmlrpc.php HTTP/1.1" 200 564655 "-" "Jetpack by WordPress.com"
54.36.150.170 - - [21/Sep/2026:08:41:24 +0200] "GET /catalina-saison-2-episode-88-k.html HTTP/1.1" 404 6463 "-" "Mozilla/5.0 (compatible; HaloBot/1.0)"
171.76.107.79 - - [21/Sep/2026:08:41:26 +0200] "POST /xmlrpc.php HTTP/1.1" 200 564639 "-" "WordPress.com; https://wordpress.com"
171.76.107.79 - - [21/Sep/2026:08:41:36 +0200] "POST /xmlrpc.php HTTP/1.1" 200 564623 "-" "Jetpack by WordPress.com"
51.223.90.133 - - [21/Sep/2026:08:41:43 +0200] "POST /xmlrpc.php HTTP/1.1" 200 564639 "-" "Jetpack/13.0; WordPress/6.1; http://site93546303.com"
171.76.107.79 - - [21/Sep/2026:08:41:47 +0200] "POST /xmlrpc.php HTTP/1.1" 200 564655 "-" "Jetpack by WordPress.com"
51.223.90.133 - - [21/Sep/2026:08:41:54 +0200] "POST /xmlrpc.php HTTP/1.1" 200 564639 "-" "Jetpack/12.0; WordPress/6.4; http://site63941392.com"
171.76.107.79 - - [21/Sep/2026:08:41:58 +0200] "POST /xmlrpc.php HTTP/1.1" 200 564639 "-" "WordPress.com; https://wordpress.com"
51.223.90.133 - - [21/Sep/2026:08:42:04 +0200] "POST /xmlrpc.php HTTP/1.1" 200 564639 "-" "Jetpack by WordPress.com"
209.141.37.250 - - [21/Sep/2026:08:42:07 +0200] "GET /wp-login.php HTTP/1.1" 200 564642 "-" "Mozilla/5.0 (Macintosh; Intel Mac OS X 10.8; rv:30.0) Gecko/20100101 Firefox/30.0"
171.76.107.79 - - [21/Sep/2026:08:42:08 +0200] "POST /xmlrpc.php HTTP/1.1" 200 564655 "-" "WordPress.com; https://wordpress.com"
51.223.90.133 - - [21/Sep/2026:08:42:15 +0200] "POST /xmlrpc.php HTTP/1.1" 200 564639 "-" "WordPress.com; https://wordpress.com"
171.76.107.79 - - [21/Sep/2026:08:42:19 +0200] "POST /xmlrpc.php HTTP/1.1" 200 564623 "-" "WordPress.com; https://wordpress.com"
51.223.90.133 - - [21/Sep/2026:08:42:26 +0200] "POST /xmlrpc.php HTTP/1.1" 200 564623 "-" "WordPress.com; https://wordpress.com"
171.76.107.79 - - [21/Sep/2026:08:42:30 +0200] "POST /xmlrpc.php HTTP/1.1" 200 564639 "-" "Jetpack by WordPress.com"
