89.248.107.232 - - [21/Sep/2026:06:35:40 +0200] "POST /wp-cron.php?doing_wp_cron=1789965340.0559999942779541015625 HTTP/1.1" 200 5489 "https://serinco.es/wp-cron.php?doing_wp_cron=1789965340.0559999942779541015625" "WordPress/6.1.13; https://serinco.es"
14.96.50.90 - - [21/Sep/2026:06:35:39 +0200] "POST /xmlrpc.php HTTP/1.1" 200 5900 "-" "WordPress.com; https://wordpress.com"
14.96.50.90 - - [21/Sep/2026:06:35:50 +0200] "POST /xmlrpc.php HTTP/1.1" 200 5884 "-" "WordPress.com; https://wordpress.com"
14.96.50.90 - - [21/Sep/2026:06:36:01 +0200] "POST /xmlrpc.php HTTP/1.1" 200 5900 "-" "WordPress.com; https://wordpress.com"
14.96.50.90 - - [21/Sep/2026:06:36:11 +0200] "POST /xmlrpc.php HTTP/1.1" 200 5884 "-" "Jetpack by WordPress.com (Jetpack 12.1; WordPress 6.4)"
14.96.50.90 - - [21/Sep/2026:06:36:22 +0200] "POST /xmlrpc.php HTTP/1.1" 200 5868 "-" "Jetpack/12.1; WordPress/6.2; http://site17939083.com"
14.96.50.90 - - [21/Sep/2026:06:36:33 +0200] "POST /xmlrpc.php HTTP/1.1" 200 5868 "-" "WordPress.com; https://wordpress.com"
14.96.50.90 - - [21/Sep/2026:06:36:44 +0200] "POST /xmlrpc.php HTTP/1.1" 200 5884 "-" "Jetpack/12.0; WordPress/6.4; http://site85263080.com"
14.96.50.90 - - [21/Sep/2026:06:36:54 +0200] "POST /xmlrpc.php HTTP/1.1" 200 5868 "-" "Jetpack/13.0; WordPress/6.1; http://site23479460.com"
14.96.50.90 - - [21/Sep/2026:06:37:05 +0200] "POST /xmlrpc.php HTTP/1.1" 200 5884 "-" "WordPress.com; https://wordpress.com"
14.96.50.90 - - [21/Sep/2026:06:37:16 +0200] "POST /xmlrpc.php HTTP/1.1" 200 5900 "-" "WordPress.com; https://wordpress.com"
14.96.50.90 - - [21/Sep/2026:06:37:26 +0200] "POST /xmlrpc.php HTTP/1.1" 200 5884 "-" "WordPress.com; https://wordpress.com"
14.96.50.90 - - [21/Sep/2026:06:37:37 +0200] "POST /xmlrpc.php HTTP/1.1" 200 5900 "-" "Jetpack/13.0; WordPress/6.2; http://site27350568.com"
14.96.50.90 - - [21/Sep/2026:06:37:48 +0200] "POST /xmlrpc.php HTTP/1.1" 200 5868 "-" "Jetpack by WordPress.com (Jetpack 12.5; WordPress 6.2)"
17.166.237.170 - - [21/Sep/2026:06:37:56 +0200] "GET /robots.txt HTTP/1.1" 200 5679 "-" "Mozilla/5.0 (Macintosh; Intel Mac OS X 10_15_7) AppleWebKit/605.1.15 (KHTML, like Gecko) Version/17.4 Safari/605.1.15 (Applebot/0.1; +http://www.apple.com/go/applebot)"
14.96.50.90 - - [21/Sep/2026:06:37:58 +0200] "POST /xmlrpc.php HTTP/1.1" 200 5884 "-" "Jetpack/12.5; WordPress/6.1; http://site13010428.com"
14.96.50.90 - - [21/Sep/2026:06:38:09 +0200] "POST /xmlrpc.php HTTP/1.1" 200 5884 "-" "Jetpack by WordPress.com (Jetpack 12.1; WordPress 6.4)"
14.96.50.90 - - [21/Sep/2026:06:38:20 +0200] "POST /xmlrpc.php HTTP/1.1" 200 5900 "-" "WordPress.com; https://wordpress.com"
14.96.50.90 - - [21/Sep/2026:06:38:31 +0200] "POST /xmlrpc.php HTTP/1.1" 200 5868 "-" "Jetpack by WordPress.com (Jetpack 12.0; WordPress 6.4)"
14.96.50.90 - - [21/Sep/2026:06:38:42 +0200] "POST /xmlrpc.php HTTP/1.1" 200 5884 "-" "Jetpack/12.5; WordPress/6.2; http://site22966919.com"
14.96.50.90 - - [21/Sep/2026:06:38:53 +0200] "POST /xmlrpc.php HTTP/1.1" 200 5884 "-" "Jetpack/12.5; WordPress/6.4; http://site33211471.com"
14.96.50.90 - - [21/Sep/2026:06:39:04 +0200] "POST /xmlrpc.php HTTP/1.1" 200 5884 "-" "Jetpack/12.0; WordPress/6.4; http://site53483714.com"
14.96.50.90 - - [21/Sep/2026:06:39:14 +0200] "POST /xmlrpc.php HTTP/1.1" 200 5900 "-" "Jetpack by WordPress.com (Jetpack 12.0; WordPress 6.3)"
14.96.50.90 - - [21/Sep/2026:06:39:25 +0200] "POST /xmlrpc.php HTTP/1.1" 200 5884 "-" "Jetpack by WordPress.com"
14.96.50.90 - - [21/Sep/2026:06:39:36 +0200] "POST /xmlrpc.php HTTP/1.1" 200 5868 "-" "Jetpack by WordPress.com (Jetpack 13.0; WordPress 6.1)"
14.96.50.90 - - [21/Sep/2026:06:39:46 +0200] "POST /xmlrpc.php HTTP/1.1" 200 5884 "-" "Jetpack by WordPress.com (Jetpack 12.1; WordPress 6.4)"
14.96.50.90 - - [21/Sep/2026:06:39:57 +0200] "POST /xmlrpc.php HTTP/1.1" 200 5868 "-" "WordPress.com; https://wordpress.com"
14.96.50.90 - - [21/Sep/2026:06:40:08 +0200] "POST /xmlrpc.php HTTP/1.1" 200 5868 "-" "WordPress.com; https://wordpress.com"
14.96.50.90 - - [21/Sep/2026:06:40:19 +0200] "POST /xmlrpc.php HTTP/1.1" 200 5884 "-" "Jetpack by WordPress.com (Jetpack 12.5; WordPress 6.2)"
103.154.49.89 - - [21/Sep/2026:06:40:23 +0200] "GET /wp-login.php HTTP/1.1" 200 13767 "https://serinco.es" "Mozilla/5.0 (Windows NT 10.0) AppleWebKit/537.36 (KHTML, like Gecko) Chrome/72.0.3626.121 Safari/537.36"
103.154.49.89 - - [21/Sep/2026:06:40:24 +0200] "POST /wp-login.php HTTP/1.1" 302 6512 "https://serinco.es" "Mozilla/5.0 (Windows NT 10.0) AppleWebKit/537.36 (KHTML, like Gecko) Chrome/72.0.3626.121 Safari/537.36"
103.154.49.89 - - [21/Sep/2026:06:40:25 +0200] "GET /wp-admin/ HTTP/1.1" 200 140737 "https://serinco.es" "Mozilla/5.0 (Windows NT 10.0) AppleWebKit/537.36 (KHTML, like Gecko) Chrome/72.0.3626.121 Safari/537.36"
103.154.49.89 - - [21/Sep/2026:06:40:27 +0200] "GET /wp-admin/ HTTP/1.1" 200 140471 "https://serinco.es" "Mozilla/5.0 (Windows NT 10.0) AppleWebKit/537.36 (KHTML, like Gecko) Chrome/72.0.3626.121 Safari/537.36"
14.96.50.90 - - [21/Sep/2026:06:40:29 +0200] "POST /xmlrpc.php HTTP/1.1" 200 5900 "-" "WordPress.com; https://wordpress.com"
103.154.49.89 - - [21/Sep/2026:06:40:30 +0200] "GET /wp-admin/user-new.php HTTP/1.1" 200 61274 "https://serinco.es" "Mozilla/5.0 (Windows NT 10.0) AppleWebKit/537.36 (KHTML, like Gecko) Chrome/72.0.3626.121 Safari/537.36"
103.154.49.89 - - [21/Sep/2026:06:40:34 +0200] "POST /wp-admin/user-new.php HTTP/1.1" 200 61542 "https://serinco.es" "Mozilla/5.0 (Windows NT 10.0) AppleWebKit/537.36 (KHTML, like Gecko) Chrome/72.0.3626.121 Safari/537.36"
103.154.49.89 - - [21/Sep/2026:06:40:36 +0200] "GET /wp-admin/plugin-install.php?tab=upload HTTP/1.1" 403 6478 "https://serinco.es" "Mozilla/5.0 (Windows NT 10.0) AppleWebKit/537.36 (KHTML, like Gecko) Chrome/72.0.3626.121 Safari/537.36"
103.154.49.89 - - [21/Sep/2026:06:40:37 +0200] "GET /wp-admin/media-new.php HTTP/1.1" 200 57790 "https://serinco.es" "Mozilla/5.0 (Windows NT 10.0) AppleWebKit/537.36 (KHTML, like Gecko) Chrome/72.0.3626.121 Safari/537.36"
103.154.49.89 - - [21/Sep/2026:06:40:40 +0200] "POST /wp-admin/async-upload.php HTTP/1.1" 200 5749 "https://serinco.es" "Mozilla/5.0 (Windows NT 10.0) AppleWebKit/537.36 (KHTML, like Gecko) Chrome/72.0.3626.121 Safari/537.36"
14.96.50.90 - - [21/Sep/2026:06:40:40 +0200] "POST /xmlrpc.php HTTP/1.1" 200 5900 "-" "WordPress.com; https://wordpress.com"
103.154.49.89 - - [21/Sep/2026:06:40:41 +0200] "GET /wp-content/uploads/2026/09/rgtfopkb.php HTTP/1.1" 404 33426 "https://serinco.es" "Mozilla/5.0 (Windows NT 10.0) AppleWebKit/537.36 (KHTML, like Gecko) Chrome/72.0.3626.121 Safari/537.36"
103.154.49.89 - - [21/Sep/2026:06:40:43 +0200] "POST /wp-admin/async-upload.php HTTP/1.1" 200 5751 "https://serinco.es" "Mozilla/5.0 (Windows NT 10.0) AppleWebKit/537.36 (KHTML, like Gecko) Chrome/72.0.3626.121 Safari/537.36"
103.154.49.89 - - [21/Sep/2026:06:40:44 +0200] "GET /wp-content/uploads/2026/09/rgtfopkb.phtml HTTP/1.1" 404 33410 "https://serinco.es" "Mozilla/5.0 (Windows NT 10.0) AppleWebKit/537.36 (KHTML, like Gecko) Chrome/72.0.3626.121 Safari/537.36"
103.154.49.89 - - [21/Sep/2026:06:40:46 +0200] "POST /wp-admin/async-upload.php HTTP/1.1" 200 5766 "https://serinco.es" "Mozilla/5.0 (Windows NT 10.0) AppleWebKit/537.36 (KHTML, like Gecko) Chrome/72.0.3626.121 Safari/537.36"
103.154.49.89 - - [21/Sep/2026:06:40:47 +0200] "GET /wp-content/uploads/2026/09/rgtfopkb.phar HTTP/1.1" 404 33442 "https://serinco.es" "Mozilla/5.0 (Windows NT 10.0) AppleWebKit/537.36 (KHTML, like Gecko) Chrome/72.0.3626.121 Safari/537.36"
103.154.49.89 - - [21/Sep/2026:06:40:49 +0200] "POST /wp-admin/async-upload.php HTTP/1.1" 200 5734 "https://serinco.es" "Mozilla/5.0 (Windows NT 10.0) AppleWebKit/537.36 (KHTML, like Gecko) Chrome/72.0.3626.121 Safari/537.36"
103.154.49.89 - - [21/Sep/2026:06:40:50 +0200] "GET /wp-content/uploads/2026/09/rgtfopkb.php5 HTTP/1.1" 404 33426 "https://serinco.es" "Mozilla/5.0 (Windows NT 10.0) AppleWebKit/537.36 (KHTML, like Gecko) Chrome/72.0.3626.121 Safari/537.36"
14.96.50.90 - - [21/Sep/2026:06:40:51 +0200] "POST /xmlrpc.php HTTP/1.1" 200 5884 "-" "WordPress.com; https://wordpress.com"
103.154.49.89 - - [21/Sep/2026:06:40:52 +0200] "POST /wp-admin/async-upload.php HTTP/1.1" 200 5734 "https://serinco.es" "Mozilla/5.0 (Windows NT 10.0) AppleWebKit/537.36 (KHTML, like Gecko) Chrome/72.0.3626.121 Safari/537.36"
103.154.49.89 - - [21/Sep/2026:06:40:53 +0200] "GET /wp-content/uploads/2026/09/rgtfopkb.php7 HTTP/1.1" 404 33426 "https://serinco.es" "Mozilla/5.0 (Windows NT 10.0) AppleWebKit/537.36 (KHTML, like Gecko) Chrome/72.0.3626.121 Safari/537.36"
103.154.49.89 - - [21/Sep/2026:06:40:54 +0200] "GET /wp-admin/plugin-install.php?s=file-manager-advanced&tab=search&type=term HTTP/1.1" 403 6462 "https://serinco.es" "Mozilla/5.0 (Windows NT 10.0) AppleWebKit/537.36 (KHTML, like Gecko) Chrome/72.0.3626.121 Safari/537.36"
103.154.49.89 - - [21/Sep/2026:06:40:55 +0200] "GET /wp-admin/plugin-editor.php HTTP/1.1" 200 106485 "https://serinco.es" "Mozilla/5.0 (Windows NT 10.0) AppleWebKit/537.36 (KHTML, like Gecko) Chrome/72.0.3626.121 Safari/537.36"
103.154.49.89 - - [21/Sep/2026:06:40:56 +0200] "GET /wp-admin/plugin-editor.php?file=jds-portfolio/jds-portfolio.php&plugin=jds-portfolio/jds-portfolio.php HTTP/1.1" 200 100158 "https://serinco.es" "Mozilla/5.0 (Windows NT 10.0) AppleWebKit/537.36 (KHTML, like Gecko) Chrome/72.0.3626.121 Safari/537.36"
89.248.107.232 - - [21/Sep/2026:06:41:00 +0200] "GET /wp-admin/plugin-editor.php?plugin=jds-portfolio%2Fjds-portfolio.php&file=jds-portfolio%2Fjds-portfolio.php&wp_scrape_key=48beae19d020e6a39333673cc3ad397e&wp_scrape_nonce=1692178561 HTTP/1.1" 200 156627 "https://serinco.es/wp-admin/plugin-editor.php?plugin=jds-portfolio%2Fjds-portfolio.php&file=jds-portfolio%2Fjds-portfolio.php&wp_scrape_key=48beae19d020e6a39333673cc3ad397e&wp_scrape_nonce=1692178561" "WordPress/6.1.13; https://serinco.es"
89.248.107.232 - - [21/Sep/2026:06:41:01 +0200] "GET /?wp_scrape_key=48beae19d020e6a39333673cc3ad397e&wp_scrape_nonce=1692178561 HTTP/1.1" 200 563341 "https://serinco.es/?wp_scrape_key=48beae19d020e6a39333673cc3ad397e&wp_scrape_nonce=1692178561" "WordPress/6.1.13; https://serinco.es"
103.154.49.89 - - [21/Sep/2026:06:40:59 +0200] "POST /wp-admin/admin-ajax.php HTTP/1.1" 200 5824 "https://serinco.es" "Mozilla/5.0 (Windows NT 10.0) AppleWebKit/537.36 (KHTML, like Gecko) Chrome/72.0.3626.121 Safari/537.36"
103.154.49.89 - - [21/Sep/2026:06:41:02 +0200] "GET /wp-content/plugins/jds-portfolio/jds-portfolio.php HTTP/1.1" 403 6494 "https://serinco.es" "Mozilla/5.0 (Windows NT 10.0) AppleWebKit/537.36 (KHTML, like Gecko) Chrome/72.0.3626.121 Safari/537.36"
14.96.50.90 - - [21/Sep/2026:06:41:01 +0200] "POST /xmlrpc.php HTTP/1.1" 200 563191 "-" "WordPress.com; https://wordpress.com"
14.96.50.90 - - [21/Sep/2026:06:41:12 +0200] "POST /xmlrpc.php HTTP/1.1" 200 563207 "-" "WordPress.com; https://wordpress.com"
14.96.50.90 - - [21/Sep/2026:06:41:23 +0200] "POST /xmlrpc.php HTTP/1.1" 200 563191 "-" "Jetpack/13.0; WordPress/6.1; http://site11665031.com"
14.96.50.90 - - [21/Sep/2026:06:41:34 +0200] "POST /xmlrpc.php HTTP/1.1" 200 563191 "-" "WordPress.com; https://wordpress.com"
14.96.50.90 - - [21/Sep/2026:06:41:44 +0200] "POST /xmlrpc.php HTTP/1.1" 200 563175 "-" "Jetpack/12.0; WordPress/6.4; http://site88854281.com"
54.36.150.170 - - [21/Sep/2026:06:41:46 +0200] "GET /filet-side-pull-k.html HTTP/1.1" 200 563176 "-" "Mozilla/5.0 (compatible; HaloBot/1.0)"
14.96.50.90 - - [21/Sep/2026:06:41:55 +0200] "POST /xmlrpc.php HTTP/1.1" 200 563207 "-" "WordPress.com; https://wordpress.com"
14.96.50.90 - - [21/Sep/2026:06:42:06 +0200] "POST /xmlrpc.php HTTP/1.1" 200 563191 "-" "Jetpack/12.1; WordPress/6.4; http://site88836274.com"
14.96.50.90 - - [21/Sep/2026:06:42:16 +0200] "POST /xmlrpc.php HTTP/1.1" 200 563175 "-" "Jetpack by WordPress.com"
14.96.50.90 - - [21/Sep/2026:06:42:28 +0200] "POST /xmlrpc.php HTTP/1.1" 200 563207 "-" "WordPress.com; https://wordpress.com"
14.96.50.90 - - [21/Sep/2026:06:42:38 +0200] "POST /xmlrpc.php HTTP/1.1" 200 563175 "-" "Jetpack by WordPress.com (Jetpack 13.0; WordPress 6.1)"
14.96.50.90 - - [21/Sep/2026:06:42:49 +0200] "POST /xmlrpc.php HTTP/1.1" 200 563207 "-" "Jetpack by WordPress.com"
14.96.50.90 - - [21/Sep/2026:06:43:00 +0200] "POST /xmlrpc.php HTTP/1.1" 200 563207 "-" "Jetpack by WordPress.com"
14.96.50.90 - - [21/Sep/2026:06:43:10 +0200] "POST /xmlrpc.php HTTP/1.1" 200 563191 "-" "WordPress.com; https://wordpress.com"
14.96.50.90 - - [21/Sep/2026:06:43:21 +0200] "POST /xmlrpc.php HTTP/1.1" 200 563175 "-" "Jetpack/12.1; WordPress/6.1; http://site19229100.com"
14.96.50.90 - - [21/Sep/2026:06:43:32 +0200] "POST /xmlrpc.php HTTP/1.1" 200 563175 "-" "Jetpack/12.1; WordPress/6.3; http://site42451569.com"
14.96.50.90 - - [21/Sep/2026:06:43:42 +0200] "POST /xmlrpc.php HTTP/1.1" 200 563207 "-" "Jetpack by WordPress.com (Jetpack 12.1; WordPress 6.1)"
14.96.50.90 - - [21/Sep/2026:06:43:53 +0200] "POST /xmlrpc.php HTTP/1.1" 200 563191 "-" "Jetpack by WordPress.com"
14.96.50.90 - - [21/Sep/2026:06:44:04 +0200] "POST /xmlrpc.php HTTP/1.1" 200 563207 "-" "Jetpack/12.1; WordPress/6.3; http://site51776390.com"
14.96.50.90 - - [21/Sep/2026:06:44:15 +0200] "POST /xmlrpc.php HTTP/1.1" 200 563175 "-" "Jetpack by WordPress.com"
14.96.50.90 - - [21/Sep/2026:06:44:25 +0200] "POST /xmlrpc.php HTTP/1.1" 200 563191 "-" "Jetpack by WordPress.com (Jetpack 12.0; WordPress 6.4)"
14.96.50.90 - - [21/Sep/2026:06:44:36 +0200] "POST /xmlrpc.php HTTP/1.1" 200 563191 "-" "Jetpack by WordPress.com (Jetpack 12.5; WordPress 6.1)"
14.96.50.90 - - [21/Sep/2026:06:44:47 +0200] "POST /xmlrpc.php HTTP/1.1" 200 563175 "-" "WordPress.com; https://wordpress.com"
14.96.50.90 - - [21/Sep/2026:06:44:58 +0200] "POST /xmlrpc.php HTTP/1.1" 200 563175 "-" "Jetpack by WordPress.com"
14.96.50.90 - - [21/Sep/2026:06:45:08 +0200] "POST /xmlrpc.php HTTP/1.1" 200 563207 "-" "Jetpack by WordPress.com (Jetpack 12.1; WordPress 6.4)"
14.96.50.90 - - [21/Sep/2026:06:45:19 +0200] "POST /xmlrpc.php HTTP/1.1" 200 563191 "-" "Jetpack/13.0; WordPress/6.1; http://site48045133.com"
14.96.50.90 - - [21/Sep/2026:06:45:30 +0200] "POST /xmlrpc.php HTTP/1.1" 200 563191 "-" "Jetpack by WordPress.com"
14.96.50.90 - - [21/Sep/2026:06:45:41 +0200] "POST /xmlrpc.php HTTP/1.1" 200 563207 "-" "Jetpack by WordPress.com"
14.96.50.90 - - [21/Sep/2026:06:45:52 +0200] "POST /xmlrpc.php HTTP/1.1" 200 563175 "-" "WordPress.com; https://wordpress.com"
14.96.50.90 - - [21/Sep/2026:06:46:02 +0200] "POST /xmlrpc.php HTTP/1.1" 200 563191 "-" "Jetpack/12.5; WordPress/6.4; http://site93653021.com"
14.96.50.90 - - [21/Sep/2026:06:46:13 +0200] "POST /xmlrpc.php HTTP/1.1" 200 563191 "-" "Jetpack by WordPress.com"
14.96.50.90 - - [21/Sep/2026:06:46:24 +0200] "POST /xmlrpc.php HTTP/1.1" 200 563207 "-" "Jetpack by WordPress.com"
14.96.50.90 - - [21/Sep/2026:06:46:35 +0200] "POST /xmlrpc.php HTTP/1.1" 200 563191 "-" "WordPress.com; https://wordpress.com"
14.96.50.90 - - [21/Sep/2026:06:46:45 +0200] "POST /xmlrpc.php HTTP/1.1" 200 563191 "-" "Jetpack by WordPress.com (Jetpack 12.5; WordPress 6.3)"
14.96.50.90 - - [21/Sep/2026:06:46:56 +0200] "POST /xmlrpc.php HTTP/1.1" 200 563207 "-" "Jetpack by WordPress.com (Jetpack 12.0; WordPress 6.1)"
14.96.50.90 - - [21/Sep/2026:06:47:07 +0200] "POST /xmlrpc.php HTTP/1.1" 200 563191 "-" "Jetpack by WordPress.com (Jetpack 13.0; WordPress 6.1)"
14.96.50.90 - - [21/Sep/2026:06:47:18 +0200] "POST /xmlrpc.php HTTP/1.1" 200 563191 "-" "WordPress.com; https://wordpress.com"
14.96.50.90 - - [21/Sep/2026:06:47:28 +0200] "POST /xmlrpc.php HTTP/1.1" 200 563175 "-" "Jetpack by WordPress.com"
14.96.50.90 - - [21/Sep/2026:06:47:39 +0200] "POST /xmlrpc.php HTTP/1.1" 200 563175 "-" "Jetpack by WordPress.com"
14.96.50.90 - - [21/Sep/2026:06:47:50 +0200] "POST /xmlrpc.php HTTP/1.1" 200 563191 "-" "Jetpack by WordPress.com"
14.96.50.90 - - [21/Sep/2026:06:48:01 +0200] "POST /xmlrpc.php HTTP/1.1" 200 563191 "-" "Jetpack/12.5; WordPress/6.4; http://site87968574.com"
47.82.15.67 - - [21/Sep/2026:06:48:10 +0200] "GET /politica-de-privacidad/servicios HTTP/1.1" 200 563206 "-" "Mozilla/5.0 (Windows NT 10.0; Win64; x64) AppleWebKit/537.36 (KHTML, like Gecko) Chrome/139.0.0.0 Safari/537.36"
69.6.225.195 - - [21/Sep/2026:06:49:46 +0200] "GET /wp-login.php HTTP/1.1" 200 563194 "-" "Mozilla/5.0 (Windows NT 10.0; Win64; x64) AppleWebKit/537.36 (KHTML, like Gecko) Chrome/151.0.0.0 Safari/537.36"
69.6.225.195 - - [21/Sep/2026:06:49:46 +0200] "POST /wp-login.php HTTP/1.1" 200 563210 "https://serinco.es/wp-login.php" "Mozilla/5.0 (Windows NT 10.0; Win64; x64) AppleWebKit/537.36 (KHTML, like Gecko) Chrome/151.0.0.0 Safari/537.36"
69.6.225.195 - - [21/Sep/2026:06:49:47 +0200] "GET /wp-json/wp/v2/users/me HTTP/1.1" 200 563175 "-" "Mozilla/5.0 (Windows NT 10.0; Win64; x64) AppleWebKit/537.36 (KHTML, like Gecko) Chrome/151.0.0.0 Safari/537.36"
162.241.62.137 - - [21/Sep/2026:06:50:26 +0200] "GET /wp-login.php HTTP/1.1" 200 563212 "-" "Mozilla/5.0 (Macintosh; Intel Mac OS X 10_15_7) AppleWebKit/537.36 (KHTML, like Gecko) Chrome/147.0.0.0 Safari/537.36"
162.241.62.137 - - [21/Sep/2026:06:50:26 +0200] "POST /wp-login.php HTTP/1.1" 200 563212 "https://www.serinco.es/wp-login.php" "Mozilla/5.0 (Macintosh; Intel Mac OS X 10_15_7) AppleWebKit/537.36 (KHTML, like Gecko) Chrome/147.0.0.0 Safari/537.36"
162.241.62.137 - - [21/Sep/2026:06:50:27 +0200] "GET /wp-json/wp/v2/users/me HTTP/1.1" 200 563209 "-" "Mozilla/5.0 (Macintosh; Intel Mac OS X 10_15_7) AppleWebKit/537.36 (KHTML, like Gecko) Chrome/147.0.0.0 Safari/537.36"
54.36.150.170 - - [21/Sep/2026:06:53:14 +0200] "GET /raccord-velux-114x118-ardoise-k.html HTTP/1.1" 200 563192 "-" "Mozilla/5.0 (compatible; HaloBot/1.0)"
188.26.192.244 - - [21/Sep/2026:06:54:46 +0200] "GET /wp-login.php HTTP/1.1" 200 563212 "-" "Mozilla/5.0 (X11; Linux x86_64) AppleWebKit/537.36 (KHTML, like Gecko) Chrome/151.0.0.0 Safari/537.36"
188.26.192.244 - - [21/Sep/2026:06:54:47 +0200] "POST /wp-login.php HTTP/1.1" 200 563212 "https://www.serinco.es/wp-login.php" "Mozilla/5.0 (X11; Linux x86_64) AppleWebKit/537.36 (KHTML, like Gecko) Chrome/151.0.0.0 Safari/537.36"
47.82.13.181 - - [21/Sep/2026:06:56:13 +0200] "GET /adjudicaciones/ HTTP/1.1" 200 563207 "-" "Mozilla/5.0 (Macintosh; Intel Mac OS X 10_15_7) AppleWebKit/537.36 (KHTML, like Gecko) Chrome/140.0.0.0 Safari/537.36"
80.192.60.211 - - [21/Sep/2026:06:59:43 +0200] "GET /wp-login.php HTTP/1.1" 200 563179 "-" "Mozilla/5.0 (X11; Linux x86_64) AppleWebKit/537.36 (KHTML, like Gecko) Chrome/150.0.0.0 Safari/537.36"
80.192.60.211 - - [21/Sep/2026:06:59:46 +0200] "POST /wp-login.php HTTP/1.1" 200 563179 "https://serinco.es/wp-login.php" "Mozilla/5.0 (X11; Linux x86_64) AppleWebKit/537.36 (KHTML, like Gecko) Chrome/150.0.0.0 Safari/537.36"
209.59.230.187 - - [21/Sep/2026:07:02:23 +0200] "GET /tel:927231090 HTTP/1.1" 200 563177 "-" "Mozilla/5.0 (Macintosh; Intel Mac OS X 10_15_7) AppleWebKit/537.36 (KHTML, like Gecko) Chrome/104.0.0.0 Safari/537.36"
209.59.230.187 - - [21/Sep/2026:07:02:23 +0200] "GET / HTTP/1.1" 200 563193 "-" "Mozilla/5.0 (Macintosh; Intel Mac OS X 10_15_7) AppleWebKit/537.36 (KHTML, like Gecko) Chrome/104.0.0.0 Safari/537.36"
209.59.230.187 - - [21/Sep/2026:07:02:24 +0200] "GET /videos/ HTTP/1.1" 200 563193 "-" "Mozilla/5.0 (Macintosh; Intel Mac OS X 10_15_7) AppleWebKit/537.36 (KHTML, like Gecko) Chrome/104.0.0.0 Safari/537.36"
209.59.230.187 - - [21/Sep/2026:07:02:24 +0200] "GET /sistema-de-gestion-integrado/ HTTP/1.1" 200 563193 "-" "Mozilla/5.0 (Macintosh; Intel Mac OS X 10_15_7) AppleWebKit/537.36 (KHTML, like Gecko) Chrome/104.0.0.0 Safari/537.36"
209.59.230.187 - - [21/Sep/2026:07:02:25 +0200] "GET /politica-de-privacidad HTTP/1.1" 200 563193 "-" "Mozilla/5.0 (Macintosh; Intel Mac OS X 10_15_7) AppleWebKit/537.36 (KHTML, like Gecko) Chrome/104.0.0.0 Safari/537.36"
209.59.230.187 - - [21/Sep/2026:07:02:25 +0200] "GET /oficinas/ HTTP/1.1" 200 563193 "-" "Mozilla/5.0 (Macintosh; Intel Mac OS X 10_15_7) AppleWebKit/537.36 (KHTML, like Gecko) Chrome/104.0.0.0 Safari/537.36"
209.59.230.187 - - [21/Sep/2026:07:02:26 +0200] "GET /politica-de-cookies HTTP/1.1" 200 563193 "-" "Mozilla/5.0 (Macintosh; Intel Mac OS X 10_15_7) AppleWebKit/537.36 (KHTML, like Gecko) Chrome/104.0.0.0 Safari/537.36"
54.36.150.170 - - [21/Sep/2026:07:02:26 +0200] "GET /beignets-aux-pommes-rapide-et-facile-k.html HTTP/1.1" 200 563192 "-" "Mozilla/5.0 (compatible; HaloBot/1.0)"
209.59.230.187 - - [21/Sep/2026:07:02:26 +0200] "GET /contacto HTTP/1.1" 200 563193 "-" "Mozilla/5.0 (Macintosh; Intel Mac OS X 10_15_7) AppleWebKit/537.36 (KHTML, like Gecko) Chrome/104.0.0.0 Safari/537.36"
209.59.230.187 - - [21/Sep/2026:07:02:27 +0200] "GET /nosotros/ HTTP/1.1" 200 563193 "-" "Mozilla/5.0 (Macintosh; Intel Mac OS X 10_15_7) AppleWebKit/537.36 (KHTML, like Gecko) Chrome/104.0.0.0 Safari/537.36"
209.59.230.187 - - [21/Sep/2026:07:02:27 +0200] "GET /servicios/ HTTP/1.1" 200 563177 "-" "Mozilla/5.0 (Macintosh; Intel Mac OS X 10_15_7) AppleWebKit/537.36 (KHTML, like Gecko) Chrome/104.0.0.0 Safari/537.36"
51.89.69.45 - - [21/Sep/2026:07:04:33 +0200] "GET /politica-de-privacidad/feed/ HTTP/1.1" 200 563206 "-" "Mozilla/5.0 (compatible; AhrefsBot/7.0; +http://ahrefs.com/robot/)"
103.154.49.89 - - [21/Sep/2026:07:07:38 +0200] "GET /wp-login.php HTTP/1.1" 200 563195 "https://serinco.es" "Mozilla/5.0 (Windows NT 6.1; Win64; x64) AppleWebKit/537.36 (KHTML, like Gecko) Chrome/80.0.3987.149 Safari/537.36"
54.36.150.170 - - [21/Sep/2026:07:10:48 +0200] "GET /y05tvir5.html HTTP/1.1" 200 563208 "-" "Mozilla/5.0 (compatible; HaloBot/1.0)"
40.77.167.70 - - [21/Sep/2026:07:12:01 +0200] "GET /palantir-drone-k.html HTTP/1.1" 200 563207 "-" "Mozilla/5.0 AppleWebKit/537.36 (KHTML, like Gecko; compatible; bingbot/2.0; +http://www.bing.com/bingbot.htm) Chrome/116.0.1938.76 Safari/537.36"
52.167.144.176 - - [21/Sep/2026:07:12:30 +0200] "GET /index.php HTTP/1.1" 200 563209 "-" "Mozilla/5.0 AppleWebKit/537.36 (KHTML, like Gecko; compatible; bingbot/2.0; +http://www.bing.com/bingbot.htm) Chrome/116.0.1938.76 Safari/537.36"
104.28.196.77 - - [21/Sep/2026:07:13:19 +0200] "GET / HTTP/1.1" 200 563192 "-" "Mozilla/5.0 (Macintosh; Intel Mac OS X 10_15_7) AppleWebKit/537.36 (KHTML, like Gecko) Chrome/140.0.0.0 Safari/537.36"
147.235.219.190 - - [21/Sep/2026:07:16:00 +0200] "POST /xmlrpc.php HTTP/1.1" 200 563211 "-" "Mozilla/5.0 (X11; Linux x86_64) AppleWebKit/537.36 (KHTML, like Gecko) Chrome/148.0.0.0 Safari/537.36"
35.241.255.126 - - [21/Sep/2026:07:16:40 +0200] "GET //feed/ HTTP/1.1" 200 563209 "-" "Mozilla/5.0 (Windows NT 10.0; Win64; x64) AppleWebKit/537.36 (KHTML, like Gecko) Chrome/95.0.4638.69 Safari/537.36"
35.241.255.126 - - [21/Sep/2026:07:16:42 +0200] "GET //xmlrpc.php?rsd HTTP/1.1" 200 563178 "-" "Mozilla/5.0 (Windows NT 10.0; Win64; x64) AppleWebKit/537.36 (KHTML, like Gecko) Chrome/95.0.4638.69 Safari/537.36"
35.241.255.126 - - [21/Sep/2026:07:16:44 +0200] "GET //blog/wp-includes/wlwmanifest.xml HTTP/1.1" 200 563193 "-" "Mozilla/5.0 (Windows NT 10.0; Win64; x64) AppleWebKit/537.36 (KHTML, like Gecko) Chrome/95.0.4638.69 Safari/537.36"
35.241.255.126 - - [21/Sep/2026:07:16:45 +0200] "GET //web/wp-includes/wlwmanifest.xml HTTP/1.1" 200 563177 "-" "Mozilla/5.0 (Windows NT 10.0; Win64; x64) AppleWebKit/537.36 (KHTML, like Gecko) Chrome/95.0.4638.69 Safari/537.36"
35.241.255.126 - - [21/Sep/2026:07:16:47 +0200] "GET //wordpress/wp-includes/wlwmanifest.xml HTTP/1.1" 200 563193 "-" "Mozilla/5.0 (Windows NT 10.0; Win64; x64) AppleWebKit/537.36 (KHTML, like Gecko) Chrome/95.0.4638.69 Safari/537.36"
35.241.255.126 - - [21/Sep/2026:07:16:49 +0200] "GET //wp/wp-includes/wlwmanifest.xml HTTP/1.1" 200 563177 "-" "Mozilla/5.0 (Windows NT 10.0; Win64; x64) AppleWebKit/537.36 (KHTML, like Gecko) Chrome/95.0.4638.69 Safari/537.36"
35.241.255.126 - - [21/Sep/2026:07:16:51 +0200] "GET //2020/wp-includes/wlwmanifest.xml HTTP/1.1" 200 563193 "-" "Mozilla/5.0 (Windows NT 10.0; Win64; x64) AppleWebKit/537.36 (KHTML, like Gecko) Chrome/95.0.4638.69 Safari/537.36"
35.241.255.126 - - [21/Sep/2026:07:16:53 +0200] "GET //2019/wp-includes/wlwmanifest.xml HTTP/1.1" 200 563193 "-" "Mozilla/5.0 (Windows NT 10.0; Win64; x64) AppleWebKit/537.36 (KHTML, like Gecko) Chrome/95.0.4638.69 Safari/537.36"
35.241.255.126 - - [21/Sep/2026:07:16:55 +0200] "GET //2021/wp-includes/wlwmanifest.xml HTTP/1.1" 200 563177 "-" "Mozilla/5.0 (Windows NT 10.0; Win64; x64) AppleWebKit/537.36 (KHTML, like Gecko) Chrome/95.0.4638.69 Safari/537.36"
35.241.255.126 - - [21/Sep/2026:07:16:56 +0200] "GET //shop/wp-includes/wlwmanifest.xml HTTP/1.1" 200 563193 "-" "Mozilla/5.0 (Windows NT 10.0; Win64; x64) AppleWebKit/537.36 (KHTML, like Gecko) Chrome/95.0.4638.69 Safari/537.36"
35.241.255.126 - - [21/Sep/2026:07:16:58 +0200] "GET //wp1/wp-includes/wlwmanifest.xml HTTP/1.1" 200 563193 "-" "Mozilla/5.0 (Windows NT 10.0; Win64; x64) AppleWebKit/537.36 (KHTML, like Gecko) Chrome/95.0.4638.69 Safari/537.36"
35.241.255.126 - - [21/Sep/2026:07:16:59 +0200] "GET //test/wp-includes/wlwmanifest.xml HTTP/1.1" 200 563193 "-" "Mozilla/5.0 (Windows NT 10.0; Win64; x64) AppleWebKit/537.36 (KHTML, like Gecko) Chrome/95.0.4638.69 Safari/537.36"
35.241.255.126 - - [21/Sep/2026:07:17:02 +0200] "GET //site/wp-includes/wlwmanifest.xml HTTP/1.1" 200 563193 "-" "Mozilla/5.0 (Windows NT 10.0; Win64; x64) AppleWebKit/537.36 (KHTML, like Gecko) Chrome/95.0.4638.69 Safari/537.36"
35.241.255.126 - - [21/Sep/2026:07:17:05 +0200] "GET //cms/wp-includes/wlwmanifest.xml HTTP/1.1" 200 563209 "-" "Mozilla/5.0 (Windows NT 10.0; Win64; x64) AppleWebKit/537.36 (KHTML, like Gecko) Chrome/95.0.4638.69 Safari/537.36"
103.154.49.89 - - [21/Sep/2026:07:18:39 +0200] "GET /wp-login.php HTTP/1.1" 200 563195 "https://serinco.es" "Mozilla/5.0 (Windows NT 10.0; Win64; x64; rv:75.0) Gecko/20100101 Firefox/75.0"
54.36.150.170 - - [21/Sep/2026:07:20:05 +0200] "GET /restaurant-sur-le-lac-menu-k.html HTTP/1.1" 200 563176 "-" "Mozilla/5.0 (compatible; HaloBot/1.0)"
165.99.15.19 - - [21/Sep/2026:07:22:05 +0200] "GET / HTTP/1.1" 200 563191 "-" "Mozilla/5.0 (X11; Ubuntu; Linux x86_64; rv:138.0) Gecko/20100101 Firefox/138.0"
165.99.15.19 - - [21/Sep/2026:07:22:06 +0200] "GET /?lokasie=/var/www/vhosts/seg-sa.es/serinco.es/.htaccess.190312163917.orig&loknya=/var/www/vhosts/seg-sa.es/serinco.es HTTP/1.1" 200 10367 "https://serinco.es/" "Mozilla/5.0 (X11; Ubuntu; Linux x86_64; rv:138.0) Gecko/20100101 Firefox/138.0"
88.234.188.229 - - [21/Sep/2026:07:25:57 +0200] "GET /comments/feed/ HTTP/1.1" 200 563193 "-" "Mozilla/5.0 (Macintosh; Intel Mac OS X 10_15_7) AppleWebKit/537.36 (KHTML, like Gecko) Chrome/142.0.0.0 Safari/537.36"
178.223.218.248 - - [21/Sep/2026:07:25:59 +0200] "GET /wp-login.php HTTP/1.1" 200 563181 "-" "Mozilla/5.0 (Macintosh; Intel Mac OS X 10_15_7) AppleWebKit/537.36 (KHTML, like Gecko) Chrome/150.0.0.0 Safari/537.36"
178.223.218.248 - - [21/Sep/2026:07:26:00 +0200] "POST /wp-login.php HTTP/1.1" 200 563197 "https://serinco.es/wp-login.php" "Mozilla/5.0 (Macintosh; Intel Mac OS X 10_15_7) AppleWebKit/537.36 (KHTML, like Gecko) Chrome/150.0.0.0 Safari/537.36"
209.227.22.142 - - [21/Sep/2026:07:26:00 +0200] "GET / HTTP/1.1" 200 563177 "-" "Mozilla/5.0 (Macintosh; Intel Mac OS X 10_15_7) AppleWebKit/537.36 (KHTML, like Gecko) Chrome/145.0.0.0 Safari/537.36"
180.210.166.118 - - [21/Sep/2026:07:26:03 +0200] "GET /elite-dating-sextreff-trondelag/nosotros HTTP/1.1" 200 563178 "-" "Mozilla/5.0 (Macintosh; Intel Mac OS X 10_15_7) AppleWebKit/537.36 (KHTML, like Gecko) Chrome/124.0.0.0 Safari/537.36"
112.209.216.51 - - [21/Sep/2026:07:26:15 +0200] "GET /wp-includes/wlwmanifest.xml HTTP/1.1" 200 6481 "-" "Mozilla/5.0 (Macintosh; Intel Mac OS X 10_15_7) AppleWebKit/537.36 (KHTML, like Gecko) Chrome/136.0.0.0 Safari/537.36"
104.165.2.188 - - [21/Sep/2026:07:26:35 +0200] "GET / HTTP/1.1" 200 563192 "-" "Mozilla/5.0 (compatible; Baiduspider/2.0; +http://www.baidu.com/search/spider.html)"
54.36.150.170 - - [21/Sep/2026:07:27:42 +0200] "GET /robots.txt HTTP/1.1" 200 563192 "-" "Mozilla/5.0 (compatible; HaloBot/1.0)"
54.36.150.170 - - [21/Sep/2026:07:27:44 +0200] "GET /saison-2-de-julie-and-the-phantoms-k.html HTTP/1.1" 200 563192 "-" "Mozilla/5.0 (compatible; HaloBot/1.0)"
79.132.68.132 - - [21/Sep/2026:07:30:12 +0200] "GET /?loknya=/var HTTP/1.1" 200 10493 "-" "Mozilla/5.0 (Macintosh; Intel Mac OS X 10_15_7) AppleWebKit/537.36 (KHTML, like Gecko) Chrome/104.0.0.0 Safari/537.36"
79.132.68.132 - - [21/Sep/2026:07:30:13 +0200] "GET /?loknya=/var/www HTTP/1.1" 200 10540 "-" "Mozilla/5.0 (Macintosh; Intel Mac OS X 10_15_7) AppleWebKit/537.36 (KHTML, like Gecko) Chrome/104.0.0.0 Safari/537.36"
79.132.68.132 - - [21/Sep/2026:07:30:13 +0200] "GET /?loknya=/var/www/vhosts/seg-sa.es HTTP/1.1" 200 148168 "-" "Mozilla/5.0 (Macintosh; Intel Mac OS X 10_15_7) AppleWebKit/537.36 (KHTML, like Gecko) Chrome/104.0.0.0 Safari/537.36"
79.132.68.132 - - [21/Sep/2026:07:30:13 +0200] "GET /servicios HTTP/1.1" 200 563176 "-" "Mozilla/5.0 (Macintosh; Intel Mac OS X 10_15_7) AppleWebKit/537.36 (KHTML, like Gecko) Chrome/104.0.0.0 Safari/537.36"
79.132.68.132 - - [21/Sep/2026:07:30:14 +0200] "GET /nosotros HTTP/1.1" 200 563192 "-" "Mozilla/5.0 (Macintosh; Intel Mac OS X 10_15_7) AppleWebKit/537.36 (KHTML, like Gecko) Chrome/104.0.0.0 Safari/537.36"
79.132.68.132 - - [21/Sep/2026:07:30:15 +0200] "GET /oficinas HTTP/1.1" 200 563192 "-" "Mozilla/5.0 (Macintosh; Intel Mac OS X 10_15_7) AppleWebKit/537.36 (KHTML, like Gecko) Chrome/104.0.0.0 Safari/537.36"
79.132.68.132 - - [21/Sep/2026:07:30:15 +0200] "GET /?loknya=/var/www/vhosts HTTP/1.1" 200 10619 "-" "Mozilla/5.0 (Macintosh; Intel Mac OS X 10_15_7) AppleWebKit/537.36 (KHTML, like Gecko) Chrome/104.0.0.0 Safari/537.36"
79.132.68.132 - - [21/Sep/2026:07:30:15 +0200] "GET /adjudicaciones/ HTTP/1.1" 200 563176 "-" "Mozilla/5.0 (Macintosh; Intel Mac OS X 10_15_7) AppleWebKit/537.36 (KHTML, like Gecko) Chrome/104.0.0.0 Safari/537.36"
79.132.68.132 - - [21/Sep/2026:07:30:16 +0200] "GET /videos HTTP/1.1" 200 563176 "-" "Mozilla/5.0 (Macintosh; Intel Mac OS X 10_15_7) AppleWebKit/537.36 (KHTML, like Gecko) Chrome/104.0.0.0 Safari/537.36"
79.132.68.132 - - [21/Sep/2026:07:30:16 +0200] "GET /?loknya=/ HTTP/1.1" 200 10456 "-" "Mozilla/5.0 (Macintosh; Intel Mac OS X 10_15_7) AppleWebKit/537.36 (KHTML, like Gecko) Chrome/104.0.0.0 Safari/537.36"
155.254.126.120 - - [21/Sep/2026:07:30:31 +0200] "GET /wp-content/uploads/2026/09/wzevaspw.php%20(http://serinco.es/wp-content/uploads/2026/09/wzevaspw.php) HTTP/1.1" 200 563194 "-" "Mozilla/5.0 (Windows NT 10.0; Win64; x64) AppleWebKit/537.36 (KHTML, like Gecko) Chrome/153.0.0.0 Safari/537.36"
155.254.126.120 - - [21/Sep/2026:07:30:33 +0200] "GET /favicon.ico HTTP/1.1" 200 563178 "https://serinco.es/wp-content/uploads/2026/09/wzevaspw.php%20(http://serinco.es/wp-content/uploads/2026/09/wzevaspw.php)" "Mozilla/5.0 (Windows NT 10.0; Win64; x64) AppleWebKit/537.36 (KHTML, like Gecko) Chrome/153.0.0.0 Safari/537.36"
155.254.126.120 - - [21/Sep/2026:07:30:48 +0200] "GET /wp-content/uploads/2026/09/wzevaspw.php HTTP/1.1" 200 563194 "-" "Mozilla/5.0 (compatible; Googlebot/2.1; +http://www.google.com/bot.html)"
155.254.126.120 - - [21/Sep/2026:07:30:50 +0200] "GET /favicon.ico HTTP/1.1" 200 563194 "https://serinco.es/wp-content/uploads/2026/09/wzevaspw.php" "Mozilla/5.0 (compatible; Googlebot/2.1; +http://www.google.com/bot.html)"
155.254.126.120 - - [21/Sep/2026:07:30:58 +0200] "POST /wp-content/uploads/2026/09/wzevaspw.php HTTP/1.1" 200 563431 "https://serinco.es/wp-content/uploads/2026/09/wzevaspw.php" "Mozilla/5.0 (compatible; Googlebot/2.1; +http://www.google.com/bot.html)"
155.254.126.120 - - [21/Sep/2026:07:31:02 +0200] "GET //3PJcpMFsD8B.php HTTP/1.1" 403 6462 "https://serinco.es/wp-content/uploads/2026/09/wzevaspw.php" "Mozilla/5.0 (compatible; Googlebot/2.1; +http://www.google.com/bot.html)"
155.254.126.120 - - [21/Sep/2026:07:31:17 +0200] "GET /3PJcpMFsD8B.php HTTP/1.1" 403 6478 "-" "Mozilla/5.0 (compatible; Googlebot/2.1; +http://www.google.com/bot.html)"
83.215.102.82 - - [21/Sep/2026:07:31:26 +0200] "GET /wp-login.php HTTP/1.1" 200 564632 "-" "Mozilla/5.0 (Macintosh; Intel Mac OS X 10_15_7) AppleWebKit/537.36 (KHTML, like Gecko) Chrome/149.0.0.0 Safari/537.36"
83.215.102.82 - - [21/Sep/2026:07:31:27 +0200] "POST /wp-login.php HTTP/1.1" 200 564632 "https://serinco.es/wp-login.php" "Mozilla/5.0 (Macintosh; Intel Mac OS X 10_15_7) AppleWebKit/537.36 (KHTML, like Gecko) Chrome/149.0.0.0 Safari/537.36"
62.60.130.142 - - [21/Sep/2026:07:31:42 +0200] "GET //images/images/cache.php HTTP/1.1" 200 564629 "www.google.com" "Mozlila/5.0 (Linux; Android 7.0; SM-G892A Bulid/NRD90M; wv) AppleWebKit/537.36 (KHTML, like Gecko) Version/4.0 Chrome/60.0.3112.107 Moblie Safari/537.36"
103.154.49.89 - - [21/Sep/2026:07:32:04 +0200] "GET /wp-login.php HTTP/1.1" 200 564616 "https://serinco.es" "Mozilla/5.0 (Windows NT 10.0; Win64; x64) AppleWebKit/537.36 (KHTML, like Gecko) Chrome/70.0.3538.77 Safari/537.36"
133.209.13.3 - - [21/Sep/2026:07:32:54 +0200] "GET /wp-login.php HTTP/1.1" 200 564647 "-" "Mozilla/5.0 (Macintosh; Intel Mac OS X 10_15_7) AppleWebKit/537.36 (KHTML, like Gecko) Chrome/146.0.0.0 Safari/537.36"
133.209.13.3 - - [21/Sep/2026:07:32:58 +0200] "POST /wp-login.php HTTP/1.1" 200 564647 "https://www.serinco.es/wp-login.php" "Mozilla/5.0 (Macintosh; Intel Mac OS X 10_15_7) AppleWebKit/537.36 (KHTML, like Gecko) Chrome/146.0.0.0 Safari/537.36"
216.73.216.201 - - [21/Sep/2026:07:33:24 +0200] "GET /robots.txt HTTP/1.1" 200 564646 "-" "Mozilla/5.0 AppleWebKit/537.36 (KHTML, like Gecko; compatible; ClaudeBot/1.0; +claudebot@anthropic.com)"
54.36.150.170 - - [21/Sep/2026:07:34:16 +0200] "GET /tarif-family-park-k.html HTTP/1.1" 200 564645 "-" "Mozilla/5.0 (compatible; HaloBot/1.0)"
162.144.3.204 - - [21/Sep/2026:07:34:16 +0200] "GET /wp-login.php HTTP/1.1" 200 564648 "-" "Mozilla/5.0 (Macintosh; Intel Mac OS X 10_15_7) AppleWebKit/537.36 (KHTML, like Gecko) Chrome/149.0.0.0 Safari/537.36"
162.144.3.204 - - [21/Sep/2026:07:34:17 +0200] "POST /wp-login.php HTTP/1.1" 200 564648 "https://serinco.es/wp-login.php" "Mozilla/5.0 (Macintosh; Intel Mac OS X 10_15_7) AppleWebKit/537.36 (KHTML, like Gecko) Chrome/149.0.0.0 Safari/537.36"
162.144.3.204 - - [21/Sep/2026:07:34:18 +0200] "GET /wp-json/wp/v2/users/me HTTP/1.1" 200 564629 "-" "Mozilla/5.0 (Macintosh; Intel Mac OS X 10_15_7) AppleWebKit/537.36 (KHTML, like Gecko) Chrome/149.0.0.0 Safari/537.36"
220.181.108.144 - - [21/Sep/2026:07:34:20 +0200] "GET /servicios/nosotros HTTP/1.1" 200 564647 "-" "Mozilla/5.0 (compatible; Baiduspider/2.0; +http://www.baidu.com/search/spider.html)"
220.181.108.91 - - [21/Sep/2026:07:34:20 +0200] "GET /christian-dating-uk-reviews-norweigian/contacto HTTP/1.1" 200 564630 "-" "Mozilla/5.0 (compatible; Baiduspider/2.0; +http://www.baidu.com/search/spider.html)"
220.181.108.159 - - [21/Sep/2026:07:34:20 +0200] "GET /wp-json/wp/v2/pages/694 HTTP/1.1" 200 564631 "-" "Mozilla/5.0 (compatible; Baiduspider/2.0; +http://www.baidu.com/search/spider.html)"
220.181.108.94 - - [21/Sep/2026:07:34:21 +0200] "GET /sistema-de-gestion-integrado/servicios HTTP/1.1" 200 564614 "-" "Mozilla/5.0 (compatible; Baiduspider/2.0; +http://www.baidu.com/search/spider.html)"
103.154.49.89 - - [21/Sep/2026:07:35:37 +0200] "GET /wp-login.php HTTP/1.1" 200 564632 "-" "Mozilla/5.0 (Windows NT 10.0; Win64; x64; rv:73.0) Gecko/20100101 Firefox/73.0"
66.249.64.13 - - [21/Sep/2026:07:36:03 +0200] "GET / HTTP/1.1" 200 564644 "-" "Mozilla/5.0 (Linux; Android 6.0.1; Nexus 5X Build/MMB29P) AppleWebKit/537.36 (KHTML, like Gecko) Chrome/153.0.8010.47 Mobile Safari/537.36 (compatible; GoogleOther)"
94.254.95.43 - - [21/Sep/2026:07:36:04 +0200] "POST /xmlrpc.php HTTP/1.1" 200 564629 "-" "Mozilla/5.0 (Windows NT 10.0) AppleWebKit/537.36 (KHTML, like Gecko) Chrome/137.0.0.0 Safari/537.36"
47.79.10.227 - - [21/Sep/2026:07:36:12 +0200] "GET /oficinas/ HTTP/1.1" 200 564628 "-" "Mozilla/5.0 (Windows NT 10.0; Win64; x64) AppleWebKit/537.36 (KHTML, like Gecko) Chrome/141.0.0.0 Safari/537.36"
172.104.34.17 - - [21/Sep/2026:07:36:27 +0200] "GET / HTTP/1.1" 200 564629 "http://serinco.es" "Mozilla/5.0 (compatible; Example3/1.0; +https://www.example3.com/domain/serinco.es)"
220.181.108.90 - - [21/Sep/2026:07:37:40 +0200] "GET /wp-json/wp/v2/pages/694?lokasie=/var/www/vhosts/seg-sa.es/serinco.es/wp-navigation.php&loknya=/var/www/vhosts/seg-sa.es/serinco.es HTTP/1.1" 200 20745 "-" "Mozilla/5.0 (compatible; Baiduspider/2.0; +http://www.baidu.com/search/spider.html)"
220.181.108.83 - - [21/Sep/2026:07:37:41 +0200] "GET /wp-json/wp/v2/pages/694?lokasie=/var/www/vhosts/seg-sa.es/serinco.es/wp-class-mode.php&loknya=/var/www/vhosts/seg-sa.es/serinco.es HTTP/1.1" 200 22839 "-" "Mozilla/5.0 (compatible; Baiduspider/2.0; +http://www.baidu.com/search/spider.html)"
220.181.108.167 - - [21/Sep/2026:07:37:41 +0200] "GET /wp-json/wp/v2/pages/694?lokasie=/var/www/vhosts/seg-sa.es/serinco.es/web.config.190313161202.orig&loknya=/var/www/vhosts/seg-sa.es/serinco.es HTTP/1.1" 200 9893 "-" "Mozilla/5.0 (compatible; Baiduspider/2.0; +http://www.baidu.com/search/spider.html)"
220.181.108.165 - - [21/Sep/2026:07:37:43 +0200] "GET /wp-json/wp/v2/pages/694?lokasie=/var/www/vhosts/seg-sa.es/serinco.es/wp-server.php&loknya=/var/www/vhosts/seg-sa.es/serinco.es HTTP/1.1" 200 19169 "-" "Mozilla/5.0 (compatible; Baiduspider/2.0; +http://www.baidu.com/search/spider.html)"
111.225.214.177 - - [21/Sep/2026:07:38:10 +0200] "GET /wp-json/wp/v2/pages/694?lokasie=/var/www/vhosts/seg-sa.es/serinco.es/wp-signup.php&loknya=/var/www/vhosts/seg-sa.es/serinco.es HTTP/1.1" 200 47954 "-" "Mozilla/5.0 (Windows NT 10.0; WOW64) AppleWebKit/537.36 (KHTML, like Gecko) Chrome/48.0.2564.116 Safari/537.36"
37.35.196.81 - - [21/Sep/2026:07:38:32 +0200] "GET /robots.txt HTTP/1.1" 200 564628 "-" "Mozilla/5.0 (Windows NT 10.0; Win64; x64) AppleWebKit/537.36 (KHTML, like Gecko) Chrome/152.0.0.0 Safari/537.36"
137.184.230.10 - - [21/Sep/2026:07:41:00 +0200] "POST /xmlrpc.php HTTP/1.1" 200 564647 "-" "Mozilla/5.0 (Windows NT 10.0; Win64; x64; rv:145.0) Gecko/20100101 Firefox/145.0"
220.181.108.157 - - [21/Sep/2026:07:41:00 +0200] "GET /wp-json/wp/v2/pages/694?lokasie=/var/www/vhosts/seg-sa.es/serinco.es/wp-class-parser.php&loknya=/var/www/vhosts/seg-sa.es/serinco.es HTTP/1.1" 200 11745 "-" "Mozilla/5.0 (compatible; Baiduspider/2.0; +http://www.baidu.com/search/spider.html)"
220.181.108.90 - - [21/Sep/2026:07:41:00 +0200] "GET /wp-json/wp/v2/pages/694?lokasie=/var/www/vhosts/seg-sa.es/serinco.es/wp-class-inline.php&loknya=/var/www/vhosts/seg-sa.es/serinco.es HTTP/1.1" 200 20955 "-" "Mozilla/5.0 (compatible; Baiduspider/2.0; +http://www.baidu.com/search/spider.html)"
220.181.108.178 - - [21/Sep/2026:07:41:01 +0200] "GET /wp-json/wp/v2/pages/694?lokasie=/var/www/vhosts/seg-sa.es/serinco.es/wp-files.php&loknya=/var/www/vhosts/seg-sa.es/serinco.es HTTP/1.1" 200 20130 "-" "Mozilla/5.0 (compatible; Baiduspider/2.0; +http://www.baidu.com/search/spider.html)"
220.181.108.175 - - [21/Sep/2026:07:41:02 +0200] "GET /wp-json/wp/v2/pages/694?lokasie=/var/www/vhosts/seg-sa.es/serinco.es/wp-ver.php&loknya=/var/www/vhosts/seg-sa.es/serinco.es HTTP/1.1" 200 13066 "-" "Mozilla/5.0 (compatible; Baiduspider/2.0; +http://www.baidu.com/search/spider.html)"
220.181.108.81 - - [21/Sep/2026:07:41:02 +0200] "GET /wp-json/wp/v2/pages/694?lokasie=/var/www/vhosts/seg-sa.es/serinco.es/wp-spl.php&loknya=/var/www/vhosts/seg-sa.es/serinco.es HTTP/1.1" 200 17658 "-" "Mozilla/5.0 (compatible; Baiduspider/2.0; +http://www.baidu.com/search/spider.html)"
54.36.150.170 - - [21/Sep/2026:07:41:03 +0200] "GET /mbettel-saison-4-k.html HTTP/1.1" 200 564629 "-" "Mozilla/5.0 (compatible; HaloBot/1.0)"
116.179.32.21 - - [21/Sep/2026:07:44:20 +0200] "GET /wp-json/wp/v2/pages/694?lokasie=/var/www/vhosts/seg-sa.es/serinco.es/wp-rest.php&loknya=/var/www/vhosts/seg-sa.es/serinco.es HTTP/1.1" 200 17888 "-" "Mozilla/5.0 (compatible; Baiduspider/2.0; +http://www.baidu.com/search/spider.html)"
116.179.32.12 - - [21/Sep/2026:07:44:20 +0200] "GET /wp-json/wp/v2/pages/694?lokasie=/var/www/vhosts/seg-sa.es/serinco.es/wp-class-locale.php&loknya=/var/www/vhosts/seg-sa.es/serinco.es HTTP/1.1" 200 20556 "-" "Mozilla/5.0 (compatible; Baiduspider/2.0; +http://www.baidu.com/search/spider.html)"
220.181.108.113 - - [21/Sep/2026:07:44:21 +0200] "GET /wp-json/wp/v2/pages/694?loknya=/var/www/vhosts/seg-sa.es/serinco.es/wp-content HTTP/1.1" 200 24182 "-" "Mozilla/5.0 (compatible; Baiduspider/2.0; +http://www.baidu.com/search/spider.html)"
220.181.108.158 - - [21/Sep/2026:07:44:21 +0200] "GET /wp-json/wp/v2/pages/694?lokasie=/var/www/vhosts/seg-sa.es/serinco.es/wp-taxonomy.php&loknya=/var/www/vhosts/seg-sa.es/serinco.es HTTP/1.1" 200 21598 "-" "Mozilla/5.0 (compatible; Baiduspider/2.0; +http://www.baidu.com/search/spider.html)"
220.181.108.155 - - [21/Sep/2026:07:44:21 +0200] "GET /wp-json/wp/v2/pages/694?lokasie=/var/www/vhosts/seg-sa.es/serinco.es/wp-class-fatal.php&loknya=/var/www/vhosts/seg-sa.es/serinco.es HTTP/1.1" 200 20054 "-" "Mozilla/5.0 (compatible; Baiduspider/2.0; +http://www.baidu.com/search/spider.html)"
54.36.150.170 - - [21/Sep/2026:07:47:30 +0200] "GET /ywgov1deh.html HTTP/1.1" 200 564613 "-" "Mozilla/5.0 (compatible; HaloBot/1.0)"
116.179.32.135 - - [21/Sep/2026:07:47:41 +0200] "GET /wp-json/wp/v2/pages/694?lokasie=/var/www/vhosts/seg-sa.es/serinco.es/wp-class-roles.php&loknya=/var/www/vhosts/seg-sa.es/serinco.es HTTP/1.1" 200 22951 "-" "Mozilla/5.0 (compatible; Baiduspider/2.0; +http://www.baidu.com/search/spider.html)"
220.181.108.174 - - [21/Sep/2026:07:47:41 +0200] "GET /wp-json/wp/v2/pages/694?lokasie=/var/www/vhosts/seg-sa.es/serinco.es/wp-tax.php&loknya=/var/www/vhosts/seg-sa.es/serinco.es HTTP/1.1" 200 21468 "-" "Mozilla/5.0 (compatible; Baiduspider/2.0; +http://www.baidu.com/search/spider.html)"
220.181.108.81 - - [21/Sep/2026:07:47:41 +0200] "GET /wp-json/wp/v2/pages/694?lokasie=/var/www/vhosts/seg-sa.es/serinco.es/wp-blogs.php&loknya=/var/www/vhosts/seg-sa.es/serinco.es HTTP/1.1" 200 11613 "-" "Mozilla/5.0 (compatible; Baiduspider/2.0; +http://www.baidu.com/search/spider.html)"
220.181.108.90 - - [21/Sep/2026:07:47:41 +0200] "GET /wp-json/wp/v2/pages/694?lokasie=/var/www/vhosts/seg-sa.es/serinco.es/wp-scripts.php&loknya=/var/www/vhosts/seg-sa.es/serinco.es HTTP/1.1" 200 20702 "-" "Mozilla/5.0 (compatible; Baiduspider/2.0; +http://www.baidu.com/search/spider.html)"
220.181.108.105 - - [21/Sep/2026:07:47:42 +0200] "GET /wp-json/wp/v2/pages/694?lokasie=/var/www/vhosts/seg-sa.es/serinco.es/wp-session.php&loknya=/var/www/vhosts/seg-sa.es/serinco.es HTTP/1.1" 200 20784 "-" "Mozilla/5.0 (compatible; Baiduspider/2.0; +http://www.baidu.com/search/spider.html)"
88.169.172.61 - - [21/Sep/2026:07:48:38 +0200] "POST /xmlrpc.php HTTP/1.1" 200 564646 "-" "Mozilla/5.0 (X11; Linux x86_64) AppleWebKit/537.36 (KHTML, like Gecko) Chrome/151.0.0.0 Safari/537.36"
103.133.143.220 - - [21/Sep/2026:07:50:44 +0200] "GET /wp-content/uploads/2026/09/wzevaspw.php HTTP/1.1" 200 564647 "-" "Mozilla/5.0 (Windows NT 10.0; Win64; x64) AppleWebKit/537.36 (KHTML, like Gecko) Chrome/153.0.0.0 Safari/537.36"
103.133.143.220 - - [21/Sep/2026:07:50:46 +0200] "GET /wp-content/uploads/2026/09/wzevaspw.php HTTP/1.1" 200 564631 "-" "Mozilla/5.0 (Windows NT 10.0; Win64; x64) AppleWebKit/537.36 (KHTML, like Gecko) Chrome/153.0.0.0 Safari/537.36"
103.133.143.220 - - [21/Sep/2026:07:50:47 +0200] "GET /favicon.ico HTTP/1.1" 200 564631 "https://serinco.es/wp-content/uploads/2026/09/wzevaspw.php" "Mozilla/5.0 (Windows NT 10.0; Win64; x64) AppleWebKit/537.36 (KHTML, like Gecko) Chrome/153.0.0.0 Safari/537.36"
116.179.32.86 - - [21/Sep/2026:07:51:01 +0200] "GET /wp-json/wp/v2/pages/694?lokasie=/var/www/vhosts/seg-sa.es/serinco.es/wp-cron.php&loknya=/var/www/vhosts/seg-sa.es/serinco.es HTTP/1.1" 200 15361 "-" "Mozilla/5.0 (compatible; Baiduspider/2.0; +http://www.baidu.com/search/spider.html)"
116.179.32.137 - - [21/Sep/2026:07:51:12 +0200] "GET /wp-json/wp/v2/pages/694?lokasie=/var/www/vhosts/seg-sa.es/serinco.es/wp-manager.php&loknya=/var/www/vhosts/seg-sa.es/serinco.es HTTP/1.1" 200 24238 "-" "Mozilla/5.0 (compatible; Baiduspider/2.0; +http://www.baidu.com/search/spider.html)"
103.133.143.220 - - [21/Sep/2026:07:52:25 +0200] "GET /wp-login.php HTTP/1.1" 200 564634 "-" "Mozilla/5.0 (Windows NT 10.0; Win64; x64) AppleWebKit/537.36 (KHTML, like Gecko) Chrome/153.0.0.0 Safari/537.36"
103.133.143.220 - - [21/Sep/2026:07:52:26 +0200] "GET /favicon.ico HTTP/1.1" 200 564615 "https://serinco.es/wp-login.php" "Mozilla/5.0 (Windows NT 10.0; Win64; x64) AppleWebKit/537.36 (KHTML, like Gecko) Chrome/153.0.0.0 Safari/537.36"
54.36.150.170 - - [21/Sep/2026:07:52:27 +0200] "GET /75836jaoketid HTTP/1.1" 200 564629 "-" "Mozilla/5.0 (compatible; HaloBot/1.0)"
116.179.32.22 - - [21/Sep/2026:07:54:20 +0200] "GET /wp-json/wp/v2/pages/694?lokasie=/var/www/vhosts/seg-sa.es/serinco.es/wp-extensions.php&loknya=/var/www/vhosts/seg-sa.es/serinco.es HTTP/1.1" 200 11655 "-" "Mozilla/5.0 (compatible; Baiduspider/2.0; +http://www.baidu.com/search/spider.html)"
116.179.32.47 - - [21/Sep/2026:07:54:21 +0200] "GET /wp-json/wp/v2/pages/694?lokasie=/var/www/vhosts/seg-sa.es/serinco.es/wp-class-fallback.php&loknya=/var/www/vhosts/seg-sa.es/serinco.es HTTP/1.1" 200 11669 "-" "Mozilla/5.0 (compatible; Baiduspider/2.0; +http://www.baidu.com/search/spider.html)"
116.179.32.143 - - [21/Sep/2026:07:57:41 +0200] "GET /wp-json/wp/v2/pages/694?lokasie=/var/www/vhosts/seg-sa.es/serinco.es/wp-protection.php&loknya=/var/www/vhosts/seg-sa.es/serinco.es HTTP/1.1" 200 23272 "-" "Mozilla/5.0 (compatible; Baiduspider/2.0; +http://www.baidu.com/search/spider.html)"
220.181.108.93 - - [21/Sep/2026:07:57:41 +0200] "GET /index.php HTTP/1.1" 200 564630 "-" "Mozilla/5.0 (compatible; Baiduspider/2.0; +http://www.baidu.com/search/spider.html)"
66.249.64.13 - - [21/Sep/2026:07:57:51 +0200] "GET /cd-95-k.html HTTP/1.1" 200 564628 "-" "Mozilla/5.0 (Linux; Android 6.0.1; Nexus 5X Build/MMB29P) AppleWebKit/537.36 (KHTML, like Gecko) Chrome/153.0.8010.47 Mobile Safari/537.36 (compatible; GoogleOther)"
54.36.150.170 - - [21/Sep/2026:07:57:53 +0200] "GET /9g47h0ao.html HTTP/1.1" 200 564613 "-" "Mozilla/5.0 (compatible; HaloBot/1.0)"
220.181.108.102 - - [21/Sep/2026:07:58:02 +0200] "GET / HTTP/1.1" 200 564647 "-" "Mozilla/5.0 (compatible; Baiduspider/2.0; +http://www.baidu.com/search/spider.html)"
185.196.117.205 - - [21/Sep/2026:07:58:19 +0200] "GET /wp-login.php HTTP/1.1" 200 564650 "-" "Mozilla/5.0 (Macintosh; Intel Mac OS X 10_15_7) AppleWebKit/537.36 (KHTML, like Gecko) Chrome/149.0.0.0 Safari/537.36"
185.196.117.205 - - [21/Sep/2026:07:58:21 +0200] "POST /wp-login.php HTTP/1.1" 200 564650 "https://www.serinco.es/wp-login.php" "Mozilla/5.0 (Macintosh; Intel Mac OS X 10_15_7) AppleWebKit/537.36 (KHTML, like Gecko) Chrome/149.0.0.0 Safari/537.36"
116.179.32.168 - - [21/Sep/2026:08:01:01 +0200] "GET /wp-json/wp/v2/pages/694?lokasie=/var/www/vhosts/seg-sa.es/serinco.es/wp-storage.php&loknya=/var/www/vhosts/seg-sa.es/serinco.es HTTP/1.1" 200 18711 "-" "Mozilla/5.0 (compatible; Baiduspider/2.0; +http://www.baidu.com/search/spider.html)"
116.179.32.224 - - [21/Sep/2026:08:01:01 +0200] "GET /wp-json/wp/v2/pages/694?lokasie=/var/www/vhosts/seg-sa.es/serinco.es/wp-class-thumbnail.php&loknya=/var/www/vhosts/seg-sa.es/serinco.es HTTP/1.1" 200 20822 "-" "Mozilla/5.0 (compatible; Baiduspider/2.0; +http://www.baidu.com/search/spider.html)"
54.36.150.170 - - [21/Sep/2026:08:03:30 +0200] "GET /machine-pour-plier-les-v%C3%AAtements-k.html HTTP/1.1" 200 564629 "-" "Mozilla/5.0 (compatible; HaloBot/1.0)"
220.181.108.144 - - [21/Sep/2026:08:04:23 +0200] "GET /wp-json/wp/v2/pages/694?lokasie=/var/www/vhosts/seg-sa.es/serinco.es/wp-class-navigation.php&loknya=/var/www/vhosts/seg-sa.es/serinco.es HTTP/1.1" 200 20224 "-" "Mozilla/5.0 (compatible; Baiduspider/2.0; +http://www.baidu.com/search/spider.html)"
116.179.32.162 - - [21/Sep/2026:08:04:25 +0200] "GET /wp-json/wp/v2/pages/694?lokasie=/var/www/vhosts/seg-sa.es/serinco.es/wp-json.php&loknya=/var/www/vhosts/seg-sa.es/serinco.es HTTP/1.1" 200 23481 "-" "Mozilla/5.0 (compatible; Baiduspider/2.0; +http://www.baidu.com/search/spider.html)"
104.28.240.85 - - [21/Sep/2026:08:04:41 +0200] "GET /wp-login.php HTTP/1.1" 200 564632 "https://serinco.es" "Mozilla/5.0 (Windows NT 10.0; Win64; x64; rv:71.0) Gecko/20100101 Firefox/71.0"
104.28.240.85 - - [21/Sep/2026:08:07:03 +0200] "GET /wp-login.php HTTP/1.1" 200 564632 "-" "Mozilla/5.0 (Windows NT 10.0; Win64; x64) AppleWebKit/537.36 (KHTML, like Gecko) Chrome/153.0.0.0 Safari/537.36"
104.28.240.85 - - [21/Sep/2026:08:07:04 +0200] "GET /favicon.ico HTTP/1.1" 200 564629 "https://serinco.es/wp-login.php" "Mozilla/5.0 (Windows NT 10.0; Win64; x64) AppleWebKit/537.36 (KHTML, like Gecko) Chrome/153.0.0.0 Safari/537.36"
220.181.108.159 - - [21/Sep/2026:08:07:42 +0200] "GET /wp-json/wp/v2/pages/694?lokasie=/var/www/vhosts/seg-sa.es/serinco.es/wp-class-image.php&loknya=/var/www/vhosts/seg-sa.es/serinco.es HTTP/1.1" 200 20534 "-" "Mozilla/5.0 (compatible; Baiduspider/2.0; +http://www.baidu.com/search/spider.html)"
116.179.32.221 - - [21/Sep/2026:08:07:42 +0200] "GET /wp-json/wp/v2/pages/694?loknya=/var/www/vhosts/seg-sa.es/serinco.es/wp-admin HTTP/1.1" 200 156478 "-" "Mozilla/5.0 (compatible; Baiduspider/2.0; +http://www.baidu.com/search/spider.html)"
54.36.150.170 - - [21/Sep/2026:08:08:05 +0200] "GET /ninjago-saison-9-episode-1-vf-k.html HTTP/1.1" 200 564613 "-" "Mozilla/5.0 (compatible; HaloBot/1.0)"
116.179.32.81 - - [21/Sep/2026:08:11:01 +0200] "GET /wp-json/wp/v2/pages/694?lokasie=/var/www/vhosts/seg-sa.es/serinco.es/wp-include.php&loknya=/var/www/vhosts/seg-sa.es/serinco.es HTTP/1.1" 200 13073 "-" "Mozilla/5.0 (compatible; Baiduspider/2.0; +http://www.baidu.com/search/spider.html)"
