151.80.39.64 - - [17/Mar/2020:07:43:31 +0100] "GET /servicios.html HTTP/1.1" 200 9055 "-" "Mozilla/5.0 (compatible; AhrefsBot/6.1; +http://ahrefs.com/robot/)"
54.36.149.9 - - [17/Mar/2020:07:50:04 +0100] "GET /robots.txt HTTP/1.1" 200 3461 "-" "Mozilla/5.0 (compatible; AhrefsBot/6.1; +http://ahrefs.com/robot/)"
151.80.39.227 - - [17/Mar/2020:07:50:05 +0100] "GET /index.html HTTP/1.1" 200 9002 "-" "Mozilla/5.0 (compatible; AhrefsBot/6.1; +http://ahrefs.com/robot/)"
13.66.139.0 - - [17/Mar/2020:07:59:45 +0100] "GET /empresa.html HTTP/1.1" 200 9455 "-" "msnbot/2.0b (+http://search.msn.com/msnbot.htm)"
13.52.30.46 - - [17/Mar/2020:08:07:03 +0100] "GET / HTTP/1.1" 200 9007 "-" "Mozilla/5.0 (Windows NT 10.0; WOW64; rv:44.0) Gecko/20100101 Firefox/44.0"
13.52.30.46 - - [17/Mar/2020:08:07:04 +0100] "GET /favicon.ico HTTP/1.1" 404 1323 "-" "Mozilla/5.0 (Windows NT 10.0; WOW64; rv:44.0) Gecko/20100101 Firefox/44.0"
78.96.115.79 - - [17/Mar/2020:08:30:47 +0100] "GET / HTTP/1.1" 200 9253 "-" "-"
78.96.115.79 - - [17/Mar/2020:08:30:47 +0100] "GET / HTTP/1.1" 200 5939 "-" "Mozilla/4.0 (compatible; MSIE 6.0; Windows NT 5.2; .NET CLR 1.0.3705;)"
78.96.115.79 - - [17/Mar/2020:08:30:48 +0100] "GET / HTTP/1.1" 200 5939 "-" "-"
157.55.39.28 - - [17/Mar/2020:08:55:43 +0100] "GET /robots.txt HTTP/1.1" 200 3712 "-" "Mozilla/5.0 (compatible; bingbot/2.0; +http://www.bing.com/bingbot.htm)"
66.249.66.76 - - [17/Mar/2020:08:59:40 +0100] "GET /empresa.html HTTP/1.1" 200 9455 "-" "Mozilla/5.0 (compatible; Googlebot/2.1; +http://www.google.com/bot.html)"
66.249.66.76 - - [17/Mar/2020:09:18:17 +0100] "GET /empresa.html HTTP/1.1" 200 9455 "-" "Mozilla/5.0 (Linux; Android 6.0.1; Nexus 5X Build/MMB29P) AppleWebKit/537.36 (KHTML, like Gecko) Chrome/41.0.2272.96 Mobile Safari/537.36 (compatible; Googlebot/2.1; +http://www.google.com/bot.html)"
66.249.66.77 - - [17/Mar/2020:09:18:29 +0100] "GET /favicon.ico HTTP/1.1" 404 4637 "-" "Googlebot-Image/1.0"
5.45.207.62 - - [17/Mar/2020:09:26:40 +0100] "GET /robots.txt HTTP/1.1" 200 3717 "-" "Mozilla/5.0 (compatible; YandexBot/3.0; +http://yandex.com/bots)"
5.45.207.62 - - [17/Mar/2020:09:26:44 +0100] "GET / HTTP/1.1" 200 5994 "-" "Mozilla/5.0 (compatible; YandexBot/3.0; +http://yandex.com/bots)"
66.249.66.76 - - [17/Mar/2020:09:30:22 +0100] "GET /favicon.ico HTTP/1.1" 404 4637 "-" "Googlebot-Image/1.0"
89.129.232.238 - - [17/Mar/2020:10:07:48 +0100] "POST /autodiscover/autodiscover.xml HTTP/1.1" 400 3602 "-" "Microsoft Office/14.0 (Windows NT 6.1; Microsoft Outlook 14.0.4760; Pro)"
114.119.167.228 - - [17/Mar/2020:10:09:33 +0100] "GET /images/localizacion.gif HTTP/1.1" 200 8378 "-" "Mozilla/5.0 (Linux; Android 7.0;) AppleWebKit/537.36 (KHTML, like Gecko) Mobile Safari/537.36 (compatible; AspiegelBot)"
89.129.232.238 - - [17/Mar/2020:10:10:17 +0100] "POST /autodiscover/autodiscover.xml HTTP/1.1" 400 3602 "-" "Microsoft Office/14.0 (Windows NT 6.1; Microsoft Outlook 14.0.4760; Pro)"
66.249.66.76 - - [17/Mar/2020:11:00:54 +0100] "GET /controlsimultaneidad.html HTTP/1.1" 200 8092 "-" "Mozilla/5.0 (Linux; Android 6.0.1; Nexus 5X Build/MMB29P) AppleWebKit/537.36 (KHTML, like Gecko) Chrome/41.0.2272.96 Mobile Safari/537.36 (compatible; Googlebot/2.1; +http://www.google.com/bot.html)"
66.249.66.78 - - [17/Mar/2020:11:22:14 +0100] "GET /medio-ambiente.html HTTP/1.1" 200 8429 "-" "Mozilla/5.0 (Linux; Android 6.0.1; Nexus 5X Build/MMB29P) AppleWebKit/537.36 (KHTML, like Gecko) Chrome/41.0.2272.96 Mobile Safari/537.36 (compatible; Googlebot/2.1; +http://www.google.com/bot.html)"
157.55.39.28 - - [17/Mar/2020:12:11:43 +0100] "GET /robots.txt HTTP/1.1" 200 3712 "-" "Mozilla/5.0 (compatible; bingbot/2.0; +http://www.bing.com/bingbot.htm)"
141.8.132.12 - - [17/Mar/2020:12:19:00 +0100] "GET /robots.txt HTTP/1.1" 200 3717 "-" "Mozilla/5.0 (compatible; YandexBot/3.0; +http://yandex.com/bots)"
141.8.132.12 - - [17/Mar/2020:12:19:06 +0100] "GET /robots.txt HTTP/1.1" 200 3717 "-" "Mozilla/5.0 (compatible; YandexBot/3.0; +http://yandex.com/bots)"
5.45.207.62 - - [17/Mar/2020:12:19:10 +0100] "GET / HTTP/1.1" 200 9258 "-" "Mozilla/5.0 (compatible; YandexBot/3.0; +http://yandex.com/bots)"
157.55.39.28 - - [17/Mar/2020:12:39:37 +0100] "GET /robots.txt HTTP/1.1" 200 3712 "-" "Mozilla/5.0 (compatible; bingbot/2.0; +http://www.bing.com/bingbot.htm)"
157.55.39.12 - - [17/Mar/2020:12:39:42 +0100] "GET /images/logo.gif HTTP/1.1" 200 13546 "-" "Mozilla/5.0 (compatible; bingbot/2.0; +http://www.bing.com/bingbot.htm)"
157.55.39.28 - - [17/Mar/2020:12:39:42 +0100] "GET /robots.txt HTTP/1.1" 200 2037 "-" "Mozilla/5.0 (compatible; bingbot/2.0; +http://www.bing.com/bingbot.htm)"
157.55.39.28 - - [17/Mar/2020:12:39:42 +0100] "GET /robots.txt HTTP/1.1" 200 3712 "-" "Mozilla/5.0 (compatible; bingbot/2.0; +http://www.bing.com/bingbot.htm)"
81.208.42.145 - - [17/Mar/2020:14:36:12 +0100] "GET /wp-login.php HTTP/1.1" 404 3422 "http://serynco.es/wp-login.php" "Mozilla/5.0 (X11; Ubuntu; Linux x86_64; rv:62.0) Gecko/20100101 Firefox/62.0"
49.87.135.131 - - [17/Mar/2020:14:55:08 +0100] "GET /seguridad-salud.html HTTP/1.1" 200 9520 "-" "Mozilla/5.0(Linux;Android 5.1.1;OPPO A33 Build/LMY47V;wv) AppleWebKit/537.36(KHTML,link Gecko) Version/4.0 Chrome/43.0.2357.121 Mobile Safari/537.36 LieBaoFast/4.51.3"
117.95.100.134 - - [17/Mar/2020:14:55:16 +0100] "GET /legal.html HTTP/1.1" 200 8487 "-" "Mozilla/5.0(Linux;Android 5.1.1;OPPO A33 Build/LMY47V;wv) AppleWebKit/537.36(KHTML,link Gecko) Version/4.0 Chrome/42.0.2311.138 Mobile Safari/537.36 Mb2345Browser/9.0"
121.233.162.241 - - [17/Mar/2020:14:55:22 +0100] "GET / HTTP/1.1" 200 9021 "-" "Mozilla/5.0(Linux;Android 5.1.1;OPPO A33 Build/LMY47V;wv) AppleWebKit/537.36(KHTML,link Gecko) Version/4.0 Chrome/42.0.2311.138 Mobile Safari/537.36 Mb2345Browser/9.0"
178.23.211.246 - - [17/Mar/2020:15:04:08 +0100] "POST /AutoDiscover/autodiscover.xml HTTP/1.1" 400 3789 "-" "Microsoft Office/16.0 (Windows NT 10.0; Microsoft Word 16.0.12527; Pro)"
114.96.169.112 - - [17/Mar/2020:15:15:13 +0100] "GET /robots.txt HTTP/1.1" 200 3480 "-" "Mozilla/5.0(Linux;U;Android 5.1.1;zh-CN;OPPO A33 Build/LMY47V) AppleWebKit/537.36(KHTML,like Gecko) Version/4.0 Chrome/40.0.2214.89 UCBrowser/11.7.0.953 Mobile Safari/537.36"
141.8.132.12 - - [17/Mar/2020:15:17:16 +0100] "GET /robots.txt HTTP/1.1" 200 3717 "-" "Mozilla/5.0 (compatible; YandexBot/3.0; +http://yandex.com/bots)"
5.45.207.62 - - [17/Mar/2020:15:17:22 +0100] "GET /robots.txt HTTP/1.1" 200 3717 "-" "Mozilla/5.0 (compatible; YandexBot/3.0; +http://yandex.com/bots)"
5.45.207.62 - - [17/Mar/2020:15:17:26 +0100] "GET / HTTP/1.1" 200 5994 "-" "Mozilla/5.0 (compatible; YandexBot/3.0; +http://yandex.com/bots)"
112.91.79.37 - - [17/Mar/2020:16:26:43 +0100] "GET /robots.txt HTTP/1.1" 200 3480 "-" "Mozilla/5.0(Linux;Android 5.1.1;OPPO A33 Build/LMY47V;wv) AppleWebKit/537.36(KHTML,link Gecko) Version/4.0 Chrome/42.0.2311.138 Mobile Safari/537.36 Mb2345Browser/9.0"
66.249.66.206 - - [17/Mar/2020:16:51:29 +0100] "GET /robots.txt HTTP/1.1" 200 3712 "-" "Mozilla/5.0 (compatible; Googlebot/2.1; +http://www.google.com/bot.html)"
66.249.66.202 - - [17/Mar/2020:16:51:29 +0100] "GET /favicon.ico HTTP/1.1" 404 4637 "-" "Googlebot-Image/1.0"
66.249.64.78 - - [17/Mar/2020:17:12:29 +0100] "GET /medio-ambiente.html HTTP/1.1" 200 8429 "-" "Mozilla/5.0 (Linux; Android 6.0.1; Nexus 5X Build/MMB29P) AppleWebKit/537.36 (KHTML, like Gecko) Chrome/41.0.2272.96 Mobile Safari/537.36 (compatible; Googlebot/2.1; +http://www.google.com/bot.html)"
165.98.53.194 - - [17/Mar/2020:17:36:50 +0100] "GET /images/mapa.gif HTTP/1.1" 200 97830 "https://www.google.com/" "Mozilla/5.0 (Windows NT 10.0; Win64; x64) AppleWebKit/537.36 (KHTML, like Gecko) Chrome/80.0.3987.132 Safari/537.36"
83.41.59.162 - - [17/Mar/2020:17:38:00 +0100] "POST /AutoDiscover/autodiscover.xml HTTP/1.1" 400 3789 "-" "Microsoft Office/16.0 (Windows NT 10.0; Microsoft Excel 16.0.12527; Pro)"
178.23.211.246 - - [17/Mar/2020:17:45:02 +0100] "POST /AutoDiscover/autodiscover.xml HTTP/1.1" 400 3789 "-" "Microsoft Office/16.0 (Windows NT 10.0; Microsoft Excel 16.0.11929; Pro)"
178.23.211.246 - - [17/Mar/2020:17:58:05 +0100] "POST /AutoDiscover/autodiscover.xml HTTP/1.1" 400 3789 "-" "Microsoft Office/16.0 (Windows NT 10.0; Microsoft Word 16.0.12624; Pro)"
157.55.39.28 - - [17/Mar/2020:18:32:37 +0100] "GET /robots.txt HTTP/1.1" 200 3712 "-" "Mozilla/5.0 (compatible; bingbot/2.0; +http://www.bing.com/bingbot.htm)"
157.55.39.28 - - [17/Mar/2020:18:32:52 +0100] "GET /robots.txt HTTP/1.1" 200 2037 "-" "Mozilla/5.0 (compatible; bingbot/2.0; +http://www.bing.com/bingbot.htm)"
207.46.13.67 - - [17/Mar/2020:18:32:53 +0100] "GET /images/ss4.jpg HTTP/1.1" 200 134858 "-" "Mozilla/5.0 (compatible; bingbot/2.0; +http://www.bing.com/bingbot.htm)"
157.55.39.28 - - [17/Mar/2020:18:32:53 +0100] "GET /robots.txt HTTP/1.1" 200 3712 "-" "Mozilla/5.0 (compatible; bingbot/2.0; +http://www.bing.com/bingbot.htm)"
35.237.23.130 - - [17/Mar/2020:19:44:14 +0100] "GET /robots.txt HTTP/1.1" 200 3461 "-" "ZoominfoBot (zoominfobot at zoominfo dot com)"
35.237.23.130 - - [17/Mar/2020:19:44:14 +0100] "GET /robots.txt HTTP/1.0" 200 417 "-" "ZoominfoBot (zoominfobot at zoominfo dot com)"
35.237.23.130 - - [17/Mar/2020:19:44:15 +0100] "GET / HTTP/1.0" 200 6095 "-" "ZoominfoBot (zoominfobot at zoominfo dot com)"
157.55.39.28 - - [17/Mar/2020:19:48:47 +0100] "GET /robots.txt HTTP/1.1" 200 3712 "-" "Mozilla/5.0 (compatible; bingbot/2.0; +http://www.bing.com/bingbot.htm)"
35.237.23.130 - - [17/Mar/2020:19:52:35 +0100] "GET /robots.txt HTTP/1.1" 200 3461 "-" "ZoominfoBot (zoominfobot at zoominfo dot com)"
35.237.23.130 - - [17/Mar/2020:19:52:36 +0100] "GET /robots.txt HTTP/1.0" 200 417 "-" "ZoominfoBot (zoominfobot at zoominfo dot com)"
35.237.23.130 - - [17/Mar/2020:19:52:36 +0100] "GET / HTTP/1.0" 200 6095 "-" "ZoominfoBot (zoominfobot at zoominfo dot com)"
104.196.26.20 - - [17/Mar/2020:20:09:17 +0100] "GET /robots.txt HTTP/1.1" 200 3461 "-" "ZoominfoBot (zoominfobot at zoominfo dot com)"
104.196.26.20 - - [17/Mar/2020:20:09:17 +0100] "GET /robots.txt HTTP/1.0" 200 417 "-" "ZoominfoBot (zoominfobot at zoominfo dot com)"
104.196.26.20 - - [17/Mar/2020:20:09:17 +0100] "GET / HTTP/1.0" 200 6095 "-" "ZoominfoBot (zoominfobot at zoominfo dot com)"
104.196.26.20 - - [17/Mar/2020:20:17:33 +0100] "GET /robots.txt HTTP/1.1" 200 3461 "-" "ZoominfoBot (zoominfobot at zoominfo dot com)"
104.196.26.20 - - [17/Mar/2020:20:17:34 +0100] "GET /robots.txt HTTP/1.0" 200 417 "-" "ZoominfoBot (zoominfobot at zoominfo dot com)"
104.196.26.20 - - [17/Mar/2020:20:17:34 +0100] "GET / HTTP/1.0" 200 6095 "-" "ZoominfoBot (zoominfobot at zoominfo dot com)"
66.249.64.78 - - [17/Mar/2020:20:21:49 +0100] "GET /controlsimultaneidad.html HTTP/1.1" 200 8092 "-" "Mozilla/5.0 (Linux; Android 6.0.1; Nexus 5X Build/MMB29P) AppleWebKit/537.36 (KHTML, like Gecko) Chrome/41.0.2272.96 Mobile Safari/537.36 (compatible; Googlebot/2.1; +http://www.google.com/bot.html)"
157.55.39.123 - - [17/Mar/2020:21:05:36 +0100] "GET /index.html HTTP/1.1" 200 9253 "-" "msnbot/2.0b (+http://search.msn.com/msnbot.htm)"
40.77.139.50 - - [17/Mar/2020:21:05:37 +0100] "GET /javascript/flash_detect.js HTTP/1.1" 200 11634 "https://www.serynco.es/index.html" "Mozilla/5.0 (Windows NT 6.1; WOW64) AppleWebKit/534+ (KHTML, like Gecko) BingPreview/1.0b"
213.239.216.194 - - [17/Mar/2020:22:08:22 +0100] "GET /robots.txt HTTP/1.1" 200 3712 "-" "Mozilla/5.0 (compatible; MJ12bot/v1.4.8; http://mj12bot.com/)"
213.239.216.194 - - [17/Mar/2020:22:08:24 +0100] "GET /noticias/publicaci%C3%B3n-faro.pdf HTTP/1.1" 200 154760 "-" "Mozilla/5.0 (compatible; MJ12bot/v1.4.8; http://mj12bot.com/)"
49.86.27.82 - - [17/Mar/2020:22:34:00 +0100] "GET /robots.txt HTTP/1.1" 200 3480 "-" "Mozilla/5.0(Linux;U;Android 5.1.1;zh-CN;OPPO A33 Build/LMY47V) AppleWebKit/537.36(KHTML,like Gecko) Version/4.0 Chrome/40.0.2214.89 UCBrowser/11.7.0.953 Mobile Safari/537.36"
112.113.152.155 - - [17/Mar/2020:22:34:03 +0100] "GET /robots.txt HTTP/1.1" 200 3480 "-" "Mozilla/5.0 (Linux; Android 7.0; FRD-AL00 Build/HUAWEIFRD-AL00; wv) AppleWebKit/537.36 (KHTML, like Gecko) Version/4.0 Chrome/53.0.2785.49 Mobile MQQBrowser/6.2 TBS/043602 Safari/537.36 MicroMessenger/6.5.16.1120 NetType/WIFI Language/zh_CN"
54.185.154.47 - - [17/Mar/2020:22:36:27 +0100] "GET / HTTP/1.1" 200 9007 "-" "Mozilla/5.0 (Macintosh; Intel Mac OS X 10_6_4) AppleWebKit/535.11 (KHTML, like Gecko) Chrome/17.0.963.65 Safari/535.11"
31.13.188.13 - - [17/Mar/2020:22:55:58 +0100] "GET / HTTP/1.1" 200 9258 "-" "Mozilla/5.0 (Windows NT 10.0; Win64; x64) AppleWebKit/537.36 (KHTML, like Gecko) Chrome/66.0.3359.66 Safari/537.36"
31.13.188.13 - - [17/Mar/2020:22:55:59 +0100] "GET /contacto.html HTTP/1.1" 200 8057 "http://serynco.es" "Mozilla/5.0 (Windows NT 10.0; Win64; x64) AppleWebKit/537.36 (KHTML, like Gecko) Chrome/66.0.3359.66 Safari/537.36"
66.249.64.59 - - [18/Mar/2020:02:26:37 +0100] "GET /robots.txt HTTP/1.1" 200 3712 "-" "Mozilla/5.0 (compatible; Googlebot/2.1; +http://www.google.com/bot.html)"
66.249.64.59 - - [18/Mar/2020:02:26:38 +0100] "GET / HTTP/1.1" 200 5994 "-" "Mozilla/5.0 (Linux; Android 6.0.1; Nexus 5X Build/MMB29P) AppleWebKit/537.36 (KHTML, like Gecko) Chrome/41.0.2272.96 Mobile Safari/537.36 (compatible; Googlebot/2.1; +http://www.google.com/bot.html)"
114.119.163.40 - - [18/Mar/2020:02:29:46 +0100] "GET /controlsimultaneidad.html HTTP/1.1" 200 7860 "-" "Mozilla/5.0 (Linux; Android 7.0;) AppleWebKit/537.36 (KHTML, like Gecko) Mobile Safari/537.36 (compatible; AspiegelBot)"
34.219.240.109 - - [18/Mar/2020:02:37:41 +0100] "GET / HTTP/1.1" 200 9253 "-" "Mozilla/5.0 (Windows NT 10.0; Win64; x64)AppleWebKit/537.36 (KHTML, like Gecko) Chrome/66.0.3359.181 Safari/537.36"
52.34.24.33 - - [18/Mar/2020:02:37:42 +0100] "HEAD / HTTP/1.1" 200 3063 "-" "Go-http-client/1.1"
35.237.245.53 - - [18/Mar/2020:02:45:35 +0100] "GET /robots.txt HTTP/1.0" 200 3480 "-" "ZoominfoBot (zoominfobot at zoominfo dot com)"
35.237.245.53 - - [18/Mar/2020:02:45:36 +0100] "GET /clientes.html HTTP/1.0" 200 10719 "-" "ZoominfoBot (zoominfobot at zoominfo dot com)"
35.237.245.53 - - [18/Mar/2020:02:47:07 +0100] "GET /servicios.html HTTP/1.0" 200 9074 "-" "ZoominfoBot (zoominfobot at zoominfo dot com)"
35.237.245.53 - - [18/Mar/2020:02:47:54 +0100] "GET /empleo.html HTTP/1.0" 200 7243 "-" "ZoominfoBot (zoominfobot at zoominfo dot com)"
35.237.245.53 - - [18/Mar/2020:02:54:33 +0100] "GET /index.php HTTP/1.0" 200 8944 "-" "ZoominfoBot (zoominfobot at zoominfo dot com)"
35.237.245.53 - - [18/Mar/2020:02:57:37 +0100] "GET /robots.txt HTTP/1.0" 200 3480 "-" "ZoominfoBot (zoominfobot at zoominfo dot com)"
35.237.245.53 - - [18/Mar/2020:02:57:37 +0100] "GET /servicios.html HTTP/1.0" 200 6148 "-" "ZoominfoBot (zoominfobot at zoominfo dot com)"
157.55.39.28 - - [18/Mar/2020:02:57:39 +0100] "GET /robots.txt HTTP/1.1" 200 2037 "-" "Mozilla/5.0 (compatible; bingbot/2.0; +http://www.bing.com/bingbot.htm)"
157.55.39.28 - - [18/Mar/2020:02:57:40 +0100] "GET /robots.txt HTTP/1.1" 200 3712 "-" "Mozilla/5.0 (compatible; bingbot/2.0; +http://www.bing.com/bingbot.htm)"
157.55.39.123 - - [18/Mar/2020:02:57:44 +0100] "GET /noticias/publicaci%C3%B3n-faro.pdf HTTP/1.1" 200 266910 "-" "msnbot/2.0b (+http://search.msn.com/msnbot.htm)"
35.237.245.53 - - [18/Mar/2020:02:57:49 +0100] "GET /index.php HTTP/1.0" 200 8944 "-" "ZoominfoBot (zoominfobot at zoominfo dot com)"
35.237.245.53 - - [18/Mar/2020:03:00:20 +0100] "GET /empresa.html HTTP/1.0" 200 9223 "-" "ZoominfoBot (zoominfobot at zoominfo dot com)"
35.237.245.53 - - [18/Mar/2020:03:00:45 +0100] "GET /empresa.html HTTP/1.0" 200 9223 "-" "ZoominfoBot (zoominfobot at zoominfo dot com)"
35.237.245.53 - - [18/Mar/2020:03:04:33 +0100] "GET /contacto.html HTTP/1.0" 200 7820 "-" "ZoominfoBot (zoominfobot at zoominfo dot com)"
35.237.245.53 - - [18/Mar/2020:03:05:13 +0100] "GET /clientes.html HTTP/1.0" 200 13645 "-" "ZoominfoBot (zoominfobot at zoominfo dot com)"
35.237.245.53 - - [18/Mar/2020:03:05:37 +0100] "GET /buzon-sugerencias.html HTTP/1.0" 200 7193 "-" "ZoominfoBot (zoominfobot at zoominfo dot com)"
35.237.245.53 - - [18/Mar/2020:03:07:25 +0100] "GET /empleo.html HTTP/1.0" 200 7243 "-" "ZoominfoBot (zoominfobot at zoominfo dot com)"
35.237.245.53 - - [18/Mar/2020:03:09:19 +0100] "GET /buzon-sugerencias.html HTTP/1.0" 200 7193 "-" "ZoominfoBot (zoominfobot at zoominfo dot com)"
35.237.245.53 - - [18/Mar/2020:03:12:58 +0100] "GET /contacto.html HTTP/1.0" 200 7820 "-" "ZoominfoBot (zoominfobot at zoominfo dot com)"
35.237.245.53 - - [18/Mar/2020:03:13:13 +0100] "GET /legal.html HTTP/1.0" 200 8487 "-" "ZoominfoBot (zoominfobot at zoominfo dot com)"
35.237.245.53 - - [18/Mar/2020:03:13:37 +0100] "GET /legal.html HTTP/1.0" 200 8487 "-" "ZoominfoBot (zoominfobot at zoominfo dot com)"
157.55.39.28 - - [18/Mar/2020:04:34:09 +0100] "GET /robots.txt HTTP/1.1" 200 3712 "-" "Mozilla/5.0 (compatible; bingbot/2.0; +http://www.bing.com/bingbot.htm)"
157.55.39.123 - - [18/Mar/2020:04:34:45 +0100] "GET /robots.txt HTTP/1.1" 200 3712 "-" "msnbot/2.0b (+http://search.msn.com/msnbot.htm)"
157.55.39.28 - - [18/Mar/2020:04:34:45 +0100] "GET /robots.txt HTTP/1.1" 200 2037 "-" "Mozilla/5.0 (compatible; bingbot/2.0; +http://www.bing.com/bingbot.htm)"
157.55.39.28 - - [18/Mar/2020:04:34:46 +0100] "GET /robots.txt HTTP/1.1" 200 3712 "-" "Mozilla/5.0 (compatible; bingbot/2.0; +http://www.bing.com/bingbot.htm)"
114.119.162.139 - - [18/Mar/2020:04:36:13 +0100] "GET /servicios.html HTTP/1.1" 200 9074 "-" "Mozilla/5.0 (Linux; Android 7.0;) AppleWebKit/537.36 (KHTML, like Gecko) Mobile Safari/537.36 (compatible; AspiegelBot)"
114.119.167.228 - - [18/Mar/2020:05:12:15 +0100] "GET /construccion.html HTTP/1.1" 200 9516 "-" "Mozilla/5.0 (Linux; Android 7.0;) AppleWebKit/537.36 (KHTML, like Gecko) Mobile Safari/537.36 (compatible; AspiegelBot)"
178.23.211.246 - - [18/Mar/2020:07:46:29 +0100] "POST /AutoDiscover/autodiscover.xml HTTP/1.1" 400 3789 "-" "Microsoft Office/16.0 (Windows NT 10.0; Microsoft Word 16.0.12624; Pro)"
42.236.103.66 - - [18/Mar/2020:08:04:25 +0100] "GET / HTTP/1.1" 200 9063 "https://www.serynco.es/" "Mozilla/5.0 (Windows NT 6.1; WOW64) AppleWebKit/537.36 (KHTML, like Gecko) Chrome/50.0.2661.102 Safari/537.36; 360Spider"
114.119.163.232 - - [18/Mar/2020:08:29:44 +0100] "GET /images/legal.gif HTTP/1.1" 200 6260 "-" "Mozilla/5.0 (Linux; Android 7.0;) AppleWebKit/537.36 (KHTML, like Gecko) Mobile Safari/537.36 (compatible; AspiegelBot)"
60.185.75.120 - - [18/Mar/2020:08:37:28 +0100] "GET /robots.txt HTTP/1.1" 200 3480 "-" "Mozilla/5.0(Linux;Android 5.1.1;OPPO A33 Build/LMY47V;wv) AppleWebKit/537.36(KHTML,link Gecko) Version/4.0 Chrome/42.0.2311.138 Mobile Safari/537.36 Mb2345Browser/9.0"
66.249.64.59 - - [18/Mar/2020:08:51:01 +0100] "GET / HTTP/1.1" 200 9253 "-" "Mozilla/5.0 (compatible; Googlebot/2.1; +http://www.google.com/bot.html)"
178.23.211.246 - - [18/Mar/2020:09:04:51 +0100] "POST /AutoDiscover/autodiscover.xml HTTP/1.1" 400 3789 "-" "Microsoft Office/16.0 (Windows NT 10.0; Microsoft Excel 16.0.12624; Pro)"
114.119.161.173 - - [18/Mar/2020:09:08:17 +0100] "GET /robots.txt HTTP/1.1" 200 3480 "-" "Mozilla/5.0 (Linux; Android 7.0;) AppleWebKit/537.36 (KHTML, like Gecko) Mobile Safari/537.36 (compatible; AspiegelBot)"
114.119.162.140 - - [18/Mar/2020:09:13:20 +0100] "GET /images/adorno-localizacion.jpg HTTP/1.1" 200 35524 "-" "Mozilla/5.0 (Linux; Android 7.0;) AppleWebKit/537.36 (KHTML, like Gecko) Mobile Safari/537.36 (compatible; AspiegelBot)"
66.249.64.55 - - [18/Mar/2020:09:30:42 +0100] "GET /favicon.ico HTTP/1.1" 404 4637 "-" "Googlebot-Image/1.0"
188.85.163.184 - - [18/Mar/2020:09:45:06 +0100] "GET / HTTP/1.1" 200 9253 "https://www.google.com/" "Mozilla/5.0 (Windows NT 6.1; Win64; x64) AppleWebKit/537.36 (KHTML, like Gecko) Chrome/80.0.3987.132 Safari/537.36"
188.85.163.184 - - [18/Mar/2020:09:45:06 +0100] "GET /images/logo.gif HTTP/1.1" 200 13546 "https://www.serynco.es/" "Mozilla/5.0 (Windows NT 6.1; Win64; x64) AppleWebKit/537.36 (KHTML, like Gecko) Chrome/80.0.3987.132 Safari/537.36"
188.85.163.184 - - [18/Mar/2020:09:45:06 +0100] "GET /css/style.css HTTP/1.1" 200 8834 "https://www.serynco.es/" "Mozilla/5.0 (Windows NT 6.1; Win64; x64) AppleWebKit/537.36 (KHTML, like Gecko) Chrome/80.0.3987.132 Safari/537.36"
188.85.163.184 - - [18/Mar/2020:09:45:06 +0100] "GET /javascript/flash_detect.js HTTP/1.1" 200 11634 "https://www.serynco.es/" "Mozilla/5.0 (Windows NT 6.1; Win64; x64) AppleWebKit/537.36 (KHTML, like Gecko) Chrome/80.0.3987.132 Safari/537.36"
142.93.69.33 - - [18/Mar/2020:09:58:18 +0100] "GET / HTTP/1.1" 200 9253 "http://serynco.es/" "Mozilla/5.0 (X11; Datanyze; Linux x86_64) AppleWebKit/537.36 (KHTML, like Gecko) Chrome/65.0.3325.181 Safari/537.36"
142.93.69.33 - - [18/Mar/2020:09:58:20 +0100] "GET /javascript/flash_detect.js HTTP/1.1" 200 11634 "-" "Mozilla/5.0 (X11; Datanyze; Linux x86_64) AppleWebKit/537.36 (KHTML, like Gecko) Chrome/65.0.3325.181 Safari/537.36"
142.93.69.33 - - [18/Mar/2020:09:58:20 +0100] "GET /css/style.css HTTP/1.1" 200 12093 "-" "Mozilla/5.0 (X11; Datanyze; Linux x86_64) AppleWebKit/537.36 (KHTML, like Gecko) Chrome/65.0.3325.181 Safari/537.36"
142.93.69.33 - - [18/Mar/2020:09:58:23 +0100] "GET / HTTP/1.1" 200 9216 "-" "-"
142.93.69.33 - - [18/Mar/2020:09:58:26 +0100] "GET /robots.txt HTTP/1.1" 200 3712 "-" "Mozilla/5.0 (compatible; MSIE 10.0; Windows NT 6.1; WOW64; Trident/6.0)"
142.93.69.33 - - [18/Mar/2020:09:58:31 +0100] "GET /contacto.html HTTP/1.1" 200 8052 "https://serynco.es" "Mozilla/5.0 (X11; Datanyze; Linux x86_64) AppleWebKit/537.36 (KHTML, like Gecko) Chrome/65.0.3325.181 Safari/537.36"
142.93.69.33 - - [18/Mar/2020:09:58:31 +0100] "GET /legal.html HTTP/1.1" 200 8719 "https://serynco.es" "Mozilla/5.0 (X11; Datanyze; Linux x86_64) AppleWebKit/537.36 (KHTML, like Gecko) Chrome/65.0.3325.181 Safari/537.36"
142.93.69.33 - - [18/Mar/2020:09:58:31 +0100] "GET /empresa.html HTTP/1.1" 200 9455 "https://serynco.es" "Mozilla/5.0 (X11; Datanyze; Linux x86_64) AppleWebKit/537.36 (KHTML, like Gecko) Chrome/65.0.3325.181 Safari/537.36"
142.93.69.33 - - [18/Mar/2020:09:58:31 +0100] "GET /buzon-sugerencias.html HTTP/1.1" 200 7425 "https://serynco.es" "Mozilla/5.0 (X11; Datanyze; Linux x86_64) AppleWebKit/537.36 (KHTML, like Gecko) Chrome/65.0.3325.181 Safari/537.36"
142.93.69.33 - - [18/Mar/2020:09:58:31 +0100] "GET /index.php HTTP/1.1" 200 9304 "https://serynco.es" "Mozilla/5.0 (X11; Datanyze; Linux x86_64) AppleWebKit/537.36 (KHTML, like Gecko) Chrome/65.0.3325.181 Safari/537.36"
142.93.69.33 - - [18/Mar/2020:09:58:32 +0100] "GET /servicios.html HTTP/1.1" 200 9306 "https://serynco.es" "Mozilla/5.0 (X11; Datanyze; Linux x86_64) AppleWebKit/537.36 (KHTML, like Gecko) Chrome/65.0.3325.181 Safari/537.36"
142.93.69.33 - - [18/Mar/2020:09:58:32 +0100] "GET /empleo.html HTTP/1.1" 200 7475 "https://serynco.es" "Mozilla/5.0 (X11; Datanyze; Linux x86_64) AppleWebKit/537.36 (KHTML, like Gecko) Chrome/65.0.3325.181 Safari/537.36"
142.93.69.33 - - [18/Mar/2020:09:58:32 +0100] "GET /clientes.html HTTP/1.1" 200 13877 "https://serynco.es" "Mozilla/5.0 (X11; Datanyze; Linux x86_64) AppleWebKit/537.36 (KHTML, like Gecko) Chrome/65.0.3325.181 Safari/537.36"
157.55.39.28 - - [18/Mar/2020:09:58:36 +0100] "GET /robots.txt HTTP/1.1" 200 2037 "-" "Mozilla/5.0 (compatible; bingbot/2.0; +http://www.bing.com/bingbot.htm)"
157.55.39.28 - - [18/Mar/2020:09:58:37 +0100] "GET /robots.txt HTTP/1.1" 200 3712 "-" "Mozilla/5.0 (compatible; bingbot/2.0; +http://www.bing.com/bingbot.htm)"
207.46.13.67 - - [18/Mar/2020:09:58:40 +0100] "GET /css/style.css HTTP/1.1" 200 12093 "-" "msnbot/2.0b (+http://search.msn.com/msnbot.htm)"
40.77.190.111 - - [18/Mar/2020:10:59:39 +0100] "GET /nb/f5e4D3C2S.js HTTP/1.1" 404 4637 "-" "Mozilla/5.0 (Windows NT 6.1; WOW64) AppleWebKit/534+ (KHTML, like Gecko) BingPreview/1.0b"
34.201.19.14 - - [18/Mar/2020:12:13:18 +0100] "GET / HTTP/1.1" 200 9253 "-" "Mozilla/5.0 (Macintosh; Intel Mac OS X 10_15_0) AppleWebKit/537.36 (KHTML, like Gecko) Chrome/78.0.3904.87 Safari/537.36"
52.224.162.133 - - [18/Mar/2020:12:31:03 +0100] "GET / HTTP/1.1" 200 9258 "-" "python-requests/2.23.0"
52.224.162.133 - - [18/Mar/2020:12:33:30 +0100] "GET / HTTP/1.1" 200 9258 "-" "python-requests/2.23.0"
138.197.3.233 - - [18/Mar/2020:13:17:19 +0100] "GET / HTTP/1.1" 200 9253 "-" "Mozilla/5.0 (X11; Datanyze; Linux x86_64) AppleWebKit/537.36 (KHTML, like Gecko) Chrome/65.0.3325.181 Safari/537.36"
138.197.3.233 - - [18/Mar/2020:13:17:19 +0100] "GET /javascript/flash_detect.js HTTP/1.1" 200 8375 "https://serynco.es/" "Mozilla/5.0 (X11; Datanyze; Linux x86_64) AppleWebKit/537.36 (KHTML, like Gecko) Chrome/65.0.3325.181 Safari/537.36"
138.197.3.233 - - [18/Mar/2020:13:17:35 +0100] "GET / HTTP/1.1" 200 9216 "-" "-"
138.197.3.233 - - [18/Mar/2020:13:17:39 +0100] "GET /robots.txt HTTP/1.1" 200 3712 "-" "Mozilla/5.0 (Macintosh; Intel Mac OS X 10_9_2) AppleWebKit/537.36 (KHTML, like Gecko) Chrome/34.0.1847.131 Safari/537.36"
138.197.3.233 - - [18/Mar/2020:13:17:41 +0100] "GET /legal.html HTTP/1.1" 200 8719 "https://serynco.es" "Mozilla/5.0 (X11; Datanyze; Linux x86_64) AppleWebKit/537.36 (KHTML, like Gecko) Chrome/65.0.3325.181 Safari/537.36"
138.197.3.233 - - [18/Mar/2020:13:17:41 +0100] "GET /contacto.html HTTP/1.1" 200 8052 "https://serynco.es" "Mozilla/5.0 (X11; Datanyze; Linux x86_64) AppleWebKit/537.36 (KHTML, like Gecko) Chrome/65.0.3325.181 Safari/537.36"
138.197.3.233 - - [18/Mar/2020:13:17:41 +0100] "GET /servicios.html HTTP/1.1" 200 9306 "https://serynco.es" "Mozilla/5.0 (X11; Datanyze; Linux x86_64) AppleWebKit/537.36 (KHTML, like Gecko) Chrome/65.0.3325.181 Safari/537.36"
138.197.3.233 - - [18/Mar/2020:13:17:41 +0100] "GET /buzon-sugerencias.html HTTP/1.1" 200 7425 "https://serynco.es" "Mozilla/5.0 (X11; Datanyze; Linux x86_64) AppleWebKit/537.36 (KHTML, like Gecko) Chrome/65.0.3325.181 Safari/537.36"
138.197.3.233 - - [18/Mar/2020:13:17:42 +0100] "GET /empresa.html HTTP/1.1" 200 9455 "https://serynco.es" "Mozilla/5.0 (X11; Datanyze; Linux x86_64) AppleWebKit/537.36 (KHTML, like Gecko) Chrome/65.0.3325.181 Safari/537.36"
138.197.3.233 - - [18/Mar/2020:13:17:42 +0100] "GET /clientes.html HTTP/1.1" 200 13877 "https://serynco.es" "Mozilla/5.0 (X11; Datanyze; Linux x86_64) AppleWebKit/537.36 (KHTML, like Gecko) Chrome/65.0.3325.181 Safari/537.36"
138.197.3.233 - - [18/Mar/2020:13:17:42 +0100] "GET /empleo.html HTTP/1.1" 200 7475 "https://serynco.es" "Mozilla/5.0 (X11; Datanyze; Linux x86_64) AppleWebKit/537.36 (KHTML, like Gecko) Chrome/65.0.3325.181 Safari/537.36"
138.197.3.233 - - [18/Mar/2020:13:17:41 +0100] "GET /index.php HTTP/1.1" 200 9304 "https://serynco.es" "Mozilla/5.0 (X11; Datanyze; Linux x86_64) AppleWebKit/537.36 (KHTML, like Gecko) Chrome/65.0.3325.181 Safari/537.36"
42.242.11.251 - - [18/Mar/2020:13:37:00 +0100] "GET /robots.txt HTTP/1.1" 200 3480 "-" "Mozilla/5.0(Linux;Android 5.1.1;OPPO A33 Build/LMY47V;wv) AppleWebKit/537.36(KHTML,link Gecko) Version/4.0 Chrome/42.0.2311.138 Mobile Safari/537.36 Mb2345Browser/9.0"
5.45.207.62 - - [18/Mar/2020:14:10:07 +0100] "GET /robots.txt HTTP/1.1" 200 3717 "-" "Mozilla/5.0 (compatible; YandexBot/3.0; +http://yandex.com/bots)"
141.8.132.12 - - [18/Mar/2020:14:10:07 +0100] "GET /robots.txt HTTP/1.1" 200 3717 "-" "Mozilla/5.0 (compatible; YandexBot/3.0; +http://yandex.com/bots)"
5.45.207.62 - - [18/Mar/2020:14:10:11 +0100] "GET / HTTP/1.1" 200 5994 "-" "Mozilla/5.0 (compatible; YandexBot/3.0; +http://yandex.com/bots)"
141.8.132.12 - - [18/Mar/2020:14:10:11 +0100] "GET / HTTP/1.1" 200 5994 "-" "Mozilla/5.0 (compatible; YandexBot/3.0; +http://yandex.com/bots)"
157.55.39.28 - - [18/Mar/2020:14:44:22 +0100] "GET /robots.txt HTTP/1.1" 200 3712 "-" "Mozilla/5.0 (compatible; bingbot/2.0; +http://www.bing.com/bingbot.htm)"
163.117.145.17 - - [18/Mar/2020:15:50:50 +0100] "GET / HTTP/1.1" 200 9002 "-" "Scrapy/1.6.0 (+https://scrapy.org)"
163.117.145.17 - - [18/Mar/2020:15:50:50 +0100] "GET /empleo.html HTTP/1.1" 200 4161 "https://serynco.es/" "Scrapy/1.6.0 (+https://scrapy.org)"
163.117.145.17 - - [18/Mar/2020:15:50:51 +0100] "GET /clientes.html HTTP/1.1" 200 10563 "https://serynco.es/" "Scrapy/1.6.0 (+https://scrapy.org)"
163.117.145.17 - - [18/Mar/2020:15:50:51 +0100] "GET /servicios.html HTTP/1.1" 200 5992 "https://serynco.es/" "Scrapy/1.6.0 (+https://scrapy.org)"
163.117.145.17 - - [18/Mar/2020:15:50:52 +0100] "GET /empresa.html HTTP/1.1" 200 6141 "https://serynco.es/" "Scrapy/1.6.0 (+https://scrapy.org)"
163.117.145.17 - - [18/Mar/2020:15:50:52 +0100] "GET / HTTP/1.1" 200 5939 "https://serynco.es/" "Scrapy/1.6.0 (+https://scrapy.org)"
163.117.145.17 - - [18/Mar/2020:15:53:07 +0100] "GET /buzon-sugerencias.html HTTP/1.1" 200 7174 "https://serynco.es/" "Scrapy/1.6.0 (+https://scrapy.org)"
163.117.145.17 - - [18/Mar/2020:15:53:08 +0100] "GET /legal.html HTTP/1.1" 200 5405 "https://serynco.es/" "Scrapy/1.6.0 (+https://scrapy.org)"
163.117.145.17 - - [18/Mar/2020:15:53:08 +0100] "GET /contacto.html HTTP/1.1" 200 4738 "https://serynco.es/" "Scrapy/1.6.0 (+https://scrapy.org)"
163.117.145.17 - - [18/Mar/2020:15:53:10 +0100] "GET /index.php HTTP/1.1" 200 5990 "https://serynco.es/" "Scrapy/1.6.0 (+https://scrapy.org)"
157.55.39.28 - - [18/Mar/2020:16:36:30 +0100] "GET /robots.txt HTTP/1.1" 200 3712 "-" "Mozilla/5.0 (compatible; bingbot/2.0; +http://www.bing.com/bingbot.htm)"
178.23.211.246 - - [18/Mar/2020:18:23:14 +0100] "POST /AutoDiscover/autodiscover.xml HTTP/1.1" 400 3789 "-" "Microsoft Office/16.0 (Windows NT 10.0; Microsoft Excel 16.0.11929; Pro)"
119.135.88.161 - - [18/Mar/2020:18:36:55 +0100] "GET /robots.txt HTTP/1.1" 200 3480 "-" "Mozilla/5.0(Linux;Android 5.1.1;OPPO A33 Build/LMY47V;wv) AppleWebKit/537.36(KHTML,link Gecko) Version/4.0 Chrome/42.0.2311.138 Mobile Safari/537.36 Mb2345Browser/9.0"
189.225.59.169 - - [18/Mar/2020:19:21:14 +0100] "GET / HTTP/1.1" 200 9253 "https://www.google.com/" "Mozilla/5.0 (Windows NT 6.3) AppleWebKit/537.36 (KHTML, like Gecko) Chrome/80.0.3987.132 Safari/537.36"
189.225.59.169 - - [18/Mar/2020:19:21:14 +0100] "GET /css/style.css HTTP/1.1" 200 8834 "https://www.serynco.es/" "Mozilla/5.0 (Windows NT 6.3) AppleWebKit/537.36 (KHTML, like Gecko) Chrome/80.0.3987.132 Safari/537.36"
189.225.59.169 - - [18/Mar/2020:19:21:14 +0100] "GET /javascript/flash_detect.js HTTP/1.1" 200 11634 "https://www.serynco.es/" "Mozilla/5.0 (Windows NT 6.3) AppleWebKit/537.36 (KHTML, like Gecko) Chrome/80.0.3987.132 Safari/537.36"
189.225.59.169 - - [18/Mar/2020:19:21:14 +0100] "GET /images/logo.gif HTTP/1.1" 200 10287 "https://www.serynco.es/" "Mozilla/5.0 (Windows NT 6.3) AppleWebKit/537.36 (KHTML, like Gecko) Chrome/80.0.3987.132 Safari/537.36"
66.249.66.78 - - [18/Mar/2020:20:59:45 +0100] "GET /sitemap.xml HTTP/1.1" 200 6711 "-" "Mozilla/5.0 (compatible; Googlebot/2.1; +http://www.google.com/bot.html)"
157.55.39.28 - - [18/Mar/2020:21:30:03 +0100] "GET /robots.txt HTTP/1.1" 200 3712 "-" "Mozilla/5.0 (compatible; bingbot/2.0; +http://www.bing.com/bingbot.htm)"
199.244.88.131 - - [18/Mar/2020:21:30:53 +0100] "GET / HTTP/1.1" 200 9253 "-" "Mozilla/5.0 (Macintosh; Intel Mac OS X 10_9_3) AppleWebKit/537.36 (KHTML, like Gecko) Chrome/35.0.1916.47 Safari/537.36"
46.229.168.144 - - [18/Mar/2020:22:29:19 +0100] "GET /robots.txt HTTP/1.1" 200 3675 "-" "Mozilla/5.0 (compatible; SemrushBot/6~bl; +http://www.semrush.com/bot.html)"
46.229.168.139 - - [18/Mar/2020:22:29:21 +0100] "GET / HTTP/1.1" 200 9216 "-" "Mozilla/5.0 (compatible; SemrushBot/6~bl; +http://www.semrush.com/bot.html)"
46.229.168.138 - - [18/Mar/2020:22:29:23 +0100] "GET /sitemap.xml HTTP/1.1" 200 6674 "-" "Mozilla/5.0 (compatible; SemrushBot/6~bl; +http://www.semrush.com/bot.html)"
54.185.154.47 - - [18/Mar/2020:22:50:52 +0100] "GET / HTTP/1.1" 200 9007 "-" "Mozilla/5.0 (Macintosh; U; Intel Mac OS X 10_6_5; ar) AppleWebKit/533.19.4 (KHTML, like Gecko) Version/5.0.3 Safari/533.19.4"
5.45.207.62 - - [18/Mar/2020:22:52:01 +0100] "GET /robots.txt HTTP/1.1" 200 3717 "-" "Mozilla/5.0 (compatible; YandexBot/3.0; +http://yandex.com/bots)"
5.45.207.62 - - [18/Mar/2020:22:52:05 +0100] "GET /robots.txt HTTP/1.1" 200 453 "-" "Mozilla/5.0 (compatible; YandexBot/3.0; +http://yandex.com/bots)"
5.45.207.62 - - [18/Mar/2020:22:52:09 +0100] "GET /images/logo-hispanica.gif HTTP/1.1" 200 3941 "-" "Mozilla/5.0 (compatible; YandexImages/3.0; +http://yandex.com/bots)"
5.45.207.62 - - [18/Mar/2020:22:52:20 +0100] "GET /empresa.html HTTP/1.1" 200 9460 "-" "Mozilla/5.0 (compatible; YandexBot/3.0; +http://yandex.com/bots)"
192.99.34.42 - - [18/Mar/2020:22:58:47 +0100] "GET /wp-login.php HTTP/1.1" 404 3622 "-" "Mozilla/5.0 (Windows NT 10.0; WOW64) AppleWebKit/537.36 (KHTML, like Gecko) Chrome/46.0.2490.80 Safari/537.36"
192.99.34.42 - - [18/Mar/2020:22:59:39 +0100] "GET /robots.txt HTTP/1.1" 200 3680 "-" "Mozilla/5.0 (Windows NT 10.0; WOW64) AppleWebKit/537.36 (KHTML, like Gecko) Chrome/46.0.2490.80 Safari/537.36"
222.220.154.75 - - [18/Mar/2020:23:05:45 +0100] "GET /robots.txt HTTP/1.1" 200 3480 "-" "Mozilla/5.0(Linux;U;Android 5.1.1;zh-CN;OPPO A33 Build/LMY47V) AppleWebKit/537.36(KHTML,like Gecko) Version/4.0 Chrome/40.0.2214.89 UCBrowser/11.7.0.953 Mobile Safari/537.36"
182.247.36.30 - - [18/Mar/2020:23:06:00 +0100] "GET /medio-ambiente.html HTTP/1.1" 200 8197 "-" "Mozilla/5.0(Linux;U;Android 5.1.1;zh-CN;OPPO A33 Build/LMY47V) AppleWebKit/537.36(KHTML,like Gecko) Version/4.0 Chrome/40.0.2214.89 UCBrowser/11.7.0.953 Mobile Safari/537.36"
39.180.52.245 - - [18/Mar/2020:23:18:00 +0100] "GET /ingenieria.html HTTP/1.1" 200 11538 "-" "Mozilla/5.0(Linux;U;Android 5.1.1;zh-CN;OPPO A33 Build/LMY47V) AppleWebKit/537.36(KHTML,like Gecko) Version/4.0 Chrome/40.0.2214.89 UCBrowser/11.7.0.953 Mobile Safari/537.36"
104.196.144.151 - - [18/Mar/2020:23:22:20 +0100] "GET /robots.txt HTTP/1.1" 200 3461 "-" "ZoominfoBot (zoominfobot at zoominfo dot com)"
104.196.144.151 - - [18/Mar/2020:23:22:20 +0100] "GET /robots.txt HTTP/1.0" 200 417 "-" "ZoominfoBot (zoominfobot at zoominfo dot com)"
104.196.144.151 - - [18/Mar/2020:23:22:20 +0100] "GET / HTTP/1.0" 200 6095 "-" "ZoominfoBot (zoominfobot at zoominfo dot com)"
104.196.144.151 - - [18/Mar/2020:23:30:26 +0100] "GET /robots.txt HTTP/1.1" 200 3461 "-" "ZoominfoBot (zoominfobot at zoominfo dot com)"
104.196.144.151 - - [18/Mar/2020:23:30:27 +0100] "GET /robots.txt HTTP/1.0" 200 417 "-" "ZoominfoBot (zoominfobot at zoominfo dot com)"
104.196.144.151 - - [18/Mar/2020:23:30:27 +0100] "GET / HTTP/1.0" 200 6095 "-" "ZoominfoBot (zoominfobot at zoominfo dot com)"
187.250.161.203 - - [19/Mar/2020:00:14:41 +0100] "GET /images/ing7.jpg HTTP/1.1" 200 44556 "https://www.bing.com/" "Mozilla/5.0 (Windows NT 10.0; Win64; x64) AppleWebKit/537.36 (KHTML, like Gecko) Chrome/70.0.3538.102 Safari/537.36 Edge/18.18362"
114.119.162.139 - - [19/Mar/2020:01:12:10 +0100] "GET /images/clientes.gif HTTP/1.1" 200 7115 "-" "Mozilla/5.0 (Linux; Android 7.0;) AppleWebKit/537.36 (KHTML, like Gecko) Mobile Safari/537.36 (compatible; AspiegelBot)"
66.249.66.76 - - [19/Mar/2020:01:58:57 +0100] "GET /anima2-3.swf HTTP/1.1" 200 1989003 "-" "Mozilla/5.0 (Linux; Android 6.0.1; Nexus 5X Build/MMB29P) AppleWebKit/537.36 (KHTML, like Gecko) Chrome/80.0.3987.92 Mobile Safari/537.36 (compatible; Googlebot/2.1; +http://www.google.com/bot.html)"
66.249.66.206 - - [19/Mar/2020:01:59:35 +0100] "GET /robots.txt HTTP/1.1" 200 3712 "-" "Mozilla/5.0 (compatible; Googlebot/2.1; +http://www.google.com/bot.html)"
66.249.66.204 - - [19/Mar/2020:01:59:49 +0100] "GET /servicios.html HTTP/1.1" 200 9306 "-" "Mozilla/5.0 (Linux; Android 6.0.1; Nexus 5X Build/MMB29P) AppleWebKit/537.36 (KHTML, like Gecko) Chrome/80.0.3987.92 Mobile Safari/537.36 (compatible; Googlebot/2.1; +http://www.google.com/bot.html)"
40.77.167.17 - - [19/Mar/2020:02:07:05 +0100] "GET /images/adorno-empleo.gif HTTP/1.1" 200 32999 "-" "Mozilla/5.0 (compatible; bingbot/2.0; +http://www.bing.com/bingbot.htm)"
151.80.39.227 - - [19/Mar/2020:02:13:03 +0100] "GET / HTTP/1.1" 200 9002 "-" "Mozilla/5.0 (compatible; AhrefsBot/6.1; +http://ahrefs.com/robot/)"
107.175.230.178 - - [19/Mar/2020:02:15:32 +0100] "GET / HTTP/1.1" 200 9253 "-" "Mozilla/5.0 (Windows NT 10.0; Win64; x64) AppleWebKit/537.36 (KHTML, like Gecko) Chrome/63.0.3239.84 Safari/537.36"
107.175.230.178 - - [19/Mar/2020:02:15:33 +0100] "GET /css/style.css HTTP/1.1" 200 8834 "https://serynco.es/" "Mozilla/5.0 (Windows NT 10.0; Win64; x64) AppleWebKit/537.36 (KHTML, like Gecko) Chrome/63.0.3239.84 Safari/537.36"
107.175.230.178 - - [19/Mar/2020:02:15:33 +0100] "GET /javascript/flash_detect.js HTTP/1.1" 200 8375 "https://serynco.es/" "Mozilla/5.0 (Windows NT 10.0; Win64; x64) AppleWebKit/537.36 (KHTML, like Gecko) Chrome/63.0.3239.84 Safari/537.36"
199.34.86.236 - - [19/Mar/2020:02:16:19 +0100] "GET /images/logo.gif HTTP/1.1" 200 13509 "-" "http.rb/4.2.0"
200.85.164.82 - - [19/Mar/2020:02:16:25 +0100] "GET /images/mapa.gif HTTP/1.1" 200 97830 "https://www.google.com/" "Mozilla/5.0 (Windows NT 6.1; Win64; x64) AppleWebKit/537.36 (KHTML, like Gecko) Chrome/79.0.3945.88 Safari/537.36"
66.249.66.78 - - [19/Mar/2020:03:24:18 +0100] "GET /robots.txt HTTP/1.1" 200 3712 "-" "Mozilla/5.0 (compatible; Googlebot/2.1; +http://www.google.com/bot.html)"
66.249.66.77 - - [19/Mar/2020:03:24:18 +0100] "GET /index.php HTTP/1.1" 200 9304 "-" "Mozilla/5.0 (Linux; Android 6.0.1; Nexus 5X Build/MMB29P) AppleWebKit/537.36 (KHTML, like Gecko) Chrome/80.0.3987.92 Mobile Safari/537.36 (compatible; Googlebot/2.1; +http://www.google.com/bot.html)"
5.45.207.62 - - [19/Mar/2020:03:36:51 +0100] "GET /robots.txt HTTP/1.1" 200 3717 "-" "Mozilla/5.0 (compatible; YandexBot/3.0; +http://yandex.com/bots)"
5.45.207.62 - - [19/Mar/2020:03:36:55 +0100] "GET /buzon-sugerencias.html HTTP/1.1" 200 4166 "-" "Mozilla/5.0 (compatible; YandexBot/3.0; +http://yandex.com/bots)"
66.249.66.76 - - [19/Mar/2020:04:18:45 +0100] "GET /legal.html HTTP/1.1" 200 8719 "-" "Mozilla/5.0 (Linux; Android 6.0.1; Nexus 5X Build/MMB29P) AppleWebKit/537.36 (KHTML, like Gecko) Chrome/80.0.3987.92 Mobile Safari/537.36 (compatible; Googlebot/2.1; +http://www.google.com/bot.html)"
207.46.13.67 - - [19/Mar/2020:04:28:18 +0100] "GET /sites/default/files/css/css_LbHydwRs6PBOLaackJ0wYRcH6HCC7vyXMci3DE3SIH8.css?q4ywo9 HTTP/1.1" 404 4637 "-" "msnbot/2.0b (+http://search.msn.com/msnbot.htm)"
157.55.39.28 - - [19/Mar/2020:04:28:18 +0100] "GET /robots.txt HTTP/1.1" 200 2037 "-" "Mozilla/5.0 (compatible; bingbot/2.0; +http://www.bing.com/bingbot.htm)"
157.55.39.28 - - [19/Mar/2020:04:28:19 +0100] "GET /robots.txt HTTP/1.1" 200 3712 "-" "Mozilla/5.0 (compatible; bingbot/2.0; +http://www.bing.com/bingbot.htm)"
207.46.13.67 - - [19/Mar/2020:04:28:21 +0100] "GET /sites/default/files/js/js_GwqvzdK7h7OZC-IR7Nqqxi-3wrWL7WC_PonfZBAVMzQ.js HTTP/1.1" 404 4637 "-" "msnbot/2.0b (+http://search.msn.com/msnbot.htm)"
42.238.136.9 - - [19/Mar/2020:04:32:00 +0100] "GET /robots.txt HTTP/1.1" 200 3480 "-" "Mozilla/5.0(Linux;U;Android 5.1.1;zh-CN;OPPO A33 Build/LMY47V) AppleWebKit/537.36(KHTML,like Gecko) Version/4.0 Chrome/40.0.2214.89 UCBrowser/11.7.0.953 Mobile Safari/537.36"
151.80.39.227 - - [19/Mar/2020:04:36:37 +0100] "GET /index.html HTTP/1.1" 200 9002 "-" "Mozilla/5.0 (compatible; AhrefsBot/6.1; +http://ahrefs.com/robot/)"
122.13.163.173 - - [19/Mar/2020:05:11:00 +0100] "GET / HTTP/1.1" 200 9202 "-" "Mozilla/5.0 (Windows NT 6.1; Win64; x64) AppleWebKit/537.36 (KHTML, like Gecko) Chrome/40.0.2214.85 Safari/537.36"
66.249.66.77 - - [19/Mar/2020:05:23:04 +0100] "GET /empresa.html HTTP/1.1" 200 9455 "-" "Mozilla/5.0 (compatible; Googlebot/2.1; +http://www.google.com/bot.html)"
51.68.152.26 - - [19/Mar/2020:05:29:49 +0100] "GET / HTTP/1.1" 200 9063 "-" "Mozilla/5.0 (X11; Linux x86_64) AppleWebKit/537.36 (KHTML, like Gecko) Chrome/75.0.3770.100 Safari/537.36 OPR/62.0.3331.99"
66.249.66.78 - - [19/Mar/2020:05:38:38 +0100] "GET /empleo.html HTTP/1.1" 200 7475 "-" "Mozilla/5.0 (Linux; Android 6.0.1; Nexus 5X Build/MMB29P) AppleWebKit/537.36 (KHTML, like Gecko) Chrome/80.0.3987.92 Mobile Safari/537.36 (compatible; Googlebot/2.1; +http://www.google.com/bot.html)"
114.119.161.173 - - [19/Mar/2020:05:43:54 +0100] "GET /robots.txt HTTP/1.1" 200 3480 "-" "Mozilla/5.0 (Linux; Android 7.0;) AppleWebKit/537.36 (KHTML, like Gecko) Mobile Safari/537.36 (compatible; AspiegelBot)"
40.77.191.192 - - [19/Mar/2020:05:57:24 +0100] "GET /bootstrap-4.1.3/dist/css/bootstrap.min.css HTTP/1.1" 404 4637 "http://serynco.es/controlsimultaneidad.html" "Mozilla/5.0 (Windows NT 6.1; WOW64) AppleWebKit/534+ (KHTML, like Gecko) BingPreview/1.0b"
40.77.191.192 - - [19/Mar/2020:05:57:24 +0100] "GET /css/wikivox.css?1580732094 HTTP/1.1" 404 1378 "http://serynco.es/controlsimultaneidad.html" "Mozilla/5.0 (Windows NT 6.1; WOW64) AppleWebKit/534+ (KHTML, like Gecko) BingPreview/1.0b"
40.77.191.192 - - [19/Mar/2020:05:57:24 +0100] "GET /css/kartaslov.css?1580836359 HTTP/1.1" 404 1516 "http://serynco.es/controlsimultaneidad.html" "Mozilla/5.0 (Windows NT 6.1; WOW64) AppleWebKit/534+ (KHTML, like Gecko) BingPreview/1.0b"
40.77.191.192 - - [19/Mar/2020:05:57:24 +0100] "GET /js/wikivox-prior-v2.js?1580038353 HTTP/1.1" 404 1378 "http://serynco.es/controlsimultaneidad.html" "Mozilla/5.0 (Windows NT 6.1; WOW64) AppleWebKit/534+ (KHTML, like Gecko) BingPreview/1.0b"
157.55.39.69 - - [19/Mar/2020:05:57:30 +0100] "GET /robots.txt HTTP/1.1" 200 3712 "-" "msnbot/2.0b (+http://search.msn.com/msnbot.htm)"
40.77.191.192 - - [19/Mar/2020:05:57:31 +0100] "GET /js/wikivox.js?1576513003 HTTP/1.1" 404 1516 "http://serynco.es/controlsimultaneidad.html" "Mozilla/5.0 (Windows NT 6.1; WOW64) AppleWebKit/534+ (KHTML, like Gecko) BingPreview/1.0b"
40.77.191.192 - - [19/Mar/2020:05:57:56 +0100] "GET /css/style.css HTTP/1.1" 200 12093 "http://serynco.es/controlsimultaneidad.html" "Mozilla/5.0 (Windows NT 6.1; WOW64) AppleWebKit/534+ (KHTML, like Gecko) BingPreview/1.0b"
54.190.169.234 - - [19/Mar/2020:06:26:58 +0100] "GET / HTTP/1.1" 200 9253 "-" "Mozilla/5.0 (Windows NT 10.0; Win64; x64)AppleWebKit/537.36 (KHTML, like Gecko) Chrome/66.0.3359.181 Safari/537.36"
52.34.24.33 - - [19/Mar/2020:06:26:59 +0100] "HEAD / HTTP/1.1" 200 3063 "-" "Go-http-client/1.1"
104.196.193.240 - - [19/Mar/2020:06:31:44 +0100] "GET /robots.txt HTTP/1.0" 200 3480 "-" "ZoominfoBot (zoominfobot at zoominfo dot com)"
104.196.193.240 - - [19/Mar/2020:06:31:44 +0100] "GET /clientes.html HTTP/1.0" 200 10719 "-" "ZoominfoBot (zoominfobot at zoominfo dot com)"
104.196.193.240 - - [19/Mar/2020:06:33:45 +0100] "GET /servicios.html HTTP/1.0" 200 9074 "-" "ZoominfoBot (zoominfobot at zoominfo dot com)"
104.196.193.240 - - [19/Mar/2020:06:34:40 +0100] "GET /empleo.html HTTP/1.0" 200 7243 "-" "ZoominfoBot (zoominfobot at zoominfo dot com)"
104.196.193.240 - - [19/Mar/2020:06:41:45 +0100] "GET /index.php HTTP/1.0" 200 8944 "-" "ZoominfoBot (zoominfobot at zoominfo dot com)"
212.99.44.81 - - [19/Mar/2020:06:42:20 +0100] "GET /robots.txt HTTP/1.1" 200 3717 "-" "Sidetrade indexer bot"
212.99.44.81 - - [19/Mar/2020:06:42:20 +0100] "GET / HTTP/1.1" 200 5994 "-" "Sidetrade indexer bot"
212.99.44.81 - - [19/Mar/2020:06:42:25 +0100] "GET /empleo.html HTTP/1.1" 200 7480 "-" "Sidetrade indexer bot"
212.99.44.81 - - [19/Mar/2020:06:42:30 +0100] "GET /servicios.html HTTP/1.1" 200 9311 "-" "Sidetrade indexer bot"
212.99.44.81 - - [19/Mar/2020:06:42:35 +0100] "GET /clientes.html HTTP/1.1" 200 13882 "-" "Sidetrade indexer bot"
212.99.44.81 - - [19/Mar/2020:06:42:40 +0100] "GET /buzon-sugerencias.html HTTP/1.1" 200 7430 "-" "Sidetrade indexer bot"
212.99.44.81 - - [19/Mar/2020:06:42:45 +0100] "GET /index.php HTTP/1.1" 200 9309 "-" "Sidetrade indexer bot"
212.99.44.81 - - [19/Mar/2020:06:42:51 +0100] "GET /legal.html HTTP/1.1" 200 8724 "-" "Sidetrade indexer bot"
212.99.44.81 - - [19/Mar/2020:06:42:56 +0100] "GET /empresa.html HTTP/1.1" 200 9460 "-" "Sidetrade indexer bot"
212.99.44.81 - - [19/Mar/2020:06:43:01 +0100] "GET /contacto.html HTTP/1.1" 200 8057 "-" "Sidetrade indexer bot"
212.99.44.81 - - [19/Mar/2020:06:43:06 +0100] "GET /index.html HTTP/1.1" 200 9258 "-" "Sidetrade indexer bot"
212.99.44.81 - - [19/Mar/2020:06:43:11 +0100] "GET /construccion.html HTTP/1.1" 200 9753 "-" "Sidetrade indexer bot"
212.99.44.81 - - [19/Mar/2020:06:43:16 +0100] "GET /seguridad-salud.html HTTP/1.1" 200 9757 "-" "Sidetrade indexer bot"
212.99.44.81 - - [19/Mar/2020:06:43:21 +0100] "GET /ingenieria.html HTTP/1.1" 200 11775 "-" "Sidetrade indexer bot"
212.99.44.81 - - [19/Mar/2020:06:43:27 +0100] "GET /%0A%0A%0Ahttps://www.google.es/maps/place/Calle+del+Pr%C3%ADncipe+de+Vergara,+55,+28006+Madrid/@40.4329449,-3.6819073,17z/data=!3m1!4b1!4m2!3m1!1s0xd4228bf738e0191:0x8523820ec0723796%0A%0A%0A HTTP/1.1" 404 4642 "-" "Sidetrade indexer bot"
104.196.193.240 - - [19/Mar/2020:06:45:14 +0100] "GET /robots.txt HTTP/1.0" 200 3480 "-" "ZoominfoBot (zoominfobot at zoominfo dot com)"
104.196.193.240 - - [19/Mar/2020:06:45:14 +0100] "GET /servicios.html HTTP/1.0" 200 6148 "-" "ZoominfoBot (zoominfobot at zoominfo dot com)"
104.196.193.240 - - [19/Mar/2020:06:45:35 +0100] "GET /index.php HTTP/1.0" 200 8944 "-" "ZoominfoBot (zoominfobot at zoominfo dot com)"
104.196.193.240 - - [19/Mar/2020:06:47:59 +0100] "GET /empresa.html HTTP/1.0" 200 9223 "-" "ZoominfoBot (zoominfobot at zoominfo dot com)"
104.196.193.240 - - [19/Mar/2020:06:48:25 +0100] "GET /empresa.html HTTP/1.0" 200 9223 "-" "ZoominfoBot (zoominfobot at zoominfo dot com)"
104.196.193.240 - - [19/Mar/2020:06:52:32 +0100] "GET /contacto.html HTTP/1.0" 200 7820 "-" "ZoominfoBot (zoominfobot at zoominfo dot com)"
104.196.193.240 - - [19/Mar/2020:06:53:10 +0100] "GET /clientes.html HTTP/1.0" 200 13645 "-" "ZoominfoBot (zoominfobot at zoominfo dot com)"
212.99.44.81 - - [19/Mar/2020:06:53:10 +0100] "GET / HTTP/1.1" 200 9253 "-" "Mozilla/5.0 (X11; Linux x86_64) AppleWebKit/537.36 (KHTML, like Gecko) HeadlessChrome/64.0.3282.140 Safari/537.36"
212.99.44.81 - - [19/Mar/2020:06:53:10 +0100] "GET /css/style.css HTTP/1.1" 200 8834 "https://www.serynco.es/" "Mozilla/5.0 (X11; Linux x86_64) AppleWebKit/537.36 (KHTML, like Gecko) HeadlessChrome/64.0.3282.140 Safari/537.36"
212.99.44.81 - - [19/Mar/2020:06:53:10 +0100] "GET /javascript/flash_detect.js HTTP/1.1" 200 8375 "https://www.serynco.es/" "Mozilla/5.0 (X11; Linux x86_64) AppleWebKit/537.36 (KHTML, like Gecko) HeadlessChrome/64.0.3282.140 Safari/537.36"
212.99.44.81 - - [19/Mar/2020:06:53:10 +0100] "GET /images/logo.gif HTTP/1.1" 200 10425 "https://www.serynco.es/" "Mozilla/5.0 (X11; Linux x86_64) AppleWebKit/537.36 (KHTML, like Gecko) HeadlessChrome/64.0.3282.140 Safari/537.36"
212.99.44.81 - - [19/Mar/2020:06:53:11 +0100] "GET /images/fondo-body.jpg HTTP/1.1" 200 15911 "https://www.serynco.es/css/style.css" "Mozilla/5.0 (X11; Linux x86_64) AppleWebKit/537.36 (KHTML, like Gecko) HeadlessChrome/64.0.3282.140 Safari/537.36"
212.99.44.81 - - [19/Mar/2020:06:53:11 +0100] "GET /images/fondo-cabecero.gif HTTP/1.1" 200 60652 "https://www.serynco.es/css/style.css" "Mozilla/5.0 (X11; Linux x86_64) AppleWebKit/537.36 (KHTML, like Gecko) HeadlessChrome/64.0.3282.140 Safari/537.36"
212.99.44.81 - - [19/Mar/2020:06:53:11 +0100] "GET /images/fondoenlace.jpg HTTP/1.1" 200 15102 "https://www.serynco.es/css/style.css" "Mozilla/5.0 (X11; Linux x86_64) AppleWebKit/537.36 (KHTML, like Gecko) HeadlessChrome/64.0.3282.140 Safari/537.36"
212.99.44.81 - - [19/Mar/2020:06:53:11 +0100] "GET /images/footer.jpg HTTP/1.1" 200 20345 "https://www.serynco.es/css/style.css" "Mozilla/5.0 (X11; Linux x86_64) AppleWebKit/537.36 (KHTML, like Gecko) HeadlessChrome/64.0.3282.140 Safari/537.36"
104.196.193.240 - - [19/Mar/2020:06:53:32 +0100] "GET /buzon-sugerencias.html HTTP/1.0" 200 7193 "-" "ZoominfoBot (zoominfobot at zoominfo dot com)"
109.248.237.61 - - [19/Mar/2020:06:54:24 +0100] "GET /controlsimultaneidad.html HTTP/1.1" 200 8092 "-" "Mozilla/5.0 (X11; Linux x86_64; SafecontentBot/1.0 ; +http://safecontent.io/) AppleWebKit/537.36 (KHTML, like Gecko) Chrome/55.0.2883.75 Safari/537.36"
104.196.193.240 - - [19/Mar/2020:06:55:17 +0100] "GET /empleo.html HTTP/1.0" 200 7243 "-" "ZoominfoBot (zoominfobot at zoominfo dot com)"
104.196.193.240 - - [19/Mar/2020:06:57:15 +0100] "GET /buzon-sugerencias.html HTTP/1.0" 200 7193 "-" "ZoominfoBot (zoominfobot at zoominfo dot com)"
66.249.66.76 - - [19/Mar/2020:06:59:35 +0100] "GET /empresa.html HTTP/1.1" 200 9455 "-" "Mozilla/5.0 (Linux; Android 6.0.1; Nexus 5X Build/MMB29P) AppleWebKit/537.36 (KHTML, like Gecko) Chrome/80.0.3987.92 Mobile Safari/537.36 (compatible; Googlebot/2.1; +http://www.google.com/bot.html)"
104.196.193.240 - - [19/Mar/2020:07:00:51 +0100] "GET /contacto.html HTTP/1.0" 200 7820 "-" "ZoominfoBot (zoominfobot at zoominfo dot com)"
104.196.193.240 - - [19/Mar/2020:07:01:06 +0100] "GET /legal.html HTTP/1.0" 200 8487 "-" "ZoominfoBot (zoominfobot at zoominfo dot com)"
104.196.193.240 - - [19/Mar/2020:07:01:24 +0100] "GET /legal.html HTTP/1.0" 200 8487 "-" "ZoominfoBot (zoominfobot at zoominfo dot com)"
87.219.29.194 - - [19/Mar/2020:07:08:27 +0100] "POST /AutoDiscover/autodiscover.xml HTTP/1.1" 400 3789 "-" "Microsoft Office/16.0 (Windows NT 10.0; Microsoft Excel 16.0.11929; Pro)"
18.236.67.206 - - [19/Mar/2020:07:25:15 +0100] "HEAD / HTTP/1.1" 200 3263 "-" "Mozilla/5.0 (Macintosh; Intel Mac OS X 10_14_6) AppleWebKit/537.36 (KHTML, like Gecko) Chrome/79.0.3945.130 Safari/537.36"
18.236.67.206 - - [19/Mar/2020:07:25:18 +0100] "HEAD / HTTP/1.1" 200 3263 "-" "Mozilla/5.0 (Macintosh; Intel Mac OS X 10_14_6) AppleWebKit/537.36 (KHTML, like Gecko) Chrome/79.0.3945.130 Safari/537.36"
109.248.237.61 - - [19/Mar/2020:08:02:17 +0100] "GET /controlsimultaneidad.html HTTP/1.1" 200 8092 "-" "Mozilla/5.0 (X11; Linux x86_64; SafecontentBot/1.0 ; +http://safecontent.io/) AppleWebKit/537.36 (KHTML, like Gecko) Chrome/55.0.2883.75 Safari/537.36"
