13.66.139.1 - - [20/Mar/2020:21:06:26 +0100] "GET /robots.txt HTTP/1.1" 200 2037 "-" "Mozilla/5.0 (compatible; bingbot/2.0; +http://www.bing.com/bingbot.htm)"
13.66.139.1 - - [20/Mar/2020:21:06:27 +0100] "GET /robots.txt HTTP/1.1" 200 3712 "-" "Mozilla/5.0 (compatible; bingbot/2.0; +http://www.bing.com/bingbot.htm)"
13.66.139.0 - - [20/Mar/2020:21:06:33 +0100] "GET /empresa.html HTTP/1.1" 200 9455 "-" "msnbot/2.0b (+http://search.msn.com/msnbot.htm)"
90.169.220.62 - - [20/Mar/2020:21:16:04 +0100] "POST /AutoDiscover/autodiscover.xml HTTP/1.1" 400 3789 "-" "Microsoft Office/16.0 (Windows NT 10.0; Microsoft Access 16.0.12527; Pro)"
66.249.66.204 - - [20/Mar/2020:21:30:03 +0100] "GET /robots.txt HTTP/1.1" 200 3712 "-" "Mozilla/5.0 (compatible; Googlebot/2.1; +http://www.google.com/bot.html)"
66.249.66.204 - - [20/Mar/2020:21:30:03 +0100] "GET /seguridad-salud.html HTTP/1.1" 200 6493 "-" "Mozilla/5.0 (Linux; Android 6.0.1; Nexus 5X Build/MMB29P) AppleWebKit/537.36 (KHTML, like Gecko) Chrome/80.0.3987.92 Mobile Safari/537.36 (compatible; Googlebot/2.1; +http://www.google.com/bot.html)"
66.249.66.77 - - [20/Mar/2020:21:32:58 +0100] "GET /servicios.html HTTP/1.1" 200 9306 "-" "Mozilla/5.0 (Linux; Android 6.0.1; Nexus 5X Build/MMB29P) AppleWebKit/537.36 (KHTML, like Gecko) Chrome/41.0.2272.96 Mobile Safari/537.36 (compatible; Googlebot/2.1; +http://www.google.com/bot.html)"
66.249.66.77 - - [20/Mar/2020:21:54:43 +0100] "GET /servicios.html HTTP/1.1" 200 9306 "-" "Mozilla/5.0 (Linux; Android 6.0.1; Nexus 5X Build/MMB29P) AppleWebKit/537.36 (KHTML, like Gecko) Chrome/41.0.2272.96 Mobile Safari/537.36 (compatible; Googlebot/2.1; +http://www.google.com/bot.html)"
18.144.50.148 - - [20/Mar/2020:21:56:50 +0100] "GET / HTTP/1.1" 200 9216 "-" "Mozilla/5.0 (Macintosh; Intel Mac OS X 10_10_1) AppleWebKit/537.36 (KHTML, like Gecko) Chrome/40.0.2214.93 Safari/537.36"
13.57.211.63 - - [20/Mar/2020:21:56:53 +0100] "GET /robots.txt HTTP/1.1" 200 3675 "-" "Mozilla/5.0 (Macintosh; Intel Mac OS X 10_11_4) AppleWebKit/537.36 (KHTML, like Gecko) Chrome/50.0.2661.102 Safari/537.36"
13.52.78.160 - - [20/Mar/2020:21:56:54 +0100] "GET / HTTP/1.1" 200 9253 "-" "Mozilla/5.0 (X11; Linux x86_64) AppleWebKit/537.36 (KHTML, like Gecko) HeadlessChrome/77.0.3835.0 Safari/537.36"
13.52.78.160 - - [20/Mar/2020:21:56:54 +0100] "GET /css/style.css HTTP/1.1" 200 8834 "https://serynco.es/" "Mozilla/5.0 (X11; Linux x86_64) AppleWebKit/537.36 (KHTML, like Gecko) HeadlessChrome/77.0.3835.0 Safari/537.36"
13.52.78.160 - - [20/Mar/2020:21:56:54 +0100] "GET /javascript/flash_detect.js HTTP/1.1" 200 8375 "https://serynco.es/" "Mozilla/5.0 (X11; Linux x86_64) AppleWebKit/537.36 (KHTML, like Gecko) HeadlessChrome/77.0.3835.0 Safari/537.36"
13.57.211.63 - - [20/Mar/2020:21:56:54 +0100] "HEAD / HTTP/1.1" 200 3258 "-" "Mozilla/5.0 (Macintosh; Intel Mac OS X 10_11_4) AppleWebKit/537.36 (KHTML, like Gecko) Chrome/50.0.2661.102 Safari/537.36"
13.57.211.63 - - [20/Mar/2020:21:56:55 +0100] "GET / HTTP/1.1" 200 9197 "-" "Mozilla/5.0 (Macintosh; Intel Mac OS X 10_11_4) AppleWebKit/537.36 (KHTML, like Gecko) Chrome/50.0.2661.102 Safari/537.36"
13.57.211.63 - - [20/Mar/2020:21:56:56 +0100] "HEAD /index.php HTTP/1.1" 200 3258 "-" "Mozilla/5.0 (Macintosh; Intel Mac OS X 10_11_4) AppleWebKit/537.36 (KHTML, like Gecko) Chrome/50.0.2661.102 Safari/537.36"
13.57.211.63 - - [20/Mar/2020:21:56:56 +0100] "HEAD /contacto.html HTTP/1.1" 200 3258 "-" "Mozilla/5.0 (Macintosh; Intel Mac OS X 10_11_4) AppleWebKit/537.36 (KHTML, like Gecko) Chrome/50.0.2661.102 Safari/537.36"
13.57.211.63 - - [20/Mar/2020:21:56:57 +0100] "HEAD /legal.html HTTP/1.1" 200 3258 "-" "Mozilla/5.0 (Macintosh; Intel Mac OS X 10_11_4) AppleWebKit/537.36 (KHTML, like Gecko) Chrome/50.0.2661.102 Safari/537.36"
13.57.211.63 - - [20/Mar/2020:21:56:58 +0100] "HEAD /buzon-sugerencias.html HTTP/1.1" 200 3258 "-" "Mozilla/5.0 (Macintosh; Intel Mac OS X 10_11_4) AppleWebKit/537.36 (KHTML, like Gecko) Chrome/50.0.2661.102 Safari/537.36"
13.57.211.63 - - [20/Mar/2020:21:56:59 +0100] "HEAD / HTTP/1.1" 200 3258 "-" "Mozilla/5.0 (Macintosh; Intel Mac OS X 10_11_4) AppleWebKit/537.36 (KHTML, like Gecko) Chrome/50.0.2661.102 Safari/537.36"
13.57.211.63 - - [20/Mar/2020:21:57:00 +0100] "HEAD /empresa.html HTTP/1.1" 200 3258 "-" "Mozilla/5.0 (Macintosh; Intel Mac OS X 10_11_4) AppleWebKit/537.36 (KHTML, like Gecko) Chrome/50.0.2661.102 Safari/537.36"
13.57.211.63 - - [20/Mar/2020:21:57:00 +0100] "HEAD /servicios.html HTTP/1.1" 200 3258 "-" "Mozilla/5.0 (Macintosh; Intel Mac OS X 10_11_4) AppleWebKit/537.36 (KHTML, like Gecko) Chrome/50.0.2661.102 Safari/537.36"
13.57.211.63 - - [20/Mar/2020:21:57:01 +0100] "GET /index.php HTTP/1.1" 200 6127 "-" "Mozilla/5.0 (Macintosh; Intel Mac OS X 10_11_4) AppleWebKit/537.36 (KHTML, like Gecko) Chrome/50.0.2661.102 Safari/537.36"
13.57.211.63 - - [20/Mar/2020:21:57:01 +0100] "GET /contacto.html HTTP/1.1" 200 4738 "-" "Mozilla/5.0 (Macintosh; Intel Mac OS X 10_11_4) AppleWebKit/537.36 (KHTML, like Gecko) Chrome/50.0.2661.102 Safari/537.36"
13.57.211.63 - - [20/Mar/2020:21:57:01 +0100] "GET /legal.html HTTP/1.1" 200 5405 "-" "Mozilla/5.0 (Macintosh; Intel Mac OS X 10_11_4) AppleWebKit/537.36 (KHTML, like Gecko) Chrome/50.0.2661.102 Safari/537.36"
13.57.211.63 - - [20/Mar/2020:21:57:01 +0100] "GET /buzon-sugerencias.html HTTP/1.1" 200 4111 "-" "Mozilla/5.0 (Macintosh; Intel Mac OS X 10_11_4) AppleWebKit/537.36 (KHTML, like Gecko) Chrome/50.0.2661.102 Safari/537.36"
13.57.211.63 - - [20/Mar/2020:21:57:02 +0100] "GET / HTTP/1.1" 200 5939 "-" "Mozilla/5.0 (Macintosh; Intel Mac OS X 10_11_4) AppleWebKit/537.36 (KHTML, like Gecko) Chrome/50.0.2661.102 Safari/537.36"
13.57.211.63 - - [20/Mar/2020:21:57:02 +0100] "GET /empresa.html HTTP/1.1" 200 6141 "-" "Mozilla/5.0 (Macintosh; Intel Mac OS X 10_11_4) AppleWebKit/537.36 (KHTML, like Gecko) Chrome/50.0.2661.102 Safari/537.36"
13.57.211.63 - - [20/Mar/2020:21:57:02 +0100] "GET /servicios.html HTTP/1.1" 200 5992 "-" "Mozilla/5.0 (Macintosh; Intel Mac OS X 10_11_4) AppleWebKit/537.36 (KHTML, like Gecko) Chrome/50.0.2661.102 Safari/537.36"
13.66.139.0 - - [20/Mar/2020:22:38:09 +0100] "GET /empresa.html HTTP/1.1" 200 9455 "-" "msnbot/2.0b (+http://search.msn.com/msnbot.htm)"
66.249.66.77 - - [20/Mar/2020:22:51:38 +0100] "GET /noticias/politica-calidad.pdf HTTP/1.1" 200 30574 "-" "Mozilla/5.0 (compatible; Googlebot/2.1; +http://www.google.com/bot.html)"
213.159.213.137 - - [20/Mar/2020:23:08:17 +0100] "GET / HTTP/1.1" 200 9216 "-" "Internet-structure-research-project-bot"
49.87.79.60 - - [20/Mar/2020:23:31:39 +0100] "GET /robots.txt HTTP/1.1" 200 3480 "-" "Mozilla/5.0(Linux;U;Android 5.1.1;zh-CN;OPPO A33 Build/LMY47V) AppleWebKit/537.36(KHTML,like Gecko) Version/4.0 Chrome/40.0.2214.89 UCBrowser/11.7.0.953 Mobile Safari/537.36"
157.55.39.166 - - [20/Mar/2020:23:40:38 +0100] "GET / HTTP/1.1" 304 3453 "-" "Mozilla/5.0 (compatible; bingbot/2.0; +http://www.bing.com/bingbot.htm)"
114.119.163.232 - - [21/Mar/2020:00:30:18 +0100] "GET /clientes.html HTTP/1.1" 200 13645 "-" "Mozilla/5.0 (Linux; Android 7.0;) AppleWebKit/537.36 (KHTML, like Gecko) Mobile Safari/537.36 (compatible; AspiegelBot)"
46.166.173.6 - - [21/Mar/2020:00:44:53 +0100] "GET /wp-admin/install.php HTTP/1.1" 404 4605 "-" "Python-urllib/2.7"
79.151.231.122 - - [21/Mar/2020:01:10:37 +0100] "GET / HTTP/1.1" 200 9253 "https://www.google.com/" "Mozilla/5.0 (Linux; Android 9; MI MAX 3) AppleWebKit/537.36 (KHTML, like Gecko) Chrome/80.0.3987.149 Mobile Safari/537.36"
79.151.231.122 - - [21/Mar/2020:01:10:37 +0100] "GET /javascript/flash_detect.js HTTP/1.1" 200 11634 "https://www.serynco.es/" "Mozilla/5.0 (Linux; Android 9; MI MAX 3) AppleWebKit/537.36 (KHTML, like Gecko) Chrome/80.0.3987.149 Mobile Safari/537.36"
79.151.231.122 - - [21/Mar/2020:01:10:37 +0100] "GET /css/style.css HTTP/1.1" 200 8834 "https://www.serynco.es/" "Mozilla/5.0 (Linux; Android 9; MI MAX 3) AppleWebKit/537.36 (KHTML, like Gecko) Chrome/80.0.3987.149 Mobile Safari/537.36"
79.151.231.122 - - [21/Mar/2020:01:10:37 +0100] "GET /images/logo.gif HTTP/1.1" 200 10425 "https://www.serynco.es/" "Mozilla/5.0 (Linux; Android 9; MI MAX 3) AppleWebKit/537.36 (KHTML, like Gecko) Chrome/80.0.3987.149 Mobile Safari/537.36"
79.151.231.122 - - [21/Mar/2020:01:10:37 +0100] "GET /images/footer.jpg HTTP/1.1" 200 20483 "https://www.serynco.es/css/style.css" "Mozilla/5.0 (Linux; Android 9; MI MAX 3) AppleWebKit/537.36 (KHTML, like Gecko) Chrome/80.0.3987.149 Mobile Safari/537.36"
79.151.231.122 - - [21/Mar/2020:01:10:37 +0100] "GET /images/fondo-cabecero.gif HTTP/1.1" 200 60514 "https://www.serynco.es/css/style.css" "Mozilla/5.0 (Linux; Android 9; MI MAX 3) AppleWebKit/537.36 (KHTML, like Gecko) Chrome/80.0.3987.149 Mobile Safari/537.36"
79.151.231.122 - - [21/Mar/2020:01:10:37 +0100] "GET /images/fondo-body.jpg HTTP/1.1" 200 15911 "https://www.serynco.es/css/style.css" "Mozilla/5.0 (Linux; Android 9; MI MAX 3) AppleWebKit/537.36 (KHTML, like Gecko) Chrome/80.0.3987.149 Mobile Safari/537.36"
79.151.231.122 - - [21/Mar/2020:01:10:37 +0100] "GET /images/fondoenlace.jpg HTTP/1.1" 200 15102 "https://www.serynco.es/css/style.css" "Mozilla/5.0 (Linux; Android 9; MI MAX 3) AppleWebKit/537.36 (KHTML, like Gecko) Chrome/80.0.3987.149 Mobile Safari/537.36"
79.151.231.122 - - [21/Mar/2020:01:10:37 +0100] "GET /favicon.ico HTTP/1.1" 404 1378 "https://www.serynco.es/" "Mozilla/5.0 (Linux; Android 9; MI MAX 3) AppleWebKit/537.36 (KHTML, like Gecko) Chrome/80.0.3987.149 Mobile Safari/537.36"
79.151.231.122 - - [21/Mar/2020:01:10:52 +0100] "GET /empresa.html HTTP/1.1" 200 6334 "https://www.serynco.es/" "Mozilla/5.0 (Linux; Android 9; MI MAX 3) AppleWebKit/537.36 (KHTML, like Gecko) Chrome/80.0.3987.149 Mobile Safari/537.36"
79.151.231.122 - - [21/Mar/2020:01:10:52 +0100] "GET /images/adorno-compania.jpg HTTP/1.1" 200 43324 "https://www.serynco.es/empresa.html" "Mozilla/5.0 (Linux; Android 9; MI MAX 3) AppleWebKit/537.36 (KHTML, like Gecko) Chrome/80.0.3987.149 Mobile Safari/537.36"
79.151.231.122 - - [21/Mar/2020:01:10:52 +0100] "GET /images/fondo-cabecero2.gif HTTP/1.1" 200 51313 "https://www.serynco.es/css/style.css" "Mozilla/5.0 (Linux; Android 9; MI MAX 3) AppleWebKit/537.36 (KHTML, like Gecko) Chrome/80.0.3987.149 Mobile Safari/537.36"
79.151.231.122 - - [21/Mar/2020:01:10:52 +0100] "GET /images/ORGANIGRAMAv02.JPG HTTP/1.1" 200 56470 "https://www.serynco.es/empresa.html" "Mozilla/5.0 (Linux; Android 9; MI MAX 3) AppleWebKit/537.36 (KHTML, like Gecko) Chrome/80.0.3987.149 Mobile Safari/537.36"
79.151.231.122 - - [21/Mar/2020:01:10:52 +0100] "GET /images/camara14001.gif HTTP/1.1" 200 5075 "https://www.serynco.es/empresa.html" "Mozilla/5.0 (Linux; Android 9; MI MAX 3) AppleWebKit/537.36 (KHTML, like Gecko) Chrome/80.0.3987.149 Mobile Safari/537.36"
79.151.231.122 - - [21/Mar/2020:01:10:52 +0100] "GET /images/camara9001.gif HTTP/1.1" 200 4794 "https://www.serynco.es/empresa.html" "Mozilla/5.0 (Linux; Android 9; MI MAX 3) AppleWebKit/537.36 (KHTML, like Gecko) Chrome/80.0.3987.149 Mobile Safari/537.36"
79.151.231.122 - - [21/Mar/2020:01:10:52 +0100] "GET /images/empresa.gif HTTP/1.1" 200 5042 "https://www.serynco.es/empresa.html" "Mozilla/5.0 (Linux; Android 9; MI MAX 3) AppleWebKit/537.36 (KHTML, like Gecko) Chrome/80.0.3987.149 Mobile Safari/537.36"
79.151.231.122 - - [21/Mar/2020:01:11:08 +0100] "GET /index.php HTTP/1.1" 200 6183 "https://www.serynco.es/empresa.html" "Mozilla/5.0 (Linux; Android 9; MI MAX 3) AppleWebKit/537.36 (KHTML, like Gecko) Chrome/80.0.3987.149 Mobile Safari/537.36"
79.151.231.122 - - [21/Mar/2020:01:11:30 +0100] "GET /servicios.html HTTP/1.1" 200 6185 "https://www.serynco.es/index.php" "Mozilla/5.0 (Linux; Android 9; MI MAX 3) AppleWebKit/537.36 (KHTML, like Gecko) Chrome/80.0.3987.149 Mobile Safari/537.36"
79.151.231.122 - - [21/Mar/2020:01:11:30 +0100] "GET /images/servicios.gif HTTP/1.1" 200 5030 "https://www.serynco.es/servicios.html" "Mozilla/5.0 (Linux; Android 9; MI MAX 3) AppleWebKit/537.36 (KHTML, like Gecko) Chrome/80.0.3987.149 Mobile Safari/537.36"
79.151.231.122 - - [21/Mar/2020:01:11:30 +0100] "GET /images/adorno-actividades.jpg HTTP/1.1" 200 29386 "https://www.serynco.es/servicios.html" "Mozilla/5.0 (Linux; Android 9; MI MAX 3) AppleWebKit/537.36 (KHTML, like Gecko) Chrome/80.0.3987.149 Mobile Safari/537.36"
79.151.231.122 - - [21/Mar/2020:01:11:30 +0100] "GET /images/cuadro-borde-turq.gif HTTP/1.1" 200 860 "https://www.serynco.es/servicios.html" "Mozilla/5.0 (Linux; Android 9; MI MAX 3) AppleWebKit/537.36 (KHTML, like Gecko) Chrome/80.0.3987.149 Mobile Safari/537.36"
79.151.231.122 - - [21/Mar/2020:01:11:48 +0100] "GET /empleo.html HTTP/1.1" 200 4354 "https://www.serynco.es/servicios.html" "Mozilla/5.0 (Linux; Android 9; MI MAX 3) AppleWebKit/537.36 (KHTML, like Gecko) Chrome/80.0.3987.149 Mobile Safari/537.36"
79.151.231.122 - - [21/Mar/2020:01:11:48 +0100] "GET /images/empleo.gif HTTP/1.1" 200 3899 "https://www.serynco.es/empleo.html" "Mozilla/5.0 (Linux; Android 9; MI MAX 3) AppleWebKit/537.36 (KHTML, like Gecko) Chrome/80.0.3987.149 Mobile Safari/537.36"
79.151.231.122 - - [21/Mar/2020:01:11:48 +0100] "GET /images/adorno-empleo.gif HTTP/1.1" 200 29878 "https://www.serynco.es/empleo.html" "Mozilla/5.0 (Linux; Android 9; MI MAX 3) AppleWebKit/537.36 (KHTML, like Gecko) Chrome/80.0.3987.149 Mobile Safari/537.36"
79.151.231.122 - - [21/Mar/2020:01:11:53 +0100] "GET /empleo.html HTTP/1.1" 304 193 "https://www.serynco.es/servicios.html" "Mozilla/5.0 (Linux; Android 9; MI MAX 3) AppleWebKit/537.36 (KHTML, like Gecko) Chrome/80.0.3987.149 Mobile Safari/537.36"
144.76.38.10 - - [21/Mar/2020:01:13:26 +0100] "GET /robots.txt HTTP/1.1" 200 3712 "-" "Mozilla/5.0 (compatible; MJ12bot/v1.4.8; http://mj12bot.com/)"
144.76.38.10 - - [21/Mar/2020:01:13:27 +0100] "GET /noticias/publicaci%C3%B3n-faro.pdf HTTP/1.1" 200 176656 "-" "Mozilla/5.0 (compatible; MJ12bot/v1.4.8; http://mj12bot.com/)"
114.119.167.228 - - [21/Mar/2020:01:15:52 +0100] "GET /contacto.html HTTP/1.1" 200 7820 "-" "Mozilla/5.0 (Linux; Android 7.0;) AppleWebKit/537.36 (KHTML, like Gecko) Mobile Safari/537.36 (compatible; AspiegelBot)"
157.55.39.166 - - [21/Mar/2020:01:43:31 +0100] "GET /contacto.html HTTP/1.1" 200 8052 "-" "Mozilla/5.0 (compatible; bingbot/2.0; +http://www.bing.com/bingbot.htm)"
40.77.167.227 - - [21/Mar/2020:01:49:22 +0100] "GET /buzon-sugerencias.html HTTP/1.1" 200 7425 "-" "Mozilla/5.0 (compatible; bingbot/2.0; +http://www.bing.com/bingbot.htm)"
40.77.167.224 - - [21/Mar/2020:01:49:26 +0100] "GET /legal.html HTTP/1.1" 200 8719 "-" "Mozilla/5.0 (compatible; bingbot/2.0; +http://www.bing.com/bingbot.htm)"
157.55.39.241 - - [21/Mar/2020:01:49:38 +0100] "GET /index.php HTTP/1.1" 200 9304 "-" "msnbot/2.0b (+http://search.msn.com/msnbot.htm)"
157.55.39.166 - - [21/Mar/2020:01:49:56 +0100] "GET /clientes.html HTTP/1.1" 200 13877 "-" "msnbot/2.0b (+http://search.msn.com/msnbot.htm)"
157.55.39.241 - - [21/Mar/2020:01:50:31 +0100] "GET /empresa.html HTTP/1.1" 200 9455 "-" "msnbot/2.0b (+http://search.msn.com/msnbot.htm)"
157.55.39.125 - - [21/Mar/2020:01:54:23 +0100] "GET /empresa.html HTTP/1.1" 200 9455 "-" "Mozilla/5.0 (compatible; bingbot/2.0; +http://www.bing.com/bingbot.htm)"
157.55.39.125 - - [21/Mar/2020:01:54:23 +0100] "GET /servicios.html HTTP/1.1" 200 6047 "-" "Mozilla/5.0 (compatible; bingbot/2.0; +http://www.bing.com/bingbot.htm)"
157.55.39.125 - - [21/Mar/2020:01:54:23 +0100] "GET /index.php HTTP/1.1" 200 6045 "-" "Mozilla/5.0 (compatible; bingbot/2.0; +http://www.bing.com/bingbot.htm)"
207.46.13.66 - - [21/Mar/2020:01:54:30 +0100] "GET /clientes.html HTTP/1.1" 200 13877 "-" "Mozilla/5.0 (compatible; bingbot/2.0; +http://www.bing.com/bingbot.htm)"
40.77.167.224 - - [21/Mar/2020:01:54:36 +0100] "GET /empleo.html HTTP/1.1" 200 7475 "-" "Mozilla/5.0 (compatible; bingbot/2.0; +http://www.bing.com/bingbot.htm)"
40.77.188.25 - - [21/Mar/2020:01:54:43 +0100] "GET /javascript/flash_detect.js HTTP/1.1" 200 11634 "-" "Mozilla/5.0 (Windows NT 6.1; WOW64) AppleWebKit/534+ (KHTML, like Gecko) BingPreview/1.0b"
66.249.66.76 - - [21/Mar/2020:02:15:04 +0100] "GET /medio-ambiente.html HTTP/1.1" 200 8429 "-" "Mozilla/5.0 (Linux; Android 6.0.1; Nexus 5X Build/MMB29P) AppleWebKit/537.36 (KHTML, like Gecko) Chrome/80.0.3987.92 Mobile Safari/537.36 (compatible; Googlebot/2.1; +http://www.google.com/bot.html)"
17.58.100.148 - - [21/Mar/2020:02:27:11 +0100] "GET /index.php HTTP/1.1" 200 9053 "-" "Mozilla/5.0 (Macintosh; Intel Mac OS X 10_10_1) AppleWebKit/600.2.5 (KHTML, like Gecko) Version/8.0.2 Safari/600.2.5 (Applebot/0.1; +http://www.apple.com/go/applebot)"
34.254.66.86 - - [21/Mar/2020:03:04:20 +0100] "GET /robots.txt HTTP/1.1" 200 3675 "-" "PleskBot"
34.254.66.86 - - [21/Mar/2020:03:04:20 +0100] "GET / HTTP/1.1" 200 9216 "-" "PleskBot"
66.249.66.78 - - [21/Mar/2020:03:22:04 +0100] "GET /controlsimultaneidad.html HTTP/1.1" 200 8092 "-" "Mozilla/5.0 (Linux; Android 6.0.1; Nexus 5X Build/MMB29P) AppleWebKit/537.36 (KHTML, like Gecko) Chrome/80.0.3987.92 Mobile Safari/537.36 (compatible; Googlebot/2.1; +http://www.google.com/bot.html)"
178.154.200.77 - - [21/Mar/2020:03:34:36 +0100] "GET /robots.txt HTTP/1.1" 200 3712 "-" "Mozilla/5.0 (compatible; YandexBot/3.0; +http://yandex.com/bots)"
178.154.200.24 - - [21/Mar/2020:03:34:39 +0100] "GET /empleo.html HTTP/1.1" 200 7475 "-" "Mozilla/5.0 (compatible; YandexBot/3.0; +http://yandex.com/bots)"
195.176.3.20 - - [21/Mar/2020:03:44:52 +0100] "GET /wp-admin/admin-ajax.php?action=revslider_show_image&img=../wp-config.php HTTP/1.1" 404 4442 "serynco.es" "Mozilla/5.0 (X11; U; Linux x86_64; en-US) AppleWebKit/537.36 (KHTML, like Gecko) Chrome/30.0.1599.114 Safari/537.36 Puffin/4.5.0IT"
195.176.3.20 - - [21/Mar/2020:03:44:55 +0100] "GET /wp-config.php.1 HTTP/1.1" 404 4442 "serynco.es" "Mozilla/5.0 (X11; Linux x86_64) AppleWebKit/534.24 (KHTML, like Gecko) Ubuntu/10.10 Chromium/12.0.703.0 Chrome/12.0.703.0 Safari/534.24"
18.27.197.252 - - [21/Mar/2020:03:45:01 +0100] "GET /wp-config.php.swp HTTP/1.1" 404 4442 "serynco.es" "Mozilla/5.0 (Linux; Android 9; Pixel) AppleWebKit/537.36 (KHTML, like Gecko) Chrome/76.0.3809.111 Mobile Safari/537.36"
18.27.197.252 - - [21/Mar/2020:03:45:07 +0100] "GET /wp-config.php.disabled HTTP/1.1" 404 4442 "serynco.es" "Mozilla/5.0 (Windows NT 6.1; Win64; x64) AppleWebKit/537.36 (KHTML, like Gecko) Chrome/76.0.3809.87 Safari/537.36"
80.127.116.96 - - [21/Mar/2020:03:45:10 +0100] "GET /wp-config.bak HTTP/1.1" 404 4442 "serynco.es" "Mozilla/5.0 (Windows NT 10.0; WOW64) AppleWebKit/537.36 (KHTML, like Gecko) Chrome/73.0.3683.105 Safari/537.36 Vivaldi/2.4.1488.38"
80.127.116.96 - - [21/Mar/2020:03:45:12 +0100] "GET /wp-config.php.new HTTP/1.1" 404 4442 "serynco.es" "Mozilla/5.0 (Macintosh; Intel Mac OS X 10_13_4) AppleWebKit/537.36 (KHTML, like Gecko) Chrome/76.0.3809.100 Safari/537.36"
80.127.116.96 - - [21/Mar/2020:03:45:14 +0100] "GET /wp-config.php.old HTTP/1.1" 404 4442 "serynco.es" "Mozilla/5.0 (Windows; U; Windows NT 6.0 x64; en-US; rv:1.9pre) Gecko/2008072421 Minefield/3.0.2pre"
80.127.116.96 - - [21/Mar/2020:03:45:17 +0100] "GET /wp-config.php.bak HTTP/1.1" 404 4442 "serynco.es" "Mozilla/5.0 (Windows NT 10.0; WOW64) AppleWebKit/537.36 (KHTML, like Gecko) Chrome/78.0.3879.0 Safari/537.36"
199.249.230.89 - - [21/Mar/2020:03:45:20 +0100] "GET /wp-config.php.backup HTTP/1.1" 404 4442 "serynco.es" "Mozilla/5.0 (Linux; Android 5.0.1; GT-I9500) AppleWebKit/537.36 (KHTML, like Gecko) Chrome/76.0.3809.111 Mobile Safari/537.36"
185.220.101.13 - - [21/Mar/2020:03:45:23 +0100] "GET /wp-config.php.save HTTP/1.1" 404 4442 "serynco.es" "Mozilla/5.0 (Linux; Android 9; INE-LX2) AppleWebKit/537.36 (KHTML, like Gecko) Chrome/76.0.3809.111 Mobile Safari/537.36"
89.163.143.8 - - [21/Mar/2020:03:45:29 +0100] "GET /wp-config.php~ HTTP/1.1" 404 4442 "serynco.es" "Mozilla/5.0 (Windows NT 6.1; Win64; x64) AppleWebKit/537.36 (KHTML, like Gecko) Chrome/78.0.3879.0 Safari/537.36 Edg/78.0.249.0"
199.249.230.84 - - [21/Mar/2020:03:45:32 +0100] "GET /wp-config.php_ HTTP/1.1" 404 4442 "serynco.es" "Mozilla/5.0 (X11; U; Linux x86_64; sv-SE; rv:1.8.1.12) Gecko/20080207 Ubuntu/7.10 (gutsy) Firefox/2.0.0.12"
77.247.181.165 - - [21/Mar/2020:03:45:35 +0100] "GET /wp-config.php.orig HTTP/1.1" 404 4442 "serynco.es" "Mozilla/5.0 (Windows NT 10.0; Win64; x64) AppleWebKit/537.36 (KHTML, like Gecko) Chrome/75.0.3770.80 Safari/537.36"
199.249.230.64 - - [21/Mar/2020:03:45:39 +0100] "GET /wp-config.php_orig HTTP/1.1" 404 4442 "serynco.es" "Mozilla/5.0 (X11; U; Linux x86_64; en-US) AppleWebKit/540.0 (KHTML, like Gecko) Ubuntu/10.10 Chrome/9.1.0.0 Safari/540.0"
66.249.66.76 - - [21/Mar/2020:04:40:24 +0100] "GET /noticias/politica-calidad.pdf HTTP/1.1" 200 30574 "-" "Mozilla/5.0 (Linux; Android 6.0.1; Nexus 5X Build/MMB29P) AppleWebKit/537.36 (KHTML, like Gecko) Chrome/80.0.3987.92 Mobile Safari/537.36 (compatible; Googlebot/2.1; +http://www.google.com/bot.html)"
173.208.130.202 - - [21/Mar/2020:05:25:22 +0100] "GET /robots.txt HTTP/1.1" 200 3712 "-" "Mozilla/5.0 (compatible; MJ12bot/v1.4.8; http://mj12bot.com/)"
173.208.130.202 - - [21/Mar/2020:05:25:25 +0100] "GET / HTTP/1.1" 200 5939 "-" "Mozilla/5.0 (compatible; MJ12bot/v1.4.8; http://mj12bot.com/)"
13.66.139.0 - - [21/Mar/2020:05:50:06 +0100] "GET /empresa.html HTTP/1.1" 200 9455 "-" "msnbot/2.0b (+http://search.msn.com/msnbot.htm)"
66.249.66.204 - - [21/Mar/2020:05:58:54 +0100] "GET /noticias/publicaci%C3%B3n-faro.pdf HTTP/1.1" 200 266910 "-" "Mozilla/5.0 (Linux; Android 6.0.1; Nexus 5X Build/MMB29P) AppleWebKit/537.36 (KHTML, like Gecko) Chrome/80.0.3987.92 Mobile Safari/537.36 (compatible; Googlebot/2.1; +http://www.google.com/bot.html)"
60.166.86.110 - - [21/Mar/2020:06:13:54 +0100] "GET /robots.txt HTTP/1.1" 200 3480 "-" "Mozilla/5.0 (Linux; Android 7.0; FRD-AL00 Build/HUAWEIFRD-AL00; wv) AppleWebKit/537.36 (KHTML, like Gecko) Version/4.0 Chrome/53.0.2785.49 Mobile MQQBrowser/6.2 TBS/043602 Safari/537.36 MicroMessenger/6.5.16.1120 NetType/WIFI Language/zh_CN"
172.105.20.185 - - [21/Mar/2020:06:43:22 +0100] "GET /ads.txt HTTP/1.1" 404 4386 "http://serynco.es/ads.txt" "Mozilla/5.0 (Windows NT 6.1; WOW64; rv:38.0) Gecko/20100101 Firefox/38.0"
54.36.148.158 - - [21/Mar/2020:06:47:18 +0100] "GET /robots.txt HTTP/1.1" 200 3461 "-" "Mozilla/5.0 (compatible; AhrefsBot/6.1; +http://ahrefs.com/robot/)"
114.119.161.116 - - [21/Mar/2020:07:17:50 +0100] "GET /robots.txt HTTP/1.1" 200 3480 "-" "Mozilla/5.0 (Linux; Android 7.0;) AppleWebKit/537.36 (KHTML, like Gecko) Mobile Safari/537.36 (compatible; AspiegelBot)"
157.55.39.241 - - [21/Mar/2020:07:23:31 +0100] "GET /images/logo-valdemoro.gif HTTP/1.1" 200 11811 "-" "Mozilla/5.0 (compatible; bingbot/2.0; +http://www.bing.com/bingbot.htm)"
66.249.66.76 - - [21/Mar/2020:07:29:51 +0100] "GET / HTTP/1.1" 200 9253 "-" "Mozilla/5.0 (Linux; Android 6.0.1; Nexus 5X Build/MMB29P) AppleWebKit/537.36 (KHTML, like Gecko) Chrome/80.0.3987.92 Mobile Safari/537.36 (compatible; Googlebot/2.1; +http://www.google.com/bot.html)"
54.202.28.225 - - [21/Mar/2020:07:51:11 +0100] "GET / HTTP/1.1" 200 9253 "-" "Mozilla/5.0 (Windows NT 10.0; Win64; x64)AppleWebKit/537.36 (KHTML, like Gecko) Chrome/66.0.3359.181 Safari/537.36"
52.41.211.72 - - [21/Mar/2020:07:51:12 +0100] "HEAD / HTTP/1.1" 200 3063 "-" "Go-http-client/1.1"
178.154.200.24 - - [21/Mar/2020:08:30:34 +0100] "GET /robots.txt HTTP/1.1" 200 3712 "-" "Mozilla/5.0 (compatible; YandexBot/3.0; +http://yandex.com/bots)"
178.154.200.24 - - [21/Mar/2020:08:30:37 +0100] "GET /ingenieria.html HTTP/1.1" 200 8511 "-" "Mozilla/5.0 (compatible; YandexBot/3.0; +http://yandex.com/bots)"
178.171.42.28 - - [21/Mar/2020:09:39:30 +0100] "GET / HTTP/1.1" 200 9253 "-" "Mozilla/5.0 (Windows NT 10.0; Win64; x64) AppleWebKit/537.36 (KHTML, like Gecko) Chrome/72.0.3626.121 Safari/537.36"
178.171.42.28 - - [21/Mar/2020:09:39:31 +0100] "GET /contacto.html HTTP/1.1" 200 8052 "-" "Mozilla/5.0 (Windows NT 10.0; Win64; x64) AppleWebKit/537.36 (KHTML, like Gecko) Chrome/72.0.3626.121 Safari/537.36"
207.246.249.194 - - [21/Mar/2020:10:00:47 +0100] "GET / HTTP/1.1" 200 9216 "-" "Mozilla/5.0 (Windows; U; Windows NT 5.1; en-US; rv:1.9.0.1) Gecko/2008070208 Firefox/3.0.1"
207.246.249.194 - - [21/Mar/2020:10:00:47 +0100] "GET / HTTP/1.1" 200 9216 "-" "Mozilla/5.0 (Windows; U; Windows NT 5.1; en-US; rv:1.9.0.1) Gecko/2008070208 Firefox/3.0.1"
207.246.249.194 - - [21/Mar/2020:10:00:48 +0100] "GET /xmlrpc.php HTTP/1.1" 404 3617 "-" "Mozilla/5.0 (Windows; U; Windows NT 5.1; en-US; rv:1.9.0.1) Gecko/2008070208 Firefox/3.0.1"
213.136.71.25 - - [21/Mar/2020:11:31:04 +0100] "GET / HTTP/1.1" 200 9007 "-" "Mozilla/5.0 (Windows NT 6.3; WOW64) AppleWebKit/537.36 (KHTML, like Gecko) Chrome/40.0.2214.115 Safari/537.36"
213.136.71.25 - - [21/Mar/2020:11:38:50 +0100] "GET /contacto.html HTTP/1.1" 200 7806 "-" "Mozilla/5.0 (Windows NT 6.3; WOW64) AppleWebKit/537.36 (KHTML, like Gecko) Chrome/40.0.2214.115 Safari/537.36"
213.136.71.25 - - [21/Mar/2020:11:47:06 +0100] "GET /legal.html HTTP/1.1" 200 8473 "-" "Mozilla/5.0 (Windows NT 6.3; WOW64) AppleWebKit/537.36 (KHTML, like Gecko) Chrome/40.0.2214.115 Safari/537.36"
213.136.71.25 - - [21/Mar/2020:11:54:49 +0100] "GET /empresa.html HTTP/1.1" 200 9209 "-" "Mozilla/5.0 (Windows NT 6.3; WOW64) AppleWebKit/537.36 (KHTML, like Gecko) Chrome/40.0.2214.115 Safari/537.36"
213.136.71.25 - - [21/Mar/2020:12:02:54 +0100] "GET /empleo.html HTTP/1.1" 200 7229 "-" "Mozilla/5.0 (Windows NT 6.3; WOW64) AppleWebKit/537.36 (KHTML, like Gecko) Chrome/40.0.2214.115 Safari/537.36"
213.136.71.25 - - [21/Mar/2020:12:11:11 +0100] "GET /servicios.html HTTP/1.1" 200 9060 "-" "Mozilla/5.0 (Windows NT 6.3; WOW64) AppleWebKit/537.36 (KHTML, like Gecko) Chrome/40.0.2214.115 Safari/537.36"
17.58.98.26 - - [21/Mar/2020:12:12:10 +0100] "GET /robots.txt HTTP/1.1" 200 3461 "-" "Mozilla/5.0 (Macintosh; Intel Mac OS X 10_10_1) AppleWebKit/600.2.5 (KHTML, like Gecko) Version/8.0.2 Safari/600.2.5 (Applebot/0.1; +http://www.apple.com/go/applebot)"
17.58.100.148 - - [21/Mar/2020:12:12:12 +0100] "GET /buzon-sugerencias.html HTTP/1.1" 200 7174 "-" "Mozilla/5.0 (Macintosh; Intel Mac OS X 10_10_1) AppleWebKit/600.2.5 (KHTML, like Gecko) Version/8.0.2 Safari/600.2.5 (Applebot/0.1; +http://www.apple.com/go/applebot)"
213.136.71.25 - - [21/Mar/2020:12:19:36 +0100] "GET /clientes.html HTTP/1.1" 200 13631 "-" "Mozilla/5.0 (Windows NT 6.3; WOW64) AppleWebKit/537.36 (KHTML, like Gecko) Chrome/40.0.2214.115 Safari/537.36"
178.23.211.246 - - [21/Mar/2020:12:21:09 +0100] "POST /AutoDiscover/autodiscover.xml HTTP/1.1" 400 3789 "-" "Microsoft Office/16.0 (Windows NT 10.0; Microsoft Word 16.0.11929; Pro)"
213.136.71.25 - - [21/Mar/2020:12:27:40 +0100] "GET /buzon-sugerencias.html HTTP/1.1" 200 7179 "-" "Mozilla/5.0 (Windows NT 6.3; WOW64) AppleWebKit/537.36 (KHTML, like Gecko) Chrome/40.0.2214.115 Safari/537.36"
188.143.169.29 - - [21/Mar/2020:13:47:31 +0100] "GET / HTTP/1.1" 200 9007 "-" "-"
188.143.169.29 - - [21/Mar/2020:13:47:32 +0100] "GET / HTTP/1.1" 200 9007 "-" "-"
178.154.200.24 - - [21/Mar/2020:14:36:59 +0100] "GET /robots.txt HTTP/1.1" 200 3712 "-" "Mozilla/5.0 (compatible; YandexBot/3.0; +http://yandex.com/bots)"
178.154.200.24 - - [21/Mar/2020:14:37:03 +0100] "GET /noticias/politica-calidad.pdf HTTP/1.1" 200 27315 "-" "Mozilla/5.0 (compatible; YandexBot/3.0; +http://yandex.com/bots)"
157.55.39.28 - - [21/Mar/2020:14:55:23 +0100] "GET /robots.txt HTTP/1.1" 200 3712 "-" "Mozilla/5.0 (compatible; bingbot/2.0; +http://www.bing.com/bingbot.htm)"
40.77.167.83 - - [21/Mar/2020:15:59:42 +0100] "GET /css/style.css HTTP/1.1" 200 12093 "-" "msnbot/2.0b (+http://search.msn.com/msnbot.htm)"
182.85.161.228 - - [21/Mar/2020:16:03:37 +0100] "GET /robots.txt HTTP/1.1" 200 3480 "-" "Mozilla/5.0(Linux;U;Android 5.1.1;zh-CN;OPPO A33 Build/LMY47V) AppleWebKit/537.36(KHTML,like Gecko) Version/4.0 Chrome/40.0.2214.89 UCBrowser/11.7.0.953 Mobile Safari/537.36"
66.249.66.204 - - [21/Mar/2020:16:06:20 +0100] "GET /favicon.ico HTTP/1.1" 404 4637 "-" "Googlebot-Image/1.0"
157.55.39.28 - - [21/Mar/2020:16:08:51 +0100] "GET /robots.txt HTTP/1.1" 200 2037 "-" "Mozilla/5.0 (compatible; bingbot/2.0; +http://www.bing.com/bingbot.htm)"
157.55.39.28 - - [21/Mar/2020:16:08:52 +0100] "GET /robots.txt HTTP/1.1" 200 3712 "-" "Mozilla/5.0 (compatible; bingbot/2.0; +http://www.bing.com/bingbot.htm)"
157.55.39.166 - - [21/Mar/2020:16:09:03 +0100] "GET /clientes.html HTTP/1.1" 304 3453 "-" "Mozilla/5.0 (compatible; bingbot/2.0; +http://www.bing.com/bingbot.htm)"
192.29.97.49 - - [21/Mar/2020:16:47:41 +0100] "GET /robots.txt HTTP/1.1" 200 3675 "http://serynco.es/robots.txt" "DF Bot 1.0"
192.29.97.49 - - [21/Mar/2020:16:47:42 +0100] "GET / HTTP/1.1" 200 9216 "http://serynco.es/" "DF Bot 1.0"
192.29.97.49 - - [21/Mar/2020:16:47:42 +0100] "GET /robots.txt HTTP/1.1" 200 554 "-" "DF Bot 1.0"
35.243.189.46 - - [21/Mar/2020:16:56:42 +0100] "GET /robots.txt HTTP/1.1" 200 3461 "-" "ZoominfoBot (zoominfobot at zoominfo dot com)"
35.243.189.46 - - [21/Mar/2020:16:56:42 +0100] "GET /robots.txt HTTP/1.0" 200 417 "-" "ZoominfoBot (zoominfobot at zoominfo dot com)"
35.243.189.46 - - [21/Mar/2020:16:56:43 +0100] "GET / HTTP/1.0" 200 6095 "-" "ZoominfoBot (zoominfobot at zoominfo dot com)"
35.243.189.46 - - [21/Mar/2020:17:04:35 +0100] "GET /robots.txt HTTP/1.1" 200 3461 "-" "ZoominfoBot (zoominfobot at zoominfo dot com)"
35.243.189.46 - - [21/Mar/2020:17:04:35 +0100] "GET /robots.txt HTTP/1.0" 200 417 "-" "ZoominfoBot (zoominfobot at zoominfo dot com)"
35.243.189.46 - - [21/Mar/2020:17:04:35 +0100] "GET / HTTP/1.0" 200 6095 "-" "ZoominfoBot (zoominfobot at zoominfo dot com)"
40.77.188.178 - - [21/Mar/2020:17:14:57 +0100] "GET /w/load.php?lang=en&modules=ext.3d.styles%257Cext.uls.interlanguage%257Cext.visualEditor.desktopArticleTarget.noscript%257Cext.wikimediaBadges%257Cfilepage%257Cmediawiki.action.view.filepage%257Cmediawiki.legacy.commonPrint%252Cshared%257Cmediawiki.skinning.interface%257Cskins.vector.styles&only=styles&skin=vector HTTP/1.1" 404 4637 "-" "Mozilla/5.0 (Windows NT 6.1; WOW64) AppleWebKit/534+ (KHTML, like Gecko) BingPreview/1.0b"
40.77.189.254 - - [21/Mar/2020:17:14:58 +0100] "GET /w/load.php?lang=en&modules=startup&only=scripts&raw=1&skin=vector HTTP/1.1" 404 4637 "-" "Mozilla/5.0 (Windows NT 6.1; WOW64) AppleWebKit/534+ (KHTML, like Gecko) BingPreview/1.0b"
40.77.188.81 - - [21/Mar/2020:17:14:59 +0100] "GET /w/load.php?lang=en&modules=site.styles&only=styles&skin=vector HTTP/1.1" 404 4637 "-" "Mozilla/5.0 (Windows NT 6.1; WOW64) AppleWebKit/534+ (KHTML, like Gecko) BingPreview/1.0b"
190.113.208.162 - - [21/Mar/2020:17:41:34 +0100] "GET /images/ORGANIGRAMAv02.JPG HTTP/1.1" 200 59591 "https://www.google.com.pe/blank.html" "Mozilla/5.0 (Windows NT 10.0; Win64; x64) AppleWebKit/537.36 (KHTML, like Gecko) Chrome/80.0.3987.132 Safari/537.36 Edg/80.0.361.66"
66.249.66.78 - - [21/Mar/2020:17:44:01 +0100] "GET /robots.txt HTTP/1.1" 200 3712 "-" "Mozilla/5.0 (compatible; Googlebot/2.1; +http://www.google.com/bot.html)"
66.249.66.77 - - [21/Mar/2020:17:44:01 +0100] "GET /empresa.html HTTP/1.1" 200 9455 "-" "Mozilla/5.0 (Linux; Android 6.0.1; Nexus 5X Build/MMB29P) AppleWebKit/537.36 (KHTML, like Gecko) Chrome/41.0.2272.96 Mobile Safari/537.36 (compatible; Googlebot/2.1; +http://www.google.com/bot.html)"
13.66.139.0 - - [21/Mar/2020:17:56:38 +0100] "GET /empresa.html HTTP/1.1" 200 9455 "-" "msnbot/2.0b (+http://search.msn.com/msnbot.htm)"
157.55.39.166 - - [21/Mar/2020:17:56:49 +0100] "GET /robots.txt HTTP/1.1" 200 3712 "-" "msnbot/2.0b (+http://search.msn.com/msnbot.htm)"
35.157.32.153 - - [21/Mar/2020:18:20:20 +0100] "GET / HTTP/1.1" 200 9258 "-" "Mozilla/5.0 (Windows NT 10.0; Win64; x64) AppleWebKit/537.36 (KHTML, like Gecko) Chrome/79.0.3945.130 Safari/537.36"
35.157.32.153 - - [21/Mar/2020:18:20:20 +0100] "GET / HTTP/1.1" 200 9258 "-" "Mozilla/5.0 (Windows NT 10.0; Win64; x64) AppleWebKit/537.36 (KHTML, like Gecko) Chrome/79.0.3945.130 Safari/537.36"
213.164.164.164 - - [21/Mar/2020:18:20:21 +0100] "GET / HTTP/1.1" 200 9253 "https://www.google.es/" "Mozilla/5.0 (Windows NT 10.0; Win64; x64) AppleWebKit/537.36 (KHTML, like Gecko) Chrome/79.0.3945.130 Safari/537.36"
213.164.164.164 - - [21/Mar/2020:18:20:22 +0100] "GET /css/style.css HTTP/1.1" 200 8834 "https://www.serynco.es/" "Mozilla/5.0 (Windows NT 10.0; Win64; x64) AppleWebKit/537.36 (KHTML, like Gecko) Chrome/79.0.3945.130 Safari/537.36"
213.164.164.164 - - [21/Mar/2020:18:20:22 +0100] "GET /images/logo.gif HTTP/1.1" 200 10425 "https://www.serynco.es/" "Mozilla/5.0 (Windows NT 10.0; Win64; x64) AppleWebKit/537.36 (KHTML, like Gecko) Chrome/79.0.3945.130 Safari/537.36"
213.164.164.164 - - [21/Mar/2020:18:20:22 +0100] "GET /javascript/flash_detect.js HTTP/1.1" 200 8513 "https://www.serynco.es/" "Mozilla/5.0 (Windows NT 10.0; Win64; x64) AppleWebKit/537.36 (KHTML, like Gecko) Chrome/79.0.3945.130 Safari/537.36"
213.164.164.164 - - [21/Mar/2020:18:20:24 +0100] "GET /images/fondo-body.jpg HTTP/1.1" 200 15911 "https://www.serynco.es/css/style.css" "Mozilla/5.0 (Windows NT 10.0; Win64; x64) AppleWebKit/537.36 (KHTML, like Gecko) Chrome/79.0.3945.130 Safari/537.36"
213.164.164.164 - - [21/Mar/2020:18:20:24 +0100] "GET /images/fondo-cabecero.gif HTTP/1.1" 200 60514 "https://www.serynco.es/css/style.css" "Mozilla/5.0 (Windows NT 10.0; Win64; x64) AppleWebKit/537.36 (KHTML, like Gecko) Chrome/79.0.3945.130 Safari/537.36"
213.164.164.164 - - [21/Mar/2020:18:20:24 +0100] "GET /images/fondoenlace.jpg HTTP/1.1" 200 15102 "https://www.serynco.es/css/style.css" "Mozilla/5.0 (Windows NT 10.0; Win64; x64) AppleWebKit/537.36 (KHTML, like Gecko) Chrome/79.0.3945.130 Safari/537.36"
213.164.164.164 - - [21/Mar/2020:18:20:24 +0100] "GET /images/footer.jpg HTTP/1.1" 200 20345 "https://www.serynco.es/css/style.css" "Mozilla/5.0 (Windows NT 10.0; Win64; x64) AppleWebKit/537.36 (KHTML, like Gecko) Chrome/79.0.3945.130 Safari/537.36"
213.164.164.164 - - [21/Mar/2020:18:20:24 +0100] "GET /favicon.ico HTTP/1.1" 404 1378 "https://www.serynco.es/" "Mozilla/5.0 (Windows NT 10.0; Win64; x64) AppleWebKit/537.36 (KHTML, like Gecko) Chrome/79.0.3945.130 Safari/537.36"
213.164.164.164 - - [21/Mar/2020:18:21:00 +0100] "GET /empresa.html HTTP/1.1" 200 6334 "https://www.serynco.es/" "Mozilla/5.0 (Windows NT 10.0; Win64; x64) AppleWebKit/537.36 (KHTML, like Gecko) Chrome/79.0.3945.130 Safari/537.36"
213.164.164.164 - - [21/Mar/2020:18:21:00 +0100] "GET /images/empresa.gif HTTP/1.1" 200 5042 "https://www.serynco.es/empresa.html" "Mozilla/5.0 (Windows NT 10.0; Win64; x64) AppleWebKit/537.36 (KHTML, like Gecko) Chrome/79.0.3945.130 Safari/537.36"
213.164.164.164 - - [21/Mar/2020:18:21:00 +0100] "GET /images/ORGANIGRAMAv02.JPG HTTP/1.1" 200 56470 "https://www.serynco.es/empresa.html" "Mozilla/5.0 (Windows NT 10.0; Win64; x64) AppleWebKit/537.36 (KHTML, like Gecko) Chrome/79.0.3945.130 Safari/537.36"
213.164.164.164 - - [21/Mar/2020:18:21:00 +0100] "GET /images/adorno-compania.jpg HTTP/1.1" 200 43324 "https://www.serynco.es/empresa.html" "Mozilla/5.0 (Windows NT 10.0; Win64; x64) AppleWebKit/537.36 (KHTML, like Gecko) Chrome/79.0.3945.130 Safari/537.36"
213.164.164.164 - - [21/Mar/2020:18:21:00 +0100] "GET /images/camara14001.gif HTTP/1.1" 200 5075 "https://www.serynco.es/empresa.html" "Mozilla/5.0 (Windows NT 10.0; Win64; x64) AppleWebKit/537.36 (KHTML, like Gecko) Chrome/79.0.3945.130 Safari/537.36"
213.164.164.164 - - [21/Mar/2020:18:21:00 +0100] "GET /images/fondo-cabecero2.gif HTTP/1.1" 200 51313 "https://www.serynco.es/css/style.css" "Mozilla/5.0 (Windows NT 10.0; Win64; x64) AppleWebKit/537.36 (KHTML, like Gecko) Chrome/79.0.3945.130 Safari/537.36"
213.164.164.164 - - [21/Mar/2020:18:21:00 +0100] "GET /images/camara9001.gif HTTP/1.1" 200 4794 "https://www.serynco.es/empresa.html" "Mozilla/5.0 (Windows NT 10.0; Win64; x64) AppleWebKit/537.36 (KHTML, like Gecko) Chrome/79.0.3945.130 Safari/537.36"
213.164.164.164 - - [21/Mar/2020:18:21:21 +0100] "GET /servicios.html HTTP/1.1" 200 6185 "https://www.serynco.es/empresa.html" "Mozilla/5.0 (Windows NT 10.0; Win64; x64) AppleWebKit/537.36 (KHTML, like Gecko) Chrome/79.0.3945.130 Safari/537.36"
213.164.164.164 - - [21/Mar/2020:18:21:21 +0100] "GET /images/servicios.gif HTTP/1.1" 200 5030 "https://www.serynco.es/servicios.html" "Mozilla/5.0 (Windows NT 10.0; Win64; x64) AppleWebKit/537.36 (KHTML, like Gecko) Chrome/79.0.3945.130 Safari/537.36"
213.164.164.164 - - [21/Mar/2020:18:21:21 +0100] "GET /images/adorno-actividades.jpg HTTP/1.1" 200 29248 "https://www.serynco.es/servicios.html" "Mozilla/5.0 (Windows NT 10.0; Win64; x64) AppleWebKit/537.36 (KHTML, like Gecko) Chrome/79.0.3945.130 Safari/537.36"
213.164.164.164 - - [21/Mar/2020:18:21:22 +0100] "GET /images/cuadro-borde-turq.gif HTTP/1.1" 200 998 "https://www.serynco.es/servicios.html" "Mozilla/5.0 (Windows NT 10.0; Win64; x64) AppleWebKit/537.36 (KHTML, like Gecko) Chrome/79.0.3945.130 Safari/537.36"
213.164.164.164 - - [21/Mar/2020:18:23:07 +0100] "GET /index.php HTTP/1.1" 200 6183 "https://www.serynco.es/servicios.html" "Mozilla/5.0 (Windows NT 10.0; Win64; x64) AppleWebKit/537.36 (KHTML, like Gecko) Chrome/79.0.3945.130 Safari/537.36"
40.77.167.218 - - [21/Mar/2020:18:24:46 +0100] "GET /account/_userstatus HTTP/1.1" 404 4637 "-" "msnbot/2.0b (+http://search.msn.com/msnbot.htm)"
34.74.87.37 - - [21/Mar/2020:18:55:15 +0100] "GET /robots.txt HTTP/1.1" 200 3461 "-" "ZoominfoBot (zoominfobot at zoominfo dot com)"
34.74.87.37 - - [21/Mar/2020:18:55:16 +0100] "GET /robots.txt HTTP/1.0" 200 417 "-" "ZoominfoBot (zoominfobot at zoominfo dot com)"
34.74.87.37 - - [21/Mar/2020:18:55:16 +0100] "GET / HTTP/1.0" 200 6095 "-" "ZoominfoBot (zoominfobot at zoominfo dot com)"
178.154.200.24 - - [21/Mar/2020:18:58:50 +0100] "GET /robots.txt HTTP/1.1" 200 3712 "-" "Mozilla/5.0 (compatible; YandexBot/3.0; +http://yandex.com/bots)"
178.154.200.24 - - [21/Mar/2020:18:58:54 +0100] "GET /seguridad-salud.html HTTP/1.1" 200 6493 "-" "Mozilla/5.0 (compatible; YandexBot/3.0; +http://yandex.com/bots)"
34.74.87.37 - - [21/Mar/2020:19:02:24 +0100] "GET /robots.txt HTTP/1.1" 200 3461 "-" "ZoominfoBot (zoominfobot at zoominfo dot com)"
34.74.87.37 - - [21/Mar/2020:19:02:24 +0100] "GET /robots.txt HTTP/1.0" 200 417 "-" "ZoominfoBot (zoominfobot at zoominfo dot com)"
34.74.87.37 - - [21/Mar/2020:19:02:25 +0100] "GET / HTTP/1.0" 200 6095 "-" "ZoominfoBot (zoominfobot at zoominfo dot com)"
157.55.39.28 - - [21/Mar/2020:19:42:38 +0100] "GET /robots.txt HTTP/1.1" 200 2037 "-" "Mozilla/5.0 (compatible; bingbot/2.0; +http://www.bing.com/bingbot.htm)"
157.55.39.28 - - [21/Mar/2020:19:42:38 +0100] "GET /robots.txt HTTP/1.1" 200 3712 "-" "Mozilla/5.0 (compatible; bingbot/2.0; +http://www.bing.com/bingbot.htm)"
157.55.39.166 - - [21/Mar/2020:19:43:21 +0100] "GET /clientes.html HTTP/1.1" 200 13877 "-" "Mozilla/5.0 (compatible; bingbot/2.0; +http://www.bing.com/bingbot.htm)"
40.77.167.150 - - [21/Mar/2020:19:48:03 +0100] "GET /contacto.html HTTP/1.1" 200 8052 "-" "Mozilla/5.0 (compatible; bingbot/2.0; +http://www.bing.com/bingbot.htm)"
157.55.39.166 - - [21/Mar/2020:19:48:56 +0100] "GET /index.html HTTP/1.1" 200 9253 "-" "msnbot/2.0b (+http://search.msn.com/msnbot.htm)"
40.77.167.150 - - [21/Mar/2020:19:52:44 +0100] "GET /index.html HTTP/1.1" 200 9253 "-" "Mozilla/5.0 (compatible; bingbot/2.0; +http://www.bing.com/bingbot.htm)"
40.77.188.51 - - [21/Mar/2020:19:52:53 +0100] "GET /javascript/flash_detect.js HTTP/1.1" 200 11634 "-" "Mozilla/5.0 (Windows NT 6.1; WOW64) AppleWebKit/534+ (KHTML, like Gecko) BingPreview/1.0b"
40.77.167.197 - - [21/Mar/2020:19:54:34 +0100] "GET /legal.html HTTP/1.1" 200 8719 "-" "Mozilla/5.0 (compatible; bingbot/2.0; +http://www.bing.com/bingbot.htm)"
114.119.161.173 - - [21/Mar/2020:20:13:05 +0100] "GET /index.html HTTP/1.1" 200 9021 "-" "Mozilla/5.0 (Linux; Android 7.0;) AppleWebKit/537.36 (KHTML, like Gecko) Mobile Safari/537.36 (compatible; AspiegelBot)"
3.20.237.132 - - [21/Mar/2020:20:30:13 +0100] "GET / HTTP/1.1" 200 9253 "-" "Mozilla/5.0 (Macintosh; Intel Mac OS X 10_15_0) AppleWebKit/537.36 (KHTML, like Gecko) Chrome/78.0.3904.87 Safari/537.36"
178.154.200.24 - - [21/Mar/2020:20:41:17 +0100] "GET /robots.txt HTTP/1.1" 200 3712 "-" "Mozilla/5.0 (compatible; YandexBot/3.0; +http://yandex.com/bots)"
178.154.200.24 - - [21/Mar/2020:20:41:20 +0100] "GET /construccion.html HTTP/1.1" 200 6489 "-" "Mozilla/5.0 (compatible; YandexBot/3.0; +http://yandex.com/bots)"
157.55.39.28 - - [21/Mar/2020:21:12:18 +0100] "GET /robots.txt HTTP/1.1" 200 2037 "-" "Mozilla/5.0 (compatible; bingbot/2.0; +http://www.bing.com/bingbot.htm)"
157.55.39.28 - - [21/Mar/2020:21:12:18 +0100] "GET /robots.txt HTTP/1.1" 200 3712 "-" "Mozilla/5.0 (compatible; bingbot/2.0; +http://www.bing.com/bingbot.htm)"
40.77.167.60 - - [21/Mar/2020:21:12:26 +0100] "GET /empresa.html HTTP/1.1" 304 3453 "-" "Mozilla/5.0 (compatible; bingbot/2.0; +http://www.bing.com/bingbot.htm)"
40.77.167.60 - - [21/Mar/2020:21:20:06 +0100] "GET /index.php HTTP/1.1" 200 9304 "-" "Mozilla/5.0 (compatible; bingbot/2.0; +http://www.bing.com/bingbot.htm)"
40.77.167.24 - - [21/Mar/2020:21:22:02 +0100] "GET /empleo.html HTTP/1.1" 304 3452 "-" "Mozilla/5.0 (compatible; bingbot/2.0; +http://www.bing.com/bingbot.htm)"
40.77.167.60 - - [21/Mar/2020:21:31:15 +0100] "GET /servicios.html HTTP/1.1" 200 9306 "-" "Mozilla/5.0 (compatible; bingbot/2.0; +http://www.bing.com/bingbot.htm)"
40.77.167.60 - - [21/Mar/2020:21:33:27 +0100] "GET /empresa.html HTTP/1.1" 200 9455 "-" "Mozilla/5.0 (compatible; bingbot/2.0; +http://www.bing.com/bingbot.htm)"
157.55.39.28 - - [21/Mar/2020:21:33:56 +0100] "GET /robots.txt HTTP/1.1" 200 3712 "-" "Mozilla/5.0 (compatible; bingbot/2.0; +http://www.bing.com/bingbot.htm)"
40.77.167.24 - - [21/Mar/2020:21:35:18 +0100] "GET /empleo.html HTTP/1.1" 200 7475 "-" "Mozilla/5.0 (compatible; bingbot/2.0; +http://www.bing.com/bingbot.htm)"
40.77.167.227 - - [21/Mar/2020:21:36:50 +0100] "GET /noticias/politica-calidad.pdf HTTP/1.1" 200 30574 "-" "Mozilla/5.0 (compatible; bingbot/2.0; +http://www.bing.com/bingbot.htm)"
40.77.167.224 - - [21/Mar/2020:21:42:15 +0100] "GET /construccion.html HTTP/1.1" 200 9748 "-" "Mozilla/5.0 (compatible; bingbot/2.0; +http://www.bing.com/bingbot.htm)"
40.77.167.224 - - [21/Mar/2020:21:42:15 +0100] "GET /ingenieria.html HTTP/1.1" 200 8511 "-" "Mozilla/5.0 (compatible; bingbot/2.0; +http://www.bing.com/bingbot.htm)"
40.77.167.24 - - [21/Mar/2020:21:42:25 +0100] "GET /ingenieria.html HTTP/1.1" 200 11770 "-" "msnbot/2.0b (+http://search.msn.com/msnbot.htm)"
40.77.167.150 - - [21/Mar/2020:21:47:41 +0100] "GET /seguridad-salud.html HTTP/1.1" 200 9752 "-" "Mozilla/5.0 (compatible; bingbot/2.0; +http://www.bing.com/bingbot.htm)"
40.77.167.60 - - [21/Mar/2020:23:03:39 +0100] "GET /servicios.html HTTP/1.1" 200 9306 "-" "msnbot/2.0b (+http://search.msn.com/msnbot.htm)"
207.46.13.134 - - [21/Mar/2020:23:04:23 +0100] "GET /buzon-sugerencias.html HTTP/1.1" 200 7425 "-" "msnbot/2.0b (+http://search.msn.com/msnbot.htm)"
40.77.167.24 - - [21/Mar/2020:23:06:11 +0100] "GET /empleo.html HTTP/1.1" 200 7475 "-" "msnbot/2.0b (+http://search.msn.com/msnbot.htm)"
40.77.139.8 - - [21/Mar/2020:23:06:44 +0100] "GET /css/style.css HTTP/1.1" 200 12093 "https://serynco.es/servicios.html" "Mozilla/5.0 (Windows NT 6.1; WOW64) AppleWebKit/534+ (KHTML, like Gecko) BingPreview/1.0b"
157.55.39.166 - - [21/Mar/2020:23:08:03 +0100] "GET /robots.txt HTTP/1.1" 200 3712 "-" "msnbot/2.0b (+http://search.msn.com/msnbot.htm)"
175.165.230.44 - - [21/Mar/2020:23:14:35 +0100] "GET /robots.txt HTTP/1.1" 200 3480 "-" "Mozilla/5.0(Linux;Android 5.1.1;OPPO A33 Build/LMY47V;wv) AppleWebKit/537.36(KHTML,link Gecko) Version/4.0 Chrome/42.0.2311.138 Mobile Safari/537.36 Mb2345Browser/9.0"
40.77.167.24 - - [21/Mar/2020:23:32:14 +0100] "GET /legal.html HTTP/1.1" 200 8719 "-" "msnbot/2.0b (+http://search.msn.com/msnbot.htm)"
40.77.167.37 - - [22/Mar/2020:00:35:52 +0100] "GET /seguridad-salud.html HTTP/1.1" 304 3453 "-" "Mozilla/5.0 (compatible; bingbot/2.0; +http://www.bing.com/bingbot.htm)"
40.77.167.24 - - [22/Mar/2020:00:49:34 +0100] "GET /ingenieria.html HTTP/1.1" 304 3453 "-" "Mozilla/5.0 (compatible; bingbot/2.0; +http://www.bing.com/bingbot.htm)"
152.207.243.247 - - [22/Mar/2020:01:11:06 +0100] "GET / HTTP/1.1" 200 9253 "-" "Mozilla/5.0 (Linux; Android 10; SAMSUNG SM-N960U) AppleWebKit/537.36 (KHTML, like Gecko) SamsungBrowser/11.1 Chrome/75.0.3770.143 Mobile Safari/537.36"
152.207.243.247 - - [22/Mar/2020:01:11:06 +0100] "GET /css/style.css HTTP/1.1" 200 8834 "https://www.serynco.es/" "Mozilla/5.0 (Linux; Android 10; SAMSUNG SM-N960U) AppleWebKit/537.36 (KHTML, like Gecko) SamsungBrowser/11.1 Chrome/75.0.3770.143 Mobile Safari/537.36"
152.207.243.247 - - [22/Mar/2020:01:11:06 +0100] "GET /javascript/flash_detect.js HTTP/1.1" 200 11634 "https://www.serynco.es/" "Mozilla/5.0 (Linux; Android 10; SAMSUNG SM-N960U) AppleWebKit/537.36 (KHTML, like Gecko) SamsungBrowser/11.1 Chrome/75.0.3770.143 Mobile Safari/537.36"
152.207.243.247 - - [22/Mar/2020:01:11:07 +0100] "GET /images/logo.gif HTTP/1.1" 200 10425 "https://www.serynco.es/" "Mozilla/5.0 (Linux; Android 10; SAMSUNG SM-N960U) AppleWebKit/537.36 (KHTML, like Gecko) SamsungBrowser/11.1 Chrome/75.0.3770.143 Mobile Safari/537.36"
152.207.243.247 - - [22/Mar/2020:01:11:07 +0100] "GET /images/fondo-body.jpg HTTP/1.1" 200 15911 "https://www.serynco.es/css/style.css" "Mozilla/5.0 (Linux; Android 10; SAMSUNG SM-N960U) AppleWebKit/537.36 (KHTML, like Gecko) SamsungBrowser/11.1 Chrome/75.0.3770.143 Mobile Safari/537.36"
152.207.243.247 - - [22/Mar/2020:01:11:07 +0100] "GET /images/fondo-cabecero.gif HTTP/1.1" 200 60514 "https://www.serynco.es/css/style.css" "Mozilla/5.0 (Linux; Android 10; SAMSUNG SM-N960U) AppleWebKit/537.36 (KHTML, like Gecko) SamsungBrowser/11.1 Chrome/75.0.3770.143 Mobile Safari/537.36"
152.207.243.247 - - [22/Mar/2020:01:11:07 +0100] "GET /images/fondoenlace.jpg HTTP/1.1" 200 15102 "https://www.serynco.es/css/style.css" "Mozilla/5.0 (Linux; Android 10; SAMSUNG SM-N960U) AppleWebKit/537.36 (KHTML, like Gecko) SamsungBrowser/11.1 Chrome/75.0.3770.143 Mobile Safari/537.36"
152.207.243.247 - - [22/Mar/2020:01:11:07 +0100] "GET /images/footer.jpg HTTP/1.1" 200 20345 "https://www.serynco.es/css/style.css" "Mozilla/5.0 (Linux; Android 10; SAMSUNG SM-N960U) AppleWebKit/537.36 (KHTML, like Gecko) SamsungBrowser/11.1 Chrome/75.0.3770.143 Mobile Safari/537.36"
152.207.243.247 - - [22/Mar/2020:01:11:08 +0100] "GET /favicon.ico HTTP/1.1" 404 1378 "https://www.serynco.es/" "Mozilla/5.0 (Linux; Android 10; SAMSUNG SM-N960U) AppleWebKit/537.36 (KHTML, like Gecko) SamsungBrowser/11.1 Chrome/75.0.3770.143 Mobile Safari/537.36"
152.207.243.247 - - [22/Mar/2020:01:11:55 +0100] "GET /legal.html HTTP/1.1" 200 5598 "https://www.serynco.es/" "Mozilla/5.0 (Linux; Android 10; SAMSUNG SM-N960U) AppleWebKit/537.36 (KHTML, like Gecko) SamsungBrowser/11.1 Chrome/75.0.3770.143 Mobile Safari/537.36"
152.207.243.247 - - [22/Mar/2020:01:11:55 +0100] "GET /images/legal.gif HTTP/1.1" 200 3233 "https://www.serynco.es/legal.html" "Mozilla/5.0 (Linux; Android 10; SAMSUNG SM-N960U) AppleWebKit/537.36 (KHTML, like Gecko) SamsungBrowser/11.1 Chrome/75.0.3770.143 Mobile Safari/537.36"
152.207.243.247 - - [22/Mar/2020:01:11:55 +0100] "GET /images/fondo-cabecero2.gif HTTP/1.1" 200 51313 "https://www.serynco.es/css/style.css" "Mozilla/5.0 (Linux; Android 10; SAMSUNG SM-N960U) AppleWebKit/537.36 (KHTML, like Gecko) SamsungBrowser/11.1 Chrome/75.0.3770.143 Mobile Safari/537.36"
152.207.243.247 - - [22/Mar/2020:01:12:20 +0100] "GET /empleo.html HTTP/1.1" 200 4354 "https://www.serynco.es/legal.html" "Mozilla/5.0 (Linux; Android 10; SAMSUNG SM-N960U) AppleWebKit/537.36 (KHTML, like Gecko) SamsungBrowser/11.1 Chrome/75.0.3770.143 Mobile Safari/537.36"
152.207.243.247 - - [22/Mar/2020:01:12:21 +0100] "GET /images/empleo.gif HTTP/1.1" 200 3899 "https://www.serynco.es/empleo.html" "Mozilla/5.0 (Linux; Android 10; SAMSUNG SM-N960U) AppleWebKit/537.36 (KHTML, like Gecko) SamsungBrowser/11.1 Chrome/75.0.3770.143 Mobile Safari/537.36"
152.207.243.247 - - [22/Mar/2020:01:12:21 +0100] "GET /images/adorno-empleo.gif HTTP/1.1" 200 29878 "https://www.serynco.es/empleo.html" "Mozilla/5.0 (Linux; Android 10; SAMSUNG SM-N960U) AppleWebKit/537.36 (KHTML, like Gecko) SamsungBrowser/11.1 Chrome/75.0.3770.143 Mobile Safari/537.36"
152.207.243.247 - - [22/Mar/2020:01:12:27 +0100] "GET /clientes.html HTTP/1.1" 200 10756 "https://www.serynco.es/empleo.html" "Mozilla/5.0 (Linux; Android 10; SAMSUNG SM-N960U) AppleWebKit/537.36 (KHTML, like Gecko) SamsungBrowser/11.1 Chrome/75.0.3770.143 Mobile Safari/537.36"
152.207.243.247 - - [22/Mar/2020:01:12:27 +0100] "GET /images/clientes.gif HTTP/1.1" 200 4088 "https://www.serynco.es/clientes.html" "Mozilla/5.0 (Linux; Android 10; SAMSUNG SM-N960U) AppleWebKit/537.36 (KHTML, like Gecko) SamsungBrowser/11.1 Chrome/75.0.3770.143 Mobile Safari/537.36"
152.207.243.247 - - [22/Mar/2020:01:12:27 +0100] "GET /images/logo-envicosa.gif HTTP/1.1" 200 16396 "https://www.serynco.es/clientes.html" "Mozilla/5.0 (Linux; Android 10; SAMSUNG SM-N960U) AppleWebKit/537.36 (KHTML, like Gecko) SamsungBrowser/11.1 Chrome/75.0.3770.143 Mobile Safari/537.36"
152.207.243.247 - - [22/Mar/2020:01:12:27 +0100] "GET /images/logo-clh.gif HTTP/1.1" 200 4231 "https://www.serynco.es/clientes.html" "Mozilla/5.0 (Linux; Android 10; SAMSUNG SM-N960U) AppleWebKit/537.36 (KHTML, like Gecko) SamsungBrowser/11.1 Chrome/75.0.3770.143 Mobile Safari/537.36"
152.207.243.247 - - [22/Mar/2020:01:12:27 +0100] "GET /images/logo-guadarrama.gif HTTP/1.1" 200 4317 "https://www.serynco.es/clientes.html" "Mozilla/5.0 (Linux; Android 10; SAMSUNG SM-N960U) AppleWebKit/537.36 (KHTML, like Gecko) SamsungBrowser/11.1 Chrome/75.0.3770.143 Mobile Safari/537.36"
