66.249.66.78 - - [19/Mar/2020:08:14:34 +0100] "GET / HTTP/1.1" 200 9253 "-" "Mozilla/5.0 (Linux; Android 6.0.1; Nexus 5X Build/MMB29P) AppleWebKit/537.36 (KHTML, like Gecko) Chrome/41.0.2272.96 Mobile Safari/537.36 (compatible; Googlebot/2.1; +http://www.google.com/bot.html)"
66.249.66.76 - - [19/Mar/2020:08:36:11 +0100] "GET /contacto.html HTTP/1.1" 200 8052 "-" "Mozilla/5.0 (Linux; Android 6.0.1; Nexus 5X Build/MMB29P) AppleWebKit/537.36 (KHTML, like Gecko) Chrome/80.0.3987.92 Mobile Safari/537.36 (compatible; Googlebot/2.1; +http://www.google.com/bot.html)"
178.23.211.246 - - [19/Mar/2020:09:00:46 +0100] "POST /AutoDiscover/autodiscover.xml HTTP/1.1" 400 3789 "-" "Microsoft Office/16.0 (Windows NT 10.0; Microsoft Word 16.0.12624; Pro)"
178.23.211.246 - - [19/Mar/2020:09:20:01 +0100] "POST /AutoDiscover/autodiscover.xml HTTP/1.1" 400 3789 "-" "Microsoft Office/16.0 (Windows NT 10.0; Microsoft Word 16.0.12624; Pro)"
66.249.66.78 - - [19/Mar/2020:09:37:30 +0100] "GET /empresa.html HTTP/1.1" 200 9455 "-" "Mozilla/5.0 (Linux; Android 6.0.1; Nexus 5X Build/MMB29P) AppleWebKit/537.36 (KHTML, like Gecko) Chrome/41.0.2272.96 Mobile Safari/537.36 (compatible; Googlebot/2.1; +http://www.google.com/bot.html)"
66.249.66.78 - - [19/Mar/2020:09:49:50 +0100] "GET /clientes.html HTTP/1.1" 200 13877 "-" "Mozilla/5.0 (Linux; Android 6.0.1; Nexus 5X Build/MMB29P) AppleWebKit/537.36 (KHTML, like Gecko) Chrome/80.0.3987.92 Mobile Safari/537.36 (compatible; Googlebot/2.1; +http://www.google.com/bot.html)"
5.45.207.62 - - [19/Mar/2020:10:18:54 +0100] "GET /robots.txt HTTP/1.1" 200 3717 "-" "Mozilla/5.0 (compatible; YandexBot/3.0; +http://yandex.com/bots)"
5.45.207.62 - - [19/Mar/2020:10:18:57 +0100] "GET /servicios.html HTTP/1.1" 200 6047 "-" "Mozilla/5.0 (compatible; YandexBot/3.0; +http://yandex.com/bots)"
109.248.237.61 - - [19/Mar/2020:10:19:21 +0100] "GET /controlsimultaneidad.html HTTP/1.1" 200 8092 "-" "Mozilla/5.0 (X11; Linux x86_64; SafecontentBot/1.0 ; +http://safecontent.io/) AppleWebKit/537.36 (KHTML, like Gecko) Chrome/55.0.2883.75 Safari/537.36"
66.249.66.78 - - [19/Mar/2020:10:42:40 +0100] "GET /ingenieria.html HTTP/1.1" 200 11770 "-" "Mozilla/5.0 (Linux; Android 6.0.1; Nexus 5X Build/MMB29P) AppleWebKit/537.36 (KHTML, like Gecko) Chrome/80.0.3987.92 Mobile Safari/537.36 (compatible; Googlebot/2.1; +http://www.google.com/bot.html)"
5.45.207.62 - - [19/Mar/2020:10:53:31 +0100] "GET /contacto.html HTTP/1.1" 200 8057 "-" "Mozilla/5.0 (compatible; YandexBot/3.0; +http://yandex.com/bots)"
109.248.237.61 - - [19/Mar/2020:10:54:50 +0100] "GET /controlsimultaneidad.html HTTP/1.1" 200 8092 "-" "Mozilla/5.0 (X11; Linux x86_64; SafecontentBot/1.0 ; +http://safecontent.io/) AppleWebKit/537.36 (KHTML, like Gecko) Chrome/55.0.2883.75 Safari/537.36"
58.242.194.173 - - [19/Mar/2020:10:58:39 +0100] "GET / HTTP/1.1" 200 9021 "-" "UCWEB/2.0 (Java; U; MIDP-2.0; Nokia203/20.37) U2/1.0.0 UCMini/11.0.6.1040 (SpeedMode; Proxy; Android 5.1.1; SM-J727T1 ) U2/1.0.0 Mobile"
178.23.211.246 - - [19/Mar/2020:11:35:43 +0100] "POST /AutoDiscover/autodiscover.xml HTTP/1.1" 400 3789 "-" "Microsoft Office/16.0 (Windows NT 10.0; Microsoft Excel 16.0.12527; Pro)"
114.98.243.140 - - [19/Mar/2020:12:15:46 +0100] "GET / HTTP/1.1" 200 9021 "-" "Mozilla/5.0 (Linux; Android 7.0; FRD-AL00 Build/HUAWEIFRD-AL00; wv) AppleWebKit/537.36 (KHTML, like Gecko) Version/4.0 Chrome/53.0.2785.49 Mobile MQQBrowser/6.2 TBS/043602 Safari/537.36 MicroMessenger/6.5.16.1120 NetType/WIFI Language/zh_CN"
3.19.63.224 - - [19/Mar/2020:12:30:38 +0100] "GET / HTTP/1.1" 200 9253 "-" "Mozilla/5.0 (Macintosh; Intel Mac OS X 10_15_0) AppleWebKit/537.36 (KHTML, like Gecko) Chrome/78.0.3904.87 Safari/537.36"
109.248.237.61 - - [19/Mar/2020:12:43:57 +0100] "GET /controlsimultaneidad.html HTTP/1.1" 200 8092 "-" "Mozilla/5.0 (X11; Linux x86_64; SafecontentBot/1.0 ; +http://safecontent.io/) AppleWebKit/537.36 (KHTML, like Gecko) Chrome/55.0.2883.75 Safari/537.36"
66.249.66.78 - - [19/Mar/2020:12:48:06 +0100] "GET /robots.txt HTTP/1.1" 200 3712 "-" "Mozilla/5.0 (compatible; Googlebot/2.1; +http://www.google.com/bot.html)"
109.248.237.61 - - [19/Mar/2020:13:19:47 +0100] "GET /controlsimultaneidad.html HTTP/1.1" 200 8092 "-" "Mozilla/5.0 (X11; Linux x86_64; SafecontentBot/1.0 ; +http://safecontent.io/) AppleWebKit/537.36 (KHTML, like Gecko) Chrome/55.0.2883.75 Safari/537.36"
66.70.160.91 - - [19/Mar/2020:13:38:35 +0100] "GET / HTTP/1.1" 200 9007 "http://serynco.es/" "Mozilla/5.0 (compatible; MSIE 10.0; Windows NT 6.2; Win64; IA64)"
47.56.199.24 - - [19/Mar/2020:13:38:52 +0100] "GET / HTTP/1.1" 200 9002 "-" "Mozilla/5.0 (Windows NT 6.1; Win64; x64) AppleWebKit/537.36 (KHTML, like Gecko) Chrome/79.0.3945.88 Safari/537.36"
47.56.199.24 - - [19/Mar/2020:13:38:54 +0100] "GET /contacto.html HTTP/1.1" 200 4738 "https://www.serynco.es/" "Mozilla/5.0 (Windows NT 6.1; Win64; x64) AppleWebKit/537.36 (KHTML, like Gecko) Chrome/79.0.3945.88 Safari/537.36"
47.56.199.24 - - [19/Mar/2020:13:38:57 +0100] "GET /contacto.html HTTP/1.1" 200 4738 "https://www.serynco.es/contacto.html" "Mozilla/5.0 (Windows NT 6.1; Win64; x64) AppleWebKit/537.36 (KHTML, like Gecko) Chrome/79.0.3945.88 Safari/537.36"
66.70.160.91 - - [19/Mar/2020:13:40:02 +0100] "GET / HTTP/1.1" 200 9007 "http://serynco.es/" "Mozilla/5.0 (compatible; MSIE 10.0; Windows NT 6.2; Win64; IA64)"
109.248.237.61 - - [19/Mar/2020:13:55:05 +0100] "GET /controlsimultaneidad.html HTTP/1.1" 200 8092 "-" "Mozilla/5.0 (X11; Linux x86_64; SafecontentBot/1.0 ; +http://safecontent.io/) AppleWebKit/537.36 (KHTML, like Gecko) Chrome/55.0.2883.75 Safari/537.36"
94.203.13.146 - - [19/Mar/2020:14:43:12 +0100] "GET / HTTP/1.1" 200 9258 "http://anti-crisis-seo.com" "Mozilla/5.0 (Windows NT 10.0; Win64; x64) AppleWebKit/537.36 (KHTML, like Gecko) Chrome/74.0.3729.169 Safari/537.36"
114.119.162.95 - - [19/Mar/2020:14:51:47 +0100] "GET / HTTP/1.1" 200 9021 "-" "Mozilla/5.0 (Linux; Android 7.0;) AppleWebKit/537.36 (KHTML, like Gecko) Mobile Safari/537.36 (compatible; AspiegelBot)"
109.248.237.61 - - [19/Mar/2020:15:09:49 +0100] "GET /controlsimultaneidad.html HTTP/1.1" 200 8092 "-" "Mozilla/5.0 (Linux; Android 6.0; Nexus 5 ; SafecontentBot/1.0 ; +http://safecontent.io/) AppleWebKit/537.36 (KHTML, like Gecko) Chrome/55.0.2883.75 Mobile Safari/537.3"
92.204.50.32 - - [19/Mar/2020:15:24:34 +0100] "GET / HTTP/1.1" 200 9253 "-" "python-requests/2.23.0"
92.204.50.32 - - [19/Mar/2020:15:32:49 +0100] "GET / HTTP/1.1" 200 9253 "-" "python-requests/2.23.0"
109.248.237.61 - - [19/Mar/2020:15:44:33 +0100] "GET /controlsimultaneidad.html HTTP/1.1" 200 8092 "-" "Mozilla/5.0 (Linux; Android 6.0; Nexus 5 ; SafecontentBot/1.0 ; +http://safecontent.io/) AppleWebKit/537.36 (KHTML, like Gecko) Chrome/55.0.2883.75 Mobile Safari/537.3"
157.55.39.28 - - [19/Mar/2020:16:11:09 +0100] "GET /robots.txt HTTP/1.1" 200 3712 "-" "Mozilla/5.0 (compatible; bingbot/2.0; +http://www.bing.com/bingbot.htm)"
109.248.237.61 - - [19/Mar/2020:16:20:12 +0100] "GET /controlsimultaneidad.html HTTP/1.1" 200 8092 "-" "Mozilla/5.0 (Linux; Android 6.0; Nexus 5 ; SafecontentBot/1.0 ; +http://safecontent.io/) AppleWebKit/537.36 (KHTML, like Gecko) Chrome/55.0.2883.75 Mobile Safari/537.3"
109.248.237.61 - - [19/Mar/2020:16:54:41 +0100] "GET /controlsimultaneidad.html HTTP/1.1" 200 8092 "-" "Mozilla/5.0 (Linux; Android 6.0; Nexus 5 ; SafecontentBot/1.0 ; +http://safecontent.io/) AppleWebKit/537.36 (KHTML, like Gecko) Chrome/55.0.2883.75 Mobile Safari/537.3"
157.55.39.181 - - [19/Mar/2020:17:15:49 +0100] "GET / HTTP/1.1" 200 9253 "-" "Mozilla/5.0 (compatible; bingbot/2.0; +http://www.bing.com/bingbot.htm)"
139.59.153.133 - - [19/Mar/2020:17:21:20 +0100] "GET /wp-login.php HTTP/1.1" 404 3422 "http://serynco.es/wp-login.php" "Mozilla/5.0 (X11; Ubuntu; Linux x86_64; rv:62.0) Gecko/20100101 Firefox/62.0"
66.249.66.78 - - [19/Mar/2020:17:23:16 +0100] "GET /images/camara14001.gif HTTP/1.1" 304 3453 "-" "Googlebot-Image/1.0"
109.248.237.61 - - [19/Mar/2020:17:29:53 +0100] "GET /controlsimultaneidad.html HTTP/1.1" 200 8092 "-" "Mozilla/5.0 (Linux; Android 6.0; Nexus 5 ; SafecontentBot/1.0 ; +http://safecontent.io/) AppleWebKit/537.36 (KHTML, like Gecko) Chrome/55.0.2883.75 Mobile Safari/537.3"
66.249.66.78 - - [19/Mar/2020:17:39:16 +0100] "GET /images/logo.gif HTTP/1.1" 304 3453 "-" "Googlebot-Image/1.0"
49.85.98.84 - - [19/Mar/2020:17:52:45 +0100] "GET /robots.txt HTTP/1.1" 200 3480 "-" "Mozilla/5.0(Linux;Android 5.1.1;OPPO A33 Build/LMY47V;wv) AppleWebKit/537.36(KHTML,link Gecko) Version/4.0 Chrome/43.0.2357.121 Mobile Safari/537.36 LieBaoFast/4.51.3"
54.36.149.24 - - [19/Mar/2020:18:03:08 +0100] "GET /robots.txt HTTP/1.1" 200 3461 "-" "Mozilla/5.0 (compatible; AhrefsBot/6.1; +http://ahrefs.com/robot/)"
66.249.66.77 - - [19/Mar/2020:18:03:15 +0100] "GET /images/empresa.gif HTTP/1.1" 304 3453 "-" "Googlebot-Image/1.0"
66.249.66.78 - - [19/Mar/2020:18:08:58 +0100] "GET /construccion.html HTTP/1.1" 200 9748 "-" "Mozilla/5.0 (Linux; Android 6.0.1; Nexus 5X Build/MMB29P) AppleWebKit/537.36 (KHTML, like Gecko) Chrome/80.0.3987.92 Mobile Safari/537.36 (compatible; Googlebot/2.1; +http://www.google.com/bot.html)"
66.249.66.78 - - [19/Mar/2020:18:11:17 +0100] "GET /images/camara9001.gif HTTP/1.1" 304 3453 "-" "Googlebot-Image/1.0"
66.249.66.78 - - [19/Mar/2020:18:19:15 +0100] "GET /images/adorno-compania.jpg HTTP/1.1" 304 3453 "-" "Googlebot-Image/1.0"
109.248.237.61 - - [19/Mar/2020:18:48:02 +0100] "GET /controlsimultaneidad.html HTTP/1.1" 200 8092 "-" "Mozilla/5.0 (Linux; Android 6.0; Nexus 5 ; SafecontentBot/1.0 ; +http://safecontent.io/) AppleWebKit/537.36 (KHTML, like Gecko) Chrome/55.0.2883.75 Mobile Safari/537.3"
157.55.39.28 - - [19/Mar/2020:19:25:20 +0100] "GET /robots.txt HTTP/1.1" 200 2037 "-" "Mozilla/5.0 (compatible; bingbot/2.0; +http://www.bing.com/bingbot.htm)"
157.55.39.28 - - [19/Mar/2020:19:25:20 +0100] "GET /robots.txt HTTP/1.1" 200 3712 "-" "Mozilla/5.0 (compatible; bingbot/2.0; +http://www.bing.com/bingbot.htm)"
66.249.66.78 - - [19/Mar/2020:19:26:54 +0100] "GET / HTTP/1.1" 200 9253 "-" "Mozilla/5.0 (Linux; Android 6.0.1; Nexus 5X Build/MMB29P) AppleWebKit/537.36 (KHTML, like Gecko) Chrome/41.0.2272.96 Mobile Safari/537.36 (compatible; Googlebot/2.1; +http://www.google.com/bot.html)"
66.249.66.78 - - [19/Mar/2020:20:06:47 +0100] "GET /seguridad-salud.html HTTP/1.1" 200 9752 "-" "Mozilla/5.0 (Linux; Android 6.0.1; Nexus 5X Build/MMB29P) AppleWebKit/537.36 (KHTML, like Gecko) Chrome/80.0.3987.92 Mobile Safari/537.36 (compatible; Googlebot/2.1; +http://www.google.com/bot.html)"
66.249.66.76 - - [19/Mar/2020:20:14:42 +0100] "GET /buzon-sugerencias.html HTTP/1.1" 200 7425 "-" "Mozilla/5.0 (Linux; Android 6.0.1; Nexus 5X Build/MMB29P) AppleWebKit/537.36 (KHTML, like Gecko) Chrome/80.0.3987.92 Mobile Safari/537.36 (compatible; Googlebot/2.1; +http://www.google.com/bot.html)"
66.249.66.78 - - [19/Mar/2020:20:23:03 +0100] "GET /noticias/publicaci%C3%B3n-faro.pdf HTTP/1.1" 200 266910 "-" "Mozilla/5.0 (Linux; Android 6.0.1; Nexus 5X Build/MMB29P) AppleWebKit/537.36 (KHTML, like Gecko) Chrome/80.0.3987.92 Mobile Safari/537.36 (compatible; Googlebot/2.1; +http://www.google.com/bot.html)"
66.249.66.76 - - [19/Mar/2020:20:37:30 +0100] "GET /empresa.html HTTP/1.1" 200 9455 "-" "Mozilla/5.0 (Linux; Android 6.0.1; Nexus 5X Build/MMB29P) AppleWebKit/537.36 (KHTML, like Gecko) Chrome/41.0.2272.96 Mobile Safari/537.36 (compatible; Googlebot/2.1; +http://www.google.com/bot.html)"
109.248.237.61 - - [19/Mar/2020:20:40:03 +0100] "GET /controlsimultaneidad.html HTTP/1.1" 200 8092 "-" "Mozilla/5.0 (Linux; Android 6.0; Nexus 5 ; SafecontentBot/1.0 ; +http://safecontent.io/) AppleWebKit/537.36 (KHTML, like Gecko) Chrome/55.0.2883.75 Mobile Safari/537.3"
66.249.66.206 - - [19/Mar/2020:20:50:00 +0100] "GET / HTTP/1.1" 200 9253 "-" "Mozilla/5.0 (compatible; Googlebot/2.1; +http://www.google.com/bot.html)"
66.249.66.202 - - [19/Mar/2020:20:50:04 +0100] "GET /javascript/flash_detect.js HTTP/1.1" 200 11634 "https://serynco.es/" "Mozilla/5.0 AppleWebKit/537.36 (KHTML, like Gecko; compatible; Googlebot/2.1; +http://www.google.com/bot.html) Chrome/80.0.3987.92 Safari/537.36"
66.249.66.202 - - [19/Mar/2020:20:50:04 +0100] "GET /css/style.css HTTP/1.1" 200 8834 "https://serynco.es/" "Mozilla/5.0 AppleWebKit/537.36 (KHTML, like Gecko; compatible; Googlebot/2.1; +http://www.google.com/bot.html) Chrome/80.0.3987.92 Safari/537.36"
46.166.173.6 - - [19/Mar/2020:21:00:50 +0100] "GET /wordpress/wp-admin/install.php HTTP/1.1" 404 4605 "-" "Python-urllib/2.7"
109.248.237.61 - - [19/Mar/2020:21:18:21 +0100] "GET /controlsimultaneidad.html HTTP/1.1" 200 8092 "-" "Mozilla/5.0 (Linux; Android 6.0; Nexus 5 ; SafecontentBot/1.0 ; +http://safecontent.io/) AppleWebKit/537.36 (KHTML, like Gecko) Chrome/55.0.2883.75 Mobile Safari/537.3"
66.249.66.76 - - [19/Mar/2020:21:20:21 +0100] "GET /index.html HTTP/1.1" 200 9253 "-" "Mozilla/5.0 (Linux; Android 6.0.1; Nexus 5X Build/MMB29P) AppleWebKit/537.36 (KHTML, like Gecko) Chrome/80.0.3987.92 Mobile Safari/537.36 (compatible; Googlebot/2.1; +http://www.google.com/bot.html)"
207.46.13.175 - - [19/Mar/2020:22:01:00 +0100] "GET /construccion.html HTTP/1.1" 200 9748 "-" "Mozilla/5.0 (compatible; bingbot/2.0; +http://www.bing.com/bingbot.htm)"
109.248.237.61 - - [19/Mar/2020:22:36:56 +0100] "GET /controlsimultaneidad.html HTTP/1.1" 200 8092 "-" "Mozilla/5.0 (X11; Linux x86_64) AppleWebKit/537.36 (KHTML, like Gecko) Chrome/55.0.2883.75 Safari/537.36"
66.249.66.204 - - [19/Mar/2020:22:37:49 +0100] "GET /ingenieria.html HTTP/1.1" 200 11770 "-" "Mozilla/5.0 (Linux; Android 6.0.1; Nexus 5X Build/MMB29P) AppleWebKit/537.36 (KHTML, like Gecko) Chrome/80.0.3987.92 Mobile Safari/537.36 (compatible; Googlebot/2.1; +http://www.google.com/bot.html)"
192.99.13.133 - - [19/Mar/2020:22:56:21 +0100] "GET /robots.txt HTTP/1.1" 200 3712 "-" "Mozilla/5.0 (compatible; MJ12bot/v1.4.8; http://mj12bot.com/)"
192.99.13.133 - - [19/Mar/2020:23:00:51 +0100] "GET /noticias/publicaci%C3%B3n-faro.pdf HTTP/1.1" 200 266910 "-" "Mozilla/5.0 (compatible; MJ12bot/v1.4.8; http://mj12bot.com/)"
109.248.237.61 - - [19/Mar/2020:23:17:01 +0100] "GET /controlsimultaneidad.html HTTP/1.1" 200 8092 "-" "Mozilla/5.0 (Linux; Android 6.0; Nexus 5 ; SafecontentBot/1.0 ; +http://safecontent.io/) AppleWebKit/537.36 (KHTML, like Gecko) Chrome/55.0.2883.75 Mobile Safari/537.3"
66.249.66.78 - - [19/Mar/2020:23:30:27 +0100] "GET / HTTP/1.1" 200 9253 "-" "Mozilla/5.0 (compatible; Googlebot/2.1; +http://www.google.com/bot.html)"
66.249.66.206 - - [19/Mar/2020:23:44:34 +0100] "GET / HTTP/1.1" 200 9253 "-" "Mozilla/5.0 (Linux; Android 6.0.1; Nexus 5X Build/MMB29P) AppleWebKit/537.36 (KHTML, like Gecko) Chrome/41.0.2272.96 Mobile Safari/537.36 (compatible; Googlebot/2.1; +http://www.google.com/bot.html)"
66.249.66.202 - - [19/Mar/2020:23:48:02 +0100] "GET /construccion.html HTTP/1.1" 200 9748 "-" "Mozilla/5.0 (Linux; Android 6.0.1; Nexus 5X Build/MMB29P) AppleWebKit/537.36 (KHTML, like Gecko) Chrome/80.0.3987.92 Mobile Safari/537.36 (compatible; Googlebot/2.1; +http://www.google.com/bot.html)"
157.55.39.28 - - [20/Mar/2020:00:11:58 +0100] "GET /robots.txt HTTP/1.1" 200 3712 "-" "Mozilla/5.0 (compatible; bingbot/2.0; +http://www.bing.com/bingbot.htm)"
207.46.13.175 - - [20/Mar/2020:00:30:58 +0100] "GET /construccion.html HTTP/1.1" 200 9748 "-" "Mozilla/5.0 (compatible; bingbot/2.0; +http://www.bing.com/bingbot.htm)"
218.73.119.10 - - [20/Mar/2020:00:58:26 +0100] "GET /buzon-sugerencias.html HTTP/1.1" 200 7193 "-" "Mozilla/5.0 (Linux; Android 7.0; FRD-AL00 Build/HUAWEIFRD-AL00; wv) AppleWebKit/537.36 (KHTML, like Gecko) Version/4.0 Chrome/53.0.2785.49 Mobile MQQBrowser/6.2 TBS/043602 Safari/537.36 MicroMessenger/6.5.16.1120 NetType/WIFI Language/zh_CN"
186.81.93.139 - - [20/Mar/2020:01:01:38 +0100] "GET /images/ORGANIGRAMAv02.JPG HTTP/1.1" 200 59591 "-" "Mozilla/5.0 (Windows NT 6.3) AppleWebKit/537.36 (KHTML, like Gecko) Chrome/80.0.3987.149 Safari/537.36"
207.46.13.175 - - [20/Mar/2020:01:11:37 +0100] "GET /images/adorno-empleo.gif HTTP/1.1" 200 32999 "-" "Mozilla/5.0 (compatible; bingbot/2.0; +http://www.bing.com/bingbot.htm)"
151.80.39.64 - - [20/Mar/2020:01:33:36 +0100] "GET / HTTP/1.1" 200 9002 "-" "Mozilla/5.0 (compatible; AhrefsBot/6.1; +http://ahrefs.com/robot/)"
114.119.167.228 - - [20/Mar/2020:02:41:15 +0100] "GET /legal.html HTTP/1.1" 200 8487 "-" "Mozilla/5.0 (Linux; Android 7.0;) AppleWebKit/537.36 (KHTML, like Gecko) Mobile Safari/537.36 (compatible; AspiegelBot)"
34.74.57.169 - - [20/Mar/2020:03:18:30 +0100] "GET /robots.txt HTTP/1.1" 200 3461 "-" "ZoominfoBot (zoominfobot at zoominfo dot com)"
34.74.57.169 - - [20/Mar/2020:03:18:30 +0100] "GET /robots.txt HTTP/1.0" 200 417 "-" "ZoominfoBot (zoominfobot at zoominfo dot com)"
34.74.57.169 - - [20/Mar/2020:03:18:30 +0100] "GET / HTTP/1.0" 200 6095 "-" "ZoominfoBot (zoominfobot at zoominfo dot com)"
34.74.57.169 - - [20/Mar/2020:03:26:20 +0100] "GET /robots.txt HTTP/1.1" 200 3461 "-" "ZoominfoBot (zoominfobot at zoominfo dot com)"
34.74.57.169 - - [20/Mar/2020:03:26:20 +0100] "GET /robots.txt HTTP/1.0" 200 417 "-" "ZoominfoBot (zoominfobot at zoominfo dot com)"
34.74.57.169 - - [20/Mar/2020:03:26:21 +0100] "GET / HTTP/1.0" 200 6095 "-" "ZoominfoBot (zoominfobot at zoominfo dot com)"
151.80.39.64 - - [20/Mar/2020:03:30:48 +0100] "GET /index.html HTTP/1.1" 200 9002 "-" "Mozilla/5.0 (compatible; AhrefsBot/6.1; +http://ahrefs.com/robot/)"
123.179.131.127 - - [20/Mar/2020:03:48:27 +0100] "GET /robots.txt HTTP/1.1" 200 3480 "-" "Mozilla/5.0(Linux;Android 5.1.1;OPPO A33 Build/LMY47V;wv) AppleWebKit/537.36(KHTML,link Gecko) Version/4.0 Chrome/43.0.2357.121 Mobile Safari/537.36 LieBaoFast/4.51.3"
5.9.108.254 - - [20/Mar/2020:04:20:39 +0100] "GET /robots.txt HTTP/1.1" 200 3712 "-" "Mozilla/5.0 (compatible; MJ12bot/v1.4.8; http://mj12bot.com/)"
5.9.108.254 - - [20/Mar/2020:04:20:42 +0100] "GET / HTTP/1.1" 200 5939 "-" "Mozilla/5.0 (compatible; MJ12bot/v1.4.8; http://mj12bot.com/)"
173.252.87.10 - - [20/Mar/2020:05:56:10 +0100] "HEAD / HTTP/1.1" 206 3063 "-" "facebookexternalhit/1.1 (+http://www.facebook.com/externalhit_uatext.php)"
173.252.87.32 - - [20/Mar/2020:05:56:17 +0100] "GET / HTTP/1.1" 206 9049 "-" "facebookexternalhit/1.1 (+http://www.facebook.com/externalhit_uatext.php)"
34.217.123.199 - - [20/Mar/2020:06:24:02 +0100] "GET / HTTP/1.1" 200 9253 "-" "Mozilla/5.0 (Windows NT 10.0; Win64; x64)AppleWebKit/537.36 (KHTML, like Gecko) Chrome/66.0.3359.181 Safari/537.36"
52.41.211.72 - - [20/Mar/2020:06:24:03 +0100] "HEAD / HTTP/1.1" 200 3063 "-" "Go-http-client/1.1"
42.236.10.107 - - [20/Mar/2020:07:52:13 +0100] "GET / HTTP/1.1" 200 9063 "https://www.serynco.es/" "Mozilla/5.0 (Windows NT 6.1; WOW64) AppleWebKit/537.36 (KHTML, like Gecko) Chrome/50.0.2661.102 Safari/537.36; 360Spider"
42.236.102.213 - - [20/Mar/2020:07:58:42 +0100] "GET / HTTP/1.1" 200 9063 "https://www.serynco.es/" "Mozilla/5.0 (Windows NT 6.1; WOW64) AppleWebKit/537.36 (KHTML, like Gecko) Chrome/50.0.2661.102 Safari/537.36; 360Spider"
178.23.211.246 - - [20/Mar/2020:08:05:03 +0100] "POST /AutoDiscover/autodiscover.xml HTTP/1.1" 400 3789 "-" "Microsoft Office/16.0 (Windows NT 10.0; Microsoft Excel 16.0.11929; Pro)"
122.246.95.248 - - [20/Mar/2020:09:00:46 +0100] "GET /robots.txt HTTP/1.1" 200 3480 "-" "Mozilla/5.0(Linux;U;Android 5.1.1;zh-CN;OPPO A33 Build/LMY47V) AppleWebKit/537.36(KHTML,like Gecko) Version/4.0 Chrome/40.0.2214.89 UCBrowser/11.7.0.953 Mobile Safari/537.36"
66.249.66.77 - - [20/Mar/2020:09:12:02 +0100] "GET /robots.txt HTTP/1.1" 200 3712 "-" "Mozilla/5.0 (compatible; Googlebot/2.1; +http://www.google.com/bot.html)"
66.249.75.59 - - [20/Mar/2020:09:12:03 +0100] "GET /empresa.html HTTP/1.1" 200 9455 "-" "Mozilla/5.0 (compatible; Googlebot/2.1; +http://www.google.com/bot.html)"
157.55.39.166 - - [20/Mar/2020:10:12:36 +0100] "GET /contacto.html HTTP/1.1" 304 3453 "-" "Mozilla/5.0 (compatible; bingbot/2.0; +http://www.bing.com/bingbot.htm)"
114.119.162.140 - - [20/Mar/2020:10:19:21 +0100] "GET /robots.txt HTTP/1.1" 200 3480 "-" "Mozilla/5.0 (Linux; Android 7.0;) AppleWebKit/537.36 (KHTML, like Gecko) Mobile Safari/537.36 (compatible; AspiegelBot)"
17.58.98.26 - - [20/Mar/2020:10:57:57 +0100] "GET /robots.txt HTTP/1.1" 200 3461 "-" "Mozilla/5.0 (Macintosh; Intel Mac OS X 10_10_1) AppleWebKit/600.2.5 (KHTML, like Gecko) Version/8.0.2 Safari/600.2.5 (Applebot/0.1; +http://www.apple.com/go/applebot)"
17.58.100.148 - - [20/Mar/2020:10:57:58 +0100] "GET / HTTP/1.1" 200 9002 "-" "Mozilla/5.0 (Macintosh; Intel Mac OS X 10_10_1) AppleWebKit/600.2.5 (KHTML, like Gecko) Version/8.0.2 Safari/600.2.5 (Applebot/0.1; +http://www.apple.com/go/applebot)"
114.119.161.173 - - [20/Mar/2020:11:23:13 +0100] "GET /buzon-sugerencias.html HTTP/1.1" 200 7193 "-" "Mozilla/5.0 (Linux; Android 7.0;) AppleWebKit/537.36 (KHTML, like Gecko) Mobile Safari/537.36 (compatible; AspiegelBot)"
178.23.211.246 - - [20/Mar/2020:11:48:38 +0100] "POST /AutoDiscover/autodiscover.xml HTTP/1.1" 400 3789 "-" "Microsoft Office/16.0 (Windows NT 10.0; Microsoft Excel 16.0.11929; Pro)"
34.73.189.55 - - [20/Mar/2020:12:06:07 +0100] "GET /robots.txt HTTP/1.1" 200 3461 "-" "ZoominfoBot (zoominfobot at zoominfo dot com)"
34.73.189.55 - - [20/Mar/2020:12:06:07 +0100] "GET /robots.txt HTTP/1.0" 200 417 "-" "ZoominfoBot (zoominfobot at zoominfo dot com)"
34.73.189.55 - - [20/Mar/2020:12:06:07 +0100] "GET / HTTP/1.0" 200 6095 "-" "ZoominfoBot (zoominfobot at zoominfo dot com)"
3.215.77.48 - - [20/Mar/2020:12:12:27 +0100] "GET / HTTP/1.1" 200 9253 "-" "Mozilla/5.0 (Macintosh; Intel Mac OS X 10_15_0) AppleWebKit/537.36 (KHTML, like Gecko) Chrome/78.0.3904.87 Safari/537.36"
34.73.189.55 - - [20/Mar/2020:12:13:55 +0100] "GET /robots.txt HTTP/1.1" 200 3461 "-" "ZoominfoBot (zoominfobot at zoominfo dot com)"
34.73.189.55 - - [20/Mar/2020:12:13:56 +0100] "GET /robots.txt HTTP/1.0" 200 417 "-" "ZoominfoBot (zoominfobot at zoominfo dot com)"
34.73.189.55 - - [20/Mar/2020:12:13:56 +0100] "GET / HTTP/1.0" 200 6095 "-" "ZoominfoBot (zoominfobot at zoominfo dot com)"
157.55.39.166 - - [20/Mar/2020:12:21:52 +0100] "GET /robots.txt HTTP/1.1" 200 3712 "-" "msnbot/2.0b (+http://search.msn.com/msnbot.htm)"
207.46.13.175 - - [20/Mar/2020:12:21:59 +0100] "GET /css/style.css HTTP/1.1" 200 12093 "-" "msnbot/2.0b (+http://search.msn.com/msnbot.htm)"
151.55.34.118 - - [20/Mar/2020:13:38:03 +0100] "GET / HTTP/1.1" 200 9253 "-" "Mozilla/5.0 (X11; Linux x86_64) AppleWebKit/537.36 (KHTML, like Gecko) HeadlessChrome/77.0.3827.0 Safari/537.36"
151.55.34.118 - - [20/Mar/2020:13:38:03 +0100] "GET /css/style.css HTTP/1.1" 200 8834 "https://www.serynco.es/" "Mozilla/5.0 (X11; Linux x86_64) AppleWebKit/537.36 (KHTML, like Gecko) HeadlessChrome/77.0.3827.0 Safari/537.36"
151.55.34.118 - - [20/Mar/2020:13:38:03 +0100] "GET /javascript/flash_detect.js HTTP/1.1" 200 8375 "https://www.serynco.es/" "Mozilla/5.0 (X11; Linux x86_64) AppleWebKit/537.36 (KHTML, like Gecko) HeadlessChrome/77.0.3827.0 Safari/537.36"
151.55.34.118 - - [20/Mar/2020:13:38:03 +0100] "GET /images/logo.gif HTTP/1.1" 200 10425 "https://www.serynco.es/" "Mozilla/5.0 (X11; Linux x86_64) AppleWebKit/537.36 (KHTML, like Gecko) HeadlessChrome/77.0.3827.0 Safari/537.36"
151.55.34.118 - - [20/Mar/2020:13:38:03 +0100] "GET /images/fondo-body.jpg HTTP/1.1" 200 15911 "https://www.serynco.es/css/style.css" "Mozilla/5.0 (X11; Linux x86_64) AppleWebKit/537.36 (KHTML, like Gecko) HeadlessChrome/77.0.3827.0 Safari/537.36"
151.55.34.118 - - [20/Mar/2020:13:38:03 +0100] "GET /images/fondoenlace.jpg HTTP/1.1" 200 15102 "https://www.serynco.es/css/style.css" "Mozilla/5.0 (X11; Linux x86_64) AppleWebKit/537.36 (KHTML, like Gecko) HeadlessChrome/77.0.3827.0 Safari/537.36"
151.55.34.118 - - [20/Mar/2020:13:38:04 +0100] "GET /images/footer.jpg HTTP/1.1" 200 20345 "https://www.serynco.es/css/style.css" "Mozilla/5.0 (X11; Linux x86_64) AppleWebKit/537.36 (KHTML, like Gecko) HeadlessChrome/77.0.3827.0 Safari/537.36"
151.55.34.118 - - [20/Mar/2020:13:38:03 +0100] "GET /images/fondo-cabecero.gif HTTP/1.1" 200 60652 "https://www.serynco.es/css/style.css" "Mozilla/5.0 (X11; Linux x86_64) AppleWebKit/537.36 (KHTML, like Gecko) HeadlessChrome/77.0.3827.0 Safari/537.36"
178.23.211.246 - - [20/Mar/2020:14:07:48 +0100] "POST /AutoDiscover/autodiscover.xml HTTP/1.1" 400 3789 "-" "Microsoft Office/16.0 (Windows NT 10.0; Microsoft Word 16.0.12624; Pro)"
178.23.211.246 - - [20/Mar/2020:14:49:30 +0100] "POST /autodiscover/autodiscover.xml HTTP/1.1" 400 3789 "-" "Microsoft Office/16.0 (Windows NT 10.0; Microsoft Outlook 16.0.12624; Pro)"
115.148.42.73 - - [20/Mar/2020:14:54:23 +0100] "GET /robots.txt HTTP/1.1" 200 3480 "-" "Mozilla/5.0 (Linux; Android 7.0; FRD-AL00 Build/HUAWEIFRD-AL00; wv) AppleWebKit/537.36 (KHTML, like Gecko) Version/4.0 Chrome/53.0.2785.49 Mobile MQQBrowser/6.2 TBS/043602 Safari/537.36 MicroMessenger/6.5.16.1120 NetType/WIFI Language/zh_CN"
207.46.13.134 - - [20/Mar/2020:15:09:01 +0100] "GET /index.php/javascript/flash_detect.js HTTP/1.1" 200 9304 "-" "Mozilla/5.0 (compatible; MSIE 9.0; Windows NT 6.1; Trident/5.0)"
157.55.39.241 - - [20/Mar/2020:15:17:40 +0100] "GET /servicios.html HTTP/1.1" 304 3453 "-" "Mozilla/5.0 (compatible; bingbot/2.0; +http://www.bing.com/bingbot.htm)"
47.63.202.146 - - [20/Mar/2020:15:45:56 +0100] "GET / HTTP/1.1" 200 9253 "https://www.google.com/" "Mozilla/5.0 (Windows NT 10.0; Win64; x64) AppleWebKit/537.36 (KHTML, like Gecko) Chrome/80.0.3987.149 Safari/537.36"
145.239.7.42 - - [20/Mar/2020:15:45:56 +0100] "GET / HTTP/1.1" 200 9253 "-" "Mozilla/5.0 (Windows NT 6.1; WOW64; rv:40.0) Gecko/20100101 Firefox/40.0"
47.63.202.146 - - [20/Mar/2020:15:45:56 +0100] "GET /css/style.css HTTP/1.1" 200 8834 "https://www.serynco.es/" "Mozilla/5.0 (Windows NT 10.0; Win64; x64) AppleWebKit/537.36 (KHTML, like Gecko) Chrome/80.0.3987.149 Safari/537.36"
47.63.202.146 - - [20/Mar/2020:15:45:57 +0100] "GET /javascript/flash_detect.js HTTP/1.1" 200 8375 "https://www.serynco.es/" "Mozilla/5.0 (Windows NT 10.0; Win64; x64) AppleWebKit/537.36 (KHTML, like Gecko) Chrome/80.0.3987.149 Safari/537.36"
47.63.202.146 - - [20/Mar/2020:15:45:57 +0100] "GET /images/logo.gif HTTP/1.1" 200 10287 "https://www.serynco.es/" "Mozilla/5.0 (Windows NT 10.0; Win64; x64) AppleWebKit/537.36 (KHTML, like Gecko) Chrome/80.0.3987.149 Safari/537.36"
47.63.202.146 - - [20/Mar/2020:15:45:57 +0100] "GET /images/fondo-body.jpg HTTP/1.1" 200 15911 "https://www.serynco.es/css/style.css" "Mozilla/5.0 (Windows NT 10.0; Win64; x64) AppleWebKit/537.36 (KHTML, like Gecko) Chrome/80.0.3987.149 Safari/537.36"
47.63.202.146 - - [20/Mar/2020:15:45:57 +0100] "GET /images/fondo-cabecero.gif HTTP/1.1" 200 63773 "https://www.serynco.es/css/style.css" "Mozilla/5.0 (Windows NT 10.0; Win64; x64) AppleWebKit/537.36 (KHTML, like Gecko) Chrome/80.0.3987.149 Safari/537.36"
47.63.202.146 - - [20/Mar/2020:15:45:57 +0100] "GET /images/fondoenlace.jpg HTTP/1.1" 200 15102 "https://www.serynco.es/css/style.css" "Mozilla/5.0 (Windows NT 10.0; Win64; x64) AppleWebKit/537.36 (KHTML, like Gecko) Chrome/80.0.3987.149 Safari/537.36"
47.63.202.146 - - [20/Mar/2020:15:45:57 +0100] "GET /images/footer.jpg HTTP/1.1" 200 23604 "https://www.serynco.es/css/style.css" "Mozilla/5.0 (Windows NT 10.0; Win64; x64) AppleWebKit/537.36 (KHTML, like Gecko) Chrome/80.0.3987.149 Safari/537.36"
47.63.202.146 - - [20/Mar/2020:15:45:57 +0100] "GET /favicon.ico HTTP/1.1" 404 1378 "https://www.serynco.es/" "Mozilla/5.0 (Windows NT 10.0; Win64; x64) AppleWebKit/537.36 (KHTML, like Gecko) Chrome/80.0.3987.149 Safari/537.36"
47.63.202.146 - - [20/Mar/2020:15:46:03 +0100] "GET /empresa.html HTTP/1.1" 200 9455 "https://www.serynco.es/" "Mozilla/5.0 (Windows NT 10.0; Win64; x64) AppleWebKit/537.36 (KHTML, like Gecko) Chrome/80.0.3987.149 Safari/537.36"
47.63.202.146 - - [20/Mar/2020:15:46:03 +0100] "GET /images/adorno-compania.jpg HTTP/1.1" 200 46445 "https://www.serynco.es/empresa.html" "Mozilla/5.0 (Windows NT 10.0; Win64; x64) AppleWebKit/537.36 (KHTML, like Gecko) Chrome/80.0.3987.149 Safari/537.36"
47.63.202.146 - - [20/Mar/2020:15:46:03 +0100] "GET /images/empresa.gif HTTP/1.1" 200 5042 "https://www.serynco.es/empresa.html" "Mozilla/5.0 (Windows NT 10.0; Win64; x64) AppleWebKit/537.36 (KHTML, like Gecko) Chrome/80.0.3987.149 Safari/537.36"
47.63.202.146 - - [20/Mar/2020:15:46:03 +0100] "GET /images/ORGANIGRAMAv02.JPG HTTP/1.1" 200 56332 "https://www.serynco.es/empresa.html" "Mozilla/5.0 (Windows NT 10.0; Win64; x64) AppleWebKit/537.36 (KHTML, like Gecko) Chrome/80.0.3987.149 Safari/537.36"
47.63.202.146 - - [20/Mar/2020:15:46:03 +0100] "GET /images/camara14001.gif HTTP/1.1" 200 4937 "https://www.serynco.es/empresa.html" "Mozilla/5.0 (Windows NT 10.0; Win64; x64) AppleWebKit/537.36 (KHTML, like Gecko) Chrome/80.0.3987.149 Safari/537.36"
47.63.202.146 - - [20/Mar/2020:15:46:03 +0100] "GET /images/camara9001.gif HTTP/1.1" 200 4656 "https://www.serynco.es/empresa.html" "Mozilla/5.0 (Windows NT 10.0; Win64; x64) AppleWebKit/537.36 (KHTML, like Gecko) Chrome/80.0.3987.149 Safari/537.36"
47.63.202.146 - - [20/Mar/2020:15:46:03 +0100] "GET /images/fondo-cabecero2.gif HTTP/1.1" 200 54434 "https://www.serynco.es/css/style.css" "Mozilla/5.0 (Windows NT 10.0; Win64; x64) AppleWebKit/537.36 (KHTML, like Gecko) Chrome/80.0.3987.149 Safari/537.36"
47.63.202.146 - - [20/Mar/2020:15:46:12 +0100] "GET /empleo.html HTTP/1.1" 200 7475 "https://www.serynco.es/empresa.html" "Mozilla/5.0 (Windows NT 10.0; Win64; x64) AppleWebKit/537.36 (KHTML, like Gecko) Chrome/80.0.3987.149 Safari/537.36"
47.63.202.146 - - [20/Mar/2020:15:46:12 +0100] "GET /images/adorno-empleo.gif HTTP/1.1" 200 32999 "https://www.serynco.es/empleo.html" "Mozilla/5.0 (Windows NT 10.0; Win64; x64) AppleWebKit/537.36 (KHTML, like Gecko) Chrome/80.0.3987.149 Safari/537.36"
47.63.202.146 - - [20/Mar/2020:15:46:12 +0100] "GET /images/empleo.gif HTTP/1.1" 200 3899 "https://www.serynco.es/empleo.html" "Mozilla/5.0 (Windows NT 10.0; Win64; x64) AppleWebKit/537.36 (KHTML, like Gecko) Chrome/80.0.3987.149 Safari/537.36"
47.63.202.146 - - [20/Mar/2020:15:46:14 +0100] "GET /clientes.html HTTP/1.1" 200 10618 "https://www.serynco.es/empleo.html" "Mozilla/5.0 (Windows NT 10.0; Win64; x64) AppleWebKit/537.36 (KHTML, like Gecko) Chrome/80.0.3987.149 Safari/537.36"
47.63.202.146 - - [20/Mar/2020:15:46:14 +0100] "GET /images/adorno-clientes.jpg HTTP/1.1" 200 67093 "https://www.serynco.es/clientes.html" "Mozilla/5.0 (Windows NT 10.0; Win64; x64) AppleWebKit/537.36 (KHTML, like Gecko) Chrome/80.0.3987.149 Safari/537.36"
47.63.202.146 - - [20/Mar/2020:15:46:14 +0100] "GET /images/clientes.gif HTTP/1.1" 200 4088 "https://www.serynco.es/clientes.html" "Mozilla/5.0 (Windows NT 10.0; Win64; x64) AppleWebKit/537.36 (KHTML, like Gecko) Chrome/80.0.3987.149 Safari/537.36"
47.63.202.146 - - [20/Mar/2020:15:46:14 +0100] "GET /images/logo-acs.gif HTTP/1.1" 200 3945 "https://www.serynco.es/clientes.html" "Mozilla/5.0 (Windows NT 10.0; Win64; x64) AppleWebKit/537.36 (KHTML, like Gecko) Chrome/80.0.3987.149 Safari/537.36"
47.63.202.146 - - [20/Mar/2020:15:46:14 +0100] "GET /images/logo-sanse.gif HTTP/1.1" 200 6735 "https://www.serynco.es/clientes.html" "Mozilla/5.0 (Windows NT 10.0; Win64; x64) AppleWebKit/537.36 (KHTML, like Gecko) Chrome/80.0.3987.149 Safari/537.36"
47.63.202.146 - - [20/Mar/2020:15:46:14 +0100] "GET /images/logo-guadarrama.gif HTTP/1.1" 200 4179 "https://www.serynco.es/clientes.html" "Mozilla/5.0 (Windows NT 10.0; Win64; x64) AppleWebKit/537.36 (KHTML, like Gecko) Chrome/80.0.3987.149 Safari/537.36"
47.63.202.146 - - [20/Mar/2020:15:46:14 +0100] "GET /images/logo-alcorcon.gif HTTP/1.1" 200 7100 "https://www.serynco.es/clientes.html" "Mozilla/5.0 (Windows NT 10.0; Win64; x64) AppleWebKit/537.36 (KHTML, like Gecko) Chrome/80.0.3987.149 Safari/537.36"
47.63.202.146 - - [20/Mar/2020:15:46:14 +0100] "GET /images/logo-sando.gif HTTP/1.1" 200 4653 "https://www.serynco.es/clientes.html" "Mozilla/5.0 (Windows NT 10.0; Win64; x64) AppleWebKit/537.36 (KHTML, like Gecko) Chrome/80.0.3987.149 Safari/537.36"
47.63.202.146 - - [20/Mar/2020:15:46:14 +0100] "GET /images/logo-aldesa.gif HTTP/1.1" 200 3912 "https://www.serynco.es/clientes.html" "Mozilla/5.0 (Windows NT 10.0; Win64; x64) AppleWebKit/537.36 (KHTML, like Gecko) Chrome/80.0.3987.149 Safari/537.36"
47.63.202.146 - - [20/Mar/2020:15:46:14 +0100] "GET /images/logo-ferrovial.gif HTTP/1.1" 200 5182 "https://www.serynco.es/clientes.html" "Mozilla/5.0 (Windows NT 10.0; Win64; x64) AppleWebKit/537.36 (KHTML, like Gecko) Chrome/80.0.3987.149 Safari/537.36"
47.63.202.146 - - [20/Mar/2020:15:46:14 +0100] "GET /images/logo-navalcarnero.gif HTTP/1.1" 200 8386 "https://www.serynco.es/clientes.html" "Mozilla/5.0 (Windows NT 10.0; Win64; x64) AppleWebKit/537.36 (KHTML, like Gecko) Chrome/80.0.3987.149 Safari/537.36"
47.63.202.146 - - [20/Mar/2020:15:46:14 +0100] "GET /images/logo-sanjose.gif HTTP/1.1" 200 8036 "https://www.serynco.es/clientes.html" "Mozilla/5.0 (Windows NT 10.0; Win64; x64) AppleWebKit/537.36 (KHTML, like Gecko) Chrome/80.0.3987.149 Safari/537.36"
47.63.202.146 - - [20/Mar/2020:15:46:14 +0100] "GET /images/logo-clh.gif HTTP/1.1" 200 4231 "https://www.serynco.es/clientes.html" "Mozilla/5.0 (Windows NT 10.0; Win64; x64) AppleWebKit/537.36 (KHTML, like Gecko) Chrome/80.0.3987.149 Safari/537.36"
47.63.202.146 - - [20/Mar/2020:15:46:14 +0100] "GET /images/logo-fcc.gif HTTP/1.1" 200 4873 "https://www.serynco.es/clientes.html" "Mozilla/5.0 (Windows NT 10.0; Win64; x64) AppleWebKit/537.36 (KHTML, like Gecko) Chrome/80.0.3987.149 Safari/537.36"
47.63.202.146 - - [20/Mar/2020:15:46:14 +0100] "GET /images/logo-virton.gif HTTP/1.1" 200 3084 "https://www.serynco.es/clientes.html" "Mozilla/5.0 (Windows NT 10.0; Win64; x64) AppleWebKit/537.36 (KHTML, like Gecko) Chrome/80.0.3987.149 Safari/537.36"
47.63.202.146 - - [20/Mar/2020:15:46:14 +0100] "GET /images/logo-fercaber.gif HTTP/1.1" 200 4264 "https://www.serynco.es/clientes.html" "Mozilla/5.0 (Windows NT 10.0; Win64; x64) AppleWebKit/537.36 (KHTML, like Gecko) Chrome/80.0.3987.149 Safari/537.36"
47.63.202.146 - - [20/Mar/2020:15:46:14 +0100] "GET /images/logo-andaluc-ma.gif HTTP/1.1" 200 7544 "https://www.serynco.es/clientes.html" "Mozilla/5.0 (Windows NT 10.0; Win64; x64) AppleWebKit/537.36 (KHTML, like Gecko) Chrome/80.0.3987.149 Safari/537.36"
47.63.202.146 - - [20/Mar/2020:15:46:14 +0100] "GET /images/logo-envicosa.gif HTTP/1.1" 200 16258 "https://www.serynco.es/clientes.html" "Mozilla/5.0 (Windows NT 10.0; Win64; x64) AppleWebKit/537.36 (KHTML, like Gecko) Chrome/80.0.3987.149 Safari/537.36"
47.63.202.146 - - [20/Mar/2020:15:46:14 +0100] "GET /images/cuadro-borde-gris.gif HTTP/1.1" 200 745 "https://www.serynco.es/clientes.html" "Mozilla/5.0 (Windows NT 10.0; Win64; x64) AppleWebKit/537.36 (KHTML, like Gecko) Chrome/80.0.3987.149 Safari/537.36"
47.63.202.146 - - [20/Mar/2020:15:46:14 +0100] "GET /images/logo-valdemoro.gif HTTP/1.1" 200 8552 "https://www.serynco.es/clientes.html" "Mozilla/5.0 (Windows NT 10.0; Win64; x64) AppleWebKit/537.36 (KHTML, like Gecko) Chrome/80.0.3987.149 Safari/537.36"
47.63.202.146 - - [20/Mar/2020:15:46:14 +0100] "GET /images/logo-madrid.gif HTTP/1.1" 200 3327 "https://www.serynco.es/clientes.html" "Mozilla/5.0 (Windows NT 10.0; Win64; x64) AppleWebKit/537.36 (KHTML, like Gecko) Chrome/80.0.3987.149 Safari/537.36"
47.63.202.146 - - [20/Mar/2020:15:46:14 +0100] "GET /images/logo-imes.gif HTTP/1.1" 200 3097 "https://www.serynco.es/clientes.html" "Mozilla/5.0 (Windows NT 10.0; Win64; x64) AppleWebKit/537.36 (KHTML, like Gecko) Chrome/80.0.3987.149 Safari/537.36"
47.63.202.146 - - [20/Mar/2020:15:46:14 +0100] "GET /images/logo-riofisa.gif HTTP/1.1" 200 6978 "https://www.serynco.es/clientes.html" "Mozilla/5.0 (Windows NT 10.0; Win64; x64) AppleWebKit/537.36 (KHTML, like Gecko) Chrome/80.0.3987.149 Safari/537.36"
47.63.202.146 - - [20/Mar/2020:15:46:14 +0100] "GET /images/logo-cuniv.gif HTTP/1.1" 200 6641 "https://www.serynco.es/clientes.html" "Mozilla/5.0 (Windows NT 10.0; Win64; x64) AppleWebKit/537.36 (KHTML, like Gecko) Chrome/80.0.3987.149 Safari/537.36"
47.63.202.146 - - [20/Mar/2020:15:46:14 +0100] "GET /images/logo-obrum.gif HTTP/1.1" 200 8925 "https://www.serynco.es/clientes.html" "Mozilla/5.0 (Windows NT 10.0; Win64; x64) AppleWebKit/537.36 (KHTML, like Gecko) Chrome/80.0.3987.149 Safari/537.36"
47.63.202.146 - - [20/Mar/2020:15:46:14 +0100] "GET /images/logo-aena.gif HTTP/1.1" 200 4504 "https://www.serynco.es/clientes.html" "Mozilla/5.0 (Windows NT 10.0; Win64; x64) AppleWebKit/537.36 (KHTML, like Gecko) Chrome/80.0.3987.149 Safari/537.36"
47.63.202.146 - - [20/Mar/2020:15:46:14 +0100] "GET /images/logo-junta.gif HTTP/1.1" 200 9740 "https://www.serynco.es/clientes.html" "Mozilla/5.0 (Windows NT 10.0; Win64; x64) AppleWebKit/537.36 (KHTML, like Gecko) Chrome/80.0.3987.149 Safari/537.36"
47.63.202.146 - - [20/Mar/2020:15:46:14 +0100] "GET /images/logo-andaluc-op.gif HTTP/1.1" 200 7830 "https://www.serynco.es/clientes.html" "Mozilla/5.0 (Windows NT 10.0; Win64; x64) AppleWebKit/537.36 (KHTML, like Gecko) Chrome/80.0.3987.149 Safari/537.36"
47.63.202.146 - - [20/Mar/2020:15:46:14 +0100] "GET /images/logo-coslada-rojo.gif HTTP/1.1" 200 16941 "https://www.serynco.es/clientes.html" "Mozilla/5.0 (Windows NT 10.0; Win64; x64) AppleWebKit/537.36 (KHTML, like Gecko) Chrome/80.0.3987.149 Safari/537.36"
47.63.202.146 - - [20/Mar/2020:15:46:14 +0100] "GET /images/logo-madridmundo.gif HTTP/1.1" 200 5171 "https://www.serynco.es/clientes.html" "Mozilla/5.0 (Windows NT 10.0; Win64; x64) AppleWebKit/537.36 (KHTML, like Gecko) Chrome/80.0.3987.149 Safari/537.36"
47.63.202.146 - - [20/Mar/2020:15:46:14 +0100] "GET /images/logo-acciona.gif HTTP/1.1" 200 3947 "https://www.serynco.es/clientes.html" "Mozilla/5.0 (Windows NT 10.0; Win64; x64) AppleWebKit/537.36 (KHTML, like Gecko) Chrome/80.0.3987.149 Safari/537.36"
47.63.202.146 - - [20/Mar/2020:15:46:14 +0100] "GET /images/logo-sgs.gif HTTP/1.1" 200 4129 "https://www.serynco.es/clientes.html" "Mozilla/5.0 (Windows NT 10.0; Win64; x64) AppleWebKit/537.36 (KHTML, like Gecko) Chrome/80.0.3987.149 Safari/537.36"
47.63.202.146 - - [20/Mar/2020:15:46:14 +0100] "GET /images/logo-ineco.gif HTTP/1.1" 200 3981 "https://www.serynco.es/clientes.html" "Mozilla/5.0 (Windows NT 10.0; Win64; x64) AppleWebKit/537.36 (KHTML, like Gecko) Chrome/80.0.3987.149 Safari/537.36"
47.63.202.146 - - [20/Mar/2020:15:46:14 +0100] "GET /images/logo-defensa.gif HTTP/1.1" 200 9982 "https://www.serynco.es/clientes.html" "Mozilla/5.0 (Windows NT 10.0; Win64; x64) AppleWebKit/537.36 (KHTML, like Gecko) Chrome/80.0.3987.149 Safari/537.36"
47.63.202.146 - - [20/Mar/2020:15:46:14 +0100] "GET /images/logo-adif.gif HTTP/1.1" 200 2890 "https://www.serynco.es/clientes.html" "Mozilla/5.0 (Windows NT 10.0; Win64; x64) AppleWebKit/537.36 (KHTML, like Gecko) Chrome/80.0.3987.149 Safari/537.36"
47.63.202.146 - - [20/Mar/2020:15:46:14 +0100] "GET /images/logo-hispanica.gif HTTP/1.1" 200 3941 "https://www.serynco.es/clientes.html" "Mozilla/5.0 (Windows NT 10.0; Win64; x64) AppleWebKit/537.36 (KHTML, like Gecko) Chrome/80.0.3987.149 Safari/537.36"
47.63.202.146 - - [20/Mar/2020:15:46:14 +0100] "GET /images/logo-fomento.gif HTTP/1.1" 200 6388 "https://www.serynco.es/clientes.html" "Mozilla/5.0 (Windows NT 10.0; Win64; x64) AppleWebKit/537.36 (KHTML, like Gecko) Chrome/80.0.3987.149 Safari/537.36"
47.63.202.146 - - [20/Mar/2020:15:46:14 +0100] "GET /images/logo-sepes.gif HTTP/1.1" 200 2835 "https://www.serynco.es/clientes.html" "Mozilla/5.0 (Windows NT 10.0; Win64; x64) AppleWebKit/537.36 (KHTML, like Gecko) Chrome/80.0.3987.149 Safari/537.36"
47.63.202.146 - - [20/Mar/2020:15:49:42 +0100] "GET /contacto.html HTTP/1.1" 200 8052 "https://www.serynco.es/clientes.html" "Mozilla/5.0 (Windows NT 10.0; Win64; x64) AppleWebKit/537.36 (KHTML, like Gecko) Chrome/80.0.3987.149 Safari/537.36"
47.63.202.146 - - [20/Mar/2020:15:49:42 +0100] "GET /images/adorno-localizacion.jpg HTTP/1.1" 200 35756 "https://www.serynco.es/contacto.html" "Mozilla/5.0 (Windows NT 10.0; Win64; x64) AppleWebKit/537.36 (KHTML, like Gecko) Chrome/80.0.3987.149 Safari/537.36"
47.63.202.146 - - [20/Mar/2020:15:49:42 +0100] "GET /images/localizacion.gif HTTP/1.1" 200 5351 "https://www.serynco.es/contacto.html" "Mozilla/5.0 (Windows NT 10.0; Win64; x64) AppleWebKit/537.36 (KHTML, like Gecko) Chrome/80.0.3987.149 Safari/537.36"
47.63.202.146 - - [20/Mar/2020:15:49:42 +0100] "GET /images/mapa.gif HTTP/1.1" 200 94571 "https://www.serynco.es/contacto.html" "Mozilla/5.0 (Windows NT 10.0; Win64; x64) AppleWebKit/537.36 (KHTML, like Gecko) Chrome/80.0.3987.149 Safari/537.36"
66.249.66.77 - - [20/Mar/2020:16:34:30 +0100] "GET /robots.txt HTTP/1.1" 200 3712 "-" "Mozilla/5.0 (compatible; Googlebot/2.1; +http://www.google.com/bot.html)"
66.249.66.77 - - [20/Mar/2020:16:34:31 +0100] "GET /empresa.html HTTP/1.1" 200 6196 "-" "Mozilla/5.0 (compatible; Googlebot/2.1; +http://www.google.com/bot.html)"
66.249.66.78 - - [20/Mar/2020:16:38:24 +0100] "GET /images/camara14001.gif HTTP/1.1" 200 8196 "-" "Googlebot-Image/1.0"
17.58.100.148 - - [20/Mar/2020:16:46:27 +0100] "GET / HTTP/1.1" 200 9002 "-" "Mozilla/5.0 (Macintosh; Intel Mac OS X 10_10_1) AppleWebKit/600.2.5 (KHTML, like Gecko) Version/8.0.2 Safari/600.2.5 (Applebot/0.1; +http://www.apple.com/go/applebot)"
17.58.100.148 - - [20/Mar/2020:16:46:27 +0100] "GET / HTTP/1.1" 200 9002 "-" "Mozilla/5.0 (Macintosh; Intel Mac OS X 10_10_1) AppleWebKit/600.2.5 (KHTML, like Gecko) Version/8.0.2 Safari/600.2.5 (Applebot/0.1; +http://www.apple.com/go/applebot)"
17.58.100.148 - - [20/Mar/2020:16:46:27 +0100] "GET /apple-app-site-association HTTP/1.1" 404 1323 "-" "Mozilla/5.0 (Macintosh; Intel Mac OS X 10_10_1) AppleWebKit/600.2.5 (KHTML, like Gecko) Version/8.0.2 Safari/600.2.5 (Applebot/0.1; +http://www.apple.com/go/applebot)"
17.58.100.150 - - [20/Mar/2020:16:46:27 +0100] "GET /apple-touch-icon-precomposed.png HTTP/1.1" 404 4386 "-" "Mozilla/5.0 (Macintosh; Intel Mac OS X 10_10_1) AppleWebKit/600.2.5 (KHTML, like Gecko) Version/8.0.2 Safari/600.2.5 (Applebot/0.1; +http://www.apple.com/go/applebot)"
17.58.100.159 - - [20/Mar/2020:16:46:27 +0100] "GET /.well-known/apple-app-site-association HTTP/1.1" 404 4386 "-" "Mozilla/5.0 (Macintosh; Intel Mac OS X 10_10_1) AppleWebKit/600.2.5 (KHTML, like Gecko) Version/8.0.2 Safari/600.2.5 (Applebot/0.1; +http://www.apple.com/go/applebot)"
17.58.100.148 - - [20/Mar/2020:16:46:29 +0100] "GET /apple-touch-icon.png HTTP/1.1" 404 1323 "-" "Mozilla/5.0 (Macintosh; Intel Mac OS X 10_10_1) AppleWebKit/600.2.5 (KHTML, like Gecko) Version/8.0.2 Safari/600.2.5 (Applebot/0.1; +http://www.apple.com/go/applebot)"
17.58.100.148 - - [20/Mar/2020:16:46:29 +0100] "GET /favicon.ico HTTP/1.1" 404 1323 "-" "Mozilla/5.0 (Macintosh; Intel Mac OS X 10_10_1) AppleWebKit/600.2.5 (KHTML, like Gecko) Version/8.0.2 Safari/600.2.5 (Applebot/0.1; +http://www.apple.com/go/applebot)"
178.23.211.246 - - [20/Mar/2020:17:13:47 +0100] "POST /AutoDiscover/autodiscover.xml HTTP/1.1" 400 3789 "-" "Microsoft Office/16.0 (Windows NT 10.0; Microsoft Word 16.0.12527; Pro)"
66.249.66.77 - - [20/Mar/2020:17:18:43 +0100] "GET /images/adorno-compania.jpg HTTP/1.1" 200 46445 "-" "Googlebot-Image/1.0"
85.107.106.121 - - [20/Mar/2020:17:18:56 +0100] "GET / HTTP/1.1" 200 9258 "http://anti-crisis-seo.com" "Mozilla/5.0 (Windows NT 10.0; Win64; x64) AppleWebKit/537.36 (KHTML, like Gecko) Chrome/74.0.3729.169 Safari/537.36"
85.107.106.121 - - [20/Mar/2020:17:18:56 +0100] "GET /css/style.css HTTP/1.1" 200 8834 "https://serynco.es/" "Mozilla/5.0 (Windows NT 10.0; Win64; x64) AppleWebKit/537.36 (KHTML, like Gecko) Chrome/74.0.3729.169 Safari/537.36"
157.55.39.166 - - [20/Mar/2020:17:23:13 +0100] "GET /index.php/javascript/flash_detect.js HTTP/1.1" 200 9304 "-" "Mozilla/5.0 (compatible; MSIE 9.0; Windows NT 6.1; Trident/5.0)"
157.55.39.28 - - [20/Mar/2020:17:35:56 +0100] "GET /robots.txt HTTP/1.1" 200 2037 "-" "Mozilla/5.0 (compatible; bingbot/2.0; +http://www.bing.com/bingbot.htm)"
157.55.39.28 - - [20/Mar/2020:17:35:56 +0100] "GET /robots.txt HTTP/1.1" 200 3712 "-" "Mozilla/5.0 (compatible; bingbot/2.0; +http://www.bing.com/bingbot.htm)"
157.55.39.166 - - [20/Mar/2020:17:36:00 +0100] "GET /index.html/javascript/flash_detect.js HTTP/1.1" 404 4637 "-" "Mozilla/5.0 (compatible; MSIE 9.0; Windows NT 6.1; Trident/5.0)"
40.77.189.62 - - [20/Mar/2020:17:38:27 +0100] "GET /css/style.css HTTP/1.1" 200 12093 "-" "Mozilla/5.0 (Windows NT 6.1; WOW64) AppleWebKit/534+ (KHTML, like Gecko) BingPreview/1.0b"
40.77.189.11 - - [20/Mar/2020:17:38:28 +0100] "GET /javascript/flash_detect.js HTTP/1.1" 200 11634 "-" "Mozilla/5.0 (Windows NT 6.1; WOW64) AppleWebKit/534+ (KHTML, like Gecko) BingPreview/1.0b"
157.55.39.166 - - [20/Mar/2020:17:38:52 +0100] "GET /robots.txt HTTP/1.1" 200 3712 "-" "msnbot/2.0b (+http://search.msn.com/msnbot.htm)"
114.119.164.116 - - [20/Mar/2020:17:41:37 +0100] "GET / HTTP/1.1" 200 9021 "-" "Mozilla/5.0 (Linux; Android 7.0;) AppleWebKit/537.36 (KHTML, like Gecko) Mobile Safari/537.36 (compatible; AspiegelBot)"
66.249.66.78 - - [20/Mar/2020:17:43:01 +0100] "GET /images/empresa.gif HTTP/1.1" 200 8301 "-" "Googlebot-Image/1.0"
178.154.200.24 - - [20/Mar/2020:18:12:45 +0100] "GET /robots.txt HTTP/1.1" 200 3712 "-" "Mozilla/5.0 (compatible; YandexBot/3.0; +http://yandex.com/bots)"
178.154.200.24 - - [20/Mar/2020:18:12:48 +0100] "GET /legal.html HTTP/1.1" 200 5460 "-" "Mozilla/5.0 (compatible; YandexBot/3.0; +http://yandex.com/bots)"
66.249.66.77 - - [20/Mar/2020:18:25:55 +0100] "GET / HTTP/1.1" 200 9253 "-" "Mozilla/5.0 (Linux; Android 6.0.1; Nexus 5X Build/MMB29P) AppleWebKit/537.36 (KHTML, like Gecko) Chrome/41.0.2272.96 Mobile Safari/537.36 (compatible; Googlebot/2.1; +http://www.google.com/bot.html)"
114.119.162.95 - - [20/Mar/2020:18:42:19 +0100] "GET /index.php HTTP/1.1" 200 9072 "-" "Mozilla/5.0 (Linux; Android 7.0;) AppleWebKit/537.36 (KHTML, like Gecko) Mobile Safari/537.36 (compatible; AspiegelBot)"
104.196.144.151 - - [20/Mar/2020:18:47:52 +0100] "GET /robots.txt HTTP/1.0" 200 3480 "-" "ZoominfoBot (zoominfobot at zoominfo dot com)"
104.196.144.151 - - [20/Mar/2020:18:47:52 +0100] "GET /clientes.html HTTP/1.0" 200 10719 "-" "ZoominfoBot (zoominfobot at zoominfo dot com)"
104.196.144.151 - - [20/Mar/2020:18:50:02 +0100] "GET /servicios.html HTTP/1.0" 200 9074 "-" "ZoominfoBot (zoominfobot at zoominfo dot com)"
104.196.144.151 - - [20/Mar/2020:18:50:57 +0100] "GET /empleo.html HTTP/1.0" 200 7243 "-" "ZoominfoBot (zoominfobot at zoominfo dot com)"
34.74.219.55 - - [20/Mar/2020:18:59:41 +0100] "GET /robots.txt HTTP/1.0" 200 3480 "-" "ZoominfoBot (zoominfobot at zoominfo dot com)"
34.74.219.55 - - [20/Mar/2020:18:59:41 +0100] "GET /clientes.html HTTP/1.0" 200 10719 "-" "ZoominfoBot (zoominfobot at zoominfo dot com)"
116.248.187.42 - - [20/Mar/2020:19:01:27 +0100] "GET /robots.txt HTTP/1.1" 200 3480 "-" "Mozilla/5.0(Linux;U;Android 5.1.1;zh-CN;OPPO A33 Build/LMY47V) AppleWebKit/537.36(KHTML,like Gecko) Version/4.0 Chrome/40.0.2214.89 UCBrowser/11.7.0.953 Mobile Safari/537.36"
34.74.219.55 - - [20/Mar/2020:19:01:40 +0100] "GET /servicios.html HTTP/1.0" 200 9074 "-" "ZoominfoBot (zoominfobot at zoominfo dot com)"
34.74.219.55 - - [20/Mar/2020:19:02:33 +0100] "GET /empleo.html HTTP/1.0" 200 7243 "-" "ZoominfoBot (zoominfobot at zoominfo dot com)"
34.74.219.55 - - [20/Mar/2020:19:09:58 +0100] "GET /index.php HTTP/1.0" 200 8944 "-" "ZoominfoBot (zoominfobot at zoominfo dot com)"
34.74.219.55 - - [20/Mar/2020:19:13:40 +0100] "GET /robots.txt HTTP/1.0" 200 3480 "-" "ZoominfoBot (zoominfobot at zoominfo dot com)"
34.74.219.55 - - [20/Mar/2020:19:13:41 +0100] "GET /servicios.html HTTP/1.0" 200 6148 "-" "ZoominfoBot (zoominfobot at zoominfo dot com)"
34.74.219.55 - - [20/Mar/2020:19:13:50 +0100] "GET /index.php HTTP/1.0" 200 8944 "-" "ZoominfoBot (zoominfobot at zoominfo dot com)"
34.74.219.55 - - [20/Mar/2020:19:16:16 +0100] "GET /empresa.html HTTP/1.0" 200 9223 "-" "ZoominfoBot (zoominfobot at zoominfo dot com)"
34.74.219.55 - - [20/Mar/2020:19:16:40 +0100] "GET /empresa.html HTTP/1.0" 200 9223 "-" "ZoominfoBot (zoominfobot at zoominfo dot com)"
34.74.219.55 - - [20/Mar/2020:19:20:49 +0100] "GET /contacto.html HTTP/1.0" 200 7820 "-" "ZoominfoBot (zoominfobot at zoominfo dot com)"
34.74.219.55 - - [20/Mar/2020:19:21:27 +0100] "GET /clientes.html HTTP/1.0" 200 13645 "-" "ZoominfoBot (zoominfobot at zoominfo dot com)"
34.74.219.55 - - [20/Mar/2020:19:21:52 +0100] "GET /buzon-sugerencias.html HTTP/1.0" 200 7193 "-" "ZoominfoBot (zoominfobot at zoominfo dot com)"
34.74.219.55 - - [20/Mar/2020:19:23:38 +0100] "GET /empleo.html HTTP/1.0" 200 7243 "-" "ZoominfoBot (zoominfobot at zoominfo dot com)"
34.74.219.55 - - [20/Mar/2020:19:25:43 +0100] "GET /buzon-sugerencias.html HTTP/1.0" 200 7193 "-" "ZoominfoBot (zoominfobot at zoominfo dot com)"
34.74.219.55 - - [20/Mar/2020:19:29:38 +0100] "GET /contacto.html HTTP/1.0" 200 7820 "-" "ZoominfoBot (zoominfobot at zoominfo dot com)"
34.74.219.55 - - [20/Mar/2020:19:29:51 +0100] "GET /legal.html HTTP/1.0" 200 8487 "-" "ZoominfoBot (zoominfobot at zoominfo dot com)"
34.74.219.55 - - [20/Mar/2020:19:30:17 +0100] "GET /legal.html HTTP/1.0" 200 8487 "-" "ZoominfoBot (zoominfobot at zoominfo dot com)"
114.119.161.173 - - [20/Mar/2020:19:32:16 +0100] "GET /ingenieria.html HTTP/1.1" 200 11538 "-" "Mozilla/5.0 (Linux; Android 7.0;) AppleWebKit/537.36 (KHTML, like Gecko) Mobile Safari/537.36 (compatible; AspiegelBot)"
66.249.66.77 - - [20/Mar/2020:19:34:29 +0100] "GET /noticias/politica-calidad.pdf HTTP/1.1" 200 30574 "-" "Mozilla/5.0 (Linux; Android 6.0.1; Nexus 5X Build/MMB29P) AppleWebKit/537.36 (KHTML, like Gecko) Chrome/41.0.2272.96 Mobile Safari/537.36 (compatible; Googlebot/2.1; +http://www.google.com/bot.html)"
66.249.66.76 - - [20/Mar/2020:19:34:37 +0100] "GET /favicon.ico HTTP/1.1" 404 4637 "-" "Googlebot-Image/1.0"
