152.207.243.247 - - [22/Mar/2020:01:12:27 +0100] "GET /images/logo-fcc.gif HTTP/1.1" 200 5011 "https://www.serynco.es/clientes.html" "Mozilla/5.0 (Linux; Android 10; SAMSUNG SM-N960U) AppleWebKit/537.36 (KHTML, like Gecko) SamsungBrowser/11.1 Chrome/75.0.3770.143 Mobile Safari/537.36"
152.207.243.247 - - [22/Mar/2020:01:12:27 +0100] "GET /images/logo-alcorcon.gif HTTP/1.1" 200 7238 "https://www.serynco.es/clientes.html" "Mozilla/5.0 (Linux; Android 10; SAMSUNG SM-N960U) AppleWebKit/537.36 (KHTML, like Gecko) SamsungBrowser/11.1 Chrome/75.0.3770.143 Mobile Safari/537.36"
152.207.243.247 - - [22/Mar/2020:01:12:27 +0100] "GET /images/logo-junta.gif HTTP/1.1" 200 6619 "https://www.serynco.es/clientes.html" "Mozilla/5.0 (Linux; Android 10; SAMSUNG SM-N960U) AppleWebKit/537.36 (KHTML, like Gecko) SamsungBrowser/11.1 Chrome/75.0.3770.143 Mobile Safari/537.36"
152.207.243.247 - - [22/Mar/2020:01:12:28 +0100] "GET /images/logo-obrum.gif HTTP/1.1" 200 5666 "https://www.serynco.es/clientes.html" "Mozilla/5.0 (Linux; Android 10; SAMSUNG SM-N960U) AppleWebKit/537.36 (KHTML, like Gecko) SamsungBrowser/11.1 Chrome/75.0.3770.143 Mobile Safari/537.36"
152.207.243.247 - - [22/Mar/2020:01:12:28 +0100] "GET /images/logo-aldesa.gif HTTP/1.1" 200 3912 "https://www.serynco.es/clientes.html" "Mozilla/5.0 (Linux; Android 10; SAMSUNG SM-N960U) AppleWebKit/537.36 (KHTML, like Gecko) SamsungBrowser/11.1 Chrome/75.0.3770.143 Mobile Safari/537.36"
152.207.243.247 - - [22/Mar/2020:01:12:28 +0100] "GET /images/logo-fercaber.gif HTTP/1.1" 200 4264 "https://www.serynco.es/clientes.html" "Mozilla/5.0 (Linux; Android 10; SAMSUNG SM-N960U) AppleWebKit/537.36 (KHTML, like Gecko) SamsungBrowser/11.1 Chrome/75.0.3770.143 Mobile Safari/537.36"
152.207.243.247 - - [22/Mar/2020:01:12:28 +0100] "GET /images/logo-ferrovial.gif HTTP/1.1" 200 5182 "https://www.serynco.es/clientes.html" "Mozilla/5.0 (Linux; Android 10; SAMSUNG SM-N960U) AppleWebKit/537.36 (KHTML, like Gecko) SamsungBrowser/11.1 Chrome/75.0.3770.143 Mobile Safari/537.36"
152.207.243.247 - - [22/Mar/2020:01:12:28 +0100] "GET /images/cuadro-borde-gris.gif HTTP/1.1" 200 745 "https://www.serynco.es/clientes.html" "Mozilla/5.0 (Linux; Android 10; SAMSUNG SM-N960U) AppleWebKit/537.36 (KHTML, like Gecko) SamsungBrowser/11.1 Chrome/75.0.3770.143 Mobile Safari/537.36"
152.207.243.247 - - [22/Mar/2020:01:12:28 +0100] "GET /images/logo-coslada-rojo.gif HTTP/1.1" 200 16941 "https://www.serynco.es/clientes.html" "Mozilla/5.0 (Linux; Android 10; SAMSUNG SM-N960U) AppleWebKit/537.36 (KHTML, like Gecko) SamsungBrowser/11.1 Chrome/75.0.3770.143 Mobile Safari/537.36"
152.207.243.247 - - [22/Mar/2020:01:12:28 +0100] "GET /images/logo-madrid.gif HTTP/1.1" 200 3327 "https://www.serynco.es/clientes.html" "Mozilla/5.0 (Linux; Android 10; SAMSUNG SM-N960U) AppleWebKit/537.36 (KHTML, like Gecko) SamsungBrowser/11.1 Chrome/75.0.3770.143 Mobile Safari/537.36"
152.207.243.247 - - [22/Mar/2020:01:12:28 +0100] "GET /images/logo-andaluc-op.gif HTTP/1.1" 200 7830 "https://www.serynco.es/clientes.html" "Mozilla/5.0 (Linux; Android 10; SAMSUNG SM-N960U) AppleWebKit/537.36 (KHTML, like Gecko) SamsungBrowser/11.1 Chrome/75.0.3770.143 Mobile Safari/537.36"
152.207.243.247 - - [22/Mar/2020:01:12:28 +0100] "GET /images/logo-valdemoro.gif HTTP/1.1" 200 8552 "https://www.serynco.es/clientes.html" "Mozilla/5.0 (Linux; Android 10; SAMSUNG SM-N960U) AppleWebKit/537.36 (KHTML, like Gecko) SamsungBrowser/11.1 Chrome/75.0.3770.143 Mobile Safari/537.36"
152.207.243.247 - - [22/Mar/2020:01:12:28 +0100] "GET /images/logo-virton.gif HTTP/1.1" 200 3084 "https://www.serynco.es/clientes.html" "Mozilla/5.0 (Linux; Android 10; SAMSUNG SM-N960U) AppleWebKit/537.36 (KHTML, like Gecko) SamsungBrowser/11.1 Chrome/75.0.3770.143 Mobile Safari/537.36"
152.207.243.247 - - [22/Mar/2020:01:12:28 +0100] "GET /images/logo-ineco.gif HTTP/1.1" 200 3981 "https://www.serynco.es/clientes.html" "Mozilla/5.0 (Linux; Android 10; SAMSUNG SM-N960U) AppleWebKit/537.36 (KHTML, like Gecko) SamsungBrowser/11.1 Chrome/75.0.3770.143 Mobile Safari/537.36"
152.207.243.247 - - [22/Mar/2020:01:12:28 +0100] "GET /images/logo-riofisa.gif HTTP/1.1" 200 3719 "https://www.serynco.es/clientes.html" "Mozilla/5.0 (Linux; Android 10; SAMSUNG SM-N960U) AppleWebKit/537.36 (KHTML, like Gecko) SamsungBrowser/11.1 Chrome/75.0.3770.143 Mobile Safari/537.36"
152.207.243.247 - - [22/Mar/2020:01:12:28 +0100] "GET /images/logo-acciona.gif HTTP/1.1" 200 3947 "https://www.serynco.es/clientes.html" "Mozilla/5.0 (Linux; Android 10; SAMSUNG SM-N960U) AppleWebKit/537.36 (KHTML, like Gecko) SamsungBrowser/11.1 Chrome/75.0.3770.143 Mobile Safari/537.36"
152.207.243.247 - - [22/Mar/2020:01:12:28 +0100] "GET /images/logo-aena.gif HTTP/1.1" 200 4504 "https://www.serynco.es/clientes.html" "Mozilla/5.0 (Linux; Android 10; SAMSUNG SM-N960U) AppleWebKit/537.36 (KHTML, like Gecko) SamsungBrowser/11.1 Chrome/75.0.3770.143 Mobile Safari/537.36"
152.207.243.247 - - [22/Mar/2020:01:12:28 +0100] "GET /images/logo-cuniv.gif HTTP/1.1" 200 6641 "https://www.serynco.es/clientes.html" "Mozilla/5.0 (Linux; Android 10; SAMSUNG SM-N960U) AppleWebKit/537.36 (KHTML, like Gecko) SamsungBrowser/11.1 Chrome/75.0.3770.143 Mobile Safari/537.36"
152.207.243.247 - - [22/Mar/2020:01:12:28 +0100] "GET /images/logo-andaluc-ma.gif HTTP/1.1" 200 7544 "https://www.serynco.es/clientes.html" "Mozilla/5.0 (Linux; Android 10; SAMSUNG SM-N960U) AppleWebKit/537.36 (KHTML, like Gecko) SamsungBrowser/11.1 Chrome/75.0.3770.143 Mobile Safari/537.36"
152.207.243.247 - - [22/Mar/2020:01:12:28 +0100] "GET /images/logo-madridmundo.gif HTTP/1.1" 200 5171 "https://www.serynco.es/clientes.html" "Mozilla/5.0 (Linux; Android 10; SAMSUNG SM-N960U) AppleWebKit/537.36 (KHTML, like Gecko) SamsungBrowser/11.1 Chrome/75.0.3770.143 Mobile Safari/537.36"
152.207.243.247 - - [22/Mar/2020:01:12:29 +0100] "GET /images/logo-hispanica.gif HTTP/1.1" 200 3941 "https://www.serynco.es/clientes.html" "Mozilla/5.0 (Linux; Android 10; SAMSUNG SM-N960U) AppleWebKit/537.36 (KHTML, like Gecko) SamsungBrowser/11.1 Chrome/75.0.3770.143 Mobile Safari/537.36"
152.207.243.247 - - [22/Mar/2020:01:12:29 +0100] "GET /images/logo-navalcarnero.gif HTTP/1.1" 200 8386 "https://www.serynco.es/clientes.html" "Mozilla/5.0 (Linux; Android 10; SAMSUNG SM-N960U) AppleWebKit/537.36 (KHTML, like Gecko) SamsungBrowser/11.1 Chrome/75.0.3770.143 Mobile Safari/537.36"
152.207.243.247 - - [22/Mar/2020:01:12:29 +0100] "GET /images/logo-sanjose.gif HTTP/1.1" 200 8036 "https://www.serynco.es/clientes.html" "Mozilla/5.0 (Linux; Android 10; SAMSUNG SM-N960U) AppleWebKit/537.36 (KHTML, like Gecko) SamsungBrowser/11.1 Chrome/75.0.3770.143 Mobile Safari/537.36"
152.207.243.247 - - [22/Mar/2020:01:12:29 +0100] "GET /images/logo-acs.gif HTTP/1.1" 200 3945 "https://www.serynco.es/clientes.html" "Mozilla/5.0 (Linux; Android 10; SAMSUNG SM-N960U) AppleWebKit/537.36 (KHTML, like Gecko) SamsungBrowser/11.1 Chrome/75.0.3770.143 Mobile Safari/537.36"
152.207.243.247 - - [22/Mar/2020:01:12:29 +0100] "GET /images/logo-imes.gif HTTP/1.1" 200 3097 "https://www.serynco.es/clientes.html" "Mozilla/5.0 (Linux; Android 10; SAMSUNG SM-N960U) AppleWebKit/537.36 (KHTML, like Gecko) SamsungBrowser/11.1 Chrome/75.0.3770.143 Mobile Safari/537.36"
152.207.243.247 - - [22/Mar/2020:01:12:29 +0100] "GET /images/logo-sgs.gif HTTP/1.1" 200 4129 "https://www.serynco.es/clientes.html" "Mozilla/5.0 (Linux; Android 10; SAMSUNG SM-N960U) AppleWebKit/537.36 (KHTML, like Gecko) SamsungBrowser/11.1 Chrome/75.0.3770.143 Mobile Safari/537.36"
152.207.243.247 - - [22/Mar/2020:01:12:29 +0100] "GET /images/logo-sando.gif HTTP/1.1" 200 4653 "https://www.serynco.es/clientes.html" "Mozilla/5.0 (Linux; Android 10; SAMSUNG SM-N960U) AppleWebKit/537.36 (KHTML, like Gecko) SamsungBrowser/11.1 Chrome/75.0.3770.143 Mobile Safari/537.36"
152.207.243.247 - - [22/Mar/2020:01:12:29 +0100] "GET /images/logo-sanse.gif HTTP/1.1" 200 6735 "https://www.serynco.es/clientes.html" "Mozilla/5.0 (Linux; Android 10; SAMSUNG SM-N960U) AppleWebKit/537.36 (KHTML, like Gecko) SamsungBrowser/11.1 Chrome/75.0.3770.143 Mobile Safari/537.36"
152.207.243.247 - - [22/Mar/2020:01:12:29 +0100] "GET /images/adorno-clientes.jpg HTTP/1.1" 200 67093 "https://www.serynco.es/clientes.html" "Mozilla/5.0 (Linux; Android 10; SAMSUNG SM-N960U) AppleWebKit/537.36 (KHTML, like Gecko) SamsungBrowser/11.1 Chrome/75.0.3770.143 Mobile Safari/537.36"
152.207.243.247 - - [22/Mar/2020:01:12:29 +0100] "GET /images/logo-adif.gif HTTP/1.1" 200 2890 "https://www.serynco.es/clientes.html" "Mozilla/5.0 (Linux; Android 10; SAMSUNG SM-N960U) AppleWebKit/537.36 (KHTML, like Gecko) SamsungBrowser/11.1 Chrome/75.0.3770.143 Mobile Safari/537.36"
152.207.243.247 - - [22/Mar/2020:01:12:29 +0100] "GET /images/logo-fomento.gif HTTP/1.1" 200 6388 "https://www.serynco.es/clientes.html" "Mozilla/5.0 (Linux; Android 10; SAMSUNG SM-N960U) AppleWebKit/537.36 (KHTML, like Gecko) SamsungBrowser/11.1 Chrome/75.0.3770.143 Mobile Safari/537.36"
152.207.243.247 - - [22/Mar/2020:01:12:29 +0100] "GET /images/logo-defensa.gif HTTP/1.1" 200 9982 "https://www.serynco.es/clientes.html" "Mozilla/5.0 (Linux; Android 10; SAMSUNG SM-N960U) AppleWebKit/537.36 (KHTML, like Gecko) SamsungBrowser/11.1 Chrome/75.0.3770.143 Mobile Safari/537.36"
152.207.243.247 - - [22/Mar/2020:01:12:29 +0100] "GET /images/logo-sepes.gif HTTP/1.1" 200 2835 "https://www.serynco.es/clientes.html" "Mozilla/5.0 (Linux; Android 10; SAMSUNG SM-N960U) AppleWebKit/537.36 (KHTML, like Gecko) SamsungBrowser/11.1 Chrome/75.0.3770.143 Mobile Safari/537.36"
152.207.243.247 - - [22/Mar/2020:01:12:30 +0100] "GET /servicios.html HTTP/1.1" 200 6047 "https://www.serynco.es/clientes.html" "Mozilla/5.0 (Linux; Android 10; SAMSUNG SM-N960U) AppleWebKit/537.36 (KHTML, like Gecko) SamsungBrowser/11.1 Chrome/75.0.3770.143 Mobile Safari/537.36"
152.207.243.247 - - [22/Mar/2020:01:12:30 +0100] "GET /images/servicios.gif HTTP/1.1" 200 5030 "https://www.serynco.es/servicios.html" "Mozilla/5.0 (Linux; Android 10; SAMSUNG SM-N960U) AppleWebKit/537.36 (KHTML, like Gecko) SamsungBrowser/11.1 Chrome/75.0.3770.143 Mobile Safari/537.36"
152.207.243.247 - - [22/Mar/2020:01:12:30 +0100] "GET /images/adorno-actividades.jpg HTTP/1.1" 200 29248 "https://www.serynco.es/servicios.html" "Mozilla/5.0 (Linux; Android 10; SAMSUNG SM-N960U) AppleWebKit/537.36 (KHTML, like Gecko) SamsungBrowser/11.1 Chrome/75.0.3770.143 Mobile Safari/537.36"
152.207.243.247 - - [22/Mar/2020:01:12:30 +0100] "GET /images/cuadro-borde-turq.gif HTTP/1.1" 200 860 "https://www.serynco.es/servicios.html" "Mozilla/5.0 (Linux; Android 10; SAMSUNG SM-N960U) AppleWebKit/537.36 (KHTML, like Gecko) SamsungBrowser/11.1 Chrome/75.0.3770.143 Mobile Safari/537.36"
152.207.243.247 - - [22/Mar/2020:01:12:37 +0100] "GET /empresa.html HTTP/1.1" 200 6334 "https://www.serynco.es/servicios.html" "Mozilla/5.0 (Linux; Android 10; SAMSUNG SM-N960U) AppleWebKit/537.36 (KHTML, like Gecko) SamsungBrowser/11.1 Chrome/75.0.3770.143 Mobile Safari/537.36"
152.207.243.247 - - [22/Mar/2020:01:12:38 +0100] "GET /images/empresa.gif HTTP/1.1" 200 5042 "https://www.serynco.es/empresa.html" "Mozilla/5.0 (Linux; Android 10; SAMSUNG SM-N960U) AppleWebKit/537.36 (KHTML, like Gecko) SamsungBrowser/11.1 Chrome/75.0.3770.143 Mobile Safari/537.36"
152.207.243.247 - - [22/Mar/2020:01:12:38 +0100] "GET /images/adorno-compania.jpg HTTP/1.1" 200 43324 "https://www.serynco.es/empresa.html" "Mozilla/5.0 (Linux; Android 10; SAMSUNG SM-N960U) AppleWebKit/537.36 (KHTML, like Gecko) SamsungBrowser/11.1 Chrome/75.0.3770.143 Mobile Safari/537.36"
152.207.243.247 - - [22/Mar/2020:01:12:38 +0100] "GET /images/ORGANIGRAMAv02.JPG HTTP/1.1" 200 56332 "https://www.serynco.es/empresa.html" "Mozilla/5.0 (Linux; Android 10; SAMSUNG SM-N960U) AppleWebKit/537.36 (KHTML, like Gecko) SamsungBrowser/11.1 Chrome/75.0.3770.143 Mobile Safari/537.36"
152.207.243.247 - - [22/Mar/2020:01:12:38 +0100] "GET /images/camara14001.gif HTTP/1.1" 200 5075 "https://www.serynco.es/empresa.html" "Mozilla/5.0 (Linux; Android 10; SAMSUNG SM-N960U) AppleWebKit/537.36 (KHTML, like Gecko) SamsungBrowser/11.1 Chrome/75.0.3770.143 Mobile Safari/537.36"
152.207.243.247 - - [22/Mar/2020:01:12:38 +0100] "GET /images/camara9001.gif HTTP/1.1" 200 4794 "https://www.serynco.es/empresa.html" "Mozilla/5.0 (Linux; Android 10; SAMSUNG SM-N960U) AppleWebKit/537.36 (KHTML, like Gecko) SamsungBrowser/11.1 Chrome/75.0.3770.143 Mobile Safari/537.36"
152.207.243.247 - - [22/Mar/2020:01:13:25 +0100] "GET /legal.html HTTP/1.1" 304 332 "https://www.serynco.es/empresa.html" "Mozilla/5.0 (Linux; Android 10; SAMSUNG SM-N960U) AppleWebKit/537.36 (KHTML, like Gecko) SamsungBrowser/11.1 Chrome/75.0.3770.143 Mobile Safari/537.36"
152.207.243.247 - - [22/Mar/2020:01:13:34 +0100] "GET /legal.html HTTP/1.1" 304 332 "https://www.serynco.es/empresa.html" "Mozilla/5.0 (Linux; Android 10; SAMSUNG SM-N960U) AppleWebKit/537.36 (KHTML, like Gecko) SamsungBrowser/11.1 Chrome/75.0.3770.143 Mobile Safari/537.36"
152.207.243.247 - - [22/Mar/2020:01:15:46 +0100] "GET /buzon-sugerencias.html HTTP/1.1" 200 4304 "https://www.serynco.es/legal.html" "Mozilla/5.0 (Linux; Android 10; SAMSUNG SM-N960U) AppleWebKit/537.36 (KHTML, like Gecko) SamsungBrowser/11.1 Chrome/75.0.3770.143 Mobile Safari/537.36"
152.207.243.247 - - [22/Mar/2020:01:15:46 +0100] "GET /images/adorno-buzon.gif HTTP/1.1" 200 26009 "https://www.serynco.es/buzon-sugerencias.html" "Mozilla/5.0 (Linux; Android 10; SAMSUNG SM-N960U) AppleWebKit/537.36 (KHTML, like Gecko) SamsungBrowser/11.1 Chrome/75.0.3770.143 Mobile Safari/537.36"
152.207.243.247 - - [22/Mar/2020:01:15:46 +0100] "GET /images/buzon.gif HTTP/1.1" 200 3247 "https://www.serynco.es/buzon-sugerencias.html" "Mozilla/5.0 (Linux; Android 10; SAMSUNG SM-N960U) AppleWebKit/537.36 (KHTML, like Gecko) SamsungBrowser/11.1 Chrome/75.0.3770.143 Mobile Safari/537.36"
95.163.255.247 - - [22/Mar/2020:01:42:20 +0100] "GET /robots.txt HTTP/1.0" 200 3680 "-" "Mozilla/5.0 (compatible; Linux x86_64; Mail.RU_Bot/Robots/2.0; +http://go.mail.ru/help/robots)"
95.163.255.130 - - [22/Mar/2020:01:42:21 +0100] "GET / HTTP/1.1" 200 9221 "http://www.serynco.es/" "Mozilla/5.0 (compatible; Linux x86_64; Mail.RU_Bot/Robots/2.0; +http://go.mail.ru/help/robots)"
40.77.167.37 - - [22/Mar/2020:01:53:41 +0100] "GET /contacto.html HTTP/1.1" 200 8052 "-" "msnbot/2.0b (+http://search.msn.com/msnbot.htm)"
207.46.13.134 - - [22/Mar/2020:02:00:56 +0100] "GET /noticias/politica-calidad.pdf HTTP/1.1" 200 30574 "-" "msnbot/2.0b (+http://search.msn.com/msnbot.htm)"
40.77.167.24 - - [22/Mar/2020:02:41:19 +0100] "GET /construccion.html HTTP/1.1" 200 9748 "-" "msnbot/2.0b (+http://search.msn.com/msnbot.htm)"
112.97.167.149 - - [22/Mar/2020:03:09:39 +0100] "GET /empleo.html HTTP/1.1" 200 7243 "-" "Mozilla/5.0(Linux;U;Android 5.1.1;zh-CN;OPPO A33 Build/LMY47V) AppleWebKit/537.36(KHTML,like Gecko) Version/4.0 Chrome/40.0.2214.89 UCBrowser/11.7.0.953 Mobile Safari/537.36"
35.243.161.168 - - [22/Mar/2020:03:18:00 +0100] "GET /robots.txt HTTP/1.1" 200 3461 "-" "ZoominfoBot (zoominfobot at zoominfo dot com)"
35.243.161.168 - - [22/Mar/2020:03:18:00 +0100] "GET /robots.txt HTTP/1.0" 200 417 "-" "ZoominfoBot (zoominfobot at zoominfo dot com)"
35.243.161.168 - - [22/Mar/2020:03:18:00 +0100] "GET / HTTP/1.0" 200 6095 "-" "ZoominfoBot (zoominfobot at zoominfo dot com)"
35.243.161.168 - - [22/Mar/2020:03:25:16 +0100] "GET /robots.txt HTTP/1.1" 200 3461 "-" "ZoominfoBot (zoominfobot at zoominfo dot com)"
35.243.161.168 - - [22/Mar/2020:03:25:16 +0100] "GET /robots.txt HTTP/1.0" 200 417 "-" "ZoominfoBot (zoominfobot at zoominfo dot com)"
35.243.161.168 - - [22/Mar/2020:03:25:17 +0100] "GET / HTTP/1.0" 200 6095 "-" "ZoominfoBot (zoominfobot at zoominfo dot com)"
112.114.89.160 - - [22/Mar/2020:03:54:43 +0100] "GET /robots.txt HTTP/1.1" 200 3480 "-" "Mozilla/5.0(Linux;Android 5.1.1;OPPO A33 Build/LMY47V;wv) AppleWebKit/537.36(KHTML,link Gecko) Version/4.0 Chrome/42.0.2311.138 Mobile Safari/537.36 Mb2345Browser/9.0"
178.154.200.24 - - [22/Mar/2020:03:55:21 +0100] "GET /robots.txt HTTP/1.1" 200 3712 "-" "Mozilla/5.0 (compatible; YandexBot/3.0; +http://yandex.com/bots)"
178.154.200.24 - - [22/Mar/2020:03:55:24 +0100] "GET /noticias/publicaci%C3%B3n-faro.pdf HTTP/1.1" 200 263651 "-" "Mozilla/5.0 (compatible; YandexBot/3.0; +http://yandex.com/bots)"
40.77.167.37 - - [22/Mar/2020:04:33:17 +0100] "GET /seguridad-salud.html HTTP/1.1" 200 9752 "-" "msnbot/2.0b (+http://search.msn.com/msnbot.htm)"
189.202.31.28 - - [22/Mar/2020:05:01:22 +0100] "GET /images/ORGANIGRAMAv02.JPG HTTP/1.1" 200 59591 "https://www.google.com/" "Mozilla/5.0 (Windows NT 10.0; Win64; x64) AppleWebKit/537.36 (KHTML, like Gecko) Chrome/80.0.3987.149 Safari/537.36"
114.119.161.173 - - [22/Mar/2020:05:08:13 +0100] "GET /servicios.html HTTP/1.1" 200 9074 "-" "Mozilla/5.0 (Linux; Android 7.0;) AppleWebKit/537.36 (KHTML, like Gecko) Mobile Safari/537.36 (compatible; AspiegelBot)"
54.174.54.192 - - [22/Mar/2020:05:20:20 +0100] "GET / HTTP/1.1" 200 9058 "-" "Mozilla/5.0 (X11; Linux x86_64; HubSpot Url validation check; web-crawlers+url-validation@hubspot.com) AppleWebKit/537.36 (KHTML, like Gecko) Chrome/51.0.2704.103 Safari/537.36"
180.104.86.142 - - [22/Mar/2020:05:30:22 +0100] "GET /robots.txt HTTP/1.1" 200 3480 "-" "Mozilla/5.0(Linux;U;Android 5.1.1;zh-CN;OPPO A33 Build/LMY47V) AppleWebKit/537.36(KHTML,like Gecko) Version/4.0 Chrome/40.0.2214.89 UCBrowser/11.7.0.953 Mobile Safari/537.36"
66.249.66.78 - - [22/Mar/2020:05:32:38 +0100] "GET /noticias/politica-calidad.pdf HTTP/1.1" 200 30574 "-" "Googlebot/2.1 (+http://www.google.com/bot.html)"
40.77.167.37 - - [22/Mar/2020:05:41:56 +0100] "GET /seguridad-salud.html HTTP/1.1" 200 9752 "-" "Mozilla/5.0 (compatible; bingbot/2.0; +http://www.bing.com/bingbot.htm)"
157.55.39.125 - - [22/Mar/2020:05:49:37 +0100] "GET /medio-ambiente.html HTTP/1.1" 200 8429 "-" "Mozilla/5.0 (compatible; bingbot/2.0; +http://www.bing.com/bingbot.htm)"
157.55.39.156 - - [22/Mar/2020:05:49:59 +0100] "GET /controlsimultaneidad.html HTTP/1.1" 200 8092 "-" "msnbot/2.0b (+http://search.msn.com/msnbot.htm)"
157.55.39.156 - - [22/Mar/2020:05:50:38 +0100] "GET /medio-ambiente.html HTTP/1.1" 200 8429 "-" "msnbot/2.0b (+http://search.msn.com/msnbot.htm)"
17.58.100.148 - - [22/Mar/2020:05:53:50 +0100] "GET /servicios.html HTTP/1.1" 200 9055 "-" "Mozilla/5.0 (Macintosh; Intel Mac OS X 10_10_1) AppleWebKit/600.2.5 (KHTML, like Gecko) Version/8.0.2 Safari/600.2.5 (Applebot/0.1; +http://www.apple.com/go/applebot)"
157.55.39.28 - - [22/Mar/2020:05:54:41 +0100] "GET /robots.txt HTTP/1.1" 200 2037 "-" "Mozilla/5.0 (compatible; bingbot/2.0; +http://www.bing.com/bingbot.htm)"
157.55.39.28 - - [22/Mar/2020:05:54:41 +0100] "GET /robots.txt HTTP/1.1" 200 3712 "-" "Mozilla/5.0 (compatible; bingbot/2.0; +http://www.bing.com/bingbot.htm)"
157.55.39.125 - - [22/Mar/2020:05:54:58 +0100] "GET /controlsimultaneidad.html HTTP/1.1" 200 8092 "-" "Mozilla/5.0 (compatible; bingbot/2.0; +http://www.bing.com/bingbot.htm)"
34.222.127.235 - - [22/Mar/2020:06:18:10 +0100] "GET / HTTP/1.1" 200 9253 "-" "Mozilla/5.0 (Windows NT 10.0; Win64; x64)AppleWebKit/537.36 (KHTML, like Gecko) Chrome/66.0.3359.181 Safari/537.36"
52.41.211.72 - - [22/Mar/2020:06:18:11 +0100] "HEAD / HTTP/1.1" 200 3063 "-" "Go-http-client/1.1"
114.119.161.92 - - [22/Mar/2020:06:19:44 +0100] "GET /construccion.html HTTP/1.1" 200 9516 "-" "Mozilla/5.0 (Linux; Android 7.0;) AppleWebKit/537.36 (KHTML, like Gecko) Mobile Safari/537.36 (compatible; AspiegelBot)"
40.77.167.37 - - [22/Mar/2020:06:27:01 +0100] "GET /contacto.html HTTP/1.1" 200 8052 "-" "Mozilla/5.0 (compatible; bingbot/2.0; +http://www.bing.com/bingbot.htm)"
66.249.66.76 - - [22/Mar/2020:06:49:55 +0100] "GET / HTTP/1.1" 200 9253 "-" "Mozilla/5.0 (Linux; Android 6.0.1; Nexus 5X Build/MMB29P) AppleWebKit/537.36 (KHTML, like Gecko) Chrome/80.0.3987.92 Mobile Safari/537.36 (compatible; Googlebot/2.1; +http://www.google.com/bot.html)"
157.55.39.156 - - [22/Mar/2020:07:16:34 +0100] "GET /servicios.html HTTP/1.1" 200 9306 "-" "Mozilla/5.0 (compatible; bingbot/2.0; +http://www.bing.com/bingbot.htm)"
49.12.8.247 - - [22/Mar/2020:07:21:50 +0100] "GET / HTTP/1.1" 200 9258 "-" "python-requests/2.23.0"
35.196.127.14 - - [22/Mar/2020:07:34:03 +0100] "GET /robots.txt HTTP/1.0" 200 3480 "-" "ZoominfoBot (zoominfobot at zoominfo dot com)"
35.196.127.14 - - [22/Mar/2020:07:34:03 +0100] "GET /clientes.html HTTP/1.0" 200 10719 "-" "ZoominfoBot (zoominfobot at zoominfo dot com)"
35.196.127.14 - - [22/Mar/2020:07:36:02 +0100] "GET /servicios.html HTTP/1.0" 200 9074 "-" "ZoominfoBot (zoominfobot at zoominfo dot com)"
66.249.66.204 - - [22/Mar/2020:07:36:21 +0100] "GET /robots.txt HTTP/1.1" 200 3712 "-" "Mozilla/5.0 (compatible; Googlebot/2.1; +http://www.google.com/bot.html)"
66.249.66.206 - - [22/Mar/2020:07:36:21 +0100] "GET /medio-ambiente.html HTTP/1.1" 200 8429 "-" "Mozilla/5.0 (Linux; Android 6.0.1; Nexus 5X Build/MMB29P) AppleWebKit/537.36 (KHTML, like Gecko) Chrome/80.0.3987.92 Mobile Safari/537.36 (compatible; Googlebot/2.1; +http://www.google.com/bot.html)"
35.196.127.14 - - [22/Mar/2020:07:36:58 +0100] "GET /empleo.html HTTP/1.0" 200 7243 "-" "ZoominfoBot (zoominfobot at zoominfo dot com)"
40.77.167.37 - - [22/Mar/2020:07:38:47 +0100] "GET /index.html HTTP/1.1" 200 9253 "-" "Mozilla/5.0 (compatible; bingbot/2.0; +http://www.bing.com/bingbot.htm)"
35.196.127.14 - - [22/Mar/2020:07:44:55 +0100] "GET /index.php HTTP/1.0" 200 8944 "-" "ZoominfoBot (zoominfobot at zoominfo dot com)"
35.196.127.14 - - [22/Mar/2020:07:50:30 +0100] "GET /robots.txt HTTP/1.0" 200 3480 "-" "ZoominfoBot (zoominfobot at zoominfo dot com)"
35.196.127.14 - - [22/Mar/2020:07:50:30 +0100] "GET /servicios.html HTTP/1.0" 200 6148 "-" "ZoominfoBot (zoominfobot at zoominfo dot com)"
35.196.127.14 - - [22/Mar/2020:07:50:33 +0100] "GET /index.php HTTP/1.0" 200 8944 "-" "ZoominfoBot (zoominfobot at zoominfo dot com)"
35.196.127.14 - - [22/Mar/2020:07:51:43 +0100] "GET /empresa.html HTTP/1.0" 200 9223 "-" "ZoominfoBot (zoominfobot at zoominfo dot com)"
35.196.127.14 - - [22/Mar/2020:07:52:09 +0100] "GET /empresa.html HTTP/1.0" 200 9223 "-" "ZoominfoBot (zoominfobot at zoominfo dot com)"
35.196.127.14 - - [22/Mar/2020:07:55:49 +0100] "GET /contacto.html HTTP/1.0" 200 7820 "-" "ZoominfoBot (zoominfobot at zoominfo dot com)"
35.196.127.14 - - [22/Mar/2020:07:56:22 +0100] "GET /clientes.html HTTP/1.0" 200 13645 "-" "ZoominfoBot (zoominfobot at zoominfo dot com)"
35.196.127.14 - - [22/Mar/2020:07:56:48 +0100] "GET /buzon-sugerencias.html HTTP/1.0" 200 7193 "-" "ZoominfoBot (zoominfobot at zoominfo dot com)"
35.196.127.14 - - [22/Mar/2020:07:58:32 +0100] "GET /empleo.html HTTP/1.0" 200 7243 "-" "ZoominfoBot (zoominfobot at zoominfo dot com)"
46.229.168.151 - - [22/Mar/2020:07:58:36 +0100] "GET /robots.txt HTTP/1.1" 200 3675 "-" "Mozilla/5.0 (compatible; SemrushBot/6~bl; +http://www.semrush.com/bot.html)"
46.229.168.140 - - [22/Mar/2020:07:58:38 +0100] "GET /index.php HTTP/1.1" 200 9267 "-" "Mozilla/5.0 (compatible; SemrushBot/6~bl; +http://www.semrush.com/bot.html)"
35.196.127.14 - - [22/Mar/2020:08:00:09 +0100] "GET /buzon-sugerencias.html HTTP/1.0" 200 7193 "-" "ZoominfoBot (zoominfobot at zoominfo dot com)"
35.196.127.14 - - [22/Mar/2020:08:03:34 +0100] "GET /contacto.html HTTP/1.0" 200 7820 "-" "ZoominfoBot (zoominfobot at zoominfo dot com)"
35.196.127.14 - - [22/Mar/2020:08:03:41 +0100] "GET /legal.html HTTP/1.0" 200 8487 "-" "ZoominfoBot (zoominfobot at zoominfo dot com)"
35.196.127.14 - - [22/Mar/2020:08:04:04 +0100] "GET /legal.html HTTP/1.0" 200 8487 "-" "ZoominfoBot (zoominfobot at zoominfo dot com)"
50.116.49.144 - - [22/Mar/2020:08:24:30 +0100] "GET /contacto.html HTTP/1.1" 200 7801 "-" "Mozilla/5.0 (Macintosh; Intel Mac OS X 10_15_2) AppleWebKit/537.36 (KHTML, like Gecko) Brave Chrome/80.0.3987.87 Safari/537.36"
220.186.100.28 - - [22/Mar/2020:09:00:37 +0100] "GET /clientes.html HTTP/1.1" 200 13645 "-" "Mozilla/5.0(Linux;U;Android 5.1.1;zh-CN;OPPO A33 Build/LMY47V) AppleWebKit/537.36(KHTML,like Gecko) Version/4.0 Chrome/40.0.2214.89 UCBrowser/11.7.0.953 Mobile Safari/537.36"
66.249.66.202 - - [22/Mar/2020:09:00:52 +0100] "GET /robots.txt HTTP/1.1" 200 3712 "-" "Mozilla/5.0 (compatible; Googlebot/2.1; +http://www.google.com/bot.html)"
66.249.66.204 - - [22/Mar/2020:09:00:53 +0100] "GET / HTTP/1.1" 200 9253 "-" "Mozilla/5.0 (Linux; Android 6.0.1; Nexus 5X Build/MMB29P) AppleWebKit/537.36 (KHTML, like Gecko) Chrome/41.0.2272.96 Mobile Safari/537.36 (compatible; Googlebot/2.1; +http://www.google.com/bot.html)"
157.55.39.50 - - [22/Mar/2020:09:02:35 +0100] "GET /ingenieria.html HTTP/1.1" 200 11770 "-" "Mozilla/5.0 (compatible; bingbot/2.0; +http://www.bing.com/bingbot.htm)"
66.249.66.202 - - [22/Mar/2020:10:52:20 +0100] "GET /favicon.ico HTTP/1.1" 404 4637 "-" "Googlebot-Image/1.0"
112.113.152.46 - - [22/Mar/2020:10:58:28 +0100] "GET /contacto.html HTTP/1.1" 200 7820 "-" "Mozilla/5.0(Linux;Android 5.1.1;OPPO A33 Build/LMY47V;wv) AppleWebKit/537.36(KHTML,link Gecko) Version/4.0 Chrome/42.0.2311.138 Mobile Safari/537.36 Mb2345Browser/9.0"
178.154.200.24 - - [22/Mar/2020:11:10:22 +0100] "GET /robots.txt HTTP/1.1" 200 3712 "-" "Mozilla/5.0 (compatible; YandexBot/3.0; +http://yandex.com/bots)"
178.154.200.24 - - [22/Mar/2020:11:10:25 +0100] "GET /noticias/politica-calidad.pdf HTTP/1.1" 200 27315 "-" "Mozilla/5.0 (compatible; YandexBot/3.0; +http://yandex.com/bots)"
17.58.100.148 - - [22/Mar/2020:11:51:35 +0100] "GET /empresa.html HTTP/1.1" 200 9204 "-" "Mozilla/5.0 (Macintosh; Intel Mac OS X 10_10_1) AppleWebKit/600.2.5 (KHTML, like Gecko) Version/8.0.2 Safari/600.2.5 (Applebot/0.1; +http://www.apple.com/go/applebot)"
114.119.167.228 - - [22/Mar/2020:12:23:19 +0100] "GET /robots.txt HTTP/1.1" 200 3480 "-" "Mozilla/5.0 (Linux; Android 7.0;) AppleWebKit/537.36 (KHTML, like Gecko) Mobile Safari/537.36 (compatible; AspiegelBot)"
24.85.202.152 - - [22/Mar/2020:12:34:00 +0100] "GET / HTTP/1.1" 200 9058 "-" "Altoro Analytics/1.0 (built with StormCrawler; http://www.altoroanalytics.com/; contact@altoroanalytics.com)"
62.42.58.164 - - [22/Mar/2020:12:40:48 +0100] "GET /images/ORGANIGRAMAv02.JPG HTTP/1.1" 200 59591 "https://www.google.com/" "Mozilla/5.0 (Windows NT 10.0; Win64; x64) AppleWebKit/537.36 (KHTML, like Gecko) Chrome/80.0.3987.149 Safari/537.36"
60.187.163.253 - - [22/Mar/2020:14:17:37 +0100] "GET /robots.txt HTTP/1.1" 200 3480 "-" "Mozilla/5.0(Linux;U;Android 5.1.1;zh-CN;OPPO A33 Build/LMY47V) AppleWebKit/537.36(KHTML,like Gecko) Version/4.0 Chrome/40.0.2214.89 UCBrowser/11.7.0.953 Mobile Safari/537.36"
159.89.43.233 - - [22/Mar/2020:14:39:19 +0100] "GET / HTTP/1.1" 200 9253 "http://serynco.es/" "Mozilla/5.0 (X11; Datanyze; Linux x86_64) AppleWebKit/537.36 (KHTML, like Gecko) Chrome/65.0.3325.181 Safari/537.36"
159.89.43.233 - - [22/Mar/2020:14:39:21 +0100] "GET /css/style.css HTTP/1.1" 200 12093 "-" "Mozilla/5.0 (X11; Datanyze; Linux x86_64) AppleWebKit/537.36 (KHTML, like Gecko) Chrome/65.0.3325.181 Safari/537.36"
159.89.43.233 - - [22/Mar/2020:14:39:21 +0100] "GET /javascript/flash_detect.js HTTP/1.1" 200 11634 "-" "Mozilla/5.0 (X11; Datanyze; Linux x86_64) AppleWebKit/537.36 (KHTML, like Gecko) Chrome/65.0.3325.181 Safari/537.36"
159.89.43.233 - - [22/Mar/2020:14:39:25 +0100] "GET / HTTP/1.1" 200 9216 "-" "-"
159.89.43.233 - - [22/Mar/2020:14:39:28 +0100] "GET /robots.txt HTTP/1.1" 200 3712 "-" "Mozilla/5.0 (Windows NT 6.3; WOW64) AppleWebKit/537.36 (KHTML, like Gecko) Chrome/34.0.1847.131 Safari/537.36"
159.89.43.233 - - [22/Mar/2020:14:39:35 +0100] "GET /buzon-sugerencias.html HTTP/1.1" 200 7425 "https://serynco.es" "Mozilla/5.0 (X11; Datanyze; Linux x86_64) AppleWebKit/537.36 (KHTML, like Gecko) Chrome/65.0.3325.181 Safari/537.36"
159.89.43.233 - - [22/Mar/2020:14:39:35 +0100] "GET /empresa.html HTTP/1.1" 200 9455 "https://serynco.es" "Mozilla/5.0 (X11; Datanyze; Linux x86_64) AppleWebKit/537.36 (KHTML, like Gecko) Chrome/65.0.3325.181 Safari/537.36"
159.89.43.233 - - [22/Mar/2020:14:39:35 +0100] "GET /contacto.html HTTP/1.1" 200 8052 "https://serynco.es" "Mozilla/5.0 (X11; Datanyze; Linux x86_64) AppleWebKit/537.36 (KHTML, like Gecko) Chrome/65.0.3325.181 Safari/537.36"
159.89.43.233 - - [22/Mar/2020:14:39:35 +0100] "GET /legal.html HTTP/1.1" 200 8719 "https://serynco.es" "Mozilla/5.0 (X11; Datanyze; Linux x86_64) AppleWebKit/537.36 (KHTML, like Gecko) Chrome/65.0.3325.181 Safari/537.36"
159.89.43.233 - - [22/Mar/2020:14:39:34 +0100] "GET /index.php HTTP/1.1" 200 9304 "https://serynco.es" "Mozilla/5.0 (X11; Datanyze; Linux x86_64) AppleWebKit/537.36 (KHTML, like Gecko) Chrome/65.0.3325.181 Safari/537.36"
159.89.43.233 - - [22/Mar/2020:14:39:36 +0100] "GET /servicios.html HTTP/1.1" 200 9306 "https://serynco.es" "Mozilla/5.0 (X11; Datanyze; Linux x86_64) AppleWebKit/537.36 (KHTML, like Gecko) Chrome/65.0.3325.181 Safari/537.36"
159.89.43.233 - - [22/Mar/2020:14:39:36 +0100] "GET /empleo.html HTTP/1.1" 200 7475 "https://serynco.es" "Mozilla/5.0 (X11; Datanyze; Linux x86_64) AppleWebKit/537.36 (KHTML, like Gecko) Chrome/65.0.3325.181 Safari/537.36"
159.89.43.233 - - [22/Mar/2020:14:39:36 +0100] "GET /clientes.html HTTP/1.1" 200 13877 "https://serynco.es" "Mozilla/5.0 (X11; Datanyze; Linux x86_64) AppleWebKit/537.36 (KHTML, like Gecko) Chrome/65.0.3325.181 Safari/537.36"
17.58.98.26 - - [22/Mar/2020:14:39:43 +0100] "GET /robots.txt HTTP/1.1" 200 3461 "-" "Mozilla/5.0 (Macintosh; Intel Mac OS X 10_10_1) AppleWebKit/600.2.5 (KHTML, like Gecko) Version/8.0.2 Safari/600.2.5 (Applebot/0.1; +http://www.apple.com/go/applebot)"
17.58.100.148 - - [22/Mar/2020:14:39:43 +0100] "GET /contacto.html HTTP/1.1" 200 7801 "-" "Mozilla/5.0 (Macintosh; Intel Mac OS X 10_10_1) AppleWebKit/600.2.5 (KHTML, like Gecko) Version/8.0.2 Safari/600.2.5 (Applebot/0.1; +http://www.apple.com/go/applebot)"
157.55.39.28 - - [22/Mar/2020:14:44:09 +0100] "GET /robots.txt HTTP/1.1" 200 3712 "-" "Mozilla/5.0 (compatible; bingbot/2.0; +http://www.bing.com/bingbot.htm)"
66.70.160.187 - - [22/Mar/2020:15:06:19 +0100] "GET /bitrix/admin/ HTTP/1.1" 404 4405 "http://serynco.es/bitrix/admin/" "Mozilla/5.0 (X11; Ubuntu; Linux x86_64; rv:62.0) Gecko/20100101 Firefox/62.0"
66.249.66.78 - - [22/Mar/2020:15:24:29 +0100] "GET /robots.txt HTTP/1.1" 200 3712 "-" "Mozilla/5.0 (compatible; Googlebot/2.1; +http://www.google.com/bot.html)"
66.249.66.77 - - [22/Mar/2020:15:24:30 +0100] "GET /empleo.html HTTP/1.1" 200 7475 "-" "Mozilla/5.0 (compatible; Googlebot/2.1; +http://www.google.com/bot.html)"
182.244.165.37 - - [22/Mar/2020:15:38:27 +0100] "GET /robots.txt HTTP/1.1" 200 3480 "-" "Mozilla/5.0(Linux;U;Android 5.1.1;zh-CN;OPPO A33 Build/LMY47V) AppleWebKit/537.36(KHTML,like Gecko) Version/4.0 Chrome/40.0.2214.89 UCBrowser/11.7.0.953 Mobile Safari/537.36"
118.127.15.84 - - [22/Mar/2020:15:42:09 +0100] "GET / HTTP/1.1" 200 9221 "-" "Mozilla/5.0 (Macintosh; Intel Mac OS X 10_9_3) AppleWebKit/537.36 (KHTML, like Gecko) Chrome/35.0.1916.47 Safari/537.36"
64.225.42.124 - - [22/Mar/2020:15:54:34 +0100] "GET /wp-login.php HTTP/1.1" 404 3422 "http://serynco.es/wp-login.php" "Mozilla/5.0 (X11; Ubuntu; Linux x86_64; rv:62.0) Gecko/20100101 Firefox/62.0"
54.36.148.117 - - [22/Mar/2020:16:34:44 +0100] "GET /robots.txt HTTP/1.1" 200 3461 "-" "Mozilla/5.0 (compatible; AhrefsBot/6.1; +http://ahrefs.com/robot/)"
190.17.50.15 - - [22/Mar/2020:17:09:25 +0100] "GET /images/ORGANIGRAMAv02.JPG HTTP/1.1" 200 59591 "https://www.google.com/" "Mozilla/5.0 (Windows NT 10.0; Win64; x64) AppleWebKit/537.36 (KHTML, like Gecko) Chrome/80.0.3987.149 Safari/537.36"
157.55.39.156 - - [22/Mar/2020:17:23:21 +0100] "GET /medio-ambiente.html HTTP/1.1" 200 8429 "-" "Mozilla/5.0 (compatible; bingbot/2.0; +http://www.bing.com/bingbot.htm)"
66.249.66.76 - - [22/Mar/2020:17:24:03 +0100] "GET /empleo.html HTTP/1.1" 200 7475 "-" "Mozilla/5.0 (Linux; Android 6.0.1; Nexus 5X Build/MMB29P) AppleWebKit/537.36 (KHTML, like Gecko) Chrome/41.0.2272.96 Mobile Safari/537.36 (compatible; Googlebot/2.1; +http://www.google.com/bot.html)"
66.249.66.76 - - [22/Mar/2020:17:29:55 +0100] "GET /favicon.ico HTTP/1.1" 404 4637 "-" "Googlebot-Image/1.0"
66.249.66.206 - - [22/Mar/2020:17:49:15 +0100] "GET / HTTP/1.1" 200 9253 "-" "Mozilla/5.0 (compatible; Googlebot/2.1; +http://www.google.com/bot.html)"
157.55.39.50 - - [22/Mar/2020:18:01:06 +0100] "GET /javascript/flash_detect.js HTTP/1.1" 200 11634 "-" "Mozilla/5.0 (compatible; MSIE 9.0; Windows NT 6.1; Trident/5.0)"
66.249.66.78 - - [22/Mar/2020:18:17:22 +0100] "GET /robots.txt HTTP/1.1" 200 3712 "-" "Mozilla/5.0 (compatible; Googlebot/2.1; +http://www.google.com/bot.html)"
66.249.66.78 - - [22/Mar/2020:18:17:22 +0100] "GET / HTTP/1.1" 200 5994 "-" "Mozilla/5.0 (Linux; Android 6.0.1; Nexus 5X Build/MMB29P) AppleWebKit/537.36 (KHTML, like Gecko) Chrome/41.0.2272.96 Mobile Safari/537.36 (compatible; Googlebot/2.1; +http://www.google.com/bot.html)"
66.249.66.76 - - [22/Mar/2020:18:17:30 +0100] "GET /favicon.ico HTTP/1.1" 404 4637 "-" "Googlebot-Image/1.0"
40.77.188.0 - - [22/Mar/2020:18:18:48 +0100] "GET /styles/layout.css HTTP/1.1" 404 4637 "-" "Mozilla/5.0 (Windows NT 6.1; WOW64) AppleWebKit/534+ (KHTML, like Gecko) BingPreview/1.0b"
40.77.189.234 - - [22/Mar/2020:18:18:49 +0100] "GET /styles/tmpl5.css HTTP/1.1" 404 4637 "-" "Mozilla/5.0 (Windows NT 6.1; WOW64) AppleWebKit/534+ (KHTML, like Gecko) BingPreview/1.0b"
40.77.189.101 - - [22/Mar/2020:18:18:49 +0100] "GET /js/jquery.js HTTP/1.1" 404 4637 "-" "Mozilla/5.0 (Windows NT 6.1; WOW64) AppleWebKit/534+ (KHTML, like Gecko) BingPreview/1.0b"
40.77.188.146 - - [22/Mar/2020:18:18:50 +0100] "GET /js/jquery-ui.min.js HTTP/1.1" 404 4637 "-" "Mozilla/5.0 (Windows NT 6.1; WOW64) AppleWebKit/534+ (KHTML, like Gecko) BingPreview/1.0b"
35.231.153.251 - - [22/Mar/2020:18:33:50 +0100] "GET /robots.txt HTTP/1.0" 200 3480 "-" "ZoominfoBot (zoominfobot at zoominfo dot com)"
35.231.153.251 - - [22/Mar/2020:18:33:50 +0100] "GET /clientes.html HTTP/1.0" 200 10719 "-" "ZoominfoBot (zoominfobot at zoominfo dot com)"
35.231.153.251 - - [22/Mar/2020:18:35:42 +0100] "GET /servicios.html HTTP/1.0" 200 9074 "-" "ZoominfoBot (zoominfobot at zoominfo dot com)"
35.231.153.251 - - [22/Mar/2020:18:36:34 +0100] "GET /empleo.html HTTP/1.0" 200 7243 "-" "ZoominfoBot (zoominfobot at zoominfo dot com)"
35.231.153.251 - - [22/Mar/2020:18:43:45 +0100] "GET /index.php HTTP/1.0" 200 8944 "-" "ZoominfoBot (zoominfobot at zoominfo dot com)"
35.231.153.251 - - [22/Mar/2020:18:48:55 +0100] "GET /robots.txt HTTP/1.0" 200 3480 "-" "ZoominfoBot (zoominfobot at zoominfo dot com)"
35.231.153.251 - - [22/Mar/2020:18:48:55 +0100] "GET /servicios.html HTTP/1.0" 200 6148 "-" "ZoominfoBot (zoominfobot at zoominfo dot com)"
35.231.153.251 - - [22/Mar/2020:18:48:57 +0100] "GET /index.php HTTP/1.0" 200 8944 "-" "ZoominfoBot (zoominfobot at zoominfo dot com)"
35.231.153.251 - - [22/Mar/2020:18:50:15 +0100] "GET /empresa.html HTTP/1.0" 200 9223 "-" "ZoominfoBot (zoominfobot at zoominfo dot com)"
35.231.153.251 - - [22/Mar/2020:18:50:40 +0100] "GET /empresa.html HTTP/1.0" 200 9223 "-" "ZoominfoBot (zoominfobot at zoominfo dot com)"
35.231.153.251 - - [22/Mar/2020:18:54:35 +0100] "GET /contacto.html HTTP/1.0" 200 7820 "-" "ZoominfoBot (zoominfobot at zoominfo dot com)"
35.231.153.251 - - [22/Mar/2020:18:55:15 +0100] "GET /clientes.html HTTP/1.0" 200 13645 "-" "ZoominfoBot (zoominfobot at zoominfo dot com)"
35.231.153.251 - - [22/Mar/2020:18:55:43 +0100] "GET /buzon-sugerencias.html HTTP/1.0" 200 7193 "-" "ZoominfoBot (zoominfobot at zoominfo dot com)"
35.231.153.251 - - [22/Mar/2020:18:57:28 +0100] "GET /empleo.html HTTP/1.0" 200 7243 "-" "ZoominfoBot (zoominfobot at zoominfo dot com)"
35.231.153.251 - - [22/Mar/2020:18:59:30 +0100] "GET /buzon-sugerencias.html HTTP/1.0" 200 7193 "-" "ZoominfoBot (zoominfobot at zoominfo dot com)"
35.231.153.251 - - [22/Mar/2020:19:03:12 +0100] "GET /contacto.html HTTP/1.0" 200 7820 "-" "ZoominfoBot (zoominfobot at zoominfo dot com)"
35.231.153.251 - - [22/Mar/2020:19:03:21 +0100] "GET /legal.html HTTP/1.0" 200 8487 "-" "ZoominfoBot (zoominfobot at zoominfo dot com)"
35.231.153.251 - - [22/Mar/2020:19:03:48 +0100] "GET /legal.html HTTP/1.0" 200 8487 "-" "ZoominfoBot (zoominfobot at zoominfo dot com)"
46.229.168.147 - - [22/Mar/2020:19:28:46 +0100] "GET /robots.txt HTTP/1.1" 200 3675 "-" "Mozilla/5.0 (compatible; SemrushBot/6~bl; +http://www.semrush.com/bot.html)"
46.229.168.146 - - [22/Mar/2020:19:28:49 +0100] "GET /construccion.html HTTP/1.1" 200 9711 "-" "Mozilla/5.0 (compatible; SemrushBot/6~bl; +http://www.semrush.com/bot.html)"
139.47.70.17 - - [22/Mar/2020:20:26:52 +0100] "GET / HTTP/1.1" 200 9253 "https://www.google.es/" "Mozilla/5.0 (Windows NT 10.0; Win64; x64) AppleWebKit/537.36 (KHTML, like Gecko) Chrome/80.0.3987.149 Safari/537.36"
139.47.70.17 - - [22/Mar/2020:20:26:52 +0100] "GET /css/style.css HTTP/1.1" 200 8834 "https://www.serynco.es/" "Mozilla/5.0 (Windows NT 10.0; Win64; x64) AppleWebKit/537.36 (KHTML, like Gecko) Chrome/80.0.3987.149 Safari/537.36"
139.47.70.17 - - [22/Mar/2020:20:26:52 +0100] "GET /javascript/flash_detect.js HTTP/1.1" 200 8513 "https://www.serynco.es/" "Mozilla/5.0 (Windows NT 10.0; Win64; x64) AppleWebKit/537.36 (KHTML, like Gecko) Chrome/80.0.3987.149 Safari/537.36"
139.47.70.17 - - [22/Mar/2020:20:26:52 +0100] "GET /images/logo.gif HTTP/1.1" 200 10425 "https://www.serynco.es/" "Mozilla/5.0 (Windows NT 10.0; Win64; x64) AppleWebKit/537.36 (KHTML, like Gecko) Chrome/80.0.3987.149 Safari/537.36"
139.47.70.17 - - [22/Mar/2020:20:26:52 +0100] "GET /images/fondo-cabecero.gif HTTP/1.1" 200 60514 "https://www.serynco.es/css/style.css" "Mozilla/5.0 (Windows NT 10.0; Win64; x64) AppleWebKit/537.36 (KHTML, like Gecko) Chrome/80.0.3987.149 Safari/537.36"
139.47.70.17 - - [22/Mar/2020:20:26:52 +0100] "GET /images/fondo-body.jpg HTTP/1.1" 200 15911 "https://www.serynco.es/css/style.css" "Mozilla/5.0 (Windows NT 10.0; Win64; x64) AppleWebKit/537.36 (KHTML, like Gecko) Chrome/80.0.3987.149 Safari/537.36"
139.47.70.17 - - [22/Mar/2020:20:26:52 +0100] "GET /images/fondoenlace.jpg HTTP/1.1" 200 15102 "https://www.serynco.es/css/style.css" "Mozilla/5.0 (Windows NT 10.0; Win64; x64) AppleWebKit/537.36 (KHTML, like Gecko) Chrome/80.0.3987.149 Safari/537.36"
139.47.70.17 - - [22/Mar/2020:20:26:52 +0100] "GET /images/footer.jpg HTTP/1.1" 200 20345 "https://www.serynco.es/css/style.css" "Mozilla/5.0 (Windows NT 10.0; Win64; x64) AppleWebKit/537.36 (KHTML, like Gecko) Chrome/80.0.3987.149 Safari/537.36"
139.47.70.17 - - [22/Mar/2020:20:26:53 +0100] "GET /favicon.ico HTTP/1.1" 404 1378 "https://www.serynco.es/" "Mozilla/5.0 (Windows NT 10.0; Win64; x64) AppleWebKit/537.36 (KHTML, like Gecko) Chrome/80.0.3987.149 Safari/537.36"
139.47.70.17 - - [22/Mar/2020:20:27:06 +0100] "GET /contacto.html HTTP/1.1" 200 4931 "https://www.serynco.es/" "Mozilla/5.0 (Windows NT 10.0; Win64; x64) AppleWebKit/537.36 (KHTML, like Gecko) Chrome/80.0.3987.149 Safari/537.36"
139.47.70.17 - - [22/Mar/2020:20:27:06 +0100] "GET /images/localizacion.gif HTTP/1.1" 200 5351 "https://www.serynco.es/contacto.html" "Mozilla/5.0 (Windows NT 10.0; Win64; x64) AppleWebKit/537.36 (KHTML, like Gecko) Chrome/80.0.3987.149 Safari/537.36"
139.47.70.17 - - [22/Mar/2020:20:27:06 +0100] "GET /images/adorno-localizacion.jpg HTTP/1.1" 200 32497 "https://www.serynco.es/contacto.html" "Mozilla/5.0 (Windows NT 10.0; Win64; x64) AppleWebKit/537.36 (KHTML, like Gecko) Chrome/80.0.3987.149 Safari/537.36"
139.47.70.17 - - [22/Mar/2020:20:27:06 +0100] "GET /images/mapa.gif HTTP/1.1" 200 94709 "https://www.serynco.es/contacto.html" "Mozilla/5.0 (Windows NT 10.0; Win64; x64) AppleWebKit/537.36 (KHTML, like Gecko) Chrome/80.0.3987.149 Safari/537.36"
139.47.70.17 - - [22/Mar/2020:20:27:06 +0100] "GET /images/fondo-cabecero2.gif HTTP/1.1" 200 51313 "https://www.serynco.es/css/style.css" "Mozilla/5.0 (Windows NT 10.0; Win64; x64) AppleWebKit/537.36 (KHTML, like Gecko) Chrome/80.0.3987.149 Safari/537.36"
139.47.70.17 - - [22/Mar/2020:20:27:13 +0100] "GET /servicios.html HTTP/1.1" 200 6185 "https://www.serynco.es/contacto.html" "Mozilla/5.0 (Windows NT 10.0; Win64; x64) AppleWebKit/537.36 (KHTML, like Gecko) Chrome/80.0.3987.149 Safari/537.36"
139.47.70.17 - - [22/Mar/2020:20:27:14 +0100] "GET /images/servicios.gif HTTP/1.1" 200 5030 "https://www.serynco.es/servicios.html" "Mozilla/5.0 (Windows NT 10.0; Win64; x64) AppleWebKit/537.36 (KHTML, like Gecko) Chrome/80.0.3987.149 Safari/537.36"
139.47.70.17 - - [22/Mar/2020:20:27:14 +0100] "GET /images/adorno-actividades.jpg HTTP/1.1" 200 29248 "https://www.serynco.es/servicios.html" "Mozilla/5.0 (Windows NT 10.0; Win64; x64) AppleWebKit/537.36 (KHTML, like Gecko) Chrome/80.0.3987.149 Safari/537.36"
139.47.70.17 - - [22/Mar/2020:20:27:14 +0100] "GET /images/cuadro-borde-turq.gif HTTP/1.1" 200 998 "https://www.serynco.es/servicios.html" "Mozilla/5.0 (Windows NT 10.0; Win64; x64) AppleWebKit/537.36 (KHTML, like Gecko) Chrome/80.0.3987.149 Safari/537.36"
139.47.70.17 - - [22/Mar/2020:20:27:24 +0100] "GET /empleo.html HTTP/1.1" 200 4354 "https://www.serynco.es/servicios.html" "Mozilla/5.0 (Windows NT 10.0; Win64; x64) AppleWebKit/537.36 (KHTML, like Gecko) Chrome/80.0.3987.149 Safari/537.36"
139.47.70.17 - - [22/Mar/2020:20:27:24 +0100] "GET /images/empleo.gif HTTP/1.1" 200 3899 "https://www.serynco.es/empleo.html" "Mozilla/5.0 (Windows NT 10.0; Win64; x64) AppleWebKit/537.36 (KHTML, like Gecko) Chrome/80.0.3987.149 Safari/537.36"
139.47.70.17 - - [22/Mar/2020:20:27:24 +0100] "GET /images/adorno-empleo.gif HTTP/1.1" 200 29740 "https://www.serynco.es/empleo.html" "Mozilla/5.0 (Windows NT 10.0; Win64; x64) AppleWebKit/537.36 (KHTML, like Gecko) Chrome/80.0.3987.149 Safari/537.36"
54.36.148.52 - - [22/Mar/2020:20:42:51 +0100] "GET /robots.txt HTTP/1.1" 200 3461 "-" "Mozilla/5.0 (compatible; AhrefsBot/6.1; +http://ahrefs.com/robot/)"
151.80.39.227 - - [22/Mar/2020:20:42:53 +0100] "GET /construccion.html HTTP/1.1" 200 9497 "-" "Mozilla/5.0 (compatible; AhrefsBot/6.1; +http://ahrefs.com/robot/)"
157.55.39.63 - - [22/Mar/2020:21:09:11 +0100] "GET / HTTP/1.1" 304 3453 "-" "Mozilla/5.0 (compatible; bingbot/2.0; +http://www.bing.com/bingbot.htm)"
186.31.168.141 - - [22/Mar/2020:21:09:12 +0100] "GET /images/ORGANIGRAMAv02.JPG HTTP/1.1" 200 59591 "https://www.google.com/" "Mozilla/5.0 (Windows NT 10.0; Win64; x64) AppleWebKit/537.36 (KHTML, like Gecko) Chrome/80.0.3987.149 Safari/537.36"
180.111.110.92 - - [22/Mar/2020:21:14:17 +0100] "GET /robots.txt HTTP/1.1" 200 3480 "-" "Mozilla/5.0(Linux;U;Android 5.1.1;zh-CN;OPPO A33 Build/LMY47V) AppleWebKit/537.36(KHTML,like Gecko) Version/4.0 Chrome/40.0.2214.89 UCBrowser/11.7.0.953 Mobile Safari/537.36"
151.80.39.227 - - [22/Mar/2020:21:27:22 +0100] "GET /seguridad-salud.html HTTP/1.1" 200 9501 "-" "Mozilla/5.0 (compatible; AhrefsBot/6.1; +http://ahrefs.com/robot/)"
5.189.141.124 - - [22/Mar/2020:21:38:44 +0100] "GET /robots.txt HTTP/1.1" 200 3712 "-" "Mozilla/5.0 (compatible; MJ12bot/v1.4.8; http://mj12bot.com/)"
5.189.141.124 - - [22/Mar/2020:21:38:48 +0100] "GET /noticias/publicaci%C3%B3n-faro.pdf HTTP/1.1" 200 263596 "-" "Mozilla/5.0 (compatible; MJ12bot/v1.4.8; http://mj12bot.com/)"
151.80.39.227 - - [22/Mar/2020:22:15:14 +0100] "GET /ingenieria.html HTTP/1.1" 200 11519 "-" "Mozilla/5.0 (compatible; AhrefsBot/6.1; +http://ahrefs.com/robot/)"
66.249.66.77 - - [22/Mar/2020:22:35:10 +0100] "GET /empresa.html HTTP/1.1" 200 9455 "-" "Mozilla/5.0 (Linux; Android 6.0.1; Nexus 5X Build/MMB29P) AppleWebKit/537.36 (KHTML, like Gecko) Chrome/41.0.2272.96 Mobile Safari/537.36 (compatible; Googlebot/2.1; +http://www.google.com/bot.html)"
66.249.66.76 - - [23/Mar/2020:00:22:52 +0100] "GET / HTTP/1.1" 200 9253 "-" "Mozilla/5.0 (Linux; Android 6.0.1; Nexus 5X Build/MMB29P) AppleWebKit/537.36 (KHTML, like Gecko) Chrome/41.0.2272.96 Mobile Safari/537.36 (compatible; Googlebot/2.1; +http://www.google.com/bot.html)"
13.52.30.46 - - [23/Mar/2020:00:36:02 +0100] "GET / HTTP/1.1" 200 9007 "-" "Mozilla/5.0 (Windows NT 10.0; WOW64; rv:44.0) Gecko/20100101 Firefox/44.0"
13.52.30.46 - - [23/Mar/2020:00:36:02 +0100] "GET /favicon.ico HTTP/1.1" 404 1323 "-" "Mozilla/5.0 (Windows NT 10.0; WOW64; rv:44.0) Gecko/20100101 Firefox/44.0"
157.55.39.28 - - [23/Mar/2020:00:37:15 +0100] "GET /robots.txt HTTP/1.1" 200 3712 "-" "Mozilla/5.0 (compatible; bingbot/2.0; +http://www.bing.com/bingbot.htm)"
66.249.66.206 - - [23/Mar/2020:01:12:06 +0100] "GET /favicon.ico HTTP/1.1" 404 4637 "-" "Googlebot-Image/1.0"
66.249.66.76 - - [23/Mar/2020:01:16:28 +0100] "GET /empresa.html HTTP/1.1" 200 9455 "-" "Mozilla/5.0 (Linux; Android 6.0.1; Nexus 5X Build/MMB29P) AppleWebKit/537.36 (KHTML, like Gecko) Chrome/41.0.2272.96 Mobile Safari/537.36 (compatible; Googlebot/2.1; +http://www.google.com/bot.html)"
18.237.41.219 - - [23/Mar/2020:02:14:28 +0100] "GET / HTTP/1.1" 200 9253 "-" "Mozilla/5.0 (Windows NT 10.0; Win64; x64)AppleWebKit/537.36 (KHTML, like Gecko) Chrome/66.0.3359.181 Safari/537.36"
52.41.211.72 - - [23/Mar/2020:02:14:29 +0100] "HEAD / HTTP/1.1" 200 3063 "-" "Go-http-client/1.1"
39.90.207.30 - - [23/Mar/2020:03:23:03 +0100] "GET /robots.txt HTTP/1.1" 200 3480 "-" "Mozilla/5.0(Linux;Android 5.1.1;OPPO A33 Build/LMY47V;wv) AppleWebKit/537.36(KHTML,link Gecko) Version/4.0 Chrome/43.0.2357.121 Mobile Safari/537.36 LieBaoFast/4.51.3"
114.119.161.168 - - [23/Mar/2020:03:24:34 +0100] "GET /empresa.html HTTP/1.1" 200 9223 "-" "Mozilla/5.0 (Linux; Android 7.0;) AppleWebKit/537.36 (KHTML, like Gecko) Mobile Safari/537.36 (compatible; AspiegelBot)"
66.249.66.76 - - [23/Mar/2020:03:30:02 +0100] "GET /favicon.ico HTTP/1.1" 404 4637 "-" "Googlebot-Image/1.0"
172.105.84.180 - - [23/Mar/2020:04:22:51 +0100] "GET / HTTP/1.1" 200 6208 "-" "python-requests/2.22.0"
66.249.66.76 - - [23/Mar/2020:04:48:24 +0100] "GET / HTTP/1.1" 200 9253 "-" "Mozilla/5.0 (Linux; Android 6.0.1; Nexus 5X Build/MMB29P) AppleWebKit/537.36 (KHTML, like Gecko) Chrome/80.0.3987.92 Mobile Safari/537.36 (compatible; Googlebot/2.1; +http://www.google.com/bot.html)"
104.155.24.7 - - [23/Mar/2020:05:00:47 +0100] "HEAD / HTTP/1.1" 200 3068 "-" "-"
104.155.24.7 - - [23/Mar/2020:05:00:47 +0100] "GET / HTTP/1.1" 200 6207 "-" "-"
66.249.66.206 - - [23/Mar/2020:05:35:11 +0100] "GET / HTTP/1.1" 200 9253 "-" "Mozilla/5.0 (Linux; Android 6.0.1; Nexus 5X Build/MMB29P) AppleWebKit/537.36 (KHTML, like Gecko) Chrome/41.0.2272.96 Mobile Safari/537.36 (compatible; Googlebot/2.1; +http://www.google.com/bot.html)"
178.23.211.246 - - [23/Mar/2020:07:37:53 +0100] "POST /AutoDiscover/autodiscover.xml HTTP/1.1" 400 3789 "-" "Microsoft Office/16.0 (Windows NT 10.0; Microsoft Word 16.0.11929; Pro)"
66.249.66.76 - - [23/Mar/2020:07:50:09 +0100] "GET / HTTP/1.1" 200 9253 "-" "Mozilla/5.0 (Linux; Android 6.0.1; Nexus 5X Build/MMB29P) AppleWebKit/537.36 (KHTML, like Gecko) Chrome/80.0.3987.92 Mobile Safari/537.36 (compatible; Googlebot/2.1; +http://www.google.com/bot.html)"
42.236.10.73 - - [23/Mar/2020:07:54:45 +0100] "GET / HTTP/1.1" 200 9063 "https://www.serynco.es/" "Mozilla/5.0 (Windows NT 6.1; WOW64) AppleWebKit/537.36 (KHTML, like Gecko) Chrome/50.4.2661.102 Safari/537.36; 360Spider"
42.236.10.73 - - [23/Mar/2020:08:03:49 +0100] "GET / HTTP/1.1" 200 9063 "https://www.serynco.es/" "Mozilla/5.0 (Windows NT 6.1; WOW64) AppleWebKit/537.36 (KHTML, like Gecko) Chrome/50.0.2661.102 Safari/537.36; 360Spider"
178.23.211.246 - - [23/Mar/2020:08:24:47 +0100] "POST /AutoDiscover/autodiscover.xml HTTP/1.1" 400 3789 "-" "Microsoft Office/16.0 (Windows NT 10.0; Microsoft Excel 16.0.12624; Pro)"
178.23.211.246 - - [23/Mar/2020:08:27:09 +0100] "POST /AutoDiscover/autodiscover.xml HTTP/1.1" 400 3789 "-" "Microsoft Office/16.0 (Windows NT 10.0; Microsoft Excel 16.0.12624; Pro)"
178.23.211.246 - - [23/Mar/2020:08:28:29 +0100] "POST /AutoDiscover/autodiscover.xml HTTP/1.1" 400 3789 "-" "Microsoft Office/16.0 (Windows NT 10.0; Microsoft Word 16.0.12624; Pro)"
46.229.168.162 - - [23/Mar/2020:09:17:37 +0100] "GET /robots.txt HTTP/1.1" 200 3675 "-" "Mozilla/5.0 (compatible; SemrushBot/6~bl; +http://www.semrush.com/bot.html)"
46.229.168.147 - - [23/Mar/2020:09:17:40 +0100] "GET /buzon-sugerencias.html HTTP/1.1" 200 7388 "-" "Mozilla/5.0 (compatible; SemrushBot/6~bl; +http://www.semrush.com/bot.html)"
114.119.161.92 - - [23/Mar/2020:09:35:12 +0100] "GET /robots.txt HTTP/1.1" 200 3480 "-" "Mozilla/5.0 (Linux; Android 7.0;) AppleWebKit/537.36 (KHTML, like Gecko) Mobile Safari/537.36 (compatible; AspiegelBot)"
114.119.161.92 - - [23/Mar/2020:09:50:42 +0100] "GET /controlsimultaneidad.html HTTP/1.1" 200 7860 "-" "Mozilla/5.0 (Linux; Android 7.0;) AppleWebKit/537.36 (KHTML, like Gecko) Mobile Safari/537.36 (compatible; AspiegelBot)"
66.70.160.187 - - [23/Mar/2020:09:58:11 +0100] "GET /admin/ HTTP/1.1" 404 4405 "http://serynco.es/admin/" "Mozilla/5.0 (X11; Ubuntu; Linux x86_64; rv:62.0) Gecko/20100101 Firefox/62.0"
178.23.211.246 - - [23/Mar/2020:09:58:27 +0100] "POST /AutoDiscover/autodiscover.xml HTTP/1.1" 400 3789 "-" "Microsoft Office/16.0 (Windows NT 10.0; Microsoft Word 16.0.11929; Pro)"
222.182.8.223 - - [23/Mar/2020:10:06:04 +0100] "GET /robots.txt HTTP/1.1" 200 3480 "-" "Mozilla/5.0(Linux;Android 5.1.1;OPPO A33 Build/LMY47V;wv) AppleWebKit/537.36(KHTML,link Gecko) Version/4.0 Chrome/43.0.2357.121 Mobile Safari/537.36 LieBaoFast/4.51.3"
157.55.39.28 - - [23/Mar/2020:10:21:47 +0100] "GET /robots.txt HTTP/1.1" 200 3712 "-" "Mozilla/5.0 (compatible; bingbot/2.0; +http://www.bing.com/bingbot.htm)"
178.23.211.246 - - [23/Mar/2020:10:42:56 +0100] "POST /AutoDiscover/autodiscover.xml HTTP/1.1" 400 3789 "-" "Microsoft Office/16.0 (Windows NT 10.0; Microsoft Word 16.0.12527; Pro)"
58.242.194.173 - - [23/Mar/2020:10:53:51 +0100] "GET / HTTP/1.1" 200 9021 "-" "Mozilla/5.0 (Linux; Android 5.1.1; Nexus 10 Build/LMY47V) AppleWebKit/537.36 (KHTML, like Gecko) Chrome/57.0.2987.133 Safari/535.19"
