66.249.66.77 - - [23/Mar/2020:10:53:53 +0100] "GET /empresa.html HTTP/1.1" 200 9455 "-" "Mozilla/5.0 (Linux; Android 6.0.1; Nexus 5X Build/MMB29P) AppleWebKit/537.36 (KHTML, like Gecko) Chrome/41.0.2272.96 Mobile Safari/537.36 (compatible; Googlebot/2.1; +http://www.google.com/bot.html)"
66.249.66.76 - - [23/Mar/2020:11:28:14 +0100] "GET /index.html HTTP/1.1" 200 9253 "-" "Mozilla/5.0 (compatible; Googlebot/2.1; +http://www.google.com/bot.html)"
3.218.250.96 - - [23/Mar/2020:12:39:46 +0100] "GET / HTTP/1.1" 200 9253 "-" "Mozilla/5.0 (Macintosh; Intel Mac OS X 10_15_0) AppleWebKit/537.36 (KHTML, like Gecko) Chrome/78.0.3904.87 Safari/537.36"
116.55.140.168 - - [23/Mar/2020:12:54:14 +0100] "GET /robots.txt HTTP/1.1" 200 3480 "-" "Mozilla/5.0(Linux;Android 5.1.1;OPPO A33 Build/LMY47V;wv) AppleWebKit/537.36(KHTML,link Gecko) Version/4.0 Chrome/42.0.2311.138 Mobile Safari/537.36 Mb2345Browser/9.0"
47.63.202.146 - - [23/Mar/2020:12:55:48 +0100] "GET / HTTP/1.1" 200 9253 "https://www.google.com/" "Mozilla/5.0 (Windows NT 10.0; Win64; x64) AppleWebKit/537.36 (KHTML, like Gecko) Chrome/80.0.3987.149 Safari/537.36"
47.63.202.146 - - [23/Mar/2020:12:55:48 +0100] "GET /css/style.css HTTP/1.1" 304 3453 "https://www.serynco.es/" "Mozilla/5.0 (Windows NT 10.0; Win64; x64) AppleWebKit/537.36 (KHTML, like Gecko) Chrome/80.0.3987.149 Safari/537.36"
47.63.202.146 - - [23/Mar/2020:12:55:48 +0100] "GET /javascript/flash_detect.js HTTP/1.1" 200 8375 "https://www.serynco.es/" "Mozilla/5.0 (Windows NT 10.0; Win64; x64) AppleWebKit/537.36 (KHTML, like Gecko) Chrome/80.0.3987.149 Safari/537.36"
47.63.202.146 - - [23/Mar/2020:12:55:49 +0100] "GET /images/logo.gif HTTP/1.1" 304 194 "https://www.serynco.es/" "Mozilla/5.0 (Windows NT 10.0; Win64; x64) AppleWebKit/537.36 (KHTML, like Gecko) Chrome/80.0.3987.149 Safari/537.36"
47.63.202.146 - - [23/Mar/2020:12:58:44 +0100] "GET /images/fondo-body.jpg HTTP/1.1" 200 19170 "https://www.serynco.es/css/style.css" "Mozilla/5.0 (Windows NT 10.0; Win64; x64) AppleWebKit/537.36 (KHTML, like Gecko) Chrome/80.0.3987.149 Safari/537.36"
47.63.202.146 - - [23/Mar/2020:12:58:44 +0100] "GET /images/fondoenlace.jpg HTTP/1.1" 200 18361 "https://www.serynco.es/css/style.css" "Mozilla/5.0 (Windows NT 10.0; Win64; x64) AppleWebKit/537.36 (KHTML, like Gecko) Chrome/80.0.3987.149 Safari/537.36"
47.63.202.146 - - [23/Mar/2020:12:58:44 +0100] "GET /images/footer.jpg HTTP/1.1" 200 23604 "https://www.serynco.es/css/style.css" "Mozilla/5.0 (Windows NT 10.0; Win64; x64) AppleWebKit/537.36 (KHTML, like Gecko) Chrome/80.0.3987.149 Safari/537.36"
47.63.202.146 - - [23/Mar/2020:12:58:44 +0100] "GET /images/fondo-cabecero.gif HTTP/1.1" 200 63773 "https://www.serynco.es/css/style.css" "Mozilla/5.0 (Windows NT 10.0; Win64; x64) AppleWebKit/537.36 (KHTML, like Gecko) Chrome/80.0.3987.149 Safari/537.36"
47.63.202.146 - - [23/Mar/2020:12:58:44 +0100] "GET /favicon.ico HTTP/1.1" 404 1378 "https://www.serynco.es/" "Mozilla/5.0 (Windows NT 10.0; Win64; x64) AppleWebKit/537.36 (KHTML, like Gecko) Chrome/80.0.3987.149 Safari/537.36"
47.63.202.146 - - [23/Mar/2020:12:58:57 +0100] "GET /contacto.html HTTP/1.1" 200 8052 "https://www.serynco.es/" "Mozilla/5.0 (Windows NT 10.0; Win64; x64) AppleWebKit/537.36 (KHTML, like Gecko) Chrome/80.0.3987.149 Safari/537.36"
47.63.202.146 - - [23/Mar/2020:12:58:57 +0100] "GET /images/adorno-localizacion.jpg HTTP/1.1" 200 35756 "https://www.serynco.es/contacto.html" "Mozilla/5.0 (Windows NT 10.0; Win64; x64) AppleWebKit/537.36 (KHTML, like Gecko) Chrome/80.0.3987.149 Safari/537.36"
47.63.202.146 - - [23/Mar/2020:12:58:57 +0100] "GET /images/localizacion.gif HTTP/1.1" 200 5351 "https://www.serynco.es/contacto.html" "Mozilla/5.0 (Windows NT 10.0; Win64; x64) AppleWebKit/537.36 (KHTML, like Gecko) Chrome/80.0.3987.149 Safari/537.36"
47.63.202.146 - - [23/Mar/2020:12:58:57 +0100] "GET /images/mapa.gif HTTP/1.1" 200 94571 "https://www.serynco.es/contacto.html" "Mozilla/5.0 (Windows NT 10.0; Win64; x64) AppleWebKit/537.36 (KHTML, like Gecko) Chrome/80.0.3987.149 Safari/537.36"
47.63.202.146 - - [23/Mar/2020:12:58:57 +0100] "GET /images/fondo-cabecero2.gif HTTP/1.1" 200 51175 "https://www.serynco.es/css/style.css" "Mozilla/5.0 (Windows NT 10.0; Win64; x64) AppleWebKit/537.36 (KHTML, like Gecko) Chrome/80.0.3987.149 Safari/537.36"
186.77.137.115 - - [23/Mar/2020:14:02:24 +0100] "GET /images/mapa.gif HTTP/1.1" 200 97830 "https://www.google.com/" "Mozilla/5.0 (Linux; Android 6.0.1; 6070O Build/MMB29M; wv) AppleWebKit/537.36 (KHTML, like Gecko) Version/4.0 Chrome/55.0.2883.91 Mobile Safari/537.36 GSA/6.7.21.21.arm64"
17.58.98.26 - - [23/Mar/2020:15:03:34 +0100] "GET /robots.txt HTTP/1.1" 200 3461 "-" "Mozilla/5.0 (Macintosh; Intel Mac OS X 10_10_1) AppleWebKit/600.2.5 (KHTML, like Gecko) Version/8.0.2 Safari/600.2.5 (Applebot/0.1; +http://www.apple.com/go/applebot)"
17.58.100.148 - - [23/Mar/2020:15:03:37 +0100] "GET /legal.html HTTP/1.1" 200 8468 "-" "Mozilla/5.0 (Macintosh; Intel Mac OS X 10_10_1) AppleWebKit/600.2.5 (KHTML, like Gecko) Version/8.0.2 Safari/600.2.5 (Applebot/0.1; +http://www.apple.com/go/applebot)"
114.119.161.92 - - [23/Mar/2020:15:17:55 +0100] "GET /robots.txt HTTP/1.1" 200 3480 "-" "Mozilla/5.0 (Linux; Android 7.0;) AppleWebKit/537.36 (KHTML, like Gecko) Mobile Safari/537.36 (compatible; AspiegelBot)"
54.36.148.213 - - [23/Mar/2020:16:33:54 +0100] "GET /robots.txt HTTP/1.1" 200 3461 "-" "Mozilla/5.0 (compatible; AhrefsBot/6.1; +http://ahrefs.com/robot/)"
151.80.39.64 - - [23/Mar/2020:16:33:56 +0100] "GET /construccion.html HTTP/1.1" 200 9497 "-" "Mozilla/5.0 (compatible; AhrefsBot/6.1; +http://ahrefs.com/robot/)"
54.36.149.13 - - [23/Mar/2020:17:02:50 +0100] "GET /robots.txt HTTP/1.1" 200 3461 "-" "Mozilla/5.0 (compatible; AhrefsBot/6.1; +http://ahrefs.com/robot/)"
151.80.39.227 - - [23/Mar/2020:17:03:38 +0100] "GET /ingenieria.html HTTP/1.1" 200 11519 "-" "Mozilla/5.0 (compatible; AhrefsBot/6.1; +http://ahrefs.com/robot/)"
66.249.66.77 - - [23/Mar/2020:17:03:42 +0100] "GET / HTTP/1.1" 200 9253 "-" "Mozilla/5.0 (Linux; Android 6.0.1; Nexus 5X Build/MMB29P) AppleWebKit/537.36 (KHTML, like Gecko) Chrome/80.0.3987.92 Mobile Safari/537.36 (compatible; Googlebot/2.1; +http://www.google.com/bot.html)"
46.229.168.135 - - [23/Mar/2020:17:20:25 +0100] "GET /robots.txt HTTP/1.1" 200 3675 "-" "Mozilla/5.0 (compatible; SemrushBot/6~bl; +http://www.semrush.com/bot.html)"
46.229.168.136 - - [23/Mar/2020:17:20:27 +0100] "GET /index.html HTTP/1.1" 200 9216 "-" "Mozilla/5.0 (compatible; SemrushBot/6~bl; +http://www.semrush.com/bot.html)"
151.80.39.64 - - [23/Mar/2020:17:41:47 +0100] "GET /controlsimultaneidad.html HTTP/1.1" 200 7841 "-" "Mozilla/5.0 (compatible; AhrefsBot/6.1; +http://ahrefs.com/robot/)"
151.80.39.227 - - [23/Mar/2020:18:20:58 +0100] "GET /seguridad-salud.html HTTP/1.1" 200 9501 "-" "Mozilla/5.0 (compatible; AhrefsBot/6.1; +http://ahrefs.com/robot/)"
89.130.158.137 - - [23/Mar/2020:18:22:55 +0100] "GET / HTTP/1.1" 200 9253 "https://www.google.es/" "Mozilla/5.0 (Windows NT 10.0; Win64; x64) AppleWebKit/537.36 (KHTML, like Gecko) Chrome/80.0.3987.149 Safari/537.36"
89.130.158.137 - - [23/Mar/2020:18:22:55 +0100] "GET /css/style.css HTTP/1.1" 200 8834 "https://www.serynco.es/" "Mozilla/5.0 (Windows NT 10.0; Win64; x64) AppleWebKit/537.36 (KHTML, like Gecko) Chrome/80.0.3987.149 Safari/537.36"
89.130.158.137 - - [23/Mar/2020:18:22:55 +0100] "GET /images/logo.gif HTTP/1.1" 200 10287 "https://www.serynco.es/" "Mozilla/5.0 (Windows NT 10.0; Win64; x64) AppleWebKit/537.36 (KHTML, like Gecko) Chrome/80.0.3987.149 Safari/537.36"
89.130.158.137 - - [23/Mar/2020:18:22:55 +0100] "GET /javascript/flash_detect.js HTTP/1.1" 200 11634 "https://www.serynco.es/" "Mozilla/5.0 (Windows NT 10.0; Win64; x64) AppleWebKit/537.36 (KHTML, like Gecko) Chrome/80.0.3987.149 Safari/537.36"
89.130.158.137 - - [23/Mar/2020:18:22:58 +0100] "GET /images/fondo-cabecero.gif HTTP/1.1" 200 60514 "https://www.serynco.es/css/style.css" "Mozilla/5.0 (Windows NT 10.0; Win64; x64) AppleWebKit/537.36 (KHTML, like Gecko) Chrome/80.0.3987.149 Safari/537.36"
89.130.158.137 - - [23/Mar/2020:18:22:58 +0100] "GET /images/fondoenlace.jpg HTTP/1.1" 200 15240 "https://www.serynco.es/css/style.css" "Mozilla/5.0 (Windows NT 10.0; Win64; x64) AppleWebKit/537.36 (KHTML, like Gecko) Chrome/80.0.3987.149 Safari/537.36"
89.130.158.137 - - [23/Mar/2020:18:22:58 +0100] "GET /images/fondo-body.jpg HTTP/1.1" 200 15911 "https://www.serynco.es/css/style.css" "Mozilla/5.0 (Windows NT 10.0; Win64; x64) AppleWebKit/537.36 (KHTML, like Gecko) Chrome/80.0.3987.149 Safari/537.36"
89.130.158.137 - - [23/Mar/2020:18:22:58 +0100] "GET /images/footer.jpg HTTP/1.1" 200 20483 "https://www.serynco.es/css/style.css" "Mozilla/5.0 (Windows NT 10.0; Win64; x64) AppleWebKit/537.36 (KHTML, like Gecko) Chrome/80.0.3987.149 Safari/537.36"
89.130.158.137 - - [23/Mar/2020:18:22:58 +0100] "GET /favicon.ico HTTP/1.1" 404 1378 "https://www.serynco.es/" "Mozilla/5.0 (Windows NT 10.0; Win64; x64) AppleWebKit/537.36 (KHTML, like Gecko) Chrome/80.0.3987.149 Safari/537.36"
89.130.158.137 - - [23/Mar/2020:18:23:05 +0100] "GET /index.php HTTP/1.1" 200 6183 "https://www.serynco.es/" "Mozilla/5.0 (Windows NT 10.0; Win64; x64) AppleWebKit/537.36 (KHTML, like Gecko) Chrome/80.0.3987.149 Safari/537.36"
89.130.158.137 - - [23/Mar/2020:18:23:13 +0100] "GET /empresa.html HTTP/1.1" 200 6334 "https://www.serynco.es/index.php" "Mozilla/5.0 (Windows NT 10.0; Win64; x64) AppleWebKit/537.36 (KHTML, like Gecko) Chrome/80.0.3987.149 Safari/537.36"
89.130.158.137 - - [23/Mar/2020:18:23:13 +0100] "GET /images/empresa.gif HTTP/1.1" 200 5042 "https://www.serynco.es/empresa.html" "Mozilla/5.0 (Windows NT 10.0; Win64; x64) AppleWebKit/537.36 (KHTML, like Gecko) Chrome/80.0.3987.149 Safari/537.36"
89.130.158.137 - - [23/Mar/2020:18:23:13 +0100] "GET /images/adorno-compania.jpg HTTP/1.1" 200 43324 "https://www.serynco.es/empresa.html" "Mozilla/5.0 (Windows NT 10.0; Win64; x64) AppleWebKit/537.36 (KHTML, like Gecko) Chrome/80.0.3987.149 Safari/537.36"
89.130.158.137 - - [23/Mar/2020:18:23:13 +0100] "GET /images/camara14001.gif HTTP/1.1" 200 5075 "https://www.serynco.es/empresa.html" "Mozilla/5.0 (Windows NT 10.0; Win64; x64) AppleWebKit/537.36 (KHTML, like Gecko) Chrome/80.0.3987.149 Safari/537.36"
89.130.158.137 - - [23/Mar/2020:18:23:13 +0100] "GET /images/camara9001.gif HTTP/1.1" 200 4794 "https://www.serynco.es/empresa.html" "Mozilla/5.0 (Windows NT 10.0; Win64; x64) AppleWebKit/537.36 (KHTML, like Gecko) Chrome/80.0.3987.149 Safari/537.36"
89.130.158.137 - - [23/Mar/2020:18:23:13 +0100] "GET /images/ORGANIGRAMAv02.JPG HTTP/1.1" 200 56470 "https://www.serynco.es/empresa.html" "Mozilla/5.0 (Windows NT 10.0; Win64; x64) AppleWebKit/537.36 (KHTML, like Gecko) Chrome/80.0.3987.149 Safari/537.36"
89.130.158.137 - - [23/Mar/2020:18:23:13 +0100] "GET /images/fondo-cabecero2.gif HTTP/1.1" 200 51175 "https://www.serynco.es/css/style.css" "Mozilla/5.0 (Windows NT 10.0; Win64; x64) AppleWebKit/537.36 (KHTML, like Gecko) Chrome/80.0.3987.149 Safari/537.36"
46.229.168.144 - - [23/Mar/2020:18:33:24 +0100] "GET /robots.txt HTTP/1.1" 200 3675 "-" "Mozilla/5.0 (compatible; SemrushBot/6~bl; +http://www.semrush.com/bot.html)"
46.229.168.149 - - [23/Mar/2020:18:33:25 +0100] "GET /legal.html HTTP/1.1" 200 8682 "-" "Mozilla/5.0 (compatible; SemrushBot/6~bl; +http://www.semrush.com/bot.html)"
151.80.39.227 - - [23/Mar/2020:18:34:17 +0100] "GET /medio-ambiente.html HTTP/1.1" 200 8178 "-" "Mozilla/5.0 (compatible; AhrefsBot/6.1; +http://ahrefs.com/robot/)"
183.161.6.220 - - [23/Mar/2020:19:23:47 +0100] "GET /robots.txt HTTP/1.1" 200 3480 "-" "Mozilla/5.0 (Linux; Android 7.0; FRD-AL00 Build/HUAWEIFRD-AL00; wv) AppleWebKit/537.36 (KHTML, like Gecko) Version/4.0 Chrome/53.0.2785.49 Mobile MQQBrowser/6.2 TBS/043602 Safari/537.36 MicroMessenger/6.5.16.1120 NetType/WIFI Language/zh_CN"
178.154.200.24 - - [23/Mar/2020:19:54:59 +0100] "GET /robots.txt HTTP/1.1" 200 3712 "-" "Mozilla/5.0 (compatible; YandexBot/3.0; +http://yandex.com/bots)"
178.154.200.24 - - [23/Mar/2020:19:55:03 +0100] "GET /robots.txt HTTP/1.1" 200 453 "-" "Mozilla/5.0 (compatible; YandexBot/3.0; +http://yandex.com/bots)"
178.154.200.77 - - [23/Mar/2020:19:55:07 +0100] "GET /favicon.ico HTTP/1.1" 404 4637 "-" "Mozilla/5.0 (compatible; YandexBot/3.0; +http://yandex.com/bots)"
123.180.246.40 - - [23/Mar/2020:19:59:03 +0100] "GET /robots.txt HTTP/1.1" 200 3480 "-" "Mozilla/5.0(Linux;Android 5.1.1;OPPO A33 Build/LMY47V;wv) AppleWebKit/537.36(KHTML,link Gecko) Version/4.0 Chrome/42.0.2311.138 Mobile Safari/537.36 Mb2345Browser/9.0"
213.194.184.19 - - [23/Mar/2020:21:49:47 +0100] "GET / HTTP/1.1" 200 9253 "http://www.issco.es/serynco-ingenieros-s" "Mozilla/5.0 (Windows NT 10.0; Win64; x64) AppleWebKit/537.36 (KHTML, like Gecko) Chrome/80.0.3987.132 Safari/537.36"
213.194.184.19 - - [23/Mar/2020:21:49:48 +0100] "GET /css/style.css HTTP/1.1" 200 8834 "https://www.serynco.es/" "Mozilla/5.0 (Windows NT 10.0; Win64; x64) AppleWebKit/537.36 (KHTML, like Gecko) Chrome/80.0.3987.132 Safari/537.36"
213.194.184.19 - - [23/Mar/2020:21:49:48 +0100] "GET /images/logo.gif HTTP/1.1" 200 10425 "https://www.serynco.es/" "Mozilla/5.0 (Windows NT 10.0; Win64; x64) AppleWebKit/537.36 (KHTML, like Gecko) Chrome/80.0.3987.132 Safari/537.36"
213.194.184.19 - - [23/Mar/2020:21:49:48 +0100] "GET /javascript/flash_detect.js HTTP/1.1" 200 8375 "https://www.serynco.es/" "Mozilla/5.0 (Windows NT 10.0; Win64; x64) AppleWebKit/537.36 (KHTML, like Gecko) Chrome/80.0.3987.132 Safari/537.36"
213.194.184.19 - - [23/Mar/2020:21:49:48 +0100] "GET /images/fondo-body.jpg HTTP/1.1" 200 15911 "https://www.serynco.es/css/style.css" "Mozilla/5.0 (Windows NT 10.0; Win64; x64) AppleWebKit/537.36 (KHTML, like Gecko) Chrome/80.0.3987.132 Safari/537.36"
213.194.184.19 - - [23/Mar/2020:21:49:48 +0100] "GET /images/fondo-cabecero.gif HTTP/1.1" 200 60514 "https://www.serynco.es/css/style.css" "Mozilla/5.0 (Windows NT 10.0; Win64; x64) AppleWebKit/537.36 (KHTML, like Gecko) Chrome/80.0.3987.132 Safari/537.36"
213.194.184.19 - - [23/Mar/2020:21:49:48 +0100] "GET /images/fondoenlace.jpg HTTP/1.1" 200 15240 "https://www.serynco.es/css/style.css" "Mozilla/5.0 (Windows NT 10.0; Win64; x64) AppleWebKit/537.36 (KHTML, like Gecko) Chrome/80.0.3987.132 Safari/537.36"
213.194.184.19 - - [23/Mar/2020:21:49:48 +0100] "GET /images/footer.jpg HTTP/1.1" 200 20345 "https://www.serynco.es/css/style.css" "Mozilla/5.0 (Windows NT 10.0; Win64; x64) AppleWebKit/537.36 (KHTML, like Gecko) Chrome/80.0.3987.132 Safari/537.36"
157.55.39.28 - - [23/Mar/2020:22:24:30 +0100] "GET /robots.txt HTTP/1.1" 200 2037 "-" "Mozilla/5.0 (compatible; bingbot/2.0; +http://www.bing.com/bingbot.htm)"
157.55.39.28 - - [23/Mar/2020:22:24:31 +0100] "GET /robots.txt HTTP/1.1" 200 3712 "-" "Mozilla/5.0 (compatible; bingbot/2.0; +http://www.bing.com/bingbot.htm)"
207.46.13.86 - - [23/Mar/2020:22:24:33 +0100] "GET / HTTP/1.1" 304 3453 "-" "Mozilla/5.0 (compatible; bingbot/2.0; +http://www.bing.com/bingbot.htm)"
157.55.39.28 - - [24/Mar/2020:00:16:49 +0100] "GET /robots.txt HTTP/1.1" 200 2037 "-" "Mozilla/5.0 (compatible; bingbot/2.0; +http://www.bing.com/bingbot.htm)"
157.55.39.28 - - [24/Mar/2020:00:16:50 +0100] "GET /robots.txt HTTP/1.1" 200 3712 "-" "Mozilla/5.0 (compatible; bingbot/2.0; +http://www.bing.com/bingbot.htm)"
207.46.13.86 - - [24/Mar/2020:00:16:53 +0100] "GET /contacto.html HTTP/1.1" 200 8052 "-" "msnbot/2.0b (+http://search.msn.com/msnbot.htm)"
85.10.199.185 - - [24/Mar/2020:02:43:28 +0100] "GET /robots.txt HTTP/1.1" 200 3712 "-" "Mozilla/5.0 (compatible; MJ12bot/v1.4.8; http://mj12bot.com/)"
85.10.199.185 - - [24/Mar/2020:02:43:30 +0100] "GET /noticias/publicaci%C3%B3n-faro.pdf HTTP/1.1" 200 92672 "-" "Mozilla/5.0 (compatible; MJ12bot/v1.4.8; http://mj12bot.com/)"
54.213.13.58 - - [24/Mar/2020:02:54:42 +0100] "GET / HTTP/1.1" 200 9253 "-" "Mozilla/5.0 (Windows NT 10.0; Win64; x64)AppleWebKit/537.36 (KHTML, like Gecko) Chrome/66.0.3359.181 Safari/537.36"
52.41.211.72 - - [24/Mar/2020:02:54:43 +0100] "HEAD / HTTP/1.1" 200 3063 "-" "Go-http-client/1.1"
157.55.39.50 - - [24/Mar/2020:03:50:52 +0100] "GET /empleo.html HTTP/1.1" 200 7475 "-" "Mozilla/5.0 (compatible; bingbot/2.0; +http://www.bing.com/bingbot.htm)"
117.153.233.79 - - [24/Mar/2020:04:18:46 +0100] "GET /robots.txt HTTP/1.1" 200 3480 "-" "Mozilla/5.0(Linux;U;Android 5.1.1;zh-CN;OPPO A33 Build/LMY47V) AppleWebKit/537.36(KHTML,like Gecko) Version/4.0 Chrome/40.0.2214.89 UCBrowser/11.7.0.953 Mobile Safari/537.36"
23.237.4.26 - - [24/Mar/2020:04:28:51 +0100] "GET / HTTP/1.0" 200 7588 "-" "Mozilla/5.0 (compatible; AlphaBot/3.2; +http://alphaseobot.com/bot.html)"
23.237.4.26 - - [24/Mar/2020:04:28:52 +0100] "GET /blog/ HTTP/1.0" 404 2996 "-" "Mozilla/5.0 (compatible; AlphaBot/3.2; +http://alphaseobot.com/bot.html)"
66.249.79.23 - - [24/Mar/2020:05:03:51 +0100] "GET /robots.txt HTTP/1.1" 200 3712 "-" "Mozilla/5.0 (compatible; Googlebot/2.1; +http://www.google.com/bot.html)"
66.249.79.25 - - [24/Mar/2020:05:03:52 +0100] "GET / HTTP/1.1" 200 9253 "-" "Mozilla/5.0 (Linux; Android 6.0.1; Nexus 5X Build/MMB29P) AppleWebKit/537.36 (KHTML, like Gecko) Chrome/80.0.3987.92 Mobile Safari/537.36 (compatible; Googlebot/2.1; +http://www.google.com/bot.html)"
5.45.207.62 - - [24/Mar/2020:05:35:21 +0100] "GET /robots.txt HTTP/1.1" 200 3717 "-" "Mozilla/5.0 (compatible; YandexBot/3.0; +http://yandex.com/bots)"
5.45.207.62 - - [24/Mar/2020:05:35:23 +0100] "GET /robots.txt HTTP/1.1" 200 3717 "-" "Mozilla/5.0 (compatible; YandexBot/3.0; +http://yandex.com/bots)"
5.45.207.62 - - [24/Mar/2020:05:35:25 +0100] "GET / HTTP/1.1" 200 5994 "-" "Mozilla/5.0 (compatible; YandexBot/3.0; +http://yandex.com/bots)"
5.45.207.62 - - [24/Mar/2020:05:35:26 +0100] "GET / HTTP/1.1" 200 5994 "-" "Mozilla/5.0 (compatible; YandexBot/3.0; +http://yandex.com/bots)"
46.229.168.146 - - [24/Mar/2020:06:29:58 +0100] "GET /robots.txt HTTP/1.1" 200 3675 "-" "Mozilla/5.0 (compatible; SemrushBot/6~bl; +http://www.semrush.com/bot.html)"
46.229.168.142 - - [24/Mar/2020:06:29:58 +0100] "GET /servicios.html HTTP/1.1" 200 9269 "-" "Mozilla/5.0 (compatible; SemrushBot/6~bl; +http://www.semrush.com/bot.html)"
40.77.167.220 - - [24/Mar/2020:06:55:41 +0100] "GET /empresa.html HTTP/1.1" 200 9455 "-" "Mozilla/5.0 (compatible; bingbot/2.0; +http://www.bing.com/bingbot.htm)"
178.154.200.77 - - [24/Mar/2020:07:01:19 +0100] "GET /robots.txt HTTP/1.1" 200 3712 "-" "Mozilla/5.0 (compatible; YandexBot/3.0; +http://yandex.com/bots)"
178.154.200.77 - - [24/Mar/2020:07:01:23 +0100] "GET /robots.txt HTTP/1.1" 200 453 "-" "Mozilla/5.0 (compatible; YandexBot/3.0; +http://yandex.com/bots)"
178.154.200.24 - - [24/Mar/2020:07:01:27 +0100] "GET /favicon.ico HTTP/1.1" 404 4637 "-" "Mozilla/5.0 (compatible; YandexBot/3.0; +http://yandex.com/bots)"
5.45.207.62 - - [24/Mar/2020:07:50:25 +0100] "GET /robots.txt HTTP/1.1" 200 3717 "-" "Mozilla/5.0 (compatible; YandexBot/3.0; +http://yandex.com/bots)"
5.45.207.62 - - [24/Mar/2020:07:50:31 +0100] "GET / HTTP/1.1" 200 9258 "-" "Mozilla/5.0 (compatible; YandexBot/3.0; +http://yandex.com/bots)"
141.8.132.12 - - [24/Mar/2020:08:06:56 +0100] "GET /robots.txt HTTP/1.1" 200 3717 "-" "Mozilla/5.0 (compatible; YandexBot/3.0; +http://yandex.com/bots)"
5.45.207.62 - - [24/Mar/2020:08:07:01 +0100] "GET /robots.txt HTTP/1.1" 200 3717 "-" "Mozilla/5.0 (compatible; YandexBot/3.0; +http://yandex.com/bots)"
5.45.207.62 - - [24/Mar/2020:08:07:04 +0100] "GET / HTTP/1.1" 200 5994 "-" "Mozilla/5.0 (compatible; YandexBot/3.0; +http://yandex.com/bots)"
37.222.254.212 - - [24/Mar/2020:08:48:58 +0100] "POST /AutoDiscover/autodiscover.xml HTTP/1.1" 400 3789 "-" "Microsoft Office/16.0 (Windows NT 10.0; Microsoft Word 16.0.12624; Pro)"
178.23.211.246 - - [24/Mar/2020:08:57:36 +0100] "POST /AutoDiscover/autodiscover.xml HTTP/1.1" 400 3789 "-" "Microsoft Office/16.0 (Windows NT 10.0; Microsoft Excel 16.0.12624; Pro)"
17.58.100.148 - - [24/Mar/2020:09:22:01 +0100] "GET /index.html HTTP/1.1" 200 9002 "-" "Mozilla/5.0 (Macintosh; Intel Mac OS X 10_10_1) AppleWebKit/600.2.5 (KHTML, like Gecko) Version/8.0.2 Safari/600.2.5 (Applebot/0.1; +http://www.apple.com/go/applebot)"
62.175.116.161 - - [24/Mar/2020:09:25:01 +0100] "GET /empresa.html HTTP/1.1" 200 9471 "-" "Mozilla/5.0 (Windows NT 10.0; Win64; x64) AppleWebKit/537.36 (KHTML, like Gecko) Chrome/66.0.3359.66 Safari/537.36"
80.30.240.96 - - [24/Mar/2020:09:40:28 +0100] "POST /AutoDiscover/autodiscover.xml HTTP/1.1" 400 4231 "-" "Microsoft Office/16.0 (Windows NT 6.3; Microsoft Word 16.0.12527; Pro)"
91.90.183.82 - - [24/Mar/2020:09:52:56 +0100] "GET / HTTP/1.1" 200 9253 "https://www.google.com/" "Mozilla/5.0 (Windows NT 10.0; Win64; x64; rv:74.0) Gecko/20100101 Firefox/74.0"
91.90.183.82 - - [24/Mar/2020:09:52:56 +0100] "GET /css/style.css HTTP/1.1" 200 8834 "https://www.serynco.es/" "Mozilla/5.0 (Windows NT 10.0; Win64; x64; rv:74.0) Gecko/20100101 Firefox/74.0"
91.90.183.82 - - [24/Mar/2020:09:52:56 +0100] "GET /javascript/flash_detect.js HTTP/1.1" 200 8513 "https://www.serynco.es/" "Mozilla/5.0 (Windows NT 10.0; Win64; x64; rv:74.0) Gecko/20100101 Firefox/74.0"
91.90.183.82 - - [24/Mar/2020:09:52:56 +0100] "GET /images/logo.gif HTTP/1.1" 200 10287 "https://www.serynco.es/" "Mozilla/5.0 (Windows NT 10.0; Win64; x64; rv:74.0) Gecko/20100101 Firefox/74.0"
91.90.183.82 - - [24/Mar/2020:09:52:56 +0100] "GET /images/fondo-body.jpg HTTP/1.1" 200 15911 "https://www.serynco.es/css/style.css" "Mozilla/5.0 (Windows NT 10.0; Win64; x64; rv:74.0) Gecko/20100101 Firefox/74.0"
91.90.183.82 - - [24/Mar/2020:09:52:56 +0100] "GET /images/fondo-cabecero.gif HTTP/1.1" 200 60652 "https://www.serynco.es/css/style.css" "Mozilla/5.0 (Windows NT 10.0; Win64; x64; rv:74.0) Gecko/20100101 Firefox/74.0"
91.90.183.82 - - [24/Mar/2020:09:52:56 +0100] "GET /images/footer.jpg HTTP/1.1" 200 20345 "https://www.serynco.es/css/style.css" "Mozilla/5.0 (Windows NT 10.0; Win64; x64; rv:74.0) Gecko/20100101 Firefox/74.0"
91.90.183.82 - - [24/Mar/2020:09:52:56 +0100] "GET /images/fondoenlace.jpg HTTP/1.1" 200 15102 "https://www.serynco.es/css/style.css" "Mozilla/5.0 (Windows NT 10.0; Win64; x64; rv:74.0) Gecko/20100101 Firefox/74.0"
91.90.183.82 - - [24/Mar/2020:09:52:57 +0100] "GET /favicon.ico HTTP/1.1" 404 1378 "-" "Mozilla/5.0 (Windows NT 10.0; Win64; x64; rv:74.0) Gecko/20100101 Firefox/74.0"
91.90.183.82 - - [24/Mar/2020:09:53:14 +0100] "GET /contacto.html HTTP/1.1" 200 4931 "https://www.serynco.es/" "Mozilla/5.0 (Windows NT 10.0; Win64; x64; rv:74.0) Gecko/20100101 Firefox/74.0"
91.90.183.82 - - [24/Mar/2020:09:53:14 +0100] "GET /images/localizacion.gif HTTP/1.1" 200 5351 "https://www.serynco.es/contacto.html" "Mozilla/5.0 (Windows NT 10.0; Win64; x64; rv:74.0) Gecko/20100101 Firefox/74.0"
91.90.183.82 - - [24/Mar/2020:09:53:14 +0100] "GET /images/fondo-cabecero2.gif HTTP/1.1" 200 51175 "https://www.serynco.es/css/style.css" "Mozilla/5.0 (Windows NT 10.0; Win64; x64; rv:74.0) Gecko/20100101 Firefox/74.0"
91.90.183.82 - - [24/Mar/2020:09:53:14 +0100] "GET /images/adorno-localizacion.jpg HTTP/1.1" 200 32635 "https://www.serynco.es/contacto.html" "Mozilla/5.0 (Windows NT 10.0; Win64; x64; rv:74.0) Gecko/20100101 Firefox/74.0"
91.90.183.82 - - [24/Mar/2020:09:53:14 +0100] "GET /images/mapa.gif HTTP/1.1" 200 94709 "https://www.serynco.es/contacto.html" "Mozilla/5.0 (Windows NT 10.0; Win64; x64; rv:74.0) Gecko/20100101 Firefox/74.0"
66.249.79.23 - - [24/Mar/2020:10:00:26 +0100] "GET /robots.txt HTTP/1.1" 200 3712 "-" "Mozilla/5.0 (compatible; Googlebot/2.1; +http://www.google.com/bot.html)"
66.249.79.23 - - [24/Mar/2020:10:00:27 +0100] "GET / HTTP/1.1" 200 5994 "-" "Mozilla/5.0 (compatible; Googlebot/2.1; +http://www.google.com/bot.html)"
182.100.147.69 - - [24/Mar/2020:10:22:40 +0100] "GET /robots.txt HTTP/1.1" 200 3480 "-" "Mozilla/5.0 (Linux; Android 7.0; FRD-AL00 Build/HUAWEIFRD-AL00; wv) AppleWebKit/537.36 (KHTML, like Gecko) Version/4.0 Chrome/53.0.2785.49 Mobile MQQBrowser/6.2 TBS/043602 Safari/537.36 MicroMessenger/6.5.16.1120 NetType/WIFI Language/zh_CN"
66.249.79.27 - - [24/Mar/2020:10:41:34 +0100] "GET /favicon.ico HTTP/1.1" 404 4637 "-" "Googlebot-Image/1.0"
91.90.183.82 - - [24/Mar/2020:11:08:16 +0100] "GET /clientes.html HTTP/1.1" 200 13877 "https://www.serynco.es/contacto.html" "Mozilla/5.0 (Windows NT 10.0; Win64; x64; rv:74.0) Gecko/20100101 Firefox/74.0"
91.90.183.82 - - [24/Mar/2020:11:08:16 +0100] "GET /images/clientes.gif HTTP/1.1" 200 4088 "https://www.serynco.es/clientes.html" "Mozilla/5.0 (Windows NT 10.0; Win64; x64; rv:74.0) Gecko/20100101 Firefox/74.0"
91.90.183.82 - - [24/Mar/2020:11:08:16 +0100] "GET /images/adorno-clientes.jpg HTTP/1.1" 200 67231 "https://www.serynco.es/clientes.html" "Mozilla/5.0 (Windows NT 10.0; Win64; x64; rv:74.0) Gecko/20100101 Firefox/74.0"
91.90.183.82 - - [24/Mar/2020:11:08:16 +0100] "GET /images/logo-adif.gif HTTP/1.1" 200 3028 "https://www.serynco.es/clientes.html" "Mozilla/5.0 (Windows NT 10.0; Win64; x64; rv:74.0) Gecko/20100101 Firefox/74.0"
91.90.183.82 - - [24/Mar/2020:11:08:16 +0100] "GET /images/logo-fomento.gif HTTP/1.1" 200 6526 "https://www.serynco.es/clientes.html" "Mozilla/5.0 (Windows NT 10.0; Win64; x64; rv:74.0) Gecko/20100101 Firefox/74.0"
91.90.183.82 - - [24/Mar/2020:11:08:16 +0100] "GET /images/logo-defensa.gif HTTP/1.1" 200 10120 "https://www.serynco.es/clientes.html" "Mozilla/5.0 (Windows NT 10.0; Win64; x64; rv:74.0) Gecko/20100101 Firefox/74.0"
91.90.183.82 - - [24/Mar/2020:11:08:16 +0100] "GET /images/logo-sepes.gif HTTP/1.1" 200 2973 "https://www.serynco.es/clientes.html" "Mozilla/5.0 (Windows NT 10.0; Win64; x64; rv:74.0) Gecko/20100101 Firefox/74.0"
91.90.183.82 - - [24/Mar/2020:11:08:16 +0100] "GET /images/cuadro-borde-gris.gif HTTP/1.1" 200 745 "https://www.serynco.es/clientes.html" "Mozilla/5.0 (Windows NT 10.0; Win64; x64; rv:74.0) Gecko/20100101 Firefox/74.0"
91.90.183.82 - - [24/Mar/2020:11:08:16 +0100] "GET /images/logo-madrid.gif HTTP/1.1" 200 3327 "https://www.serynco.es/clientes.html" "Mozilla/5.0 (Windows NT 10.0; Win64; x64; rv:74.0) Gecko/20100101 Firefox/74.0"
91.90.183.82 - - [24/Mar/2020:11:08:16 +0100] "GET /images/logo-andaluc-op.gif HTTP/1.1" 200 7830 "https://www.serynco.es/clientes.html" "Mozilla/5.0 (Windows NT 10.0; Win64; x64; rv:74.0) Gecko/20100101 Firefox/74.0"
91.90.183.82 - - [24/Mar/2020:11:08:16 +0100] "GET /images/logo-alcorcon.gif HTTP/1.1" 200 7100 "https://www.serynco.es/clientes.html" "Mozilla/5.0 (Windows NT 10.0; Win64; x64; rv:74.0) Gecko/20100101 Firefox/74.0"
91.90.183.82 - - [24/Mar/2020:11:08:16 +0100] "GET /images/logo-andaluc-ma.gif HTTP/1.1" 200 7544 "https://www.serynco.es/clientes.html" "Mozilla/5.0 (Windows NT 10.0; Win64; x64; rv:74.0) Gecko/20100101 Firefox/74.0"
91.90.183.82 - - [24/Mar/2020:11:08:16 +0100] "GET /images/logo-coslada-rojo.gif HTTP/1.1" 200 16941 "https://www.serynco.es/clientes.html" "Mozilla/5.0 (Windows NT 10.0; Win64; x64; rv:74.0) Gecko/20100101 Firefox/74.0"
91.90.183.82 - - [24/Mar/2020:11:08:16 +0100] "GET /images/logo-envicosa.gif HTTP/1.1" 200 16258 "https://www.serynco.es/clientes.html" "Mozilla/5.0 (Windows NT 10.0; Win64; x64; rv:74.0) Gecko/20100101 Firefox/74.0"
91.90.183.82 - - [24/Mar/2020:11:08:16 +0100] "GET /images/logo-guadarrama.gif HTTP/1.1" 200 4179 "https://www.serynco.es/clientes.html" "Mozilla/5.0 (Windows NT 10.0; Win64; x64; rv:74.0) Gecko/20100101 Firefox/74.0"
91.90.183.82 - - [24/Mar/2020:11:08:16 +0100] "GET /images/logo-cuniv.gif HTTP/1.1" 200 6641 "https://www.serynco.es/clientes.html" "Mozilla/5.0 (Windows NT 10.0; Win64; x64; rv:74.0) Gecko/20100101 Firefox/74.0"
91.90.183.82 - - [24/Mar/2020:11:08:16 +0100] "GET /images/logo-sanse.gif HTTP/1.1" 200 6735 "https://www.serynco.es/clientes.html" "Mozilla/5.0 (Windows NT 10.0; Win64; x64; rv:74.0) Gecko/20100101 Firefox/74.0"
91.90.183.82 - - [24/Mar/2020:11:08:16 +0100] "GET /images/logo-madridmundo.gif HTTP/1.1" 200 5171 "https://www.serynco.es/clientes.html" "Mozilla/5.0 (Windows NT 10.0; Win64; x64; rv:74.0) Gecko/20100101 Firefox/74.0"
91.90.183.82 - - [24/Mar/2020:11:08:16 +0100] "GET /images/logo-navalcarnero.gif HTTP/1.1" 200 8386 "https://www.serynco.es/clientes.html" "Mozilla/5.0 (Windows NT 10.0; Win64; x64; rv:74.0) Gecko/20100101 Firefox/74.0"
91.90.183.82 - - [24/Mar/2020:11:08:16 +0100] "GET /images/logo-clh.gif HTTP/1.1" 200 4231 "https://www.serynco.es/clientes.html" "Mozilla/5.0 (Windows NT 10.0; Win64; x64; rv:74.0) Gecko/20100101 Firefox/74.0"
91.90.183.82 - - [24/Mar/2020:11:08:16 +0100] "GET /images/logo-valdemoro.gif HTTP/1.1" 200 8552 "https://www.serynco.es/clientes.html" "Mozilla/5.0 (Windows NT 10.0; Win64; x64; rv:74.0) Gecko/20100101 Firefox/74.0"
91.90.183.82 - - [24/Mar/2020:11:08:16 +0100] "GET /images/logo-acciona.gif HTTP/1.1" 200 3947 "https://www.serynco.es/clientes.html" "Mozilla/5.0 (Windows NT 10.0; Win64; x64; rv:74.0) Gecko/20100101 Firefox/74.0"
91.90.183.82 - - [24/Mar/2020:11:08:16 +0100] "GET /images/logo-acs.gif HTTP/1.1" 200 3945 "https://www.serynco.es/clientes.html" "Mozilla/5.0 (Windows NT 10.0; Win64; x64; rv:74.0) Gecko/20100101 Firefox/74.0"
91.90.183.82 - - [24/Mar/2020:11:08:16 +0100] "GET /images/logo-aena.gif HTTP/1.1" 200 4504 "https://www.serynco.es/clientes.html" "Mozilla/5.0 (Windows NT 10.0; Win64; x64; rv:74.0) Gecko/20100101 Firefox/74.0"
91.90.183.82 - - [24/Mar/2020:11:08:16 +0100] "GET /images/logo-aldesa.gif HTTP/1.1" 200 3912 "https://www.serynco.es/clientes.html" "Mozilla/5.0 (Windows NT 10.0; Win64; x64; rv:74.0) Gecko/20100101 Firefox/74.0"
91.90.183.82 - - [24/Mar/2020:11:08:16 +0100] "GET /images/logo-sanjose.gif HTTP/1.1" 200 8036 "https://www.serynco.es/clientes.html" "Mozilla/5.0 (Windows NT 10.0; Win64; x64; rv:74.0) Gecko/20100101 Firefox/74.0"
91.90.183.82 - - [24/Mar/2020:11:08:16 +0100] "GET /images/logo-fercaber.gif HTTP/1.1" 200 4264 "https://www.serynco.es/clientes.html" "Mozilla/5.0 (Windows NT 10.0; Win64; x64; rv:74.0) Gecko/20100101 Firefox/74.0"
91.90.183.82 - - [24/Mar/2020:11:08:16 +0100] "GET /images/logo-fcc.gif HTTP/1.1" 200 4873 "https://www.serynco.es/clientes.html" "Mozilla/5.0 (Windows NT 10.0; Win64; x64; rv:74.0) Gecko/20100101 Firefox/74.0"
91.90.183.82 - - [24/Mar/2020:11:08:16 +0100] "GET /images/logo-ferrovial.gif HTTP/1.1" 200 5182 "https://www.serynco.es/clientes.html" "Mozilla/5.0 (Windows NT 10.0; Win64; x64; rv:74.0) Gecko/20100101 Firefox/74.0"
91.90.183.82 - - [24/Mar/2020:11:08:16 +0100] "GET /images/logo-hispanica.gif HTTP/1.1" 200 3941 "https://www.serynco.es/clientes.html" "Mozilla/5.0 (Windows NT 10.0; Win64; x64; rv:74.0) Gecko/20100101 Firefox/74.0"
91.90.183.82 - - [24/Mar/2020:11:08:16 +0100] "GET /images/logo-imes.gif HTTP/1.1" 200 3097 "https://www.serynco.es/clientes.html" "Mozilla/5.0 (Windows NT 10.0; Win64; x64; rv:74.0) Gecko/20100101 Firefox/74.0"
91.90.183.82 - - [24/Mar/2020:11:08:16 +0100] "GET /images/logo-junta.gif HTTP/1.1" 200 6481 "https://www.serynco.es/clientes.html" "Mozilla/5.0 (Windows NT 10.0; Win64; x64; rv:74.0) Gecko/20100101 Firefox/74.0"
91.90.183.82 - - [24/Mar/2020:11:08:16 +0100] "GET /images/logo-ineco.gif HTTP/1.1" 200 3981 "https://www.serynco.es/clientes.html" "Mozilla/5.0 (Windows NT 10.0; Win64; x64; rv:74.0) Gecko/20100101 Firefox/74.0"
91.90.183.82 - - [24/Mar/2020:11:08:16 +0100] "GET /images/logo-obrum.gif HTTP/1.1" 200 5666 "https://www.serynco.es/clientes.html" "Mozilla/5.0 (Windows NT 10.0; Win64; x64; rv:74.0) Gecko/20100101 Firefox/74.0"
91.90.183.82 - - [24/Mar/2020:11:08:16 +0100] "GET /images/logo-riofisa.gif HTTP/1.1" 200 3719 "https://www.serynco.es/clientes.html" "Mozilla/5.0 (Windows NT 10.0; Win64; x64; rv:74.0) Gecko/20100101 Firefox/74.0"
91.90.183.82 - - [24/Mar/2020:11:08:16 +0100] "GET /images/logo-sando.gif HTTP/1.1" 200 4653 "https://www.serynco.es/clientes.html" "Mozilla/5.0 (Windows NT 10.0; Win64; x64; rv:74.0) Gecko/20100101 Firefox/74.0"
91.90.183.82 - - [24/Mar/2020:11:08:17 +0100] "GET /images/logo-sgs.gif HTTP/1.1" 200 4129 "https://www.serynco.es/clientes.html" "Mozilla/5.0 (Windows NT 10.0; Win64; x64; rv:74.0) Gecko/20100101 Firefox/74.0"
91.90.183.82 - - [24/Mar/2020:11:08:17 +0100] "GET /images/logo-virton.gif HTTP/1.1" 200 3084 "https://www.serynco.es/clientes.html" "Mozilla/5.0 (Windows NT 10.0; Win64; x64; rv:74.0) Gecko/20100101 Firefox/74.0"
58.242.194.173 - - [24/Mar/2020:11:18:47 +0100] "GET / HTTP/1.1" 200 9021 "-" "UCWEB/2.0 (Java; U; MIDP-2.0; Nokia203/20.37) U2/1.0.0 UCMini/11.0.0.1016 (SpeedMode; Proxy; Android 6.0.1; SM-N900 ) U2/1.0.0 Mobile"
88.11.102.158 - - [24/Mar/2020:11:24:38 +0100] "POST /AutoDiscover/autodiscover.xml HTTP/1.1" 400 3789 "-" "Microsoft Office/16.0 (Windows NT 10.0; Microsoft Word 16.0.11929; Pro)"
66.249.79.27 - - [24/Mar/2020:11:30:06 +0100] "GET /favicon.ico HTTP/1.1" 404 4637 "-" "Googlebot-Image/1.0"
157.55.39.50 - - [24/Mar/2020:11:39:46 +0100] "GET /legal.html HTTP/1.1" 200 8719 "-" "Mozilla/5.0 (compatible; bingbot/2.0; +http://www.bing.com/bingbot.htm)"
178.23.211.246 - - [24/Mar/2020:11:42:35 +0100] "POST /AutoDiscover/autodiscover.xml HTTP/1.1" 400 3789 "-" "Microsoft Office/16.0 (Windows NT 10.0; Microsoft Word 16.0.12527; Pro)"
5.45.207.62 - - [24/Mar/2020:12:21:37 +0100] "GET /robots.txt HTTP/1.1" 200 3717 "-" "Mozilla/5.0 (compatible; YandexBot/3.0; +http://yandex.com/bots)"
5.45.207.62 - - [24/Mar/2020:12:21:41 +0100] "GET / HTTP/1.1" 200 5994 "-" "Mozilla/5.0 (compatible; YandexBot/3.0; +http://yandex.com/bots)"
3.16.160.255 - - [24/Mar/2020:12:43:45 +0100] "GET / HTTP/1.1" 200 9253 "-" "Mozilla/5.0 (Macintosh; Intel Mac OS X 10_15_0) AppleWebKit/537.36 (KHTML, like Gecko) Chrome/78.0.3904.87 Safari/537.36"
83.41.59.162 - - [24/Mar/2020:12:46:47 +0100] "POST /AutoDiscover/autodiscover.xml HTTP/1.1" 400 3789 "-" "Microsoft Office/16.0 (Windows NT 10.0; Microsoft Word 16.0.12527; Pro)"
114.119.161.116 - - [24/Mar/2020:13:21:49 +0100] "GET /robots.txt HTTP/1.1" 200 3480 "-" "Mozilla/5.0 (Linux; Android 7.0;) AppleWebKit/537.36 (KHTML, like Gecko) Mobile Safari/537.36 (compatible; AspiegelBot)"
178.23.211.246 - - [24/Mar/2020:13:24:11 +0100] "POST /AutoDiscover/autodiscover.xml HTTP/1.1" 400 3789 "-" "Microsoft Office/16.0 (Windows NT 10.0; Microsoft Excel 16.0.11929; Pro)"
178.23.211.246 - - [24/Mar/2020:13:37:34 +0100] "POST /AutoDiscover/autodiscover.xml HTTP/1.1" 400 3789 "-" "Microsoft Office/16.0 (Windows NT 10.0; Microsoft Excel 16.0.11929; Pro)"
35.196.67.59 - - [24/Mar/2020:14:28:47 +0100] "GET /robots.txt HTTP/1.1" 200 3461 "-" "ZoominfoBot (zoominfobot at zoominfo dot com)"
35.196.67.59 - - [24/Mar/2020:14:28:47 +0100] "GET /robots.txt HTTP/1.0" 200 417 "-" "ZoominfoBot (zoominfobot at zoominfo dot com)"
35.196.67.59 - - [24/Mar/2020:14:28:47 +0100] "GET / HTTP/1.0" 200 6095 "-" "ZoominfoBot (zoominfobot at zoominfo dot com)"
66.249.79.74 - - [24/Mar/2020:14:30:08 +0100] "GET /robots.txt HTTP/1.1" 200 3712 "-" "Mozilla/5.0 (compatible; Googlebot/2.1; +http://www.google.com/bot.html)"
66.249.79.76 - - [24/Mar/2020:14:30:09 +0100] "GET / HTTP/1.1" 200 9253 "-" "Mozilla/5.0 (Linux; Android 6.0.1; Nexus 5X Build/MMB29P) AppleWebKit/537.36 (KHTML, like Gecko) Chrome/80.0.3987.92 Mobile Safari/537.36 (compatible; Googlebot/2.1; +http://www.google.com/bot.html)"
35.196.67.59 - - [24/Mar/2020:14:37:19 +0100] "GET /robots.txt HTTP/1.1" 200 3461 "-" "ZoominfoBot (zoominfobot at zoominfo dot com)"
35.196.67.59 - - [24/Mar/2020:14:37:19 +0100] "GET /robots.txt HTTP/1.0" 200 417 "-" "ZoominfoBot (zoominfobot at zoominfo dot com)"
35.196.67.59 - - [24/Mar/2020:14:37:20 +0100] "GET / HTTP/1.0" 200 6095 "-" "ZoominfoBot (zoominfobot at zoominfo dot com)"
66.249.79.25 - - [24/Mar/2020:14:38:18 +0100] "GET / HTTP/1.1" 200 9253 "-" "Mozilla/5.0 (Linux; Android 6.0.1; Nexus 5X Build/MMB29P) AppleWebKit/537.36 (KHTML, like Gecko) Chrome/80.0.3987.92 Mobile Safari/537.36 (compatible; Googlebot/2.1; +http://www.google.com/bot.html)"
112.49.246.165 - - [24/Mar/2020:15:16:10 +0100] "GET /robots.txt HTTP/1.1" 200 3480 "-" "Mozilla/5.0(Linux;U;Android 5.1.1;zh-CN;OPPO A33 Build/LMY47V) AppleWebKit/537.36(KHTML,like Gecko) Version/4.0 Chrome/40.0.2214.89 UCBrowser/11.7.0.953 Mobile Safari/537.36"
178.154.200.24 - - [24/Mar/2020:15:16:18 +0100] "GET /robots.txt HTTP/1.1" 200 3712 "-" "Mozilla/5.0 (compatible; YandexBot/3.0; +http://yandex.com/bots)"
178.154.200.24 - - [24/Mar/2020:15:16:21 +0100] "GET /noticias/politica-calidad.pdf HTTP/1.1" 200 27315 "-" "Mozilla/5.0 (compatible; YandexBot/3.0; +http://yandex.com/bots)"
207.46.13.158 - - [24/Mar/2020:16:22:53 +0100] "GET /index.php/javascript/flash_detect.js HTTP/1.1" 200 9304 "-" "Mozilla/5.0 (compatible; MSIE 9.0; Windows NT 6.1; Trident/5.0)"
66.249.79.27 - - [24/Mar/2020:17:05:12 +0100] "GET / HTTP/1.1" 200 9253 "-" "Mozilla/5.0 (Linux; Android 6.0.1; Nexus 5X Build/MMB29P) AppleWebKit/537.36 (KHTML, like Gecko) Chrome/80.0.3987.92 Mobile Safari/537.36 (compatible; Googlebot/2.1; +http://www.google.com/bot.html)"
157.55.39.113 - - [24/Mar/2020:17:09:21 +0100] "GET /empresa.html HTTP/1.1" 200 9455 "-" "Mozilla/5.0 (compatible; bingbot/2.0; +http://www.bing.com/bingbot.htm)"
40.77.167.20 - - [24/Mar/2020:17:10:07 +0100] "GET /contacto.html HTTP/1.1" 200 8052 "-" "Mozilla/5.0 (compatible; bingbot/2.0; +http://www.bing.com/bingbot.htm)"
114.119.166.248 - - [24/Mar/2020:17:21:59 +0100] "GET / HTTP/1.1" 200 9021 "-" "Mozilla/5.0 (Linux; Android 7.0;) AppleWebKit/537.36 (KHTML, like Gecko) Mobile Safari/537.36 (compatible; AspiegelBot)"
157.55.39.113 - - [24/Mar/2020:17:35:20 +0100] "GET /empresa.html HTTP/1.1" 200 9455 "-" "Mozilla/5.0 (compatible; bingbot/2.0; +http://www.bing.com/bingbot.htm)"
173.205.33.28 - - [24/Mar/2020:18:12:58 +0100] "GET / HTTP/1.1" 200 9221 "-" "Mozilla/5.0 (Windows NT 6.1; WOW64; Trident/7.0; rv:11.0) like Gecko"
114.119.162.95 - - [24/Mar/2020:19:32:30 +0100] "GET /robots.txt HTTP/1.1" 200 3480 "-" "Mozilla/5.0 (Linux; Android 7.0;) AppleWebKit/537.36 (KHTML, like Gecko) Mobile Safari/537.36 (compatible; AspiegelBot)"
35.196.209.203 - - [24/Mar/2020:19:58:15 +0100] "GET /robots.txt HTTP/1.0" 200 3480 "-" "ZoominfoBot (zoominfobot at zoominfo dot com)"
35.196.209.203 - - [24/Mar/2020:19:58:15 +0100] "GET /clientes.html HTTP/1.0" 200 10719 "-" "ZoominfoBot (zoominfobot at zoominfo dot com)"
35.196.209.203 - - [24/Mar/2020:20:00:17 +0100] "GET /servicios.html HTTP/1.0" 200 9074 "-" "ZoominfoBot (zoominfobot at zoominfo dot com)"
35.196.209.203 - - [24/Mar/2020:20:01:22 +0100] "GET /empleo.html HTTP/1.0" 200 7243 "-" "ZoominfoBot (zoominfobot at zoominfo dot com)"
192.99.150.97 - - [24/Mar/2020:20:08:40 +0100] "GET / HTTP/1.1" 200 6063 "-" "Mozilla/5.0 (compatible; Dataprovider.com)"
192.99.150.97 - - [24/Mar/2020:20:08:43 +0100] "GET /robots.txt HTTP/1.1" 200 522 "-" "Mozilla/5.0 (compatible; Dataprovider.com)"
192.99.150.97 - - [24/Mar/2020:20:08:43 +0100] "GET /sitemap.xml HTTP/1.1" 200 3521 "-" "Mozilla/5.0 (compatible; Dataprovider.com)"
192.99.150.97 - - [24/Mar/2020:20:08:44 +0100] "GET / HTTP/1.1" 200 6063 "-" "Mozilla/5.0 (compatible; Dataprovider.com)"
192.99.150.97 - - [24/Mar/2020:20:08:45 +0100] "GET /contacto.html HTTP/1.1" 200 4862 "-" "Mozilla/5.0 (compatible; Dataprovider.com)"
192.99.150.97 - - [24/Mar/2020:20:08:46 +0100] "GET /legal.html HTTP/1.1" 200 5529 "-" "Mozilla/5.0 (compatible; Dataprovider.com)"
35.196.209.203 - - [24/Mar/2020:20:08:46 +0100] "GET /index.php HTTP/1.0" 200 8944 "-" "ZoominfoBot (zoominfobot at zoominfo dot com)"
192.99.150.97 - - [24/Mar/2020:20:08:47 +0100] "GET /buzon-sugerencias.html HTTP/1.1" 200 4235 "-" "Mozilla/5.0 (compatible; Dataprovider.com)"
192.99.150.97 - - [24/Mar/2020:20:08:48 +0100] "GET /clientes.html HTTP/1.1" 200 10687 "-" "Mozilla/5.0 (compatible; Dataprovider.com)"
192.99.150.97 - - [24/Mar/2020:20:08:49 +0100] "GET /servicios.html HTTP/1.1" 200 6116 "-" "Mozilla/5.0 (compatible; Dataprovider.com)"
192.99.150.97 - - [24/Mar/2020:20:08:50 +0100] "GET /empresa.html HTTP/1.1" 200 6265 "-" "Mozilla/5.0 (compatible; Dataprovider.com)"
192.99.150.97 - - [24/Mar/2020:20:08:51 +0100] "GET /empleo.html HTTP/1.1" 200 4285 "-" "Mozilla/5.0 (compatible; Dataprovider.com)"
192.99.150.97 - - [24/Mar/2020:20:08:52 +0100] "GET /index.php HTTP/1.1" 200 6114 "-" "Mozilla/5.0 (compatible; Dataprovider.com)"
192.99.150.97 - - [24/Mar/2020:20:08:53 +0100] "GET /index.html HTTP/1.1" 200 6063 "-" "Mozilla/5.0 (compatible; Dataprovider.com)"
192.99.150.97 - - [24/Mar/2020:20:08:54 +0100] "GET /ads.txt HTTP/1.1" 404 1447 "-" "Mozilla/5.0 (compatible; Dataprovider.com)"
192.99.150.97 - - [24/Mar/2020:20:08:54 +0100] "GET / HTTP/1.1" 200 6063 "-" "Mozilla/5.0 (Linux; Android 5.1.1; SM-G925F Build/LMY47X) AppleWebKit/537.36 (KHTML, like Gecko) Chrome/45.0.2454.94 Mobile Safari/537.36"
35.196.209.203 - - [24/Mar/2020:20:11:56 +0100] "GET /robots.txt HTTP/1.0" 200 3480 "-" "ZoominfoBot (zoominfobot at zoominfo dot com)"
35.196.209.203 - - [24/Mar/2020:20:11:56 +0100] "GET /servicios.html HTTP/1.0" 200 6148 "-" "ZoominfoBot (zoominfobot at zoominfo dot com)"
35.196.209.203 - - [24/Mar/2020:20:12:07 +0100] "GET /index.php HTTP/1.0" 200 8944 "-" "ZoominfoBot (zoominfobot at zoominfo dot com)"
35.196.209.203 - - [24/Mar/2020:20:15:23 +0100] "GET /empresa.html HTTP/1.0" 200 9223 "-" "ZoominfoBot (zoominfobot at zoominfo dot com)"
35.196.209.203 - - [24/Mar/2020:20:15:46 +0100] "GET /empresa.html HTTP/1.0" 200 9223 "-" "ZoominfoBot (zoominfobot at zoominfo dot com)"
35.196.209.203 - - [24/Mar/2020:20:20:00 +0100] "GET /contacto.html HTTP/1.0" 200 7820 "-" "ZoominfoBot (zoominfobot at zoominfo dot com)"
35.196.209.203 - - [24/Mar/2020:20:20:40 +0100] "GET /clientes.html HTTP/1.0" 200 13645 "-" "ZoominfoBot (zoominfobot at zoominfo dot com)"
35.196.209.203 - - [24/Mar/2020:20:21:09 +0100] "GET /buzon-sugerencias.html HTTP/1.0" 200 7193 "-" "ZoominfoBot (zoominfobot at zoominfo dot com)"
35.196.209.203 - - [24/Mar/2020:20:22:52 +0100] "GET /empleo.html HTTP/1.0" 200 7243 "-" "ZoominfoBot (zoominfobot at zoominfo dot com)"
35.196.209.203 - - [24/Mar/2020:20:24:48 +0100] "GET /buzon-sugerencias.html HTTP/1.0" 200 7193 "-" "ZoominfoBot (zoominfobot at zoominfo dot com)"
35.196.209.203 - - [24/Mar/2020:20:28:32 +0100] "GET /contacto.html HTTP/1.0" 200 7820 "-" "ZoominfoBot (zoominfobot at zoominfo dot com)"
35.196.209.203 - - [24/Mar/2020:20:28:43 +0100] "GET /legal.html HTTP/1.0" 200 8487 "-" "ZoominfoBot (zoominfobot at zoominfo dot com)"
35.196.209.203 - - [24/Mar/2020:20:29:10 +0100] "GET /legal.html HTTP/1.0" 200 8487 "-" "ZoominfoBot (zoominfobot at zoominfo dot com)"
54.36.148.166 - - [24/Mar/2020:21:16:39 +0100] "GET /robots.txt HTTP/1.1" 200 3461 "-" "Mozilla/5.0 (compatible; AhrefsBot/6.1; +http://ahrefs.com/robot/)"
114.119.161.168 - - [24/Mar/2020:21:37:17 +0100] "GET /empleo.html HTTP/1.1" 200 7243 "-" "Mozilla/5.0 (Linux; Android 7.0;) AppleWebKit/537.36 (KHTML, like Gecko) Mobile Safari/537.36 (compatible; AspiegelBot)"
42.49.225.180 - - [24/Mar/2020:22:40:40 +0100] "GET /robots.txt HTTP/1.1" 200 3480 "-" "Mozilla/5.0 (Linux; Android 7.0; FRD-AL00 Build/HUAWEIFRD-AL00; wv) AppleWebKit/537.36 (KHTML, like Gecko) Version/4.0 Chrome/53.0.2785.49 Mobile MQQBrowser/6.2 TBS/043602 Safari/537.36 MicroMessenger/6.5.16.1120 NetType/WIFI Language/zh_CN"
23.108.46.35 - - [24/Mar/2020:22:54:18 +0100] "GET / HTTP/1.0" 200 9221 "-" "Mozilla/5.0 (Windows NT 10.0; Win64; x64) AppleWebKit/537.36 (KHTML, like Gecko) Chrome/66.0.3359.66 Safari/537.36"
23.104.161.33 - - [24/Mar/2020:22:54:20 +0100] "GET /contacto.html HTTP/1.0" 200 8020 "http://serynco.es" "Mozilla/5.0 (Windows NT 10.0; Win64; x64) AppleWebKit/537.36 (KHTML, like Gecko) Chrome/66.0.3359.66 Safari/537.36"
114.119.161.168 - - [25/Mar/2020:00:13:15 +0100] "GET /index.php HTTP/1.1" 200 9072 "-" "Mozilla/5.0 (Linux; Android 7.0;) AppleWebKit/537.36 (KHTML, like Gecko) Mobile Safari/537.36 (compatible; AspiegelBot)"
27.201.107.62 - - [25/Mar/2020:00:57:39 +0100] "GET /robots.txt HTTP/1.1" 200 3480 "-" "Mozilla/5.0 (Linux; Android 7.0; FRD-AL00 Build/HUAWEIFRD-AL00; wv) AppleWebKit/537.36 (KHTML, like Gecko) Version/4.0 Chrome/53.0.2785.49 Mobile MQQBrowser/6.2 TBS/043602 Safari/537.36 MicroMessenger/6.5.16.1120 NetType/WIFI Language/zh_CN"
66.249.76.89 - - [25/Mar/2020:01:25:06 +0100] "GET /servicios.html HTTP/1.1" 200 9306 "-" "Mozilla/5.0 (Linux; Android 6.0.1; Nexus 5X Build/MMB29P) AppleWebKit/537.36 (KHTML, like Gecko) Chrome/41.0.2272.96 Mobile Safari/537.36 (compatible; Googlebot/2.1; +http://www.google.com/bot.html)"
114.119.162.95 - - [25/Mar/2020:01:49:40 +0100] "GET /robots.txt HTTP/1.1" 200 3480 "-" "Mozilla/5.0 (Linux; Android 7.0;) AppleWebKit/537.36 (KHTML, like Gecko) Mobile Safari/537.36 (compatible; AspiegelBot)"
87.250.224.214 - - [25/Mar/2020:01:50:25 +0100] "GET /robots.txt HTTP/1.1" 200 3717 "-" "Mozilla/5.0 (compatible; YandexBot/3.0; +http://yandex.com/bots)"
17.58.98.251 - - [25/Mar/2020:02:01:35 +0100] "GET /robots.txt HTTP/1.1" 200 3461 "-" "Mozilla/5.0 (Macintosh; Intel Mac OS X 10_10_1) AppleWebKit/600.2.5 (KHTML, like Gecko) Version/8.0.2 Safari/600.2.5 (Applebot/0.1; +http://www.apple.com/go/applebot)"
17.58.100.148 - - [25/Mar/2020:02:01:37 +0100] "GET /empleo.html HTTP/1.1" 200 7224 "-" "Mozilla/5.0 (Macintosh; Intel Mac OS X 10_10_1) AppleWebKit/600.2.5 (KHTML, like Gecko) Version/8.0.2 Safari/600.2.5 (Applebot/0.1; +http://www.apple.com/go/applebot)"
62.210.144.247 - - [25/Mar/2020:02:04:48 +0100] "GET / HTTP/1.1" 200 9258 "-" "python-requests/2.23.0"
34.212.135.6 - - [25/Mar/2020:02:25:01 +0100] "GET / HTTP/1.1" 200 9253 "-" "Mozilla/5.0 (Windows NT 10.0; Win64; x64)AppleWebKit/537.36 (KHTML, like Gecko) Chrome/66.0.3359.181 Safari/537.36"
52.34.24.33 - - [25/Mar/2020:02:25:03 +0100] "HEAD / HTTP/1.1" 200 3063 "-" "Go-http-client/1.1"
157.55.39.50 - - [25/Mar/2020:03:34:31 +0100] "GET /empleo.html HTTP/1.1" 200 7475 "-" "Mozilla/5.0 (compatible; bingbot/2.0; +http://www.bing.com/bingbot.htm)"
220.176.177.108 - - [25/Mar/2020:03:51:59 +0100] "GET /controlsimultaneidad.html HTTP/1.1" 200 7860 "-" "Mozilla/5.0(Linux;Android 5.1.1;OPPO A33 Build/LMY47V;wv) AppleWebKit/537.36(KHTML,link Gecko) Version/4.0 Chrome/43.0.2357.121 Mobile Safari/537.36 LieBaoFast/4.51.3"
46.229.168.163 - - [25/Mar/2020:04:47:29 +0100] "GET /robots.txt HTTP/1.1" 200 3675 "-" "Mozilla/5.0 (compatible; SemrushBot/6~bl; +http://www.semrush.com/bot.html)"
46.229.168.144 - - [25/Mar/2020:04:47:30 +0100] "GET /empresa.html HTTP/1.1" 200 9418 "-" "Mozilla/5.0 (compatible; SemrushBot/6~bl; +http://www.semrush.com/bot.html)"
66.249.76.87 - - [25/Mar/2020:04:50:17 +0100] "GET / HTTP/1.1" 200 9253 "-" "Mozilla/5.0 (Linux; Android 6.0.1; Nexus 5X Build/MMB29P) AppleWebKit/537.36 (KHTML, like Gecko) Chrome/80.0.3987.92 Mobile Safari/537.36 (compatible; Googlebot/2.1; +http://www.google.com/bot.html)"
185.136.162.234 - - [25/Mar/2020:06:21:58 +0100] "GET /wordpress/wp-admin/install.php HTTP/1.1" 404 4605 "-" "Python-urllib/2.7"
66.249.76.89 - - [25/Mar/2020:06:51:02 +0100] "GET /robots.txt HTTP/1.1" 200 3712 "-" "Mozilla/5.0 (compatible; Googlebot/2.1; +http://www.google.com/bot.html)"
66.249.76.89 - - [25/Mar/2020:06:51:02 +0100] "GET / HTTP/1.1" 200 5994 "-" "Mozilla/5.0 (compatible; Googlebot/2.1; +http://www.google.com/bot.html)"
114.119.162.95 - - [25/Mar/2020:07:17:34 +0100] "GET /buzon-sugerencias.html HTTP/1.1" 200 7193 "-" "Mozilla/5.0 (Linux; Android 7.0;) AppleWebKit/537.36 (KHTML, like Gecko) Mobile Safari/537.36 (compatible; AspiegelBot)"
66.249.76.87 - - [25/Mar/2020:07:29:50 +0100] "GET /favicon.ico HTTP/1.1" 404 4637 "-" "Googlebot-Image/1.0"
157.55.39.28 - - [25/Mar/2020:07:55:03 +0100] "GET /robots.txt HTTP/1.1" 200 3712 "-" "Mozilla/5.0 (compatible; bingbot/2.0; +http://www.bing.com/bingbot.htm)"
40.77.167.161 - - [25/Mar/2020:07:55:07 +0100] "GET /robots.txt HTTP/1.1" 200 3712 "-" "msnbot/2.0b (+http://search.msn.com/msnbot.htm)"
42.236.54.2 - - [25/Mar/2020:07:56:50 +0100] "GET / HTTP/1.1" 200 9063 "https://www.serynco.es/" "Mozilla/5.0 (Windows NT 6.1; WOW64) AppleWebKit/537.36 (KHTML, like Gecko) Chrome/50.0.2661.102 Safari/537.36; 360Spider"
42.236.10.105 - - [25/Mar/2020:07:56:54 +0100] "GET / HTTP/1.1" 200 9063 "https://www.serynco.es/" "Mozilla/5.0 (Windows NT 6.1; WOW64) AppleWebKit/537.36 (KHTML, like Gecko) Chrome/50.0.2661.102 Safari/537.36; 360Spider"
151.80.39.227 - - [25/Mar/2020:08:02:34 +0100] "GET / HTTP/1.1" 200 9002 "-" "Mozilla/5.0 (compatible; AhrefsBot/6.1; +http://ahrefs.com/robot/)"
66.249.76.87 - - [25/Mar/2020:08:09:52 +0100] "GET /images/logo-imes.gif HTTP/1.1" 200 6356 "-" "Googlebot-Image/1.0"
40.77.189.215 - - [25/Mar/2020:08:19:50 +0100] "GET /css/style.css HTTP/1.1" 200 12093 "https://serynco.es/buzon-sugerencias.html" "Mozilla/5.0 (Windows NT 6.1; WOW64) AppleWebKit/534+ (KHTML, like Gecko) BingPreview/1.0b"
114.119.161.92 - - [25/Mar/2020:08:21:28 +0100] "GET /robots.txt HTTP/1.1" 200 3480 "-" "Mozilla/5.0 (Linux; Android 7.0;) AppleWebKit/537.36 (KHTML, like Gecko) Mobile Safari/537.36 (compatible; AspiegelBot)"
49.81.107.15 - - [25/Mar/2020:08:39:55 +0100] "GET /robots.txt HTTP/1.1" 200 3480 "-" "Mozilla/5.0(Linux;Android 5.1.1;OPPO A33 Build/LMY47V;wv) AppleWebKit/537.36(KHTML,link Gecko) Version/4.0 Chrome/43.0.2357.121 Mobile Safari/537.36 LieBaoFast/4.51.3"
95.163.255.15 - - [25/Mar/2020:08:47:43 +0100] "GET /robots.txt HTTP/1.0" 200 3680 "-" "Mozilla/5.0 (compatible; Linux x86_64; Mail.RU_Bot/2.0; +http://go.mail.ru/help/robots)"
95.163.255.14 - - [25/Mar/2020:08:47:44 +0100] "GET /sitemap.xml HTTP/1.1" 200 6679 "-" "Mozilla/5.0 (compatible; Linux x86_64; Mail.RU_Bot/2.0; +http://go.mail.ru/help/robots)"
178.23.211.246 - - [25/Mar/2020:08:54:10 +0100] "POST /AutoDiscover/autodiscover.xml HTTP/1.1" 404 4637 "-" "Microsoft Office/16.0 (Windows NT 10.0; Microsoft Word 16.0.12624; Pro)"
