104.196.44.118 - - [16/Mar/2020:06:13:53 +0100] "GET /index.php HTTP/1.0" 200 8944 "-" "ZoominfoBot (zoominfobot at zoominfo dot com)"
104.196.44.118 - - [16/Mar/2020:06:16:38 +0100] "GET /empresa.html HTTP/1.0" 200 9223 "-" "ZoominfoBot (zoominfobot at zoominfo dot com)"
104.196.44.118 - - [16/Mar/2020:06:17:05 +0100] "GET /empresa.html HTTP/1.0" 200 9223 "-" "ZoominfoBot (zoominfobot at zoominfo dot com)"
104.196.44.118 - - [16/Mar/2020:06:20:46 +0100] "GET /contacto.html HTTP/1.0" 200 7820 "-" "ZoominfoBot (zoominfobot at zoominfo dot com)"
104.196.44.118 - - [16/Mar/2020:06:21:24 +0100] "GET /clientes.html HTTP/1.0" 200 13645 "-" "ZoominfoBot (zoominfobot at zoominfo dot com)"
104.196.44.118 - - [16/Mar/2020:06:21:54 +0100] "GET /buzon-sugerencias.html HTTP/1.0" 200 7193 "-" "ZoominfoBot (zoominfobot at zoominfo dot com)"
104.196.44.118 - - [16/Mar/2020:06:23:28 +0100] "GET /empleo.html HTTP/1.0" 200 7243 "-" "ZoominfoBot (zoominfobot at zoominfo dot com)"
104.196.44.118 - - [16/Mar/2020:06:25:29 +0100] "GET /buzon-sugerencias.html HTTP/1.0" 200 7193 "-" "ZoominfoBot (zoominfobot at zoominfo dot com)"
104.196.44.118 - - [16/Mar/2020:06:28:48 +0100] "GET /contacto.html HTTP/1.0" 200 7820 "-" "ZoominfoBot (zoominfobot at zoominfo dot com)"
104.196.44.118 - - [16/Mar/2020:06:29:00 +0100] "GET /legal.html HTTP/1.0" 200 8487 "-" "ZoominfoBot (zoominfobot at zoominfo dot com)"
104.196.44.118 - - [16/Mar/2020:06:29:19 +0100] "GET /legal.html HTTP/1.0" 200 8487 "-" "ZoominfoBot (zoominfobot at zoominfo dot com)"
192.29.97.49 - - [16/Mar/2020:06:30:52 +0100] "GET /robots.txt HTTP/1.1" 200 3675 "http://serynco.es/robots.txt" "DF Bot 1.0"
192.29.97.49 - - [16/Mar/2020:06:30:53 +0100] "GET / HTTP/1.1" 200 9216 "http://serynco.es/" "DF Bot 1.0"
192.29.97.49 - - [16/Mar/2020:06:30:54 +0100] "GET /robots.txt HTTP/1.1" 200 554 "-" "DF Bot 1.0"
192.29.97.49 - - [16/Mar/2020:06:30:55 +0100] "GET /contacto.html HTTP/1.1" 200 4894 "-" "DF Bot 1.0"
192.29.97.49 - - [16/Mar/2020:06:30:56 +0100] "GET /legal.html HTTP/1.1" 200 5561 "-" "DF Bot 1.0"
210.16.188.124 - - [16/Mar/2020:06:45:07 +0100] "GET / HTTP/1.0" 200 9021 "http://serynco.es/" "Mozilla/4.0 (compatible; MSIE 6.0; Windows NT 5.1; SV1; GTB7.2; InfoPath.1; .NET CLR 2.0.50727; .NET CLR 3.0.04506.30; .NET CLR 3.0.04506.648; .NET CLR 3.0.4506.2152; .NET CLR 3.5.30729)"
52.125.138.0 - - [16/Mar/2020:07:34:21 +0100] "POST /autodiscover/autodiscover.xml HTTP/1.1" 400 3789 "-" "-"
157.55.39.40 - - [16/Mar/2020:07:39:30 +0100] "GET /servicios.html HTTP/1.1" 200 9306 "-" "Mozilla/5.0 (compatible; bingbot/2.0; +http://www.bing.com/bingbot.htm)"
52.125.140.0 - - [16/Mar/2020:07:42:09 +0100] "POST /autodiscover/autodiscover.xml HTTP/1.1" 400 3789 "-" "-"
167.114.228.206 - - [16/Mar/2020:07:55:18 +0100] "GET / HTTP/1.1" 200 9058 "http://www.serynco.es" "Mozilla/5.0 (Windows NT 10.0; Win64; x64; rv:71.0) Gecko/20100101 Firefox/71.0"
167.114.228.206 - - [16/Mar/2020:07:55:18 +0100] "GET /ads.txt HTTP/1.1" 404 4442 "http://serynco.es/ads.txt" "Mozilla/5.0 (Windows NT 10.0; Win64; x64; rv:71.0) Gecko/20100101 Firefox/71.0"
66.249.66.202 - - [16/Mar/2020:07:58:33 +0100] "GET /ingenieria.html HTTP/1.1" 200 11770 "-" "Mozilla/5.0 (Linux; Android 6.0.1; Nexus 5X Build/MMB29P) AppleWebKit/537.36 (KHTML, like Gecko) Chrome/41.0.2272.96 Mobile Safari/537.36 (compatible; Googlebot/2.1; +http://www.google.com/bot.html)"
66.249.66.204 - - [16/Mar/2020:07:58:39 +0100] "GET /css/style.css HTTP/1.1" 200 12093 "https://serynco.es/ingenieria.html" "Mozilla/5.0 (Linux; Android 6.0.1; Nexus 5X Build/MMB29P) AppleWebKit/537.36 (KHTML, like Gecko) Chrome/80.0.3987.92 Mobile Safari/537.36 (compatible; Googlebot/2.1; +http://www.google.com/bot.html)"
42.236.10.69 - - [16/Mar/2020:08:01:16 +0100] "GET / HTTP/1.1" 200 9063 "https://www.serynco.es/" "Mozilla/5.0 (Windows NT 6.1; WOW64) AppleWebKit/537.36 (KHTML, like Gecko) Chrome/50.0.2661.102 Safari/537.36; 360Spider"
66.249.66.77 - - [16/Mar/2020:08:17:28 +0100] "GET /ingenieria.html HTTP/1.1" 200 11770 "-" "Mozilla/5.0 (Linux; Android 6.0.1; Nexus 5X Build/MMB29P) AppleWebKit/537.36 (KHTML, like Gecko) Chrome/41.0.2272.96 Mobile Safari/537.36 (compatible; Googlebot/2.1; +http://www.google.com/bot.html)"
66.249.66.202 - - [16/Mar/2020:08:26:51 +0100] "GET /index.html HTTP/1.1" 200 9253 "-" "Mozilla/5.0 (Linux; Android 6.0.1; Nexus 5X Build/MMB29P) AppleWebKit/537.36 (KHTML, like Gecko) Chrome/41.0.2272.96 Mobile Safari/537.36 (compatible; Googlebot/2.1; +http://www.google.com/bot.html)"
114.119.162.95 - - [16/Mar/2020:08:30:44 +0100] "GET /images/adorno-actividades.jpg HTTP/1.1" 200 32275 "-" "Mozilla/5.0 (Linux; Android 7.0;) AppleWebKit/537.36 (KHTML, like Gecko) Mobile Safari/537.36 (compatible; AspiegelBot)"
66.249.66.206 - - [16/Mar/2020:08:31:08 +0100] "GET /javascript/flash_detect.js HTTP/1.1" 200 11634 "https://serynco.es/index.html" "Mozilla/5.0 (Linux; Android 6.0.1; Nexus 5X Build/MMB29P) AppleWebKit/537.36 (KHTML, like Gecko) Chrome/80.0.3987.92 Mobile Safari/537.36 (compatible; Googlebot/2.1; +http://www.google.com/bot.html)"
66.249.66.206 - - [16/Mar/2020:08:36:19 +0100] "GET /construccion.html HTTP/1.1" 200 9748 "-" "Mozilla/5.0 (Linux; Android 6.0.1; Nexus 5X Build/MMB29P) AppleWebKit/537.36 (KHTML, like Gecko) Chrome/41.0.2272.96 Mobile Safari/537.36 (compatible; Googlebot/2.1; +http://www.google.com/bot.html)"
66.249.66.202 - - [16/Mar/2020:08:39:59 +0100] "GET /css/style.css HTTP/1.1" 200 12093 "https://serynco.es/construccion.html" "Mozilla/5.0 (Linux; Android 6.0.1; Nexus 5X Build/MMB29P) AppleWebKit/537.36 (KHTML, like Gecko) Chrome/80.0.3987.92 Mobile Safari/537.36 (compatible; Googlebot/2.1; +http://www.google.com/bot.html)"
66.249.66.77 - - [16/Mar/2020:08:45:56 +0100] "GET /seguridad-salud.html HTTP/1.1" 200 9752 "-" "Mozilla/5.0 (Linux; Android 6.0.1; Nexus 5X Build/MMB29P) AppleWebKit/537.36 (KHTML, like Gecko) Chrome/41.0.2272.96 Mobile Safari/537.36 (compatible; Googlebot/2.1; +http://www.google.com/bot.html)"
66.249.66.206 - - [16/Mar/2020:08:55:15 +0100] "GET /noticias/publicaci%C3%B3n-faro.pdf HTTP/1.1" 200 266910 "-" "Mozilla/5.0 (Linux; Android 6.0.1; Nexus 5X Build/MMB29P) AppleWebKit/537.36 (KHTML, like Gecko) Chrome/41.0.2272.96 Mobile Safari/537.36 (compatible; Googlebot/2.1; +http://www.google.com/bot.html)"
66.249.66.206 - - [16/Mar/2020:09:04:43 +0100] "GET /seguridad-salud.html HTTP/1.1" 200 9752 "-" "Mozilla/5.0 (Linux; Android 6.0.1; Nexus 5X Build/MMB29P) AppleWebKit/537.36 (KHTML, like Gecko) Chrome/41.0.2272.96 Mobile Safari/537.36 (compatible; Googlebot/2.1; +http://www.google.com/bot.html)"
157.55.39.28 - - [16/Mar/2020:09:17:01 +0100] "GET /robots.txt HTTP/1.1" 200 3712 "-" "Mozilla/5.0 (compatible; bingbot/2.0; +http://www.bing.com/bingbot.htm)"
66.249.66.77 - - [16/Mar/2020:09:23:39 +0100] "GET /construccion.html HTTP/1.1" 200 9748 "-" "Mozilla/5.0 (Linux; Android 6.0.1; Nexus 5X Build/MMB29P) AppleWebKit/537.36 (KHTML, like Gecko) Chrome/41.0.2272.96 Mobile Safari/537.36 (compatible; Googlebot/2.1; +http://www.google.com/bot.html)"
66.249.66.202 - - [16/Mar/2020:09:33:07 +0100] "GET /noticias/politica-calidad.pdf HTTP/1.1" 200 30574 "-" "Mozilla/5.0 (Linux; Android 6.0.1; Nexus 5X Build/MMB29P) AppleWebKit/537.36 (KHTML, like Gecko) Chrome/41.0.2272.96 Mobile Safari/537.36 (compatible; Googlebot/2.1; +http://www.google.com/bot.html)"
46.25.245.54 - - [16/Mar/2020:09:53:21 +0100] "POST /autodiscover/autodiscover.xml HTTP/1.1" 400 3789 "-" "Microsoft Office/16.0 (Windows NT 10.0; Microsoft Outlook 16.0.12527; Pro)"
66.249.66.76 - - [16/Mar/2020:10:10:59 +0100] "GET /noticias/publicaci%C3%B3n-faro.pdf HTTP/1.1" 200 266910 "-" "Mozilla/5.0 (Linux; Android 6.0.1; Nexus 5X Build/MMB29P) AppleWebKit/537.36 (KHTML, like Gecko) Chrome/41.0.2272.96 Mobile Safari/537.36 (compatible; Googlebot/2.1; +http://www.google.com/bot.html)"
120.79.136.8 - - [16/Mar/2020:11:01:47 +0100] "GET /test/web.config.txt HTTP/1.1" 404 4405 "http://serynco.es/test/web.config.txt" "Mozilla/5.0 (X11; Ubuntu; Linux x86_64; rv:62.0) Gecko/20100101 Firefox/62.0"
83.41.59.162 - - [16/Mar/2020:11:36:01 +0100] "POST /AutoDiscover/autodiscover.xml HTTP/1.1" 400 3789 "-" "Microsoft Office/16.0 (Windows NT 10.0; Microsoft Excel 16.0.12527; Pro)"
3.214.215.126 - - [16/Mar/2020:12:09:33 +0100] "GET / HTTP/1.1" 200 9253 "-" "Mozilla/5.0 (Macintosh; Intel Mac OS X 10_15_0) AppleWebKit/537.36 (KHTML, like Gecko) Chrome/78.0.3904.87 Safari/537.36"
178.23.211.246 - - [16/Mar/2020:12:46:58 +0100] "POST /AutoDiscover/autodiscover.xml HTTP/1.1" 400 3789 "-" "Microsoft Office/16.0 (Windows NT 10.0; Microsoft Excel 16.0.11929; Pro)"
88.19.152.204 - - [16/Mar/2020:13:48:02 +0100] "POST /AutoDiscover/autodiscover.xml HTTP/1.1" 400 4231 "-" "Microsoft Office/16.0 (Windows NT 6.3; Microsoft Word 16.0.12527; Pro)"
213.96.77.248 - - [16/Mar/2020:13:48:05 +0100] "GET /empresa.html&ct=ga&cd=CAIyGTQ3Yzk1Y2JhNjlkZDQxMWI6ZXM6ZXM6RVM&usg=AFQjCNHA7OoIwBqH9z3dXJjlHDme9oc3Gw HTTP/1.1" 404 4637 "-" "Mozilla/5.0 (Windows NT 10.0; Win64; x64; rv:74.0) Gecko/20100101 Firefox/74.0"
213.96.77.248 - - [16/Mar/2020:13:48:05 +0100] "GET /favicon.ico HTTP/1.1" 404 1378 "-" "Mozilla/5.0 (Windows NT 10.0; Win64; x64; rv:74.0) Gecko/20100101 Firefox/74.0"
51.38.88.238 - - [16/Mar/2020:14:16:27 +0100] "GET / HTTP/1.1" 200 9002 "-" "Mozilla/4.0 (compatible; MSIE 6.0; Windows NT 5.1; .NET CLR 1.1.4322)"
178.23.211.246 - - [16/Mar/2020:14:32:39 +0100] "POST /AutoDiscover/autodiscover.xml HTTP/1.1" 400 3789 "-" "Microsoft Office/16.0 (Windows NT 10.0; Microsoft Word 16.0.12527; Pro)"
157.55.39.28 - - [16/Mar/2020:14:39:28 +0100] "GET /robots.txt HTTP/1.1" 200 2037 "-" "Mozilla/5.0 (compatible; bingbot/2.0; +http://www.bing.com/bingbot.htm)"
157.55.39.28 - - [16/Mar/2020:14:39:28 +0100] "GET /robots.txt HTTP/1.1" 200 2037 "-" "Mozilla/5.0 (compatible; bingbot/2.0; +http://www.bing.com/bingbot.htm)"
157.55.39.28 - - [16/Mar/2020:14:39:29 +0100] "GET /robots.txt HTTP/1.1" 200 2037 "-" "Mozilla/5.0 (compatible; bingbot/2.0; +http://www.bing.com/bingbot.htm)"
157.55.39.28 - - [16/Mar/2020:14:39:29 +0100] "GET /robots.txt HTTP/1.1" 200 3712 "-" "Mozilla/5.0 (compatible; bingbot/2.0; +http://www.bing.com/bingbot.htm)"
157.55.39.28 - - [16/Mar/2020:14:39:29 +0100] "GET /robots.txt HTTP/1.1" 200 3712 "-" "Mozilla/5.0 (compatible; bingbot/2.0; +http://www.bing.com/bingbot.htm)"
157.55.39.28 - - [16/Mar/2020:14:39:29 +0100] "GET /robots.txt HTTP/1.1" 200 3712 "-" "Mozilla/5.0 (compatible; bingbot/2.0; +http://www.bing.com/bingbot.htm)"
40.77.167.162 - - [16/Mar/2020:14:39:31 +0100] "GET /index.php HTTP/1.1" 200 9304 "-" "Mozilla/5.0 (compatible; bingbot/2.0; +http://www.bing.com/bingbot.htm)"
40.77.167.191 - - [16/Mar/2020:14:39:36 +0100] "GET /construccion.html HTTP/1.1" 200 9748 "-" "Mozilla/5.0 (compatible; bingbot/2.0; +http://www.bing.com/bingbot.htm)"
40.77.191.28 - - [16/Mar/2020:14:39:42 +0100] "GET /css/style.css HTTP/1.1" 200 12093 "-" "Mozilla/5.0 (Windows NT 6.1; WOW64) AppleWebKit/534+ (KHTML, like Gecko) BingPreview/1.0b"
40.77.167.203 - - [16/Mar/2020:14:39:44 +0100] "GET /contacto.html HTTP/1.1" 200 8052 "-" "Mozilla/5.0 (compatible; bingbot/2.0; +http://www.bing.com/bingbot.htm)"
157.55.39.28 - - [16/Mar/2020:14:39:44 +0100] "GET /robots.txt HTTP/1.1" 200 3712 "-" "Mozilla/5.0 (compatible; bingbot/2.0; +http://www.bing.com/bingbot.htm)"
40.77.167.203 - - [16/Mar/2020:14:39:44 +0100] "GET /clientes.html HTTP/1.1" 200 10618 "-" "Mozilla/5.0 (compatible; bingbot/2.0; +http://www.bing.com/bingbot.htm)"
40.77.189.108 - - [16/Mar/2020:14:39:44 +0100] "GET /javascript/flash_detect.js HTTP/1.1" 200 11634 "https://www.serynco.es/index.php" "Mozilla/5.0 (Windows NT 6.1; WOW64) AppleWebKit/534+ (KHTML, like Gecko) BingPreview/1.0b"
207.46.13.141 - - [16/Mar/2020:14:40:02 +0100] "GET /robots.txt HTTP/1.1" 200 3712 "-" "msnbot/2.0b (+http://search.msn.com/msnbot.htm)"
157.55.39.40 - - [16/Mar/2020:14:40:35 +0100] "GET /index.php HTTP/1.1" 200 9304 "-" "msnbot/2.0b (+http://search.msn.com/msnbot.htm)"
40.77.139.36 - - [16/Mar/2020:14:40:36 +0100] "GET /css/style.css HTTP/1.1" 200 12093 "https://www.serynco.es/index.php" "Mozilla/5.0 (Windows NT 6.1; WOW64) AppleWebKit/534+ (KHTML, like Gecko) BingPreview/1.0b"
207.46.13.141 - - [16/Mar/2020:14:40:52 +0100] "GET /clientes.html HTTP/1.1" 200 13877 "-" "msnbot/2.0b (+http://search.msn.com/msnbot.htm)"
207.46.13.141 - - [16/Mar/2020:14:40:53 +0100] "GET /robots.txt HTTP/1.1" 200 3712 "-" "msnbot/2.0b (+http://search.msn.com/msnbot.htm)"
207.46.13.112 - - [16/Mar/2020:14:43:23 +0100] "GET /construccion.html HTTP/1.1" 200 9748 "-" "msnbot/2.0b (+http://search.msn.com/msnbot.htm)"
207.46.13.141 - - [16/Mar/2020:14:43:55 +0100] "GET /contacto.html HTTP/1.1" 200 8052 "-" "msnbot/2.0b (+http://search.msn.com/msnbot.htm)"
114.119.167.228 - - [16/Mar/2020:14:50:17 +0100] "GET /ingenieria.html HTTP/1.1" 200 11538 "-" "Mozilla/5.0 (Linux; Android 7.0;) AppleWebKit/537.36 (KHTML, like Gecko) Mobile Safari/537.36 (compatible; AspiegelBot)"
114.119.161.168 - - [16/Mar/2020:15:10:56 +0100] "GET /clientes.html HTTP/1.1" 200 13645 "-" "Mozilla/5.0 (Linux; Android 7.0;) AppleWebKit/537.36 (KHTML, like Gecko) Mobile Safari/537.36 (compatible; AspiegelBot)"
51.38.88.238 - - [16/Mar/2020:15:31:18 +0100] "GET /index.php HTTP/1.1" 200 9053 "-" "Mozilla/4.0 (compatible; MSIE 6.0; Windows NT 5.1; .NET CLR 1.1.4322)"
51.38.88.238 - - [16/Mar/2020:15:31:20 +0100] "GET /contacto.html HTTP/1.1" 200 7801 "-" "Mozilla/4.0 (compatible; MSIE 6.0; Windows NT 5.1; .NET CLR 1.1.4322)"
51.38.88.238 - - [16/Mar/2020:15:31:21 +0100] "GET /legal.html HTTP/1.1" 200 8468 "-" "Mozilla/4.0 (compatible; MSIE 6.0; Windows NT 5.1; .NET CLR 1.1.4322)"
51.38.88.238 - - [16/Mar/2020:15:31:22 +0100] "GET /buzon-sugerencias.html HTTP/1.1" 200 7174 "-" "Mozilla/4.0 (compatible; MSIE 6.0; Windows NT 5.1; .NET CLR 1.1.4322)"
51.38.88.238 - - [16/Mar/2020:15:31:23 +0100] "GET / HTTP/1.1" 200 9002 "-" "Mozilla/4.0 (compatible; MSIE 6.0; Windows NT 5.1; .NET CLR 1.1.4322)"
51.38.88.238 - - [16/Mar/2020:15:31:25 +0100] "GET /empresa.html HTTP/1.1" 200 9204 "-" "Mozilla/4.0 (compatible; MSIE 6.0; Windows NT 5.1; .NET CLR 1.1.4322)"
51.38.88.238 - - [16/Mar/2020:15:31:26 +0100] "GET /servicios.html HTTP/1.1" 200 5992 "-" "Mozilla/4.0 (compatible; MSIE 6.0; Windows NT 5.1; .NET CLR 1.1.4322)"
51.38.88.238 - - [16/Mar/2020:15:31:27 +0100] "GET /clientes.html HTTP/1.1" 200 13626 "-" "Mozilla/4.0 (compatible; MSIE 6.0; Windows NT 5.1; .NET CLR 1.1.4322)"
51.38.88.238 - - [16/Mar/2020:15:31:28 +0100] "GET /empleo.html HTTP/1.1" 200 7224 "-" "Mozilla/4.0 (compatible; MSIE 6.0; Windows NT 5.1; .NET CLR 1.1.4322)"
66.249.66.204 - - [16/Mar/2020:16:01:52 +0100] "GET /robots.txt HTTP/1.1" 200 3712 "-" "Mozilla/5.0 (compatible; Googlebot/2.1; +http://www.google.com/bot.html)"
66.249.66.204 - - [16/Mar/2020:16:01:53 +0100] "GET / HTTP/1.1" 200 5994 "-" "Mozilla/5.0 (Linux; Android 6.0.1; Nexus 5X Build/MMB29P) AppleWebKit/537.36 (KHTML, like Gecko) Chrome/41.0.2272.96 Mobile Safari/537.36 (compatible; Googlebot/2.1; +http://www.google.com/bot.html)"
114.119.162.140 - - [16/Mar/2020:16:24:37 +0100] "GET /%0A%0A%0Ahttps:/www.google.es/maps/place/Calle+del+Pr%C3%ADncipe+de+Vergara,+55,+28006+Madrid/@40.4329449,-3.6819073,17z/data=!3m1!4b1!4m2!3m1!1s0xd4228bf738e0191:0x8523820ec0723796%0A%0A%0A HTTP/1.1" 404 4405 "-" "Mozilla/5.0 (Linux; Android 7.0;) AppleWebKit/537.36 (KHTML, like Gecko) Mobile Safari/537.36 (compatible; AspiegelBot)"
54.36.148.14 - - [16/Mar/2020:17:15:35 +0100] "GET /robots.txt HTTP/1.1" 200 3461 "-" "Mozilla/5.0 (compatible; AhrefsBot/6.1; +http://ahrefs.com/robot/)"
114.119.164.216 - - [16/Mar/2020:17:30:56 +0100] "GET / HTTP/1.1" 200 9021 "-" "Mozilla/5.0 (Linux; Android 7.0;) AppleWebKit/537.36 (KHTML, like Gecko) Mobile Safari/537.36 (compatible; AspiegelBot)"
157.55.39.28 - - [16/Mar/2020:17:54:20 +0100] "GET /robots.txt HTTP/1.1" 200 3712 "-" "Mozilla/5.0 (compatible; bingbot/2.0; +http://www.bing.com/bingbot.htm)"
40.77.167.191 - - [16/Mar/2020:17:59:40 +0100] "GET /legal.html HTTP/1.1" 200 8719 "-" "Mozilla/5.0 (compatible; bingbot/2.0; +http://www.bing.com/bingbot.htm)"
89.129.232.238 - - [16/Mar/2020:18:12:03 +0100] "POST /autodiscover/autodiscover.xml HTTP/1.1" 400 3602 "-" "Microsoft Office/14.0 (Windows NT 6.1; Microsoft Outlook 14.0.4760; Pro)"
157.55.39.28 - - [16/Mar/2020:19:15:54 +0100] "GET /robots.txt HTTP/1.1" 200 2037 "-" "Mozilla/5.0 (compatible; bingbot/2.0; +http://www.bing.com/bingbot.htm)"
157.55.39.28 - - [16/Mar/2020:19:15:54 +0100] "GET /robots.txt HTTP/1.1" 200 2037 "-" "Mozilla/5.0 (compatible; bingbot/2.0; +http://www.bing.com/bingbot.htm)"
157.55.39.28 - - [16/Mar/2020:19:15:55 +0100] "GET /robots.txt HTTP/1.1" 200 3712 "-" "Mozilla/5.0 (compatible; bingbot/2.0; +http://www.bing.com/bingbot.htm)"
157.55.39.28 - - [16/Mar/2020:19:15:55 +0100] "GET /robots.txt HTTP/1.1" 200 3712 "-" "Mozilla/5.0 (compatible; bingbot/2.0; +http://www.bing.com/bingbot.htm)"
40.77.167.191 - - [16/Mar/2020:19:16:00 +0100] "GET /ingenieria.html HTTP/1.1" 200 11770 "-" "Mozilla/5.0 (compatible; bingbot/2.0; +http://www.bing.com/bingbot.htm)"
40.77.167.203 - - [16/Mar/2020:19:16:04 +0100] "GET /seguridad-salud.html HTTP/1.1" 200 9752 "-" "Mozilla/5.0 (compatible; bingbot/2.0; +http://www.bing.com/bingbot.htm)"
207.46.13.141 - - [16/Mar/2020:19:16:30 +0100] "GET /seguridad-salud.html HTTP/1.1" 200 9752 "-" "msnbot/2.0b (+http://search.msn.com/msnbot.htm)"
35.237.197.55 - - [16/Mar/2020:19:54:16 +0100] "GET /robots.txt HTTP/1.0" 200 3480 "-" "ZoominfoBot (zoominfobot at zoominfo dot com)"
35.237.197.55 - - [16/Mar/2020:19:54:17 +0100] "GET /clientes.html HTTP/1.0" 200 10719 "-" "ZoominfoBot (zoominfobot at zoominfo dot com)"
35.237.197.55 - - [16/Mar/2020:19:56:18 +0100] "GET /servicios.html HTTP/1.0" 200 9074 "-" "ZoominfoBot (zoominfobot at zoominfo dot com)"
35.237.197.55 - - [16/Mar/2020:19:57:24 +0100] "GET /empleo.html HTTP/1.0" 200 7243 "-" "ZoominfoBot (zoominfobot at zoominfo dot com)"
40.77.167.162 - - [16/Mar/2020:19:58:26 +0100] "GET /empresa.html HTTP/1.1" 200 9455 "-" "Mozilla/5.0 (compatible; bingbot/2.0; +http://www.bing.com/bingbot.htm)"
40.77.167.191 - - [16/Mar/2020:19:58:30 +0100] "GET /empleo.html HTTP/1.1" 200 7475 "-" "Mozilla/5.0 (compatible; bingbot/2.0; +http://www.bing.com/bingbot.htm)"
207.46.13.206 - - [16/Mar/2020:19:58:36 +0100] "GET /buzon-sugerencias.html HTTP/1.1" 200 7425 "-" "Mozilla/5.0 (compatible; bingbot/2.0; +http://www.bing.com/bingbot.htm)"
157.55.39.40 - - [16/Mar/2020:19:59:12 +0100] "GET /empresa.html HTTP/1.1" 200 9455 "-" "msnbot/2.0b (+http://search.msn.com/msnbot.htm)"
157.55.39.132 - - [16/Mar/2020:19:59:58 +0100] "GET /buzon-sugerencias.html HTTP/1.1" 200 7425 "-" "msnbot/2.0b (+http://search.msn.com/msnbot.htm)"
35.237.197.55 - - [16/Mar/2020:20:05:33 +0100] "GET /index.php HTTP/1.0" 200 8944 "-" "ZoominfoBot (zoominfobot at zoominfo dot com)"
35.237.197.55 - - [16/Mar/2020:20:09:54 +0100] "GET /robots.txt HTTP/1.0" 200 3480 "-" "ZoominfoBot (zoominfobot at zoominfo dot com)"
35.237.197.55 - - [16/Mar/2020:20:09:54 +0100] "GET /servicios.html HTTP/1.0" 200 6148 "-" "ZoominfoBot (zoominfobot at zoominfo dot com)"
35.237.197.55 - - [16/Mar/2020:20:09:56 +0100] "GET /index.php HTTP/1.0" 200 8944 "-" "ZoominfoBot (zoominfobot at zoominfo dot com)"
35.237.197.55 - - [16/Mar/2020:20:13:16 +0100] "GET /empresa.html HTTP/1.0" 200 9223 "-" "ZoominfoBot (zoominfobot at zoominfo dot com)"
35.237.197.55 - - [16/Mar/2020:20:13:41 +0100] "GET /empresa.html HTTP/1.0" 200 9223 "-" "ZoominfoBot (zoominfobot at zoominfo dot com)"
35.237.197.55 - - [16/Mar/2020:20:18:04 +0100] "GET /contacto.html HTTP/1.0" 200 7820 "-" "ZoominfoBot (zoominfobot at zoominfo dot com)"
35.237.197.55 - - [16/Mar/2020:20:18:49 +0100] "GET /clientes.html HTTP/1.0" 200 13645 "-" "ZoominfoBot (zoominfobot at zoominfo dot com)"
35.237.197.55 - - [16/Mar/2020:20:19:20 +0100] "GET /buzon-sugerencias.html HTTP/1.0" 200 7193 "-" "ZoominfoBot (zoominfobot at zoominfo dot com)"
35.237.197.55 - - [16/Mar/2020:20:21:15 +0100] "GET /empleo.html HTTP/1.0" 200 7243 "-" "ZoominfoBot (zoominfobot at zoominfo dot com)"
35.237.197.55 - - [16/Mar/2020:20:23:14 +0100] "GET /buzon-sugerencias.html HTTP/1.0" 200 7193 "-" "ZoominfoBot (zoominfobot at zoominfo dot com)"
35.237.197.55 - - [16/Mar/2020:20:26:56 +0100] "GET /contacto.html HTTP/1.0" 200 7820 "-" "ZoominfoBot (zoominfobot at zoominfo dot com)"
35.237.197.55 - - [16/Mar/2020:20:27:09 +0100] "GET /legal.html HTTP/1.0" 200 8487 "-" "ZoominfoBot (zoominfobot at zoominfo dot com)"
35.237.197.55 - - [16/Mar/2020:20:27:29 +0100] "GET /legal.html HTTP/1.0" 200 8487 "-" "ZoominfoBot (zoominfobot at zoominfo dot com)"
93.218.114.198 - - [16/Mar/2020:20:39:47 +0100] "GET /robots.txt HTTP/1.1" 200 3712 "-" "Mozilla/5.0 (compatible; MJ12bot/v1.4.8; http://mj12bot.com/)"
93.218.114.198 - - [16/Mar/2020:20:39:49 +0100] "GET /noticias/publicaci%C3%B3n-faro.pdf HTTP/1.1" 200 79860 "-" "Mozilla/5.0 (compatible; MJ12bot/v1.4.8; http://mj12bot.com/)"
66.249.66.77 - - [16/Mar/2020:20:42:40 +0100] "GET /robots.txt HTTP/1.1" 200 3712 "-" "Mozilla/5.0 (compatible; Googlebot/2.1; +http://www.google.com/bot.html)"
66.249.66.77 - - [16/Mar/2020:20:42:41 +0100] "GET /empleo.html HTTP/1.1" 200 4216 "-" "Mozilla/5.0 (compatible; Googlebot/2.1; +http://www.google.com/bot.html)"
66.249.66.204 - - [16/Mar/2020:20:46:47 +0100] "GET / HTTP/1.1" 200 9253 "-" "Mozilla/5.0 (compatible; Googlebot/2.1; +http://www.google.com/bot.html)"
66.249.66.202 - - [16/Mar/2020:20:46:50 +0100] "GET /javascript/flash_detect.js HTTP/1.1" 200 11634 "https://serynco.es/" "Mozilla/5.0 AppleWebKit/537.36 (KHTML, like Gecko; compatible; Googlebot/2.1; +http://www.google.com/bot.html) Chrome/80.0.3987.92 Safari/537.36"
157.55.39.28 - - [16/Mar/2020:20:47:12 +0100] "GET /robots.txt HTTP/1.1" 200 3712 "-" "Mozilla/5.0 (compatible; bingbot/2.0; +http://www.bing.com/bingbot.htm)"
213.194.184.19 - - [16/Mar/2020:21:00:55 +0100] "GET / HTTP/1.1" 200 9253 "http://www.issco.es/serynco-ingenieros-s" "Mozilla/5.0 (Windows NT 10.0; Win64; x64) AppleWebKit/537.36 (KHTML, like Gecko) Chrome/80.0.3987.132 Safari/537.36"
213.194.184.19 - - [16/Mar/2020:21:00:55 +0100] "GET /css/style.css HTTP/1.1" 200 8834 "https://www.serynco.es/" "Mozilla/5.0 (Windows NT 10.0; Win64; x64) AppleWebKit/537.36 (KHTML, like Gecko) Chrome/80.0.3987.132 Safari/537.36"
213.194.184.19 - - [16/Mar/2020:21:00:55 +0100] "GET /javascript/flash_detect.js HTTP/1.1" 200 8375 "https://www.serynco.es/" "Mozilla/5.0 (Windows NT 10.0; Win64; x64) AppleWebKit/537.36 (KHTML, like Gecko) Chrome/80.0.3987.132 Safari/537.36"
213.194.184.19 - - [16/Mar/2020:21:00:55 +0100] "GET /images/logo.gif HTTP/1.1" 200 10425 "https://www.serynco.es/" "Mozilla/5.0 (Windows NT 10.0; Win64; x64) AppleWebKit/537.36 (KHTML, like Gecko) Chrome/80.0.3987.132 Safari/537.36"
213.194.184.19 - - [16/Mar/2020:21:00:55 +0100] "GET /images/fondo-cabecero.gif HTTP/1.1" 200 60652 "https://www.serynco.es/css/style.css" "Mozilla/5.0 (Windows NT 10.0; Win64; x64) AppleWebKit/537.36 (KHTML, like Gecko) Chrome/80.0.3987.132 Safari/537.36"
213.194.184.19 - - [16/Mar/2020:21:00:55 +0100] "GET /images/fondo-body.jpg HTTP/1.1" 200 15911 "https://www.serynco.es/css/style.css" "Mozilla/5.0 (Windows NT 10.0; Win64; x64) AppleWebKit/537.36 (KHTML, like Gecko) Chrome/80.0.3987.132 Safari/537.36"
213.194.184.19 - - [16/Mar/2020:21:00:55 +0100] "GET /images/fondoenlace.jpg HTTP/1.1" 200 15102 "https://www.serynco.es/css/style.css" "Mozilla/5.0 (Windows NT 10.0; Win64; x64) AppleWebKit/537.36 (KHTML, like Gecko) Chrome/80.0.3987.132 Safari/537.36"
213.194.184.19 - - [16/Mar/2020:21:00:55 +0100] "GET /images/footer.jpg HTTP/1.1" 200 20345 "https://www.serynco.es/css/style.css" "Mozilla/5.0 (Windows NT 10.0; Win64; x64) AppleWebKit/537.36 (KHTML, like Gecko) Chrome/80.0.3987.132 Safari/537.36"
213.194.184.19 - - [16/Mar/2020:21:00:55 +0100] "GET /favicon.ico HTTP/1.1" 404 1378 "https://www.serynco.es/" "Mozilla/5.0 (Windows NT 10.0; Win64; x64) AppleWebKit/537.36 (KHTML, like Gecko) Chrome/80.0.3987.132 Safari/537.36"
213.194.184.19 - - [16/Mar/2020:21:01:14 +0100] "GET /empresa.html HTTP/1.1" 200 6334 "https://www.serynco.es/" "Mozilla/5.0 (Windows NT 10.0; Win64; x64) AppleWebKit/537.36 (KHTML, like Gecko) Chrome/80.0.3987.132 Safari/537.36"
213.194.184.19 - - [16/Mar/2020:21:01:14 +0100] "GET /images/empresa.gif HTTP/1.1" 200 5042 "https://www.serynco.es/empresa.html" "Mozilla/5.0 (Windows NT 10.0; Win64; x64) AppleWebKit/537.36 (KHTML, like Gecko) Chrome/80.0.3987.132 Safari/537.36"
213.194.184.19 - - [16/Mar/2020:21:01:14 +0100] "GET /images/adorno-compania.jpg HTTP/1.1" 200 43324 "https://www.serynco.es/empresa.html" "Mozilla/5.0 (Windows NT 10.0; Win64; x64) AppleWebKit/537.36 (KHTML, like Gecko) Chrome/80.0.3987.132 Safari/537.36"
213.194.184.19 - - [16/Mar/2020:21:01:14 +0100] "GET /images/ORGANIGRAMAv02.JPG HTTP/1.1" 200 56332 "https://www.serynco.es/empresa.html" "Mozilla/5.0 (Windows NT 10.0; Win64; x64) AppleWebKit/537.36 (KHTML, like Gecko) Chrome/80.0.3987.132 Safari/537.36"
213.194.184.19 - - [16/Mar/2020:21:01:14 +0100] "GET /images/camara14001.gif HTTP/1.1" 200 5075 "https://www.serynco.es/empresa.html" "Mozilla/5.0 (Windows NT 10.0; Win64; x64) AppleWebKit/537.36 (KHTML, like Gecko) Chrome/80.0.3987.132 Safari/537.36"
213.194.184.19 - - [16/Mar/2020:21:01:14 +0100] "GET /images/fondo-cabecero2.gif HTTP/1.1" 200 51313 "https://www.serynco.es/css/style.css" "Mozilla/5.0 (Windows NT 10.0; Win64; x64) AppleWebKit/537.36 (KHTML, like Gecko) Chrome/80.0.3987.132 Safari/537.36"
213.194.184.19 - - [16/Mar/2020:21:01:14 +0100] "GET /images/camara9001.gif HTTP/1.1" 200 4794 "https://www.serynco.es/empresa.html" "Mozilla/5.0 (Windows NT 10.0; Win64; x64) AppleWebKit/537.36 (KHTML, like Gecko) Chrome/80.0.3987.132 Safari/537.36"
213.194.184.19 - - [16/Mar/2020:21:01:31 +0100] "GET /servicios.html HTTP/1.1" 200 6185 "https://www.serynco.es/empresa.html" "Mozilla/5.0 (Windows NT 10.0; Win64; x64) AppleWebKit/537.36 (KHTML, like Gecko) Chrome/80.0.3987.132 Safari/537.36"
213.194.184.19 - - [16/Mar/2020:21:01:31 +0100] "GET /images/servicios.gif HTTP/1.1" 200 5030 "https://www.serynco.es/servicios.html" "Mozilla/5.0 (Windows NT 10.0; Win64; x64) AppleWebKit/537.36 (KHTML, like Gecko) Chrome/80.0.3987.132 Safari/537.36"
213.194.184.19 - - [16/Mar/2020:21:01:31 +0100] "GET /images/adorno-actividades.jpg HTTP/1.1" 200 29386 "https://www.serynco.es/servicios.html" "Mozilla/5.0 (Windows NT 10.0; Win64; x64) AppleWebKit/537.36 (KHTML, like Gecko) Chrome/80.0.3987.132 Safari/537.36"
213.194.184.19 - - [16/Mar/2020:21:01:31 +0100] "GET /images/cuadro-borde-turq.gif HTTP/1.1" 200 860 "https://www.serynco.es/servicios.html" "Mozilla/5.0 (Windows NT 10.0; Win64; x64) AppleWebKit/537.36 (KHTML, like Gecko) Chrome/80.0.3987.132 Safari/537.36"
213.194.184.19 - - [16/Mar/2020:21:01:38 +0100] "GET /clientes.html HTTP/1.1" 200 10756 "https://www.serynco.es/servicios.html" "Mozilla/5.0 (Windows NT 10.0; Win64; x64) AppleWebKit/537.36 (KHTML, like Gecko) Chrome/80.0.3987.132 Safari/537.36"
213.194.184.19 - - [16/Mar/2020:21:01:38 +0100] "GET /images/adorno-clientes.jpg HTTP/1.1" 200 67231 "https://www.serynco.es/clientes.html" "Mozilla/5.0 (Windows NT 10.0; Win64; x64) AppleWebKit/537.36 (KHTML, like Gecko) Chrome/80.0.3987.132 Safari/537.36"
213.194.184.19 - - [16/Mar/2020:21:01:38 +0100] "GET /images/clientes.gif HTTP/1.1" 200 4088 "https://www.serynco.es/clientes.html" "Mozilla/5.0 (Windows NT 10.0; Win64; x64) AppleWebKit/537.36 (KHTML, like Gecko) Chrome/80.0.3987.132 Safari/537.36"
213.194.184.19 - - [16/Mar/2020:21:01:38 +0100] "GET /images/logo-obrum.gif HTTP/1.1" 200 5804 "https://www.serynco.es/clientes.html" "Mozilla/5.0 (Windows NT 10.0; Win64; x64) AppleWebKit/537.36 (KHTML, like Gecko) Chrome/80.0.3987.132 Safari/537.36"
213.194.184.19 - - [16/Mar/2020:21:01:38 +0100] "GET /images/logo-riofisa.gif HTTP/1.1" 200 3857 "https://www.serynco.es/clientes.html" "Mozilla/5.0 (Windows NT 10.0; Win64; x64) AppleWebKit/537.36 (KHTML, like Gecko) Chrome/80.0.3987.132 Safari/537.36"
213.194.184.19 - - [16/Mar/2020:21:01:38 +0100] "GET /images/logo-hispanica.gif HTTP/1.1" 200 3941 "https://www.serynco.es/clientes.html" "Mozilla/5.0 (Windows NT 10.0; Win64; x64) AppleWebKit/537.36 (KHTML, like Gecko) Chrome/80.0.3987.132 Safari/537.36"
213.194.184.19 - - [16/Mar/2020:21:01:38 +0100] "GET /images/logo-sgs.gif HTTP/1.1" 200 4267 "https://www.serynco.es/clientes.html" "Mozilla/5.0 (Windows NT 10.0; Win64; x64) AppleWebKit/537.36 (KHTML, like Gecko) Chrome/80.0.3987.132 Safari/537.36"
213.194.184.19 - - [16/Mar/2020:21:01:38 +0100] "GET /images/logo-junta.gif HTTP/1.1" 200 6481 "https://www.serynco.es/clientes.html" "Mozilla/5.0 (Windows NT 10.0; Win64; x64) AppleWebKit/537.36 (KHTML, like Gecko) Chrome/80.0.3987.132 Safari/537.36"
213.194.184.19 - - [16/Mar/2020:21:01:38 +0100] "GET /images/logo-guadarrama.gif HTTP/1.1" 200 4179 "https://www.serynco.es/clientes.html" "Mozilla/5.0 (Windows NT 10.0; Win64; x64) AppleWebKit/537.36 (KHTML, like Gecko) Chrome/80.0.3987.132 Safari/537.36"
213.194.184.19 - - [16/Mar/2020:21:01:38 +0100] "GET /images/logo-cuniv.gif HTTP/1.1" 200 6641 "https://www.serynco.es/clientes.html" "Mozilla/5.0 (Windows NT 10.0; Win64; x64) AppleWebKit/537.36 (KHTML, like Gecko) Chrome/80.0.3987.132 Safari/537.36"
213.194.184.19 - - [16/Mar/2020:21:01:38 +0100] "GET /images/logo-madrid.gif HTTP/1.1" 200 3465 "https://www.serynco.es/clientes.html" "Mozilla/5.0 (Windows NT 10.0; Win64; x64) AppleWebKit/537.36 (KHTML, like Gecko) Chrome/80.0.3987.132 Safari/537.36"
213.194.184.19 - - [16/Mar/2020:21:01:38 +0100] "GET /images/logo-envicosa.gif HTTP/1.1" 200 16258 "https://www.serynco.es/clientes.html" "Mozilla/5.0 (Windows NT 10.0; Win64; x64) AppleWebKit/537.36 (KHTML, like Gecko) Chrome/80.0.3987.132 Safari/537.36"
213.194.184.19 - - [16/Mar/2020:21:01:38 +0100] "GET /images/logo-ineco.gif HTTP/1.1" 200 3981 "https://www.serynco.es/clientes.html" "Mozilla/5.0 (Windows NT 10.0; Win64; x64) AppleWebKit/537.36 (KHTML, like Gecko) Chrome/80.0.3987.132 Safari/537.36"
213.194.184.19 - - [16/Mar/2020:21:01:38 +0100] "GET /images/logo-sanjose.gif HTTP/1.1" 200 8036 "https://www.serynco.es/clientes.html" "Mozilla/5.0 (Windows NT 10.0; Win64; x64) AppleWebKit/537.36 (KHTML, like Gecko) Chrome/80.0.3987.132 Safari/537.36"
213.194.184.19 - - [16/Mar/2020:21:01:38 +0100] "GET /images/logo-acs.gif HTTP/1.1" 200 3945 "https://www.serynco.es/clientes.html" "Mozilla/5.0 (Windows NT 10.0; Win64; x64) AppleWebKit/537.36 (KHTML, like Gecko) Chrome/80.0.3987.132 Safari/537.36"
213.194.184.19 - - [16/Mar/2020:21:01:38 +0100] "GET /images/logo-alcorcon.gif HTTP/1.1" 200 7100 "https://www.serynco.es/clientes.html" "Mozilla/5.0 (Windows NT 10.0; Win64; x64) AppleWebKit/537.36 (KHTML, like Gecko) Chrome/80.0.3987.132 Safari/537.36"
213.194.184.19 - - [16/Mar/2020:21:01:38 +0100] "GET /images/logo-clh.gif HTTP/1.1" 200 4231 "https://www.serynco.es/clientes.html" "Mozilla/5.0 (Windows NT 10.0; Win64; x64) AppleWebKit/537.36 (KHTML, like Gecko) Chrome/80.0.3987.132 Safari/537.36"
213.194.184.19 - - [16/Mar/2020:21:01:38 +0100] "GET /images/logo-sando.gif HTTP/1.1" 200 4653 "https://www.serynco.es/clientes.html" "Mozilla/5.0 (Windows NT 10.0; Win64; x64) AppleWebKit/537.36 (KHTML, like Gecko) Chrome/80.0.3987.132 Safari/537.36"
213.194.184.19 - - [16/Mar/2020:21:01:38 +0100] "GET /images/logo-andaluc-op.gif HTTP/1.1" 200 7830 "https://www.serynco.es/clientes.html" "Mozilla/5.0 (Windows NT 10.0; Win64; x64) AppleWebKit/537.36 (KHTML, like Gecko) Chrome/80.0.3987.132 Safari/537.36"
213.194.184.19 - - [16/Mar/2020:21:01:38 +0100] "GET /images/logo-imes.gif HTTP/1.1" 200 3097 "https://www.serynco.es/clientes.html" "Mozilla/5.0 (Windows NT 10.0; Win64; x64) AppleWebKit/537.36 (KHTML, like Gecko) Chrome/80.0.3987.132 Safari/537.36"
213.194.184.19 - - [16/Mar/2020:21:01:38 +0100] "GET /images/logo-ferrovial.gif HTTP/1.1" 200 5182 "https://www.serynco.es/clientes.html" "Mozilla/5.0 (Windows NT 10.0; Win64; x64) AppleWebKit/537.36 (KHTML, like Gecko) Chrome/80.0.3987.132 Safari/537.36"
213.194.184.19 - - [16/Mar/2020:21:01:38 +0100] "GET /images/logo-virton.gif HTTP/1.1" 200 3084 "https://www.serynco.es/clientes.html" "Mozilla/5.0 (Windows NT 10.0; Win64; x64) AppleWebKit/537.36 (KHTML, like Gecko) Chrome/80.0.3987.132 Safari/537.36"
213.194.184.19 - - [16/Mar/2020:21:01:38 +0100] "GET /images/logo-acciona.gif HTTP/1.1" 200 3947 "https://www.serynco.es/clientes.html" "Mozilla/5.0 (Windows NT 10.0; Win64; x64) AppleWebKit/537.36 (KHTML, like Gecko) Chrome/80.0.3987.132 Safari/537.36"
213.194.184.19 - - [16/Mar/2020:21:01:38 +0100] "GET /images/logo-andaluc-ma.gif HTTP/1.1" 200 7544 "https://www.serynco.es/clientes.html" "Mozilla/5.0 (Windows NT 10.0; Win64; x64) AppleWebKit/537.36 (KHTML, like Gecko) Chrome/80.0.3987.132 Safari/537.36"
213.194.184.19 - - [16/Mar/2020:21:01:38 +0100] "GET /images/logo-navalcarnero.gif HTTP/1.1" 200 8386 "https://www.serynco.es/clientes.html" "Mozilla/5.0 (Windows NT 10.0; Win64; x64) AppleWebKit/537.36 (KHTML, like Gecko) Chrome/80.0.3987.132 Safari/537.36"
213.194.184.19 - - [16/Mar/2020:21:01:38 +0100] "GET /images/logo-sanse.gif HTTP/1.1" 200 6735 "https://www.serynco.es/clientes.html" "Mozilla/5.0 (Windows NT 10.0; Win64; x64) AppleWebKit/537.36 (KHTML, like Gecko) Chrome/80.0.3987.132 Safari/537.36"
213.194.184.19 - - [16/Mar/2020:21:01:38 +0100] "GET /images/logo-coslada-rojo.gif HTTP/1.1" 200 16941 "https://www.serynco.es/clientes.html" "Mozilla/5.0 (Windows NT 10.0; Win64; x64) AppleWebKit/537.36 (KHTML, like Gecko) Chrome/80.0.3987.132 Safari/537.36"
213.194.184.19 - - [16/Mar/2020:21:01:38 +0100] "GET /images/logo-aldesa.gif HTTP/1.1" 200 3912 "https://www.serynco.es/clientes.html" "Mozilla/5.0 (Windows NT 10.0; Win64; x64) AppleWebKit/537.36 (KHTML, like Gecko) Chrome/80.0.3987.132 Safari/537.36"
213.194.184.19 - - [16/Mar/2020:21:01:39 +0100] "GET /images/logo-aena.gif HTTP/1.1" 200 4504 "https://www.serynco.es/clientes.html" "Mozilla/5.0 (Windows NT 10.0; Win64; x64) AppleWebKit/537.36 (KHTML, like Gecko) Chrome/80.0.3987.132 Safari/537.36"
213.194.184.19 - - [16/Mar/2020:21:01:39 +0100] "GET /images/logo-fcc.gif HTTP/1.1" 200 4873 "https://www.serynco.es/clientes.html" "Mozilla/5.0 (Windows NT 10.0; Win64; x64) AppleWebKit/537.36 (KHTML, like Gecko) Chrome/80.0.3987.132 Safari/537.36"
213.194.184.19 - - [16/Mar/2020:21:01:39 +0100] "GET /images/logo-fercaber.gif HTTP/1.1" 200 4264 "https://www.serynco.es/clientes.html" "Mozilla/5.0 (Windows NT 10.0; Win64; x64) AppleWebKit/537.36 (KHTML, like Gecko) Chrome/80.0.3987.132 Safari/537.36"
213.194.184.19 - - [16/Mar/2020:21:01:39 +0100] "GET /images/logo-madridmundo.gif HTTP/1.1" 200 5171 "https://www.serynco.es/clientes.html" "Mozilla/5.0 (Windows NT 10.0; Win64; x64) AppleWebKit/537.36 (KHTML, like Gecko) Chrome/80.0.3987.132 Safari/537.36"
213.194.184.19 - - [16/Mar/2020:21:01:39 +0100] "GET /images/cuadro-borde-gris.gif HTTP/1.1" 200 745 "https://www.serynco.es/clientes.html" "Mozilla/5.0 (Windows NT 10.0; Win64; x64) AppleWebKit/537.36 (KHTML, like Gecko) Chrome/80.0.3987.132 Safari/537.36"
213.194.184.19 - - [16/Mar/2020:21:01:39 +0100] "GET /images/logo-valdemoro.gif HTTP/1.1" 200 8552 "https://www.serynco.es/clientes.html" "Mozilla/5.0 (Windows NT 10.0; Win64; x64) AppleWebKit/537.36 (KHTML, like Gecko) Chrome/80.0.3987.132 Safari/537.36"
213.194.184.19 - - [16/Mar/2020:21:01:39 +0100] "GET /images/logo-adif.gif HTTP/1.1" 200 2890 "https://www.serynco.es/clientes.html" "Mozilla/5.0 (Windows NT 10.0; Win64; x64) AppleWebKit/537.36 (KHTML, like Gecko) Chrome/80.0.3987.132 Safari/537.36"
213.194.184.19 - - [16/Mar/2020:21:01:39 +0100] "GET /images/logo-defensa.gif HTTP/1.1" 200 9982 "https://www.serynco.es/clientes.html" "Mozilla/5.0 (Windows NT 10.0; Win64; x64) AppleWebKit/537.36 (KHTML, like Gecko) Chrome/80.0.3987.132 Safari/537.36"
213.194.184.19 - - [16/Mar/2020:21:01:39 +0100] "GET /images/logo-sepes.gif HTTP/1.1" 200 2835 "https://www.serynco.es/clientes.html" "Mozilla/5.0 (Windows NT 10.0; Win64; x64) AppleWebKit/537.36 (KHTML, like Gecko) Chrome/80.0.3987.132 Safari/537.36"
213.194.184.19 - - [16/Mar/2020:21:01:39 +0100] "GET /images/logo-fomento.gif HTTP/1.1" 200 6388 "https://www.serynco.es/clientes.html" "Mozilla/5.0 (Windows NT 10.0; Win64; x64) AppleWebKit/537.36 (KHTML, like Gecko) Chrome/80.0.3987.132 Safari/537.36"
213.194.184.19 - - [16/Mar/2020:21:02:06 +0100] "GET /empleo.html HTTP/1.1" 200 4354 "https://www.serynco.es/clientes.html" "Mozilla/5.0 (Windows NT 10.0; Win64; x64) AppleWebKit/537.36 (KHTML, like Gecko) Chrome/80.0.3987.132 Safari/537.36"
213.194.184.19 - - [16/Mar/2020:21:02:06 +0100] "GET /images/empleo.gif HTTP/1.1" 200 3899 "https://www.serynco.es/empleo.html" "Mozilla/5.0 (Windows NT 10.0; Win64; x64) AppleWebKit/537.36 (KHTML, like Gecko) Chrome/80.0.3987.132 Safari/537.36"
213.194.184.19 - - [16/Mar/2020:21:02:06 +0100] "GET /images/adorno-empleo.gif HTTP/1.1" 200 29878 "https://www.serynco.es/empleo.html" "Mozilla/5.0 (Windows NT 10.0; Win64; x64) AppleWebKit/537.36 (KHTML, like Gecko) Chrome/80.0.3987.132 Safari/537.36"
66.249.66.76 - - [16/Mar/2020:21:04:16 +0100] "GET /empleo.html HTTP/1.1" 200 7475 "-" "Mozilla/5.0 (Linux; Android 6.0.1; Nexus 5X Build/MMB29P) AppleWebKit/537.36 (KHTML, like Gecko) Chrome/41.0.2272.96 Mobile Safari/537.36 (compatible; Googlebot/2.1; +http://www.google.com/bot.html)"
35.229.34.219 - - [16/Mar/2020:21:43:23 +0100] "GET /robots.txt HTTP/1.0" 200 3480 "-" "ZoominfoBot (zoominfobot at zoominfo dot com)"
35.229.34.219 - - [16/Mar/2020:21:43:24 +0100] "GET /clientes.html HTTP/1.0" 200 10719 "-" "ZoominfoBot (zoominfobot at zoominfo dot com)"
35.229.34.219 - - [16/Mar/2020:21:45:25 +0100] "GET /servicios.html HTTP/1.0" 200 9074 "-" "ZoominfoBot (zoominfobot at zoominfo dot com)"
35.229.34.219 - - [16/Mar/2020:21:46:26 +0100] "GET /empleo.html HTTP/1.0" 200 7243 "-" "ZoominfoBot (zoominfobot at zoominfo dot com)"
35.229.34.219 - - [16/Mar/2020:21:53:54 +0100] "GET /index.php HTTP/1.0" 200 8944 "-" "ZoominfoBot (zoominfobot at zoominfo dot com)"
35.229.34.219 - - [16/Mar/2020:21:57:39 +0100] "GET /robots.txt HTTP/1.0" 200 3480 "-" "ZoominfoBot (zoominfobot at zoominfo dot com)"
35.229.34.219 - - [16/Mar/2020:21:57:39 +0100] "GET /servicios.html HTTP/1.0" 200 6148 "-" "ZoominfoBot (zoominfobot at zoominfo dot com)"
35.229.34.219 - - [16/Mar/2020:21:57:41 +0100] "GET /index.php HTTP/1.0" 200 8944 "-" "ZoominfoBot (zoominfobot at zoominfo dot com)"
35.229.34.219 - - [16/Mar/2020:22:00:23 +0100] "GET /empresa.html HTTP/1.0" 200 9223 "-" "ZoominfoBot (zoominfobot at zoominfo dot com)"
35.229.34.219 - - [16/Mar/2020:22:00:49 +0100] "GET /empresa.html HTTP/1.0" 200 9223 "-" "ZoominfoBot (zoominfobot at zoominfo dot com)"
35.229.34.219 - - [16/Mar/2020:22:04:42 +0100] "GET /contacto.html HTTP/1.0" 200 7820 "-" "ZoominfoBot (zoominfobot at zoominfo dot com)"
35.229.34.219 - - [16/Mar/2020:22:05:20 +0100] "GET /clientes.html HTTP/1.0" 200 13645 "-" "ZoominfoBot (zoominfobot at zoominfo dot com)"
35.229.34.219 - - [16/Mar/2020:22:05:49 +0100] "GET /buzon-sugerencias.html HTTP/1.0" 200 7193 "-" "ZoominfoBot (zoominfobot at zoominfo dot com)"
35.229.34.219 - - [16/Mar/2020:22:07:29 +0100] "GET /empleo.html HTTP/1.0" 200 7243 "-" "ZoominfoBot (zoominfobot at zoominfo dot com)"
35.229.34.219 - - [16/Mar/2020:22:09:27 +0100] "GET /buzon-sugerencias.html HTTP/1.0" 200 7193 "-" "ZoominfoBot (zoominfobot at zoominfo dot com)"
35.229.34.219 - - [16/Mar/2020:22:12:55 +0100] "GET /contacto.html HTTP/1.0" 200 7820 "-" "ZoominfoBot (zoominfobot at zoominfo dot com)"
35.229.34.219 - - [16/Mar/2020:22:13:09 +0100] "GET /legal.html HTTP/1.0" 200 8487 "-" "ZoominfoBot (zoominfobot at zoominfo dot com)"
35.229.34.219 - - [16/Mar/2020:22:13:30 +0100] "GET /legal.html HTTP/1.0" 200 8487 "-" "ZoominfoBot (zoominfobot at zoominfo dot com)"
40.77.167.104 - - [16/Mar/2020:22:46:10 +0100] "GET /ingenieria.html HTTP/1.1" 200 11770 "-" "msnbot/2.0b (+http://search.msn.com/msnbot.htm)"
40.77.167.104 - - [16/Mar/2020:22:48:37 +0100] "GET /empleo.html HTTP/1.1" 200 7475 "-" "msnbot/2.0b (+http://search.msn.com/msnbot.htm)"
66.249.66.76 - - [16/Mar/2020:22:59:05 +0100] "GET / HTTP/1.1" 200 9253 "-" "Mozilla/5.0 (Linux; Android 6.0.1; Nexus 5X Build/MMB29P) AppleWebKit/537.36 (KHTML, like Gecko) Chrome/41.0.2272.96 Mobile Safari/537.36 (compatible; Googlebot/2.1; +http://www.google.com/bot.html)"
114.119.162.95 - - [16/Mar/2020:23:29:41 +0100] "GET /robots.txt HTTP/1.1" 200 3480 "-" "Mozilla/5.0 (Linux; Android 7.0;) AppleWebKit/537.36 (KHTML, like Gecko) Mobile Safari/537.36 (compatible; AspiegelBot)"
207.46.13.141 - - [16/Mar/2020:23:55:11 +0100] "GET /contacto.html HTTP/1.1" 200 8052 "-" "Mozilla/5.0 (compatible; bingbot/2.0; +http://www.bing.com/bingbot.htm)"
40.77.167.104 - - [16/Mar/2020:23:59:56 +0100] "GET /construccion.html HTTP/1.1" 200 9748 "-" "Mozilla/5.0 (compatible; bingbot/2.0; +http://www.bing.com/bingbot.htm)"
13.66.139.1 - - [17/Mar/2020:00:03:55 +0100] "GET /robots.txt HTTP/1.1" 200 2037 "-" "Mozilla/5.0 (compatible; bingbot/2.0; +http://www.bing.com/bingbot.htm)"
13.66.139.1 - - [17/Mar/2020:00:03:55 +0100] "GET /robots.txt HTTP/1.1" 200 3712 "-" "Mozilla/5.0 (compatible; bingbot/2.0; +http://www.bing.com/bingbot.htm)"
13.66.139.0 - - [17/Mar/2020:00:04:02 +0100] "GET /empresa.html HTTP/1.1" 200 9455 "-" "msnbot/2.0b (+http://search.msn.com/msnbot.htm)"
157.55.39.28 - - [17/Mar/2020:00:04:02 +0100] "GET /robots.txt HTTP/1.1" 200 3712 "-" "Mozilla/5.0 (compatible; bingbot/2.0; +http://www.bing.com/bingbot.htm)"
157.55.39.40 - - [17/Mar/2020:00:04:07 +0100] "GET /images/ss1.jpg HTTP/1.1" 200 177959 "-" "Mozilla/5.0 (compatible; bingbot/2.0; +http://www.bing.com/bingbot.htm)"
40.77.167.199 - - [17/Mar/2020:00:06:25 +0100] "GET /medio-ambiente.html HTTP/1.1" 200 8429 "-" "Mozilla/5.0 (compatible; bingbot/2.0; +http://www.bing.com/bingbot.htm)"
40.77.167.199 - - [17/Mar/2020:00:06:25 +0100] "GET /controlsimultaneidad.html HTTP/1.1" 200 4833 "-" "Mozilla/5.0 (compatible; bingbot/2.0; +http://www.bing.com/bingbot.htm)"
40.77.167.150 - - [17/Mar/2020:00:06:30 +0100] "GET /index.html HTTP/1.1" 200 9253 "-" "Mozilla/5.0 (compatible; bingbot/2.0; +http://www.bing.com/bingbot.htm)"
207.46.13.141 - - [17/Mar/2020:00:13:28 +0100] "GET /seguridad-salud.html HTTP/1.1" 200 9752 "-" "Mozilla/5.0 (compatible; bingbot/2.0; +http://www.bing.com/bingbot.htm)"
66.249.66.76 - - [17/Mar/2020:01:01:29 +0100] "GET /empresa.html HTTP/1.1" 200 9455 "-" "Mozilla/5.0 (Linux; Android 6.0.1; Nexus 5X Build/MMB29P) AppleWebKit/537.36 (KHTML, like Gecko) Chrome/41.0.2272.96 Mobile Safari/537.36 (compatible; Googlebot/2.1; +http://www.google.com/bot.html)"
117.63.132.98 - - [17/Mar/2020:01:14:15 +0100] "GET /robots.txt HTTP/1.1" 200 3480 "-" "Mozilla/5.0(Linux;Android 5.1.1;OPPO A33 Build/LMY47V;wv) AppleWebKit/537.36(KHTML,link Gecko) Version/4.0 Chrome/42.0.2311.138 Mobile Safari/537.36 Mb2345Browser/9.0"
112.114.88.98 - - [17/Mar/2020:01:14:31 +0100] "GET /servicios.html HTTP/1.1" 200 9074 "-" "Mozilla/5.0 (Linux; Android 7.0; FRD-AL00 Build/HUAWEIFRD-AL00; wv) AppleWebKit/537.36 (KHTML, like Gecko) Version/4.0 Chrome/53.0.2785.49 Mobile MQQBrowser/6.2 TBS/043602 Safari/537.36 MicroMessenger/6.5.16.1120 NetType/WIFI Language/zh_CN"
182.247.60.48 - - [17/Mar/2020:01:14:38 +0100] "GET /construccion.html HTTP/1.1" 200 9516 "-" "Mozilla/5.0(Linux;Android 5.1.1;OPPO A33 Build/LMY47V;wv) AppleWebKit/537.36(KHTML,link Gecko) Version/4.0 Chrome/43.0.2357.121 Mobile Safari/537.36 LieBaoFast/4.51.3"
117.29.232.134 - - [17/Mar/2020:01:14:45 +0100] "GET /robots.txt HTTP/1.1" 200 3480 "-" "Mozilla/5.0 (Linux; Android 7.0; FRD-AL00 Build/HUAWEIFRD-AL00; wv) AppleWebKit/537.36 (KHTML, like Gecko) Version/4.0 Chrome/53.0.2785.49 Mobile MQQBrowser/6.2 TBS/043602 Safari/537.36 MicroMessenger/6.5.16.1120 NetType/WIFI Language/zh_CN"
101.206.234.220 - - [17/Mar/2020:01:15:14 +0100] "GET /empleo.html HTTP/1.1" 200 7243 "-" "Mozilla/5.0(Linux;Android 5.1.1;OPPO A33 Build/LMY47V;wv) AppleWebKit/537.36(KHTML,link Gecko) Version/4.0 Chrome/42.0.2311.138 Mobile Safari/537.36 Mb2345Browser/9.0"
157.55.39.28 - - [17/Mar/2020:01:31:02 +0100] "GET /robots.txt HTTP/1.1" 200 2037 "-" "Mozilla/5.0 (compatible; bingbot/2.0; +http://www.bing.com/bingbot.htm)"
157.55.39.28 - - [17/Mar/2020:01:31:03 +0100] "GET /robots.txt HTTP/1.1" 200 3712 "-" "Mozilla/5.0 (compatible; bingbot/2.0; +http://www.bing.com/bingbot.htm)"
207.46.13.20 - - [17/Mar/2020:01:31:29 +0100] "GET /index.php HTTP/1.1" 200 9304 "-" "Mozilla/5.0 (compatible; bingbot/2.0; +http://www.bing.com/bingbot.htm)"
207.46.13.141 - - [17/Mar/2020:01:33:27 +0100] "GET /clientes.html HTTP/1.1" 200 13877 "-" "Mozilla/5.0 (compatible; bingbot/2.0; +http://www.bing.com/bingbot.htm)"
52.10.190.60 - - [17/Mar/2020:01:52:30 +0100] "GET / HTTP/1.1" 200 9253 "-" "Mozilla/5.0 (Windows NT 10.0; Win64; x64)AppleWebKit/537.36 (KHTML, like Gecko) Chrome/66.0.3359.181 Safari/537.36"
52.41.211.72 - - [17/Mar/2020:01:52:31 +0100] "HEAD / HTTP/1.1" 200 3063 "-" "Go-http-client/1.1"
207.46.13.20 - - [17/Mar/2020:01:55:32 +0100] "GET /controlsimultaneidad.html HTTP/1.1" 200 8092 "-" "msnbot/2.0b (+http://search.msn.com/msnbot.htm)"
40.77.167.150 - - [17/Mar/2020:02:30:03 +0100] "GET /noticias/publicaci%C3%B3n-faro.pdf HTTP/1.1" 200 266910 "-" "Mozilla/5.0 (compatible; bingbot/2.0; +http://www.bing.com/bingbot.htm)"
40.77.167.104 - - [17/Mar/2020:02:36:17 +0100] "GET /empleo.html HTTP/1.1" 200 7475 "-" "Mozilla/5.0 (compatible; bingbot/2.0; +http://www.bing.com/bingbot.htm)"
40.77.167.104 - - [17/Mar/2020:02:53:27 +0100] "GET /legal.html HTTP/1.1" 200 8719 "-" "Mozilla/5.0 (compatible; bingbot/2.0; +http://www.bing.com/bingbot.htm)"
207.46.13.20 - - [17/Mar/2020:03:09:13 +0100] "GET /empresa.html HTTP/1.1" 200 9455 "-" "Mozilla/5.0 (compatible; bingbot/2.0; +http://www.bing.com/bingbot.htm)"
40.77.167.104 - - [17/Mar/2020:03:19:16 +0100] "GET /ingenieria.html HTTP/1.1" 200 11770 "-" "Mozilla/5.0 (compatible; bingbot/2.0; +http://www.bing.com/bingbot.htm)"
207.46.13.206 - - [17/Mar/2020:03:20:04 +0100] "GET /noticias/politica-calidad.pdf HTTP/1.1" 200 30574 "-" "Mozilla/5.0 (compatible; bingbot/2.0; +http://www.bing.com/bingbot.htm)"
40.77.167.150 - - [17/Mar/2020:03:30:09 +0100] "GET /noticias/publicaci%C3%B3n-faro.pdf HTTP/1.1" 200 266910 "-" "Mozilla/5.0 (compatible; bingbot/2.0; +http://www.bing.com/bingbot.htm)"
157.55.39.28 - - [17/Mar/2020:04:41:38 +0100] "GET /robots.txt HTTP/1.1" 200 3712 "-" "Mozilla/5.0 (compatible; bingbot/2.0; +http://www.bing.com/bingbot.htm)"
157.55.39.132 - - [17/Mar/2020:05:08:16 +0100] "GET /noticias/politica-calidad.pdf HTTP/1.1" 200 30574 "-" "msnbot/2.0b (+http://search.msn.com/msnbot.htm)"
95.163.255.3 - - [17/Mar/2020:06:08:37 +0100] "GET /robots.txt HTTP/1.0" 200 3680 "-" "Mozilla/5.0 (compatible; Linux x86_64; Mail.RU_Bot/2.0; +http://go.mail.ru/help/robots)"
95.163.255.4 - - [17/Mar/2020:06:08:39 +0100] "GET /sitemap.xml HTTP/1.1" 200 6679 "http://serynco.es/sitemap.xml" "Mozilla/5.0 (compatible; Linux x86_64; Mail.RU_Bot/2.0; +http://go.mail.ru/help/robots)"
49.87.140.45 - - [17/Mar/2020:06:40:28 +0100] "GET /robots.txt HTTP/1.1" 200 3480 "-" "Mozilla/5.0(Linux;Android 5.1.1;OPPO A33 Build/LMY47V;wv) AppleWebKit/537.36(KHTML,link Gecko) Version/4.0 Chrome/42.0.2311.138 Mobile Safari/537.36 Mb2345Browser/9.0"
183.202.56.106 - - [17/Mar/2020:06:40:34 +0100] "GET /robots.txt HTTP/1.1" 200 3480 "-" "Mozilla/5.0 (Linux; Android 7.0; FRD-AL00 Build/HUAWEIFRD-AL00; wv) AppleWebKit/537.36 (KHTML, like Gecko) Version/4.0 Chrome/53.0.2785.49 Mobile MQQBrowser/6.2 TBS/043602 Safari/537.36 MicroMessenger/6.5.16.1120 NetType/WIFI Language/zh_CN"
54.36.148.13 - - [17/Mar/2020:06:52:22 +0100] "GET /robots.txt HTTP/1.1" 200 3461 "-" "Mozilla/5.0 (compatible; AhrefsBot/6.1; +http://ahrefs.com/robot/)"
151.80.39.64 - - [17/Mar/2020:06:52:27 +0100] "GET /buzon-sugerencias.html HTTP/1.1" 200 7174 "-" "Mozilla/5.0 (compatible; AhrefsBot/6.1; +http://ahrefs.com/robot/)"
151.80.39.227 - - [17/Mar/2020:07:00:26 +0100] "GET /clientes.html HTTP/1.1" 200 13626 "-" "Mozilla/5.0 (compatible; AhrefsBot/6.1; +http://ahrefs.com/robot/)"
151.80.39.227 - - [17/Mar/2020:07:06:50 +0100] "GET /contacto.html HTTP/1.1" 200 7801 "-" "Mozilla/5.0 (compatible; AhrefsBot/6.1; +http://ahrefs.com/robot/)"
139.59.117.21 - - [17/Mar/2020:07:12:33 +0100] "GET / HTTP/1.0" 200 9026 "http://serynco.es/" "Mozilla/4.0 (compatible; MSIE 8.0; Windows NT 6.1; Trident/4.0; GTB7.0; SLCC2; .NET CLR 2.0.50727; .NET CLR 3.5.30729; .NET CLR 3.0.30729; Media Center PC 6.0; .NET4.0C)"
151.80.39.227 - - [17/Mar/2020:07:13:45 +0100] "GET /empleo.html HTTP/1.1" 200 7224 "-" "Mozilla/5.0 (compatible; AhrefsBot/6.1; +http://ahrefs.com/robot/)"
151.80.39.227 - - [17/Mar/2020:07:21:06 +0100] "GET /empresa.html HTTP/1.1" 200 9204 "-" "Mozilla/5.0 (compatible; AhrefsBot/6.1; +http://ahrefs.com/robot/)"
151.80.39.64 - - [17/Mar/2020:07:29:21 +0100] "GET /index.php HTTP/1.1" 200 9053 "-" "Mozilla/5.0 (compatible; AhrefsBot/6.1; +http://ahrefs.com/robot/)"
157.55.39.28 - - [17/Mar/2020:07:32:58 +0100] "GET /robots.txt HTTP/1.1" 200 2037 "-" "Mozilla/5.0 (compatible; bingbot/2.0; +http://www.bing.com/bingbot.htm)"
157.55.39.28 - - [17/Mar/2020:07:32:59 +0100] "GET /robots.txt HTTP/1.1" 200 3712 "-" "Mozilla/5.0 (compatible; bingbot/2.0; +http://www.bing.com/bingbot.htm)"
207.46.13.20 - - [17/Mar/2020:07:33:02 +0100] "GET /medio-ambiente.html HTTP/1.1" 200 8429 "-" "msnbot/2.0b (+http://search.msn.com/msnbot.htm)"
151.80.39.64 - - [17/Mar/2020:07:36:40 +0100] "GET /legal.html HTTP/1.1" 200 8468 "-" "Mozilla/5.0 (compatible; AhrefsBot/6.1; +http://ahrefs.com/robot/)"
