47.104.240.212 - - [25/Mar/2020:08:58:11 +0100] "GET /license.txt HTTP/1.1" 404 4405 "http://serynco.es/license.txt" "Mozilla/5.0 (X11; Ubuntu; Linux x86_64; rv:62.0) Gecko/20100101 Firefox/62.0"
35.241.220.182 - - [25/Mar/2020:09:34:56 +0100] "GET /robots.txt HTTP/1.1" 200 3712 "-" "python-requests/2.22.0"
35.241.220.182 - - [25/Mar/2020:09:34:56 +0100] "GET / HTTP/1.1" 200 9253 "-" "Mozilla/5.0 (Windows NT 6.1) AppleWebKit/537.36 (KHTML, like Gecko) Chrome/41.0.2228.0 Safari/537.36"
35.241.220.182 - - [25/Mar/2020:09:34:57 +0100] "GET /robots.txt HTTP/1.1" 200 3712 "-" "python-requests/2.22.0"
35.241.220.182 - - [25/Mar/2020:09:34:57 +0100] "GET /empresa.html HTTP/1.1" 200 9455 "-" "Mozilla/5.0 (Windows NT 6.1) AppleWebKit/537.36 (KHTML, like Gecko) Chrome/41.0.2228.0 Safari/537.36"
35.241.220.182 - - [25/Mar/2020:09:34:57 +0100] "GET /servicios.html HTTP/1.1" 200 9306 "-" "Mozilla/5.0 (Windows NT 6.1) AppleWebKit/537.36 (KHTML, like Gecko) Chrome/41.0.2228.0 Safari/537.36"
35.241.220.182 - - [25/Mar/2020:09:34:58 +0100] "GET /contacto.html HTTP/1.1" 200 8052 "-" "Mozilla/5.0 (Windows NT 6.1) AppleWebKit/537.36 (KHTML, like Gecko) Chrome/41.0.2228.0 Safari/537.36"
35.241.220.182 - - [25/Mar/2020:09:34:58 +0100] "GET /index.php HTTP/1.1" 200 9304 "-" "Mozilla/5.0 (Windows NT 6.1) AppleWebKit/537.36 (KHTML, like Gecko) Chrome/41.0.2228.0 Safari/537.36"
35.241.220.182 - - [25/Mar/2020:09:34:59 +0100] "GET /legal.html HTTP/1.1" 200 8719 "-" "Mozilla/5.0 (Windows NT 6.1) AppleWebKit/537.36 (KHTML, like Gecko) Chrome/41.0.2228.0 Safari/537.36"
35.241.220.182 - - [25/Mar/2020:09:34:59 +0100] "GET /buzon-sugerencias.html HTTP/1.1" 200 7425 "-" "Mozilla/5.0 (Windows NT 6.1) AppleWebKit/537.36 (KHTML, like Gecko) Chrome/41.0.2228.0 Safari/537.36"
35.241.220.182 - - [25/Mar/2020:09:35:00 +0100] "GET /clientes.html HTTP/1.1" 200 13877 "-" "Mozilla/5.0 (Windows NT 6.1) AppleWebKit/537.36 (KHTML, like Gecko) Chrome/41.0.2228.0 Safari/537.36"
35.241.220.182 - - [25/Mar/2020:09:35:00 +0100] "GET /empleo.html HTTP/1.1" 200 7475 "-" "Mozilla/5.0 (Windows NT 6.1) AppleWebKit/537.36 (KHTML, like Gecko) Chrome/41.0.2228.0 Safari/537.36"
35.241.220.182 - - [25/Mar/2020:09:35:00 +0100] "GET /construccion.html HTTP/1.1" 200 9748 "-" "Mozilla/5.0 (Windows NT 6.1) AppleWebKit/537.36 (KHTML, like Gecko) Chrome/41.0.2228.0 Safari/537.36"
35.241.220.182 - - [25/Mar/2020:09:35:01 +0100] "GET /ingenieria.html HTTP/1.1" 200 11770 "-" "Mozilla/5.0 (Windows NT 6.1) AppleWebKit/537.36 (KHTML, like Gecko) Chrome/41.0.2228.0 Safari/537.36"
109.27.72.200 - - [25/Mar/2020:10:11:33 +0100] "GET /images/ing6.jpg HTTP/1.1" 200 74594 "https://www.bing.com/" "Mozilla/5.0 (Windows NT 10.0; Win64; x64) AppleWebKit/537.36 (KHTML, like Gecko) Chrome/64.0.3282.140 Safari/537.36 Edge/18.17763"
157.55.39.50 - - [25/Mar/2020:11:34:58 +0100] "GET /legal.html HTTP/1.1" 200 8719 "-" "Mozilla/5.0 (compatible; bingbot/2.0; +http://www.bing.com/bingbot.htm)"
4.53.111.68 - - [25/Mar/2020:11:43:17 +0100] "GET / HTTP/1.1" 200 9221 "-" "Mozilla/5.0 (Windows NT 6.1; WOW64; Trident/7.0; rv:11.0) like Gecko"
18.223.188.199 - - [25/Mar/2020:12:47:31 +0100] "GET / HTTP/1.1" 200 9253 "-" "Mozilla/5.0 (Macintosh; Intel Mac OS X 10_15_0) AppleWebKit/537.36 (KHTML, like Gecko) Chrome/78.0.3904.87 Safari/537.36"
114.119.162.95 - - [25/Mar/2020:13:05:13 +0100] "GET /legal.html HTTP/1.1" 200 8487 "-" "Mozilla/5.0 (Linux; Android 7.0;) AppleWebKit/537.36 (KHTML, like Gecko) Mobile Safari/537.36 (compatible; AspiegelBot)"
213.180.203.16 - - [25/Mar/2020:14:13:39 +0100] "GET /robots.txt HTTP/1.1" 200 3712 "-" "Mozilla/5.0 (compatible; YandexBot/3.0; +http://yandex.com/bots)"
178.154.200.45 - - [25/Mar/2020:14:13:43 +0100] "GET /noticias/publicaci%C3%B3n-faro.pdf HTTP/1.1" 200 266910 "-" "Mozilla/5.0 (compatible; YandexBot/3.0; +http://yandex.com/bots)"
116.22.163.184 - - [25/Mar/2020:14:18:12 +0100] "GET /robots.txt HTTP/1.1" 200 3480 "-" "Mozilla/5.0(Linux;Android 5.1.1;OPPO A33 Build/LMY47V;wv) AppleWebKit/537.36(KHTML,link Gecko) Version/4.0 Chrome/43.0.2357.121 Mobile Safari/537.36 LieBaoFast/4.51.3"
62.210.83.78 - - [25/Mar/2020:14:22:59 +0100] "GET / HTTP/1.1" 200 9253 "-" "Mozilla/5.0 (Windows NT 10.0; Win64; x64) AppleWebKit/537.36 (KHTML, like Gecko) Chrome/74.0.3729.157 Safari/537.36"
188.143.169.29 - - [25/Mar/2020:14:38:44 +0100] "GET / HTTP/1.1" 200 9007 "-" "Mozilla/5.0 (Windows; U; Windows NT 5.1; ru; rv:1.9.0.1) Gecko/2008070208"
188.143.169.29 - - [25/Mar/2020:14:38:45 +0100] "GET / HTTP/1.1" 200 9007 "-" "Mozilla/5.0 (Windows; U; Windows NT 5.1; ru; rv:1.9.0.1) Gecko/2008070208"
114.119.163.40 - - [25/Mar/2020:15:12:36 +0100] "GET /robots.txt HTTP/1.1" 200 3480 "-" "Mozilla/5.0 (Linux; Android 7.0;) AppleWebKit/537.36 (KHTML, like Gecko) Mobile Safari/537.36 (compatible; AspiegelBot)"
35.231.153.251 - - [25/Mar/2020:15:17:01 +0100] "GET /robots.txt HTTP/1.1" 200 3461 "-" "ZoominfoBot (zoominfobot at zoominfo dot com)"
35.231.153.251 - - [25/Mar/2020:15:17:01 +0100] "GET /robots.txt HTTP/1.0" 200 417 "-" "ZoominfoBot (zoominfobot at zoominfo dot com)"
35.231.153.251 - - [25/Mar/2020:15:17:02 +0100] "GET / HTTP/1.0" 200 6095 "-" "ZoominfoBot (zoominfobot at zoominfo dot com)"
35.231.153.251 - - [25/Mar/2020:15:26:48 +0100] "GET /robots.txt HTTP/1.1" 200 3461 "-" "ZoominfoBot (zoominfobot at zoominfo dot com)"
35.231.153.251 - - [25/Mar/2020:15:26:48 +0100] "GET /robots.txt HTTP/1.0" 200 417 "-" "ZoominfoBot (zoominfobot at zoominfo dot com)"
35.231.153.251 - - [25/Mar/2020:15:26:48 +0100] "GET / HTTP/1.0" 200 6095 "-" "ZoominfoBot (zoominfobot at zoominfo dot com)"
188.85.163.184 - - [25/Mar/2020:16:16:04 +0100] "GET / HTTP/1.1" 200 9253 "https://www.google.com/" "Mozilla/5.0 (Windows NT 6.1; Win64; x64) AppleWebKit/537.36 (KHTML, like Gecko) Chrome/80.0.3987.149 Safari/537.36"
188.85.163.184 - - [25/Mar/2020:16:16:05 +0100] "GET /javascript/flash_detect.js HTTP/1.1" 200 11634 "https://www.serynco.es/" "Mozilla/5.0 (Windows NT 6.1; Win64; x64) AppleWebKit/537.36 (KHTML, like Gecko) Chrome/80.0.3987.149 Safari/537.36"
188.85.163.184 - - [25/Mar/2020:16:16:05 +0100] "GET /css/style.css HTTP/1.1" 200 8834 "https://www.serynco.es/" "Mozilla/5.0 (Windows NT 6.1; Win64; x64) AppleWebKit/537.36 (KHTML, like Gecko) Chrome/80.0.3987.149 Safari/537.36"
188.85.163.184 - - [25/Mar/2020:16:16:05 +0100] "GET /images/logo.gif HTTP/1.1" 200 10425 "https://www.serynco.es/" "Mozilla/5.0 (Windows NT 6.1; Win64; x64) AppleWebKit/537.36 (KHTML, like Gecko) Chrome/80.0.3987.149 Safari/537.36"
157.55.39.28 - - [25/Mar/2020:16:25:45 +0100] "GET /robots.txt HTTP/1.1" 200 2037 "-" "Mozilla/5.0 (compatible; bingbot/2.0; +http://www.bing.com/bingbot.htm)"
157.55.39.28 - - [25/Mar/2020:16:25:46 +0100] "GET /robots.txt HTTP/1.1" 200 3712 "-" "Mozilla/5.0 (compatible; bingbot/2.0; +http://www.bing.com/bingbot.htm)"
157.55.39.113 - - [25/Mar/2020:16:25:50 +0100] "GET /empresa.html HTTP/1.1" 200 9455 "-" "Mozilla/5.0 (compatible; bingbot/2.0; +http://www.bing.com/bingbot.htm)"
40.77.190.109 - - [25/Mar/2020:16:32:19 +0100] "GET /javascript/flash_detect.js HTTP/1.1" 200 11634 "-" "Mozilla/5.0 (Windows NT 6.1; WOW64) AppleWebKit/534+ (KHTML, like Gecko) BingPreview/1.0b"
66.249.66.78 - - [25/Mar/2020:16:37:00 +0100] "GET /robots.txt HTTP/1.1" 200 3712 "-" "Mozilla/5.0 (compatible; Googlebot/2.1; +http://www.google.com/bot.html)"
66.249.76.87 - - [25/Mar/2020:16:37:01 +0100] "GET / HTTP/1.1" 200 9253 "-" "Mozilla/5.0 (Linux; Android 6.0.1; Nexus 5X Build/MMB29P) AppleWebKit/537.36 (KHTML, like Gecko) Chrome/41.0.2272.96 Mobile Safari/537.36 (compatible; Googlebot/2.1; +http://www.google.com/bot.html)"
34.215.181.8 - - [25/Mar/2020:17:55:21 +0100] "GET / HTTP/1.1" 200 9007 "-" "Mozilla/5.0 (Windows NT 6.2; WOW64) AppleWebKit/537.1 (KHTML, like Gecko) Chrome/19.77.34.5 Safari/537.1"
66.249.66.76 - - [25/Mar/2020:18:29:20 +0100] "GET /empresa.html HTTP/1.1" 200 9455 "-" "Mozilla/5.0 (compatible; Googlebot/2.1; +http://www.google.com/bot.html)"
66.249.66.78 - - [25/Mar/2020:18:40:15 +0100] "GET / HTTP/1.1" 200 9253 "-" "Mozilla/5.0 (Linux; Android 6.0.1; Nexus 5X Build/MMB29P) AppleWebKit/537.36 (KHTML, like Gecko) Chrome/80.0.3987.92 Mobile Safari/537.36 (compatible; Googlebot/2.1; +http://www.google.com/bot.html)"
157.55.39.113 - - [25/Mar/2020:18:50:26 +0100] "GET /empresa.html HTTP/1.1" 200 9455 "-" "Mozilla/5.0 (compatible; bingbot/2.0; +http://www.bing.com/bingbot.htm)"
157.55.39.28 - - [25/Mar/2020:19:13:10 +0100] "GET /robots.txt HTTP/1.1" 200 3712 "-" "Mozilla/5.0 (compatible; bingbot/2.0; +http://www.bing.com/bingbot.htm)"
40.77.167.17 - - [25/Mar/2020:19:19:48 +0100] "GET /clientes.html HTTP/1.1" 200 13877 "-" "Mozilla/5.0 (compatible; bingbot/2.0; +http://www.bing.com/bingbot.htm)"
157.55.39.50 - - [25/Mar/2020:19:30:01 +0100] "GET /ingenieria.html HTTP/1.1" 200 11770 "-" "Mozilla/5.0 (compatible; bingbot/2.0; +http://www.bing.com/bingbot.htm)"
40.77.167.17 - - [25/Mar/2020:19:30:57 +0100] "GET /index.php/javascript/flash_detect.js HTTP/1.1" 200 9304 "-" "Mozilla/5.0 (compatible; MSIE 9.0; Windows NT 6.1; Trident/5.0)"
17.58.100.148 - - [25/Mar/2020:19:50:42 +0100] "GET /clientes.html HTTP/1.1" 200 13626 "-" "Mozilla/5.0 (Macintosh; Intel Mac OS X 10_10_1) AppleWebKit/600.2.5 (KHTML, like Gecko) Version/8.0.2 Safari/600.2.5 (Applebot/0.1; +http://www.apple.com/go/applebot)"
81.40.16.27 - - [25/Mar/2020:20:12:43 +0100] "POST /autodiscover/autodiscover.xml HTTP/1.1" 404 4637 "-" "Microsoft Office/16.0 (Windows NT 10.0; Microsoft Outlook 16.0.12527; Pro)"
81.40.16.27 - - [25/Mar/2020:20:13:12 +0100] "POST /autodiscover/autodiscover.xml HTTP/1.1" 404 4637 "-" "Microsoft Office/16.0 (Windows NT 10.0; Microsoft Outlook 16.0.12527; Pro)"
81.40.16.27 - - [25/Mar/2020:20:15:40 +0100] "POST /autodiscover/autodiscover.xml HTTP/1.1" 404 4637 "-" "Microsoft Office/16.0 (Windows NT 10.0; Microsoft Outlook 16.0.12527; Pro)"
81.40.16.27 - - [25/Mar/2020:20:18:55 +0100] "POST /autodiscover/autodiscover.xml HTTP/1.1" 404 4637 "-" "Microsoft Office/16.0 (Windows NT 10.0; Microsoft Outlook 16.0.12527; Pro)"
81.40.16.27 - - [25/Mar/2020:20:19:40 +0100] "POST /autodiscover/autodiscover.xml HTTP/1.1" 404 4637 "-" "Microsoft Office/16.0 (Windows NT 10.0; Microsoft Outlook 16.0.12527; Pro)"
81.40.16.27 - - [25/Mar/2020:20:20:32 +0100] "POST /autodiscover/autodiscover.xml HTTP/1.1" 404 4637 "-" "Microsoft Office/16.0 (Windows NT 10.0; Microsoft Outlook 16.0.12527; Pro)"
81.40.16.27 - - [25/Mar/2020:20:22:27 +0100] "POST /autodiscover/autodiscover.xml HTTP/1.1" 404 4637 "-" "Microsoft Office/16.0 (Windows NT 10.0; Microsoft Outlook 16.0.12527; Pro)"
81.40.16.27 - - [25/Mar/2020:20:25:44 +0100] "POST /autodiscover/autodiscover.xml HTTP/1.1" 404 4637 "-" "Microsoft Office/16.0 (Windows NT 10.0; Microsoft Outlook 16.0.12527; Pro)"
81.40.16.27 - - [25/Mar/2020:20:26:48 +0100] "POST /autodiscover/autodiscover.xml HTTP/1.1" 404 4637 "-" "Microsoft Office/16.0 (Windows NT 10.0; Microsoft Outlook 16.0.12527; Pro)"
81.40.16.27 - - [25/Mar/2020:20:29:03 +0100] "POST /autodiscover/autodiscover.xml HTTP/1.1" 404 4637 "-" "Microsoft Office/16.0 (Windows NT 10.0; Microsoft Outlook 16.0.12527; Pro)"
81.40.16.27 - - [25/Mar/2020:20:30:53 +0100] "POST /autodiscover/autodiscover.xml HTTP/1.1" 404 4637 "-" "Microsoft Office/16.0 (Windows NT 10.0; Microsoft Outlook 16.0.12527; Pro)"
81.40.16.27 - - [25/Mar/2020:20:32:32 +0100] "POST /autodiscover/autodiscover.xml HTTP/1.1" 404 4637 "-" "Microsoft Office/16.0 (Windows NT 10.0; Microsoft Outlook 16.0.12527; Pro)"
81.40.16.27 - - [25/Mar/2020:20:33:51 +0100] "POST /autodiscover/autodiscover.xml HTTP/1.1" 404 4637 "-" "Microsoft Office/16.0 (Windows NT 10.0; Microsoft Outlook 16.0.12527; Pro)"
81.40.16.27 - - [25/Mar/2020:20:36:06 +0100] "POST /autodiscover/autodiscover.xml HTTP/1.1" 404 4637 "-" "Microsoft Office/16.0 (Windows NT 10.0; Microsoft Outlook 16.0.12527; Pro)"
134.122.55.155 - - [25/Mar/2020:20:36:33 +0100] "GET / HTTP/1.1" 200 9253 "-" "Mozilla/5.0 (Windows NT 10.0; Win64; x64; rv:71.0) Gecko/20100101 Firefox/71.0"
81.40.16.27 - - [25/Mar/2020:20:38:54 +0100] "POST /autodiscover/autodiscover.xml HTTP/1.1" 404 4637 "-" "Microsoft Office/16.0 (Windows NT 10.0; Microsoft Outlook 16.0.12527; Pro)"
81.40.16.27 - - [25/Mar/2020:20:39:20 +0100] "POST /autodiscover/autodiscover.xml HTTP/1.1" 404 4637 "-" "Microsoft Office/16.0 (Windows NT 10.0; Microsoft Outlook 16.0.12527; Pro)"
81.40.16.27 - - [25/Mar/2020:20:40:44 +0100] "POST /autodiscover/autodiscover.xml HTTP/1.1" 404 4637 "-" "Microsoft Office/16.0 (Windows NT 10.0; Microsoft Outlook 16.0.12527; Pro)"
81.40.16.27 - - [25/Mar/2020:20:42:39 +0100] "POST /autodiscover/autodiscover.xml HTTP/1.1" 404 4637 "-" "Microsoft Office/16.0 (Windows NT 10.0; Microsoft Outlook 16.0.12527; Pro)"
114.119.161.168 - - [25/Mar/2020:20:43:27 +0100] "GET /robots.txt HTTP/1.1" 200 3480 "-" "Mozilla/5.0 (Linux; Android 7.0;) AppleWebKit/537.36 (KHTML, like Gecko) Mobile Safari/537.36 (compatible; AspiegelBot)"
81.40.16.27 - - [25/Mar/2020:20:45:57 +0100] "POST /autodiscover/autodiscover.xml HTTP/1.1" 404 4637 "-" "Microsoft Office/16.0 (Windows NT 10.0; Microsoft Outlook 16.0.12527; Pro)"
81.40.16.27 - - [25/Mar/2020:20:46:31 +0100] "POST /autodiscover/autodiscover.xml HTTP/1.1" 404 4637 "-" "Microsoft Office/16.0 (Windows NT 10.0; Microsoft Outlook 16.0.12527; Pro)"
81.40.16.27 - - [25/Mar/2020:20:47:45 +0100] "POST /autodiscover/autodiscover.xml HTTP/1.1" 404 4637 "-" "Microsoft Office/16.0 (Windows NT 10.0; Microsoft Outlook 16.0.12527; Pro)"
81.40.16.27 - - [25/Mar/2020:20:49:23 +0100] "POST /autodiscover/autodiscover.xml HTTP/1.1" 404 4637 "-" "Microsoft Office/16.0 (Windows NT 10.0; Microsoft Outlook 16.0.12527; Pro)"
51.77.249.202 - - [25/Mar/2020:20:50:16 +0100] "GET / HTTP/1.1" 200 9002 "http://serynco.es" "Mozilla/5.0 (Windows NT 6.1; rv:57.0) Gecko/20100101 Firefox/57.0"
81.40.16.27 - - [25/Mar/2020:20:52:52 +0100] "POST /autodiscover/autodiscover.xml HTTP/1.1" 404 4637 "-" "Microsoft Office/16.0 (Windows NT 10.0; Microsoft Outlook 16.0.12527; Pro)"
66.249.66.206 - - [25/Mar/2020:20:53:29 +0100] "GET /robots.txt HTTP/1.1" 200 3712 "-" "Mozilla/5.0 (compatible; Googlebot/2.1; +http://www.google.com/bot.html)"
66.249.66.204 - - [25/Mar/2020:20:53:30 +0100] "GET / HTTP/1.1" 200 9253 "-" "Mozilla/5.0 (compatible; Googlebot/2.1; +http://www.google.com/bot.html)"
81.40.16.27 - - [25/Mar/2020:20:54:42 +0100] "POST /autodiscover/autodiscover.xml HTTP/1.1" 404 4637 "-" "Microsoft Office/16.0 (Windows NT 10.0; Microsoft Outlook 16.0.12527; Pro)"
81.40.16.27 - - [25/Mar/2020:20:54:53 +0100] "POST /autodiscover/autodiscover.xml HTTP/1.1" 404 4637 "-" "Microsoft Office/16.0 (Windows NT 10.0; Microsoft Outlook 16.0.12527; Pro)"
81.40.16.27 - - [25/Mar/2020:20:56:24 +0100] "POST /autodiscover/autodiscover.xml HTTP/1.1" 404 4637 "-" "Microsoft Office/16.0 (Windows NT 10.0; Microsoft Outlook 16.0.12527; Pro)"
81.40.16.27 - - [25/Mar/2020:20:59:50 +0100] "POST /autodiscover/autodiscover.xml HTTP/1.1" 404 4637 "-" "Microsoft Office/16.0 (Windows NT 10.0; Microsoft Outlook 16.0.12527; Pro)"
81.40.16.27 - - [25/Mar/2020:21:01:36 +0100] "POST /autodiscover/autodiscover.xml HTTP/1.1" 404 4637 "-" "Microsoft Office/16.0 (Windows NT 10.0; Microsoft Outlook 16.0.12527; Pro)"
81.40.16.27 - - [25/Mar/2020:21:02:50 +0100] "POST /autodiscover/autodiscover.xml HTTP/1.1" 404 4637 "-" "Microsoft Office/16.0 (Windows NT 10.0; Microsoft Outlook 16.0.12527; Pro)"
81.40.16.27 - - [25/Mar/2020:21:03:23 +0100] "POST /autodiscover/autodiscover.xml HTTP/1.1" 404 4637 "-" "Microsoft Office/16.0 (Windows NT 10.0; Microsoft Outlook 16.0.12527; Pro)"
81.40.16.27 - - [25/Mar/2020:21:06:49 +0100] "POST /autodiscover/autodiscover.xml HTTP/1.1" 404 4637 "-" "Microsoft Office/16.0 (Windows NT 10.0; Microsoft Outlook 16.0.12527; Pro)"
81.40.16.27 - - [25/Mar/2020:21:08:31 +0100] "POST /autodiscover/autodiscover.xml HTTP/1.1" 404 4637 "-" "Microsoft Office/16.0 (Windows NT 10.0; Microsoft Outlook 16.0.12527; Pro)"
81.40.16.27 - - [25/Mar/2020:21:10:19 +0100] "POST /autodiscover/autodiscover.xml HTTP/1.1" 404 4637 "-" "Microsoft Office/16.0 (Windows NT 10.0; Microsoft Outlook 16.0.12527; Pro)"
81.40.16.27 - - [25/Mar/2020:21:10:45 +0100] "POST /autodiscover/autodiscover.xml HTTP/1.1" 404 4637 "-" "Microsoft Office/16.0 (Windows NT 10.0; Microsoft Outlook 16.0.12527; Pro)"
81.40.16.27 - - [25/Mar/2020:21:13:47 +0100] "POST /autodiscover/autodiscover.xml HTTP/1.1" 404 4637 "-" "Microsoft Office/16.0 (Windows NT 10.0; Microsoft Outlook 16.0.12527; Pro)"
81.40.16.27 - - [25/Mar/2020:21:15:31 +0100] "POST /autodiscover/autodiscover.xml HTTP/1.1" 404 4637 "-" "Microsoft Office/16.0 (Windows NT 10.0; Microsoft Outlook 16.0.12527; Pro)"
81.40.16.27 - - [25/Mar/2020:21:17:26 +0100] "POST /autodiscover/autodiscover.xml HTTP/1.1" 404 4637 "-" "Microsoft Office/16.0 (Windows NT 10.0; Microsoft Outlook 16.0.12527; Pro)"
81.40.16.27 - - [25/Mar/2020:21:18:38 +0100] "POST /autodiscover/autodiscover.xml HTTP/1.1" 404 4637 "-" "Microsoft Office/16.0 (Windows NT 10.0; Microsoft Outlook 16.0.12527; Pro)"
81.40.16.27 - - [25/Mar/2020:21:20:44 +0100] "POST /autodiscover/autodiscover.xml HTTP/1.1" 404 4637 "-" "Microsoft Office/16.0 (Windows NT 10.0; Microsoft Outlook 16.0.12527; Pro)"
81.40.16.27 - - [25/Mar/2020:21:22:23 +0100] "POST /autodiscover/autodiscover.xml HTTP/1.1" 404 4637 "-" "Microsoft Office/16.0 (Windows NT 10.0; Microsoft Outlook 16.0.12527; Pro)"
81.40.16.27 - - [25/Mar/2020:21:24:18 +0100] "POST /autodiscover/autodiscover.xml HTTP/1.1" 404 4637 "-" "Microsoft Office/16.0 (Windows NT 10.0; Microsoft Outlook 16.0.12527; Pro)"
81.40.16.27 - - [25/Mar/2020:21:26:35 +0100] "POST /autodiscover/autodiscover.xml HTTP/1.1" 404 4637 "-" "Microsoft Office/16.0 (Windows NT 10.0; Microsoft Outlook 16.0.12527; Pro)"
81.40.16.27 - - [25/Mar/2020:21:27:45 +0100] "POST /autodiscover/autodiscover.xml HTTP/1.1" 404 4637 "-" "Microsoft Office/16.0 (Windows NT 10.0; Microsoft Outlook 16.0.12527; Pro)"
81.40.16.27 - - [25/Mar/2020:21:29:35 +0100] "POST /autodiscover/autodiscover.xml HTTP/1.1" 404 4637 "-" "Microsoft Office/16.0 (Windows NT 10.0; Microsoft Outlook 16.0.12527; Pro)"
81.40.16.27 - - [25/Mar/2020:21:31:22 +0100] "POST /autodiscover/autodiscover.xml HTTP/1.1" 404 4637 "-" "Microsoft Office/16.0 (Windows NT 10.0; Microsoft Outlook 16.0.12527; Pro)"
81.40.16.27 - - [25/Mar/2020:21:34:35 +0100] "POST /autodiscover/autodiscover.xml HTTP/1.1" 404 4637 "-" "Microsoft Office/16.0 (Windows NT 10.0; Microsoft Outlook 16.0.12527; Pro)"
81.40.16.27 - - [25/Mar/2020:21:34:36 +0100] "POST /autodiscover/autodiscover.xml HTTP/1.1" 404 1378 "-" "Microsoft Office/16.0 (Windows NT 10.0; Microsoft Outlook 16.0.12527; Pro)"
81.40.16.27 - - [25/Mar/2020:21:36:30 +0100] "POST /autodiscover/autodiscover.xml HTTP/1.1" 404 4637 "-" "Microsoft Office/16.0 (Windows NT 10.0; Microsoft Outlook 16.0.12527; Pro)"
81.40.16.27 - - [25/Mar/2020:21:38:00 +0100] "POST /autodiscover/autodiscover.xml HTTP/1.1" 404 4637 "-" "Microsoft Office/16.0 (Windows NT 10.0; Microsoft Outlook 16.0.12527; Pro)"
81.40.16.27 - - [25/Mar/2020:21:41:26 +0100] "POST /autodiscover/autodiscover.xml HTTP/1.1" 404 4637 "-" "Microsoft Office/16.0 (Windows NT 10.0; Microsoft Outlook 16.0.12527; Pro)"
81.40.16.27 - - [25/Mar/2020:21:41:34 +0100] "POST /autodiscover/autodiscover.xml HTTP/1.1" 404 4637 "-" "Microsoft Office/16.0 (Windows NT 10.0; Microsoft Outlook 16.0.12527; Pro)"
81.40.16.27 - - [25/Mar/2020:21:43:30 +0100] "POST /autodiscover/autodiscover.xml HTTP/1.1" 404 4637 "-" "Microsoft Office/16.0 (Windows NT 10.0; Microsoft Outlook 16.0.12527; Pro)"
81.40.16.27 - - [25/Mar/2020:21:44:48 +0100] "POST /autodiscover/autodiscover.xml HTTP/1.1" 404 4637 "-" "Microsoft Office/16.0 (Windows NT 10.0; Microsoft Outlook 16.0.12527; Pro)"
122.246.88.220 - - [25/Mar/2020:21:48:04 +0100] "GET /robots.txt HTTP/1.1" 200 3480 "-" "Mozilla/5.0 (Linux; Android 7.0; FRD-AL00 Build/HUAWEIFRD-AL00; wv) AppleWebKit/537.36 (KHTML, like Gecko) Version/4.0 Chrome/53.0.2785.49 Mobile MQQBrowser/6.2 TBS/043602 Safari/537.36 MicroMessenger/6.5.16.1120 NetType/WIFI Language/zh_CN"
81.40.16.27 - - [25/Mar/2020:21:48:17 +0100] "POST /autodiscover/autodiscover.xml HTTP/1.1" 404 4637 "-" "Microsoft Office/16.0 (Windows NT 10.0; Microsoft Outlook 16.0.12527; Pro)"
81.40.16.27 - - [25/Mar/2020:21:48:53 +0100] "POST /autodiscover/autodiscover.xml HTTP/1.1" 404 4637 "-" "Microsoft Office/16.0 (Windows NT 10.0; Microsoft Outlook 16.0.12527; Pro)"
81.40.16.27 - - [25/Mar/2020:21:50:33 +0100] "POST /autodiscover/autodiscover.xml HTTP/1.1" 404 4637 "-" "Microsoft Office/16.0 (Windows NT 10.0; Microsoft Outlook 16.0.12527; Pro)"
81.40.16.27 - - [25/Mar/2020:21:51:43 +0100] "POST /autodiscover/autodiscover.xml HTTP/1.1" 404 4637 "-" "Microsoft Office/16.0 (Windows NT 10.0; Microsoft Outlook 16.0.12527; Pro)"
185.136.162.234 - - [25/Mar/2020:21:52:56 +0100] "GET /wp-admin/install.php HTTP/1.1" 404 4605 "-" "Python-urllib/2.7"
81.40.16.27 - - [25/Mar/2020:21:54:57 +0100] "POST /autodiscover/autodiscover.xml HTTP/1.1" 404 4637 "-" "Microsoft Office/16.0 (Windows NT 10.0; Microsoft Outlook 16.0.12527; Pro)"
81.40.16.27 - - [25/Mar/2020:21:57:25 +0100] "POST /autodiscover/autodiscover.xml HTTP/1.1" 404 4637 "-" "Microsoft Office/16.0 (Windows NT 10.0; Microsoft Outlook 16.0.12527; Pro)"
81.40.16.27 - - [25/Mar/2020:21:58:16 +0100] "POST /autodiscover/autodiscover.xml HTTP/1.1" 404 4637 "-" "Microsoft Office/16.0 (Windows NT 10.0; Microsoft Outlook 16.0.12527; Pro)"
81.40.16.27 - - [25/Mar/2020:21:58:55 +0100] "POST /autodiscover/autodiscover.xml HTTP/1.1" 404 4637 "-" "Microsoft Office/16.0 (Windows NT 10.0; Microsoft Outlook 16.0.12527; Pro)"
81.40.16.27 - - [25/Mar/2020:22:01:32 +0100] "POST /autodiscover/autodiscover.xml HTTP/1.1" 404 4637 "-" "Microsoft Office/16.0 (Windows NT 10.0; Microsoft Outlook 16.0.12527; Pro)"
81.40.16.27 - - [25/Mar/2020:22:04:23 +0100] "POST /autodiscover/autodiscover.xml HTTP/1.1" 404 4637 "-" "Microsoft Office/16.0 (Windows NT 10.0; Microsoft Outlook 16.0.12527; Pro)"
81.40.16.27 - - [25/Mar/2020:22:05:07 +0100] "POST /autodiscover/autodiscover.xml HTTP/1.1" 404 4637 "-" "Microsoft Office/16.0 (Windows NT 10.0; Microsoft Outlook 16.0.12527; Pro)"
81.40.16.27 - - [25/Mar/2020:22:06:46 +0100] "POST /autodiscover/autodiscover.xml HTTP/1.1" 404 4637 "-" "Microsoft Office/16.0 (Windows NT 10.0; Microsoft Outlook 16.0.12527; Pro)"
81.40.16.27 - - [25/Mar/2020:22:08:24 +0100] "POST /autodiscover/autodiscover.xml HTTP/1.1" 404 4637 "-" "Microsoft Office/16.0 (Windows NT 10.0; Microsoft Outlook 16.0.12527; Pro)"
47.98.248.65 - - [25/Mar/2020:22:11:04 +0100] "GET /temp/license.txt HTTP/1.1" 404 4405 "http://serynco.es/temp/license.txt" "Mozilla/5.0 (X11; Ubuntu; Linux x86_64; rv:62.0) Gecko/20100101 Firefox/62.0"
81.40.16.27 - - [25/Mar/2020:22:11:32 +0100] "POST /autodiscover/autodiscover.xml HTTP/1.1" 404 4637 "-" "Microsoft Office/16.0 (Windows NT 10.0; Microsoft Outlook 16.0.12527; Pro)"
81.40.16.27 - - [25/Mar/2020:22:11:58 +0100] "POST /autodiscover/autodiscover.xml HTTP/1.1" 404 4637 "-" "Microsoft Office/16.0 (Windows NT 10.0; Microsoft Outlook 16.0.12527; Pro)"
81.40.16.27 - - [25/Mar/2020:22:14:44 +0100] "POST /autodiscover/autodiscover.xml HTTP/1.1" 404 4637 "-" "Microsoft Office/16.0 (Windows NT 10.0; Microsoft Outlook 16.0.12527; Pro)"
81.40.16.27 - - [25/Mar/2020:22:15:17 +0100] "POST /autodiscover/autodiscover.xml HTTP/1.1" 404 4637 "-" "Microsoft Office/16.0 (Windows NT 10.0; Microsoft Outlook 16.0.12527; Pro)"
114.119.162.139 - - [25/Mar/2020:22:17:29 +0100] "GET /robots.txt HTTP/1.1" 200 3480 "-" "Mozilla/5.0 (Linux; Android 7.0;) AppleWebKit/537.36 (KHTML, like Gecko) Mobile Safari/537.36 (compatible; AspiegelBot)"
81.40.16.27 - - [25/Mar/2020:22:18:36 +0100] "POST /autodiscover/autodiscover.xml HTTP/1.1" 404 4637 "-" "Microsoft Office/16.0 (Windows NT 10.0; Microsoft Outlook 16.0.12527; Pro)"
81.40.16.27 - - [25/Mar/2020:22:18:40 +0100] "POST /autodiscover/autodiscover.xml HTTP/1.1" 404 1378 "-" "Microsoft Office/16.0 (Windows NT 10.0; Microsoft Outlook 16.0.12527; Pro)"
218.14.126.55 - - [25/Mar/2020:22:21:39 +0100] "GET /ingenieria.html HTTP/1.1" 200 11538 "-" "Mozilla/5.0(Linux;Android 5.1.1;OPPO A33 Build/LMY47V;wv) AppleWebKit/537.36(KHTML,link Gecko) Version/4.0 Chrome/43.0.2357.121 Mobile Safari/537.36 LieBaoFast/4.51.3"
81.40.16.27 - - [25/Mar/2020:22:21:57 +0100] "POST /autodiscover/autodiscover.xml HTTP/1.1" 404 4637 "-" "Microsoft Office/16.0 (Windows NT 10.0; Microsoft Outlook 16.0.12527; Pro)"
81.40.16.27 - - [25/Mar/2020:22:22:00 +0100] "POST /autodiscover/autodiscover.xml HTTP/1.1" 404 1378 "-" "Microsoft Office/16.0 (Windows NT 10.0; Microsoft Outlook 16.0.12527; Pro)"
114.119.161.92 - - [25/Mar/2020:22:24:43 +0100] "GET / HTTP/1.1" 200 9021 "-" "Mozilla/5.0 (Linux; Android 7.0;) AppleWebKit/537.36 (KHTML, like Gecko) Mobile Safari/537.36 (compatible; AspiegelBot)"
81.40.16.27 - - [25/Mar/2020:22:25:52 +0100] "POST /autodiscover/autodiscover.xml HTTP/1.1" 404 4637 "-" "Microsoft Office/16.0 (Windows NT 10.0; Microsoft Outlook 16.0.12527; Pro)"
81.40.16.27 - - [25/Mar/2020:22:26:04 +0100] "POST /autodiscover/autodiscover.xml HTTP/1.1" 404 4637 "-" "Microsoft Office/16.0 (Windows NT 10.0; Microsoft Outlook 16.0.12527; Pro)"
66.249.66.76 - - [25/Mar/2020:22:26:12 +0100] "GET / HTTP/1.1" 200 9253 "-" "Mozilla/5.0 (compatible; Googlebot/2.1; +http://www.google.com/bot.html)"
81.40.16.27 - - [25/Mar/2020:22:29:20 +0100] "POST /autodiscover/autodiscover.xml HTTP/1.1" 404 4637 "-" "Microsoft Office/16.0 (Windows NT 10.0; Microsoft Outlook 16.0.12527; Pro)"
81.40.16.27 - - [25/Mar/2020:22:29:28 +0100] "POST /autodiscover/autodiscover.xml HTTP/1.1" 404 4637 "-" "Microsoft Office/16.0 (Windows NT 10.0; Microsoft Outlook 16.0.12527; Pro)"
81.40.16.27 - - [25/Mar/2020:22:32:46 +0100] "POST /autodiscover/autodiscover.xml HTTP/1.1" 404 4637 "-" "Microsoft Office/16.0 (Windows NT 10.0; Microsoft Outlook 16.0.12527; Pro)"
81.40.16.27 - - [25/Mar/2020:22:33:02 +0100] "POST /autodiscover/autodiscover.xml HTTP/1.1" 404 4637 "-" "Microsoft Office/16.0 (Windows NT 10.0; Microsoft Outlook 16.0.12527; Pro)"
144.76.38.40 - - [25/Mar/2020:22:33:14 +0100] "GET /robots.txt HTTP/1.1" 200 3712 "-" "Mozilla/5.0 (compatible; MJ12bot/v1.4.8; http://mj12bot.com/)"
144.76.38.40 - - [25/Mar/2020:22:33:16 +0100] "GET /noticias/publicaci%C3%B3n-faro.pdf HTTP/1.1" 200 176656 "-" "Mozilla/5.0 (compatible; MJ12bot/v1.4.8; http://mj12bot.com/)"
81.40.16.27 - - [25/Mar/2020:22:36:13 +0100] "POST /autodiscover/autodiscover.xml HTTP/1.1" 404 4637 "-" "Microsoft Office/16.0 (Windows NT 10.0; Microsoft Outlook 16.0.12527; Pro)"
81.40.16.27 - - [25/Mar/2020:22:36:49 +0100] "POST /autodiscover/autodiscover.xml HTTP/1.1" 404 4637 "-" "Microsoft Office/16.0 (Windows NT 10.0; Microsoft Outlook 16.0.12527; Pro)"
81.40.16.27 - - [25/Mar/2020:22:39:32 +0100] "POST /autodiscover/autodiscover.xml HTTP/1.1" 404 4637 "-" "Microsoft Office/16.0 (Windows NT 10.0; Microsoft Outlook 16.0.12527; Pro)"
81.40.16.27 - - [25/Mar/2020:22:40:11 +0100] "POST /autodiscover/autodiscover.xml HTTP/1.1" 404 4637 "-" "Microsoft Office/16.0 (Windows NT 10.0; Microsoft Outlook 16.0.12527; Pro)"
18.237.21.93 - - [25/Mar/2020:22:43:01 +0100] "GET / HTTP/1.1" 200 9216 "-" "Mozilla/5.0 (Macintosh; Intel Mac OS X 10_8_3) AppleWebKit/537.31 (KHTML, like Gecko) Chrome/26.0.1410.65 Safari/537.31"
81.40.16.27 - - [25/Mar/2020:22:43:04 +0100] "POST /autodiscover/autodiscover.xml HTTP/1.1" 404 4637 "-" "Microsoft Office/16.0 (Windows NT 10.0; Microsoft Outlook 16.0.12527; Pro)"
81.40.16.27 - - [25/Mar/2020:22:46:22 +0100] "POST /autodiscover/autodiscover.xml HTTP/1.1" 404 4637 "-" "Microsoft Office/16.0 (Windows NT 10.0; Microsoft Outlook 16.0.12527; Pro)"
81.40.16.27 - - [25/Mar/2020:22:46:36 +0100] "POST /autodiscover/autodiscover.xml HTTP/1.1" 404 4637 "-" "Microsoft Office/16.0 (Windows NT 10.0; Microsoft Outlook 16.0.12527; Pro)"
81.40.16.27 - - [25/Mar/2020:22:47:14 +0100] "POST /autodiscover/autodiscover.xml HTTP/1.1" 404 4637 "-" "Microsoft Office/16.0 (Windows NT 10.0; Microsoft Outlook 16.0.12527; Pro)"
54.36.148.140 - - [25/Mar/2020:22:48:18 +0100] "GET /robots.txt HTTP/1.1" 200 3461 "-" "Mozilla/5.0 (compatible; AhrefsBot/6.1; +http://ahrefs.com/robot/)"
81.40.16.27 - - [25/Mar/2020:22:49:37 +0100] "POST /autodiscover/autodiscover.xml HTTP/1.1" 404 4637 "-" "Microsoft Office/16.0 (Windows NT 10.0; Microsoft Outlook 16.0.12527; Pro)"
81.40.16.27 - - [25/Mar/2020:22:52:56 +0100] "POST /autodiscover/autodiscover.xml HTTP/1.1" 404 4637 "-" "Microsoft Office/16.0 (Windows NT 10.0; Microsoft Outlook 16.0.12527; Pro)"
81.40.16.27 - - [25/Mar/2020:22:54:16 +0100] "POST /autodiscover/autodiscover.xml HTTP/1.1" 404 4637 "-" "Microsoft Office/16.0 (Windows NT 10.0; Microsoft Outlook 16.0.12527; Pro)"
81.40.16.27 - - [25/Mar/2020:22:54:20 +0100] "POST /autodiscover/autodiscover.xml HTTP/1.1" 404 1378 "-" "Microsoft Office/16.0 (Windows NT 10.0; Microsoft Outlook 16.0.12527; Pro)"
81.40.16.27 - - [25/Mar/2020:22:56:12 +0100] "POST /autodiscover/autodiscover.xml HTTP/1.1" 404 4637 "-" "Microsoft Office/16.0 (Windows NT 10.0; Microsoft Outlook 16.0.12527; Pro)"
81.40.16.27 - - [25/Mar/2020:22:59:44 +0100] "POST /autodiscover/autodiscover.xml HTTP/1.1" 404 4637 "-" "Microsoft Office/16.0 (Windows NT 10.0; Microsoft Outlook 16.0.12527; Pro)"
81.40.16.27 - - [25/Mar/2020:23:01:37 +0100] "POST /autodiscover/autodiscover.xml HTTP/1.1" 404 4637 "-" "Microsoft Office/16.0 (Windows NT 10.0; Microsoft Outlook 16.0.12527; Pro)"
81.40.16.27 - - [25/Mar/2020:23:02:13 +0100] "POST /autodiscover/autodiscover.xml HTTP/1.1" 404 4637 "-" "Microsoft Office/16.0 (Windows NT 10.0; Microsoft Outlook 16.0.12527; Pro)"
81.40.16.27 - - [25/Mar/2020:23:03:02 +0100] "POST /autodiscover/autodiscover.xml HTTP/1.1" 404 4637 "-" "Microsoft Office/16.0 (Windows NT 10.0; Microsoft Outlook 16.0.12527; Pro)"
81.40.16.27 - - [25/Mar/2020:23:06:17 +0100] "POST /autodiscover/autodiscover.xml HTTP/1.1" 404 4637 "-" "Microsoft Office/16.0 (Windows NT 10.0; Microsoft Outlook 16.0.12527; Pro)"
178.23.211.246 - - [25/Mar/2020:23:07:30 +0100] "POST /AutoDiscover/autodiscover.xml HTTP/1.1" 404 4637 "-" "Microsoft Office/16.0 (Windows NT 10.0; Microsoft Word 16.0.12527; Pro)"
81.40.16.27 - - [25/Mar/2020:23:08:33 +0100] "POST /autodiscover/autodiscover.xml HTTP/1.1" 404 4637 "-" "Microsoft Office/16.0 (Windows NT 10.0; Microsoft Outlook 16.0.12527; Pro)"
81.40.16.27 - - [25/Mar/2020:23:09:34 +0100] "POST /autodiscover/autodiscover.xml HTTP/1.1" 404 4637 "-" "Microsoft Office/16.0 (Windows NT 10.0; Microsoft Outlook 16.0.12527; Pro)"
81.40.16.27 - - [25/Mar/2020:23:09:43 +0100] "POST /autodiscover/autodiscover.xml HTTP/1.1" 404 4637 "-" "Microsoft Office/16.0 (Windows NT 10.0; Microsoft Outlook 16.0.12527; Pro)"
81.40.16.27 - - [25/Mar/2020:23:12:47 +0100] "POST /autodiscover/autodiscover.xml HTTP/1.1" 404 4637 "-" "Microsoft Office/16.0 (Windows NT 10.0; Microsoft Outlook 16.0.12527; Pro)"
81.40.16.27 - - [25/Mar/2020:23:15:25 +0100] "POST /autodiscover/autodiscover.xml HTTP/1.1" 404 4637 "-" "Microsoft Office/16.0 (Windows NT 10.0; Microsoft Outlook 16.0.12527; Pro)"
81.40.16.27 - - [25/Mar/2020:23:16:01 +0100] "POST /autodiscover/autodiscover.xml HTTP/1.1" 404 4637 "-" "Microsoft Office/16.0 (Windows NT 10.0; Microsoft Outlook 16.0.12527; Pro)"
81.40.16.27 - - [25/Mar/2020:23:16:39 +0100] "POST /autodiscover/autodiscover.xml HTTP/1.1" 404 4637 "-" "Microsoft Office/16.0 (Windows NT 10.0; Microsoft Outlook 16.0.12527; Pro)"
157.55.39.28 - - [25/Mar/2020:23:51:03 +0100] "GET /robots.txt HTTP/1.1" 200 2037 "-" "Mozilla/5.0 (compatible; bingbot/2.0; +http://www.bing.com/bingbot.htm)"
157.55.39.28 - - [25/Mar/2020:23:51:03 +0100] "GET /robots.txt HTTP/1.1" 200 3712 "-" "Mozilla/5.0 (compatible; bingbot/2.0; +http://www.bing.com/bingbot.htm)"
40.77.167.17 - - [25/Mar/2020:23:51:06 +0100] "GET / HTTP/1.1" 304 3453 "-" "Mozilla/5.0 (compatible; bingbot/2.0; +http://www.bing.com/bingbot.htm)"
117.11.47.47 - - [26/Mar/2020:00:01:57 +0100] "GET /robots.txt HTTP/1.1" 200 3480 "-" "Mozilla/5.0 (Linux; Android 7.0; FRD-AL00 Build/HUAWEIFRD-AL00; wv) AppleWebKit/537.36 (KHTML, like Gecko) Version/4.0 Chrome/53.0.2785.49 Mobile MQQBrowser/6.2 TBS/043602 Safari/537.36 MicroMessenger/6.5.16.1120 NetType/WIFI Language/zh_CN"
46.229.168.150 - - [26/Mar/2020:01:28:17 +0100] "GET /robots.txt HTTP/1.1" 200 3675 "-" "Mozilla/5.0 (compatible; SemrushBot/6~bl; +http://www.semrush.com/bot.html)"
46.229.168.153 - - [26/Mar/2020:01:28:17 +0100] "GET /contacto.html HTTP/1.1" 200 8015 "-" "Mozilla/5.0 (compatible; SemrushBot/6~bl; +http://www.semrush.com/bot.html)"
35.237.98.224 - - [26/Mar/2020:02:13:35 +0100] "GET /robots.txt HTTP/1.0" 200 3480 "-" "ZoominfoBot (zoominfobot at zoominfo dot com)"
35.237.98.224 - - [26/Mar/2020:02:13:35 +0100] "GET /clientes.html HTTP/1.0" 200 10719 "-" "ZoominfoBot (zoominfobot at zoominfo dot com)"
35.237.98.224 - - [26/Mar/2020:02:15:30 +0100] "GET /servicios.html HTTP/1.0" 200 9074 "-" "ZoominfoBot (zoominfobot at zoominfo dot com)"
35.237.98.224 - - [26/Mar/2020:02:16:26 +0100] "GET /empleo.html HTTP/1.0" 200 7243 "-" "ZoominfoBot (zoominfobot at zoominfo dot com)"
35.237.98.224 - - [26/Mar/2020:02:23:52 +0100] "GET /index.php HTTP/1.0" 200 8944 "-" "ZoominfoBot (zoominfobot at zoominfo dot com)"
35.237.98.224 - - [26/Mar/2020:02:28:10 +0100] "GET /robots.txt HTTP/1.0" 200 3480 "-" "ZoominfoBot (zoominfobot at zoominfo dot com)"
35.237.98.224 - - [26/Mar/2020:02:28:10 +0100] "GET /servicios.html HTTP/1.0" 200 6148 "-" "ZoominfoBot (zoominfobot at zoominfo dot com)"
35.237.98.224 - - [26/Mar/2020:02:28:19 +0100] "GET /index.php HTTP/1.0" 200 8944 "-" "ZoominfoBot (zoominfobot at zoominfo dot com)"
35.237.98.224 - - [26/Mar/2020:02:30:29 +0100] "GET /empresa.html HTTP/1.0" 200 9223 "-" "ZoominfoBot (zoominfobot at zoominfo dot com)"
66.249.66.204 - - [26/Mar/2020:02:30:49 +0100] "GET / HTTP/1.1" 200 9253 "-" "Mozilla/5.0 (Linux; Android 6.0.1; Nexus 5X Build/MMB29P) AppleWebKit/537.36 (KHTML, like Gecko) Chrome/41.0.2272.96 Mobile Safari/537.36 (compatible; Googlebot/2.1; +http://www.google.com/bot.html)"
35.237.98.224 - - [26/Mar/2020:02:30:55 +0100] "GET /empresa.html HTTP/1.0" 200 9223 "-" "ZoominfoBot (zoominfobot at zoominfo dot com)"
35.237.98.224 - - [26/Mar/2020:02:34:53 +0100] "GET /contacto.html HTTP/1.0" 200 7820 "-" "ZoominfoBot (zoominfobot at zoominfo dot com)"
35.237.98.224 - - [26/Mar/2020:02:35:33 +0100] "GET /clientes.html HTTP/1.0" 200 13645 "-" "ZoominfoBot (zoominfobot at zoominfo dot com)"
35.237.98.224 - - [26/Mar/2020:02:36:05 +0100] "GET /buzon-sugerencias.html HTTP/1.0" 200 7193 "-" "ZoominfoBot (zoominfobot at zoominfo dot com)"
35.237.98.224 - - [26/Mar/2020:02:37:47 +0100] "GET /empleo.html HTTP/1.0" 200 7243 "-" "ZoominfoBot (zoominfobot at zoominfo dot com)"
35.237.98.224 - - [26/Mar/2020:02:39:43 +0100] "GET /buzon-sugerencias.html HTTP/1.0" 200 7193 "-" "ZoominfoBot (zoominfobot at zoominfo dot com)"
35.237.98.224 - - [26/Mar/2020:02:43:12 +0100] "GET /contacto.html HTTP/1.0" 200 7820 "-" "ZoominfoBot (zoominfobot at zoominfo dot com)"
35.237.98.224 - - [26/Mar/2020:02:43:25 +0100] "GET /legal.html HTTP/1.0" 200 8487 "-" "ZoominfoBot (zoominfobot at zoominfo dot com)"
35.237.98.224 - - [26/Mar/2020:02:43:49 +0100] "GET /legal.html HTTP/1.0" 200 8487 "-" "ZoominfoBot (zoominfobot at zoominfo dot com)"
3.17.181.193 - - [26/Mar/2020:03:07:49 +0100] "GET / HTTP/1.1" 200 9253 "-" "Mozilla/5.0 (X11; Linux x86_64) AppleWebKit/537.36 (KHTML, like Gecko) Chrome/75.0.3770.142 Safari/537.36"
3.17.181.193 - - [26/Mar/2020:03:07:49 +0100] "GET / HTTP/1.1" 200 9253 "-" "Mozilla/5.0 (X11; Linux x86_64) AppleWebKit/537.36 (KHTML, like Gecko) Chrome/75.0.3770.142 Safari/537.36"
3.17.181.193 - - [26/Mar/2020:03:07:50 +0100] "GET / HTTP/1.1" 200 9253 "-" "Mozilla/5.0 (X11; Linux x86_64) AppleWebKit/537.36 (KHTML, like Gecko) Chrome/75.0.3770.142 Safari/537.36"
3.17.181.193 - - [26/Mar/2020:03:07:50 +0100] "GET /css/style.css HTTP/1.1" 200 8834 "https://serynco.es/" "Mozilla/5.0 (X11; Linux x86_64) AppleWebKit/537.36 (KHTML, like Gecko) Chrome/75.0.3770.142 Safari/537.36"
3.17.181.193 - - [26/Mar/2020:03:07:50 +0100] "GET /javascript/flash_detect.js HTTP/1.1" 200 8375 "https://serynco.es/" "Mozilla/5.0 (X11; Linux x86_64) AppleWebKit/537.36 (KHTML, like Gecko) Chrome/75.0.3770.142 Safari/537.36"
3.17.181.193 - - [26/Mar/2020:03:07:52 +0100] "GET /favicon.ico HTTP/1.1" 404 4637 "https://serynco.es/" "Mozilla/5.0 (X11; Linux x86_64) AppleWebKit/537.36 (KHTML, like Gecko) Chrome/75.0.3770.142 Safari/537.36"
3.17.181.193 - - [26/Mar/2020:03:07:53 +0100] "GET /robots.txt HTTP/1.1" 200 3680 "-" "Python-urllib/3.7"
3.17.181.193 - - [26/Mar/2020:03:07:53 +0100] "GET /index.php HTTP/1.1" 200 6045 "-" "Mozilla/5.0 (X11; Linux x86_64) AppleWebKit/537.36 (KHTML, like Gecko) Chrome/75.0.3770.142 Safari/537.36"
114.119.163.40 - - [26/Mar/2020:03:46:40 +0100] "GET /robots.txt HTTP/1.1" 200 3480 "-" "Mozilla/5.0 (Linux; Android 7.0;) AppleWebKit/537.36 (KHTML, like Gecko) Mobile Safari/537.36 (compatible; AspiegelBot)"
157.55.39.50 - - [26/Mar/2020:03:48:26 +0100] "GET /ingenieria.html HTTP/1.1" 200 11770 "-" "Mozilla/5.0 (compatible; bingbot/2.0; +http://www.bing.com/bingbot.htm)"
80.82.115.2 - - [26/Mar/2020:04:15:54 +0100] "GET /web/license.txt HTTP/1.1" 404 4405 "http://serynco.es/web/license.txt" "Mozilla/5.0 (X11; Ubuntu; Linux x86_64; rv:62.0) Gecko/20100101 Firefox/62.0"
157.55.39.50 - - [26/Mar/2020:04:23:32 +0100] "GET /ingenieria.html HTTP/1.1" 200 11770 "-" "Mozilla/5.0 (compatible; bingbot/2.0; +http://www.bing.com/bingbot.htm)"
60.3.56.211 - - [26/Mar/2020:04:31:55 +0100] "GET /medio-ambiente.html HTTP/1.1" 200 8197 "-" "Mozilla/5.0 (Linux; Android 7.0; FRD-AL00 Build/HUAWEIFRD-AL00; wv) AppleWebKit/537.36 (KHTML, like Gecko) Version/4.0 Chrome/53.0.2785.49 Mobile MQQBrowser/6.2 TBS/043602 Safari/537.36 MicroMessenger/6.5.16.1120 NetType/WIFI Language/zh_CN"
114.119.162.140 - - [26/Mar/2020:05:22:54 +0100] "GET /robots.txt HTTP/1.1" 200 3480 "-" "Mozilla/5.0 (Linux; Android 7.0;) AppleWebKit/537.36 (KHTML, like Gecko) Mobile Safari/537.36 (compatible; AspiegelBot)"
151.80.39.64 - - [26/Mar/2020:05:26:19 +0100] "GET / HTTP/1.1" 200 9002 "-" "Mozilla/5.0 (compatible; AhrefsBot/6.1; +http://ahrefs.com/robot/)"
51.77.249.202 - - [26/Mar/2020:05:27:47 +0100] "GET / HTTP/1.1" 200 9002 "-" "Mozilla/5.0 (Linux; Android 5.1.1; SM-J111F) AppleWebKit/537.36 (KHTML, like Gecko) Chrome/73.0.3683.90 Mobile Safari/537.36"
51.77.249.202 - - [26/Mar/2020:05:27:47 +0100] "GET /blog/ HTTP/1.1" 404 4386 "-" "Mozilla/5.0 (Linux; Android 5.1.1; SM-J111F) AppleWebKit/537.36 (KHTML, like Gecko) Chrome/73.0.3683.90 Mobile Safari/537.36"
51.77.249.202 - - [26/Mar/2020:05:27:49 +0100] "GET /wp/ HTTP/1.1" 404 4386 "-" "Mozilla/5.0 (Linux; Android 5.1.1; SM-J111F) AppleWebKit/537.36 (KHTML, like Gecko) Chrome/73.0.3683.90 Mobile Safari/537.36"
51.77.249.202 - - [26/Mar/2020:05:27:50 +0100] "GET /wordpress/ HTTP/1.1" 404 4386 "-" "Mozilla/5.0 (Linux; Android 5.1.1; SM-J111F) AppleWebKit/537.36 (KHTML, like Gecko) Chrome/73.0.3683.90 Mobile Safari/537.36"
51.77.249.202 - - [26/Mar/2020:05:27:51 +0100] "GET /new/ HTTP/1.1" 404 4386 "-" "Mozilla/5.0 (Linux; Android 5.1.1; SM-J111F) AppleWebKit/537.36 (KHTML, like Gecko) Chrome/73.0.3683.90 Mobile Safari/537.36"
114.239.3.155 - - [26/Mar/2020:05:43:56 +0100] "GET /robots.txt HTTP/1.1" 200 3480 "-" "Mozilla/5.0(Linux;Android 5.1.1;OPPO A33 Build/LMY47V;wv) AppleWebKit/537.36(KHTML,link Gecko) Version/4.0 Chrome/42.0.2311.138 Mobile Safari/537.36 Mb2345Browser/9.0"
114.119.163.40 - - [26/Mar/2020:06:04:56 +0100] "GET /servicios.html HTTP/1.1" 200 9074 "-" "Mozilla/5.0 (Linux; Android 7.0;) AppleWebKit/537.36 (KHTML, like Gecko) Mobile Safari/537.36 (compatible; AspiegelBot)"
66.249.66.76 - - [26/Mar/2020:06:48:04 +0100] "GET / HTTP/1.1" 200 9253 "-" "Mozilla/5.0 (Linux; Android 6.0.1; Nexus 5X Build/MMB29P) AppleWebKit/537.36 (KHTML, like Gecko) Chrome/41.0.2272.96 Mobile Safari/537.36 (compatible; Googlebot/2.1; +http://www.google.com/bot.html)"
46.25.245.54 - - [26/Mar/2020:07:18:03 +0100] "POST /autodiscover/autodiscover.xml HTTP/1.1" 404 4637 "-" "Microsoft Office/16.0 (Windows NT 10.0; Microsoft Outlook 16.0.12527; Pro)"
46.25.245.54 - - [26/Mar/2020:07:20:59 +0100] "POST /autodiscover/autodiscover.xml HTTP/1.1" 404 4637 "-" "Microsoft Office/16.0 (Windows NT 10.0; Microsoft Outlook 16.0.12527; Pro)"
46.25.245.54 - - [26/Mar/2020:07:21:23 +0100] "POST /autodiscover/autodiscover.xml HTTP/1.1" 404 4637 "-" "Microsoft Office/16.0 (Windows NT 10.0; Microsoft Outlook 16.0.12527; Pro)"
46.25.245.54 - - [26/Mar/2020:07:21:34 +0100] "POST /autodiscover/autodiscover.xml HTTP/1.1" 404 4637 "-" "Microsoft Office/16.0 (Windows NT 10.0; Microsoft Outlook 16.0.12527; Pro)"
46.25.245.54 - - [26/Mar/2020:07:21:45 +0100] "POST /autodiscover/autodiscover.xml HTTP/1.1" 404 4637 "-" "Microsoft Office/16.0 (Windows NT 10.0; Microsoft Outlook 16.0.12527; Pro)"
46.25.245.54 - - [26/Mar/2020:07:21:56 +0100] "POST /autodiscover/autodiscover.xml HTTP/1.1" 404 4637 "-" "Microsoft Office/16.0 (Windows NT 10.0; Microsoft Outlook 16.0.12527; Pro)"
46.25.245.54 - - [26/Mar/2020:07:22:07 +0100] "POST /autodiscover/autodiscover.xml HTTP/1.1" 404 4637 "-" "Microsoft Office/16.0 (Windows NT 10.0; Microsoft Outlook 16.0.12527; Pro)"
46.25.245.54 - - [26/Mar/2020:07:30:48 +0100] "POST /autodiscover/autodiscover.xml HTTP/1.1" 404 4637 "-" "Microsoft Office/16.0 (Windows NT 10.0; Microsoft Outlook 16.0.12527; Pro)"
46.25.245.54 - - [26/Mar/2020:07:31:34 +0100] "POST /autodiscover/autodiscover.xml HTTP/1.1" 404 4637 "-" "Microsoft Office/16.0 (Windows NT 10.0; Microsoft Outlook 16.0.12527; Pro)"
46.25.245.54 - - [26/Mar/2020:07:32:54 +0100] "POST /autodiscover/autodiscover.xml HTTP/1.1" 404 4637 "-" "Microsoft Office/16.0 (Windows NT 10.0; Microsoft Outlook 16.0.12527; Pro)"
46.25.245.54 - - [26/Mar/2020:07:35:16 +0100] "POST /autodiscover/autodiscover.xml HTTP/1.1" 404 4637 "-" "Microsoft Office/16.0 (Windows NT 10.0; Microsoft Outlook 16.0.12527; Pro)"
54.187.160.110 - - [26/Mar/2020:07:36:44 +0100] "GET / HTTP/1.1" 200 9253 "-" "Mozilla/5.0 (Windows NT 10.0; Win64; x64)AppleWebKit/537.36 (KHTML, like Gecko) Chrome/66.0.3359.181 Safari/537.36"
52.41.211.72 - - [26/Mar/2020:07:36:45 +0100] "HEAD / HTTP/1.1" 200 3063 "-" "Go-http-client/1.1"
46.25.245.54 - - [26/Mar/2020:07:39:32 +0100] "POST /autodiscover/autodiscover.xml HTTP/1.1" 404 4637 "-" "Microsoft Office/16.0 (Windows NT 10.0; Microsoft Outlook 16.0.12527; Pro)"
178.23.211.246 - - [26/Mar/2020:08:17:08 +0100] "POST /AutoDiscover/autodiscover.xml HTTP/1.1" 404 4637 "-" "Microsoft Office/16.0 (Windows NT 10.0; Microsoft Word 16.0.11929; Pro)"
114.119.161.173 - - [26/Mar/2020:08:26:40 +0100] "GET /index.html HTTP/1.1" 200 9021 "-" "Mozilla/5.0 (Linux; Android 7.0;) AppleWebKit/537.36 (KHTML, like Gecko) Mobile Safari/537.36 (compatible; AspiegelBot)"
178.23.211.246 - - [26/Mar/2020:09:19:29 +0100] "POST /AutoDiscover/autodiscover.xml HTTP/1.1" 404 4637 "-" "Microsoft Office/16.0 (Windows NT 10.0; Microsoft Excel 16.0.11929; Pro)"
84.121.9.11 - - [26/Mar/2020:09:26:23 +0100] "GET / HTTP/1.1" 200 9253 "https://www.google.com/" "Mozilla/5.0 (Windows NT 10.0; Win64; x64) AppleWebKit/537.36 (KHTML, like Gecko) Chrome/80.0.3987.149 Safari/537.36"
84.121.9.11 - - [26/Mar/2020:09:26:24 +0100] "GET /css/style.css HTTP/1.1" 200 8834 "https://www.serynco.es/" "Mozilla/5.0 (Windows NT 10.0; Win64; x64) AppleWebKit/537.36 (KHTML, like Gecko) Chrome/80.0.3987.149 Safari/537.36"
84.121.9.11 - - [26/Mar/2020:09:26:24 +0100] "GET /javascript/flash_detect.js HTTP/1.1" 200 11634 "https://www.serynco.es/" "Mozilla/5.0 (Windows NT 10.0; Win64; x64) AppleWebKit/537.36 (KHTML, like Gecko) Chrome/80.0.3987.149 Safari/537.36"
84.121.9.11 - - [26/Mar/2020:09:26:24 +0100] "GET /images/logo.gif HTTP/1.1" 200 10287 "https://www.serynco.es/" "Mozilla/5.0 (Windows NT 10.0; Win64; x64) AppleWebKit/537.36 (KHTML, like Gecko) Chrome/80.0.3987.149 Safari/537.36"
84.121.9.11 - - [26/Mar/2020:09:26:27 +0100] "GET /images/fondo-body.jpg HTTP/1.1" 200 15911 "https://www.serynco.es/css/style.css" "Mozilla/5.0 (Windows NT 10.0; Win64; x64) AppleWebKit/537.36 (KHTML, like Gecko) Chrome/80.0.3987.149 Safari/537.36"
84.121.9.11 - - [26/Mar/2020:09:26:27 +0100] "GET /images/fondo-cabecero.gif HTTP/1.1" 200 60514 "https://www.serynco.es/css/style.css" "Mozilla/5.0 (Windows NT 10.0; Win64; x64) AppleWebKit/537.36 (KHTML, like Gecko) Chrome/80.0.3987.149 Safari/537.36"
84.121.9.11 - - [26/Mar/2020:09:26:27 +0100] "GET /images/fondoenlace.jpg HTTP/1.1" 200 15240 "https://www.serynco.es/css/style.css" "Mozilla/5.0 (Windows NT 10.0; Win64; x64) AppleWebKit/537.36 (KHTML, like Gecko) Chrome/80.0.3987.149 Safari/537.36"
84.121.9.11 - - [26/Mar/2020:09:26:27 +0100] "GET /images/footer.jpg HTTP/1.1" 200 20345 "https://www.serynco.es/css/style.css" "Mozilla/5.0 (Windows NT 10.0; Win64; x64) AppleWebKit/537.36 (KHTML, like Gecko) Chrome/80.0.3987.149 Safari/537.36"
84.121.9.11 - - [26/Mar/2020:09:26:27 +0100] "GET /favicon.ico HTTP/1.1" 404 1378 "https://www.serynco.es/" "Mozilla/5.0 (Windows NT 10.0; Win64; x64) AppleWebKit/537.36 (KHTML, like Gecko) Chrome/80.0.3987.149 Safari/537.36"
84.121.9.11 - - [26/Mar/2020:09:26:29 +0100] "GET /servicios.html HTTP/1.1" 200 6047 "https://www.serynco.es/" "Mozilla/5.0 (Windows NT 10.0; Win64; x64) AppleWebKit/537.36 (KHTML, like Gecko) Chrome/80.0.3987.149 Safari/537.36"
84.121.9.11 - - [26/Mar/2020:09:26:29 +0100] "GET /images/servicios.gif HTTP/1.1" 200 5030 "https://www.serynco.es/servicios.html" "Mozilla/5.0 (Windows NT 10.0; Win64; x64) AppleWebKit/537.36 (KHTML, like Gecko) Chrome/80.0.3987.149 Safari/537.36"
84.121.9.11 - - [26/Mar/2020:09:26:29 +0100] "GET /images/adorno-actividades.jpg HTTP/1.1" 200 29248 "https://www.serynco.es/servicios.html" "Mozilla/5.0 (Windows NT 10.0; Win64; x64) AppleWebKit/537.36 (KHTML, like Gecko) Chrome/80.0.3987.149 Safari/537.36"
84.121.9.11 - - [26/Mar/2020:09:26:29 +0100] "GET /images/cuadro-borde-turq.gif HTTP/1.1" 200 860 "https://www.serynco.es/servicios.html" "Mozilla/5.0 (Windows NT 10.0; Win64; x64) AppleWebKit/537.36 (KHTML, like Gecko) Chrome/80.0.3987.149 Safari/537.36"
84.121.9.11 - - [26/Mar/2020:09:26:29 +0100] "GET /images/fondo-cabecero2.gif HTTP/1.1" 200 51313 "https://www.serynco.es/css/style.css" "Mozilla/5.0 (Windows NT 10.0; Win64; x64) AppleWebKit/537.36 (KHTML, like Gecko) Chrome/80.0.3987.149 Safari/537.36"
84.121.9.11 - - [26/Mar/2020:09:26:39 +0100] "GET /empresa.html HTTP/1.1" 200 6334 "https://www.serynco.es/servicios.html" "Mozilla/5.0 (Windows NT 10.0; Win64; x64) AppleWebKit/537.36 (KHTML, like Gecko) Chrome/80.0.3987.149 Safari/537.36"
84.121.9.11 - - [26/Mar/2020:09:26:39 +0100] "GET /images/adorno-compania.jpg HTTP/1.1" 200 43324 "https://www.serynco.es/empresa.html" "Mozilla/5.0 (Windows NT 10.0; Win64; x64) AppleWebKit/537.36 (KHTML, like Gecko) Chrome/80.0.3987.149 Safari/537.36"
84.121.9.11 - - [26/Mar/2020:09:26:39 +0100] "GET /images/empresa.gif HTTP/1.1" 200 5042 "https://www.serynco.es/empresa.html" "Mozilla/5.0 (Windows NT 10.0; Win64; x64) AppleWebKit/537.36 (KHTML, like Gecko) Chrome/80.0.3987.149 Safari/537.36"
84.121.9.11 - - [26/Mar/2020:09:26:39 +0100] "GET /images/camara14001.gif HTTP/1.1" 200 5075 "https://www.serynco.es/empresa.html" "Mozilla/5.0 (Windows NT 10.0; Win64; x64) AppleWebKit/537.36 (KHTML, like Gecko) Chrome/80.0.3987.149 Safari/537.36"
84.121.9.11 - - [26/Mar/2020:09:26:39 +0100] "GET /images/camara9001.gif HTTP/1.1" 200 4794 "https://www.serynco.es/empresa.html" "Mozilla/5.0 (Windows NT 10.0; Win64; x64) AppleWebKit/537.36 (KHTML, like Gecko) Chrome/80.0.3987.149 Safari/537.36"
84.121.9.11 - - [26/Mar/2020:09:26:39 +0100] "GET /images/ORGANIGRAMAv02.JPG HTTP/1.1" 200 56470 "https://www.serynco.es/empresa.html" "Mozilla/5.0 (Windows NT 10.0; Win64; x64) AppleWebKit/537.36 (KHTML, like Gecko) Chrome/80.0.3987.149 Safari/537.36"
46.229.168.131 - - [26/Mar/2020:09:48:55 +0100] "GET /robots.txt HTTP/1.1" 200 3675 "-" "Mozilla/5.0 (compatible; SemrushBot/6~bl; +http://www.semrush.com/bot.html)"
46.229.168.139 - - [26/Mar/2020:09:48:58 +0100] "GET /ingenieria.html HTTP/1.1" 200 11733 "-" "Mozilla/5.0 (compatible; SemrushBot/6~bl; +http://www.semrush.com/bot.html)"
116.62.189.178 - - [26/Mar/2020:10:41:02 +0100] "GET /www/license.txt HTTP/1.1" 404 4405 "http://serynco.es/www/license.txt" "Mozilla/5.0 (X11; Ubuntu; Linux x86_64; rv:62.0) Gecko/20100101 Firefox/62.0"
114.119.163.40 - - [26/Mar/2020:10:51:31 +0100] "GET /robots.txt HTTP/1.1" 200 3480 "-" "Mozilla/5.0 (Linux; Android 7.0;) AppleWebKit/537.36 (KHTML, like Gecko) Mobile Safari/537.36 (compatible; AspiegelBot)"
81.40.16.27 - - [26/Mar/2020:11:06:42 +0100] "POST /AutoDiscover/autodiscover.xml HTTP/1.1" 404 4637 "-" "Microsoft Office/16.0 (Windows NT 10.0; Microsoft Excel 16.0.12527; Pro)"
119.250.233.123 - - [26/Mar/2020:11:10:33 +0100] "GET /robots.txt HTTP/1.1" 200 3480 "-" "Mozilla/5.0(Linux;U;Android 5.1.1;zh-CN;OPPO A33 Build/LMY47V) AppleWebKit/537.36(KHTML,like Gecko) Version/4.0 Chrome/40.0.2214.89 UCBrowser/11.7.0.953 Mobile Safari/537.36"
51.89.225.48 - - [26/Mar/2020:11:24:33 +0100] "GET / HTTP/1.1" 200 9258 "-" "Mozilla/5.0 (Windows NT 10.0; Win64; x64) AppleWebKit/537.36 (KHTML, like Gecko) Chrome/79.0 Safari/537.36"
51.89.225.48 - - [26/Mar/2020:11:24:33 +0100] "GET //wp-includes/wlwmanifest.xml HTTP/1.1" 404 1378 "-" "Mozilla/5.0 (Windows NT 10.0; Win64; x64) AppleWebKit/537.36 (KHTML, like Gecko) Chrome/79.0 Safari/537.36"
