85.136.20.59 - - [31/Mar/2020:10:30:44 +0200] "GET /images/logo-valdemoro.gif HTTP/1.1" 200 8552 "https://www.serynco.es/clientes.html" "Mozilla/5.0 (Windows NT 10.0; Win64; x64) AppleWebKit/537.36 (KHTML, like Gecko) Chrome/80.0.3987.149 Safari/537.36"
85.136.20.59 - - [31/Mar/2020:10:30:46 +0200] "GET /empleo.html HTTP/1.1" 200 4216 "https://www.serynco.es/clientes.html" "Mozilla/5.0 (Windows NT 10.0; Win64; x64) AppleWebKit/537.36 (KHTML, like Gecko) Chrome/80.0.3987.149 Safari/537.36"
85.136.20.59 - - [31/Mar/2020:10:30:47 +0200] "GET /images/adorno-empleo.gif HTTP/1.1" 200 29740 "https://www.serynco.es/empleo.html" "Mozilla/5.0 (Windows NT 10.0; Win64; x64) AppleWebKit/537.36 (KHTML, like Gecko) Chrome/80.0.3987.149 Safari/537.36"
85.136.20.59 - - [31/Mar/2020:10:30:47 +0200] "GET /images/empleo.gif HTTP/1.1" 200 3899 "https://www.serynco.es/empleo.html" "Mozilla/5.0 (Windows NT 10.0; Win64; x64) AppleWebKit/537.36 (KHTML, like Gecko) Chrome/80.0.3987.149 Safari/537.36"
85.136.20.59 - - [31/Mar/2020:10:30:55 +0200] "GET /contacto.html HTTP/1.1" 200 4931 "https://www.serynco.es/empleo.html" "Mozilla/5.0 (Windows NT 10.0; Win64; x64) AppleWebKit/537.36 (KHTML, like Gecko) Chrome/80.0.3987.149 Safari/537.36"
85.136.20.59 - - [31/Mar/2020:10:30:55 +0200] "GET /images/localizacion.gif HTTP/1.1" 200 5351 "https://www.serynco.es/contacto.html" "Mozilla/5.0 (Windows NT 10.0; Win64; x64) AppleWebKit/537.36 (KHTML, like Gecko) Chrome/80.0.3987.149 Safari/537.36"
85.136.20.59 - - [31/Mar/2020:10:30:55 +0200] "GET /images/adorno-localizacion.jpg HTTP/1.1" 200 32635 "https://www.serynco.es/contacto.html" "Mozilla/5.0 (Windows NT 10.0; Win64; x64) AppleWebKit/537.36 (KHTML, like Gecko) Chrome/80.0.3987.149 Safari/537.36"
85.136.20.59 - - [31/Mar/2020:10:30:55 +0200] "GET /images/mapa.gif HTTP/1.1" 200 94571 "https://www.serynco.es/contacto.html" "Mozilla/5.0 (Windows NT 10.0; Win64; x64) AppleWebKit/537.36 (KHTML, like Gecko) Chrome/80.0.3987.149 Safari/537.36"
88.11.102.158 - - [31/Mar/2020:11:20:21 +0200] "POST /AutoDiscover/autodiscover.xml HTTP/1.1" 404 4637 "-" "Microsoft Office/16.0 (Windows NT 10.0; Microsoft Word 16.0.11929; Pro)"
144.217.12.123 - - [31/Mar/2020:12:31:32 +0200] "GET /wp-login.php HTTP/1.1" 404 3422 "http://serynco.es/wp-login.php" "Mozilla/5.0 (X11; Ubuntu; Linux x86_64; rv:62.0) Gecko/20100101 Firefox/62.0"
71.114.61.155 - - [31/Mar/2020:13:20:52 +0200] "GET /robots.txt HTTP/1.1" 200 3466 "-" "Mozilla/5.0 (X11; Linux i586; rv:31.0) Gecko/20100101 Firefox/74.0"
3.19.143.147 - - [31/Mar/2020:13:33:44 +0200] "GET / HTTP/1.1" 200 9253 "-" "Mozilla/5.0 (Macintosh; Intel Mac OS X 10_15_0) AppleWebKit/537.36 (KHTML, like Gecko) Chrome/78.0.3904.87 Safari/537.36"
157.55.39.6 - - [31/Mar/2020:13:55:22 +0200] "GET /robots.txt HTTP/1.1" 200 3712 "-" "Mozilla/5.0 (compatible; bingbot/2.0; +http://www.bing.com/bingbot.htm)"
205.234.152.183 - - [31/Mar/2020:15:53:59 +0200] "GET / HTTP/1.1" 200 10029 "-" "Mozilla/5.0 (Windows NT 10.0; WOW64; rv:47.0) Gecko/20100101 Firefox/47.0"
46.229.168.163 - - [31/Mar/2020:17:17:09 +0200] "GET /robots.txt HTTP/1.1" 200 3675 "-" "Mozilla/5.0 (compatible; SemrushBot/6~bl; +http://www.semrush.com/bot.html)"
46.229.168.129 - - [31/Mar/2020:17:17:09 +0200] "GET /servicios.html HTTP/1.1" 200 9269 "-" "Mozilla/5.0 (compatible; SemrushBot/6~bl; +http://www.semrush.com/bot.html)"
79.159.206.251 - - [31/Mar/2020:17:32:36 +0200] "GET /noticias/politica-calidad.pdf HTTP/1.1" 200 30574 "https://www.google.com/" "Mozilla/5.0 (Windows NT 10.0; Win64; x64) AppleWebKit/537.36 (KHTML, like Gecko) Chrome/80.0.3987.149 Safari/537.36"
79.159.206.251 - - [31/Mar/2020:17:32:36 +0200] "GET /favicon.ico HTTP/1.1" 404 1378 "https://www.serynco.es/noticias/politica-calidad.pdf" "Mozilla/5.0 (Windows NT 10.0; Win64; x64) AppleWebKit/537.36 (KHTML, like Gecko) Chrome/80.0.3987.149 Safari/537.36"
157.55.39.6 - - [31/Mar/2020:17:41:28 +0200] "GET /robots.txt HTTP/1.1" 200 3712 "-" "Mozilla/5.0 (compatible; bingbot/2.0; +http://www.bing.com/bingbot.htm)"
66.249.66.76 - - [31/Mar/2020:17:46:06 +0200] "GET / HTTP/1.1" 200 9253 "-" "Mozilla/5.0 (Linux; Android 6.0.1; Nexus 5X Build/MMB29P) AppleWebKit/537.36 (KHTML, like Gecko) Chrome/41.0.2272.96 Mobile Safari/537.36 (compatible; Googlebot/2.1; +http://www.google.com/bot.html)"
62.175.116.161 - - [31/Mar/2020:17:57:01 +0200] "GET /empresa.html HTTP/1.1" 200 9460 "-" "Mozilla/5.0 (Windows NT 10.0; Win64; x64) AppleWebKit/537.36 (KHTML, like Gecko) Chrome/66.0.3359.66 Safari/537.36"
51.158.109.172 - - [31/Mar/2020:18:20:20 +0200] "GET / HTTP/1.1" 200 6183 "-" "Mozilla/5.0 (X11; Linux x86_64) AppleWebKit/537.36 (KHTML, like Gecko) Chrome/78.0.3904.108 Safari/537.36"
157.55.39.6 - - [31/Mar/2020:20:08:25 +0200] "GET /robots.txt HTTP/1.1" 200 2037 "-" "Mozilla/5.0 (compatible; bingbot/2.0; +http://www.bing.com/bingbot.htm)"
157.55.39.6 - - [31/Mar/2020:20:08:26 +0200] "GET /robots.txt HTTP/1.1" 200 3712 "-" "Mozilla/5.0 (compatible; bingbot/2.0; +http://www.bing.com/bingbot.htm)"
207.46.13.199 - - [31/Mar/2020:20:08:32 +0200] "GET /clientes.html HTTP/1.1" 304 3453 "-" "Mozilla/5.0 (compatible; bingbot/2.0; +http://www.bing.com/bingbot.htm)"
178.237.224.104 - - [31/Mar/2020:20:15:32 +0200] "GET / HTTP/1.1" 200 9253 "https://www.google.com/" "Mozilla/5.0 (Windows NT 10.0; Win64; x64) AppleWebKit/537.36 (KHTML, like Gecko) Chrome/80.0.3987.149 Safari/537.36"
178.237.224.104 - - [31/Mar/2020:20:15:33 +0200] "GET /css/style.css HTTP/1.1" 200 8834 "https://www.serynco.es/" "Mozilla/5.0 (Windows NT 10.0; Win64; x64) AppleWebKit/537.36 (KHTML, like Gecko) Chrome/80.0.3987.149 Safari/537.36"
178.237.224.104 - - [31/Mar/2020:20:15:33 +0200] "GET /javascript/flash_detect.js HTTP/1.1" 200 11634 "https://www.serynco.es/" "Mozilla/5.0 (Windows NT 10.0; Win64; x64) AppleWebKit/537.36 (KHTML, like Gecko) Chrome/80.0.3987.149 Safari/537.36"
178.237.224.104 - - [31/Mar/2020:20:15:34 +0200] "GET /images/logo.gif HTTP/1.1" 200 10425 "https://www.serynco.es/" "Mozilla/5.0 (Windows NT 10.0; Win64; x64) AppleWebKit/537.36 (KHTML, like Gecko) Chrome/80.0.3987.149 Safari/537.36"
66.249.66.77 - - [31/Mar/2020:20:44:27 +0200] "GET /seguridad-salud.html HTTP/1.1" 304 3453 "-" "Mozilla/5.0 (Linux; Android 6.0.1; Nexus 5X Build/MMB29P) AppleWebKit/537.36 (KHTML, like Gecko) Chrome/41.0.2272.96 Mobile Safari/537.36 (compatible; Googlebot/2.1; +http://www.google.com/bot.html)"
81.40.18.7 - - [31/Mar/2020:20:47:23 +0200] "POST /AutoDiscover/autodiscover.xml HTTP/1.1" 404 4637 "-" "Microsoft Office/16.0 (Windows NT 10.0; Microsoft Excel 16.0.12527; Pro)"
66.249.66.204 - - [31/Mar/2020:21:53:33 +0200] "GET /robots.txt HTTP/1.1" 200 3712 "-" "Mozilla/5.0 (compatible; Googlebot/2.1; +http://www.google.com/bot.html)"
66.249.66.206 - - [31/Mar/2020:21:53:34 +0200] "GET / HTTP/1.1" 200 9253 "-" "Mozilla/5.0 (compatible; Googlebot/2.1; +http://www.google.com/bot.html)"
157.55.39.6 - - [31/Mar/2020:23:13:48 +0200] "GET /robots.txt HTTP/1.1" 200 3712 "-" "Mozilla/5.0 (compatible; bingbot/2.0; +http://www.bing.com/bingbot.htm)"
207.46.13.199 - - [31/Mar/2020:23:48:55 +0200] "GET /contacto.html HTTP/1.1" 304 3453 "-" "Mozilla/5.0 (compatible; bingbot/2.0; +http://www.bing.com/bingbot.htm)"
5.9.155.37 - - [01/Apr/2020:00:14:47 +0200] "GET /robots.txt HTTP/1.1" 200 3712 "-" "Mozilla/5.0 (compatible; MJ12bot/v1.4.8; http://mj12bot.com/)"
5.9.155.37 - - [01/Apr/2020:00:14:50 +0200] "GET /noticias/publicaci%C3%B3n-faro.pdf HTTP/1.1" 200 176656 "-" "Mozilla/5.0 (compatible; MJ12bot/v1.4.8; http://mj12bot.com/)"
46.229.168.136 - - [01/Apr/2020:00:16:17 +0200] "GET /robots.txt HTTP/1.1" 200 3675 "-" "Mozilla/5.0 (compatible; SemrushBot/6~bl; +http://www.semrush.com/bot.html)"
46.229.168.154 - - [01/Apr/2020:00:16:19 +0200] "GET /empleo.html HTTP/1.1" 200 7438 "-" "Mozilla/5.0 (compatible; SemrushBot/6~bl; +http://www.semrush.com/bot.html)"
66.249.66.76 - - [01/Apr/2020:00:23:11 +0200] "GET /robots.txt HTTP/1.1" 200 3712 "-" "Mozilla/5.0 (compatible; Googlebot/2.1; +http://www.google.com/bot.html)"
66.249.66.78 - - [01/Apr/2020:00:23:14 +0200] "GET / HTTP/1.1" 200 9253 "-" "Mozilla/5.0 (Linux; Android 6.0.1; Nexus 5X Build/MMB29P) AppleWebKit/537.36 (KHTML, like Gecko) Chrome/41.0.2272.96 Mobile Safari/537.36 (compatible; Googlebot/2.1; +http://www.google.com/bot.html)"
66.249.66.76 - - [01/Apr/2020:00:23:33 +0200] "GET /images/logo.gif HTTP/1.1" 200 13546 "-" "Googlebot-Image/1.0"
91.121.183.15 - - [01/Apr/2020:00:48:00 +0200] "GET /wp-login.php HTTP/1.1" 404 3622 "-" "Mozilla/5.0 (Windows NT 10.0; WOW64) AppleWebKit/537.36 (KHTML, like Gecko) Chrome/46.0.2490.80 Safari/537.36"
91.121.183.15 - - [01/Apr/2020:00:48:35 +0200] "GET /robots.txt HTTP/1.1" 200 3680 "-" "Mozilla/5.0 (Windows NT 10.0; WOW64) AppleWebKit/537.36 (KHTML, like Gecko) Chrome/46.0.2490.80 Safari/537.36"
52.41.232.227 - - [01/Apr/2020:02:36:30 +0200] "GET / HTTP/1.1" 200 9253 "-" "Mozilla/5.0 (Windows NT 10.0; Win64; x64)AppleWebKit/537.36 (KHTML, like Gecko) Chrome/66.0.3359.181 Safari/537.36"
52.41.232.227 - - [01/Apr/2020:02:36:31 +0200] "GET / HTTP/1.1" 200 9253 "-" "Mozilla/5.0 (Windows NT 10.0; Win64; x64)AppleWebKit/537.36 (KHTML, like Gecko) Chrome/66.0.3359.181 Safari/537.36"
176.88.137.7 - - [01/Apr/2020:02:44:38 +0200] "GET / HTTP/1.1" 200 9258 "http://anti-crisis-seo.com" "Mozilla/5.0 (Windows NT 10.0; Win64; x64) AppleWebKit/537.36 (KHTML, like Gecko) Chrome/74.0.3729.169 Safari/537.36"
176.88.137.7 - - [01/Apr/2020:02:44:38 +0200] "GET /css/style.css HTTP/1.1" 200 8834 "https://serynco.es/" "Mozilla/5.0 (Windows NT 10.0; Win64; x64) AppleWebKit/537.36 (KHTML, like Gecko) Chrome/74.0.3729.169 Safari/537.36"
17.58.98.251 - - [01/Apr/2020:03:40:16 +0200] "GET /robots.txt HTTP/1.1" 200 3461 "-" "Mozilla/5.0 (Macintosh; Intel Mac OS X 10_10_1) AppleWebKit/600.2.5 (KHTML, like Gecko) Version/8.0.2 Safari/600.2.5 (Applebot/0.1; +http://www.apple.com/go/applebot)"
17.58.100.148 - - [01/Apr/2020:03:40:18 +0200] "GET / HTTP/1.1" 200 9002 "-" "Mozilla/5.0 (Macintosh; Intel Mac OS X 10_10_1) AppleWebKit/600.2.5 (KHTML, like Gecko) Version/8.0.2 Safari/600.2.5 (Applebot/0.1; +http://www.apple.com/go/applebot)"
85.215.88.230 - - [01/Apr/2020:03:45:59 +0200] "GET / HTTP/1.1" 200 9258 "-" "python-requests/2.23.0"
46.229.168.134 - - [01/Apr/2020:04:50:05 +0200] "GET /robots.txt HTTP/1.1" 200 3675 "-" "Mozilla/5.0 (compatible; SemrushBot/6~bl; +http://www.semrush.com/bot.html)"
46.229.168.137 - - [01/Apr/2020:04:50:07 +0200] "GET /seguridad-salud.html HTTP/1.1" 200 9715 "-" "Mozilla/5.0 (compatible; SemrushBot/6~bl; +http://www.semrush.com/bot.html)"
163.172.137.15 - - [01/Apr/2020:05:13:00 +0200] "GET / HTTP/1.1" 200 9197 "-" "Mozilla/5.0 (X11; Linux x86_64) AppleWebKit/537.36 (KHTML, like Gecko) Chrome/78.0.3904.108 Safari/537.36"
157.55.39.6 - - [01/Apr/2020:05:29:01 +0200] "GET /robots.txt HTTP/1.1" 200 3712 "-" "Mozilla/5.0 (compatible; bingbot/2.0; +http://www.bing.com/bingbot.htm)"
157.55.39.6 - - [01/Apr/2020:05:29:07 +0200] "GET /robots.txt HTTP/1.1" 200 2037 "-" "Mozilla/5.0 (compatible; bingbot/2.0; +http://www.bing.com/bingbot.htm)"
207.46.13.222 - - [01/Apr/2020:05:29:07 +0200] "GET /images/buzon.gif HTTP/1.1" 200 6506 "-" "Mozilla/5.0 (compatible; bingbot/2.0; +http://www.bing.com/bingbot.htm)"
157.55.39.6 - - [01/Apr/2020:05:29:08 +0200] "GET /robots.txt HTTP/1.1" 200 3712 "-" "Mozilla/5.0 (compatible; bingbot/2.0; +http://www.bing.com/bingbot.htm)"
66.249.66.77 - - [01/Apr/2020:06:21:39 +0200] "GET /robots.txt HTTP/1.1" 200 3712 "-" "Mozilla/5.0 (compatible; Googlebot/2.1; +http://www.google.com/bot.html)"
66.249.66.77 - - [01/Apr/2020:06:21:45 +0200] "GET / HTTP/1.1" 200 9253 "-" "Mozilla/5.0 (Linux; Android 6.0.1; Nexus 5X Build/MMB29P) AppleWebKit/537.36 (KHTML, like Gecko) Chrome/41.0.2272.96 Mobile Safari/537.36 (compatible; Googlebot/2.1; +http://www.google.com/bot.html)"
40.77.167.163 - - [01/Apr/2020:06:59:12 +0200] "GET /images/m-ambiente3.jpg HTTP/1.1" 200 55713 "-" "Mozilla/5.0 (compatible; bingbot/2.0; +http://www.bing.com/bingbot.htm)"
54.36.148.252 - - [01/Apr/2020:07:06:05 +0200] "GET /robots.txt HTTP/1.1" 200 3461 "-" "Mozilla/5.0 (compatible; AhrefsBot/6.1; +http://ahrefs.com/robot/)"
151.80.39.64 - - [01/Apr/2020:07:06:06 +0200] "GET / HTTP/1.1" 200 9002 "-" "Mozilla/5.0 (compatible; AhrefsBot/6.1; +http://ahrefs.com/robot/)"
178.23.211.246 - - [01/Apr/2020:08:28:54 +0200] "POST /AutoDiscover/autodiscover.xml HTTP/1.1" 404 4637 "-" "Microsoft Office/16.0 (Windows NT 10.0; Microsoft Word 16.0.12624; Pro)"
35.231.153.251 - - [01/Apr/2020:08:34:05 +0200] "GET /robots.txt HTTP/1.1" 200 3461 "-" "ZoominfoBot (zoominfobot at zoominfo dot com)"
35.231.153.251 - - [01/Apr/2020:08:34:06 +0200] "GET /robots.txt HTTP/1.0" 200 417 "-" "ZoominfoBot (zoominfobot at zoominfo dot com)"
35.231.153.251 - - [01/Apr/2020:08:34:06 +0200] "GET / HTTP/1.0" 200 6095 "-" "ZoominfoBot (zoominfobot at zoominfo dot com)"
35.231.153.251 - - [01/Apr/2020:08:42:40 +0200] "GET /robots.txt HTTP/1.1" 200 3461 "-" "ZoominfoBot (zoominfobot at zoominfo dot com)"
35.231.153.251 - - [01/Apr/2020:08:42:40 +0200] "GET /robots.txt HTTP/1.0" 200 417 "-" "ZoominfoBot (zoominfobot at zoominfo dot com)"
35.231.153.251 - - [01/Apr/2020:08:42:40 +0200] "GET / HTTP/1.0" 200 6095 "-" "ZoominfoBot (zoominfobot at zoominfo dot com)"
178.23.211.246 - - [01/Apr/2020:09:04:05 +0200] "POST /AutoDiscover/autodiscover.xml HTTP/1.1" 404 4637 "-" "Microsoft Office/16.0 (Windows NT 10.0; Microsoft Excel 16.0.12624; Pro)"
17.58.56.5 - - [01/Apr/2020:09:11:26 +0200] "GET / HTTP/1.1" 200 9058 "-" "Mozilla/5.0 (Macintosh; Intel Mac OS X 10.12; rv:52.0) Gecko/20100101 Firefox/52.0"
4.53.111.77 - - [01/Apr/2020:09:49:54 +0200] "GET / HTTP/1.1" 200 9221 "-" "Mozilla/5.0 (Windows NT 6.1; WOW64; Trident/7.0; rv:11.0) like Gecko"
66.249.66.78 - - [01/Apr/2020:10:12:00 +0200] "GET /contacto.html HTTP/1.1" 200 8052 "-" "Mozilla/5.0 (compatible; Googlebot/2.1; +http://www.google.com/bot.html)"
54.36.148.226 - - [01/Apr/2020:11:13:00 +0200] "GET /robots.txt HTTP/1.1" 200 3461 "-" "Mozilla/5.0 (compatible; AhrefsBot/6.1; +http://ahrefs.com/robot/)"
23.239.180.126 - - [01/Apr/2020:11:50:16 +0200] "GET / HTTP/1.1" 200 9058 "-" "Mozilla/5.0 (Windows NT 10.0; Win64; x64; rv:64.0) Gecko/20100101 Firefox/64.0"
88.11.102.158 - - [01/Apr/2020:11:59:34 +0200] "POST /AutoDiscover/autodiscover.xml HTTP/1.1" 404 4637 "-" "Microsoft Office/16.0 (Windows NT 10.0; Microsoft Word 16.0.11929; Pro)"
192.255.70.112 - - [01/Apr/2020:12:02:19 +0200] "GET https://www.serynco.es/ HTTP/1.0" 200 9216 "-" "Mozilla/5.0 (Windows NT 6.1; Trident/7.0; rv:11.0) like Gecko"
5.188.62.25 - - [01/Apr/2020:12:03:44 +0200] "GET / HTTP/1.1" 200 9695 "-" "Mozilla/5.0 (Windows NT 6.0) AppleWebKit/537.36 (KHTML, like Gecko) Chrome/41.0.2224.3 Safari/537.36"
79.158.229.121 - - [01/Apr/2020:12:43:22 +0200] "POST /AutoDiscover/autodiscover.xml HTTP/1.1" 404 5079 "-" "Microsoft Office OneNote/16.0.12527.20260 (Windows/6.3; Desktop x64; es-ES; Desktop app; Sony Corporation/SVF1521N1EW)"
178.23.211.246 - - [01/Apr/2020:12:45:10 +0200] "POST /AutoDiscover/autodiscover.xml HTTP/1.1" 404 4637 "-" "Microsoft Office/16.0 (Windows NT 10.0; Microsoft Word 16.0.12527; Pro)"
178.23.211.246 - - [01/Apr/2020:12:46:10 +0200] "POST /AutoDiscover/autodiscover.xml HTTP/1.1" 404 4637 "-" "Microsoft Office/16.0 (Windows NT 10.0; Microsoft Excel 16.0.11929; Pro)"
3.235.10.122 - - [01/Apr/2020:13:08:44 +0200] "GET / HTTP/1.1" 200 9253 "-" "Mozilla/5.0 (Macintosh; Intel Mac OS X 10_15_0) AppleWebKit/537.36 (KHTML, like Gecko) Chrome/78.0.3904.87 Safari/537.36"
34.73.44.82 - - [01/Apr/2020:13:42:38 +0200] "GET /robots.txt HTTP/1.0" 200 3480 "-" "ZoominfoBot (zoominfobot at zoominfo dot com)"
34.73.44.82 - - [01/Apr/2020:13:42:39 +0200] "GET /clientes.html HTTP/1.0" 200 10719 "-" "ZoominfoBot (zoominfobot at zoominfo dot com)"
34.73.44.82 - - [01/Apr/2020:13:44:23 +0200] "GET /servicios.html HTTP/1.0" 200 9074 "-" "ZoominfoBot (zoominfobot at zoominfo dot com)"
34.73.44.82 - - [01/Apr/2020:13:45:28 +0200] "GET /empleo.html HTTP/1.0" 200 7243 "-" "ZoominfoBot (zoominfobot at zoominfo dot com)"
157.55.39.6 - - [01/Apr/2020:13:46:26 +0200] "GET /robots.txt HTTP/1.1" 200 3712 "-" "Mozilla/5.0 (compatible; bingbot/2.0; +http://www.bing.com/bingbot.htm)"
34.73.44.82 - - [01/Apr/2020:13:52:38 +0200] "GET /index.php HTTP/1.0" 200 8944 "-" "ZoominfoBot (zoominfobot at zoominfo dot com)"
34.73.44.82 - - [01/Apr/2020:13:55:28 +0200] "GET /robots.txt HTTP/1.0" 200 3480 "-" "ZoominfoBot (zoominfobot at zoominfo dot com)"
34.73.44.82 - - [01/Apr/2020:13:55:28 +0200] "GET /servicios.html HTTP/1.0" 200 6148 "-" "ZoominfoBot (zoominfobot at zoominfo dot com)"
34.73.44.82 - - [01/Apr/2020:13:55:30 +0200] "GET /index.php HTTP/1.0" 200 8944 "-" "ZoominfoBot (zoominfobot at zoominfo dot com)"
34.73.44.82 - - [01/Apr/2020:13:58:49 +0200] "GET /empresa.html HTTP/1.0" 200 9223 "-" "ZoominfoBot (zoominfobot at zoominfo dot com)"
34.73.44.82 - - [01/Apr/2020:13:59:19 +0200] "GET /empresa.html HTTP/1.0" 200 9223 "-" "ZoominfoBot (zoominfobot at zoominfo dot com)"
34.73.44.82 - - [01/Apr/2020:14:03:08 +0200] "GET /contacto.html HTTP/1.0" 200 7820 "-" "ZoominfoBot (zoominfobot at zoominfo dot com)"
34.73.44.82 - - [01/Apr/2020:14:03:50 +0200] "GET /clientes.html HTTP/1.0" 200 13645 "-" "ZoominfoBot (zoominfobot at zoominfo dot com)"
34.73.44.82 - - [01/Apr/2020:14:04:19 +0200] "GET /buzon-sugerencias.html HTTP/1.0" 200 7193 "-" "ZoominfoBot (zoominfobot at zoominfo dot com)"
34.73.44.82 - - [01/Apr/2020:14:05:55 +0200] "GET /empleo.html HTTP/1.0" 200 7243 "-" "ZoominfoBot (zoominfobot at zoominfo dot com)"
34.73.44.82 - - [01/Apr/2020:14:08:04 +0200] "GET /buzon-sugerencias.html HTTP/1.0" 200 7193 "-" "ZoominfoBot (zoominfobot at zoominfo dot com)"
34.73.44.82 - - [01/Apr/2020:14:11:47 +0200] "GET /contacto.html HTTP/1.0" 200 7820 "-" "ZoominfoBot (zoominfobot at zoominfo dot com)"
34.73.44.82 - - [01/Apr/2020:14:11:59 +0200] "GET /legal.html HTTP/1.0" 200 8487 "-" "ZoominfoBot (zoominfobot at zoominfo dot com)"
34.73.44.82 - - [01/Apr/2020:14:12:19 +0200] "GET /legal.html HTTP/1.0" 200 8487 "-" "ZoominfoBot (zoominfobot at zoominfo dot com)"
157.55.39.6 - - [01/Apr/2020:14:23:33 +0200] "GET /robots.txt HTTP/1.1" 200 3712 "-" "Mozilla/5.0 (compatible; bingbot/2.0; +http://www.bing.com/bingbot.htm)"
45.79.111.170 - - [01/Apr/2020:16:18:13 +0200] "GET / HTTP/1.1" 200 9253 "-" "python-requests/2.23.0"
151.80.39.227 - - [01/Apr/2020:17:17:23 +0200] "GET /buzon-sugerencias.html HTTP/1.1" 200 7174 "-" "Mozilla/5.0 (compatible; AhrefsBot/6.1; +http://ahrefs.com/robot/)"
83.54.18.47 - - [01/Apr/2020:17:33:46 +0200] "GET /images/ORGANIGRAMAv02.JPG HTTP/1.1" 200 59591 "https://www.bing.com/" "Mozilla/5.0 (Windows NT 10.0; Win64; x64) AppleWebKit/537.36 (KHTML, like Gecko) Chrome/64.0.3282.140 Safari/537.36 Edge/18.17763"
51.15.242.216 - - [01/Apr/2020:17:35:36 +0200] "GET / HTTP/1.1" 200 9197 "-" "Mozilla/5.0 (X11; Linux x86_64) AppleWebKit/537.36 (KHTML, like Gecko) Chrome/78.0.3904.108 Safari/537.36"
157.55.39.6 - - [01/Apr/2020:18:18:02 +0200] "GET /robots.txt HTTP/1.1" 200 3712 "-" "Mozilla/5.0 (compatible; bingbot/2.0; +http://www.bing.com/bingbot.htm)"
45.79.111.170 - - [01/Apr/2020:19:30:44 +0200] "GET /vendor/phpunit/phpunit/phpunit.xsd HTTP/1.1" 404 4600 "-" "Mozilla/5.0 (X11; Linux x86_64; rv:52.0) Gecko/20100101 Firefox/52.0"
157.55.39.6 - - [01/Apr/2020:20:58:53 +0200] "GET /robots.txt HTTP/1.1" 200 2037 "-" "Mozilla/5.0 (compatible; bingbot/2.0; +http://www.bing.com/bingbot.htm)"
157.55.39.6 - - [01/Apr/2020:20:58:54 +0200] "GET /robots.txt HTTP/1.1" 200 3712 "-" "Mozilla/5.0 (compatible; bingbot/2.0; +http://www.bing.com/bingbot.htm)"
40.77.167.163 - - [01/Apr/2020:20:58:58 +0200] "GET /index.php HTTP/1.1" 200 9304 "-" "Mozilla/5.0 (compatible; bingbot/2.0; +http://www.bing.com/bingbot.htm)"
157.55.39.6 - - [01/Apr/2020:20:59:00 +0200] "GET /robots.txt HTTP/1.1" 200 3712 "-" "Mozilla/5.0 (compatible; bingbot/2.0; +http://www.bing.com/bingbot.htm)"
157.55.39.40 - - [01/Apr/2020:20:59:09 +0200] "GET /css/style.css HTTP/1.1" 200 12093 "-" "msnbot/2.0b (+http://search.msn.com/msnbot.htm)"
207.46.13.181 - - [01/Apr/2020:21:01:34 +0200] "GET /robots.txt HTTP/1.1" 200 3712 "-" "msnbot/2.0b (+http://search.msn.com/msnbot.htm)"
157.55.39.49 - - [01/Apr/2020:21:20:17 +0200] "GET /javascript/flash_detect.js HTTP/1.1" 200 11634 "-" "msnbot/2.0b (+http://search.msn.com/msnbot.htm)"
216.244.66.198 - - [01/Apr/2020:21:38:37 +0200] "GET /robots.txt HTTP/1.1" 200 3466 "-" "Mozilla/5.0 (compatible; DotBot/1.1; http://www.opensiteexplorer.org/dotbot, help@moz.com)"
3.216.91.156 - - [01/Apr/2020:21:42:38 +0200] "GET / HTTP/1.1" 200 9258 "-" "Mozilla/5.0 (Macintosh; Intel Mac OS X 10_13_3) AppleWebKit/537.36 (KHTML, like Gecko) Chrome/65.0.3325.162 Safari/537.36"
216.244.66.198 - - [01/Apr/2020:21:44:40 +0200] "GET /index.php HTTP/1.1" 200 9058 "-" "Mozilla/5.0 (compatible; DotBot/1.1; http://www.opensiteexplorer.org/dotbot, help@moz.com)"
157.55.39.6 - - [01/Apr/2020:23:19:37 +0200] "GET /robots.txt HTTP/1.1" 200 3712 "-" "Mozilla/5.0 (compatible; bingbot/2.0; +http://www.bing.com/bingbot.htm)"
157.55.39.6 - - [01/Apr/2020:23:19:40 +0200] "GET /robots.txt HTTP/1.1" 200 2037 "-" "Mozilla/5.0 (compatible; bingbot/2.0; +http://www.bing.com/bingbot.htm)"
157.55.39.40 - - [01/Apr/2020:23:19:40 +0200] "GET /images/adorno-buzon.gif HTTP/1.1" 200 29130 "-" "Mozilla/5.0 (compatible; bingbot/2.0; +http://www.bing.com/bingbot.htm)"
157.55.39.6 - - [01/Apr/2020:23:19:40 +0200] "GET /robots.txt HTTP/1.1" 200 3712 "-" "Mozilla/5.0 (compatible; bingbot/2.0; +http://www.bing.com/bingbot.htm)"
157.55.39.49 - - [01/Apr/2020:23:58:52 +0200] "GET /empleo.html HTTP/1.1" 200 7475 "-" "Mozilla/5.0 (compatible; bingbot/2.0; +http://www.bing.com/bingbot.htm)"
35.231.43.138 - - [02/Apr/2020:00:19:02 +0200] "GET /robots.txt HTTP/1.0" 200 3480 "-" "ZoominfoBot (zoominfobot at zoominfo dot com)"
35.231.43.138 - - [02/Apr/2020:00:19:02 +0200] "GET /clientes.html HTTP/1.0" 200 10719 "-" "ZoominfoBot (zoominfobot at zoominfo dot com)"
35.231.43.138 - - [02/Apr/2020:00:20:48 +0200] "GET /servicios.html HTTP/1.0" 200 9074 "-" "ZoominfoBot (zoominfobot at zoominfo dot com)"
35.231.43.138 - - [02/Apr/2020:00:21:54 +0200] "GET /empleo.html HTTP/1.0" 200 7243 "-" "ZoominfoBot (zoominfobot at zoominfo dot com)"
35.231.43.138 - - [02/Apr/2020:00:29:24 +0200] "GET /index.php HTTP/1.0" 200 8944 "-" "ZoominfoBot (zoominfobot at zoominfo dot com)"
35.231.43.138 - - [02/Apr/2020:00:32:21 +0200] "GET /robots.txt HTTP/1.0" 200 3480 "-" "ZoominfoBot (zoominfobot at zoominfo dot com)"
35.231.43.138 - - [02/Apr/2020:00:32:21 +0200] "GET /servicios.html HTTP/1.0" 200 6148 "-" "ZoominfoBot (zoominfobot at zoominfo dot com)"
35.231.43.138 - - [02/Apr/2020:00:32:23 +0200] "GET /index.php HTTP/1.0" 200 8944 "-" "ZoominfoBot (zoominfobot at zoominfo dot com)"
35.231.43.138 - - [02/Apr/2020:00:35:57 +0200] "GET /empresa.html HTTP/1.0" 200 9223 "-" "ZoominfoBot (zoominfobot at zoominfo dot com)"
35.231.43.138 - - [02/Apr/2020:00:36:27 +0200] "GET /empresa.html HTTP/1.0" 200 9223 "-" "ZoominfoBot (zoominfobot at zoominfo dot com)"
35.231.43.138 - - [02/Apr/2020:00:40:20 +0200] "GET /contacto.html HTTP/1.0" 200 7820 "-" "ZoominfoBot (zoominfobot at zoominfo dot com)"
35.231.43.138 - - [02/Apr/2020:00:41:04 +0200] "GET /clientes.html HTTP/1.0" 200 13645 "-" "ZoominfoBot (zoominfobot at zoominfo dot com)"
35.231.43.138 - - [02/Apr/2020:00:41:29 +0200] "GET /buzon-sugerencias.html HTTP/1.0" 200 7193 "-" "ZoominfoBot (zoominfobot at zoominfo dot com)"
35.231.43.138 - - [02/Apr/2020:00:43:09 +0200] "GET /empleo.html HTTP/1.0" 200 7243 "-" "ZoominfoBot (zoominfobot at zoominfo dot com)"
35.231.43.138 - - [02/Apr/2020:00:45:17 +0200] "GET /buzon-sugerencias.html HTTP/1.0" 200 7193 "-" "ZoominfoBot (zoominfobot at zoominfo dot com)"
35.231.43.138 - - [02/Apr/2020:00:48:56 +0200] "GET /contacto.html HTTP/1.0" 200 7820 "-" "ZoominfoBot (zoominfobot at zoominfo dot com)"
35.231.43.138 - - [02/Apr/2020:00:49:09 +0200] "GET /legal.html HTTP/1.0" 200 8487 "-" "ZoominfoBot (zoominfobot at zoominfo dot com)"
35.231.43.138 - - [02/Apr/2020:00:49:31 +0200] "GET /legal.html HTTP/1.0" 200 8487 "-" "ZoominfoBot (zoominfobot at zoominfo dot com)"
157.55.39.49 - - [02/Apr/2020:01:46:16 +0200] "GET /empleo.html HTTP/1.1" 304 3452 "-" "Mozilla/5.0 (compatible; bingbot/2.0; +http://www.bing.com/bingbot.htm)"
157.55.39.6 - - [02/Apr/2020:04:01:13 +0200] "GET /robots.txt HTTP/1.1" 200 3712 "-" "Mozilla/5.0 (compatible; bingbot/2.0; +http://www.bing.com/bingbot.htm)"
54.36.148.120 - - [02/Apr/2020:04:10:42 +0200] "GET /robots.txt HTTP/1.1" 200 3461 "-" "Mozilla/5.0 (compatible; AhrefsBot/6.1; +http://ahrefs.com/robot/)"
66.249.66.77 - - [02/Apr/2020:04:20:48 +0200] "GET /robots.txt HTTP/1.1" 200 3712 "-" "Mozilla/5.0 (compatible; Googlebot/2.1; +http://www.google.com/bot.html)"
66.249.66.78 - - [02/Apr/2020:04:20:49 +0200] "GET / HTTP/1.1" 200 9253 "-" "Mozilla/5.0 (Linux; Android 6.0.1; Nexus 5X Build/MMB29P) AppleWebKit/537.36 (KHTML, like Gecko) Chrome/41.0.2272.96 Mobile Safari/537.36 (compatible; Googlebot/2.1; +http://www.google.com/bot.html)"
157.55.39.6 - - [02/Apr/2020:05:15:57 +0200] "GET /robots.txt HTTP/1.1" 200 2037 "-" "Mozilla/5.0 (compatible; bingbot/2.0; +http://www.bing.com/bingbot.htm)"
157.55.39.6 - - [02/Apr/2020:05:15:57 +0200] "GET /robots.txt HTTP/1.1" 200 3712 "-" "Mozilla/5.0 (compatible; bingbot/2.0; +http://www.bing.com/bingbot.htm)"
157.55.39.49 - - [02/Apr/2020:05:16:03 +0200] "GET /ingenieria.html HTTP/1.1" 304 3453 "-" "Mozilla/5.0 (compatible; bingbot/2.0; +http://www.bing.com/bingbot.htm)"
54.36.148.154 - - [02/Apr/2020:05:45:04 +0200] "GET /robots.txt HTTP/1.1" 200 3461 "-" "Mozilla/5.0 (compatible; AhrefsBot/6.1; +http://ahrefs.com/robot/)"
37.117.164.236 - - [02/Apr/2020:05:56:24 +0200] "GET / HTTP/1.1" 200 9002 "-" "Mozilla/5.0"
157.55.39.6 - - [02/Apr/2020:06:22:46 +0200] "GET /robots.txt HTTP/1.1" 200 2037 "-" "Mozilla/5.0 (compatible; bingbot/2.0; +http://www.bing.com/bingbot.htm)"
157.55.39.6 - - [02/Apr/2020:06:22:47 +0200] "GET /robots.txt HTTP/1.1" 200 3712 "-" "Mozilla/5.0 (compatible; bingbot/2.0; +http://www.bing.com/bingbot.htm)"
40.77.167.163 - - [02/Apr/2020:06:22:50 +0200] "GET /empresa.html HTTP/1.1" 304 3453 "-" "Mozilla/5.0 (compatible; bingbot/2.0; +http://www.bing.com/bingbot.htm)"
66.249.66.77 - - [02/Apr/2020:06:42:03 +0200] "GET /robots.txt HTTP/1.1" 200 3712 "-" "Mozilla/5.0 (compatible; Googlebot/2.1; +http://www.google.com/bot.html)"
66.249.66.76 - - [02/Apr/2020:06:42:04 +0200] "GET / HTTP/1.1" 200 9253 "-" "Mozilla/5.0 (compatible; Googlebot/2.1; +http://www.google.com/bot.html)"
58.242.194.173 - - [02/Apr/2020:07:31:54 +0200] "GET / HTTP/1.1" 200 9021 "-" "Mozilla/5.0 (Linux; Android 4.4.4; Nexus 10 Build/LMY48X) AppleWebKit/537.36 (KHTML, like Gecko) Chrome/49.0.2623.112 Safari/537.31"
54.202.227.129 - - [02/Apr/2020:07:46:21 +0200] "GET / HTTP/1.1" 200 9253 "-" "Mozilla/5.0 (Windows NT 10.0; Win64; x64)AppleWebKit/537.36 (KHTML, like Gecko) Chrome/66.0.3359.181 Safari/537.36"
54.202.227.129 - - [02/Apr/2020:07:46:22 +0200] "GET / HTTP/1.1" 200 9253 "-" "Mozilla/5.0 (Windows NT 10.0; Win64; x64)AppleWebKit/537.36 (KHTML, like Gecko) Chrome/66.0.3359.181 Safari/537.36"
151.80.39.64 - - [02/Apr/2020:07:50:15 +0200] "GET /buzon-sugerencias.html HTTP/1.1" 200 7174 "-" "Mozilla/5.0 (compatible; AhrefsBot/6.1; +http://ahrefs.com/robot/)"
151.80.39.227 - - [02/Apr/2020:07:54:32 +0200] "GET /clientes.html HTTP/1.1" 200 13626 "-" "Mozilla/5.0 (compatible; AhrefsBot/6.1; +http://ahrefs.com/robot/)"
13.52.30.46 - - [02/Apr/2020:07:58:48 +0200] "GET / HTTP/1.1" 200 9007 "-" "Mozilla/5.0 (Windows NT 10.0; WOW64; rv:44.0) Gecko/20100101 Firefox/44.0"
13.52.30.46 - - [02/Apr/2020:07:58:48 +0200] "GET /favicon.ico HTTP/1.1" 404 1323 "-" "Mozilla/5.0 (Windows NT 10.0; WOW64; rv:44.0) Gecko/20100101 Firefox/44.0"
151.80.39.64 - - [02/Apr/2020:07:58:51 +0200] "GET /contacto.html HTTP/1.1" 200 7801 "-" "Mozilla/5.0 (compatible; AhrefsBot/6.1; +http://ahrefs.com/robot/)"
151.80.39.227 - - [02/Apr/2020:08:03:23 +0200] "GET /empleo.html HTTP/1.1" 200 7224 "-" "Mozilla/5.0 (compatible; AhrefsBot/6.1; +http://ahrefs.com/robot/)"
157.55.39.6 - - [02/Apr/2020:08:04:19 +0200] "GET /robots.txt HTTP/1.1" 200 3712 "-" "Mozilla/5.0 (compatible; bingbot/2.0; +http://www.bing.com/bingbot.htm)"
151.80.39.64 - - [02/Apr/2020:08:07:33 +0200] "GET /empresa.html HTTP/1.1" 200 9204 "-" "Mozilla/5.0 (compatible; AhrefsBot/6.1; +http://ahrefs.com/robot/)"
151.80.39.64 - - [02/Apr/2020:08:12:39 +0200] "GET /index.php HTTP/1.1" 200 9053 "-" "Mozilla/5.0 (compatible; AhrefsBot/6.1; +http://ahrefs.com/robot/)"
151.80.39.227 - - [02/Apr/2020:08:17:38 +0200] "GET /legal.html HTTP/1.1" 200 8468 "-" "Mozilla/5.0 (compatible; AhrefsBot/6.1; +http://ahrefs.com/robot/)"
151.80.39.227 - - [02/Apr/2020:08:21:46 +0200] "GET /servicios.html HTTP/1.1" 200 9055 "-" "Mozilla/5.0 (compatible; AhrefsBot/6.1; +http://ahrefs.com/robot/)"
81.130.208.29 - - [02/Apr/2020:08:38:28 +0200] "GET / HTTP/1.1" 200 9500 "-" "Mozilla/5.0 (Windows NT 10.0; Win64; x64) AppleWebKit/537.36 (KHTML, like Gecko) Chrome/57.0.2987.133 Safari/537.36"
151.80.39.64 - - [02/Apr/2020:08:57:26 +0200] "GET /construccion.html HTTP/1.1" 200 9497 "-" "Mozilla/5.0 (compatible; AhrefsBot/6.1; +http://ahrefs.com/robot/)"
151.80.39.227 - - [02/Apr/2020:09:20:58 +0200] "GET /ingenieria.html HTTP/1.1" 200 11519 "-" "Mozilla/5.0 (compatible; AhrefsBot/6.1; +http://ahrefs.com/robot/)"
151.80.39.227 - - [02/Apr/2020:09:29:50 +0200] "GET /seguridad-salud.html HTTP/1.1" 200 9501 "-" "Mozilla/5.0 (compatible; AhrefsBot/6.1; +http://ahrefs.com/robot/)"
178.23.211.246 - - [02/Apr/2020:09:45:57 +0200] "POST /AutoDiscover/autodiscover.xml HTTP/1.1" 404 4637 "-" "Microsoft Office/16.0 (Windows NT 10.0; Microsoft Excel 16.0.12624; Pro)"
37.222.94.218 - - [02/Apr/2020:10:05:09 +0200] "GET / HTTP/1.1" 200 9253 "-" "Mozilla/5.0 (Windows NT 10.0; Win64; x64) AppleWebKit/537.36 (KHTML, like Gecko) Chrome/80.0.3987.162 Safari/537.36"
37.222.94.218 - - [02/Apr/2020:10:05:09 +0200] "GET /css/style.css HTTP/1.1" 200 8834 "https://www.serynco.es/" "Mozilla/5.0 (Windows NT 10.0; Win64; x64) AppleWebKit/537.36 (KHTML, like Gecko) Chrome/80.0.3987.162 Safari/537.36"
37.222.94.218 - - [02/Apr/2020:10:05:09 +0200] "GET /javascript/flash_detect.js HTTP/1.1" 200 8375 "https://www.serynco.es/" "Mozilla/5.0 (Windows NT 10.0; Win64; x64) AppleWebKit/537.36 (KHTML, like Gecko) Chrome/80.0.3987.162 Safari/537.36"
37.222.94.218 - - [02/Apr/2020:10:05:09 +0200] "GET /images/logo.gif HTTP/1.1" 200 10425 "https://www.serynco.es/" "Mozilla/5.0 (Windows NT 10.0; Win64; x64) AppleWebKit/537.36 (KHTML, like Gecko) Chrome/80.0.3987.162 Safari/537.36"
37.222.94.218 - - [02/Apr/2020:10:05:09 +0200] "GET /images/fondo-body.jpg HTTP/1.1" 200 15911 "https://www.serynco.es/css/style.css" "Mozilla/5.0 (Windows NT 10.0; Win64; x64) AppleWebKit/537.36 (KHTML, like Gecko) Chrome/80.0.3987.162 Safari/537.36"
37.222.94.218 - - [02/Apr/2020:10:05:09 +0200] "GET /images/fondoenlace.jpg HTTP/1.1" 200 15240 "https://www.serynco.es/css/style.css" "Mozilla/5.0 (Windows NT 10.0; Win64; x64) AppleWebKit/537.36 (KHTML, like Gecko) Chrome/80.0.3987.162 Safari/537.36"
37.222.94.218 - - [02/Apr/2020:10:05:09 +0200] "GET /images/fondo-cabecero.gif HTTP/1.1" 200 60514 "https://www.serynco.es/css/style.css" "Mozilla/5.0 (Windows NT 10.0; Win64; x64) AppleWebKit/537.36 (KHTML, like Gecko) Chrome/80.0.3987.162 Safari/537.36"
37.222.94.218 - - [02/Apr/2020:10:05:09 +0200] "GET /images/footer.jpg HTTP/1.1" 200 20345 "https://www.serynco.es/css/style.css" "Mozilla/5.0 (Windows NT 10.0; Win64; x64) AppleWebKit/537.36 (KHTML, like Gecko) Chrome/80.0.3987.162 Safari/537.36"
37.222.94.218 - - [02/Apr/2020:10:05:09 +0200] "GET /favicon.ico HTTP/1.1" 404 1378 "https://www.serynco.es/" "Mozilla/5.0 (Windows NT 10.0; Win64; x64) AppleWebKit/537.36 (KHTML, like Gecko) Chrome/80.0.3987.162 Safari/537.36"
66.249.66.78 - - [02/Apr/2020:10:14:05 +0200] "GET /images/adorno-compania.jpg HTTP/1.1" 304 3453 "-" "Googlebot-Image/1.0"
81.40.18.7 - - [02/Apr/2020:10:15:46 +0200] "POST /AutoDiscover/autodiscover.xml HTTP/1.1" 404 4637 "-" "Microsoft Office/16.0 (Windows NT 10.0; Microsoft Excel 16.0.12527; Pro)"
178.23.211.246 - - [02/Apr/2020:10:23:56 +0200] "POST /AutoDiscover/autodiscover.xml HTTP/1.1" 404 4637 "-" "Microsoft Office/16.0 (Windows NT 10.0; Microsoft Excel 16.0.11929; Pro)"
66.249.66.76 - - [02/Apr/2020:10:43:22 +0200] "GET / HTTP/1.1" 200 9253 "-" "Mozilla/5.0 (Linux; Android 6.0.1; Nexus 5X Build/MMB29P) AppleWebKit/537.36 (KHTML, like Gecko) Chrome/41.0.2272.96 Mobile Safari/537.36 (compatible; Googlebot/2.1; +http://www.google.com/bot.html)"
66.249.66.77 - - [02/Apr/2020:10:43:36 +0200] "GET /favicon.ico HTTP/1.1" 404 4637 "-" "Googlebot-Image/1.0"
35.181.65.128 - - [02/Apr/2020:10:55:26 +0200] "GET / HTTP/1.1" 200 9221 "-" "-"
144.76.176.171 - - [02/Apr/2020:11:14:55 +0200] "GET /robots.txt HTTP/1.1" 200 3712 "-" "Mozilla/5.0 (compatible; MJ12bot/v1.4.8; http://mj12bot.com/)"
144.76.176.171 - - [02/Apr/2020:11:14:57 +0200] "GET /noticias/publicaci%C3%B3n-faro.pdf HTTP/1.1" 200 157680 "-" "Mozilla/5.0 (compatible; MJ12bot/v1.4.8; http://mj12bot.com/)"
157.55.39.6 - - [02/Apr/2020:12:00:14 +0200] "GET /robots.txt HTTP/1.1" 200 2037 "-" "Mozilla/5.0 (compatible; bingbot/2.0; +http://www.bing.com/bingbot.htm)"
157.55.39.6 - - [02/Apr/2020:12:00:15 +0200] "GET /robots.txt HTTP/1.1" 200 3712 "-" "Mozilla/5.0 (compatible; bingbot/2.0; +http://www.bing.com/bingbot.htm)"
207.46.13.181 - - [02/Apr/2020:12:02:25 +0200] "GET / HTTP/1.1" 200 9253 "-" "Mozilla/5.0 (compatible; bingbot/2.0; +http://www.bing.com/bingbot.htm)"
216.244.66.198 - - [02/Apr/2020:12:37:30 +0200] "GET /empleo.html HTTP/1.1" 200 7229 "-" "Mozilla/5.0 (compatible; DotBot/1.1; http://www.opensiteexplorer.org/dotbot, help@moz.com)"
51.79.28.115 - - [02/Apr/2020:12:57:31 +0200] "GET / HTTP/1.1" 200 9253 "-" "python-requests/2.23.0"
2.153.96.200 - - [02/Apr/2020:13:47:49 +0200] "GET / HTTP/1.1" 200 9253 "-" "Mozilla/5.0 (Windows NT 10.0; Win64; x64) AppleWebKit/537.36 (KHTML, like Gecko) Chrome/70.0.3538.102 Safari/537.36 Edge/18.18362"
2.153.96.200 - - [02/Apr/2020:13:47:50 +0200] "GET /css/style.css HTTP/1.1" 200 8834 "https://www.serynco.es/" "Mozilla/5.0 (Windows NT 10.0; Win64; x64) AppleWebKit/537.36 (KHTML, like Gecko) Chrome/70.0.3538.102 Safari/537.36 Edge/18.18362"
2.153.96.200 - - [02/Apr/2020:13:47:50 +0200] "GET /images/logo.gif HTTP/1.1" 200 13546 "https://www.serynco.es/" "Mozilla/5.0 (Windows NT 10.0; Win64; x64) AppleWebKit/537.36 (KHTML, like Gecko) Chrome/70.0.3538.102 Safari/537.36 Edge/18.18362"
2.153.96.200 - - [02/Apr/2020:13:47:50 +0200] "GET /javascript/flash_detect.js HTTP/1.1" 200 11634 "https://www.serynco.es/" "Mozilla/5.0 (Windows NT 10.0; Win64; x64) AppleWebKit/537.36 (KHTML, like Gecko) Chrome/70.0.3538.102 Safari/537.36 Edge/18.18362"
2.153.96.200 - - [02/Apr/2020:13:47:50 +0200] "GET /images/fondo-body.jpg HTTP/1.1" 200 15911 "https://www.serynco.es/" "Mozilla/5.0 (Windows NT 10.0; Win64; x64) AppleWebKit/537.36 (KHTML, like Gecko) Chrome/70.0.3538.102 Safari/537.36 Edge/18.18362"
2.153.96.200 - - [02/Apr/2020:13:47:50 +0200] "GET /images/footer.jpg HTTP/1.1" 200 20345 "https://www.serynco.es/" "Mozilla/5.0 (Windows NT 10.0; Win64; x64) AppleWebKit/537.36 (KHTML, like Gecko) Chrome/70.0.3538.102 Safari/537.36 Edge/18.18362"
2.153.96.200 - - [02/Apr/2020:13:47:50 +0200] "GET /images/fondo-cabecero.gif HTTP/1.1" 200 60514 "https://www.serynco.es/" "Mozilla/5.0 (Windows NT 10.0; Win64; x64) AppleWebKit/537.36 (KHTML, like Gecko) Chrome/70.0.3538.102 Safari/537.36 Edge/18.18362"
2.153.96.200 - - [02/Apr/2020:13:47:50 +0200] "GET /images/fondoenlace.jpg HTTP/1.1" 200 15102 "https://www.serynco.es/" "Mozilla/5.0 (Windows NT 10.0; Win64; x64) AppleWebKit/537.36 (KHTML, like Gecko) Chrome/70.0.3538.102 Safari/537.36 Edge/18.18362"
2.153.96.200 - - [02/Apr/2020:13:47:50 +0200] "GET /favicon.ico HTTP/1.1" 404 4637 "-" "Mozilla/5.0 (Windows NT 10.0; Win64; x64) AppleWebKit/537.36 (KHTML, like Gecko) Chrome/70.0.3538.102 Safari/537.36 Edge/18.18362"
2.153.96.200 - - [02/Apr/2020:13:48:04 +0200] "GET /empresa.html HTTP/1.1" 200 9455 "https://www.serynco.es/" "Mozilla/5.0 (Windows NT 10.0; Win64; x64) AppleWebKit/537.36 (KHTML, like Gecko) Chrome/70.0.3538.102 Safari/537.36 Edge/18.18362"
2.153.96.200 - - [02/Apr/2020:13:48:04 +0200] "GET /images/camara9001.gif HTTP/1.1" 200 7915 "https://www.serynco.es/empresa.html" "Mozilla/5.0 (Windows NT 10.0; Win64; x64) AppleWebKit/537.36 (KHTML, like Gecko) Chrome/70.0.3538.102 Safari/537.36 Edge/18.18362"
2.153.96.200 - - [02/Apr/2020:13:48:04 +0200] "GET /favicon.ico HTTP/1.1" 404 4637 "-" "Mozilla/5.0 (Windows NT 10.0; Win64; x64) AppleWebKit/537.36 (KHTML, like Gecko) Chrome/70.0.3538.102 Safari/537.36 Edge/18.18362"
2.153.96.200 - - [02/Apr/2020:13:48:04 +0200] "GET /images/adorno-compania.jpg HTTP/1.1" 200 46445 "https://www.serynco.es/empresa.html" "Mozilla/5.0 (Windows NT 10.0; Win64; x64) AppleWebKit/537.36 (KHTML, like Gecko) Chrome/70.0.3538.102 Safari/537.36 Edge/18.18362"
2.153.96.200 - - [02/Apr/2020:13:48:04 +0200] "GET /images/fondo-cabecero2.gif HTTP/1.1" 200 51175 "https://www.serynco.es/empresa.html" "Mozilla/5.0 (Windows NT 10.0; Win64; x64) AppleWebKit/537.36 (KHTML, like Gecko) Chrome/70.0.3538.102 Safari/537.36 Edge/18.18362"
2.153.96.200 - - [02/Apr/2020:13:48:04 +0200] "GET /images/camara14001.gif HTTP/1.1" 200 8196 "https://www.serynco.es/empresa.html" "Mozilla/5.0 (Windows NT 10.0; Win64; x64) AppleWebKit/537.36 (KHTML, like Gecko) Chrome/70.0.3538.102 Safari/537.36 Edge/18.18362"
2.153.96.200 - - [02/Apr/2020:13:48:04 +0200] "GET /images/empresa.gif HTTP/1.1" 200 5042 "https://www.serynco.es/empresa.html" "Mozilla/5.0 (Windows NT 10.0; Win64; x64) AppleWebKit/537.36 (KHTML, like Gecko) Chrome/70.0.3538.102 Safari/537.36 Edge/18.18362"
2.153.96.200 - - [02/Apr/2020:13:48:04 +0200] "GET /images/ORGANIGRAMAv02.JPG HTTP/1.1" 200 59591 "https://www.serynco.es/empresa.html" "Mozilla/5.0 (Windows NT 10.0; Win64; x64) AppleWebKit/537.36 (KHTML, like Gecko) Chrome/70.0.3538.102 Safari/537.36 Edge/18.18362"
5.45.207.62 - - [02/Apr/2020:13:49:23 +0200] "GET /robots.txt HTTP/1.1" 200 3717 "-" "Mozilla/5.0 (compatible; YandexBot/3.0; +http://yandex.com/bots)"
5.45.207.62 - - [02/Apr/2020:13:49:23 +0200] "GET /robots.txt HTTP/1.1" 200 3717 "-" "Mozilla/5.0 (compatible; YandexBot/3.0; +http://yandex.com/bots)"
5.45.207.62 - - [02/Apr/2020:13:49:26 +0200] "GET / HTTP/1.1" 200 5994 "-" "Mozilla/5.0 (compatible; YandexBot/3.0; +http://yandex.com/bots)"
5.45.207.62 - - [02/Apr/2020:13:49:26 +0200] "GET / HTTP/1.1" 200 5994 "-" "Mozilla/5.0 (compatible; YandexBot/3.0; +http://yandex.com/bots)"
40.77.167.34 - - [02/Apr/2020:14:12:05 +0200] "GET /controlsimultaneidad.html HTTP/1.1" 304 3453 "-" "Mozilla/5.0 (compatible; bingbot/2.0; +http://www.bing.com/bingbot.htm)"
51.79.28.115 - - [02/Apr/2020:14:37:54 +0200] "GET / HTTP/1.1" 200 9253 "-" "python-requests/2.23.0"
178.23.211.246 - - [02/Apr/2020:14:56:46 +0200] "POST /AutoDiscover/autodiscover.xml HTTP/1.1" 404 4637 "-" "Microsoft Office/16.0 (Windows NT 10.0; Microsoft Excel 16.0.11929; Pro)"
66.249.66.77 - - [02/Apr/2020:15:04:35 +0200] "GET /seguridad-salud.html HTTP/1.1" 200 9752 "-" "Mozilla/5.0 (Linux; Android 6.0.1; Nexus 5X Build/MMB29P) AppleWebKit/537.36 (KHTML, like Gecko) Chrome/41.0.2272.96 Mobile Safari/537.36 (compatible; Googlebot/2.1; +http://www.google.com/bot.html)"
40.77.167.111 - - [02/Apr/2020:15:25:20 +0200] "GET /legal.html HTTP/1.1" 200 8719 "-" "Mozilla/5.0 (compatible; bingbot/2.0; +http://www.bing.com/bingbot.htm)"
3.6.218.142 - - [02/Apr/2020:15:27:24 +0200] "GET / HTTP/1.1" 200 9258 "-" "Mozilla/5.0 (X11; Linux x86_64; rv:68.0) Gecko/20100101 Firefox/68.0"
95.248.189.212 - - [02/Apr/2020:15:51:41 +0200] "GET / HTTP/1.1" 200 9002 "-" "Mozilla/5.0"
178.23.211.246 - - [02/Apr/2020:16:02:24 +0200] "POST /AutoDiscover/autodiscover.xml HTTP/1.1" 404 4637 "-" "Microsoft Office/16.0 (Windows NT 10.0; Microsoft Word 16.0.12624; Pro)"
88.11.102.158 - - [02/Apr/2020:16:04:07 +0200] "POST /AutoDiscover/autodiscover.xml HTTP/1.1" 404 4637 "-" "Microsoft Office/16.0 (Windows NT 10.0; Microsoft Word 16.0.11929; Pro)"
34.220.150.173 - - [02/Apr/2020:17:08:24 +0200] "GET / HTTP/1.1" 200 9007 "-" "Opera/9.80 (X11; Linux i686; U; nb) Presto/2.2.15 Version/10.00"
34.73.54.50 - - [02/Apr/2020:17:46:10 +0200] "GET /robots.txt HTTP/1.1" 200 3461 "-" "ZoominfoBot (zoominfobot at zoominfo dot com)"
34.73.54.50 - - [02/Apr/2020:17:46:10 +0200] "GET /robots.txt HTTP/1.0" 200 417 "-" "ZoominfoBot (zoominfobot at zoominfo dot com)"
34.73.54.50 - - [02/Apr/2020:17:46:10 +0200] "GET / HTTP/1.0" 200 6095 "-" "ZoominfoBot (zoominfobot at zoominfo dot com)"
34.73.54.50 - - [02/Apr/2020:17:53:57 +0200] "GET /robots.txt HTTP/1.1" 200 3461 "-" "ZoominfoBot (zoominfobot at zoominfo dot com)"
34.73.54.50 - - [02/Apr/2020:17:53:57 +0200] "GET /robots.txt HTTP/1.0" 200 417 "-" "ZoominfoBot (zoominfobot at zoominfo dot com)"
34.73.54.50 - - [02/Apr/2020:17:53:57 +0200] "GET / HTTP/1.0" 200 6095 "-" "ZoominfoBot (zoominfobot at zoominfo dot com)"
66.249.66.206 - - [02/Apr/2020:17:57:50 +0200] "GET /robots.txt HTTP/1.1" 200 3712 "-" "Mozilla/5.0 (compatible; Googlebot/2.1; +http://www.google.com/bot.html)"
66.249.66.202 - - [02/Apr/2020:17:57:52 +0200] "GET / HTTP/1.1" 200 9253 "-" "Mozilla/5.0 (compatible; Googlebot/2.1; +http://www.google.com/bot.html)"
40.77.167.111 - - [02/Apr/2020:18:43:57 +0200] "GET /legal.html HTTP/1.1" 200 8719 "-" "Mozilla/5.0 (compatible; bingbot/2.0; +http://www.bing.com/bingbot.htm)"
157.55.39.6 - - [02/Apr/2020:18:43:57 +0200] "GET /robots.txt HTTP/1.1" 200 2037 "-" "Mozilla/5.0 (compatible; bingbot/2.0; +http://www.bing.com/bingbot.htm)"
157.55.39.6 - - [02/Apr/2020:18:43:57 +0200] "GET /robots.txt HTTP/1.1" 200 3712 "-" "Mozilla/5.0 (compatible; bingbot/2.0; +http://www.bing.com/bingbot.htm)"
54.36.148.218 - - [02/Apr/2020:19:11:53 +0200] "GET /robots.txt HTTP/1.1" 200 3461 "-" "Mozilla/5.0 (compatible; AhrefsBot/6.1; +http://ahrefs.com/robot/)"
178.237.224.104 - - [02/Apr/2020:20:38:44 +0200] "GET / HTTP/1.1" 200 9253 "https://www.google.com/" "Mozilla/5.0 (Windows NT 10.0; Win64; x64) AppleWebKit/537.36 (KHTML, like Gecko) Chrome/80.0.3987.149 Safari/537.36"
178.237.224.104 - - [02/Apr/2020:20:38:52 +0200] "GET /css/style.css HTTP/1.1" 200 8972 "https://www.serynco.es/" "Mozilla/5.0 (Windows NT 10.0; Win64; x64) AppleWebKit/537.36 (KHTML, like Gecko) Chrome/80.0.3987.149 Safari/537.36"
178.237.224.104 - - [02/Apr/2020:20:38:52 +0200] "GET /images/logo.gif HTTP/1.1" 200 10425 "https://www.serynco.es/" "Mozilla/5.0 (Windows NT 10.0; Win64; x64) AppleWebKit/537.36 (KHTML, like Gecko) Chrome/80.0.3987.149 Safari/537.36"
178.237.224.104 - - [02/Apr/2020:20:38:52 +0200] "GET /javascript/flash_detect.js HTTP/1.1" 200 8513 "https://www.serynco.es/" "Mozilla/5.0 (Windows NT 10.0; Win64; x64) AppleWebKit/537.36 (KHTML, like Gecko) Chrome/80.0.3987.149 Safari/537.36"
178.237.224.104 - - [02/Apr/2020:20:38:53 +0200] "GET /images/fondo-body.jpg HTTP/1.1" 200 15911 "https://www.serynco.es/css/style.css" "Mozilla/5.0 (Windows NT 10.0; Win64; x64) AppleWebKit/537.36 (KHTML, like Gecko) Chrome/80.0.3987.149 Safari/537.36"
178.237.224.104 - - [02/Apr/2020:20:38:53 +0200] "GET /images/fondo-cabecero.gif HTTP/1.1" 200 60514 "https://www.serynco.es/css/style.css" "Mozilla/5.0 (Windows NT 10.0; Win64; x64) AppleWebKit/537.36 (KHTML, like Gecko) Chrome/80.0.3987.149 Safari/537.36"
178.237.224.104 - - [02/Apr/2020:20:38:54 +0200] "GET /images/fondoenlace.jpg HTTP/1.1" 200 15102 "https://www.serynco.es/css/style.css" "Mozilla/5.0 (Windows NT 10.0; Win64; x64) AppleWebKit/537.36 (KHTML, like Gecko) Chrome/80.0.3987.149 Safari/537.36"
178.237.224.104 - - [02/Apr/2020:20:38:54 +0200] "GET /images/footer.jpg HTTP/1.1" 200 20345 "https://www.serynco.es/css/style.css" "Mozilla/5.0 (Windows NT 10.0; Win64; x64) AppleWebKit/537.36 (KHTML, like Gecko) Chrome/80.0.3987.149 Safari/537.36"
178.237.224.104 - - [02/Apr/2020:20:38:54 +0200] "GET /favicon.ico HTTP/1.1" 404 1378 "https://www.serynco.es/" "Mozilla/5.0 (Windows NT 10.0; Win64; x64) AppleWebKit/537.36 (KHTML, like Gecko) Chrome/80.0.3987.149 Safari/537.36"
35.241.152.23 - - [02/Apr/2020:20:39:39 +0200] "GET /robots.txt HTTP/1.1" 200 3712 "-" "python-requests/2.22.0"
35.241.152.23 - - [02/Apr/2020:20:39:39 +0200] "GET / HTTP/1.1" 200 9253 "-" "Mozilla/5.0 (Windows NT 6.1) AppleWebKit/537.36 (KHTML, like Gecko) Chrome/41.0.2228.0 Safari/537.36"
35.241.152.23 - - [02/Apr/2020:20:39:39 +0200] "GET /contacto.html HTTP/1.1" 200 8052 "-" "Mozilla/5.0 (Windows NT 6.1) AppleWebKit/537.36 (KHTML, like Gecko) Chrome/41.0.2228.0 Safari/537.36"
35.241.152.23 - - [02/Apr/2020:20:39:39 +0200] "GET /index.php HTTP/1.1" 200 9304 "-" "Mozilla/5.0 (Windows NT 6.1) AppleWebKit/537.36 (KHTML, like Gecko) Chrome/41.0.2228.0 Safari/537.36"
35.241.152.23 - - [02/Apr/2020:20:39:39 +0200] "GET /legal.html HTTP/1.1" 200 8719 "-" "Mozilla/5.0 (Windows NT 6.1) AppleWebKit/537.36 (KHTML, like Gecko) Chrome/41.0.2228.0 Safari/537.36"
35.241.152.23 - - [02/Apr/2020:20:39:39 +0200] "GET /buzon-sugerencias.html HTTP/1.1" 200 7425 "-" "Mozilla/5.0 (Windows NT 6.1) AppleWebKit/537.36 (KHTML, like Gecko) Chrome/41.0.2228.0 Safari/537.36"
35.241.152.23 - - [02/Apr/2020:20:39:39 +0200] "GET /empresa.html HTTP/1.1" 200 9455 "-" "Mozilla/5.0 (Windows NT 6.1) AppleWebKit/537.36 (KHTML, like Gecko) Chrome/41.0.2228.0 Safari/537.36"
35.241.152.23 - - [02/Apr/2020:20:39:40 +0200] "GET /servicios.html HTTP/1.1" 200 9306 "-" "Mozilla/5.0 (Windows NT 6.1) AppleWebKit/537.36 (KHTML, like Gecko) Chrome/41.0.2228.0 Safari/537.36"
35.241.152.23 - - [02/Apr/2020:20:39:40 +0200] "GET /clientes.html HTTP/1.1" 200 13877 "-" "Mozilla/5.0 (Windows NT 6.1) AppleWebKit/537.36 (KHTML, like Gecko) Chrome/41.0.2228.0 Safari/537.36"
35.241.152.23 - - [02/Apr/2020:20:39:40 +0200] "GET /empleo.html HTTP/1.1" 200 7475 "-" "Mozilla/5.0 (Windows NT 6.1) AppleWebKit/537.36 (KHTML, like Gecko) Chrome/41.0.2228.0 Safari/537.36"
35.241.152.23 - - [02/Apr/2020:20:39:40 +0200] "GET /construccion.html HTTP/1.1" 200 9748 "-" "Mozilla/5.0 (Windows NT 6.1) AppleWebKit/537.36 (KHTML, like Gecko) Chrome/41.0.2228.0 Safari/537.36"
35.241.152.23 - - [02/Apr/2020:20:39:40 +0200] "GET /index.html HTTP/1.1" 200 9253 "-" "Mozilla/5.0 (Windows NT 6.1) AppleWebKit/537.36 (KHTML, like Gecko) Chrome/41.0.2228.0 Safari/537.36"
34.76.60.248 - - [02/Apr/2020:20:51:02 +0200] "GET /robots.txt HTTP/1.1" 200 3712 "-" "python-requests/2.22.0"
34.76.60.248 - - [02/Apr/2020:20:51:03 +0200] "GET / HTTP/1.1" 200 9253 "-" "Mozilla/5.0 (Windows NT 6.1) AppleWebKit/537.36 (KHTML, like Gecko) Chrome/41.0.2228.0 Safari/537.36"
34.76.60.248 - - [02/Apr/2020:20:51:03 +0200] "GET /robots.txt HTTP/1.1" 200 3712 "-" "python-requests/2.22.0"
34.76.60.248 - - [02/Apr/2020:20:51:03 +0200] "GET /contacto.html HTTP/1.1" 200 8052 "-" "Mozilla/5.0 (Windows NT 6.1) AppleWebKit/537.36 (KHTML, like Gecko) Chrome/41.0.2228.0 Safari/537.36"
34.76.60.248 - - [02/Apr/2020:20:51:03 +0200] "GET /index.php HTTP/1.1" 200 9304 "-" "Mozilla/5.0 (Windows NT 6.1) AppleWebKit/537.36 (KHTML, like Gecko) Chrome/41.0.2228.0 Safari/537.36"
34.76.60.248 - - [02/Apr/2020:20:51:03 +0200] "GET /legal.html HTTP/1.1" 200 8719 "-" "Mozilla/5.0 (Windows NT 6.1) AppleWebKit/537.36 (KHTML, like Gecko) Chrome/41.0.2228.0 Safari/537.36"
34.76.60.248 - - [02/Apr/2020:20:51:03 +0200] "GET /buzon-sugerencias.html HTTP/1.1" 200 7425 "-" "Mozilla/5.0 (Windows NT 6.1) AppleWebKit/537.36 (KHTML, like Gecko) Chrome/41.0.2228.0 Safari/537.36"
34.76.60.248 - - [02/Apr/2020:20:51:03 +0200] "GET /empresa.html HTTP/1.1" 200 9455 "-" "Mozilla/5.0 (Windows NT 6.1) AppleWebKit/537.36 (KHTML, like Gecko) Chrome/41.0.2228.0 Safari/537.36"
34.76.60.248 - - [02/Apr/2020:20:51:04 +0200] "GET /servicios.html HTTP/1.1" 200 9306 "-" "Mozilla/5.0 (Windows NT 6.1) AppleWebKit/537.36 (KHTML, like Gecko) Chrome/41.0.2228.0 Safari/537.36"
34.76.60.248 - - [02/Apr/2020:20:51:04 +0200] "GET /clientes.html HTTP/1.1" 200 13877 "-" "Mozilla/5.0 (Windows NT 6.1) AppleWebKit/537.36 (KHTML, like Gecko) Chrome/41.0.2228.0 Safari/537.36"
34.76.60.248 - - [02/Apr/2020:20:51:04 +0200] "GET /empleo.html HTTP/1.1" 200 7475 "-" "Mozilla/5.0 (Windows NT 6.1) AppleWebKit/537.36 (KHTML, like Gecko) Chrome/41.0.2228.0 Safari/537.36"
34.76.60.248 - - [02/Apr/2020:20:51:05 +0200] "GET /index.html HTTP/1.1" 200 9253 "-" "Mozilla/5.0 (Windows NT 6.1) AppleWebKit/537.36 (KHTML, like Gecko) Chrome/41.0.2228.0 Safari/537.36"
34.76.60.248 - - [02/Apr/2020:20:51:05 +0200] "GET /construccion.html HTTP/1.1" 200 9748 "-" "Mozilla/5.0 (Windows NT 6.1) AppleWebKit/537.36 (KHTML, like Gecko) Chrome/41.0.2228.0 Safari/537.36"
54.88.177.207 - - [02/Apr/2020:22:02:22 +0200] "GET / HTTP/1.1" 200 9258 "-" "Mozilla/5.0 (Macintosh; Intel Mac OS X 10_13_3) AppleWebKit/537.36 (KHTML, like Gecko) Chrome/65.0.3325.162 Safari/537.36"
213.180.203.37 - - [02/Apr/2020:22:10:04 +0200] "GET /robots.txt HTTP/1.1" 200 3712 "-" "Mozilla/5.0 (compatible; YandexBot/3.0; +http://yandex.com/bots)"
213.180.203.16 - - [02/Apr/2020:22:10:08 +0200] "GET /robots.txt HTTP/1.1" 200 3712 "-" "Mozilla/5.0 (compatible; YandexBot/3.0; +http://yandex.com/bots)"
178.154.200.24 - - [02/Apr/2020:22:10:12 +0200] "GET /favicon.ico HTTP/1.1" 404 4637 "-" "Mozilla/5.0 (compatible; YandexBot/3.0; +http://yandex.com/bots)"
178.23.211.246 - - [02/Apr/2020:22:43:19 +0200] "POST /AutoDiscover/autodiscover.xml HTTP/1.1" 404 4637 "-" "Microsoft Office/16.0 (Windows NT 10.0; Microsoft Word 16.0.12527; Pro)"
