89.248.107.232 - - [26/Jan/2020:19:32:11 +0100] "POST /wp-cron.php?doing_wp_cron=1580063531.2295548915863037109375 HTTP/1.1" 200 1860 "-" "WordPress/5.2.5; https://fincasandoval.com"
167.172.239.155 - - [26/Jan/2020:19:32:11 +0100] "POST /wp-login.php HTTP/1.1" 200 7562 "-" "Mozilla/5.0 (X11; Ubuntu; Linux x86_64; rv:62.0) Gecko/20100101 Firefox/62.0"
167.172.239.155 - - [26/Jan/2020:19:32:12 +0100] "GET /wp-login.php HTTP/1.1" 200 6587 "-" "Mozilla/5.0 (X11; Ubuntu; Linux x86_64; rv:62.0) Gecko/20100101 Firefox/62.0"
167.172.239.155 - - [26/Jan/2020:19:32:12 +0100] "POST /wp-login.php HTTP/1.1" 200 7445 "-" "Mozilla/5.0 (X11; Ubuntu; Linux x86_64; rv:62.0) Gecko/20100101 Firefox/62.0"
87.222.201.199 - - [26/Jan/2020:19:36:18 +0100] "GET / HTTP/1.1" 200 17757 "https://www.google.com/" "Mozilla/5.0 (Linux; U; Android 9; es-es; Redmi Note 8 Pro Build/PPR1.180610.011) AppleWebKit/537.36 (KHTML, like Gecko) Version/4.0 Chrome/71.0.3578.141 Mobile Safari/537.36 XiaoMi/MiuiBrowser/11.4.3-g"
87.222.201.199 - - [26/Jan/2020:19:36:19 +0100] "GET /wp-includes/css/dist/block-library/style.min.css?ver=5.2.5 HTTP/1.1" 200 29676 "https://fincasandoval.com/" "Mozilla/5.0 (Linux; U; Android 9; es-es; Redmi Note 8 Pro Build/PPR1.180610.011) AppleWebKit/537.36 (KHTML, like Gecko) Version/4.0 Chrome/71.0.3578.141 Mobile Safari/537.36 XiaoMi/MiuiBrowser/11.4.3-g"
87.222.201.199 - - [26/Jan/2020:19:36:19 +0100] "GET /wp-content/themes/book-lite/style.css?ver=5.2.5 HTTP/1.1" 200 20971 "https://fincasandoval.com/" "Mozilla/5.0 (Linux; U; Android 9; es-es; Redmi Note 8 Pro Build/PPR1.180610.011) AppleWebKit/537.36 (KHTML, like Gecko) Version/4.0 Chrome/71.0.3578.141 Mobile Safari/537.36 XiaoMi/MiuiBrowser/11.4.3-g"
87.222.201.199 - - [26/Jan/2020:19:36:19 +0100] "GET /wp-includes/js/jquery/jquery.js?ver=1.12.4-wp HTTP/1.1" 200 97523 "https://fincasandoval.com/" "Mozilla/5.0 (Linux; U; Android 9; es-es; Redmi Note 8 Pro Build/PPR1.180610.011) AppleWebKit/537.36 (KHTML, like Gecko) Version/4.0 Chrome/71.0.3578.141 Mobile Safari/537.36 XiaoMi/MiuiBrowser/11.4.3-g"
87.222.201.199 - - [26/Jan/2020:19:36:19 +0100] "GET /wp-content/uploads/2017/05/vs-2016.jpg HTTP/1.1" 200 25984 "https://fincasandoval.com/" "Mozilla/5.0 (Linux; U; Android 9; es-es; Redmi Note 8 Pro Build/PPR1.180610.011) AppleWebKit/537.36 (KHTML, like Gecko) Version/4.0 Chrome/71.0.3578.141 Mobile Safari/537.36 XiaoMi/MiuiBrowser/11.4.3-g"
87.222.201.199 - - [26/Jan/2020:19:36:19 +0100] "GET /wp-includes/js/jquery/jquery-migrate.min.js?ver=1.4.1 HTTP/1.1" 200 10560 "https://fincasandoval.com/" "Mozilla/5.0 (Linux; U; Android 9; es-es; Redmi Note 8 Pro Build/PPR1.180610.011) AppleWebKit/537.36 (KHTML, like Gecko) Version/4.0 Chrome/71.0.3578.141 Mobile Safari/537.36 XiaoMi/MiuiBrowser/11.4.3-g"
87.222.201.199 - - [26/Jan/2020:19:36:19 +0100] "GET /wp-content/uploads/2014/11/fs-1.jpg?w=625 HTTP/1.1" 200 639734 "https://fincasandoval.com/" "Mozilla/5.0 (Linux; U; Android 9; es-es; Redmi Note 8 Pro Build/PPR1.180610.011) AppleWebKit/537.36 (KHTML, like Gecko) Version/4.0 Chrome/71.0.3578.141 Mobile Safari/537.36 XiaoMi/MiuiBrowser/11.4.3-g"
87.222.201.199 - - [26/Jan/2020:19:36:19 +0100] "GET /wp-content/themes/book-lite/js/small-menu.js?ver=20120206 HTTP/1.1" 200 1623 "https://fincasandoval.com/" "Mozilla/5.0 (Linux; U; Android 9; es-es; Redmi Note 8 Pro Build/PPR1.180610.011) AppleWebKit/537.36 (KHTML, like Gecko) Version/4.0 Chrome/71.0.3578.141 Mobile Safari/537.36 XiaoMi/MiuiBrowser/11.4.3-g"
87.222.201.199 - - [26/Jan/2020:19:36:19 +0100] "GET /wp-content/themes/book-lite/js/script.js?ver=1.0 HTTP/1.1" 200 624 "https://fincasandoval.com/" "Mozilla/5.0 (Linux; U; Android 9; es-es; Redmi Note 8 Pro Build/PPR1.180610.011) AppleWebKit/537.36 (KHTML, like Gecko) Version/4.0 Chrome/71.0.3578.141 Mobile Safari/537.36 XiaoMi/MiuiBrowser/11.4.3-g"
87.222.201.199 - - [26/Jan/2020:19:36:19 +0100] "GET /wp-includes/js/wp-embed.min.js?ver=5.2.5 HTTP/1.1" 200 1767 "https://fincasandoval.com/" "Mozilla/5.0 (Linux; U; Android 9; es-es; Redmi Note 8 Pro Build/PPR1.180610.011) AppleWebKit/537.36 (KHTML, like Gecko) Version/4.0 Chrome/71.0.3578.141 Mobile Safari/537.36 XiaoMi/MiuiBrowser/11.4.3-g"
87.222.201.199 - - [26/Jan/2020:19:36:19 +0100] "GET /wp-includes/js/wp-emoji-release.min.js?ver=5.2.5 HTTP/1.1" 200 14206 "https://fincasandoval.com/" "Mozilla/5.0 (Linux; U; Android 9; es-es; Redmi Note 8 Pro Build/PPR1.180610.011) AppleWebKit/537.36 (KHTML, like Gecko) Version/4.0 Chrome/71.0.3578.141 Mobile Safari/537.36 XiaoMi/MiuiBrowser/11.4.3-g"
87.222.201.199 - - [26/Jan/2020:19:36:19 +0100] "GET /wp-content/uploads/2019/09/cropped-header-1.jpg HTTP/1.1" 200 45807 "https://fincasandoval.com/" "Mozilla/5.0 (Linux; U; Android 9; es-es; Redmi Note 8 Pro Build/PPR1.180610.011) AppleWebKit/537.36 (KHTML, like Gecko) Version/4.0 Chrome/71.0.3578.141 Mobile Safari/537.36 XiaoMi/MiuiBrowser/11.4.3-g"
87.222.201.199 - - [26/Jan/2020:19:36:19 +0100] "GET /wp-content/themes/book-lite/images/nav-bg.png HTTP/1.1" 200 458 "https://fincasandoval.com/wp-content/themes/book-lite/style.css?ver=5.2.5" "Mozilla/5.0 (Linux; U; Android 9; es-es; Redmi Note 8 Pro Build/PPR1.180610.011) AppleWebKit/537.36 (KHTML, like Gecko) Version/4.0 Chrome/71.0.3578.141 Mobile Safari/537.36 XiaoMi/MiuiBrowser/11.4.3-g"
87.222.201.199 - - [26/Jan/2020:19:36:19 +0100] "GET /wp-content/themes/book-lite/images/break.png HTTP/1.1" 200 951 "https://fincasandoval.com/wp-content/themes/book-lite/style.css?ver=5.2.5" "Mozilla/5.0 (Linux; U; Android 9; es-es; Redmi Note 8 Pro Build/PPR1.180610.011) AppleWebKit/537.36 (KHTML, like Gecko) Version/4.0 Chrome/71.0.3578.141 Mobile Safari/537.36 XiaoMi/MiuiBrowser/11.4.3-g"
87.222.201.199 - - [26/Jan/2020:19:36:19 +0100] "GET /wp-content/themes/book-lite/images/diamond-white.png HTTP/1.1" 200 565 "https://fincasandoval.com/wp-content/themes/book-lite/style.css?ver=5.2.5" "Mozilla/5.0 (Linux; U; Android 9; es-es; Redmi Note 8 Pro Build/PPR1.180610.011) AppleWebKit/537.36 (KHTML, like Gecko) Version/4.0 Chrome/71.0.3578.141 Mobile Safari/537.36 XiaoMi/MiuiBrowser/11.4.3-g"
87.222.201.199 - - [26/Jan/2020:19:36:19 +0100] "GET /favicon.ico HTTP/1.1" 200 5797 "https://fincasandoval.com/" "Mozilla/5.0 (Linux; U; Android 9; es-es; Redmi Note 8 Pro Build/PPR1.180610.011) AppleWebKit/537.36 (KHTML, like Gecko) Version/4.0 Chrome/71.0.3578.141 Mobile Safari/537.36 XiaoMi/MiuiBrowser/11.4.3-g"
185.86.164.111 - - [26/Jan/2020:19:47:42 +0100] "GET /wp-login.php HTTP/1.1" 200 7045 "-" "Mozilla/5.0 (Windows NT 10.0; WOW64) AppleWebKit/537.36 (KHTML, like Gecko) Chrome/51.0.2704.103 Safari/537.36"
89.248.107.232 - - [26/Jan/2020:19:47:42 +0100] "POST /wp-cron.php?doing_wp_cron=1580064462.9550549983978271484375 HTTP/1.1" 200 1860 "-" "WordPress/5.2.5; https://fincasandoval.com"
185.86.164.111 - - [26/Jan/2020:19:47:43 +0100] "POST /wp-login.php HTTP/1.1" 200 4633 "https://fincasandoval.com/wp-login.php" "Mozilla/5.0 (Windows NT 10.0; WOW64) AppleWebKit/537.36 (KHTML, like Gecko) Chrome/51.0.2704.103 Safari/537.36"
89.248.107.232 - - [26/Jan/2020:20:13:11 +0100] "POST /wp-cron.php?doing_wp_cron=1580065991.3974928855895996093750 HTTP/1.1" 200 1860 "-" "WordPress/5.2.5; https://fincasandoval.com"
194.61.24.253 - - [26/Jan/2020:20:13:11 +0100] "POST /wp-login.php HTTP/1.1" 200 7790 "https://fincasandoval.com/wp-login.php" "Mozilla/5.0 (Windows NT 6.0; rv:45.67.04) Gecko/20155608 Firefox/45.67.04"
194.61.24.253 - - [26/Jan/2020:20:22:45 +0100] "POST /wp-login.php HTTP/1.1" 200 7790 "https://fincasandoval.com/wp-login.php" "Mozilla/5.0 (Windows NT 10.0; WOW64; rv:45.69.22) Gecko/20171974 Firefox/45.69.22"
89.248.107.232 - - [26/Jan/2020:20:43:04 +0100] "POST /wp-cron.php?doing_wp_cron=1580067784.8858749866485595703125 HTTP/1.1" 200 1860 "-" "WordPress/5.2.5; https://fincasandoval.com"
190.38.228.31 - - [26/Jan/2020:20:43:04 +0100] "GET / HTTP/1.1" 200 17757 "https://www.google.com/" "Mozilla/5.0 (Linux; Android 7.0; Life One X3) AppleWebKit/537.36 (KHTML, like Gecko) Chrome/79.0.3945.136 Mobile Safari/537.36"
190.38.228.31 - - [26/Jan/2020:20:43:08 +0100] "GET /wp-includes/css/dist/block-library/style.min.css?ver=5.2.5 HTTP/1.1" 200 29676 "https://fincasandoval.com/" "Mozilla/5.0 (Linux; Android 7.0; Life One X3) AppleWebKit/537.36 (KHTML, like Gecko) Chrome/79.0.3945.136 Mobile Safari/537.36"
190.38.228.31 - - [26/Jan/2020:20:43:09 +0100] "GET /wp-content/themes/book-lite/style.css?ver=5.2.5 HTTP/1.1" 200 21109 "https://fincasandoval.com/" "Mozilla/5.0 (Linux; Android 7.0; Life One X3) AppleWebKit/537.36 (KHTML, like Gecko) Chrome/79.0.3945.136 Mobile Safari/537.36"
190.38.228.31 - - [26/Jan/2020:20:43:09 +0100] "GET /wp-includes/js/jquery/jquery.js?ver=1.12.4-wp HTTP/1.1" 200 97523 "https://fincasandoval.com/" "Mozilla/5.0 (Linux; Android 7.0; Life One X3) AppleWebKit/537.36 (KHTML, like Gecko) Chrome/79.0.3945.136 Mobile Safari/537.36"
190.38.228.31 - - [26/Jan/2020:20:43:09 +0100] "GET /wp-includes/js/jquery/jquery-migrate.min.js?ver=1.4.1 HTTP/1.1" 200 10560 "https://fincasandoval.com/" "Mozilla/5.0 (Linux; Android 7.0; Life One X3) AppleWebKit/537.36 (KHTML, like Gecko) Chrome/79.0.3945.136 Mobile Safari/537.36"
190.38.228.31 - - [26/Jan/2020:20:43:09 +0100] "GET /wp-content/themes/book-lite/js/small-menu.js?ver=20120206 HTTP/1.1" 200 1761 "https://fincasandoval.com/" "Mozilla/5.0 (Linux; Android 7.0; Life One X3) AppleWebKit/537.36 (KHTML, like Gecko) Chrome/79.0.3945.136 Mobile Safari/537.36"
190.38.228.31 - - [26/Jan/2020:20:43:09 +0100] "GET /wp-content/themes/book-lite/js/script.js?ver=1.0 HTTP/1.1" 200 624 "https://fincasandoval.com/" "Mozilla/5.0 (Linux; Android 7.0; Life One X3) AppleWebKit/537.36 (KHTML, like Gecko) Chrome/79.0.3945.136 Mobile Safari/537.36"
190.38.228.31 - - [26/Jan/2020:20:43:09 +0100] "GET /wp-includes/js/wp-embed.min.js?ver=5.2.5 HTTP/1.1" 200 1767 "https://fincasandoval.com/" "Mozilla/5.0 (Linux; Android 7.0; Life One X3) AppleWebKit/537.36 (KHTML, like Gecko) Chrome/79.0.3945.136 Mobile Safari/537.36"
190.38.228.31 - - [26/Jan/2020:20:43:09 +0100] "GET /wp-includes/js/wp-emoji-release.min.js?ver=5.2.5 HTTP/1.1" 200 14206 "https://fincasandoval.com/" "Mozilla/5.0 (Linux; Android 7.0; Life One X3) AppleWebKit/537.36 (KHTML, like Gecko) Chrome/79.0.3945.136 Mobile Safari/537.36"
190.38.228.31 - - [26/Jan/2020:20:43:11 +0100] "GET /wp-content/uploads/2017/05/vs-2016.jpg HTTP/1.1" 200 25846 "https://fincasandoval.com/" "Mozilla/5.0 (Linux; Android 7.0; Life One X3) AppleWebKit/537.36 (KHTML, like Gecko) Chrome/79.0.3945.136 Mobile Safari/537.36"
190.38.228.31 - - [26/Jan/2020:20:43:11 +0100] "GET /wp-content/uploads/2019/09/cropped-header-1.jpg HTTP/1.1" 200 45807 "https://fincasandoval.com/" "Mozilla/5.0 (Linux; Android 7.0; Life One X3) AppleWebKit/537.36 (KHTML, like Gecko) Chrome/79.0.3945.136 Mobile Safari/537.36"
190.38.228.31 - - [26/Jan/2020:20:43:11 +0100] "GET /wp-content/themes/book-lite/images/diamond-white.png HTTP/1.1" 200 565 "https://fincasandoval.com/wp-content/themes/book-lite/style.css?ver=5.2.5" "Mozilla/5.0 (Linux; Android 7.0; Life One X3) AppleWebKit/537.36 (KHTML, like Gecko) Chrome/79.0.3945.136 Mobile Safari/537.36"
190.38.228.31 - - [26/Jan/2020:20:43:11 +0100] "GET /wp-content/themes/book-lite/images/break.png HTTP/1.1" 200 951 "https://fincasandoval.com/wp-content/themes/book-lite/style.css?ver=5.2.5" "Mozilla/5.0 (Linux; Android 7.0; Life One X3) AppleWebKit/537.36 (KHTML, like Gecko) Chrome/79.0.3945.136 Mobile Safari/537.36"
190.38.228.31 - - [26/Jan/2020:20:43:11 +0100] "GET /wp-content/uploads/2014/11/fs-1.jpg?w=625 HTTP/1.1" 200 639596 "https://fincasandoval.com/" "Mozilla/5.0 (Linux; Android 7.0; Life One X3) AppleWebKit/537.36 (KHTML, like Gecko) Chrome/79.0.3945.136 Mobile Safari/537.36"
190.38.228.31 - - [26/Jan/2020:20:43:15 +0100] "GET /favicon.ico HTTP/1.1" 200 5797 "https://fincasandoval.com/" "Mozilla/5.0 (Linux; Android 7.0; Life One X3) AppleWebKit/537.36 (KHTML, like Gecko) Chrome/79.0.3945.136 Mobile Safari/537.36"
190.38.228.31 - - [26/Jan/2020:20:43:34 +0100] "GET / HTTP/1.1" 200 14615 "https://www.google.com/" "Mozilla/5.0 (Linux; Android 7.0; Life One X3) AppleWebKit/537.36 (KHTML, like Gecko) Chrome/79.0.3945.136 Mobile Safari/537.36"
190.38.228.31 - - [26/Jan/2020:20:43:35 +0100] "GET /wp-content/themes/book-lite/images/nav-bg.png HTTP/1.1" 200 458 "https://fincasandoval.com/wp-content/themes/book-lite/style.css?ver=5.2.5" "Mozilla/5.0 (Linux; Android 7.0; Life One X3) AppleWebKit/537.36 (KHTML, like Gecko) Chrome/79.0.3945.136 Mobile Safari/537.36"
107.21.1.8 - - [26/Jan/2020:20:50:12 +0100] "GET / HTTP/1.1" 200 17567 "https://fincasandoval.com/" "Mozilla/5.0 (compatible; DuckDuckGo-Favicons-Bot/1.0; +http://duckduckgo.com)"
107.21.1.8 - - [26/Jan/2020:20:50:13 +0100] "GET /favicon.ico HTTP/1.1" 200 5797 "https://fincasandoval.com/favicon.ico" "Mozilla/5.0 (compatible; DuckDuckGo-Favicons-Bot/1.0; +http://duckduckgo.com)"
52.44.119.95 - - [26/Jan/2020:20:54:38 +0100] "GET /ads.txt HTTP/1.1" 404 4470 "-" "Mozilla/5.0 (Macintosh; Intel Mac OS X 10_12_6) AppleWebKit/537.36 (KHTML, like Gecko) Chrome/63.0.3239.84 Safari/537.36"
52.44.119.95 - - [26/Jan/2020:20:54:39 +0100] "GET /ads.txt HTTP/1.1" 404 4470 "-" "Mozilla/5.0 (Macintosh; Intel Mac OS X 10_12_6) AppleWebKit/537.36 (KHTML, like Gecko) Chrome/63.0.3239.84 Safari/537.36"
89.248.107.232 - - [26/Jan/2020:21:08:24 +0100] "POST /wp-cron.php?doing_wp_cron=1580069304.8914859294891357421875 HTTP/1.1" 200 1860 "-" "WordPress/5.2.5; https://fincasandoval.com"
66.246.224.12 - - [26/Jan/2020:21:08:24 +0100] "GET / HTTP/1.1" 200 18199 "-" "Mozilla/5.0 (Windows NT 10.0; Win64; x64) AppleWebKit/537.36 (KHTML, like Gecko) Chrome/79.0.3945.79 Safari/537.36"
94.73.194.12 - - [26/Jan/2020:21:28:52 +0100] "GET /wp-login.php HTTP/1.1" 200 6587 "-" "Mozilla/5.0 (X11; Ubuntu; Linux x86_64; rv:62.0) Gecko/20100101 Firefox/62.0"
94.73.194.12 - - [26/Jan/2020:21:28:53 +0100] "POST /wp-login.php HTTP/1.1" 200 7562 "-" "Mozilla/5.0 (X11; Ubuntu; Linux x86_64; rv:62.0) Gecko/20100101 Firefox/62.0"
94.73.194.12 - - [26/Jan/2020:21:28:53 +0100] "GET /wp-login.php HTTP/1.1" 200 6587 "-" "Mozilla/5.0 (X11; Ubuntu; Linux x86_64; rv:62.0) Gecko/20100101 Firefox/62.0"
94.73.194.12 - - [26/Jan/2020:21:28:54 +0100] "POST /wp-login.php HTTP/1.1" 200 7443 "-" "Mozilla/5.0 (X11; Ubuntu; Linux x86_64; rv:62.0) Gecko/20100101 Firefox/62.0"
137.226.113.27 - - [26/Jan/2020:21:39:53 +0100] "GET / HTTP/1.1" 301 3416 "-" "Mozilla/5.0 zgrab/0.x (compatible; Researchscan/t12ca; +http://researchscan.comsys.rwth-aachen.de)"
69.171.251.31 - - [26/Jan/2020:21:42:51 +0100] "HEAD / HTTP/1.1" 301 3084 "-" "facebookexternalhit/1.1 (+http://www.facebook.com/externalhit_uatext.php)"
89.248.107.232 - - [26/Jan/2020:21:42:51 +0100] "POST /wp-cron.php?doing_wp_cron=1580071371.4801239967346191406250 HTTP/1.1" 200 1860 "-" "WordPress/5.2.5; https://fincasandoval.com"
69.171.251.31 - - [26/Jan/2020:21:42:52 +0100] "HEAD / HTTP/1.1" 200 3084 "-" "facebookexternalhit/1.1 (+http://www.facebook.com/externalhit_uatext.php)"
69.171.251.33 - - [26/Jan/2020:21:42:58 +0100] "GET / HTTP/1.1" 200 17506 "-" "facebookexternalhit/1.1 (+http://www.facebook.com/externalhit_uatext.php)"
54.208.102.37 - - [26/Jan/2020:21:50:01 +0100] "GET / HTTP/1.1" 200 17567 "https://fincasandoval.com/" "Mozilla/5.0 (compatible; DuckDuckGo-Favicons-Bot/1.0; +http://duckduckgo.com)"
54.208.102.37 - - [26/Jan/2020:21:50:02 +0100] "GET /favicon.ico HTTP/1.1" 200 5797 "https://fincasandoval.com/favicon.ico" "Mozilla/5.0 (compatible; DuckDuckGo-Favicons-Bot/1.0; +http://duckduckgo.com)"
54.36.148.180 - - [26/Jan/2020:21:52:59 +0100] "GET /robots.txt HTTP/1.1" 404 4414 "-" "Mozilla/5.0 (compatible; AhrefsBot/6.1; +http://ahrefs.com/robot/)"
89.248.107.232 - - [26/Jan/2020:22:04:10 +0100] "POST /wp-cron.php?doing_wp_cron=1580072650.6540019512176513671875 HTTP/1.1" 200 1860 "-" "WordPress/5.2.5; https://fincasandoval.com"
195.248.251.18 - - [26/Jan/2020:22:04:10 +0100] "GET / HTTP/1.1" 200 17525 "http://fincasandoval.com" "Mozilla/5.0 (Macintosh; Intel Mac OS X 10.13; rv:58.0) Gecko/20100101 Firefox/58.0"
185.85.239.195 - - [26/Jan/2020:22:24:36 +0100] "GET /wp-login.php HTTP/1.1" 200 7045 "-" "Mozilla/5.0 (Windows NT 10.0; WOW64) AppleWebKit/537.36 (KHTML, like Gecko) Chrome/51.0.2704.103 Safari/537.36"
185.85.239.195 - - [26/Jan/2020:22:24:36 +0100] "POST /wp-login.php HTTP/1.1" 200 4633 "https://fincasandoval.com/wp-login.php" "Mozilla/5.0 (Windows NT 10.0; WOW64) AppleWebKit/537.36 (KHTML, like Gecko) Chrome/51.0.2704.103 Safari/537.36"
202.241.208.7 - - [26/Jan/2020:22:39:30 +0100] "GET /ads.txt HTTP/1.1" 404 4670 "-" "Mozilla/5.0 (Windows NT 10.0; Win64; x64) AppleWebKit/537.36 (KHTML, like Gecko) Chrome/68.0.3440.106 Safari/537.36"
89.248.107.232 - - [26/Jan/2020:22:42:42 +0100] "POST /wp-cron.php?doing_wp_cron=1580074962.9109721183776855468750 HTTP/1.1" 200 1860 "-" "WordPress/5.2.5; https://fincasandoval.com"
193.106.30.99 - - [26/Jan/2020:22:42:42 +0100] "POST / HTTP/1.1" 200 17757 "-" "Mozilla/5.0 (Windows NT 6.1; Win64; x64) AppleWebKit/537.36 (KHTML, like Gecko) Chrome/73.0.3683.103 Safari/537.36"
130.245.42.6 - - [26/Jan/2020:22:49:07 +0100] "GET / HTTP/1.1" 200 17757 "-" "Mozilla/5.0 (X11; Linux x86_64; rv:71.0) Gecko/20100101 Firefox/71.0"
130.245.42.6 - - [26/Jan/2020:22:49:07 +0100] "GET /wp-includes/css/dist/block-library/style.min.css?ver=5.2.5 HTTP/1.1" 200 29676 "https://fincasandoval.com/" "Mozilla/5.0 (X11; Linux x86_64; rv:71.0) Gecko/20100101 Firefox/71.0"
130.245.42.6 - - [26/Jan/2020:22:49:07 +0100] "GET /wp-content/themes/book-lite/style.css?ver=5.2.5 HTTP/1.1" 200 21109 "https://fincasandoval.com/" "Mozilla/5.0 (X11; Linux x86_64; rv:71.0) Gecko/20100101 Firefox/71.0"
130.245.42.6 - - [26/Jan/2020:22:49:07 +0100] "GET /wp-includes/js/jquery/jquery-migrate.min.js?ver=1.4.1 HTTP/1.1" 200 10560 "https://fincasandoval.com/" "Mozilla/5.0 (X11; Linux x86_64; rv:71.0) Gecko/20100101 Firefox/71.0"
130.245.42.6 - - [26/Jan/2020:22:49:07 +0100] "GET /wp-includes/js/wp-emoji-release.min.js?ver=5.2.5 HTTP/1.1" 200 14344 "https://fincasandoval.com/" "Mozilla/5.0 (X11; Linux x86_64; rv:71.0) Gecko/20100101 Firefox/71.0"
130.245.42.6 - - [26/Jan/2020:22:49:07 +0100] "GET /wp-content/themes/book-lite/js/small-menu.js?ver=20120206 HTTP/1.1" 200 1761 "https://fincasandoval.com/" "Mozilla/5.0 (X11; Linux x86_64; rv:71.0) Gecko/20100101 Firefox/71.0"
130.245.42.6 - - [26/Jan/2020:22:49:07 +0100] "GET /wp-content/themes/book-lite/js/script.js?ver=1.0 HTTP/1.1" 200 624 "https://fincasandoval.com/" "Mozilla/5.0 (X11; Linux x86_64; rv:71.0) Gecko/20100101 Firefox/71.0"
130.245.42.6 - - [26/Jan/2020:22:49:07 +0100] "GET /wp-includes/js/jquery/jquery.js?ver=1.12.4-wp HTTP/1.1" 200 97523 "https://fincasandoval.com/" "Mozilla/5.0 (X11; Linux x86_64; rv:71.0) Gecko/20100101 Firefox/71.0"
130.245.42.6 - - [26/Jan/2020:22:49:07 +0100] "GET /wp-includes/js/wp-embed.min.js?ver=5.2.5 HTTP/1.1" 200 1767 "https://fincasandoval.com/" "Mozilla/5.0 (X11; Linux x86_64; rv:71.0) Gecko/20100101 Firefox/71.0"
130.245.42.6 - - [26/Jan/2020:22:49:08 +0100] "GET /wp-content/uploads/2017/05/vs-2016.jpg HTTP/1.1" 200 25846 "https://fincasandoval.com/" "Mozilla/5.0 (X11; Linux x86_64; rv:71.0) Gecko/20100101 Firefox/71.0"
130.245.42.6 - - [26/Jan/2020:22:49:08 +0100] "GET /wp-content/uploads/2019/09/cropped-header-1.jpg HTTP/1.1" 200 45807 "https://fincasandoval.com/" "Mozilla/5.0 (X11; Linux x86_64; rv:71.0) Gecko/20100101 Firefox/71.0"
130.245.42.6 - - [26/Jan/2020:22:49:08 +0100] "GET /wp-content/themes/book-lite/images/break.png HTTP/1.1" 200 951 "https://fincasandoval.com/wp-content/themes/book-lite/style.css?ver=5.2.5" "Mozilla/5.0 (X11; Linux x86_64; rv:71.0) Gecko/20100101 Firefox/71.0"
130.245.42.6 - - [26/Jan/2020:22:49:08 +0100] "GET /wp-content/themes/book-lite/images/nav-bg.png HTTP/1.1" 200 458 "https://fincasandoval.com/wp-content/themes/book-lite/style.css?ver=5.2.5" "Mozilla/5.0 (X11; Linux x86_64; rv:71.0) Gecko/20100101 Firefox/71.0"
130.245.42.6 - - [26/Jan/2020:22:49:08 +0100] "GET /wp-content/themes/book-lite/images/diamond-white.png HTTP/1.1" 200 565 "https://fincasandoval.com/wp-content/themes/book-lite/style.css?ver=5.2.5" "Mozilla/5.0 (X11; Linux x86_64; rv:71.0) Gecko/20100101 Firefox/71.0"
130.245.42.6 - - [26/Jan/2020:22:49:08 +0100] "GET /favicon.ico HTTP/1.1" 200 5797 "-" "Mozilla/5.0 (X11; Linux x86_64; rv:71.0) Gecko/20100101 Firefox/71.0"
130.245.42.6 - - [26/Jan/2020:22:49:08 +0100] "GET /wp-content/uploads/2014/11/fs-1.jpg?w=625 HTTP/1.1" 200 639596 "https://fincasandoval.com/" "Mozilla/5.0 (X11; Linux x86_64; rv:71.0) Gecko/20100101 Firefox/71.0"
89.248.107.232 - - [26/Jan/2020:23:39:23 +0100] "POST /wp-cron.php?doing_wp_cron=1580078363.9559030532836914062500 HTTP/1.1" 200 1860 "-" "WordPress/5.2.5; https://fincasandoval.com"
209.99.168.136 - - [26/Jan/2020:23:39:23 +0100] "GET / HTTP/1.0" 200 17531 "-" "Mozilla/5.0 (Macintosh; Intel Mac OS X 10_13_1) AppleWebKit/537.36 (KHTML, like Gecko) Chrome/65.0.3325.181 Safari/537.36"
45.152.34.206 - - [26/Jan/2020:23:39:27 +0100] "GET /?page_id=41 HTTP/1.0" 200 13040 "http://fincasandoval.com" "Mozilla/5.0 (Macintosh; Intel Mac OS X 10_13_1) AppleWebKit/537.36 (KHTML, like Gecko) Chrome/65.0.3325.181 Safari/537.36"
157.55.39.240 - - [26/Jan/2020:23:45:35 +0100] "GET /wp-content/uploads/2014/11/fs-4.jpg?w=300 HTTP/1.1" 200 4345224 "-" "Mozilla/5.0 (compatible; bingbot/2.0; +http://www.bing.com/bingbot.htm)"
89.248.107.232 - - [26/Jan/2020:23:57:22 +0100] "POST /wp-cron.php?doing_wp_cron=1580079442.4770529270172119140625 HTTP/1.1" 200 1860 "-" "WordPress/5.2.5; https://fincasandoval.com"
149.202.139.17 - - [26/Jan/2020:23:57:22 +0100] "GET / HTTP/1.1" 200 17506 "-" "Mozilla/5.0 (Windows NT 6.1; WOW64) AppleWebKit/537.36 (KHTML, like Gecko) Chrome/41.0.2227.0 Safari/537.36"
157.55.39.240 - - [27/Jan/2020:00:26:04 +0100] "GET /wp-content/uploads/2014/11/fs-4.jpg?w=300 HTTP/1.1" 200 4345224 "-" "Mozilla/5.0 (compatible; bingbot/2.0; +http://www.bing.com/bingbot.htm)"
185.86.164.106 - - [27/Jan/2020:00:50:33 +0100] "GET /wp-login.php HTTP/1.1" 200 7045 "-" "Mozilla/5.0 (Windows NT 10.0; WOW64) AppleWebKit/537.36 (KHTML, like Gecko) Chrome/51.0.2704.103 Safari/537.36"
89.248.107.232 - - [27/Jan/2020:00:50:33 +0100] "POST /wp-cron.php?doing_wp_cron=1580082633.4779300689697265625000 HTTP/1.1" 200 1860 "-" "WordPress/5.2.5; https://fincasandoval.com"
185.86.164.106 - - [27/Jan/2020:00:50:33 +0100] "POST /wp-login.php HTTP/1.1" 200 4633 "https://fincasandoval.com/wp-login.php" "Mozilla/5.0 (Windows NT 10.0; WOW64) AppleWebKit/537.36 (KHTML, like Gecko) Chrome/51.0.2704.103 Safari/537.36"
3.214.209.95 - - [27/Jan/2020:00:54:42 +0100] "GET /ads.txt HTTP/1.1" 404 4470 "-" "Mozilla/5.0 (Macintosh; Intel Mac OS X 10_12_6) AppleWebKit/537.36 (KHTML, like Gecko) Chrome/63.0.3239.84 Safari/537.36"
3.214.209.95 - - [27/Jan/2020:00:54:43 +0100] "GET /ads.txt HTTP/1.1" 404 4470 "-" "Mozilla/5.0 (Macintosh; Intel Mac OS X 10_12_6) AppleWebKit/537.36 (KHTML, like Gecko) Chrome/63.0.3239.84 Safari/537.36"
89.248.107.232 - - [27/Jan/2020:01:24:28 +0100] "POST /wp-cron.php?doing_wp_cron=1580084668.2473480701446533203125 HTTP/1.1" 200 1860 "-" "WordPress/5.2.5; https://fincasandoval.com"
157.230.242.122 - - [27/Jan/2020:01:24:27 +0100] "GET /wp-login.php HTTP/1.1" 200 6587 "-" "Mozilla/5.0 (X11; Ubuntu; Linux x86_64; rv:62.0) Gecko/20100101 Firefox/62.0"
157.230.242.122 - - [27/Jan/2020:01:24:33 +0100] "POST /wp-login.php HTTP/1.1" 200 7562 "-" "Mozilla/5.0 (X11; Ubuntu; Linux x86_64; rv:62.0) Gecko/20100101 Firefox/62.0"
157.230.242.122 - - [27/Jan/2020:01:24:39 +0100] "GET /wp-login.php HTTP/1.1" 200 6587 "-" "Mozilla/5.0 (X11; Ubuntu; Linux x86_64; rv:62.0) Gecko/20100101 Firefox/62.0"
157.230.242.122 - - [27/Jan/2020:01:24:45 +0100] "POST /wp-login.php HTTP/1.1" 200 7445 "-" "Mozilla/5.0 (X11; Ubuntu; Linux x86_64; rv:62.0) Gecko/20100101 Firefox/62.0"
54.90.139.111 - - [27/Jan/2020:01:30:09 +0100] "GET /ads.txt HTTP/1.1" 404 4628 "-" "Magic Browser"
54.90.139.111 - - [27/Jan/2020:01:30:10 +0100] "GET / HTTP/1.1" 200 17757 "-" "python-requests/2.22.0"
54.90.139.111 - - [27/Jan/2020:01:30:14 +0100] "GET /ads.txt HTTP/1.1" 404 4628 "-" "Magic Browser"
54.90.139.111 - - [27/Jan/2020:01:30:15 +0100] "GET /ads.txt HTTP/1.1" 404 4628 "-" "Magic Browser"
54.90.139.111 - - [27/Jan/2020:01:30:17 +0100] "GET /ads.txt HTTP/1.1" 404 4628 "-" "Magic Browser"
106.120.173.81 - - [27/Jan/2020:01:32:45 +0100] "GET / HTTP/1.1" 200 17725 "-" "Sogou web spider/4.0(+http://www.sogou.com/docs/help/webmasters.htm#07)"
212.99.44.83 - - [27/Jan/2020:01:38:40 +0100] "GET /?feed=rss2 HTTP/1.1" 200 5417 "-" "UniversalFeedParser/5.1.3 +https://code.google.com/p/feedparser/"
89.248.107.232 - - [27/Jan/2020:01:49:06 +0100] "POST /wp-cron.php?doing_wp_cron=1580086146.5700221061706542968750 HTTP/1.1" 200 1860 "-" "WordPress/5.2.5; https://fincasandoval.com"
51.158.126.165 - - [27/Jan/2020:01:49:06 +0100] "GET / HTTP/1.1" 200 17506 "http://fincasandoval.com/" "Mozilla/5.0 (X11; Linux x86_64) AppleWebKit/537.36 (KHTML, like Gecko) Chrome/76.0.3809.132 Safari/537.36"
198.245.60.109 - - [27/Jan/2020:01:51:12 +0100] "GET /wp-login.php HTTP/1.1" 200 6587 "-" "Mozilla/5.0 (X11; Ubuntu; Linux x86_64; rv:62.0) Gecko/20100101 Firefox/62.0"
198.245.60.109 - - [27/Jan/2020:01:51:12 +0100] "POST /wp-login.php HTTP/1.1" 200 7562 "-" "Mozilla/5.0 (X11; Ubuntu; Linux x86_64; rv:62.0) Gecko/20100101 Firefox/62.0"
198.245.60.109 - - [27/Jan/2020:01:51:13 +0100] "POST /xmlrpc.php HTTP/1.1" 200 3835 "-" "Mozilla/5.0 (X11; Ubuntu; Linux x86_64; rv:62.0) Gecko/20100101 Firefox/62.0"
89.248.107.232 - - [27/Jan/2020:02:01:08 +0100] "HEAD / HTTP/1.1" 200 1404 "-" "-"
89.248.107.232 - - [27/Jan/2020:02:01:11 +0100] "HEAD / HTTP/1.1" 200 1404 "-" "-"
66.249.73.60 - - [27/Jan/2020:02:19:35 +0100] "GET /robots.txt HTTP/1.1" 404 4665 "-" "Mozilla/5.0 (compatible; Googlebot/2.1; +http://www.google.com/bot.html)"
89.248.107.232 - - [27/Jan/2020:02:41:47 +0100] "POST /wp-cron.php?doing_wp_cron=1580089307.7308349609375000000000 HTTP/1.1" 200 1860 "-" "WordPress/5.2.5; https://fincasandoval.com"
159.138.155.160 - - [27/Jan/2020:02:41:46 +0100] "GET / HTTP/1.1" 200 17525 "-" "Mozilla/5.0(Linux;U;Android 5.1.1;zh-CN;OPPO A33 Build/LMY47V) AppleWebKit/537.36(KHTML,like Gecko) Version/4.0 Chrome/40.0.2214.89 UCBrowser/11.7.0.953 Mobile Safari/537.36"
89.248.107.232 - - [27/Jan/2020:03:20:41 +0100] "POST /wp-cron.php?doing_wp_cron=1580091641.6642010211944580078125 HTTP/1.1" 200 1860 "-" "WordPress/5.2.5; https://fincasandoval.com"
137.226.113.27 - - [27/Jan/2020:03:20:41 +0100] "GET / HTTP/1.1" 301 3416 "-" "Mozilla/5.0 zgrab/0.x (compatible; Researchscan/t12sns; +http://researchscan.comsys.rwth-aachen.de)"
52.44.119.95 - - [27/Jan/2020:04:54:47 +0100] "GET /ads.txt HTTP/1.1" 404 4470 "-" "Mozilla/5.0 (Macintosh; Intel Mac OS X 10_12_6) AppleWebKit/537.36 (KHTML, like Gecko) Chrome/63.0.3239.84 Safari/537.36"
52.44.119.95 - - [27/Jan/2020:04:54:47 +0100] "GET /ads.txt HTTP/1.1" 404 4470 "-" "Mozilla/5.0 (Macintosh; Intel Mac OS X 10_12_6) AppleWebKit/537.36 (KHTML, like Gecko) Chrome/63.0.3239.84 Safari/537.36"
89.248.107.232 - - [27/Jan/2020:05:13:38 +0100] "POST /wp-cron.php?doing_wp_cron=1580098418.3140900135040283203125 HTTP/1.1" 200 1860 "-" "WordPress/5.2.5; https://fincasandoval.com"
104.211.226.200 - - [27/Jan/2020:05:13:36 +0100] "GET /wp-login.php HTTP/1.1" 200 6587 "-" "Mozilla/5.0 (X11; Ubuntu; Linux x86_64; rv:62.0) Gecko/20100101 Firefox/62.0"
104.211.226.200 - - [27/Jan/2020:05:13:39 +0100] "POST /wp-login.php HTTP/1.1" 200 7562 "-" "Mozilla/5.0 (X11; Ubuntu; Linux x86_64; rv:62.0) Gecko/20100101 Firefox/62.0"
104.211.226.200 - - [27/Jan/2020:05:13:40 +0100] "GET /wp-login.php HTTP/1.1" 200 6587 "-" "Mozilla/5.0 (X11; Ubuntu; Linux x86_64; rv:62.0) Gecko/20100101 Firefox/62.0"
104.211.226.200 - - [27/Jan/2020:05:13:40 +0100] "POST /wp-login.php HTTP/1.1" 200 7445 "-" "Mozilla/5.0 (X11; Ubuntu; Linux x86_64; rv:62.0) Gecko/20100101 Firefox/62.0"
114.119.128.34 - - [27/Jan/2020:07:05:18 +0100] "GET /critica/ HTTP/1.1" 404 4433 "-" "Mozilla/5.0 (Linux; Android 7.0; FRD-AL00 Build/HUAWEIFRD-AL00; wv) AppleWebKit/537.36 (KHTML, like Gecko) Version/4.0 Chrome/53.0.2785.49 Mobile MQQBrowser/6.2 TBS/043602 Safari/537.36 MicroMessenger/6.5.16.1120 NetType/WIFI Language/zh_CN"
89.248.107.232 - - [27/Jan/2020:07:10:58 +0100] "POST /wp-cron.php?doing_wp_cron=1580105458.8663120269775390625000 HTTP/1.1" 200 1860 "-" "WordPress/5.2.5; https://fincasandoval.com"
104.211.226.200 - - [27/Jan/2020:07:10:57 +0100] "GET /wp-login.php HTTP/1.1" 200 6587 "-" "Mozilla/5.0 (X11; Ubuntu; Linux x86_64; rv:62.0) Gecko/20100101 Firefox/62.0"
104.211.226.200 - - [27/Jan/2020:07:10:59 +0100] "POST /wp-login.php HTTP/1.1" 200 7562 "-" "Mozilla/5.0 (X11; Ubuntu; Linux x86_64; rv:62.0) Gecko/20100101 Firefox/62.0"
104.211.226.200 - - [27/Jan/2020:07:11:00 +0100] "GET /wp-login.php HTTP/1.1" 200 6587 "-" "Mozilla/5.0 (X11; Ubuntu; Linux x86_64; rv:62.0) Gecko/20100101 Firefox/62.0"
104.211.226.200 - - [27/Jan/2020:07:11:01 +0100] "POST /wp-login.php HTTP/1.1" 200 7445 "-" "Mozilla/5.0 (X11; Ubuntu; Linux x86_64; rv:62.0) Gecko/20100101 Firefox/62.0"
176.9.4.111 - - [27/Jan/2020:07:57:50 +0100] "GET /robots.txt HTTP/1.1" 404 4470 "-" "Mozilla/5.0 (compatible; BLEXBot/1.0; +http://webmeup-crawler.com/)"
89.248.107.232 - - [27/Jan/2020:07:57:50 +0100] "POST /wp-cron.php?doing_wp_cron=1580108270.9412829875946044921875 HTTP/1.1" 200 1860 "-" "WordPress/5.2.5; https://fincasandoval.com"
176.9.4.111 - - [27/Jan/2020:07:57:50 +0100] "GET / HTTP/1.1" 200 17562 "-" "Mozilla/5.0 (compatible; BLEXBot/1.0; +http://webmeup-crawler.com/)"
149.202.139.17 - - [27/Jan/2020:08:32:32 +0100] "POST /wp-networks.php HTTP/1.1" 404 3424 "-" "Mozilla/5.0 (Windows NT 6.1; WOW64) AppleWebKit/537.36 (KHTML, like Gecko) Chrome/41.0.2227.0 Safari/537.36"
52.44.119.95 - - [27/Jan/2020:08:54:52 +0100] "GET /ads.txt HTTP/1.1" 404 4470 "-" "Mozilla/5.0 (Macintosh; Intel Mac OS X 10_12_6) AppleWebKit/537.36 (KHTML, like Gecko) Chrome/63.0.3239.84 Safari/537.36"
52.44.119.95 - - [27/Jan/2020:08:54:53 +0100] "GET /ads.txt HTTP/1.1" 404 4470 "-" "Mozilla/5.0 (Macintosh; Intel Mac OS X 10_12_6) AppleWebKit/537.36 (KHTML, like Gecko) Chrome/63.0.3239.84 Safari/537.36"
89.248.107.232 - - [27/Jan/2020:08:57:05 +0100] "POST /wp-cron.php?doing_wp_cron=1580111825.4328930377960205078125 HTTP/1.1" 200 1860 "-" "WordPress/5.2.5; https://fincasandoval.com"
188.92.72.129 - - [27/Jan/2020:08:57:05 +0100] "GET / HTTP/1.1" 200 17506 "-" "Mozilla/5.0 (Windows NT 6.1; WOW64) AppleWebKit/537.1 (KHTML, like Gecko) Chrome/22.0.1207.1 Safari/537.1"
77.75.78.160 - - [27/Jan/2020:09:04:56 +0100] "GET /robots.txt HTTP/1.1" 404 4670 "-" "Mozilla/5.0 (compatible; SeznamBot/3.2; +http://napoveda.seznam.cz/en/seznambot-intro/)"
77.75.78.160 - - [27/Jan/2020:09:04:58 +0100] "GET /wp-content/uploads/2014/11/fs-6.jpg?w=625 HTTP/1.1" 304 3480 "-" "Mozilla/5.0 (compatible; SeznamBot/3.2; +http://napoveda.seznam.cz/en/seznambot-intro/)"
46.229.168.154 - - [27/Jan/2020:09:11:42 +0100] "GET /robots.txt HTTP/1.1" 404 4628 "-" "Mozilla/5.0 (compatible; SemrushBot/6~bl; +http://www.semrush.com/bot.html)"
46.229.168.147 - - [27/Jan/2020:09:11:42 +0100] "GET /?page_id=41 HTTP/1.1" 200 13199 "-" "Mozilla/5.0 (compatible; SemrushBot/6~bl; +http://www.semrush.com/bot.html)"
185.86.164.111 - - [27/Jan/2020:09:16:48 +0100] "GET /wp-login.php HTTP/1.1" 200 7045 "-" "Mozilla/5.0 (Windows NT 10.0; WOW64) AppleWebKit/537.36 (KHTML, like Gecko) Chrome/51.0.2704.103 Safari/537.36"
185.86.164.111 - - [27/Jan/2020:09:16:49 +0100] "POST /wp-login.php HTTP/1.1" 200 4633 "https://fincasandoval.com/wp-login.php" "Mozilla/5.0 (Windows NT 10.0; WOW64) AppleWebKit/537.36 (KHTML, like Gecko) Chrome/51.0.2704.103 Safari/537.36"
136.243.70.151 - - [27/Jan/2020:09:41:10 +0100] "GET /robots.txt HTTP/1.1" 404 4665 "-" "Mozilla/5.0 (compatible; MJ12bot/v1.4.8; http://mj12bot.com/)"
136.243.70.151 - - [27/Jan/2020:09:41:13 +0100] "GET / HTTP/1.1" 301 332 "-" "Mozilla/5.0 (compatible; MJ12bot/v1.4.8; http://mj12bot.com/)"
136.243.70.151 - - [27/Jan/2020:09:41:14 +0100] "GET /robots.txt HTTP/1.1" 404 4665 "-" "Mozilla/5.0 (compatible; MJ12bot/v1.4.8; http://mj12bot.com/)"
136.243.70.151 - - [27/Jan/2020:09:41:15 +0100] "GET / HTTP/1.1" 200 14422 "-" "Mozilla/5.0 (compatible; MJ12bot/v1.4.8; http://mj12bot.com/)"
162.210.196.97 - - [27/Jan/2020:09:54:58 +0100] "GET /robots.txt HTTP/1.1" 404 4665 "-" "Mozilla/5.0 (compatible; MJ12bot/v1.4.8; http://mj12bot.com/)"
89.248.107.232 - - [27/Jan/2020:09:55:01 +0100] "POST /wp-cron.php?doing_wp_cron=1580115301.7285189628601074218750 HTTP/1.1" 200 1860 "-" "WordPress/5.2.5; https://fincasandoval.com"
162.210.196.97 - - [27/Jan/2020:09:55:01 +0100] "GET / HTTP/1.1" 200 14422 "-" "Mozilla/5.0 (compatible; MJ12bot/v1.4.8; http://mj12bot.com/)"
198.27.80.123 - - [27/Jan/2020:10:50:55 +0100] "GET /wp-login.php HTTP/1.1" 200 6824 "http://www.google.com.hk" "Mozilla/5.0 (Windows NT 6.1; WOW64) AppleWebKit/537.36 (KHTML, like Gecko) Chrome/42.0.2311.90 Safari/537.36"
89.248.107.232 - - [27/Jan/2020:10:50:56 +0100] "POST /wp-cron.php?doing_wp_cron=1580118656.1183519363403320312500 HTTP/1.1" 200 1860 "-" "WordPress/5.2.5; https://fincasandoval.com"
198.27.80.123 - - [27/Jan/2020:10:50:56 +0100] "GET / HTTP/1.1" 200 17762 "-" "Mozilla/5.0 (Windows NT 6.2; WOW64) AppleWebKit/537.36 (KHTML, like Gecko) Chrome/36.0.1985.125 Safari/537.36"
198.27.80.123 - - [27/Jan/2020:10:50:57 +0100] "GET /wp-admin/plugin-install.php?tab=upload HTTP/1.1" 302 580 "-" "Mozilla/5.0 (Windows NT 6.2; WOW64) AppleWebKit/537.36 (KHTML, like Gecko) Chrome/36.0.1985.125 Safari/537.36"
198.27.80.123 - - [27/Jan/2020:10:50:57 +0100] "GET /wp-login.php?redirect_to=https%3A%2F%2Ffincasandoval.com%2Fwp-admin%2Fplugin-install.php%3Ftab%3Dupload&reauth=1 HTTP/1.1" 200 5593 "-" "Mozilla/5.0 (Windows NT 6.2; WOW64) AppleWebKit/537.36 (KHTML, like Gecko) Chrome/36.0.1985.125 Safari/537.36"
198.27.80.123 - - [27/Jan/2020:10:50:58 +0100] "GET / HTTP/1.1" 200 17762 "-" "Mozilla/5.0 (Macintosh; Intel Mac OS X 10_9_4) AppleWebKit/537.36 (KHTML, like Gecko) Chrome/35.0.1916.153 Safari/537.36"
198.27.80.123 - - [27/Jan/2020:10:50:58 +0100] "GET /wp-admin/plugin-install.php?tab=upload HTTP/1.1" 302 580 "-" "Mozilla/5.0 (Macintosh; Intel Mac OS X 10_9_4) AppleWebKit/537.36 (KHTML, like Gecko) Chrome/35.0.1916.153 Safari/537.36"
198.27.80.123 - - [27/Jan/2020:10:50:59 +0100] "GET /wp-login.php?redirect_to=https%3A%2F%2Ffincasandoval.com%2Fwp-admin%2Fplugin-install.php%3Ftab%3Dupload&reauth=1 HTTP/1.1" 200 5593 "-" "Mozilla/5.0 (Macintosh; Intel Mac OS X 10_9_4) AppleWebKit/537.36 (KHTML, like Gecko) Chrome/35.0.1916.153 Safari/537.36"
198.27.80.123 - - [27/Jan/2020:10:50:59 +0100] "GET /?author=1 HTTP/1.1" 200 13307 "http://www.google.com.hk" "Mozilla/5.0 (Windows NT 6.1; WOW64) AppleWebKit/537.36 (KHTML, like Gecko) Chrome/42.0.2311.90 Safari/537.36"
198.27.80.123 - - [27/Jan/2020:10:51:00 +0100] "GET / HTTP/1.1" 200 17762 "-" "Mozilla/5.0 (X11; Linux i686) AppleWebKit/537.36 (KHTML, like Gecko) Chrome/36.0.1985.125 Safari/537.36"
198.27.80.123 - - [27/Jan/2020:10:51:01 +0100] "GET /wp-admin/plugin-install.php?tab=upload HTTP/1.1" 302 580 "-" "Mozilla/5.0 (X11; Linux i686) AppleWebKit/537.36 (KHTML, like Gecko) Chrome/36.0.1985.125 Safari/537.36"
198.27.80.123 - - [27/Jan/2020:10:51:01 +0100] "GET /wp-login.php?redirect_to=https%3A%2F%2Ffincasandoval.com%2Fwp-admin%2Fplugin-install.php%3Ftab%3Dupload&reauth=1 HTTP/1.1" 200 5593 "-" "Mozilla/5.0 (X11; Linux i686) AppleWebKit/537.36 (KHTML, like Gecko) Chrome/36.0.1985.125 Safari/537.36"
198.27.80.123 - - [27/Jan/2020:10:51:01 +0100] "GET / HTTP/1.1" 200 17762 "-" "Mozilla/5.0 (X11; Linux x86_64) AppleWebKit/537.36 (KHTML, like Gecko) Ubuntu Chromium/34.0.1847.116 Chrome/34.0.1847.116 Safari/537.36"
198.27.80.123 - - [27/Jan/2020:10:51:02 +0100] "GET /wp-admin/plugin-install.php?tab=upload HTTP/1.1" 302 580 "-" "Mozilla/5.0 (X11; Linux x86_64) AppleWebKit/537.36 (KHTML, like Gecko) Ubuntu Chromium/34.0.1847.116 Chrome/34.0.1847.116 Safari/537.36"
198.27.80.123 - - [27/Jan/2020:10:51:02 +0100] "GET /wp-login.php?redirect_to=https%3A%2F%2Ffincasandoval.com%2Fwp-admin%2Fplugin-install.php%3Ftab%3Dupload&reauth=1 HTTP/1.1" 200 5593 "-" "Mozilla/5.0 (X11; Linux x86_64) AppleWebKit/537.36 (KHTML, like Gecko) Ubuntu Chromium/34.0.1847.116 Chrome/34.0.1847.116 Safari/537.36"
198.27.80.123 - - [27/Jan/2020:10:51:03 +0100] "GET / HTTP/1.1" 200 17762 "-" "Mozilla/5.0 (Macintosh; Intel Mac OS X 10_7_5) AppleWebKit/537.77.4 (KHTML, like Gecko) Version/6.1.5 Safari/537.77.4"
198.27.80.123 - - [27/Jan/2020:10:51:03 +0100] "GET /wp-admin/plugin-install.php?tab=upload HTTP/1.1" 302 580 "-" "Mozilla/5.0 (Macintosh; Intel Mac OS X 10_7_5) AppleWebKit/537.77.4 (KHTML, like Gecko) Version/6.1.5 Safari/537.77.4"
198.27.80.123 - - [27/Jan/2020:10:51:03 +0100] "GET /wp-login.php?redirect_to=https%3A%2F%2Ffincasandoval.com%2Fwp-admin%2Fplugin-install.php%3Ftab%3Dupload&reauth=1 HTTP/1.1" 200 5593 "-" "Mozilla/5.0 (Macintosh; Intel Mac OS X 10_7_5) AppleWebKit/537.77.4 (KHTML, like Gecko) Version/6.1.5 Safari/537.77.4"
198.27.80.123 - - [27/Jan/2020:10:51:05 +0100] "GET / HTTP/1.1" 200 17762 "-" "Mozilla/5.0 (Macintosh; Intel Mac OS X 10.8; rv:31.0) Gecko/20100101 Firefox/31.0"
198.27.80.123 - - [27/Jan/2020:10:51:05 +0100] "GET /wp-admin/plugin-install.php?tab=upload HTTP/1.1" 302 580 "-" "Mozilla/5.0 (Macintosh; Intel Mac OS X 10.8; rv:31.0) Gecko/20100101 Firefox/31.0"
198.27.80.123 - - [27/Jan/2020:10:51:05 +0100] "GET /wp-login.php?redirect_to=https%3A%2F%2Ffincasandoval.com%2Fwp-admin%2Fplugin-install.php%3Ftab%3Dupload&reauth=1 HTTP/1.1" 200 5593 "-" "Mozilla/5.0 (Macintosh; Intel Mac OS X 10.8; rv:31.0) Gecko/20100101 Firefox/31.0"
198.27.80.123 - - [27/Jan/2020:10:51:06 +0100] "GET /?author=2 HTTP/1.1" 404 13394 "http://www.google.com.hk" "Mozilla/5.0 (Windows NT 6.1; WOW64) AppleWebKit/537.36 (KHTML, like Gecko) Chrome/42.0.2311.90 Safari/537.36"
198.27.80.123 - - [27/Jan/2020:10:51:07 +0100] "GET /?author=3 HTTP/1.1" 404 13394 "http://www.google.com.hk" "Mozilla/5.0 (Windows NT 6.1; WOW64) AppleWebKit/537.36 (KHTML, like Gecko) Chrome/42.0.2311.90 Safari/537.36"
198.27.80.123 - - [27/Jan/2020:10:51:08 +0100] "GET /?author=4 HTTP/1.1" 404 13394 "http://www.google.com.hk" "Mozilla/5.0 (Windows NT 6.1; WOW64) AppleWebKit/537.36 (KHTML, like Gecko) Chrome/42.0.2311.90 Safari/537.36"
198.27.80.123 - - [27/Jan/2020:10:51:08 +0100] "GET /?author=5 HTTP/1.1" 404 13394 "http://www.google.com.hk" "Mozilla/5.0 (Windows NT 6.1; WOW64) AppleWebKit/537.36 (KHTML, like Gecko) Chrome/42.0.2311.90 Safari/537.36"
198.27.80.123 - - [27/Jan/2020:10:51:09 +0100] "GET /?author=6 HTTP/1.1" 404 13394 "http://www.google.com.hk" "Mozilla/5.0 (Windows NT 6.1; WOW64) AppleWebKit/537.36 (KHTML, like Gecko) Chrome/42.0.2311.90 Safari/537.36"
198.27.80.123 - - [27/Jan/2020:10:51:10 +0100] "GET /?author=7 HTTP/1.1" 404 13394 "http://www.google.com.hk" "Mozilla/5.0 (Windows NT 6.1; WOW64) AppleWebKit/537.36 (KHTML, like Gecko) Chrome/42.0.2311.90 Safari/537.36"
198.27.80.123 - - [27/Jan/2020:10:51:11 +0100] "GET /wp-json/wp/v2/users HTTP/1.1" 404 4670 "-" "Mozilla/5.0 (X11; Linux i686) AppleWebKit/537.36 (KHTML, like Gecko) Chrome/36.0.1985.125 Safari/537.36"
198.27.80.123 - - [27/Jan/2020:10:51:11 +0100] "GET /wp-login.php HTTP/1.1" 200 6824 "http://www.google.com.hk" "Mozilla/5.0 (Windows NT 6.1; WOW64) AppleWebKit/537.36 (KHTML, like Gecko) Chrome/42.0.2311.90 Safari/537.36"
198.27.80.123 - - [27/Jan/2020:10:51:12 +0100] "POST / HTTP/1.1" 200 17762 "-" "Mozilla/5.0 (Windows NT 6.1; WOW64) AppleWebKit/537.36 (KHTML, like Gecko) Chrome/35.0.1916.153 Safari/537.36"
198.27.80.123 - - [27/Jan/2020:10:51:12 +0100] "GET /wp-admin/plugin-install.php?tab=upload HTTP/1.1" 302 580 "-" "Mozilla/5.0 (Windows NT 6.1; WOW64) AppleWebKit/537.36 (KHTML, like Gecko) Chrome/35.0.1916.153 Safari/537.36"
198.27.80.123 - - [27/Jan/2020:10:51:12 +0100] "GET /wp-login.php?redirect_to=https%3A%2F%2Ffincasandoval.com%2Fwp-admin%2Fplugin-install.php%3Ftab%3Dupload&reauth=1 HTTP/1.1" 200 5593 "-" "Mozilla/5.0 (Windows NT 6.1; WOW64) AppleWebKit/537.36 (KHTML, like Gecko) Chrome/35.0.1916.153 Safari/537.36"
198.27.80.123 - - [27/Jan/2020:10:51:13 +0100] "POST / HTTP/1.1" 200 17762 "-" "Mozilla/5.0 (Windows NT 6.1; rv:31.0) Gecko/20100101 Firefox/31.0"
198.27.80.123 - - [27/Jan/2020:10:51:13 +0100] "GET /wp-admin/plugin-install.php?tab=upload HTTP/1.1" 302 580 "-" "Mozilla/5.0 (Windows NT 6.1; rv:31.0) Gecko/20100101 Firefox/31.0"
198.27.80.123 - - [27/Jan/2020:10:51:13 +0100] "GET /wp-login.php?redirect_to=https%3A%2F%2Ffincasandoval.com%2Fwp-admin%2Fplugin-install.php%3Ftab%3Dupload&reauth=1 HTTP/1.1" 200 5593 "-" "Mozilla/5.0 (Windows NT 6.1; rv:31.0) Gecko/20100101 Firefox/31.0"
198.27.80.123 - - [27/Jan/2020:10:51:14 +0100] "GET /?author=1 HTTP/1.1" 200 13307 "http://www.google.com.hk" "Mozilla/5.0 (Windows NT 6.1; WOW64) AppleWebKit/537.36 (KHTML, like Gecko) Chrome/42.0.2311.90 Safari/537.36"
198.27.80.123 - - [27/Jan/2020:10:51:14 +0100] "POST / HTTP/1.1" 200 17762 "-" "Mozilla/5.0 (Windows NT 6.3; WOW64) AppleWebKit/537.36 (KHTML, like Gecko) Chrome/36.0.1985.143 Safari/537.36"
198.27.80.123 - - [27/Jan/2020:10:51:15 +0100] "GET /wp-admin/plugin-install.php?tab=upload HTTP/1.1" 302 580 "-" "Mozilla/5.0 (Windows NT 6.3; WOW64) AppleWebKit/537.36 (KHTML, like Gecko) Chrome/36.0.1985.143 Safari/537.36"
198.27.80.123 - - [27/Jan/2020:10:51:15 +0100] "GET /wp-login.php?redirect_to=https%3A%2F%2Ffincasandoval.com%2Fwp-admin%2Fplugin-install.php%3Ftab%3Dupload&reauth=1 HTTP/1.1" 200 5593 "-" "Mozilla/5.0 (Windows NT 6.3; WOW64) AppleWebKit/537.36 (KHTML, like Gecko) Chrome/36.0.1985.143 Safari/537.36"
198.27.80.123 - - [27/Jan/2020:10:51:27 +0100] "POST / HTTP/1.1" 200 17762 "-" "Mozilla/5.0 (Windows NT 6.1; WOW64) AppleWebKit/537.36 (KHTML, like Gecko) Chrome/36.0.1985.125 Safari/537.36"
198.27.80.123 - - [27/Jan/2020:10:51:27 +0100] "GET /wp-admin/plugin-install.php?tab=upload HTTP/1.1" 302 580 "-" "Mozilla/5.0 (Windows NT 6.1; WOW64) AppleWebKit/537.36 (KHTML, like Gecko) Chrome/36.0.1985.125 Safari/537.36"
198.27.80.123 - - [27/Jan/2020:10:51:28 +0100] "GET /wp-login.php?redirect_to=https%3A%2F%2Ffincasandoval.com%2Fwp-admin%2Fplugin-install.php%3Ftab%3Dupload&reauth=1 HTTP/1.1" 200 5593 "-" "Mozilla/5.0 (Windows NT 6.1; WOW64) AppleWebKit/537.36 (KHTML, like Gecko) Chrome/36.0.1985.125 Safari/537.36"
198.27.80.123 - - [27/Jan/2020:10:51:40 +0100] "POST / HTTP/1.1" 200 17762 "-" "Mozilla/5.0 (iPhone; CPU iPhone OS 7_1_1 like Mac OS X) AppleWebKit/537.51.2 (KHTML, like Gecko) Version/7.0 Mobile/11D201 Safari/9537.53"
198.27.80.123 - - [27/Jan/2020:10:51:40 +0100] "GET /wp-admin/plugin-install.php?tab=upload HTTP/1.1" 302 580 "-" "Mozilla/5.0 (iPhone; CPU iPhone OS 7_1_1 like Mac OS X) AppleWebKit/537.51.2 (KHTML, like Gecko) Version/7.0 Mobile/11D201 Safari/9537.53"
198.27.80.123 - - [27/Jan/2020:10:51:40 +0100] "GET /wp-login.php?redirect_to=https%3A%2F%2Ffincasandoval.com%2Fwp-admin%2Fplugin-install.php%3Ftab%3Dupload&reauth=1 HTTP/1.1" 200 5593 "-" "Mozilla/5.0 (iPhone; CPU iPhone OS 7_1_1 like Mac OS X) AppleWebKit/537.51.2 (KHTML, like Gecko) Version/7.0 Mobile/11D201 Safari/9537.53"
198.27.80.123 - - [27/Jan/2020:10:51:47 +0100] "POST / HTTP/1.1" 200 17762 "-" "Mozilla/5.0 (X11; Linux x86_64) AppleWebKit/537.36 (KHTML, like Gecko) Chrome/36.0.1985.143 Safari/537.36"
198.27.80.123 - - [27/Jan/2020:10:51:47 +0100] "GET /wp-admin/plugin-install.php?tab=upload HTTP/1.1" 302 580 "-" "Mozilla/5.0 (X11; Linux x86_64) AppleWebKit/537.36 (KHTML, like Gecko) Chrome/36.0.1985.143 Safari/537.36"
198.27.80.123 - - [27/Jan/2020:10:51:47 +0100] "GET /wp-login.php?redirect_to=https%3A%2F%2Ffincasandoval.com%2Fwp-admin%2Fplugin-install.php%3Ftab%3Dupload&reauth=1 HTTP/1.1" 200 5593 "-" "Mozilla/5.0 (X11; Linux x86_64) AppleWebKit/537.36 (KHTML, like Gecko) Chrome/36.0.1985.143 Safari/537.36"
198.27.80.123 - - [27/Jan/2020:10:51:59 +0100] "GET /?author=2 HTTP/1.1" 404 13394 "http://www.google.com.hk" "Mozilla/5.0 (Windows NT 6.1; WOW64) AppleWebKit/537.36 (KHTML, like Gecko) Chrome/42.0.2311.90 Safari/537.36"
198.27.80.123 - - [27/Jan/2020:10:52:17 +0100] "GET /?author=3 HTTP/1.1" 404 13394 "http://www.google.com.hk" "Mozilla/5.0 (Windows NT 6.1; WOW64) AppleWebKit/537.36 (KHTML, like Gecko) Chrome/42.0.2311.90 Safari/537.36"
198.27.80.123 - - [27/Jan/2020:10:52:29 +0100] "GET /?author=4 HTTP/1.1" 404 13394 "http://www.google.com.hk" "Mozilla/5.0 (Windows NT 6.1; WOW64) AppleWebKit/537.36 (KHTML, like Gecko) Chrome/42.0.2311.90 Safari/537.36"
198.27.80.123 - - [27/Jan/2020:10:52:31 +0100] "GET /?author=5 HTTP/1.1" 404 13394 "http://www.google.com.hk" "Mozilla/5.0 (Windows NT 6.1; WOW64) AppleWebKit/537.36 (KHTML, like Gecko) Chrome/42.0.2311.90 Safari/537.36"
198.27.80.123 - - [27/Jan/2020:10:52:43 +0100] "GET /?author=6 HTTP/1.1" 404 13394 "http://www.google.com.hk" "Mozilla/5.0 (Windows NT 6.1; WOW64) AppleWebKit/537.36 (KHTML, like Gecko) Chrome/42.0.2311.90 Safari/537.36"
198.27.80.123 - - [27/Jan/2020:10:52:51 +0100] "GET /?author=7 HTTP/1.1" 404 13394 "http://www.google.com.hk" "Mozilla/5.0 (Windows NT 6.1; WOW64) AppleWebKit/537.36 (KHTML, like Gecko) Chrome/42.0.2311.90 Safari/537.36"
198.27.80.123 - - [27/Jan/2020:10:53:03 +0100] "GET /wp-json/wp/v2/users HTTP/1.1" 404 4670 "-" "Mozilla/5.0 (X11; Linux x86_64; rv:30.0) Gecko/20100101 Firefox/30.0"
159.89.190.254 - - [27/Jan/2020:11:11:27 +0100] "GET /wp-login.php HTTP/1.1" 200 6587 "-" "Mozilla/5.0 (X11; Ubuntu; Linux x86_64; rv:62.0) Gecko/20100101 Firefox/62.0"
89.248.107.232 - - [27/Jan/2020:11:11:27 +0100] "POST /wp-cron.php?doing_wp_cron=1580119887.7204620838165283203125 HTTP/1.1" 200 1860 "-" "WordPress/5.2.5; https://fincasandoval.com"
159.89.190.254 - - [27/Jan/2020:11:11:30 +0100] "POST /wp-login.php HTTP/1.1" 200 7562 "-" "Mozilla/5.0 (X11; Ubuntu; Linux x86_64; rv:62.0) Gecko/20100101 Firefox/62.0"
159.89.190.254 - - [27/Jan/2020:11:11:31 +0100] "GET /wp-login.php HTTP/1.1" 200 6587 "-" "Mozilla/5.0 (X11; Ubuntu; Linux x86_64; rv:62.0) Gecko/20100101 Firefox/62.0"
159.89.190.254 - - [27/Jan/2020:11:11:32 +0100] "POST /wp-login.php HTTP/1.1" 200 7445 "-" "Mozilla/5.0 (X11; Ubuntu; Linux x86_64; rv:62.0) Gecko/20100101 Firefox/62.0"
185.119.81.11 - - [27/Jan/2020:11:14:20 +0100] "GET /wp-login.php HTTP/1.1" 200 7045 "-" "Mozilla/5.0 (Windows NT 10.0; WOW64) AppleWebKit/537.36 (KHTML, like Gecko) Chrome/51.0.2704.103 Safari/537.36"
185.119.81.11 - - [27/Jan/2020:11:14:20 +0100] "POST /wp-login.php HTTP/1.1" 200 4633 "https://fincasandoval.com/wp-login.php" "Mozilla/5.0 (Windows NT 10.0; WOW64) AppleWebKit/537.36 (KHTML, like Gecko) Chrome/51.0.2704.103 Safari/537.36"
3.80.234.161 - - [27/Jan/2020:11:29:20 +0100] "GET / HTTP/1.1" 200 17511 "-" "Mozilla/5.0 (Windows NT 6.1; Win64; x64) AppleWebKit/537.36 (KHTML, like Gecko) Chrome/72.0.3626.109 Safari/537.36"
3.88.36.201 - - [27/Jan/2020:11:33:24 +0100] "GET / HTTP/1.1" 200 17511 "-" "Mozilla/5.0 (Windows NT 6.1; Win64; x64) AppleWebKit/537.36 (KHTML, like Gecko) Chrome/72.0.3626.109 Safari/537.36"
62.210.36.166 - - [27/Jan/2020:11:38:00 +0100] "GET /wp-login.php HTTP/1.1" 200 6587 "-" "Mozilla/5.0 (X11; Ubuntu; Linux x86_64; rv:62.0) Gecko/20100101 Firefox/62.0"
62.210.36.166 - - [27/Jan/2020:11:38:01 +0100] "POST /wp-login.php HTTP/1.1" 200 7562 "-" "Mozilla/5.0 (X11; Ubuntu; Linux x86_64; rv:62.0) Gecko/20100101 Firefox/62.0"
62.210.36.166 - - [27/Jan/2020:11:38:01 +0100] "POST /xmlrpc.php HTTP/1.1" 200 3835 "-" "Mozilla/5.0 (X11; Ubuntu; Linux x86_64; rv:62.0) Gecko/20100101 Firefox/62.0"
165.227.0.6 - - [27/Jan/2020:11:44:18 +0100] "GET /wp-content/plugins/iwp-client/clipboard.min.js HTTP/1.1" 404 4633 "fincasandoval.com" "Mozilla/5.1 (Windows NT 6.0; WOW64) AppleWebKit/537.37 (KHTML, like Gecko) Chrome/58.0.1145.75 Safari/537.37"
89.248.107.232 - - [27/Jan/2020:12:34:27 +0100] "POST /wp-cron.php?doing_wp_cron=1580124866.9865989685058593750000 HTTP/1.1" 200 1860 "-" "WordPress/5.2.5; https://fincasandoval.com"
35.153.181.97 - - [27/Jan/2020:12:34:25 +0100] "GET / HTTP/1.1" 200 17511 "-" "Mozilla/5.0 (Windows NT 6.1; Win64; x64) AppleWebKit/537.36 (KHTML, like Gecko) Chrome/72.0.3626.109 Safari/537.36"
52.44.119.95 - - [27/Jan/2020:12:54:55 +0100] "GET /ads.txt HTTP/1.1" 404 4470 "-" "Mozilla/5.0 (Macintosh; Intel Mac OS X 10_12_6) AppleWebKit/537.36 (KHTML, like Gecko) Chrome/63.0.3239.84 Safari/537.36"
52.44.119.95 - - [27/Jan/2020:12:54:55 +0100] "GET /ads.txt HTTP/1.1" 404 4470 "-" "Mozilla/5.0 (Macintosh; Intel Mac OS X 10_12_6) AppleWebKit/537.36 (KHTML, like Gecko) Chrome/63.0.3239.84 Safari/537.36"
94.73.194.12 - - [27/Jan/2020:13:13:47 +0100] "GET /wp-login.php HTTP/1.1" 200 6587 "-" "Mozilla/5.0 (X11; Ubuntu; Linux x86_64; rv:62.0) Gecko/20100101 Firefox/62.0"
89.248.107.232 - - [27/Jan/2020:13:13:48 +0100] "POST /wp-cron.php?doing_wp_cron=1580127228.0677120685577392578125 HTTP/1.1" 200 1860 "-" "WordPress/5.2.5; https://fincasandoval.com"
94.73.194.12 - - [27/Jan/2020:13:13:48 +0100] "POST /wp-login.php HTTP/1.1" 200 7562 "-" "Mozilla/5.0 (X11; Ubuntu; Linux x86_64; rv:62.0) Gecko/20100101 Firefox/62.0"
94.73.194.12 - - [27/Jan/2020:13:13:49 +0100] "GET /wp-login.php HTTP/1.1" 200 6587 "-" "Mozilla/5.0 (X11; Ubuntu; Linux x86_64; rv:62.0) Gecko/20100101 Firefox/62.0"
94.73.194.12 - - [27/Jan/2020:13:13:49 +0100] "POST /wp-login.php HTTP/1.1" 200 7445 "-" "Mozilla/5.0 (X11; Ubuntu; Linux x86_64; rv:62.0) Gecko/20100101 Firefox/62.0"
184.73.108.62 - - [27/Jan/2020:13:15:10 +0100] "GET /ads.txt HTTP/1.1" 404 4470 "-" "AdsTxtCrawler/1.0.2"
