185.86.164.99 - - [05/Feb/2020:13:14:05 +0100] "GET /wp-login.php HTTP/1.1" 200 7045 "-" "Mozilla/5.0 (Windows NT 10.0; WOW64) AppleWebKit/537.36 (KHTML, like Gecko) Chrome/51.0.2704.103 Safari/537.36"
185.86.164.99 - - [05/Feb/2020:13:14:05 +0100] "POST /wp-login.php HTTP/1.1" 200 4633 "https://fincasandoval.com/wp-login.php" "Mozilla/5.0 (Windows NT 10.0; WOW64) AppleWebKit/537.36 (KHTML, like Gecko) Chrome/51.0.2704.103 Safari/537.36"
208.109.53.185 - - [05/Feb/2020:13:16:13 +0100] "GET /wp-login.php HTTP/1.1" 200 6587 "-" "Mozilla/5.0 (X11; Ubuntu; Linux x86_64; rv:62.0) Gecko/20100101 Firefox/62.0"
208.109.53.185 - - [05/Feb/2020:13:16:14 +0100] "POST /wp-login.php HTTP/1.1" 200 7562 "-" "Mozilla/5.0 (X11; Ubuntu; Linux x86_64; rv:62.0) Gecko/20100101 Firefox/62.0"
208.109.53.185 - - [05/Feb/2020:13:16:15 +0100] "POST /xmlrpc.php HTTP/1.1" 200 3835 "-" "Mozilla/5.0 (X11; Ubuntu; Linux x86_64; rv:62.0) Gecko/20100101 Firefox/62.0"
91.214.87.235 - - [05/Feb/2020:13:25:18 +0100] "GET /wp-content/themes/mTheme-Unus/css/css.php?files=../../../../wp-config.php HTTP/1.0" 403 4632 "-" "Mozilla/5.0 (Windows NT 6.3; Win64; x64) AppleWebKit/537.36 (KHTML, like Gecko) Chrome/75.0.3770.100 Safari/537.36"
167.71.118.16 - - [05/Feb/2020:13:27:57 +0100] "GET /wp-login.php HTTP/1.1" 200 6587 "-" "Mozilla/5.0 (X11; Ubuntu; Linux x86_64; rv:62.0) Gecko/20100101 Firefox/62.0"
167.71.118.16 - - [05/Feb/2020:13:27:59 +0100] "POST /wp-login.php HTTP/1.1" 200 7562 "-" "Mozilla/5.0 (X11; Ubuntu; Linux x86_64; rv:62.0) Gecko/20100101 Firefox/62.0"
167.71.118.16 - - [05/Feb/2020:13:27:59 +0100] "POST /xmlrpc.php HTTP/1.1" 200 3835 "-" "Mozilla/5.0 (X11; Ubuntu; Linux x86_64; rv:62.0) Gecko/20100101 Firefox/62.0"
84.3.198.123 - - [05/Feb/2020:13:38:43 +0100] "GET /wp-login.php HTTP/1.1" 200 6587 "-" "Mozilla/5.0 (X11; Ubuntu; Linux x86_64; rv:62.0) Gecko/20100101 Firefox/62.0"
84.3.198.123 - - [05/Feb/2020:13:38:44 +0100] "POST /wp-login.php HTTP/1.1" 200 7562 "-" "Mozilla/5.0 (X11; Ubuntu; Linux x86_64; rv:62.0) Gecko/20100101 Firefox/62.0"
84.3.198.123 - - [05/Feb/2020:13:38:44 +0100] "POST /xmlrpc.php HTTP/1.1" 200 3835 "-" "Mozilla/5.0 (X11; Ubuntu; Linux x86_64; rv:62.0) Gecko/20100101 Firefox/62.0"
89.248.107.232 - - [05/Feb/2020:13:47:53 +0100] "POST /wp-cron.php?doing_wp_cron=1580906873.4933979511260986328125 HTTP/1.1" 200 1860 "-" "WordPress/5.2.5; https://fincasandoval.com"
157.7.220.131 - - [05/Feb/2020:13:47:53 +0100] "GET /wp-login.php HTTP/1.1" 200 6587 "-" "Mozilla/5.0 (X11; Ubuntu; Linux x86_64; rv:62.0) Gecko/20100101 Firefox/62.0"
157.7.220.131 - - [05/Feb/2020:13:47:55 +0100] "POST /wp-login.php HTTP/1.1" 200 7562 "-" "Mozilla/5.0 (X11; Ubuntu; Linux x86_64; rv:62.0) Gecko/20100101 Firefox/62.0"
157.7.220.131 - - [05/Feb/2020:13:47:56 +0100] "POST /xmlrpc.php HTTP/1.1" 200 3835 "-" "Mozilla/5.0 (X11; Ubuntu; Linux x86_64; rv:62.0) Gecko/20100101 Firefox/62.0"
192.169.227.134 - - [05/Feb/2020:13:58:08 +0100] "GET /wp-login.php HTTP/1.1" 200 6587 "-" "Mozilla/5.0 (X11; Ubuntu; Linux x86_64; rv:62.0) Gecko/20100101 Firefox/62.0"
89.248.107.232 - - [05/Feb/2020:13:58:08 +0100] "POST /wp-cron.php?doing_wp_cron=1580907488.6733539104461669921875 HTTP/1.1" 200 1860 "-" "WordPress/5.2.5; https://fincasandoval.com"
192.169.227.134 - - [05/Feb/2020:13:58:09 +0100] "POST /wp-login.php HTTP/1.1" 200 7562 "-" "Mozilla/5.0 (X11; Ubuntu; Linux x86_64; rv:62.0) Gecko/20100101 Firefox/62.0"
192.169.227.134 - - [05/Feb/2020:13:58:10 +0100] "POST /xmlrpc.php HTTP/1.1" 200 3835 "-" "Mozilla/5.0 (X11; Ubuntu; Linux x86_64; rv:62.0) Gecko/20100101 Firefox/62.0"
103.81.84.140 - - [05/Feb/2020:14:10:48 +0100] "GET /wp-login.php HTTP/1.1" 200 6587 "-" "Mozilla/5.0 (X11; Ubuntu; Linux x86_64; rv:62.0) Gecko/20100101 Firefox/62.0"
103.81.84.140 - - [05/Feb/2020:14:10:49 +0100] "POST /wp-login.php HTTP/1.1" 200 7562 "-" "Mozilla/5.0 (X11; Ubuntu; Linux x86_64; rv:62.0) Gecko/20100101 Firefox/62.0"
103.81.84.140 - - [05/Feb/2020:14:10:51 +0100] "POST /xmlrpc.php HTTP/1.1" 200 3835 "-" "Mozilla/5.0 (X11; Ubuntu; Linux x86_64; rv:62.0) Gecko/20100101 Firefox/62.0"
68.183.217.198 - - [05/Feb/2020:14:21:43 +0100] "GET /wp-login.php HTTP/1.1" 200 6587 "-" "Mozilla/5.0 (X11; Ubuntu; Linux x86_64; rv:62.0) Gecko/20100101 Firefox/62.0"
68.183.217.198 - - [05/Feb/2020:14:21:43 +0100] "POST /wp-login.php HTTP/1.1" 200 7562 "-" "Mozilla/5.0 (X11; Ubuntu; Linux x86_64; rv:62.0) Gecko/20100101 Firefox/62.0"
93.113.110.46 - - [05/Feb/2020:14:30:29 +0100] "GET /wp-login.php HTTP/1.1" 200 6587 "-" "Mozilla/5.0 (X11; Ubuntu; Linux x86_64; rv:62.0) Gecko/20100101 Firefox/62.0"
93.113.110.46 - - [05/Feb/2020:14:30:29 +0100] "POST /wp-login.php HTTP/1.1" 200 7562 "-" "Mozilla/5.0 (X11; Ubuntu; Linux x86_64; rv:62.0) Gecko/20100101 Firefox/62.0"
93.113.110.46 - - [05/Feb/2020:14:30:30 +0100] "POST /xmlrpc.php HTTP/1.1" 200 3835 "-" "Mozilla/5.0 (X11; Ubuntu; Linux x86_64; rv:62.0) Gecko/20100101 Firefox/62.0"
51.75.200.210 - - [05/Feb/2020:14:40:51 +0100] "GET /wp-login.php HTTP/1.1" 200 6587 "-" "Mozilla/5.0 (X11; Ubuntu; Linux x86_64; rv:62.0) Gecko/20100101 Firefox/62.0"
51.75.200.210 - - [05/Feb/2020:14:40:51 +0100] "POST /wp-login.php HTTP/1.1" 200 7562 "-" "Mozilla/5.0 (X11; Ubuntu; Linux x86_64; rv:62.0) Gecko/20100101 Firefox/62.0"
51.75.200.210 - - [05/Feb/2020:14:40:51 +0100] "POST /xmlrpc.php HTTP/1.1" 200 3835 "-" "Mozilla/5.0 (X11; Ubuntu; Linux x86_64; rv:62.0) Gecko/20100101 Firefox/62.0"
167.71.216.37 - - [05/Feb/2020:14:53:09 +0100] "GET /wp-login.php HTTP/1.1" 200 6587 "-" "Mozilla/5.0 (X11; Ubuntu; Linux x86_64; rv:62.0) Gecko/20100101 Firefox/62.0"
89.248.107.232 - - [05/Feb/2020:14:53:12 +0100] "POST /wp-cron.php?doing_wp_cron=1580910791.7124021053314208984375 HTTP/1.1" 200 1860 "-" "WordPress/5.2.5; https://fincasandoval.com"
167.71.216.37 - - [05/Feb/2020:14:53:13 +0100] "POST /wp-login.php HTTP/1.1" 200 7562 "-" "Mozilla/5.0 (X11; Ubuntu; Linux x86_64; rv:62.0) Gecko/20100101 Firefox/62.0"
167.71.216.37 - - [05/Feb/2020:14:53:14 +0100] "POST /xmlrpc.php HTTP/1.1" 200 3835 "-" "Mozilla/5.0 (X11; Ubuntu; Linux x86_64; rv:62.0) Gecko/20100101 Firefox/62.0"
157.55.39.29 - - [05/Feb/2020:14:56:52 +0100] "GET /robots.txt HTTP/1.1" 404 2969 "-" "Mozilla/5.0 (compatible; bingbot/2.0; +http://www.bing.com/bingbot.htm)"
157.55.39.29 - - [05/Feb/2020:14:56:53 +0100] "GET /robots.txt HTTP/1.1" 404 4665 "-" "Mozilla/5.0 (compatible; bingbot/2.0; +http://www.bing.com/bingbot.htm)"
207.46.13.225 - - [05/Feb/2020:15:00:44 +0100] "GET /wp-content/uploads/2014/11/fs-7.jpg?w=625 HTTP/1.1" 200 504641 "-" "Mozilla/5.0 (compatible; bingbot/2.0; +http://www.bing.com/bingbot.htm)"
199.58.86.209 - - [05/Feb/2020:15:03:07 +0100] "GET /robots.txt HTTP/1.1" 404 4665 "-" "Mozilla/5.0 (compatible; MJ12bot/v1.4.8; http://mj12bot.com/)"
89.248.107.232 - - [05/Feb/2020:15:03:14 +0100] "POST /wp-cron.php?doing_wp_cron=1580911394.8161339759826660156250 HTTP/1.1" 200 1860 "-" "WordPress/5.2.5; https://fincasandoval.com"
199.58.86.209 - - [05/Feb/2020:15:03:14 +0100] "GET / HTTP/1.1" 200 17701 "-" "Mozilla/5.0 (compatible; MJ12bot/v1.4.8; http://mj12bot.com/)"
199.58.86.209 - - [05/Feb/2020:15:03:17 +0100] "GET / HTTP/1.1" 200 14422 "-" "Mozilla/5.0 (compatible; MJ12bot/v1.4.8; http://mj12bot.com/)"
193.106.30.99 - - [05/Feb/2020:15:15:08 +0100] "POST /stats.php HTTP/1.1" 404 3675 "-" "Mozilla/5.0 (Windows NT 6.1; Win64; x64) AppleWebKit/537.36 (KHTML, like Gecko) Chrome/73.0.3683.103 Safari/537.36"
139.129.58.9 - - [05/Feb/2020:15:15:26 +0100] "GET /wp-login.php HTTP/1.1" 200 6587 "-" "Mozilla/5.0 (X11; Ubuntu; Linux x86_64; rv:62.0) Gecko/20100101 Firefox/62.0"
139.129.58.9 - - [05/Feb/2020:15:15:28 +0100] "POST /wp-login.php HTTP/1.1" 200 7562 "-" "Mozilla/5.0 (X11; Ubuntu; Linux x86_64; rv:62.0) Gecko/20100101 Firefox/62.0"
139.129.58.9 - - [05/Feb/2020:15:15:30 +0100] "POST /xmlrpc.php HTTP/1.1" 200 3835 "-" "Mozilla/5.0 (X11; Ubuntu; Linux x86_64; rv:62.0) Gecko/20100101 Firefox/62.0"
157.230.55.177 - - [05/Feb/2020:15:24:53 +0100] "GET /wp-login.php HTTP/1.1" 200 6587 "-" "Mozilla/5.0 (X11; Ubuntu; Linux x86_64; rv:62.0) Gecko/20100101 Firefox/62.0"
157.230.55.177 - - [05/Feb/2020:15:24:54 +0100] "POST /wp-login.php HTTP/1.1" 200 7562 "-" "Mozilla/5.0 (X11; Ubuntu; Linux x86_64; rv:62.0) Gecko/20100101 Firefox/62.0"
157.230.55.177 - - [05/Feb/2020:15:24:54 +0100] "POST /xmlrpc.php HTTP/1.1" 200 3835 "-" "Mozilla/5.0 (X11; Ubuntu; Linux x86_64; rv:62.0) Gecko/20100101 Firefox/62.0"
185.86.13.213 - - [05/Feb/2020:15:30:36 +0100] "GET /wp-login.php HTTP/1.1" 200 7045 "-" "Mozilla/5.0 (Windows NT 10.0; WOW64) AppleWebKit/537.36 (KHTML, like Gecko) Chrome/51.0.2704.103 Safari/537.36"
185.86.13.213 - - [05/Feb/2020:15:30:36 +0100] "POST /wp-login.php HTTP/1.1" 200 4633 "https://fincasandoval.com/wp-login.php" "Mozilla/5.0 (Windows NT 10.0; WOW64) AppleWebKit/537.36 (KHTML, like Gecko) Chrome/51.0.2704.103 Safari/537.36"
68.183.48.14 - - [05/Feb/2020:15:35:40 +0100] "GET /wp-login.php HTTP/1.1" 200 6587 "-" "Mozilla/5.0 (X11; Ubuntu; Linux x86_64; rv:62.0) Gecko/20100101 Firefox/62.0"
68.183.48.14 - - [05/Feb/2020:15:35:40 +0100] "POST /wp-login.php HTTP/1.1" 200 7562 "-" "Mozilla/5.0 (X11; Ubuntu; Linux x86_64; rv:62.0) Gecko/20100101 Firefox/62.0"
68.183.48.14 - - [05/Feb/2020:15:35:41 +0100] "POST /xmlrpc.php HTTP/1.1" 200 3835 "-" "Mozilla/5.0 (X11; Ubuntu; Linux x86_64; rv:62.0) Gecko/20100101 Firefox/62.0"
103.82.235.2 - - [05/Feb/2020:15:37:57 +0100] "GET /wp-content/plugins/mac-dock-gallery/readme.txt HTTP/1.1" 403 4444 "http://www.google.com/" "Mozilla/5.0 (Windows NT 6.1; Win64; x64) AppleWebKit/537.36 (KHTML, like Gecko) Chrome/56.0.2896.3 Safari/537.36"
89.248.107.232 - - [05/Feb/2020:16:34:29 +0100] "POST /wp-cron.php?doing_wp_cron=1580916869.2599260807037353515625 HTTP/1.1" 200 1860 "-" "WordPress/5.2.5; https://fincasandoval.com"
207.46.13.225 - - [05/Feb/2020:16:34:28 +0100] "GET /?author=1 HTTP/1.1" 200 13302 "-" "Mozilla/5.0 (compatible; bingbot/2.0; +http://www.bing.com/bingbot.htm)"
89.248.107.232 - - [05/Feb/2020:16:55:13 +0100] "POST /wp-cron.php?doing_wp_cron=1580918113.8198320865631103515625 HTTP/1.1" 200 1860 "-" "WordPress/5.2.5; https://fincasandoval.com"
27.34.68.52 - - [05/Feb/2020:16:55:13 +0100] "POST /xmlrpc.php HTTP/1.1" 200 3835 "-" "Mozilla/5.0 (X11; Ubuntu; Linux x86_64; rv:62.0) Gecko/20100101 Firefox/62.0"
54.36.148.178 - - [05/Feb/2020:16:56:41 +0100] "GET /robots.txt HTTP/1.1" 404 4414 "-" "Mozilla/5.0 (compatible; AhrefsBot/6.1; +http://ahrefs.com/robot/)"
3.214.209.95 - - [05/Feb/2020:16:58:33 +0100] "GET /ads.txt HTTP/1.1" 404 4470 "-" "Mozilla/5.0 (Macintosh; Intel Mac OS X 10_12_6) AppleWebKit/537.36 (KHTML, like Gecko) Chrome/63.0.3239.84 Safari/537.36"
3.214.209.95 - - [05/Feb/2020:16:58:34 +0100] "GET /ads.txt HTTP/1.1" 404 4470 "-" "Mozilla/5.0 (Macintosh; Intel Mac OS X 10_12_6) AppleWebKit/537.36 (KHTML, like Gecko) Chrome/63.0.3239.84 Safari/537.36"
37.9.113.162 - - [05/Feb/2020:17:02:13 +0100] "GET /robots.txt HTTP/1.1" 404 4670 "-" "Mozilla/5.0 (compatible; YandexBot/3.0; +http://yandex.com/bots)"
37.9.113.162 - - [05/Feb/2020:17:02:17 +0100] "GET /wp-includes/wlwmanifest.xml HTTP/1.1" 200 1395 "-" "Mozilla/5.0 (compatible; YandexBot/3.0; +http://yandex.com/bots)"
89.248.107.232 - - [05/Feb/2020:17:28:14 +0100] "POST /wp-cron.php?doing_wp_cron=1580920094.9767580032348632812500 HTTP/1.1" 200 1860 "-" "WordPress/5.2.5; https://fincasandoval.com"
34.221.90.254 - - [05/Feb/2020:17:28:14 +0100] "GET / HTTP/1.1" 301 3416 "-" "Mozilla/5.0 (Windows NT 6.1; Win64; x64) AppleWebKit/537.36 (KHTML, like Gecko) Chrome/72.0.3626.109 Safari/537.36"
34.217.51.242 - - [05/Feb/2020:17:28:14 +0100] "GET / HTTP/1.1" 301 3416 "-" "Mozilla/5.0 (Windows NT 6.1; Win64; x64) AppleWebKit/537.36 (KHTML, like Gecko) Chrome/72.0.3626.109 Safari/537.36"
34.221.90.254 - - [05/Feb/2020:17:28:15 +0100] "GET / HTTP/1.1" 200 17506 "-" "Mozilla/5.0 (Windows NT 6.1; Win64; x64) AppleWebKit/537.36 (KHTML, like Gecko) Chrome/72.0.3626.109 Safari/537.36"
34.217.51.242 - - [05/Feb/2020:17:28:15 +0100] "GET / HTTP/1.1" 200 17506 "-" "Mozilla/5.0 (Windows NT 6.1; Win64; x64) AppleWebKit/537.36 (KHTML, like Gecko) Chrome/72.0.3626.109 Safari/537.36"
54.218.59.56 - - [05/Feb/2020:17:28:15 +0100] "GET / HTTP/1.1" 301 3416 "-" "Mozilla/5.0 (Windows NT 6.1; Win64; x64) AppleWebKit/537.36 (KHTML, like Gecko) Chrome/72.0.3626.109 Safari/537.36"
34.218.81.75 - - [05/Feb/2020:17:28:16 +0100] "GET / HTTP/1.1" 301 3416 "-" "Mozilla/5.0 (Windows NT 6.1; Win64; x64) AppleWebKit/537.36 (KHTML, like Gecko) Chrome/72.0.3626.109 Safari/537.36"
54.218.59.56 - - [05/Feb/2020:17:28:16 +0100] "GET / HTTP/1.1" 200 17506 "-" "Mozilla/5.0 (Windows NT 6.1; Win64; x64) AppleWebKit/537.36 (KHTML, like Gecko) Chrome/72.0.3626.109 Safari/537.36"
34.218.81.75 - - [05/Feb/2020:17:28:16 +0100] "GET / HTTP/1.1" 200 17506 "-" "Mozilla/5.0 (Windows NT 6.1; Win64; x64) AppleWebKit/537.36 (KHTML, like Gecko) Chrome/72.0.3626.109 Safari/537.36"
35.167.106.92 - - [05/Feb/2020:17:29:37 +0100] "GET / HTTP/1.1" 301 3421 "-" "Mozilla/5.0 (Windows NT 6.1; Win64; x64) AppleWebKit/537.36 (KHTML, like Gecko) Chrome/72.0.3626.109 Safari/537.36"
35.167.106.92 - - [05/Feb/2020:17:29:38 +0100] "GET / HTTP/1.1" 200 17511 "-" "Mozilla/5.0 (Windows NT 6.1; Win64; x64) AppleWebKit/537.36 (KHTML, like Gecko) Chrome/72.0.3626.109 Safari/537.36"
52.13.162.61 - - [05/Feb/2020:17:30:41 +0100] "GET / HTTP/1.1" 301 3421 "-" "Mozilla/5.0 (Windows NT 6.1; Win64; x64) AppleWebKit/537.36 (KHTML, like Gecko) Chrome/72.0.3626.109 Safari/537.36"
52.13.162.61 - - [05/Feb/2020:17:30:41 +0100] "GET / HTTP/1.1" 200 17511 "-" "Mozilla/5.0 (Windows NT 6.1; Win64; x64) AppleWebKit/537.36 (KHTML, like Gecko) Chrome/72.0.3626.109 Safari/537.36"
162.243.126.96 - - [05/Feb/2020:17:47:33 +0100] "GET /wp-content/plugins/linklove/linklove.php?s=true HTTP/1.1" 404 2937 "fincasandoval.com" "Mozilla/5.0 (Windows NT 6.1; WOW64) AppleWebKit/537.36 (KHTML, like Gecko) Chrome/50.0.2661.75 Safari/537.36"
89.248.107.232 - - [05/Feb/2020:18:13:58 +0100] "POST /wp-cron.php?doing_wp_cron=1580922838.8317580223083496093750 HTTP/1.1" 200 1860 "-" "WordPress/5.2.5; https://fincasandoval.com"
66.249.80.91 - - [05/Feb/2020:18:13:58 +0100] "GET / HTTP/1.1" 200 17757 "-" "Mozilla/5.0 (X11; Linux x86_64) AppleWebKit/537.36 (KHTML, like Gecko) Chrome/49.0.2623.75 Safari/537.36 Google Favicon"
66.249.80.93 - - [05/Feb/2020:18:13:59 +0100] "GET /favicon.ico HTTP/1.1" 200 9077 "-" "Mozilla/5.0 (X11; Linux x86_64) AppleWebKit/537.36 (KHTML, like Gecko) Chrome/49.0.2623.75 Safari/537.36 Google Favicon"
202.241.208.7 - - [05/Feb/2020:18:17:23 +0100] "GET /ads.txt HTTP/1.1" 404 4670 "-" "Mozilla/5.0 (Windows NT 10.0; Win64; x64) AppleWebKit/537.36 (KHTML, like Gecko) Chrome/68.0.3440.106 Safari/537.36"
60.222.153.160 - - [05/Feb/2020:18:27:03 +0100] "HEAD / HTTP/1.1" 200 3084 "-" "curl/7.64.0"
42.235.105.82 - - [05/Feb/2020:18:27:30 +0100] "HEAD / HTTP/1.1" 200 3084 "-" "curl/7.64.0"
171.8.219.203 - - [05/Feb/2020:18:27:57 +0100] "HEAD / HTTP/1.1" 200 3084 "-" "curl/7.64.0"
185.78.129.62 - - [05/Feb/2020:18:44:11 +0100] "GET /robots.txt HTTP/1.1" 404 4470 "-" "Screaming Frog SEO Spider/12.6"
89.248.107.232 - - [05/Feb/2020:18:44:11 +0100] "POST /wp-cron.php?doing_wp_cron=1580924651.7634270191192626953125 HTTP/1.1" 200 1860 "-" "WordPress/5.2.5; https://fincasandoval.com"
185.78.129.62 - - [05/Feb/2020:18:44:11 +0100] "GET / HTTP/1.1" 200 14615 "-" "Screaming Frog SEO Spider/12.6"
185.86.164.98 - - [05/Feb/2020:18:50:16 +0100] "GET /wp-login.php HTTP/1.1" 200 7045 "-" "Mozilla/5.0 (Windows NT 10.0; WOW64) AppleWebKit/537.36 (KHTML, like Gecko) Chrome/51.0.2704.103 Safari/537.36"
185.86.164.98 - - [05/Feb/2020:18:50:16 +0100] "POST /wp-login.php HTTP/1.1" 200 4633 "https://fincasandoval.com/wp-login.php" "Mozilla/5.0 (Windows NT 10.0; WOW64) AppleWebKit/537.36 (KHTML, like Gecko) Chrome/51.0.2704.103 Safari/537.36"
159.138.159.185 - - [05/Feb/2020:18:55:41 +0100] "GET /distribuidores/ HTTP/1.1" 404 4433 "-" "Mozilla/5.0 (Linux; Android 7.0; FRD-AL00 Build/HUAWEIFRD-AL00; wv) AppleWebKit/537.36 (KHTML, like Gecko) Version/4.0 Chrome/53.0.2785.49 Mobile MQQBrowser/6.2 TBS/043602 Safari/537.36 MicroMessenger/6.5.16.1120 NetType/WIFI Language/zh_CN"
89.248.107.232 - - [05/Feb/2020:19:06:23 +0100] "POST /wp-cron.php?doing_wp_cron=1580925983.9675610065460205078125 HTTP/1.1" 200 1860 "-" "WordPress/5.2.5; https://fincasandoval.com"
54.210.139.197 - - [05/Feb/2020:19:06:23 +0100] "GET / HTTP/1.1" 301 3416 "http://www.fincasandoval.com/" "Mozilla/5.0 (Windows NT 10.0; Win64; x64) AppleWebKit/537.36 (KHTML, like Gecko) Chrome/63.0.3239.84 Safari/537.36"
54.210.139.197 - - [05/Feb/2020:19:06:24 +0100] "GET / HTTP/1.1" 200 17506 "https://www.fincasandoval.com/" "Mozilla/5.0 (Windows NT 10.0; Win64; x64) AppleWebKit/537.36 (KHTML, like Gecko) Chrome/63.0.3239.84 Safari/537.36"
54.210.139.197 - - [05/Feb/2020:19:06:25 +0100] "GET /wp-content/uploads/2017/05/vs-2016.jpg HTTP/1.1" 200 25791 "-" "Mozilla/5.0 (Windows NT 10.0; Win64; x64) AppleWebKit/537.36 (KHTML, like Gecko) Chrome/63.0.3239.84 Safari/537.36"
54.210.139.197 - - [05/Feb/2020:19:06:25 +0100] "GET /favicon.ico HTTP/1.1" 200 5742 "-" "Mozilla/5.0 (Windows NT 10.0; Win64; x64) AppleWebKit/537.36 (KHTML, like Gecko) Chrome/63.0.3239.84 Safari/537.36"
54.210.139.197 - - [05/Feb/2020:19:06:25 +0100] "GET /wp-content/uploads/2014/11/fs-1.jpg?w=625 HTTP/1.1" 200 642625 "-" "Mozilla/5.0 (Windows NT 10.0; Win64; x64) AppleWebKit/537.36 (KHTML, like Gecko) Chrome/63.0.3239.84 Safari/537.36"
40.77.167.53 - - [05/Feb/2020:19:25:21 +0100] "GET /contacto/ HTTP/1.1" 404 4665 "-" "Mozilla/5.0 (compatible; bingbot/2.0; +http://www.bing.com/bingbot.htm)"
178.238.8.89 - - [05/Feb/2020:19:37:04 +0100] "GET /wp-content/plugins/modules/up.php HTTP/1.1" 404 4670 "-" "python-requests/2.9.1"
103.141.4.2 - - [05/Feb/2020:19:38:17 +0100] "GET /wp-login.php HTTP/1.1" 200 6587 "-" "Mozilla/5.0 (X11; Ubuntu; Linux x86_64; rv:62.0) Gecko/20100101 Firefox/62.0"
89.248.107.232 - - [05/Feb/2020:19:38:17 +0100] "POST /wp-cron.php?doing_wp_cron=1580927897.6540420055389404296875 HTTP/1.1" 200 1860 "-" "WordPress/5.2.5; https://fincasandoval.com"
103.141.4.2 - - [05/Feb/2020:19:38:18 +0100] "POST /wp-login.php HTTP/1.1" 200 7562 "-" "Mozilla/5.0 (X11; Ubuntu; Linux x86_64; rv:62.0) Gecko/20100101 Firefox/62.0"
103.141.4.2 - - [05/Feb/2020:19:38:19 +0100] "POST /xmlrpc.php HTTP/1.1" 200 3835 "-" "Mozilla/5.0 (X11; Ubuntu; Linux x86_64; rv:62.0) Gecko/20100101 Firefox/62.0"
46.229.168.143 - - [05/Feb/2020:20:06:26 +0100] "GET /robots.txt HTTP/1.1" 404 4628 "-" "Mozilla/5.0 (compatible; SemrushBot/6~bl; +http://www.semrush.com/bot.html)"
89.248.107.232 - - [05/Feb/2020:20:06:26 +0100] "POST /wp-cron.php?doing_wp_cron=1580929586.9365940093994140625000 HTTP/1.1" 200 1860 "-" "WordPress/5.2.5; https://fincasandoval.com"
46.229.168.147 - - [05/Feb/2020:20:06:26 +0100] "GET /?page_id=36 HTTP/1.1" 200 15940 "-" "Mozilla/5.0 (compatible; SemrushBot/6~bl; +http://www.semrush.com/bot.html)"
46.229.168.150 - - [05/Feb/2020:20:06:30 +0100] "GET /sitemap.xml HTTP/1.1" 404 4628 "-" "Mozilla/5.0 (compatible; SemrushBot/6~bl; +http://www.semrush.com/bot.html)"
89.248.107.232 - - [05/Feb/2020:20:56:15 +0100] "POST /wp-cron.php?doing_wp_cron=1580932575.8309268951416015625000 HTTP/1.1" 200 1860 "-" "WordPress/5.2.5; https://fincasandoval.com"
81.0.31.193 - - [05/Feb/2020:20:56:15 +0100] "GET / HTTP/1.1" 301 3667 "-" "Mozilla/5.0 (Linux; Android 7.0; HUAWEI VNS-L31) AppleWebKit/537.36 (KHTML, like Gecko) Chrome/80.0.3987.87 Mobile Safari/537.36"
81.0.31.193 - - [05/Feb/2020:20:56:16 +0100] "GET / HTTP/1.1" 200 17757 "-" "Mozilla/5.0 (Linux; Android 7.0; HUAWEI VNS-L31) AppleWebKit/537.36 (KHTML, like Gecko) Chrome/80.0.3987.87 Mobile Safari/537.36"
81.0.31.193 - - [05/Feb/2020:20:56:16 +0100] "GET /wp-includes/css/dist/block-library/style.min.css?ver=5.2.5 HTTP/1.1" 200 29676 "https://fincasandoval.com/" "Mozilla/5.0 (Linux; Android 7.0; HUAWEI VNS-L31) AppleWebKit/537.36 (KHTML, like Gecko) Chrome/80.0.3987.87 Mobile Safari/537.36"
81.0.31.193 - - [05/Feb/2020:20:56:16 +0100] "GET /wp-content/themes/book-lite/style.css?ver=5.2.5 HTTP/1.1" 200 21109 "https://fincasandoval.com/" "Mozilla/5.0 (Linux; Android 7.0; HUAWEI VNS-L31) AppleWebKit/537.36 (KHTML, like Gecko) Chrome/80.0.3987.87 Mobile Safari/537.36"
81.0.31.193 - - [05/Feb/2020:20:56:16 +0100] "GET /wp-content/uploads/2017/05/vs-2016.jpg HTTP/1.1" 200 25984 "https://fincasandoval.com/" "Mozilla/5.0 (Linux; Android 7.0; HUAWEI VNS-L31) AppleWebKit/537.36 (KHTML, like Gecko) Chrome/80.0.3987.87 Mobile Safari/537.36"
81.0.31.193 - - [05/Feb/2020:20:56:16 +0100] "GET /wp-includes/js/jquery/jquery-migrate.min.js?ver=1.4.1 HTTP/1.1" 200 10560 "https://fincasandoval.com/" "Mozilla/5.0 (Linux; Android 7.0; HUAWEI VNS-L31) AppleWebKit/537.36 (KHTML, like Gecko) Chrome/80.0.3987.87 Mobile Safari/537.36"
81.0.31.193 - - [05/Feb/2020:20:56:16 +0100] "GET /wp-includes/js/jquery/jquery.js?ver=1.12.4-wp HTTP/1.1" 200 97523 "https://fincasandoval.com/" "Mozilla/5.0 (Linux; Android 7.0; HUAWEI VNS-L31) AppleWebKit/537.36 (KHTML, like Gecko) Chrome/80.0.3987.87 Mobile Safari/537.36"
81.0.31.193 - - [05/Feb/2020:20:56:16 +0100] "GET /wp-content/themes/book-lite/js/small-menu.js?ver=20120206 HTTP/1.1" 200 1623 "https://fincasandoval.com/" "Mozilla/5.0 (Linux; Android 7.0; HUAWEI VNS-L31) AppleWebKit/537.36 (KHTML, like Gecko) Chrome/80.0.3987.87 Mobile Safari/537.36"
81.0.31.193 - - [05/Feb/2020:20:56:17 +0100] "GET /wp-content/themes/book-lite/js/script.js?ver=1.0 HTTP/1.1" 200 624 "https://fincasandoval.com/" "Mozilla/5.0 (Linux; Android 7.0; HUAWEI VNS-L31) AppleWebKit/537.36 (KHTML, like Gecko) Chrome/80.0.3987.87 Mobile Safari/537.36"
81.0.31.193 - - [05/Feb/2020:20:56:17 +0100] "GET /wp-includes/js/wp-embed.min.js?ver=5.2.5 HTTP/1.1" 200 1767 "https://fincasandoval.com/" "Mozilla/5.0 (Linux; Android 7.0; HUAWEI VNS-L31) AppleWebKit/537.36 (KHTML, like Gecko) Chrome/80.0.3987.87 Mobile Safari/537.36"
81.0.31.193 - - [05/Feb/2020:20:56:17 +0100] "GET /wp-content/themes/book-lite/images/nav-bg.png HTTP/1.1" 200 458 "https://fincasandoval.com/wp-content/themes/book-lite/style.css?ver=5.2.5" "Mozilla/5.0 (Linux; Android 7.0; HUAWEI VNS-L31) AppleWebKit/537.36 (KHTML, like Gecko) Chrome/80.0.3987.87 Mobile Safari/537.36"
81.0.31.193 - - [05/Feb/2020:20:56:17 +0100] "GET /wp-includes/js/wp-emoji-release.min.js?ver=5.2.5 HTTP/1.1" 200 14206 "https://fincasandoval.com/" "Mozilla/5.0 (Linux; Android 7.0; HUAWEI VNS-L31) AppleWebKit/537.36 (KHTML, like Gecko) Chrome/80.0.3987.87 Mobile Safari/537.36"
81.0.31.193 - - [05/Feb/2020:20:56:17 +0100] "GET /wp-content/uploads/2019/09/cropped-header-1.jpg HTTP/1.1" 200 45807 "https://fincasandoval.com/" "Mozilla/5.0 (Linux; Android 7.0; HUAWEI VNS-L31) AppleWebKit/537.36 (KHTML, like Gecko) Chrome/80.0.3987.87 Mobile Safari/537.36"
81.0.31.193 - - [05/Feb/2020:20:56:17 +0100] "GET /wp-content/themes/book-lite/images/diamond-white.png HTTP/1.1" 200 565 "https://fincasandoval.com/wp-content/themes/book-lite/style.css?ver=5.2.5" "Mozilla/5.0 (Linux; Android 7.0; HUAWEI VNS-L31) AppleWebKit/537.36 (KHTML, like Gecko) Chrome/80.0.3987.87 Mobile Safari/537.36"
81.0.31.193 - - [05/Feb/2020:20:56:17 +0100] "GET /wp-content/themes/book-lite/images/break.png HTTP/1.1" 200 951 "https://fincasandoval.com/wp-content/themes/book-lite/style.css?ver=5.2.5" "Mozilla/5.0 (Linux; Android 7.0; HUAWEI VNS-L31) AppleWebKit/537.36 (KHTML, like Gecko) Chrome/80.0.3987.87 Mobile Safari/537.36"
81.0.31.193 - - [05/Feb/2020:20:56:16 +0100] "GET /wp-content/uploads/2014/11/fs-1.jpg?w=625 HTTP/1.1" 200 639734 "https://fincasandoval.com/" "Mozilla/5.0 (Linux; Android 7.0; HUAWEI VNS-L31) AppleWebKit/537.36 (KHTML, like Gecko) Chrome/80.0.3987.87 Mobile Safari/537.36"
81.0.31.193 - - [05/Feb/2020:20:56:19 +0100] "GET /favicon.ico HTTP/1.1" 200 5797 "https://fincasandoval.com/" "Mozilla/5.0 (Linux; Android 7.0; HUAWEI VNS-L31) AppleWebKit/537.36 (KHTML, like Gecko) Chrome/80.0.3987.87 Mobile Safari/537.36"
52.44.119.95 - - [05/Feb/2020:20:58:37 +0100] "GET /ads.txt HTTP/1.1" 404 4470 "-" "Mozilla/5.0 (Macintosh; Intel Mac OS X 10_12_6) AppleWebKit/537.36 (KHTML, like Gecko) Chrome/63.0.3239.84 Safari/537.36"
52.44.119.95 - - [05/Feb/2020:20:58:38 +0100] "GET /ads.txt HTTP/1.1" 404 4470 "-" "Mozilla/5.0 (Macintosh; Intel Mac OS X 10_12_6) AppleWebKit/537.36 (KHTML, like Gecko) Chrome/63.0.3239.84 Safari/537.36"
212.145.131.157 - - [05/Feb/2020:21:23:33 +0100] "GET / HTTP/1.1" 200 17757 "https://www.google.com/" "Mozilla/5.0 (X11; Linux x86_64) AppleWebKit/537.36 (KHTML, like Gecko) Chrome/70.0.3538.77 Safari/537.36"
212.145.131.157 - - [05/Feb/2020:21:23:33 +0100] "GET /wp-includes/css/dist/block-library/style.min.css?ver=5.2.5 HTTP/1.1" 200 29676 "https://fincasandoval.com/" "Mozilla/5.0 (X11; Linux x86_64) AppleWebKit/537.36 (KHTML, like Gecko) Chrome/70.0.3538.77 Safari/537.36"
212.145.131.157 - - [05/Feb/2020:21:23:33 +0100] "GET /wp-content/themes/book-lite/style.css?ver=5.2.5 HTTP/1.1" 200 24251 "https://fincasandoval.com/" "Mozilla/5.0 (X11; Linux x86_64) AppleWebKit/537.36 (KHTML, like Gecko) Chrome/70.0.3538.77 Safari/537.36"
212.145.131.157 - - [05/Feb/2020:21:23:33 +0100] "GET /wp-includes/js/jquery/jquery-migrate.min.js?ver=1.4.1 HTTP/1.1" 200 10560 "https://fincasandoval.com/" "Mozilla/5.0 (X11; Linux x86_64) AppleWebKit/537.36 (KHTML, like Gecko) Chrome/70.0.3538.77 Safari/537.36"
212.145.131.157 - - [05/Feb/2020:21:23:33 +0100] "GET /wp-includes/js/jquery/jquery.js?ver=1.12.4-wp HTTP/1.1" 200 97523 "https://fincasandoval.com/" "Mozilla/5.0 (X11; Linux x86_64) AppleWebKit/537.36 (KHTML, like Gecko) Chrome/70.0.3538.77 Safari/537.36"
212.145.131.157 - - [05/Feb/2020:21:23:33 +0100] "GET /wp-content/uploads/2017/05/vs-2016.jpg HTTP/1.1" 200 25984 "https://fincasandoval.com/" "Mozilla/5.0 (X11; Linux x86_64) AppleWebKit/537.36 (KHTML, like Gecko) Chrome/70.0.3538.77 Safari/537.36"
212.145.131.157 - - [05/Feb/2020:21:23:33 +0100] "GET /wp-content/uploads/2014/11/fs-1.jpg?w=625 HTTP/1.1" 200 639734 "https://fincasandoval.com/" "Mozilla/5.0 (X11; Linux x86_64) AppleWebKit/537.36 (KHTML, like Gecko) Chrome/70.0.3538.77 Safari/537.36"
212.145.131.157 - - [05/Feb/2020:21:23:38 +0100] "GET /wp-content/themes/book-lite/js/script.js?ver=1.0 HTTP/1.1" 200 624 "https://fincasandoval.com/" "Mozilla/5.0 (X11; Linux x86_64) AppleWebKit/537.36 (KHTML, like Gecko) Chrome/70.0.3538.77 Safari/537.36"
212.145.131.157 - - [05/Feb/2020:21:23:38 +0100] "GET /wp-content/themes/book-lite/js/small-menu.js?ver=20120206 HTTP/1.1" 200 1623 "https://fincasandoval.com/" "Mozilla/5.0 (X11; Linux x86_64) AppleWebKit/537.36 (KHTML, like Gecko) Chrome/70.0.3538.77 Safari/537.36"
212.145.131.157 - - [05/Feb/2020:21:23:38 +0100] "GET /wp-includes/js/wp-embed.min.js?ver=5.2.5 HTTP/1.1" 200 1767 "https://fincasandoval.com/" "Mozilla/5.0 (X11; Linux x86_64) AppleWebKit/537.36 (KHTML, like Gecko) Chrome/70.0.3538.77 Safari/537.36"
212.145.131.157 - - [05/Feb/2020:21:23:38 +0100] "GET /wp-includes/js/wp-emoji-release.min.js?ver=5.2.5 HTTP/1.1" 200 14206 "https://fincasandoval.com/" "Mozilla/5.0 (X11; Linux x86_64) AppleWebKit/537.36 (KHTML, like Gecko) Chrome/70.0.3538.77 Safari/537.36"
212.145.131.157 - - [05/Feb/2020:21:23:38 +0100] "GET /wp-content/themes/book-lite/images/break.png HTTP/1.1" 200 951 "https://fincasandoval.com/wp-content/themes/book-lite/style.css?ver=5.2.5" "Mozilla/5.0 (X11; Linux x86_64) AppleWebKit/537.36 (KHTML, like Gecko) Chrome/70.0.3538.77 Safari/537.36"
212.145.131.157 - - [05/Feb/2020:21:23:38 +0100] "GET /wp-content/themes/book-lite/images/nav-bg.png HTTP/1.1" 200 458 "https://fincasandoval.com/wp-content/themes/book-lite/style.css?ver=5.2.5" "Mozilla/5.0 (X11; Linux x86_64) AppleWebKit/537.36 (KHTML, like Gecko) Chrome/70.0.3538.77 Safari/537.36"
212.145.131.157 - - [05/Feb/2020:21:23:38 +0100] "GET /wp-content/themes/book-lite/images/diamond-white.png HTTP/1.1" 200 565 "https://fincasandoval.com/wp-content/themes/book-lite/style.css?ver=5.2.5" "Mozilla/5.0 (X11; Linux x86_64) AppleWebKit/537.36 (KHTML, like Gecko) Chrome/70.0.3538.77 Safari/537.36"
212.145.131.157 - - [05/Feb/2020:21:23:38 +0100] "GET /wp-content/uploads/2019/09/cropped-header-1.jpg HTTP/1.1" 200 45807 "https://fincasandoval.com/" "Mozilla/5.0 (X11; Linux x86_64) AppleWebKit/537.36 (KHTML, like Gecko) Chrome/70.0.3538.77 Safari/537.36"
212.145.131.157 - - [05/Feb/2020:21:23:38 +0100] "GET /favicon.ico HTTP/1.1" 200 5797 "https://fincasandoval.com/" "Mozilla/5.0 (X11; Linux x86_64) AppleWebKit/537.36 (KHTML, like Gecko) Chrome/70.0.3538.77 Safari/537.36"
185.85.190.132 - - [05/Feb/2020:21:32:08 +0100] "GET /wp-login.php HTTP/1.1" 200 7045 "-" "Mozilla/5.0 (Windows NT 10.0; WOW64) AppleWebKit/537.36 (KHTML, like Gecko) Chrome/51.0.2704.103 Safari/537.36"
185.85.190.132 - - [05/Feb/2020:21:32:08 +0100] "POST /wp-login.php HTTP/1.1" 200 4633 "https://fincasandoval.com/wp-login.php" "Mozilla/5.0 (Windows NT 10.0; WOW64) AppleWebKit/537.36 (KHTML, like Gecko) Chrome/51.0.2704.103 Safari/537.36"
89.248.107.232 - - [05/Feb/2020:22:07:33 +0100] "POST /wp-cron.php?doing_wp_cron=1580936853.1270179748535156250000 HTTP/1.1" 200 1860 "-" "WordPress/5.2.5; https://fincasandoval.com"
195.248.251.18 - - [05/Feb/2020:22:07:32 +0100] "GET / HTTP/1.1" 200 17525 "http://fincasandoval.com" "Mozilla/5.0 (Macintosh; Intel Mac OS X 10.13; rv:58.0) Gecko/20100101 Firefox/58.0"
37.9.113.162 - - [05/Feb/2020:22:28:02 +0100] "GET /robots.txt HTTP/1.1" 404 4670 "-" "Mozilla/5.0 (compatible; YandexBot/3.0; +http://yandex.com/bots)"
37.9.113.162 - - [05/Feb/2020:22:28:05 +0100] "GET /distributors/ HTTP/1.1" 404 1385 "-" "Mozilla/5.0 (compatible; YandexBot/3.0; +http://yandex.com/bots)"
89.248.107.232 - - [05/Feb/2020:22:56:08 +0100] "POST /wp-cron.php?doing_wp_cron=1580939768.2951118946075439453125 HTTP/1.1" 200 1860 "-" "WordPress/5.2.5; https://fincasandoval.com"
46.6.146.148 - - [05/Feb/2020:22:56:08 +0100] "GET / HTTP/1.1" 200 17757 "https://www.google.com/" "Mozilla/5.0 (Linux; Android 9; POCO F1) AppleWebKit/537.36 (KHTML, like Gecko) Chrome/79.0.3945.136 Mobile Safari/537.36"
46.6.146.148 - - [05/Feb/2020:22:56:08 +0100] "GET /wp-content/themes/book-lite/style.css?ver=5.2.5 HTTP/1.1" 200 24251 "https://fincasandoval.com/" "Mozilla/5.0 (Linux; Android 9; POCO F1) AppleWebKit/537.36 (KHTML, like Gecko) Chrome/79.0.3945.136 Mobile Safari/537.36"
46.6.146.148 - - [05/Feb/2020:22:56:08 +0100] "GET /wp-includes/css/dist/block-library/style.min.css?ver=5.2.5 HTTP/1.1" 200 29676 "https://fincasandoval.com/" "Mozilla/5.0 (Linux; Android 9; POCO F1) AppleWebKit/537.36 (KHTML, like Gecko) Chrome/79.0.3945.136 Mobile Safari/537.36"
46.6.146.148 - - [05/Feb/2020:22:56:08 +0100] "GET /wp-includes/js/jquery/jquery-migrate.min.js?ver=1.4.1 HTTP/1.1" 200 10560 "https://fincasandoval.com/" "Mozilla/5.0 (Linux; Android 9; POCO F1) AppleWebKit/537.36 (KHTML, like Gecko) Chrome/79.0.3945.136 Mobile Safari/537.36"
46.6.146.148 - - [05/Feb/2020:22:56:08 +0100] "GET /wp-content/uploads/2017/05/vs-2016.jpg HTTP/1.1" 200 25984 "https://fincasandoval.com/" "Mozilla/5.0 (Linux; Android 9; POCO F1) AppleWebKit/537.36 (KHTML, like Gecko) Chrome/79.0.3945.136 Mobile Safari/537.36"
46.6.146.148 - - [05/Feb/2020:22:56:08 +0100] "GET /wp-includes/js/jquery/jquery.js?ver=1.12.4-wp HTTP/1.1" 200 97523 "https://fincasandoval.com/" "Mozilla/5.0 (Linux; Android 9; POCO F1) AppleWebKit/537.36 (KHTML, like Gecko) Chrome/79.0.3945.136 Mobile Safari/537.36"
46.6.146.148 - - [05/Feb/2020:22:56:08 +0100] "GET /wp-content/themes/book-lite/js/small-menu.js?ver=20120206 HTTP/1.1" 200 1623 "https://fincasandoval.com/" "Mozilla/5.0 (Linux; Android 9; POCO F1) AppleWebKit/537.36 (KHTML, like Gecko) Chrome/79.0.3945.136 Mobile Safari/537.36"
46.6.146.148 - - [05/Feb/2020:22:56:09 +0100] "GET /wp-content/themes/book-lite/js/script.js?ver=1.0 HTTP/1.1" 200 624 "https://fincasandoval.com/" "Mozilla/5.0 (Linux; Android 9; POCO F1) AppleWebKit/537.36 (KHTML, like Gecko) Chrome/79.0.3945.136 Mobile Safari/537.36"
46.6.146.148 - - [05/Feb/2020:22:56:09 +0100] "GET /wp-includes/js/wp-embed.min.js?ver=5.2.5 HTTP/1.1" 200 1767 "https://fincasandoval.com/" "Mozilla/5.0 (Linux; Android 9; POCO F1) AppleWebKit/537.36 (KHTML, like Gecko) Chrome/79.0.3945.136 Mobile Safari/537.36"
46.6.146.148 - - [05/Feb/2020:22:56:09 +0100] "GET /wp-includes/js/wp-emoji-release.min.js?ver=5.2.5 HTTP/1.1" 200 14206 "https://fincasandoval.com/" "Mozilla/5.0 (Linux; Android 9; POCO F1) AppleWebKit/537.36 (KHTML, like Gecko) Chrome/79.0.3945.136 Mobile Safari/537.36"
46.6.146.148 - - [05/Feb/2020:22:56:09 +0100] "GET /wp-content/themes/book-lite/images/nav-bg.png HTTP/1.1" 200 458 "https://fincasandoval.com/wp-content/themes/book-lite/style.css?ver=5.2.5" "Mozilla/5.0 (Linux; Android 9; POCO F1) AppleWebKit/537.36 (KHTML, like Gecko) Chrome/79.0.3945.136 Mobile Safari/537.36"
46.6.146.148 - - [05/Feb/2020:22:56:09 +0100] "GET /wp-content/uploads/2019/09/cropped-header-1.jpg HTTP/1.1" 200 45807 "https://fincasandoval.com/" "Mozilla/5.0 (Linux; Android 9; POCO F1) AppleWebKit/537.36 (KHTML, like Gecko) Chrome/79.0.3945.136 Mobile Safari/537.36"
46.6.146.148 - - [05/Feb/2020:22:56:09 +0100] "GET /wp-content/themes/book-lite/images/diamond-white.png HTTP/1.1" 200 703 "https://fincasandoval.com/wp-content/themes/book-lite/style.css?ver=5.2.5" "Mozilla/5.0 (Linux; Android 9; POCO F1) AppleWebKit/537.36 (KHTML, like Gecko) Chrome/79.0.3945.136 Mobile Safari/537.36"
46.6.146.148 - - [05/Feb/2020:22:56:09 +0100] "GET /wp-content/themes/book-lite/images/break.png HTTP/1.1" 200 951 "https://fincasandoval.com/wp-content/themes/book-lite/style.css?ver=5.2.5" "Mozilla/5.0 (Linux; Android 9; POCO F1) AppleWebKit/537.36 (KHTML, like Gecko) Chrome/79.0.3945.136 Mobile Safari/537.36"
46.6.146.148 - - [05/Feb/2020:22:56:08 +0100] "GET /wp-content/uploads/2014/11/fs-1.jpg?w=625 HTTP/1.1" 200 639596 "https://fincasandoval.com/" "Mozilla/5.0 (Linux; Android 9; POCO F1) AppleWebKit/537.36 (KHTML, like Gecko) Chrome/79.0.3945.136 Mobile Safari/537.36"
46.6.146.148 - - [05/Feb/2020:22:56:10 +0100] "GET /favicon.ico HTTP/1.1" 200 5797 "https://fincasandoval.com/" "Mozilla/5.0 (Linux; Android 9; POCO F1) AppleWebKit/537.36 (KHTML, like Gecko) Chrome/79.0.3945.136 Mobile Safari/537.36"
42.236.10.74 - - [05/Feb/2020:23:14:40 +0100] "GET / HTTP/1.1" 200 17567 "https://fincasandoval.com/" "Mozilla/5.0 (Windows NT 6.1; WOW64) AppleWebKit/537.36 (KHTML, like Gecko) Chrome/50.0.2661.102 Safari/537.36; 360Spider"
89.248.107.232 - - [06/Feb/2020:00:01:39 +0100] "POST /wp-cron.php?doing_wp_cron=1580943699.9613471031188964843750 HTTP/1.1" 200 1860 "-" "WordPress/5.2.5; https://fincasandoval.com"
66.246.224.12 - - [06/Feb/2020:00:01:39 +0100] "GET / HTTP/1.1" 200 18199 "-" "Mozilla/5.0 (Windows NT 10.0; Win64; x64) AppleWebKit/537.36 (KHTML, like Gecko) Chrome/79.0.3945.79 Safari/537.36"
52.44.119.95 - - [06/Feb/2020:00:58:42 +0100] "GET /ads.txt HTTP/1.1" 404 4470 "-" "Mozilla/5.0 (Macintosh; Intel Mac OS X 10_12_6) AppleWebKit/537.36 (KHTML, like Gecko) Chrome/63.0.3239.84 Safari/537.36"
52.44.119.95 - - [06/Feb/2020:00:58:43 +0100] "GET /ads.txt HTTP/1.1" 404 4470 "-" "Mozilla/5.0 (Macintosh; Intel Mac OS X 10_12_6) AppleWebKit/537.36 (KHTML, like Gecko) Chrome/63.0.3239.84 Safari/537.36"
178.238.8.89 - - [06/Feb/2020:01:46:46 +0100] "GET /wp-includes/css/modules.php HTTP/1.1" 404 3680 "-" "python-requests/2.9.1"
178.238.8.89 - - [06/Feb/2020:01:46:47 +0100] "GET /wso.php HTTP/1.1" 404 3680 "-" "python-requests/2.9.1"
178.238.8.89 - - [06/Feb/2020:01:46:48 +0100] "GET /wp-content/plugins/upspy/index.php HTTP/1.1" 404 4670 "-" "python-requests/2.9.1"
178.238.8.89 - - [06/Feb/2020:01:46:48 +0100] "GET /wp-content/plugins/ubh/index.php HTTP/1.1" 404 4670 "-" "python-requests/2.9.1"
178.238.8.89 - - [06/Feb/2020:01:46:49 +0100] "GET /wp-content/plugins/vwcleanerplugin/bump.php?cache HTTP/1.1" 404 4670 "-" "python-requests/2.9.1"
178.238.8.89 - - [06/Feb/2020:01:46:50 +0100] "GET /wp-content/plugins/xichang/x.php?xi HTTP/1.1" 404 4670 "-" "python-requests/2.9.1"
178.238.8.89 - - [06/Feb/2020:01:46:51 +0100] "GET /wp-content/plugins/html404/index.html HTTP/1.1" 404 4670 "-" "python-requests/2.9.1"
178.238.8.89 - - [06/Feb/2020:01:46:51 +0100] "GET /wp-admin/shapes.php HTTP/1.1" 404 3680 "-" "python-requests/2.9.1"
178.238.8.89 - - [06/Feb/2020:01:46:52 +0100] "GET /olux.php HTTP/1.1" 404 3680 "-" "python-requests/2.9.1"
178.238.8.89 - - [06/Feb/2020:01:46:52 +0100] "GET /indoxploit.php HTTP/1.1" 404 3680 "-" "python-requests/2.9.1"
89.248.107.232 - - [06/Feb/2020:01:46:54 +0100] "POST /wp-cron.php?doing_wp_cron=1580950014.3267729282379150390625 HTTP/1.1" 200 1860 "-" "WordPress/5.2.5; https://fincasandoval.com"
178.238.8.89 - - [06/Feb/2020:01:46:53 +0100] "GET / HTTP/1.1" 200 17762 "-" "python-requests/2.9.1"
178.238.8.89 - - [06/Feb/2020:01:46:55 +0100] "GET /up.php HTTP/1.1" 404 3680 "-" "python-requests/2.9.1"
178.238.8.89 - - [06/Feb/2020:01:46:55 +0100] "GET /upload.php HTTP/1.1" 404 3680 "-" "python-requests/2.9.1"
178.238.8.89 - - [06/Feb/2020:01:46:56 +0100] "GET /wp-content/uploads/ HTTP/1.1" 403 4669 "-" "python-requests/2.9.1"
178.238.8.89 - - [06/Feb/2020:01:46:56 +0100] "GET /wp-content/uploads/2020/02/ HTTP/1.1" 403 4669 "-" "python-requests/2.9.1"
178.238.8.89 - - [06/Feb/2020:01:46:56 +0100] "GET /shell.php HTTP/1.1" 404 3680 "-" "python-requests/2.9.1"
178.238.8.89 - - [06/Feb/2020:01:46:57 +0100] "GET /wp-admin/network/wp-footer.php HTTP/1.1" 404 3680 "-" "python-requests/2.9.1"
178.238.8.89 - - [06/Feb/2020:01:46:57 +0100] "GET /wp-info.php HTTP/1.1" 404 3680 "-" "python-requests/2.9.1"
178.238.8.89 - - [06/Feb/2020:01:46:58 +0100] "GET /wp-content/vuln.php HTTP/1.1" 404 3680 "-" "python-requests/2.9.1"
178.238.8.89 - - [06/Feb/2020:01:46:59 +0100] "GET /upel.php HTTP/1.1" 404 3680 "-" "python-requests/2.9.1"
178.238.8.89 - - [06/Feb/2020:01:46:59 +0100] "GET /wp-content/plugins/ppus/up.php HTTP/1.1" 404 4670 "-" "python-requests/2.9.1"
178.238.8.89 - - [06/Feb/2020:01:46:59 +0100] "GET /098.php HTTP/1.1" 404 3680 "-" "python-requests/2.9.1"
178.238.8.89 - - [06/Feb/2020:01:47:00 +0100] "GET /V5.php HTTP/1.1" 404 3680 "-" "python-requests/2.9.1"
178.238.8.89 - - [06/Feb/2020:01:47:00 +0100] "GET /new_license.php HTTP/1.1" 403 4669 "-" "python-requests/2.9.1"
178.238.8.89 - - [06/Feb/2020:01:47:01 +0100] "GET /wp-content/plugins/theme-configurator/mini.php HTTP/1.1" 404 4670 "-" "python-requests/2.9.1"
178.238.8.89 - - [06/Feb/2020:01:47:01 +0100] "GET /wp-content/plugins/widget-logic/mini.php HTTP/1.1" 404 4670 "-" "python-requests/2.9.1"
212.99.44.83 - - [06/Feb/2020:01:48:03 +0100] "GET /?feed=rss2 HTTP/1.1" 200 5417 "-" "UniversalFeedParser/5.1.3 +https://code.google.com/p/feedparser/"
89.248.107.232 - - [06/Feb/2020:01:57:38 +0100] "POST /wp-cron.php?doing_wp_cron=1580950658.6592850685119628906250 HTTP/1.1" 200 1860 "-" "WordPress/5.2.5; https://fincasandoval.com"
213.32.243.99 - - [06/Feb/2020:01:57:38 +0100] "GET / HTTP/1.1" 301 3667 "-" "Mozilla/5.0 (Linux; Android 10; ONEPLUS A6003) AppleWebKit/537.36 (KHTML, like Gecko) Chrome/79.0.3945.136 Mobile Safari/537.36"
213.32.243.99 - - [06/Feb/2020:01:57:39 +0100] "GET / HTTP/1.1" 200 17757 "-" "Mozilla/5.0 (Linux; Android 10; ONEPLUS A6003) AppleWebKit/537.36 (KHTML, like Gecko) Chrome/79.0.3945.136 Mobile Safari/537.36"
213.32.243.99 - - [06/Feb/2020:01:57:39 +0100] "GET /wp-includes/css/dist/block-library/style.min.css?ver=5.2.5 HTTP/1.1" 200 29676 "https://fincasandoval.com/" "Mozilla/5.0 (Linux; Android 10; ONEPLUS A6003) AppleWebKit/537.36 (KHTML, like Gecko) Chrome/79.0.3945.136 Mobile Safari/537.36"
213.32.243.99 - - [06/Feb/2020:01:57:39 +0100] "GET /wp-content/themes/book-lite/style.css?ver=5.2.5 HTTP/1.1" 200 21109 "https://fincasandoval.com/" "Mozilla/5.0 (Linux; Android 10; ONEPLUS A6003) AppleWebKit/537.36 (KHTML, like Gecko) Chrome/79.0.3945.136 Mobile Safari/537.36"
213.32.243.99 - - [06/Feb/2020:01:57:39 +0100] "GET /wp-includes/js/jquery/jquery-migrate.min.js?ver=1.4.1 HTTP/1.1" 200 10560 "https://fincasandoval.com/" "Mozilla/5.0 (Linux; Android 10; ONEPLUS A6003) AppleWebKit/537.36 (KHTML, like Gecko) Chrome/79.0.3945.136 Mobile Safari/537.36"
213.32.243.99 - - [06/Feb/2020:01:57:39 +0100] "GET /wp-content/uploads/2017/05/vs-2016.jpg HTTP/1.1" 200 25984 "https://fincasandoval.com/" "Mozilla/5.0 (Linux; Android 10; ONEPLUS A6003) AppleWebKit/537.36 (KHTML, like Gecko) Chrome/79.0.3945.136 Mobile Safari/537.36"
213.32.243.99 - - [06/Feb/2020:01:57:39 +0100] "GET /wp-includes/js/jquery/jquery.js?ver=1.12.4-wp HTTP/1.1" 200 97385 "https://fincasandoval.com/" "Mozilla/5.0 (Linux; Android 10; ONEPLUS A6003) AppleWebKit/537.36 (KHTML, like Gecko) Chrome/79.0.3945.136 Mobile Safari/537.36"
213.32.243.99 - - [06/Feb/2020:01:57:39 +0100] "GET /wp-includes/js/wp-embed.min.js?ver=5.2.5 HTTP/1.1" 200 1767 "https://fincasandoval.com/" "Mozilla/5.0 (Linux; Android 10; ONEPLUS A6003) AppleWebKit/537.36 (KHTML, like Gecko) Chrome/79.0.3945.136 Mobile Safari/537.36"
213.32.243.99 - - [06/Feb/2020:01:57:39 +0100] "GET /wp-content/themes/book-lite/js/small-menu.js?ver=20120206 HTTP/1.1" 200 1623 "https://fincasandoval.com/" "Mozilla/5.0 (Linux; Android 10; ONEPLUS A6003) AppleWebKit/537.36 (KHTML, like Gecko) Chrome/79.0.3945.136 Mobile Safari/537.36"
213.32.243.99 - - [06/Feb/2020:01:57:39 +0100] "GET /wp-content/themes/book-lite/images/nav-bg.png HTTP/1.1" 200 596 "https://fincasandoval.com/wp-content/themes/book-lite/style.css?ver=5.2.5" "Mozilla/5.0 (Linux; Android 10; ONEPLUS A6003) AppleWebKit/537.36 (KHTML, like Gecko) Chrome/79.0.3945.136 Mobile Safari/537.36"
213.32.243.99 - - [06/Feb/2020:01:57:39 +0100] "GET /wp-content/themes/book-lite/js/script.js?ver=1.0 HTTP/1.1" 200 624 "https://fincasandoval.com/" "Mozilla/5.0 (Linux; Android 10; ONEPLUS A6003) AppleWebKit/537.36 (KHTML, like Gecko) Chrome/79.0.3945.136 Mobile Safari/537.36"
213.32.243.99 - - [06/Feb/2020:01:57:39 +0100] "GET /wp-content/uploads/2019/09/cropped-header-1.jpg HTTP/1.1" 200 45807 "https://fincasandoval.com/" "Mozilla/5.0 (Linux; Android 10; ONEPLUS A6003) AppleWebKit/537.36 (KHTML, like Gecko) Chrome/79.0.3945.136 Mobile Safari/537.36"
213.32.243.99 - - [06/Feb/2020:01:57:39 +0100] "GET /wp-content/uploads/2014/11/fs-1.jpg?w=625 HTTP/1.1" 200 639734 "https://fincasandoval.com/" "Mozilla/5.0 (Linux; Android 10; ONEPLUS A6003) AppleWebKit/537.36 (KHTML, like Gecko) Chrome/79.0.3945.136 Mobile Safari/537.36"
213.32.243.99 - - [06/Feb/2020:01:57:39 +0100] "GET /wp-content/themes/book-lite/images/break.png HTTP/1.1" 200 951 "https://fincasandoval.com/wp-content/themes/book-lite/style.css?ver=5.2.5" "Mozilla/5.0 (Linux; Android 10; ONEPLUS A6003) AppleWebKit/537.36 (KHTML, like Gecko) Chrome/79.0.3945.136 Mobile Safari/537.36"
213.32.243.99 - - [06/Feb/2020:01:57:39 +0100] "GET /wp-content/themes/book-lite/images/diamond-white.png HTTP/1.1" 200 565 "https://fincasandoval.com/wp-content/themes/book-lite/style.css?ver=5.2.5" "Mozilla/5.0 (Linux; Android 10; ONEPLUS A6003) AppleWebKit/537.36 (KHTML, like Gecko) Chrome/79.0.3945.136 Mobile Safari/537.36"
213.32.243.99 - - [06/Feb/2020:01:57:40 +0100] "GET /favicon.ico HTTP/1.1" 200 5797 "https://fincasandoval.com/" "Mozilla/5.0 (Linux; Android 10; ONEPLUS A6003) AppleWebKit/537.36 (KHTML, like Gecko) Chrome/79.0.3945.136 Mobile Safari/537.36"
213.32.243.99 - - [06/Feb/2020:01:57:57 +0100] "GET / HTTP/1.1" 301 525 "-" "Mozilla/5.0 (X11; Linux x86_64) AppleWebKit/537.36 (KHTML, like Gecko) Chrome/79.0.3945.136 Safari/537.36"
213.32.243.99 - - [06/Feb/2020:01:57:58 +0100] "GET / HTTP/1.1" 200 14615 "-" "Mozilla/5.0 (X11; Linux x86_64) AppleWebKit/537.36 (KHTML, like Gecko) Chrome/79.0.3945.136 Safari/537.36"
213.32.243.99 - - [06/Feb/2020:01:58:06 +0100] "GET /?page_id=36 HTTP/1.1" 200 12835 "https://fincasandoval.com/" "Mozilla/5.0 (X11; Linux x86_64) AppleWebKit/537.36 (KHTML, like Gecko) Chrome/79.0.3945.136 Safari/537.36"
213.32.243.99 - - [06/Feb/2020:01:58:06 +0100] "GET /wp-content/uploads/2014/11/fs-8-1568x1176.jpg HTTP/1.1" 200 224591 "https://fincasandoval.com/?page_id=36" "Mozilla/5.0 (X11; Linux x86_64) AppleWebKit/537.36 (KHTML, like Gecko) Chrome/79.0.3945.136 Safari/537.36"
213.32.243.99 - - [06/Feb/2020:01:58:15 +0100] "GET /?page_id=10 HTTP/1.1" 200 16566 "https://fincasandoval.com/?page_id=36" "Mozilla/5.0 (X11; Linux x86_64) AppleWebKit/537.36 (KHTML, like Gecko) Chrome/79.0.3945.136 Safari/537.36"
213.32.243.99 - - [06/Feb/2020:01:58:16 +0100] "GET /wp-content/uploads/2014/11/fs-4-768x431.jpg HTTP/1.1" 200 48777 "https://fincasandoval.com/?page_id=10" "Mozilla/5.0 (X11; Linux x86_64) AppleWebKit/537.36 (KHTML, like Gecko) Chrome/79.0.3945.136 Safari/537.36"
213.32.243.99 - - [06/Feb/2020:01:58:16 +0100] "GET /wp-content/uploads/2014/11/fs-3-768x431.jpg HTTP/1.1" 200 44336 "https://fincasandoval.com/?page_id=10" "Mozilla/5.0 (X11; Linux x86_64) AppleWebKit/537.36 (KHTML, like Gecko) Chrome/79.0.3945.136 Safari/537.36"
213.32.243.99 - - [06/Feb/2020:01:58:16 +0100] "GET /wp-content/uploads/2014/11/fs-2.jpg?w=625 HTTP/1.1" 200 5413372 "https://fincasandoval.com/?page_id=10" "Mozilla/5.0 (X11; Linux x86_64) AppleWebKit/537.36 (KHTML, like Gecko) Chrome/79.0.3945.136 Safari/537.36"
89.248.107.232 - - [06/Feb/2020:02:01:07 +0100] "HEAD / HTTP/1.1" 200 1404 "-" "-"
89.248.107.232 - - [06/Feb/2020:02:01:10 +0100] "HEAD / HTTP/1.1" 200 1404 "-" "-"
207.46.13.64 - - [06/Feb/2020:02:19:01 +0100] "GET /wp-content/uploads/2014/11/fs-4.jpg?w=300 HTTP/1.1" 200 4345224 "-" "Mozilla/5.0 (compatible; bingbot/2.0; +http://www.bing.com/bingbot.htm)"
89.248.107.232 - - [06/Feb/2020:03:12:53 +0100] "POST /wp-cron.php?doing_wp_cron=1580955173.3047060966491699218750 HTTP/1.1" 200 1860 "-" "WordPress/5.2.5; https://fincasandoval.com"
106.120.173.81 - - [06/Feb/2020:03:12:51 +0100] "GET / HTTP/1.1" 200 17725 "-" "Sogou web spider/4.0(+http://www.sogou.com/docs/help/webmasters.htm#07)"
78.136.201.121 - - [06/Feb/2020:03:36:44 +0100] "GET / HTTP/1.1" 200 17511 "-" "Mozilla/5.0 (Macintosh; Intel Mac OS X 10_12_5) AppleWebKit/537.36 (KHTML, like Gecko) Chrome/58.0.3029.110 Safari/537.36"
89.248.107.232 - - [06/Feb/2020:03:54:24 +0100] "POST /wp-cron.php?doing_wp_cron=1580957664.6555259227752685546875 HTTP/1.1" 200 1860 "-" "WordPress/5.2.5; https://fincasandoval.com"
82.80.249.214 - - [06/Feb/2020:03:54:23 +0100] "GET / HTTP/1.1" 301 3679 "-" "Mozilla/5.0 (X11; Linux x86_64) AppleWebKit/537.36 (KHTML, like Gecko) Chrome/31.0.1650.63 Safari/537.36"
82.80.249.214 - - [06/Feb/2020:03:54:26 +0100] "GET / HTTP/1.1" 200 17805 "-" "Mozilla/5.0 (X11; Linux x86_64) AppleWebKit/537.36 (KHTML, like Gecko) Chrome/31.0.1650.63 Safari/537.36"
82.80.249.249 - - [06/Feb/2020:03:54:28 +0100] "GET / HTTP/1.1" 301 4109 "-" "Mozilla/5.0 (Macintosh; Intel Mac OS X 10_6_8) AppleWebKit/534.59.10 (KHTML, like Gecko) Version/5.1.9 Safari/534.59.10"
82.80.249.249 - - [06/Feb/2020:03:54:28 +0100] "GET / HTTP/1.1" 200 18199 "-" "Mozilla/5.0 (Macintosh; Intel Mac OS X 10_6_8) AppleWebKit/534.59.10 (KHTML, like Gecko) Version/5.1.9 Safari/534.59.10"
82.80.249.249 - - [06/Feb/2020:03:54:29 +0100] "GET /wp-includes/css/dist/block-library/style.min.css?ver=5.2.5 HTTP/1.1" 200 29621 "http://www.fincasandoval.com/" "Mozilla/5.0 (Windows NT 6.1; WOW64; rv:28.0) Gecko/20100101 Firefox/28.0"
82.80.249.249 - - [06/Feb/2020:03:54:29 +0100] "GET /wp-content/themes/book-lite/style.css?ver=5.2.5 HTTP/1.1" 200 21021 "http://www.fincasandoval.com/" "Mozilla/5.0 (compatible; MSIE 9.0; Windows NT 6.1; Trident/5.0)"
82.80.249.249 - - [06/Feb/2020:03:54:29 +0100] "GET / HTTP/1.1" 200 14527 "http://www.fincasandoval.com/" "Mozilla/5.0 (Windows NT 6.1; WOW64) AppleWebKit/537.36 (KHTML, like Gecko) Chrome/31.0.1650.57 Safari/537.36"
82.80.249.249 - - [06/Feb/2020:03:54:29 +0100] "GET /?page_id=10 HTTP/1.1" 200 16478 "http://www.fincasandoval.com/" "Mozilla/5.0 (Windows NT 6.1; WOW64; rv:36.0) Gecko/20100101 Firefox/36.0"
82.80.249.249 - - [06/Feb/2020:03:54:30 +0100] "GET /?page_id=20 HTTP/1.1" 200 16239 "http://www.fincasandoval.com/" "Mozilla/5.0 (Windows NT 6.1; WOW64; rv:24.0) Gecko/20100101 Firefox/24.0"
82.80.249.249 - - [06/Feb/2020:03:54:30 +0100] "GET /?page_id=28 HTTP/1.1" 200 11868 "http://www.fincasandoval.com/" "Mozilla/5.0 (compatible; MSIE 10.0; Windows NT 6.1; WOW64; Trident/6.0)"
82.80.249.249 - - [06/Feb/2020:03:54:30 +0100] "GET /?page_id=41 HTTP/1.1" 200 9901 "http://www.fincasandoval.com/" "Mozilla/5.0 (Macintosh; Intel Mac OS X 10.7; rv:26.0) Gecko/20100101 Firefox/26.0"
82.80.249.249 - - [06/Feb/2020:03:54:30 +0100] "GET /?page_id=36 HTTP/1.1" 200 12642 "http://www.fincasandoval.com/" "Mozilla/5.0 (X11; Linux x86_64) AppleWebKit/537.36 (KHTML, like Gecko) Chrome/31.0.1650.57 Safari/537.36"
82.80.230.228 - - [06/Feb/2020:03:54:36 +0100] "GET /wp-content/uploads/2019/09/cropped-header-1.jpg HTTP/1.1" 200 49113 "-" "Mozilla/5.0 (compatible)"
82.80.230.228 - - [06/Feb/2020:03:54:36 +0100] "GET /wp-content/themes/book-lite/images/diamond-white.png HTTP/1.1" 200 3855 "-" "Mozilla/5.0 (Windows NT 6.2; WOW64; rv:26.0) Gecko/20100101 Firefox/26.0"
82.80.249.164 - - [06/Feb/2020:03:54:37 +0100] "GET /wp-content/themes/book-lite/images/header-divider.png HTTP/1.1" 200 4495 "-" "Mozilla/5.0 (Windows NT 6.1; rv:26.0) Gecko/20100101 Firefox/26.0"
82.80.230.228 - - [06/Feb/2020:03:54:37 +0100] "GET /wp-content/themes/book-lite/images/break.png HTTP/1.1" 200 4239 "-" "Mozilla/5.0 (Macintosh; Intel Mac OS X 10_8_5) AppleWebKit/537.73.11 (KHTML, like Gecko) Version/6.1.1 Safari/537.73.11"
