193.106.30.99 - - [04/Feb/2020:04:29:25 +0100] "POST /language/en-GB/en-GB.localise.php HTTP/1.1" 404 4665 "-" "Mozilla/5.0 (Windows NT 6.1; Win64; x64) AppleWebKit/537.36 (KHTML, like Gecko) Chrome/73.0.3683.103 Safari/537.36"
54.250.87.247 - - [04/Feb/2020:04:37:45 +0100] "GET /wp-login.php HTTP/1.1" 200 6568 "-" "Opera/9.80 (Windows NT 6.1; WOW64) Presto/2.12.388 Version/12.18"
54.250.87.247 - - [04/Feb/2020:04:37:47 +0100] "POST /wp-login.php HTTP/1.1" 200 4497 "-" "Opera/9.80 (Windows NT 6.1; WOW64) Presto/2.12.388 Version/12.18"
213.242.20.29 - - [04/Feb/2020:04:39:39 +0100] "HEAD /members/ HTTP/1.1" 404 3089 "-" "Mozilla/4.0 (compatible; MSIE 6.0; Windows NT 5.1; SV1)"
142.11.204.54 - - [04/Feb/2020:04:40:08 +0100] "GET /wp-login.php HTTP/1.1" 200 6587 "-" "Mozilla/5.0 (X11; Ubuntu; Linux x86_64; rv:62.0) Gecko/20100101 Firefox/62.0"
142.11.204.54 - - [04/Feb/2020:04:40:10 +0100] "POST /wp-login.php HTTP/1.1" 200 7562 "-" "Mozilla/5.0 (X11; Ubuntu; Linux x86_64; rv:62.0) Gecko/20100101 Firefox/62.0"
142.11.204.54 - - [04/Feb/2020:04:40:10 +0100] "POST /xmlrpc.php HTTP/1.1" 200 3835 "-" "Mozilla/5.0 (X11; Ubuntu; Linux x86_64; rv:62.0) Gecko/20100101 Firefox/62.0"
89.248.107.232 - - [04/Feb/2020:04:42:46 +0100] "POST /wp-cron.php?doing_wp_cron=1580787766.6488010883331298828125 HTTP/1.1" 200 1860 "-" "WordPress/5.2.5; https://fincasandoval.com"
167.71.162.245 - - [04/Feb/2020:04:42:46 +0100] "GET /wp-login.php HTTP/1.1" 200 6587 "-" "Mozilla/5.0 (X11; Ubuntu; Linux x86_64; rv:62.0) Gecko/20100101 Firefox/62.0"
167.71.162.245 - - [04/Feb/2020:04:42:47 +0100] "POST /wp-login.php HTTP/1.1" 200 7436 "-" "Mozilla/5.0 (X11; Ubuntu; Linux x86_64; rv:62.0) Gecko/20100101 Firefox/62.0"
167.71.162.245 - - [04/Feb/2020:04:42:48 +0100] "POST /xmlrpc.php HTTP/1.1" 200 3835 "-" "Mozilla/5.0 (X11; Ubuntu; Linux x86_64; rv:62.0) Gecko/20100101 Firefox/62.0"
3.0.115.255 - - [04/Feb/2020:04:43:03 +0100] "GET /wp-login.php HTTP/1.1" 200 6568 "-" "Opera/9.80 (Windows NT 6.1; WOW64) Presto/2.12.388 Version/12.18"
3.0.115.255 - - [04/Feb/2020:04:43:03 +0100] "POST /wp-login.php HTTP/1.1" 200 4497 "-" "Opera/9.80 (Windows NT 6.1; WOW64) Presto/2.12.388 Version/12.18"
34.215.69.55 - - [04/Feb/2020:04:50:22 +0100] "GET /wp-login.php HTTP/1.1" 200 6568 "-" "Opera/9.80 (Windows NT 6.1; WOW64) Presto/2.12.388 Version/12.18"
34.215.69.55 - - [04/Feb/2020:04:50:24 +0100] "POST /wp-login.php HTTP/1.1" 200 4497 "-" "Opera/9.80 (Windows NT 6.1; WOW64) Presto/2.12.388 Version/12.18"
34.253.197.178 - - [04/Feb/2020:04:56:37 +0100] "GET /robots.txt HTTP/1.1" 404 4628 "-" "PleskBot"
89.248.107.232 - - [04/Feb/2020:04:56:38 +0100] "POST /wp-cron.php?doing_wp_cron=1580788598.5003728866577148437500 HTTP/1.1" 200 1860 "-" "WordPress/5.2.5; https://fincasandoval.com"
34.253.197.178 - - [04/Feb/2020:04:56:37 +0100] "GET / HTTP/1.1" 200 17720 "-" "PleskBot"
34.241.77.13 - - [04/Feb/2020:04:57:12 +0100] "GET /wp-login.php HTTP/1.1" 200 6568 "-" "Opera/9.80 (Windows NT 6.1; WOW64) Presto/2.12.388 Version/12.18"
34.241.77.13 - - [04/Feb/2020:04:57:12 +0100] "POST /wp-login.php HTTP/1.1" 200 4497 "-" "Opera/9.80 (Windows NT 6.1; WOW64) Presto/2.12.388 Version/12.18"
52.44.119.95 - - [04/Feb/2020:04:58:02 +0100] "GET /ads.txt HTTP/1.1" 404 4470 "-" "Mozilla/5.0 (Macintosh; Intel Mac OS X 10_12_6) AppleWebKit/537.36 (KHTML, like Gecko) Chrome/63.0.3239.84 Safari/537.36"
52.44.119.95 - - [04/Feb/2020:04:58:03 +0100] "GET /ads.txt HTTP/1.1" 404 4470 "-" "Mozilla/5.0 (Macintosh; Intel Mac OS X 10_12_6) AppleWebKit/537.36 (KHTML, like Gecko) Chrome/63.0.3239.84 Safari/537.36"
50.116.97.126 - - [04/Feb/2020:04:59:07 +0100] "GET /wp-login.php HTTP/1.1" 200 6587 "-" "Mozilla/5.0 (X11; Ubuntu; Linux x86_64; rv:62.0) Gecko/20100101 Firefox/62.0"
50.116.97.126 - - [04/Feb/2020:04:59:07 +0100] "POST /wp-login.php HTTP/1.1" 200 7562 "-" "Mozilla/5.0 (X11; Ubuntu; Linux x86_64; rv:62.0) Gecko/20100101 Firefox/62.0"
50.116.97.126 - - [04/Feb/2020:04:59:08 +0100] "POST /xmlrpc.php HTTP/1.1" 200 3835 "-" "Mozilla/5.0 (X11; Ubuntu; Linux x86_64; rv:62.0) Gecko/20100101 Firefox/62.0"
157.230.238.19 - - [04/Feb/2020:05:01:15 +0100] "GET /wp-login.php HTTP/1.1" 200 6587 "-" "Mozilla/5.0 (X11; Ubuntu; Linux x86_64; rv:62.0) Gecko/20100101 Firefox/62.0"
157.230.238.19 - - [04/Feb/2020:05:01:16 +0100] "POST /wp-login.php HTTP/1.1" 200 7436 "-" "Mozilla/5.0 (X11; Ubuntu; Linux x86_64; rv:62.0) Gecko/20100101 Firefox/62.0"
157.230.238.19 - - [04/Feb/2020:05:01:22 +0100] "POST /xmlrpc.php HTTP/1.1" 200 3835 "-" "Mozilla/5.0 (X11; Ubuntu; Linux x86_64; rv:62.0) Gecko/20100101 Firefox/62.0"
52.30.16.188 - - [04/Feb/2020:05:02:31 +0100] "GET /wp-login.php HTTP/1.1" 200 6568 "-" "Opera/9.80 (Windows NT 6.1; WOW64) Presto/2.12.388 Version/12.18"
52.30.16.188 - - [04/Feb/2020:05:02:31 +0100] "POST /wp-login.php HTTP/1.1" 200 4497 "-" "Opera/9.80 (Windows NT 6.1; WOW64) Presto/2.12.388 Version/12.18"
159.138.151.109 - - [04/Feb/2020:05:08:49 +0100] "GET / HTTP/1.1" 301 3435 "-" "Mozilla/5.0(Linux;Android 5.1.1;OPPO A33 Build/LMY47V;wv) AppleWebKit/537.36(KHTML,link Gecko) Version/4.0 Chrome/42.0.2311.138 Mobile Safari/537.36 Mb2345Browser/9.0"
159.138.154.146 - - [04/Feb/2020:05:08:50 +0100] "GET / HTTP/1.1" 200 17525 "-" "Mozilla/5.0(Linux;Android 5.1.1;OPPO A33 Build/LMY47V;wv) AppleWebKit/537.36(KHTML,link Gecko) Version/4.0 Chrome/42.0.2311.138 Mobile Safari/537.36 Mb2345Browser/9.0"
34.236.202.207 - - [04/Feb/2020:05:12:46 +0100] "GET /wp-login.php HTTP/1.1" 200 6568 "-" "Opera/9.80 (Windows NT 6.1; WOW64) Presto/2.12.388 Version/12.18"
34.236.202.207 - - [04/Feb/2020:05:12:46 +0100] "POST /wp-login.php HTTP/1.1" 200 4497 "-" "Opera/9.80 (Windows NT 6.1; WOW64) Presto/2.12.388 Version/12.18"
52.30.16.188 - - [04/Feb/2020:05:18:42 +0100] "GET /wp-login.php HTTP/1.1" 200 6568 "-" "Opera/9.80 (Windows NT 6.1; WOW64) Presto/2.12.388 Version/12.18"
52.30.16.188 - - [04/Feb/2020:05:18:42 +0100] "POST /wp-login.php HTTP/1.1" 200 4497 "-" "Opera/9.80 (Windows NT 6.1; WOW64) Presto/2.12.388 Version/12.18"
149.56.129.129 - - [04/Feb/2020:05:21:00 +0100] "GET /wp-login.php HTTP/1.1" 200 6587 "-" "Mozilla/5.0 (X11; Ubuntu; Linux x86_64; rv:62.0) Gecko/20100101 Firefox/62.0"
149.56.129.129 - - [04/Feb/2020:05:21:01 +0100] "POST /wp-login.php HTTP/1.1" 200 7436 "-" "Mozilla/5.0 (X11; Ubuntu; Linux x86_64; rv:62.0) Gecko/20100101 Firefox/62.0"
149.56.129.129 - - [04/Feb/2020:05:21:02 +0100] "POST /xmlrpc.php HTTP/1.1" 200 3835 "-" "Mozilla/5.0 (X11; Ubuntu; Linux x86_64; rv:62.0) Gecko/20100101 Firefox/62.0"
54.176.188.51 - - [04/Feb/2020:05:26:54 +0100] "GET /wp-login.php HTTP/1.1" 200 6568 "-" "Opera/9.80 (Windows NT 6.1; WOW64) Presto/2.12.388 Version/12.18"
54.176.188.51 - - [04/Feb/2020:05:26:55 +0100] "POST /wp-login.php HTTP/1.1" 200 4497 "-" "Opera/9.80 (Windows NT 6.1; WOW64) Presto/2.12.388 Version/12.18"
52.15.212.3 - - [04/Feb/2020:05:33:08 +0100] "GET /wp-login.php HTTP/1.1" 200 6568 "-" "Opera/9.80 (Windows NT 6.1; WOW64) Presto/2.12.388 Version/12.18"
52.15.212.3 - - [04/Feb/2020:05:33:09 +0100] "POST /wp-login.php HTTP/1.1" 200 4497 "-" "Opera/9.80 (Windows NT 6.1; WOW64) Presto/2.12.388 Version/12.18"
47.91.220.119 - - [04/Feb/2020:05:39:06 +0100] "GET /wp-login.php HTTP/1.1" 200 6587 "-" "Mozilla/5.0 (X11; Ubuntu; Linux x86_64; rv:62.0) Gecko/20100101 Firefox/62.0"
47.91.220.119 - - [04/Feb/2020:05:39:07 +0100] "POST /wp-login.php HTTP/1.1" 200 7436 "-" "Mozilla/5.0 (X11; Ubuntu; Linux x86_64; rv:62.0) Gecko/20100101 Firefox/62.0"
47.91.220.119 - - [04/Feb/2020:05:39:09 +0100] "POST /xmlrpc.php HTTP/1.1" 200 3835 "-" "Mozilla/5.0 (X11; Ubuntu; Linux x86_64; rv:62.0) Gecko/20100101 Firefox/62.0"
34.241.77.13 - - [04/Feb/2020:05:39:23 +0100] "GET /wp-login.php HTTP/1.1" 200 6568 "-" "Opera/9.80 (Windows NT 6.1; WOW64) Presto/2.12.388 Version/12.18"
34.241.77.13 - - [04/Feb/2020:05:39:24 +0100] "POST /wp-login.php HTTP/1.1" 200 4497 "-" "Opera/9.80 (Windows NT 6.1; WOW64) Presto/2.12.388 Version/12.18"
66.192.216.50 - - [04/Feb/2020:05:41:17 +0100] "GET / HTTP/1.1" 200 17757 "https://www.bing.com/search?q=finca%20sandoval&qs=n&form=QBRE&sp=-1&pq=finca%20sandoval&sc=6-14&sk=&cvid=1FDFC44747474562902AA70D692C855C" "Mozilla/5.0 (Windows NT 10.0; WOW64; Trident/7.0; rv:11.0) like Gecko"
66.192.216.50 - - [04/Feb/2020:05:41:17 +0100] "GET /wp-includes/css/dist/block-library/style.min.css?ver=5.2.5 HTTP/1.1" 200 32956 "https://fincasandoval.com/" "Mozilla/5.0 (Windows NT 10.0; WOW64; Trident/7.0; rv:11.0) like Gecko"
66.192.216.50 - - [04/Feb/2020:05:41:18 +0100] "GET /wp-content/themes/book-lite/style.css?ver=5.2.5 HTTP/1.1" 200 20971 "https://fincasandoval.com/" "Mozilla/5.0 (Windows NT 10.0; WOW64; Trident/7.0; rv:11.0) like Gecko"
66.192.216.50 - - [04/Feb/2020:05:41:18 +0100] "GET /wp-includes/js/jquery/jquery.js?ver=1.12.4-wp HTTP/1.1" 200 97385 "https://fincasandoval.com/" "Mozilla/5.0 (Windows NT 10.0; WOW64; Trident/7.0; rv:11.0) like Gecko"
66.192.216.50 - - [04/Feb/2020:05:41:18 +0100] "GET /wp-includes/js/jquery/jquery-migrate.min.js?ver=1.4.1 HTTP/1.1" 200 10422 "https://fincasandoval.com/" "Mozilla/5.0 (Windows NT 10.0; WOW64; Trident/7.0; rv:11.0) like Gecko"
66.192.216.50 - - [04/Feb/2020:05:41:18 +0100] "GET /wp-content/uploads/2017/05/vs-2016.jpg HTTP/1.1" 200 29126 "https://fincasandoval.com/" "Mozilla/5.0 (Windows NT 10.0; WOW64; Trident/7.0; rv:11.0) like Gecko"
66.192.216.50 - - [04/Feb/2020:05:41:18 +0100] "GET /wp-includes/js/wp-emoji-release.min.js?ver=5.2.5 HTTP/1.1" 200 17486 "https://fincasandoval.com/" "Mozilla/5.0 (Windows NT 10.0; WOW64; Trident/7.0; rv:11.0) like Gecko"
66.192.216.50 - - [04/Feb/2020:05:41:18 +0100] "GET /wp-content/themes/book-lite/js/small-menu.js?ver=20120206 HTTP/1.1" 200 4903 "https://fincasandoval.com/" "Mozilla/5.0 (Windows NT 10.0; WOW64; Trident/7.0; rv:11.0) like Gecko"
66.192.216.50 - - [04/Feb/2020:05:41:18 +0100] "GET /wp-content/themes/book-lite/js/script.js?ver=1.0 HTTP/1.1" 200 3904 "https://fincasandoval.com/" "Mozilla/5.0 (Windows NT 10.0; WOW64; Trident/7.0; rv:11.0) like Gecko"
66.192.216.50 - - [04/Feb/2020:05:41:18 +0100] "GET /wp-includes/js/wp-embed.min.js?ver=5.2.5 HTTP/1.1" 200 1767 "https://fincasandoval.com/" "Mozilla/5.0 (Windows NT 10.0; WOW64; Trident/7.0; rv:11.0) like Gecko"
66.192.216.50 - - [04/Feb/2020:05:41:18 +0100] "GET /wp-content/themes/book-lite/images/break.png HTTP/1.1" 200 951 "https://fincasandoval.com/" "Mozilla/5.0 (Windows NT 10.0; WOW64; Trident/7.0; rv:11.0) like Gecko"
66.192.216.50 - - [04/Feb/2020:05:41:18 +0100] "GET /wp-content/themes/book-lite/images/diamond-white.png HTTP/1.1" 200 565 "https://fincasandoval.com/" "Mozilla/5.0 (Windows NT 10.0; WOW64; Trident/7.0; rv:11.0) like Gecko"
66.192.216.50 - - [04/Feb/2020:05:41:18 +0100] "GET /wp-content/themes/book-lite/images/nav-bg.png HTTP/1.1" 200 458 "https://fincasandoval.com/" "Mozilla/5.0 (Windows NT 10.0; WOW64; Trident/7.0; rv:11.0) like Gecko"
66.192.216.50 - - [04/Feb/2020:05:41:18 +0100] "GET /wp-content/uploads/2019/09/cropped-header-1.jpg HTTP/1.1" 200 45807 "https://fincasandoval.com/" "Mozilla/5.0 (Windows NT 10.0; WOW64; Trident/7.0; rv:11.0) like Gecko"
66.192.216.50 - - [04/Feb/2020:05:41:18 +0100] "GET /wp-content/uploads/2014/11/fs-1.jpg?w=625 HTTP/1.1" 200 639596 "https://fincasandoval.com/" "Mozilla/5.0 (Windows NT 10.0; WOW64; Trident/7.0; rv:11.0) like Gecko"
66.192.216.50 - - [04/Feb/2020:05:41:20 +0100] "GET /favicon.ico HTTP/1.1" 200 9077 "-" "Mozilla/5.0 (Windows NT 10.0; Win64; x64; Trident/7.0; rv:11.0) like Gecko"
66.192.216.50 - - [04/Feb/2020:05:41:30 +0100] "GET / HTTP/1.1" 200 17757 "https://www.bing.com/search?q=finca%20sandoval&qs=n&form=QBRE&sp=-1&pq=finca%20sandoval&sc=6-14&sk=&cvid=1FDFC44747474562902AA70D692C855C" "Mozilla/5.0 (Windows NT 10.0; WOW64; Trident/7.0; rv:11.0) like Gecko"
66.192.216.50 - - [04/Feb/2020:05:41:31 +0100] "GET / HTTP/1.1" 200 14477 "https://fincasandoval.com/" "Mozilla/5.0 (Windows NT 10.0; WOW64; Trident/7.0; rv:11.0) like Gecko"
89.248.107.232 - - [04/Feb/2020:05:45:59 +0100] "POST /wp-cron.php?doing_wp_cron=1580791559.1277790069580078125000 HTTP/1.1" 200 1860 "-" "WordPress/5.2.5; https://fincasandoval.com"
18.136.72.135 - - [04/Feb/2020:05:45:59 +0100] "GET /wp-login.php HTTP/1.1" 200 6568 "-" "Opera/9.80 (Windows NT 6.1; WOW64) Presto/2.12.388 Version/12.18"
18.136.72.135 - - [04/Feb/2020:05:45:59 +0100] "POST /wp-login.php HTTP/1.1" 200 4497 "-" "Opera/9.80 (Windows NT 6.1; WOW64) Presto/2.12.388 Version/12.18"
34.215.69.55 - - [04/Feb/2020:05:53:03 +0100] "GET /wp-login.php HTTP/1.1" 200 6568 "-" "Opera/9.80 (Windows NT 6.1; WOW64) Presto/2.12.388 Version/12.18"
34.215.69.55 - - [04/Feb/2020:05:53:03 +0100] "POST /wp-login.php HTTP/1.1" 200 4497 "-" "Opera/9.80 (Windows NT 6.1; WOW64) Presto/2.12.388 Version/12.18"
89.248.107.232 - - [04/Feb/2020:06:00:49 +0100] "POST /wp-cron.php?doing_wp_cron=1580792449.9016189575195312500000 HTTP/1.1" 200 1860 "-" "WordPress/5.2.5; https://fincasandoval.com"
13.228.104.57 - - [04/Feb/2020:06:00:48 +0100] "GET /wp-login.php HTTP/1.1" 200 6568 "-" "Opera/9.80 (Windows NT 6.1; WOW64) Presto/2.12.388 Version/12.18"
13.228.104.57 - - [04/Feb/2020:06:00:50 +0100] "POST /wp-login.php HTTP/1.1" 200 4497 "-" "Opera/9.80 (Windows NT 6.1; WOW64) Presto/2.12.388 Version/12.18"
52.52.190.187 - - [04/Feb/2020:06:08:11 +0100] "GET /wp-login.php HTTP/1.1" 200 6568 "-" "Opera/9.80 (Windows NT 6.1; WOW64) Presto/2.12.388 Version/12.18"
52.52.190.187 - - [04/Feb/2020:06:08:12 +0100] "POST /wp-login.php HTTP/1.1" 200 4497 "-" "Opera/9.80 (Windows NT 6.1; WOW64) Presto/2.12.388 Version/12.18"
34.215.69.55 - - [04/Feb/2020:06:13:13 +0100] "GET /wp-login.php HTTP/1.1" 200 6568 "-" "Opera/9.80 (Windows NT 6.1; WOW64) Presto/2.12.388 Version/12.18"
34.215.69.55 - - [04/Feb/2020:06:13:14 +0100] "POST /wp-login.php HTTP/1.1" 200 4497 "-" "Opera/9.80 (Windows NT 6.1; WOW64) Presto/2.12.388 Version/12.18"
52.52.190.187 - - [04/Feb/2020:06:21:43 +0100] "GET /wp-login.php HTTP/1.1" 200 6568 "-" "Opera/9.80 (Windows NT 6.1; WOW64) Presto/2.12.388 Version/12.18"
52.52.190.187 - - [04/Feb/2020:06:21:44 +0100] "POST /wp-login.php HTTP/1.1" 200 4497 "-" "Opera/9.80 (Windows NT 6.1; WOW64) Presto/2.12.388 Version/12.18"
52.65.15.196 - - [04/Feb/2020:06:28:17 +0100] "GET /wp-login.php HTTP/1.1" 200 6568 "-" "Opera/9.80 (Windows NT 6.1; WOW64) Presto/2.12.388 Version/12.18"
52.65.15.196 - - [04/Feb/2020:06:28:18 +0100] "POST /wp-login.php HTTP/1.1" 200 4497 "-" "Opera/9.80 (Windows NT 6.1; WOW64) Presto/2.12.388 Version/12.18"
13.58.56.77 - - [04/Feb/2020:06:33:38 +0100] "GET /wp-login.php HTTP/1.1" 200 6568 "-" "Opera/9.80 (Windows NT 6.1; WOW64) Presto/2.12.388 Version/12.18"
13.58.56.77 - - [04/Feb/2020:06:33:38 +0100] "POST /wp-login.php HTTP/1.1" 200 4497 "-" "Opera/9.80 (Windows NT 6.1; WOW64) Presto/2.12.388 Version/12.18"
40.77.167.157 - - [04/Feb/2020:06:36:24 +0100] "GET /wp-content/uploads/2014/11/fs-2.jpg?w=625 HTTP/1.1" 200 5416652 "-" "Mozilla/5.0 (compatible; bingbot/2.0; +http://www.bing.com/bingbot.htm)"
34.241.77.13 - - [04/Feb/2020:06:40:14 +0100] "GET /wp-login.php HTTP/1.1" 200 6568 "-" "Opera/9.80 (Windows NT 6.1; WOW64) Presto/2.12.388 Version/12.18"
34.241.77.13 - - [04/Feb/2020:06:40:16 +0100] "POST /wp-login.php HTTP/1.1" 200 4497 "-" "Opera/9.80 (Windows NT 6.1; WOW64) Presto/2.12.388 Version/12.18"
89.248.107.232 - - [04/Feb/2020:06:46:50 +0100] "POST /wp-cron.php?doing_wp_cron=1580795210.5115320682525634765625 HTTP/1.1" 200 1860 "-" "WordPress/5.2.5; https://fincasandoval.com"
34.236.55.223 - - [04/Feb/2020:06:46:49 +0100] "GET /wp-login.php HTTP/1.1" 200 6568 "-" "Opera/9.80 (Windows NT 6.1; WOW64) Presto/2.12.388 Version/12.18"
34.236.55.223 - - [04/Feb/2020:06:46:50 +0100] "POST /wp-login.php HTTP/1.1" 200 4497 "-" "Opera/9.80 (Windows NT 6.1; WOW64) Presto/2.12.388 Version/12.18"
51.68.152.26 - - [04/Feb/2020:06:48:24 +0100] "GET / HTTP/1.1" 200 17567 "-" "Mozilla/5.0 (X11; Linux x86_64) AppleWebKit/537.36 (KHTML, like Gecko) Chrome/75.0.3770.100 Safari/537.36 OPR/62.0.3331.99"
54.176.188.51 - - [04/Feb/2020:06:54:46 +0100] "GET /wp-login.php HTTP/1.1" 200 6568 "-" "Opera/9.80 (Windows NT 6.1; WOW64) Presto/2.12.388 Version/12.18"
54.176.188.51 - - [04/Feb/2020:06:54:47 +0100] "POST /wp-login.php HTTP/1.1" 200 4497 "-" "Opera/9.80 (Windows NT 6.1; WOW64) Presto/2.12.388 Version/12.18"
89.248.107.232 - - [04/Feb/2020:06:58:09 +0100] "POST /wp-cron.php?doing_wp_cron=1580795889.2297580242156982421875 HTTP/1.1" 200 1860 "-" "WordPress/5.2.5; https://fincasandoval.com"
185.86.164.99 - - [04/Feb/2020:06:58:09 +0100] "GET /wp-login.php HTTP/1.1" 200 7045 "-" "Mozilla/5.0 (Windows NT 10.0; WOW64) AppleWebKit/537.36 (KHTML, like Gecko) Chrome/51.0.2704.103 Safari/537.36"
185.86.164.99 - - [04/Feb/2020:06:58:09 +0100] "POST /wp-login.php HTTP/1.1" 200 4633 "https://fincasandoval.com/wp-login.php" "Mozilla/5.0 (Windows NT 10.0; WOW64) AppleWebKit/537.36 (KHTML, like Gecko) Chrome/51.0.2704.103 Safari/537.36"
34.236.55.223 - - [04/Feb/2020:07:00:11 +0100] "GET /wp-login.php HTTP/1.1" 200 6568 "-" "Opera/9.80 (Windows NT 6.1; WOW64) Presto/2.12.388 Version/12.18"
34.236.55.223 - - [04/Feb/2020:07:00:11 +0100] "POST /wp-login.php HTTP/1.1" 200 4497 "-" "Opera/9.80 (Windows NT 6.1; WOW64) Presto/2.12.388 Version/12.18"
66.249.64.90 - - [04/Feb/2020:07:03:46 +0100] "GET /robots.txt HTTP/1.1" 404 4665 "-" "Mozilla/5.0 (compatible; Googlebot/2.1; +http://www.google.com/bot.html)"
66.249.64.90 - - [04/Feb/2020:07:03:47 +0100] "GET / HTTP/1.1" 200 14477 "-" "Mozilla/5.0 (Linux; Android 6.0.1; Nexus 5X Build/MMB29P) AppleWebKit/537.36 (KHTML, like Gecko) Chrome/41.0.2272.96 Mobile Safari/537.36 (compatible; Googlebot/2.1; +http://www.google.com/bot.html)"
18.194.196.202 - - [04/Feb/2020:07:07:23 +0100] "GET /wp-login.php HTTP/1.1" 200 6568 "-" "Opera/9.80 (Windows NT 6.1; WOW64) Presto/2.12.388 Version/12.18"
18.194.196.202 - - [04/Feb/2020:07:07:23 +0100] "POST /wp-login.php HTTP/1.1" 200 4497 "-" "Opera/9.80 (Windows NT 6.1; WOW64) Presto/2.12.388 Version/12.18"
34.209.105.222 - - [04/Feb/2020:07:16:12 +0100] "GET /wp-login.php HTTP/1.1" 200 6568 "-" "Opera/9.80 (Windows NT 6.1; WOW64) Presto/2.12.388 Version/12.18"
34.209.105.222 - - [04/Feb/2020:07:16:13 +0100] "POST /wp-login.php HTTP/1.1" 200 4497 "-" "Opera/9.80 (Windows NT 6.1; WOW64) Presto/2.12.388 Version/12.18"
18.197.125.181 - - [04/Feb/2020:07:21:06 +0100] "GET /wp-login.php HTTP/1.1" 200 6568 "-" "Opera/9.80 (Windows NT 6.1; WOW64) Presto/2.12.388 Version/12.18"
18.197.125.181 - - [04/Feb/2020:07:21:06 +0100] "POST /wp-login.php HTTP/1.1" 200 4497 "-" "Opera/9.80 (Windows NT 6.1; WOW64) Presto/2.12.388 Version/12.18"
34.236.55.223 - - [04/Feb/2020:07:27:40 +0100] "GET /wp-login.php HTTP/1.1" 200 6568 "-" "Opera/9.80 (Windows NT 6.1; WOW64) Presto/2.12.388 Version/12.18"
34.236.55.223 - - [04/Feb/2020:07:27:40 +0100] "POST /wp-login.php HTTP/1.1" 200 4497 "-" "Opera/9.80 (Windows NT 6.1; WOW64) Presto/2.12.388 Version/12.18"
34.251.241.226 - - [04/Feb/2020:07:34:55 +0100] "GET /wp-login.php HTTP/1.1" 200 6568 "-" "Opera/9.80 (Windows NT 6.1; WOW64) Presto/2.12.388 Version/12.18"
34.251.241.226 - - [04/Feb/2020:07:34:55 +0100] "POST /wp-login.php HTTP/1.1" 200 4497 "-" "Opera/9.80 (Windows NT 6.1; WOW64) Presto/2.12.388 Version/12.18"
3.8.68.2 - - [04/Feb/2020:07:41:04 +0100] "GET /wp-login.php HTTP/1.1" 200 6568 "-" "Opera/9.80 (Windows NT 6.1; WOW64) Presto/2.12.388 Version/12.18"
3.8.68.2 - - [04/Feb/2020:07:41:04 +0100] "POST /wp-login.php HTTP/1.1" 200 4497 "-" "Opera/9.80 (Windows NT 6.1; WOW64) Presto/2.12.388 Version/12.18"
89.248.107.232 - - [04/Feb/2020:07:50:47 +0100] "POST /wp-cron.php?doing_wp_cron=1580799047.6021959781646728515625 HTTP/1.1" 200 1860 "-" "WordPress/5.2.5; https://fincasandoval.com"
52.60.189.115 - - [04/Feb/2020:07:50:47 +0100] "GET /wp-login.php HTTP/1.1" 200 6568 "-" "Opera/9.80 (Windows NT 6.1; WOW64) Presto/2.12.388 Version/12.18"
52.60.189.115 - - [04/Feb/2020:07:50:47 +0100] "POST /wp-login.php HTTP/1.1" 200 4497 "-" "Opera/9.80 (Windows NT 6.1; WOW64) Presto/2.12.388 Version/12.18"
18.136.72.135 - - [04/Feb/2020:07:55:20 +0100] "GET /wp-login.php HTTP/1.1" 200 6568 "-" "Opera/9.80 (Windows NT 6.1; WOW64) Presto/2.12.388 Version/12.18"
18.136.72.135 - - [04/Feb/2020:07:55:20 +0100] "POST /wp-login.php HTTP/1.1" 200 4497 "-" "Opera/9.80 (Windows NT 6.1; WOW64) Presto/2.12.388 Version/12.18"
18.136.72.135 - - [04/Feb/2020:08:01:57 +0100] "GET /wp-login.php HTTP/1.1" 200 6568 "-" "Opera/9.80 (Windows NT 6.1; WOW64) Presto/2.12.388 Version/12.18"
89.248.107.232 - - [04/Feb/2020:08:01:57 +0100] "POST /wp-cron.php?doing_wp_cron=1580799717.3829638957977294921875 HTTP/1.1" 200 1860 "-" "WordPress/5.2.5; https://fincasandoval.com"
18.136.72.135 - - [04/Feb/2020:08:01:57 +0100] "POST /wp-login.php HTTP/1.1" 200 4497 "-" "Opera/9.80 (Windows NT 6.1; WOW64) Presto/2.12.388 Version/12.18"
54.250.87.247 - - [04/Feb/2020:08:10:32 +0100] "GET /wp-login.php HTTP/1.1" 200 6568 "-" "Opera/9.80 (Windows NT 6.1; WOW64) Presto/2.12.388 Version/12.18"
54.250.87.247 - - [04/Feb/2020:08:10:32 +0100] "POST /wp-login.php HTTP/1.1" 200 4497 "-" "Opera/9.80 (Windows NT 6.1; WOW64) Presto/2.12.388 Version/12.18"
52.64.20.252 - - [04/Feb/2020:08:18:09 +0100] "GET /wp-login.php HTTP/1.1" 200 6568 "-" "Opera/9.80 (Windows NT 6.1; WOW64) Presto/2.12.388 Version/12.18"
52.64.20.252 - - [04/Feb/2020:08:18:09 +0100] "POST /wp-login.php HTTP/1.1" 200 4497 "-" "Opera/9.80 (Windows NT 6.1; WOW64) Presto/2.12.388 Version/12.18"
52.64.20.252 - - [04/Feb/2020:08:25:08 +0100] "GET /wp-login.php HTTP/1.1" 200 6568 "-" "Opera/9.80 (Windows NT 6.1; WOW64) Presto/2.12.388 Version/12.18"
52.64.20.252 - - [04/Feb/2020:08:25:08 +0100] "POST /wp-login.php HTTP/1.1" 200 4497 "-" "Opera/9.80 (Windows NT 6.1; WOW64) Presto/2.12.388 Version/12.18"
34.236.202.207 - - [04/Feb/2020:08:30:57 +0100] "GET /wp-login.php HTTP/1.1" 200 6568 "-" "Opera/9.80 (Windows NT 6.1; WOW64) Presto/2.12.388 Version/12.18"
34.236.202.207 - - [04/Feb/2020:08:30:58 +0100] "POST /wp-login.php HTTP/1.1" 200 4497 "-" "Opera/9.80 (Windows NT 6.1; WOW64) Presto/2.12.388 Version/12.18"
18.184.155.204 - - [04/Feb/2020:08:44:55 +0100] "GET /wp-login.php HTTP/1.1" 200 6568 "-" "Opera/9.80 (Windows NT 6.1; WOW64) Presto/2.12.388 Version/12.18"
89.248.107.232 - - [04/Feb/2020:08:44:55 +0100] "POST /wp-cron.php?doing_wp_cron=1580802295.7620749473571777343750 HTTP/1.1" 200 1860 "-" "WordPress/5.2.5; https://fincasandoval.com"
18.184.155.204 - - [04/Feb/2020:08:44:55 +0100] "POST /wp-login.php HTTP/1.1" 200 4497 "-" "Opera/9.80 (Windows NT 6.1; WOW64) Presto/2.12.388 Version/12.18"
34.203.37.48 - - [04/Feb/2020:08:51:10 +0100] "GET /wp-login.php HTTP/1.1" 200 6568 "-" "Opera/9.80 (Windows NT 6.1; WOW64) Presto/2.12.388 Version/12.18"
34.203.37.48 - - [04/Feb/2020:08:51:10 +0100] "POST /wp-login.php HTTP/1.1" 200 4497 "-" "Opera/9.80 (Windows NT 6.1; WOW64) Presto/2.12.388 Version/12.18"
66.249.64.90 - - [04/Feb/2020:08:51:18 +0100] "GET /?page_id=28 HTTP/1.1" 200 15203 "-" "Mozilla/5.0 (Linux; Android 6.0.1; Nexus 5X Build/MMB29P) AppleWebKit/537.36 (KHTML, like Gecko) Chrome/41.0.2272.96 Mobile Safari/537.36 (compatible; Googlebot/2.1; +http://www.google.com/bot.html)"
3.214.209.95 - - [04/Feb/2020:08:58:05 +0100] "GET /ads.txt HTTP/1.1" 404 4470 "-" "Mozilla/5.0 (Macintosh; Intel Mac OS X 10_12_6) AppleWebKit/537.36 (KHTML, like Gecko) Chrome/63.0.3239.84 Safari/537.36"
3.214.209.95 - - [04/Feb/2020:08:58:06 +0100] "GET /ads.txt HTTP/1.1" 404 4470 "-" "Mozilla/5.0 (Macintosh; Intel Mac OS X 10_12_6) AppleWebKit/537.36 (KHTML, like Gecko) Chrome/63.0.3239.84 Safari/537.36"
35.183.60.188 - - [04/Feb/2020:09:00:04 +0100] "GET /wp-login.php HTTP/1.1" 200 6568 "-" "Opera/9.80 (Windows NT 6.1; WOW64) Presto/2.12.388 Version/12.18"
89.248.107.232 - - [04/Feb/2020:09:00:04 +0100] "POST /wp-cron.php?doing_wp_cron=1580803204.8116741180419921875000 HTTP/1.1" 200 1860 "-" "WordPress/5.2.5; https://fincasandoval.com"
35.183.60.188 - - [04/Feb/2020:09:00:04 +0100] "POST /wp-login.php HTTP/1.1" 200 4497 "-" "Opera/9.80 (Windows NT 6.1; WOW64) Presto/2.12.388 Version/12.18"
66.249.64.16 - - [04/Feb/2020:09:01:21 +0100] "GET / HTTP/1.1" 301 3667 "-" "Mozilla/5.0 (compatible; Googlebot/2.1; +http://www.google.com/bot.html)"
66.249.64.94 - - [04/Feb/2020:09:01:24 +0100] "GET / HTTP/1.1" 200 17757 "-" "Mozilla/5.0 (compatible; Googlebot/2.1; +http://www.google.com/bot.html)"
35.178.16.1 - - [04/Feb/2020:09:06:43 +0100] "GET /wp-login.php HTTP/1.1" 200 6568 "-" "Opera/9.80 (Windows NT 6.1; WOW64) Presto/2.12.388 Version/12.18"
35.178.16.1 - - [04/Feb/2020:09:06:43 +0100] "POST /wp-login.php HTTP/1.1" 200 4497 "-" "Opera/9.80 (Windows NT 6.1; WOW64) Presto/2.12.388 Version/12.18"
40.112.129.217 - - [04/Feb/2020:09:08:20 +0100] "GET / HTTP/1.1" 200 17762 "https://www.google.com/" "Mozilla/5.0 (Windows NT 10.0; Win64; x64) AppleWebKit/537.36 (KHTML, like Gecko) Chrome/70.0.3538.102 Safari/537.36 Edge/18.18362"
34.230.156.67 - - [04/Feb/2020:09:13:38 +0100] "GET /wp-login.php HTTP/1.1" 200 6568 "-" "Opera/9.80 (Windows NT 6.1; WOW64) Presto/2.12.388 Version/12.18"
34.230.156.67 - - [04/Feb/2020:09:13:38 +0100] "POST /wp-login.php HTTP/1.1" 200 4497 "-" "Opera/9.80 (Windows NT 6.1; WOW64) Presto/2.12.388 Version/12.18"
3.8.68.2 - - [04/Feb/2020:09:20:29 +0100] "GET /wp-login.php HTTP/1.1" 200 6568 "-" "Opera/9.80 (Windows NT 6.1; WOW64) Presto/2.12.388 Version/12.18"
3.8.68.2 - - [04/Feb/2020:09:20:29 +0100] "POST /wp-login.php HTTP/1.1" 200 4497 "-" "Opera/9.80 (Windows NT 6.1; WOW64) Presto/2.12.388 Version/12.18"
193.106.30.99 - - [04/Feb/2020:09:23:53 +0100] "POST /templates/protostar/index.php HTTP/1.1" 404 4665 "-" "Mozilla/5.0 (Windows NT 6.1; Win64; x64) AppleWebKit/537.36 (KHTML, like Gecko) Chrome/73.0.3683.103 Safari/537.36"
52.52.190.187 - - [04/Feb/2020:09:30:53 +0100] "GET /wp-login.php HTTP/1.1" 200 6568 "-" "Opera/9.80 (Windows NT 6.1; WOW64) Presto/2.12.388 Version/12.18"
52.52.190.187 - - [04/Feb/2020:09:30:53 +0100] "POST /wp-login.php HTTP/1.1" 200 4497 "-" "Opera/9.80 (Windows NT 6.1; WOW64) Presto/2.12.388 Version/12.18"
185.85.239.110 - - [04/Feb/2020:09:33:43 +0100] "GET /wp-login.php HTTP/1.1" 200 7045 "-" "Mozilla/5.0 (Windows NT 10.0; WOW64) AppleWebKit/537.36 (KHTML, like Gecko) Chrome/51.0.2704.103 Safari/537.36"
185.85.239.110 - - [04/Feb/2020:09:33:43 +0100] "POST /wp-login.php HTTP/1.1" 200 4633 "https://fincasandoval.com/wp-login.php" "Mozilla/5.0 (Windows NT 10.0; WOW64) AppleWebKit/537.36 (KHTML, like Gecko) Chrome/51.0.2704.103 Safari/537.36"
159.138.155.149 - - [04/Feb/2020:09:34:16 +0100] "GET /?page_id=20 HTTP/1.1" 200 19342 "-" "Mozilla/5.0(Linux;Android 5.1.1;OPPO A33 Build/LMY47V;wv) AppleWebKit/537.36(KHTML,link Gecko) Version/4.0 Chrome/43.0.2357.121 Mobile Safari/537.36 LieBaoFast/4.51.3"
18.197.125.181 - - [04/Feb/2020:09:36:29 +0100] "GET /wp-login.php HTTP/1.1" 200 6568 "-" "Opera/9.80 (Windows NT 6.1; WOW64) Presto/2.12.388 Version/12.18"
18.197.125.181 - - [04/Feb/2020:09:36:29 +0100] "POST /wp-login.php HTTP/1.1" 200 4497 "-" "Opera/9.80 (Windows NT 6.1; WOW64) Presto/2.12.388 Version/12.18"
54.36.148.228 - - [04/Feb/2020:09:42:00 +0100] "GET /robots.txt HTTP/1.1" 404 4419 "-" "Mozilla/5.0 (compatible; AhrefsBot/6.1; +http://ahrefs.com/robot/)"
89.248.107.232 - - [04/Feb/2020:09:46:26 +0100] "POST /wp-cron.php?doing_wp_cron=1580805986.8149681091308593750000 HTTP/1.1" 200 1860 "-" "WordPress/5.2.5; https://fincasandoval.com"
18.221.206.247 - - [04/Feb/2020:09:46:26 +0100] "GET /wp-login.php HTTP/1.1" 200 6568 "-" "Opera/9.80 (Windows NT 6.1; WOW64) Presto/2.12.388 Version/12.18"
18.221.206.247 - - [04/Feb/2020:09:46:26 +0100] "POST /wp-login.php HTTP/1.1" 200 4497 "-" "Opera/9.80 (Windows NT 6.1; WOW64) Presto/2.12.388 Version/12.18"
34.236.202.207 - - [04/Feb/2020:09:52:22 +0100] "GET /wp-login.php HTTP/1.1" 200 6568 "-" "Opera/9.80 (Windows NT 6.1; WOW64) Presto/2.12.388 Version/12.18"
34.236.202.207 - - [04/Feb/2020:09:52:23 +0100] "POST /wp-login.php HTTP/1.1" 200 4497 "-" "Opera/9.80 (Windows NT 6.1; WOW64) Presto/2.12.388 Version/12.18"
89.248.107.232 - - [04/Feb/2020:10:01:36 +0100] "POST /wp-cron.php?doing_wp_cron=1580806896.7308359146118164062500 HTTP/1.1" 200 1860 "-" "WordPress/5.2.5; https://fincasandoval.com"
3.0.115.255 - - [04/Feb/2020:10:01:36 +0100] "GET /wp-login.php HTTP/1.1" 200 6568 "-" "Opera/9.80 (Windows NT 6.1; WOW64) Presto/2.12.388 Version/12.18"
3.0.115.255 - - [04/Feb/2020:10:01:36 +0100] "POST /wp-login.php HTTP/1.1" 200 4497 "-" "Opera/9.80 (Windows NT 6.1; WOW64) Presto/2.12.388 Version/12.18"
52.60.189.115 - - [04/Feb/2020:10:13:28 +0100] "GET /wp-login.php HTTP/1.1" 200 6568 "-" "Opera/9.80 (Windows NT 6.1; WOW64) Presto/2.12.388 Version/12.18"
52.60.189.115 - - [04/Feb/2020:10:13:29 +0100] "POST /wp-login.php HTTP/1.1" 200 4497 "-" "Opera/9.80 (Windows NT 6.1; WOW64) Presto/2.12.388 Version/12.18"
213.159.213.137 - - [04/Feb/2020:10:19:54 +0100] "GET / HTTP/1.1" 200 17720 "-" "Internet-structure-research-project-bot"
18.221.206.247 - - [04/Feb/2020:10:21:23 +0100] "GET /wp-login.php HTTP/1.1" 200 6568 "-" "Opera/9.80 (Windows NT 6.1; WOW64) Presto/2.12.388 Version/12.18"
18.221.206.247 - - [04/Feb/2020:10:21:23 +0100] "POST /wp-login.php HTTP/1.1" 200 4497 "-" "Opera/9.80 (Windows NT 6.1; WOW64) Presto/2.12.388 Version/12.18"
34.236.202.207 - - [04/Feb/2020:10:27:40 +0100] "GET /wp-login.php HTTP/1.1" 200 6568 "-" "Opera/9.80 (Windows NT 6.1; WOW64) Presto/2.12.388 Version/12.18"
34.236.202.207 - - [04/Feb/2020:10:27:40 +0100] "POST /wp-login.php HTTP/1.1" 200 4497 "-" "Opera/9.80 (Windows NT 6.1; WOW64) Presto/2.12.388 Version/12.18"
3.8.68.2 - - [04/Feb/2020:10:34:04 +0100] "GET /wp-login.php HTTP/1.1" 200 6568 "-" "Opera/9.80 (Windows NT 6.1; WOW64) Presto/2.12.388 Version/12.18"
3.8.68.2 - - [04/Feb/2020:10:34:04 +0100] "POST /wp-login.php HTTP/1.1" 200 4497 "-" "Opera/9.80 (Windows NT 6.1; WOW64) Presto/2.12.388 Version/12.18"
52.65.15.196 - - [04/Feb/2020:10:44:17 +0100] "GET /wp-login.php HTTP/1.1" 200 6568 "-" "Opera/9.80 (Windows NT 6.1; WOW64) Presto/2.12.388 Version/12.18"
89.248.107.232 - - [04/Feb/2020:10:44:17 +0100] "POST /wp-cron.php?doing_wp_cron=1580809457.3585948944091796875000 HTTP/1.1" 200 1860 "-" "WordPress/5.2.5; https://fincasandoval.com"
52.65.15.196 - - [04/Feb/2020:10:44:17 +0100] "POST /wp-login.php HTTP/1.1" 200 4497 "-" "Opera/9.80 (Windows NT 6.1; WOW64) Presto/2.12.388 Version/12.18"
3.8.12.221 - - [04/Feb/2020:10:50:53 +0100] "GET /wp-login.php HTTP/1.1" 200 6568 "-" "Opera/9.80 (Windows NT 6.1; WOW64) Presto/2.12.388 Version/12.18"
3.8.12.221 - - [04/Feb/2020:10:50:53 +0100] "POST /wp-login.php HTTP/1.1" 200 4497 "-" "Opera/9.80 (Windows NT 6.1; WOW64) Presto/2.12.388 Version/12.18"
89.248.107.232 - - [04/Feb/2020:10:59:21 +0100] "POST /wp-cron.php?doing_wp_cron=1580810361.2237200736999511718750 HTTP/1.1" 200 1860 "-" "WordPress/5.2.5; https://fincasandoval.com"
54.176.188.51 - - [04/Feb/2020:10:59:21 +0100] "GET /wp-login.php HTTP/1.1" 200 6568 "-" "Opera/9.80 (Windows NT 6.1; WOW64) Presto/2.12.388 Version/12.18"
54.176.188.51 - - [04/Feb/2020:10:59:21 +0100] "POST /wp-login.php HTTP/1.1" 200 4497 "-" "Opera/9.80 (Windows NT 6.1; WOW64) Presto/2.12.388 Version/12.18"
52.15.212.3 - - [04/Feb/2020:11:06:53 +0100] "GET /wp-login.php HTTP/1.1" 200 6568 "-" "Opera/9.80 (Windows NT 6.1; WOW64) Presto/2.12.388 Version/12.18"
52.15.212.3 - - [04/Feb/2020:11:06:53 +0100] "POST /wp-login.php HTTP/1.1" 200 4497 "-" "Opera/9.80 (Windows NT 6.1; WOW64) Presto/2.12.388 Version/12.18"
54.178.182.46 - - [04/Feb/2020:11:14:23 +0100] "GET /wp-login.php HTTP/1.1" 200 6568 "-" "Opera/9.80 (Windows NT 6.1; WOW64) Presto/2.12.388 Version/12.18"
54.178.182.46 - - [04/Feb/2020:11:14:24 +0100] "POST /wp-login.php HTTP/1.1" 200 4497 "-" "Opera/9.80 (Windows NT 6.1; WOW64) Presto/2.12.388 Version/12.18"
13.228.104.57 - - [04/Feb/2020:11:24:48 +0100] "GET /wp-login.php HTTP/1.1" 200 6568 "-" "Opera/9.80 (Windows NT 6.1; WOW64) Presto/2.12.388 Version/12.18"
13.228.104.57 - - [04/Feb/2020:11:24:48 +0100] "POST /wp-login.php HTTP/1.1" 200 4497 "-" "Opera/9.80 (Windows NT 6.1; WOW64) Presto/2.12.388 Version/12.18"
34.203.37.48 - - [04/Feb/2020:11:29:47 +0100] "GET /wp-login.php HTTP/1.1" 200 6568 "-" "Opera/9.80 (Windows NT 6.1; WOW64) Presto/2.12.388 Version/12.18"
34.203.37.48 - - [04/Feb/2020:11:29:47 +0100] "POST /wp-login.php HTTP/1.1" 200 4497 "-" "Opera/9.80 (Windows NT 6.1; WOW64) Presto/2.12.388 Version/12.18"
34.215.69.55 - - [04/Feb/2020:11:39:43 +0100] "GET /wp-login.php HTTP/1.1" 200 6568 "-" "Opera/9.80 (Windows NT 6.1; WOW64) Presto/2.12.388 Version/12.18"
34.215.69.55 - - [04/Feb/2020:11:39:43 +0100] "POST /wp-login.php HTTP/1.1" 200 4497 "-" "Opera/9.80 (Windows NT 6.1; WOW64) Presto/2.12.388 Version/12.18"
89.248.107.232 - - [04/Feb/2020:11:47:16 +0100] "POST /wp-cron.php?doing_wp_cron=1580813236.8705079555511474609375 HTTP/1.1" 200 1860 "-" "WordPress/5.2.5; https://fincasandoval.com"
3.0.115.255 - - [04/Feb/2020:11:47:16 +0100] "GET /wp-login.php HTTP/1.1" 200 6568 "-" "Opera/9.80 (Windows NT 6.1; WOW64) Presto/2.12.388 Version/12.18"
3.0.115.255 - - [04/Feb/2020:11:47:17 +0100] "POST /wp-login.php HTTP/1.1" 200 4497 "-" "Opera/9.80 (Windows NT 6.1; WOW64) Presto/2.12.388 Version/12.18"
89.248.107.232 - - [04/Feb/2020:11:57:03 +0100] "POST /wp-cron.php?doing_wp_cron=1580813823.6898400783538818359375 HTTP/1.1" 200 1860 "-" "WordPress/5.2.5; https://fincasandoval.com"
52.42.79.222 - - [04/Feb/2020:11:57:03 +0100] "GET /wp-login.php HTTP/1.1" 200 6568 "-" "Opera/9.80 (Windows NT 6.1; WOW64) Presto/2.12.388 Version/12.18"
52.42.79.222 - - [04/Feb/2020:11:57:03 +0100] "POST /wp-login.php HTTP/1.1" 200 4497 "-" "Opera/9.80 (Windows NT 6.1; WOW64) Presto/2.12.388 Version/12.18"
54.250.87.247 - - [04/Feb/2020:12:05:34 +0100] "GET /wp-login.php HTTP/1.1" 200 6568 "-" "Opera/9.80 (Windows NT 6.1; WOW64) Presto/2.12.388 Version/12.18"
54.250.87.247 - - [04/Feb/2020:12:05:34 +0100] "POST /wp-login.php HTTP/1.1" 200 4497 "-" "Opera/9.80 (Windows NT 6.1; WOW64) Presto/2.12.388 Version/12.18"
18.194.196.202 - - [04/Feb/2020:12:12:13 +0100] "GET /wp-login.php HTTP/1.1" 200 6568 "-" "Opera/9.80 (Windows NT 6.1; WOW64) Presto/2.12.388 Version/12.18"
18.194.196.202 - - [04/Feb/2020:12:12:14 +0100] "POST /wp-login.php HTTP/1.1" 200 4497 "-" "Opera/9.80 (Windows NT 6.1; WOW64) Presto/2.12.388 Version/12.18"
34.236.55.223 - - [04/Feb/2020:12:21:11 +0100] "GET /wp-login.php HTTP/1.1" 200 6568 "-" "Opera/9.80 (Windows NT 6.1; WOW64) Presto/2.12.388 Version/12.18"
34.236.55.223 - - [04/Feb/2020:12:21:11 +0100] "POST /wp-login.php HTTP/1.1" 200 4497 "-" "Opera/9.80 (Windows NT 6.1; WOW64) Presto/2.12.388 Version/12.18"
114.119.159.136 - - [04/Feb/2020:12:25:08 +0100] "GET /contacto/ HTTP/1.1" 404 4433 "-" "Mozilla/5.0(Linux;Android 5.1.1;OPPO A33 Build/LMY47V;wv) AppleWebKit/537.36(KHTML,link Gecko) Version/4.0 Chrome/43.0.2357.121 Mobile Safari/537.36 LieBaoFast/4.51.3"
52.65.15.196 - - [04/Feb/2020:12:30:54 +0100] "GET /wp-login.php HTTP/1.1" 200 6568 "-" "Opera/9.80 (Windows NT 6.1; WOW64) Presto/2.12.388 Version/12.18"
52.65.15.196 - - [04/Feb/2020:12:30:54 +0100] "POST /wp-login.php HTTP/1.1" 200 4497 "-" "Opera/9.80 (Windows NT 6.1; WOW64) Presto/2.12.388 Version/12.18"
77.75.77.72 - - [04/Feb/2020:12:35:21 +0100] "GET /robots.txt HTTP/1.1" 404 4670 "-" "Mozilla/5.0 (compatible; SeznamBot/3.2; +http://napoveda.seznam.cz/en/seznambot-intro/)"
77.75.77.72 - - [04/Feb/2020:12:35:22 +0100] "GET /wp-content/uploads/2014/11/fs-6.jpg?w=625 HTTP/1.1" 304 3480 "-" "Mozilla/5.0 (compatible; SeznamBot/3.2; +http://napoveda.seznam.cz/en/seznambot-intro/)"
18.221.206.247 - - [04/Feb/2020:12:39:31 +0100] "GET /wp-login.php HTTP/1.1" 200 6568 "-" "Opera/9.80 (Windows NT 6.1; WOW64) Presto/2.12.388 Version/12.18"
18.221.206.247 - - [04/Feb/2020:12:39:31 +0100] "POST /wp-login.php HTTP/1.1" 200 4497 "-" "Opera/9.80 (Windows NT 6.1; WOW64) Presto/2.12.388 Version/12.18"
114.119.138.85 - - [04/Feb/2020:12:40:36 +0100] "GET / HTTP/1.1" 301 3435 "-" "Mozilla/5.0(Linux;Android 5.1.1;OPPO A33 Build/LMY47V;wv) AppleWebKit/537.36(KHTML,link Gecko) Version/4.0 Chrome/43.0.2357.121 Mobile Safari/537.36 LieBaoFast/4.51.3"
114.119.138.85 - - [04/Feb/2020:12:40:38 +0100] "GET / HTTP/1.1" 200 17525 "-" "Mozilla/5.0(Linux;Android 5.1.1;OPPO A33 Build/LMY47V;wv) AppleWebKit/537.36(KHTML,link Gecko) Version/4.0 Chrome/43.0.2357.121 Mobile Safari/537.36 LieBaoFast/4.51.3"
89.248.107.232 - - [04/Feb/2020:12:42:52 +0100] "POST /wp-cron.php?doing_wp_cron=1580816571.9842898845672607421875 HTTP/1.1" 200 1860 "-" "WordPress/5.2.5; https://fincasandoval.com"
194.224.27.185 - - [04/Feb/2020:12:42:51 +0100] "GET / HTTP/1.1" 200 17757 "https://www.google.com/" "Mozilla/5.0 (Windows NT 10.0; Win64; x64) AppleWebKit/537.36 (KHTML, like Gecko) Chrome/79.0.3945.130 Safari/537.36"
194.224.27.185 - - [04/Feb/2020:12:42:52 +0100] "GET /wp-content/themes/book-lite/style.css?ver=5.2.5 HTTP/1.1" 200 20971 "https://fincasandoval.com/" "Mozilla/5.0 (Windows NT 10.0; Win64; x64) AppleWebKit/537.36 (KHTML, like Gecko) Chrome/79.0.3945.130 Safari/537.36"
194.224.27.185 - - [04/Feb/2020:12:42:52 +0100] "GET /wp-includes/css/dist/block-library/style.min.css?ver=5.2.5 HTTP/1.1" 200 32956 "https://fincasandoval.com/" "Mozilla/5.0 (Windows NT 10.0; Win64; x64) AppleWebKit/537.36 (KHTML, like Gecko) Chrome/79.0.3945.130 Safari/537.36"
194.224.27.185 - - [04/Feb/2020:12:42:52 +0100] "GET /wp-includes/js/jquery/jquery.js?ver=1.12.4-wp HTTP/1.1" 200 97523 "https://fincasandoval.com/" "Mozilla/5.0 (Windows NT 10.0; Win64; x64) AppleWebKit/537.36 (KHTML, like Gecko) Chrome/79.0.3945.130 Safari/537.36"
194.224.27.185 - - [04/Feb/2020:12:42:52 +0100] "GET /wp-includes/js/jquery/jquery-migrate.min.js?ver=1.4.1 HTTP/1.1" 200 10422 "https://fincasandoval.com/" "Mozilla/5.0 (Windows NT 10.0; Win64; x64) AppleWebKit/537.36 (KHTML, like Gecko) Chrome/79.0.3945.130 Safari/537.36"
194.224.27.185 - - [04/Feb/2020:12:42:52 +0100] "GET /wp-content/themes/book-lite/js/script.js?ver=1.0 HTTP/1.1" 200 624 "https://fincasandoval.com/" "Mozilla/5.0 (Windows NT 10.0; Win64; x64) AppleWebKit/537.36 (KHTML, like Gecko) Chrome/79.0.3945.130 Safari/537.36"
194.224.27.185 - - [04/Feb/2020:12:42:52 +0100] "GET /wp-content/uploads/2017/05/vs-2016.jpg HTTP/1.1" 200 25846 "https://fincasandoval.com/" "Mozilla/5.0 (Windows NT 10.0; Win64; x64) AppleWebKit/537.36 (KHTML, like Gecko) Chrome/79.0.3945.130 Safari/537.36"
194.224.27.185 - - [04/Feb/2020:12:42:52 +0100] "GET /wp-includes/js/wp-embed.min.js?ver=5.2.5 HTTP/1.1" 200 1767 "https://fincasandoval.com/" "Mozilla/5.0 (Windows NT 10.0; Win64; x64) AppleWebKit/537.36 (KHTML, like Gecko) Chrome/79.0.3945.130 Safari/537.36"
194.224.27.185 - - [04/Feb/2020:12:42:52 +0100] "GET /wp-content/themes/book-lite/js/small-menu.js?ver=20120206 HTTP/1.1" 200 1761 "https://fincasandoval.com/" "Mozilla/5.0 (Windows NT 10.0; Win64; x64) AppleWebKit/537.36 (KHTML, like Gecko) Chrome/79.0.3945.130 Safari/537.36"
194.224.27.185 - - [04/Feb/2020:12:42:52 +0100] "GET /wp-content/uploads/2014/11/fs-1.jpg?w=625 HTTP/1.1" 200 639596 "https://fincasandoval.com/" "Mozilla/5.0 (Windows NT 10.0; Win64; x64) AppleWebKit/537.36 (KHTML, like Gecko) Chrome/79.0.3945.130 Safari/537.36"
194.224.27.185 - - [04/Feb/2020:12:43:00 +0100] "GET /wp-includes/js/wp-emoji-release.min.js?ver=5.2.5 HTTP/1.1" 200 14344 "https://fincasandoval.com/" "Mozilla/5.0 (Windows NT 10.0; Win64; x64) AppleWebKit/537.36 (KHTML, like Gecko) Chrome/79.0.3945.130 Safari/537.36"
194.224.27.185 - - [04/Feb/2020:12:43:00 +0100] "GET /wp-content/uploads/2019/09/cropped-header-1.jpg HTTP/1.1" 200 45945 "https://fincasandoval.com/" "Mozilla/5.0 (Windows NT 10.0; Win64; x64) AppleWebKit/537.36 (KHTML, like Gecko) Chrome/79.0.3945.130 Safari/537.36"
194.224.27.185 - - [04/Feb/2020:12:43:00 +0100] "GET /wp-content/themes/book-lite/images/nav-bg.png HTTP/1.1" 200 458 "https://fincasandoval.com/wp-content/themes/book-lite/style.css?ver=5.2.5" "Mozilla/5.0 (Windows NT 10.0; Win64; x64) AppleWebKit/537.36 (KHTML, like Gecko) Chrome/79.0.3945.130 Safari/537.36"
194.224.27.185 - - [04/Feb/2020:12:43:00 +0100] "GET /wp-content/themes/book-lite/images/diamond-white.png HTTP/1.1" 200 703 "https://fincasandoval.com/wp-content/themes/book-lite/style.css?ver=5.2.5" "Mozilla/5.0 (Windows NT 10.0; Win64; x64) AppleWebKit/537.36 (KHTML, like Gecko) Chrome/79.0.3945.130 Safari/537.36"
194.224.27.185 - - [04/Feb/2020:12:43:00 +0100] "GET /wp-content/themes/book-lite/images/break.png HTTP/1.1" 200 1089 "https://fincasandoval.com/wp-content/themes/book-lite/style.css?ver=5.2.5" "Mozilla/5.0 (Windows NT 10.0; Win64; x64) AppleWebKit/537.36 (KHTML, like Gecko) Chrome/79.0.3945.130 Safari/537.36"
194.224.27.185 - - [04/Feb/2020:12:43:01 +0100] "GET /favicon.ico HTTP/1.1" 200 5797 "https://fincasandoval.com/" "Mozilla/5.0 (Windows NT 10.0; Win64; x64) AppleWebKit/537.36 (KHTML, like Gecko) Chrome/79.0.3945.130 Safari/537.36"
194.224.27.185 - - [04/Feb/2020:12:43:11 +0100] "GET /?page_id=41 HTTP/1.1" 200 10094 "https://fincasandoval.com/" "Mozilla/5.0 (Windows NT 10.0; Win64; x64) AppleWebKit/537.36 (KHTML, like Gecko) Chrome/79.0.3945.130 Safari/537.36"
194.224.27.185 - - [04/Feb/2020:12:43:13 +0100] "GET /?page_id=36 HTTP/1.1" 200 12697 "https://fincasandoval.com/?page_id=41" "Mozilla/5.0 (Windows NT 10.0; Win64; x64) AppleWebKit/537.36 (KHTML, like Gecko) Chrome/79.0.3945.130 Safari/537.36"
194.224.27.185 - - [04/Feb/2020:12:43:13 +0100] "GET /wp-content/uploads/2014/11/fs-8-768x576.jpg HTTP/1.1" 200 71038 "https://fincasandoval.com/?page_id=36" "Mozilla/5.0 (Windows NT 10.0; Win64; x64) AppleWebKit/537.36 (KHTML, like Gecko) Chrome/79.0.3945.130 Safari/537.36"
194.224.27.185 - - [04/Feb/2020:12:43:24 +0100] "GET /?page_id=41 HTTP/1.1" 200 10094 "https://fincasandoval.com/?page_id=36" "Mozilla/5.0 (Windows NT 10.0; Win64; x64) AppleWebKit/537.36 (KHTML, like Gecko) Chrome/79.0.3945.130 Safari/537.36"
194.224.27.185 - - [04/Feb/2020:12:44:15 +0100] "GET / HTTP/1.1" 200 14615 "https://fincasandoval.com/?page_id=41" "Mozilla/5.0 (Windows NT 10.0; Win64; x64) AppleWebKit/537.36 (KHTML, like Gecko) Chrome/79.0.3945.130 Safari/537.36"
34.230.156.67 - - [04/Feb/2020:12:45:19 +0100] "GET /wp-login.php HTTP/1.1" 200 6568 "-" "Opera/9.80 (Windows NT 6.1; WOW64) Presto/2.12.388 Version/12.18"
34.230.156.67 - - [04/Feb/2020:12:45:19 +0100] "POST /wp-login.php HTTP/1.1" 200 4497 "-" "Opera/9.80 (Windows NT 6.1; WOW64) Presto/2.12.388 Version/12.18"
3.8.68.2 - - [04/Feb/2020:12:53:24 +0100] "GET /wp-login.php HTTP/1.1" 200 6568 "-" "Opera/9.80 (Windows NT 6.1; WOW64) Presto/2.12.388 Version/12.18"
3.8.68.2 - - [04/Feb/2020:12:53:24 +0100] "POST /wp-login.php HTTP/1.1" 200 4497 "-" "Opera/9.80 (Windows NT 6.1; WOW64) Presto/2.12.388 Version/12.18"
3.214.209.95 - - [04/Feb/2020:12:58:09 +0100] "GET /ads.txt HTTP/1.1" 404 4470 "-" "Mozilla/5.0 (Macintosh; Intel Mac OS X 10_12_6) AppleWebKit/537.36 (KHTML, like Gecko) Chrome/63.0.3239.84 Safari/537.36"
3.214.209.95 - - [04/Feb/2020:12:58:10 +0100] "GET /ads.txt HTTP/1.1" 404 4470 "-" "Mozilla/5.0 (Macintosh; Intel Mac OS X 10_12_6) AppleWebKit/537.36 (KHTML, like Gecko) Chrome/63.0.3239.84 Safari/537.36"
89.248.107.232 - - [04/Feb/2020:13:04:47 +0100] "POST /wp-cron.php?doing_wp_cron=1580817887.5815160274505615234375 HTTP/1.1" 200 1860 "-" "WordPress/5.2.5; https://fincasandoval.com"
18.221.206.247 - - [04/Feb/2020:13:04:47 +0100] "GET /wp-login.php HTTP/1.1" 200 6568 "-" "Opera/9.80 (Windows NT 6.1; WOW64) Presto/2.12.388 Version/12.18"
18.221.206.247 - - [04/Feb/2020:13:04:47 +0100] "POST /wp-login.php HTTP/1.1" 200 4497 "-" "Opera/9.80 (Windows NT 6.1; WOW64) Presto/2.12.388 Version/12.18"
52.30.16.188 - - [04/Feb/2020:13:10:22 +0100] "GET /wp-login.php HTTP/1.1" 200 6568 "-" "Opera/9.80 (Windows NT 6.1; WOW64) Presto/2.12.388 Version/12.18"
52.30.16.188 - - [04/Feb/2020:13:10:22 +0100] "POST /wp-login.php HTTP/1.1" 200 4497 "-" "Opera/9.80 (Windows NT 6.1; WOW64) Presto/2.12.388 Version/12.18"
3.85.111.49 - - [04/Feb/2020:13:14:33 +0100] "GET /ads.txt HTTP/1.1" 404 4470 "-" "AdsTxtCrawler/1.0.2"
18.136.72.135 - - [04/Feb/2020:13:19:39 +0100] "GET /wp-login.php HTTP/1.1" 200 6568 "-" "Opera/9.80 (Windows NT 6.1; WOW64) Presto/2.12.388 Version/12.18"
18.136.72.135 - - [04/Feb/2020:13:19:40 +0100] "POST /wp-login.php HTTP/1.1" 200 4497 "-" "Opera/9.80 (Windows NT 6.1; WOW64) Presto/2.12.388 Version/12.18"
18.197.125.181 - - [04/Feb/2020:13:28:20 +0100] "GET /wp-login.php HTTP/1.1" 200 6568 "-" "Opera/9.80 (Windows NT 6.1; WOW64) Presto/2.12.388 Version/12.18"
18.197.125.181 - - [04/Feb/2020:13:28:20 +0100] "POST /wp-login.php HTTP/1.1" 200 4497 "-" "Opera/9.80 (Windows NT 6.1; WOW64) Presto/2.12.388 Version/12.18"
35.183.60.188 - - [04/Feb/2020:13:37:47 +0100] "GET /wp-login.php HTTP/1.1" 200 6568 "-" "Opera/9.80 (Windows NT 6.1; WOW64) Presto/2.12.388 Version/12.18"
35.183.60.188 - - [04/Feb/2020:13:37:47 +0100] "POST /wp-login.php HTTP/1.1" 200 4497 "-" "Opera/9.80 (Windows NT 6.1; WOW64) Presto/2.12.388 Version/12.18"
34.209.105.222 - - [04/Feb/2020:13:47:03 +0100] "GET /wp-login.php HTTP/1.1" 200 6568 "-" "Opera/9.80 (Windows NT 6.1; WOW64) Presto/2.12.388 Version/12.18"
89.248.107.232 - - [04/Feb/2020:13:47:03 +0100] "POST /wp-cron.php?doing_wp_cron=1580820423.5236470699310302734375 HTTP/1.1" 200 1860 "-" "WordPress/5.2.5; https://fincasandoval.com"
34.209.105.222 - - [04/Feb/2020:13:47:03 +0100] "POST /wp-login.php HTTP/1.1" 200 4497 "-" "Opera/9.80 (Windows NT 6.1; WOW64) Presto/2.12.388 Version/12.18"
194.224.27.185 - - [04/Feb/2020:13:47:31 +0100] "GET / HTTP/1.1" 200 17757 "https://fincasandoval.com/" "Mozilla/5.0 (Windows NT 10.0; Win64; x64) AppleWebKit/537.36 (KHTML, like Gecko) Chrome/79.0.3945.130 Safari/537.36"
66.249.64.94 - - [04/Feb/2020:13:48:46 +0100] "GET /?page_id=10 HTTP/1.1" 200 19708 "-" "Mozilla/5.0 (Linux; Android 6.0.1; Nexus 5X Build/MMB29P) AppleWebKit/537.36 (KHTML, like Gecko) Chrome/41.0.2272.96 Mobile Safari/537.36 (compatible; Googlebot/2.1; +http://www.google.com/bot.html)"
52.15.212.3 - - [04/Feb/2020:13:54:33 +0100] "GET /wp-login.php HTTP/1.1" 200 6568 "-" "Opera/9.80 (Windows NT 6.1; WOW64) Presto/2.12.388 Version/12.18"
52.15.212.3 - - [04/Feb/2020:13:54:33 +0100] "POST /wp-login.php HTTP/1.1" 200 4497 "-" "Opera/9.80 (Windows NT 6.1; WOW64) Presto/2.12.388 Version/12.18"
159.138.154.92 - - [04/Feb/2020:13:58:11 +0100] "GET /distribuidores HTTP/1.1" 404 4433 "-" "Mozilla/5.0(Linux;Android 5.1.1;OPPO A33 Build/LMY47V;wv) AppleWebKit/537.36(KHTML,link Gecko) Version/4.0 Chrome/43.0.2357.121 Mobile Safari/537.36 LieBaoFast/4.51.3"
34.209.105.222 - - [04/Feb/2020:14:04:07 +0100] "GET /wp-login.php HTTP/1.1" 200 6568 "-" "Opera/9.80 (Windows NT 6.1; WOW64) Presto/2.12.388 Version/12.18"
89.248.107.232 - - [04/Feb/2020:14:04:07 +0100] "POST /wp-cron.php?doing_wp_cron=1580821447.1495859622955322265625 HTTP/1.1" 200 1860 "-" "WordPress/5.2.5; https://fincasandoval.com"
34.209.105.222 - - [04/Feb/2020:14:04:07 +0100] "POST /wp-login.php HTTP/1.1" 200 4497 "-" "Opera/9.80 (Windows NT 6.1; WOW64) Presto/2.12.388 Version/12.18"
34.203.37.48 - - [04/Feb/2020:14:10:22 +0100] "GET /wp-login.php HTTP/1.1" 200 6568 "-" "Opera/9.80 (Windows NT 6.1; WOW64) Presto/2.12.388 Version/12.18"
34.203.37.48 - - [04/Feb/2020:14:10:22 +0100] "POST /wp-login.php HTTP/1.1" 200 4497 "-" "Opera/9.80 (Windows NT 6.1; WOW64) Presto/2.12.388 Version/12.18"
52.15.212.3 - - [04/Feb/2020:14:19:53 +0100] "GET /wp-login.php HTTP/1.1" 200 6568 "-" "Opera/9.80 (Windows NT 6.1; WOW64) Presto/2.12.388 Version/12.18"
52.15.212.3 - - [04/Feb/2020:14:19:54 +0100] "POST /wp-login.php HTTP/1.1" 200 4497 "-" "Opera/9.80 (Windows NT 6.1; WOW64) Presto/2.12.388 Version/12.18"
34.204.2.100 - - [04/Feb/2020:14:21:31 +0100] "GET /ads.txt HTTP/1.1" 404 4470 "-" "AdsTxtCrawler/1.0.2"
34.241.77.13 - - [04/Feb/2020:14:28:44 +0100] "GET /wp-login.php HTTP/1.1" 200 6568 "-" "Opera/9.80 (Windows NT 6.1; WOW64) Presto/2.12.388 Version/12.18"
34.241.77.13 - - [04/Feb/2020:14:28:44 +0100] "POST /wp-login.php HTTP/1.1" 200 4497 "-" "Opera/9.80 (Windows NT 6.1; WOW64) Presto/2.12.388 Version/12.18"
193.106.30.99 - - [04/Feb/2020:14:33:13 +0100] "HEAD / HTTP/1.1" 200 3279 "-" "Mozilla/5.0 (Windows NT 6.1; WOW64; rv:64.0) Gecko/20100101 Firefox/64.0"
18.184.155.204 - - [04/Feb/2020:14:36:49 +0100] "GET /wp-login.php HTTP/1.1" 200 6568 "-" "Opera/9.80 (Windows NT 6.1; WOW64) Presto/2.12.388 Version/12.18"
18.184.155.204 - - [04/Feb/2020:14:36:49 +0100] "POST /wp-login.php HTTP/1.1" 200 4497 "-" "Opera/9.80 (Windows NT 6.1; WOW64) Presto/2.12.388 Version/12.18"
89.248.107.232 - - [04/Feb/2020:14:45:39 +0100] "POST /wp-cron.php?doing_wp_cron=1580823939.1393558979034423828125 HTTP/1.1" 200 1860 "-" "WordPress/5.2.5; https://fincasandoval.com"
52.192.73.251 - - [04/Feb/2020:14:45:38 +0100] "GET /wp-login.php HTTP/1.1" 200 6568 "-" "Opera/9.80 (Windows NT 6.1; WOW64) Presto/2.12.388 Version/12.18"
52.192.73.251 - - [04/Feb/2020:14:45:39 +0100] "POST /wp-login.php HTTP/1.1" 200 4497 "-" "Opera/9.80 (Windows NT 6.1; WOW64) Presto/2.12.388 Version/12.18"
54.176.188.51 - - [04/Feb/2020:14:54:45 +0100] "GET /wp-login.php HTTP/1.1" 200 6568 "-" "Opera/9.80 (Windows NT 6.1; WOW64) Presto/2.12.388 Version/12.18"
54.176.188.51 - - [04/Feb/2020:14:54:46 +0100] "POST /wp-login.php HTTP/1.1" 200 4497 "-" "Opera/9.80 (Windows NT 6.1; WOW64) Presto/2.12.388 Version/12.18"
34.241.77.13 - - [04/Feb/2020:15:03:01 +0100] "GET /wp-login.php HTTP/1.1" 200 6568 "-" "Opera/9.80 (Windows NT 6.1; WOW64) Presto/2.12.388 Version/12.18"
89.248.107.232 - - [04/Feb/2020:15:03:01 +0100] "POST /wp-cron.php?doing_wp_cron=1580824981.5514879226684570312500 HTTP/1.1" 200 1860 "-" "WordPress/5.2.5; https://fincasandoval.com"
