45.55.173.232 - - [03/Feb/2020:22:25:04 +0100] "POST /wp-login.php HTTP/1.1" 200 7562 "-" "Mozilla/5.0 (X11; Ubuntu; Linux x86_64; rv:62.0) Gecko/20100101 Firefox/62.0"
45.55.173.232 - - [03/Feb/2020:22:25:05 +0100] "POST /xmlrpc.php HTTP/1.1" 200 3835 "-" "Mozilla/5.0 (X11; Ubuntu; Linux x86_64; rv:62.0) Gecko/20100101 Firefox/62.0"
62.210.185.4 - - [03/Feb/2020:22:27:03 +0100] "GET /wp-login.php HTTP/1.1" 200 6587 "-" "Mozilla/5.0 (X11; Ubuntu; Linux x86_64; rv:62.0) Gecko/20100101 Firefox/62.0"
62.210.185.4 - - [03/Feb/2020:22:27:04 +0100] "POST /wp-login.php HTTP/1.1" 200 7436 "-" "Mozilla/5.0 (X11; Ubuntu; Linux x86_64; rv:62.0) Gecko/20100101 Firefox/62.0"
62.210.185.4 - - [03/Feb/2020:22:27:04 +0100] "POST /xmlrpc.php HTTP/1.1" 200 3835 "-" "Mozilla/5.0 (X11; Ubuntu; Linux x86_64; rv:62.0) Gecko/20100101 Firefox/62.0"
199.58.86.211 - - [03/Feb/2020:22:27:21 +0100] "GET /robots.txt HTTP/1.1" 404 4665 "-" "Mozilla/5.0 (compatible; MJ12bot/v1.4.8; http://mj12bot.com/)"
199.58.86.211 - - [03/Feb/2020:22:27:26 +0100] "GET / HTTP/1.1" 200 14422 "-" "Mozilla/5.0 (compatible; MJ12bot/v1.4.8; http://mj12bot.com/)"
52.15.212.3 - - [03/Feb/2020:22:27:53 +0100] "GET /wp-login.php HTTP/1.1" 200 6568 "-" "Opera/9.80 (Windows NT 6.1; WOW64) Presto/2.12.388 Version/12.18"
52.15.212.3 - - [03/Feb/2020:22:27:54 +0100] "POST /wp-login.php HTTP/1.1" 200 4497 "-" "Opera/9.80 (Windows NT 6.1; WOW64) Presto/2.12.388 Version/12.18"
66.249.64.90 - - [03/Feb/2020:22:28:21 +0100] "GET /robots.txt HTTP/1.1" 404 4665 "-" "Mozilla/5.0 (compatible; Googlebot/2.1; +http://www.google.com/bot.html)"
66.249.64.92 - - [03/Feb/2020:22:28:22 +0100] "GET / HTTP/1.1" 200 17757 "-" "Mozilla/5.0 (Linux; Android 6.0.1; Nexus 5X Build/MMB29P) AppleWebKit/537.36 (KHTML, like Gecko) Chrome/41.0.2272.96 Mobile Safari/537.36 (compatible; Googlebot/2.1; +http://www.google.com/bot.html)"
46.118.117.11 - - [03/Feb/2020:22:32:44 +0100] "GET //?author=1 HTTP/1.1" 400 2159 "-" "Mozilla/5.0 (Windows NT 10.0; Win64; x64) AppleWebKit/537.36 (KHTML, like Gecko) Chrome/78.0.3904.97 Safari/537.36"
46.118.117.11 - - [03/Feb/2020:22:32:44 +0100] "GET //?author=2 HTTP/1.1" 400 2159 "-" "Mozilla/5.0 (Windows NT 10.0; Win64; x64) AppleWebKit/537.36 (KHTML, like Gecko) Chrome/78.0.3904.97 Safari/537.36"
46.118.117.11 - - [03/Feb/2020:22:32:44 +0100] "GET //wp-json/wp/v2/users/ HTTP/1.1" 400 2159 "-" "Mozilla/5.0 (Windows NT 10.0; Win64; x64) AppleWebKit/537.36 (KHTML, like Gecko) Chrome/78.0.3904.97 Safari/537.36"
46.118.117.11 - - [03/Feb/2020:22:32:45 +0100] "GET //wp-json/oembed/1.0/embed?url=https://fincasandoval.com/ HTTP/1.1" 400 2159 "-" "Mozilla/5.0 (Windows NT 10.0; Win64; x64) AppleWebKit/537.36 (KHTML, like Gecko) Chrome/78.0.3904.97 Safari/537.36"
46.118.117.11 - - [03/Feb/2020:22:32:45 +0100] "POST //xmlrpc.php HTTP/1.1" 400 2159 "-" "Mozilla/5.0 (Windows NT 10.0; Win64; x64) AppleWebKit/537.36 (KHTML, like Gecko) Chrome/78.0.3904.97 Safari/537.36"
18.194.196.202 - - [03/Feb/2020:22:33:18 +0100] "GET /wp-login.php HTTP/1.1" 200 6568 "-" "Opera/9.80 (Windows NT 6.1; WOW64) Presto/2.12.388 Version/12.18"
18.194.196.202 - - [03/Feb/2020:22:33:18 +0100] "POST /wp-login.php HTTP/1.1" 200 4497 "-" "Opera/9.80 (Windows NT 6.1; WOW64) Presto/2.12.388 Version/12.18"
34.209.105.222 - - [03/Feb/2020:22:40:20 +0100] "GET /wp-login.php HTTP/1.1" 200 6568 "-" "Opera/9.80 (Windows NT 6.1; WOW64) Presto/2.12.388 Version/12.18"
34.209.105.222 - - [03/Feb/2020:22:40:20 +0100] "POST /wp-login.php HTTP/1.1" 200 4497 "-" "Opera/9.80 (Windows NT 6.1; WOW64) Presto/2.12.388 Version/12.18"
144.217.130.102 - - [03/Feb/2020:22:40:47 +0100] "GET /wp-login.php HTTP/1.1" 200 6587 "-" "Mozilla/5.0 (X11; Ubuntu; Linux x86_64; rv:62.0) Gecko/20100101 Firefox/62.0"
144.217.130.102 - - [03/Feb/2020:22:40:48 +0100] "POST /wp-login.php HTTP/1.1" 200 7562 "-" "Mozilla/5.0 (X11; Ubuntu; Linux x86_64; rv:62.0) Gecko/20100101 Firefox/62.0"
144.217.130.102 - - [03/Feb/2020:22:40:48 +0100] "POST /xmlrpc.php HTTP/1.1" 200 3835 "-" "Mozilla/5.0 (X11; Ubuntu; Linux x86_64; rv:62.0) Gecko/20100101 Firefox/62.0"
34.236.202.207 - - [03/Feb/2020:22:44:09 +0100] "GET /wp-login.php HTTP/1.1" 200 6568 "-" "Opera/9.80 (Windows NT 6.1; WOW64) Presto/2.12.388 Version/12.18"
89.248.107.232 - - [03/Feb/2020:22:44:09 +0100] "POST /wp-cron.php?doing_wp_cron=1580766249.6809689998626708984375 HTTP/1.1" 200 1860 "-" "WordPress/5.2.5; https://fincasandoval.com"
34.236.202.207 - - [03/Feb/2020:22:44:09 +0100] "POST /wp-login.php HTTP/1.1" 200 4497 "-" "Opera/9.80 (Windows NT 6.1; WOW64) Presto/2.12.388 Version/12.18"
52.60.189.115 - - [03/Feb/2020:22:50:50 +0100] "GET /wp-login.php HTTP/1.1" 200 6568 "-" "Opera/9.80 (Windows NT 6.1; WOW64) Presto/2.12.388 Version/12.18"
52.60.189.115 - - [03/Feb/2020:22:50:50 +0100] "POST /wp-login.php HTTP/1.1" 200 4497 "-" "Opera/9.80 (Windows NT 6.1; WOW64) Presto/2.12.388 Version/12.18"
34.230.156.67 - - [03/Feb/2020:22:54:37 +0100] "GET /wp-login.php HTTP/1.1" 200 6568 "-" "Opera/9.80 (Windows NT 6.1; WOW64) Presto/2.12.388 Version/12.18"
34.230.156.67 - - [03/Feb/2020:22:54:37 +0100] "POST /wp-login.php HTTP/1.1" 200 4497 "-" "Opera/9.80 (Windows NT 6.1; WOW64) Presto/2.12.388 Version/12.18"
185.86.164.104 - - [03/Feb/2020:22:55:30 +0100] "GET /wp-login.php HTTP/1.1" 200 7045 "-" "Mozilla/5.0 (Windows NT 10.0; WOW64) AppleWebKit/537.36 (KHTML, like Gecko) Chrome/51.0.2704.103 Safari/537.36"
185.86.164.104 - - [03/Feb/2020:22:55:30 +0100] "POST /wp-login.php HTTP/1.1" 200 4633 "https://fincasandoval.com/wp-login.php" "Mozilla/5.0 (Windows NT 10.0; WOW64) AppleWebKit/537.36 (KHTML, like Gecko) Chrome/51.0.2704.103 Safari/537.36"
142.93.125.73 - - [03/Feb/2020:22:58:45 +0100] "GET /wp-login.php HTTP/1.1" 200 6587 "-" "Mozilla/5.0 (X11; Ubuntu; Linux x86_64; rv:62.0) Gecko/20100101 Firefox/62.0"
89.248.107.232 - - [03/Feb/2020:22:58:45 +0100] "POST /wp-cron.php?doing_wp_cron=1580767125.5208530426025390625000 HTTP/1.1" 200 1860 "-" "WordPress/5.2.5; https://fincasandoval.com"
142.93.125.73 - - [03/Feb/2020:22:58:45 +0100] "POST /wp-login.php HTTP/1.1" 200 7562 "-" "Mozilla/5.0 (X11; Ubuntu; Linux x86_64; rv:62.0) Gecko/20100101 Firefox/62.0"
142.93.125.73 - - [03/Feb/2020:22:58:46 +0100] "POST /xmlrpc.php HTTP/1.1" 200 3835 "-" "Mozilla/5.0 (X11; Ubuntu; Linux x86_64; rv:62.0) Gecko/20100101 Firefox/62.0"
132.148.106.5 - - [03/Feb/2020:23:00:01 +0100] "GET /wp-login.php HTTP/1.1" 200 6587 "-" "Mozilla/5.0 (X11; Ubuntu; Linux x86_64; rv:62.0) Gecko/20100101 Firefox/62.0"
132.148.106.5 - - [03/Feb/2020:23:00:02 +0100] "POST /wp-login.php HTTP/1.1" 200 7436 "-" "Mozilla/5.0 (X11; Ubuntu; Linux x86_64; rv:62.0) Gecko/20100101 Firefox/62.0"
132.148.106.5 - - [03/Feb/2020:23:00:03 +0100] "POST /xmlrpc.php HTTP/1.1" 200 3835 "-" "Mozilla/5.0 (X11; Ubuntu; Linux x86_64; rv:62.0) Gecko/20100101 Firefox/62.0"
54.178.182.46 - - [03/Feb/2020:23:01:29 +0100] "GET /wp-login.php HTTP/1.1" 200 6568 "-" "Opera/9.80 (Windows NT 6.1; WOW64) Presto/2.12.388 Version/12.18"
54.178.182.46 - - [03/Feb/2020:23:01:29 +0100] "POST /wp-login.php HTTP/1.1" 200 4497 "-" "Opera/9.80 (Windows NT 6.1; WOW64) Presto/2.12.388 Version/12.18"
13.58.56.77 - - [03/Feb/2020:23:06:52 +0100] "GET /wp-login.php HTTP/1.1" 200 6568 "-" "Opera/9.80 (Windows NT 6.1; WOW64) Presto/2.12.388 Version/12.18"
13.58.56.77 - - [03/Feb/2020:23:06:53 +0100] "POST /wp-login.php HTTP/1.1" 200 4497 "-" "Opera/9.80 (Windows NT 6.1; WOW64) Presto/2.12.388 Version/12.18"
3.8.68.2 - - [03/Feb/2020:23:12:14 +0100] "GET /wp-login.php HTTP/1.1" 200 6568 "-" "Opera/9.80 (Windows NT 6.1; WOW64) Presto/2.12.388 Version/12.18"
3.8.68.2 - - [03/Feb/2020:23:12:14 +0100] "POST /wp-login.php HTTP/1.1" 200 4497 "-" "Opera/9.80 (Windows NT 6.1; WOW64) Presto/2.12.388 Version/12.18"
193.106.30.99 - - [03/Feb/2020:23:12:25 +0100] "POST /layouts/libraries/cms/html/bootstrap/endtab.php HTTP/1.1" 404 4665 "-" "Mozilla/5.0 (Windows NT 6.1; Win64; x64) AppleWebKit/537.36 (KHTML, like Gecko) Chrome/73.0.3683.103 Safari/537.36"
178.128.62.227 - - [03/Feb/2020:23:14:27 +0100] "GET /wp-login.php HTTP/1.1" 200 6587 "-" "Mozilla/5.0 (X11; Ubuntu; Linux x86_64; rv:62.0) Gecko/20100101 Firefox/62.0"
178.128.62.227 - - [03/Feb/2020:23:14:33 +0100] "POST /wp-login.php HTTP/1.1" 200 7562 "-" "Mozilla/5.0 (X11; Ubuntu; Linux x86_64; rv:62.0) Gecko/20100101 Firefox/62.0"
178.128.62.227 - - [03/Feb/2020:23:14:34 +0100] "POST /xmlrpc.php HTTP/1.1" 200 3835 "-" "Mozilla/5.0 (X11; Ubuntu; Linux x86_64; rv:62.0) Gecko/20100101 Firefox/62.0"
145.239.69.74 - - [03/Feb/2020:23:17:46 +0100] "GET /wp-login.php HTTP/1.1" 200 6587 "-" "Mozilla/5.0 (X11; Ubuntu; Linux x86_64; rv:62.0) Gecko/20100101 Firefox/62.0"
145.239.69.74 - - [03/Feb/2020:23:17:46 +0100] "POST /wp-login.php HTTP/1.1" 200 7436 "-" "Mozilla/5.0 (X11; Ubuntu; Linux x86_64; rv:62.0) Gecko/20100101 Firefox/62.0"
145.239.69.74 - - [03/Feb/2020:23:17:46 +0100] "POST /xmlrpc.php HTTP/1.1" 200 3835 "-" "Mozilla/5.0 (X11; Ubuntu; Linux x86_64; rv:62.0) Gecko/20100101 Firefox/62.0"
35.178.16.1 - - [03/Feb/2020:23:18:37 +0100] "GET /wp-login.php HTTP/1.1" 200 6568 "-" "Opera/9.80 (Windows NT 6.1; WOW64) Presto/2.12.388 Version/12.18"
35.178.16.1 - - [03/Feb/2020:23:18:37 +0100] "POST /wp-login.php HTTP/1.1" 200 4497 "-" "Opera/9.80 (Windows NT 6.1; WOW64) Presto/2.12.388 Version/12.18"
34.209.105.222 - - [03/Feb/2020:23:27:23 +0100] "GET /wp-login.php HTTP/1.1" 200 6568 "-" "Opera/9.80 (Windows NT 6.1; WOW64) Presto/2.12.388 Version/12.18"
34.209.105.222 - - [03/Feb/2020:23:27:23 +0100] "POST /wp-login.php HTTP/1.1" 200 4497 "-" "Opera/9.80 (Windows NT 6.1; WOW64) Presto/2.12.388 Version/12.18"
18.197.125.181 - - [03/Feb/2020:23:31:44 +0100] "GET /wp-login.php HTTP/1.1" 200 6568 "-" "Opera/9.80 (Windows NT 6.1; WOW64) Presto/2.12.388 Version/12.18"
18.197.125.181 - - [03/Feb/2020:23:31:44 +0100] "POST /wp-login.php HTTP/1.1" 200 4497 "-" "Opera/9.80 (Windows NT 6.1; WOW64) Presto/2.12.388 Version/12.18"
192.241.132.135 - - [03/Feb/2020:23:33:32 +0100] "GET /wp-login.php HTTP/1.1" 200 6587 "-" "Mozilla/5.0 (X11; Ubuntu; Linux x86_64; rv:62.0) Gecko/20100101 Firefox/62.0"
192.241.132.135 - - [03/Feb/2020:23:33:38 +0100] "POST /wp-login.php HTTP/1.1" 200 7562 "-" "Mozilla/5.0 (X11; Ubuntu; Linux x86_64; rv:62.0) Gecko/20100101 Firefox/62.0"
192.241.132.135 - - [03/Feb/2020:23:33:39 +0100] "POST /xmlrpc.php HTTP/1.1" 200 3835 "-" "Mozilla/5.0 (X11; Ubuntu; Linux x86_64; rv:62.0) Gecko/20100101 Firefox/62.0"
159.203.176.82 - - [03/Feb/2020:23:34:14 +0100] "GET /wp-login.php HTTP/1.1" 200 6587 "-" "Mozilla/5.0 (X11; Ubuntu; Linux x86_64; rv:62.0) Gecko/20100101 Firefox/62.0"
159.203.176.82 - - [03/Feb/2020:23:34:15 +0100] "POST /wp-login.php HTTP/1.1" 200 7436 "-" "Mozilla/5.0 (X11; Ubuntu; Linux x86_64; rv:62.0) Gecko/20100101 Firefox/62.0"
159.203.176.82 - - [03/Feb/2020:23:34:16 +0100] "POST /xmlrpc.php HTTP/1.1" 200 3835 "-" "Mozilla/5.0 (X11; Ubuntu; Linux x86_64; rv:62.0) Gecko/20100101 Firefox/62.0"
114.119.141.54 - - [03/Feb/2020:23:37:01 +0100] "GET /critica/ HTTP/1.1" 404 4433 "-" "Mozilla/5.0(Linux;Android 5.1.1;OPPO A33 Build/LMY47V;wv) AppleWebKit/537.36(KHTML,link Gecko) Version/4.0 Chrome/42.0.2311.138 Mobile Safari/537.36 Mb2345Browser/9.0"
34.236.18.197 - - [03/Feb/2020:23:37:25 +0100] "GET /wp-login.php HTTP/1.1" 200 6568 "-" "Opera/9.80 (Windows NT 6.1; WOW64) Presto/2.12.388 Version/12.18"
34.236.18.197 - - [03/Feb/2020:23:37:26 +0100] "POST /wp-login.php HTTP/1.1" 200 4497 "-" "Opera/9.80 (Windows NT 6.1; WOW64) Presto/2.12.388 Version/12.18"
3.8.12.221 - - [03/Feb/2020:23:43:49 +0100] "GET /wp-login.php HTTP/1.1" 200 6568 "-" "Opera/9.80 (Windows NT 6.1; WOW64) Presto/2.12.388 Version/12.18"
89.248.107.232 - - [03/Feb/2020:23:43:49 +0100] "POST /wp-cron.php?doing_wp_cron=1580769829.6027081012725830078125 HTTP/1.1" 200 1860 "-" "WordPress/5.2.5; https://fincasandoval.com"
3.8.12.221 - - [03/Feb/2020:23:43:49 +0100] "POST /wp-login.php HTTP/1.1" 200 4497 "-" "Opera/9.80 (Windows NT 6.1; WOW64) Presto/2.12.388 Version/12.18"
107.180.71.116 - - [03/Feb/2020:23:48:33 +0100] "GET /wp-login.php HTTP/1.1" 200 6587 "-" "Mozilla/5.0 (X11; Ubuntu; Linux x86_64; rv:62.0) Gecko/20100101 Firefox/62.0"
107.180.71.116 - - [03/Feb/2020:23:48:33 +0100] "POST /wp-login.php HTTP/1.1" 200 7562 "-" "Mozilla/5.0 (X11; Ubuntu; Linux x86_64; rv:62.0) Gecko/20100101 Firefox/62.0"
107.180.71.116 - - [03/Feb/2020:23:48:34 +0100] "POST /xmlrpc.php HTTP/1.1" 200 3835 "-" "Mozilla/5.0 (X11; Ubuntu; Linux x86_64; rv:62.0) Gecko/20100101 Firefox/62.0"
13.228.104.57 - - [03/Feb/2020:23:50:11 +0100] "GET /wp-login.php HTTP/1.1" 200 6568 "-" "Opera/9.80 (Windows NT 6.1; WOW64) Presto/2.12.388 Version/12.18"
13.228.104.57 - - [03/Feb/2020:23:50:11 +0100] "POST /wp-login.php HTTP/1.1" 200 4497 "-" "Opera/9.80 (Windows NT 6.1; WOW64) Presto/2.12.388 Version/12.18"
3.8.12.221 - - [03/Feb/2020:23:54:53 +0100] "GET /wp-login.php HTTP/1.1" 200 6568 "-" "Opera/9.80 (Windows NT 6.1; WOW64) Presto/2.12.388 Version/12.18"
3.8.12.221 - - [03/Feb/2020:23:54:53 +0100] "POST /wp-login.php HTTP/1.1" 200 4497 "-" "Opera/9.80 (Windows NT 6.1; WOW64) Presto/2.12.388 Version/12.18"
66.249.64.16 - - [03/Feb/2020:23:58:40 +0100] "GET /robots.txt HTTP/1.1" 404 4665 "-" "Mozilla/5.0 (compatible; Googlebot/2.1; +http://www.google.com/bot.html)"
89.248.107.232 - - [03/Feb/2020:23:58:42 +0100] "POST /wp-cron.php?doing_wp_cron=1580770722.5053689479827880859375 HTTP/1.1" 200 1860 "-" "WordPress/5.2.5; https://fincasandoval.com"
66.249.64.14 - - [03/Feb/2020:23:58:42 +0100] "GET / HTTP/1.1" 301 3667 "-" "Mozilla/5.0 (Linux; Android 6.0.1; Nexus 5X Build/MMB29P) AppleWebKit/537.36 (KHTML, like Gecko) Chrome/41.0.2272.96 Mobile Safari/537.36 (compatible; Googlebot/2.1; +http://www.google.com/bot.html)"
54.176.188.51 - - [04/Feb/2020:00:01:36 +0100] "GET /wp-login.php HTTP/1.1" 200 6568 "-" "Opera/9.80 (Windows NT 6.1; WOW64) Presto/2.12.388 Version/12.18"
54.176.188.51 - - [04/Feb/2020:00:01:37 +0100] "POST /wp-login.php HTTP/1.1" 200 4497 "-" "Opera/9.80 (Windows NT 6.1; WOW64) Presto/2.12.388 Version/12.18"
195.248.251.18 - - [04/Feb/2020:00:02:47 +0100] "GET /ads.txt HTTP/1.1" 404 4433 "http://fincasandoval.com/ads.txt" "Mozilla/5.0 (Macintosh; Intel Mac OS X 10.13; rv:58.0) Gecko/20100101 Firefox/58.0"
195.248.251.18 - - [04/Feb/2020:00:02:47 +0100] "GET /ads.txt HTTP/1.1" 404 4433 "http://www.fincasandoval.com/ads.txt" "Mozilla/5.0 (Macintosh; Intel Mac OS X 10.13; rv:58.0) Gecko/20100101 Firefox/58.0"
5.39.74.233 - - [04/Feb/2020:00:06:39 +0100] "GET /wp-login.php HTTP/1.1" 200 6587 "-" "Mozilla/5.0 (X11; Ubuntu; Linux x86_64; rv:62.0) Gecko/20100101 Firefox/62.0"
5.39.74.233 - - [04/Feb/2020:00:06:39 +0100] "POST /wp-login.php HTTP/1.1" 200 7562 "-" "Mozilla/5.0 (X11; Ubuntu; Linux x86_64; rv:62.0) Gecko/20100101 Firefox/62.0"
5.39.74.233 - - [04/Feb/2020:00:06:40 +0100] "POST /xmlrpc.php HTTP/1.1" 200 3835 "-" "Mozilla/5.0 (X11; Ubuntu; Linux x86_64; rv:62.0) Gecko/20100101 Firefox/62.0"
54.176.188.51 - - [04/Feb/2020:00:07:27 +0100] "GET /wp-login.php HTTP/1.1" 200 6568 "-" "Opera/9.80 (Windows NT 6.1; WOW64) Presto/2.12.388 Version/12.18"
54.176.188.51 - - [04/Feb/2020:00:07:27 +0100] "POST /wp-login.php HTTP/1.1" 200 4497 "-" "Opera/9.80 (Windows NT 6.1; WOW64) Presto/2.12.388 Version/12.18"
142.93.125.73 - - [04/Feb/2020:00:09:30 +0100] "GET /wp-login.php HTTP/1.1" 200 6587 "-" "Mozilla/5.0 (X11; Ubuntu; Linux x86_64; rv:62.0) Gecko/20100101 Firefox/62.0"
142.93.125.73 - - [04/Feb/2020:00:09:30 +0100] "POST /wp-login.php HTTP/1.1" 200 7436 "-" "Mozilla/5.0 (X11; Ubuntu; Linux x86_64; rv:62.0) Gecko/20100101 Firefox/62.0"
142.93.125.73 - - [04/Feb/2020:00:09:31 +0100] "POST /xmlrpc.php HTTP/1.1" 200 3835 "-" "Mozilla/5.0 (X11; Ubuntu; Linux x86_64; rv:62.0) Gecko/20100101 Firefox/62.0"
34.230.156.67 - - [04/Feb/2020:00:13:08 +0100] "GET /wp-login.php HTTP/1.1" 200 6568 "-" "Opera/9.80 (Windows NT 6.1; WOW64) Presto/2.12.388 Version/12.18"
34.230.156.67 - - [04/Feb/2020:00:13:09 +0100] "POST /wp-login.php HTTP/1.1" 200 4497 "-" "Opera/9.80 (Windows NT 6.1; WOW64) Presto/2.12.388 Version/12.18"
193.106.30.99 - - [04/Feb/2020:00:16:12 +0100] "POST /layouts/libraries/cms/html/bootstrap/starttabsetscript.php HTTP/1.1" 404 4665 "-" "Mozilla/5.0 (Windows NT 6.1; Win64; x64) AppleWebKit/537.36 (KHTML, like Gecko) Chrome/73.0.3683.103 Safari/537.36"
18.197.125.181 - - [04/Feb/2020:00:19:38 +0100] "GET /wp-login.php HTTP/1.1" 200 6568 "-" "Opera/9.80 (Windows NT 6.1; WOW64) Presto/2.12.388 Version/12.18"
18.197.125.181 - - [04/Feb/2020:00:19:38 +0100] "POST /wp-login.php HTTP/1.1" 200 4497 "-" "Opera/9.80 (Windows NT 6.1; WOW64) Presto/2.12.388 Version/12.18"
18.221.206.247 - - [04/Feb/2020:00:27:40 +0100] "GET /wp-login.php HTTP/1.1" 200 6568 "-" "Opera/9.80 (Windows NT 6.1; WOW64) Presto/2.12.388 Version/12.18"
18.221.206.247 - - [04/Feb/2020:00:27:40 +0100] "POST /wp-login.php HTTP/1.1" 200 4497 "-" "Opera/9.80 (Windows NT 6.1; WOW64) Presto/2.12.388 Version/12.18"
178.128.90.9 - - [04/Feb/2020:00:28:00 +0100] "GET /wp-login.php HTTP/1.1" 200 6587 "-" "Mozilla/5.0 (X11; Ubuntu; Linux x86_64; rv:62.0) Gecko/20100101 Firefox/62.0"
178.128.90.9 - - [04/Feb/2020:00:28:01 +0100] "POST /wp-login.php HTTP/1.1" 200 7436 "-" "Mozilla/5.0 (X11; Ubuntu; Linux x86_64; rv:62.0) Gecko/20100101 Firefox/62.0"
178.128.90.9 - - [04/Feb/2020:00:28:02 +0100] "POST /xmlrpc.php HTTP/1.1" 200 3835 "-" "Mozilla/5.0 (X11; Ubuntu; Linux x86_64; rv:62.0) Gecko/20100101 Firefox/62.0"
66.249.64.14 - - [04/Feb/2020:00:28:42 +0100] "GET / HTTP/1.1" 301 3667 "-" "Mozilla/5.0 (compatible; Googlebot/2.1; +http://www.google.com/bot.html)"
66.249.64.90 - - [04/Feb/2020:00:28:42 +0100] "GET / HTTP/1.1" 200 17757 "-" "Mozilla/5.0 (compatible; Googlebot/2.1; +http://www.google.com/bot.html)"
3.0.115.255 - - [04/Feb/2020:00:32:27 +0100] "GET /wp-login.php HTTP/1.1" 200 6568 "-" "Opera/9.80 (Windows NT 6.1; WOW64) Presto/2.12.388 Version/12.18"
3.0.115.255 - - [04/Feb/2020:00:32:27 +0100] "POST /wp-login.php HTTP/1.1" 200 4497 "-" "Opera/9.80 (Windows NT 6.1; WOW64) Presto/2.12.388 Version/12.18"
54.178.182.46 - - [04/Feb/2020:00:38:39 +0100] "GET /wp-login.php HTTP/1.1" 200 6568 "-" "Opera/9.80 (Windows NT 6.1; WOW64) Presto/2.12.388 Version/12.18"
54.178.182.46 - - [04/Feb/2020:00:38:39 +0100] "POST /wp-login.php HTTP/1.1" 200 4497 "-" "Opera/9.80 (Windows NT 6.1; WOW64) Presto/2.12.388 Version/12.18"
124.217.230.120 - - [04/Feb/2020:00:42:30 +0100] "GET /wp-login.php HTTP/1.1" 200 6587 "-" "Mozilla/5.0 (X11; Ubuntu; Linux x86_64; rv:62.0) Gecko/20100101 Firefox/62.0"
89.248.107.232 - - [04/Feb/2020:00:42:30 +0100] "POST /wp-cron.php?doing_wp_cron=1580773350.2144238948822021484375 HTTP/1.1" 200 1860 "-" "WordPress/5.2.5; https://fincasandoval.com"
124.217.230.120 - - [04/Feb/2020:00:42:31 +0100] "POST /wp-login.php HTTP/1.1" 200 7562 "-" "Mozilla/5.0 (X11; Ubuntu; Linux x86_64; rv:62.0) Gecko/20100101 Firefox/62.0"
124.217.230.120 - - [04/Feb/2020:00:42:32 +0100] "POST /xmlrpc.php HTTP/1.1" 200 3835 "-" "Mozilla/5.0 (X11; Ubuntu; Linux x86_64; rv:62.0) Gecko/20100101 Firefox/62.0"
142.93.204.221 - - [04/Feb/2020:00:44:37 +0100] "GET /wp-login.php HTTP/1.1" 200 6587 "-" "Mozilla/5.0 (X11; Ubuntu; Linux x86_64; rv:62.0) Gecko/20100101 Firefox/62.0"
142.93.204.221 - - [04/Feb/2020:00:44:38 +0100] "POST /wp-login.php HTTP/1.1" 200 7436 "-" "Mozilla/5.0 (X11; Ubuntu; Linux x86_64; rv:62.0) Gecko/20100101 Firefox/62.0"
142.93.204.221 - - [04/Feb/2020:00:44:38 +0100] "POST /xmlrpc.php HTTP/1.1" 200 3835 "-" "Mozilla/5.0 (X11; Ubuntu; Linux x86_64; rv:62.0) Gecko/20100101 Firefox/62.0"
13.58.56.77 - - [04/Feb/2020:00:44:49 +0100] "GET /wp-login.php HTTP/1.1" 200 6568 "-" "Opera/9.80 (Windows NT 6.1; WOW64) Presto/2.12.388 Version/12.18"
13.58.56.77 - - [04/Feb/2020:00:44:50 +0100] "POST /wp-login.php HTTP/1.1" 200 4497 "-" "Opera/9.80 (Windows NT 6.1; WOW64) Presto/2.12.388 Version/12.18"
88.6.79.129 - - [04/Feb/2020:00:49:50 +0100] "GET / HTTP/1.1" 200 17562 "https://www.google.com/" "Mozilla/5.0 (iPad; CPU OS 9_3_2 like Mac OS X) AppleWebKit/601.1.46 (KHTML, like Gecko) Version/9.0 Mobile/13F69 Safari/601.1"
88.6.79.129 - - [04/Feb/2020:00:49:50 +0100] "GET /wp-includes/js/wp-emoji-release.min.js?ver=5.2.5 HTTP/1.1" 200 14206 "https://fincasandoval.com/" "Mozilla/5.0 (iPad; CPU OS 9_3_2 like Mac OS X) AppleWebKit/601.1.46 (KHTML, like Gecko) Version/9.0 Mobile/13F69 Safari/601.1"
88.6.79.129 - - [04/Feb/2020:00:49:50 +0100] "GET /wp-content/themes/book-lite/js/small-menu.js?ver=20120206 HTTP/1.1" 200 1623 "https://fincasandoval.com/" "Mozilla/5.0 (iPad; CPU OS 9_3_2 like Mac OS X) AppleWebKit/601.1.46 (KHTML, like Gecko) Version/9.0 Mobile/13F69 Safari/601.1"
88.6.79.129 - - [04/Feb/2020:00:49:50 +0100] "GET /wp-content/themes/book-lite/style.css?ver=5.2.5 HTTP/1.1" 200 21109 "https://fincasandoval.com/" "Mozilla/5.0 (iPad; CPU OS 9_3_2 like Mac OS X) AppleWebKit/601.1.46 (KHTML, like Gecko) Version/9.0 Mobile/13F69 Safari/601.1"
88.6.79.129 - - [04/Feb/2020:00:49:50 +0100] "GET /wp-includes/js/jquery/jquery-migrate.min.js?ver=1.4.1 HTTP/1.1" 200 10560 "https://fincasandoval.com/" "Mozilla/5.0 (iPad; CPU OS 9_3_2 like Mac OS X) AppleWebKit/601.1.46 (KHTML, like Gecko) Version/9.0 Mobile/13F69 Safari/601.1"
88.6.79.129 - - [04/Feb/2020:00:49:50 +0100] "GET /wp-content/themes/book-lite/js/script.js?ver=1.0 HTTP/1.1" 200 624 "https://fincasandoval.com/" "Mozilla/5.0 (iPad; CPU OS 9_3_2 like Mac OS X) AppleWebKit/601.1.46 (KHTML, like Gecko) Version/9.0 Mobile/13F69 Safari/601.1"
88.6.79.129 - - [04/Feb/2020:00:49:50 +0100] "GET /wp-includes/css/dist/block-library/style.min.css?ver=5.2.5 HTTP/1.1" 200 29814 "https://fincasandoval.com/" "Mozilla/5.0 (iPad; CPU OS 9_3_2 like Mac OS X) AppleWebKit/601.1.46 (KHTML, like Gecko) Version/9.0 Mobile/13F69 Safari/601.1"
88.6.79.129 - - [04/Feb/2020:00:49:50 +0100] "GET /wp-content/uploads/2017/05/vs-2016.jpg HTTP/1.1" 200 25984 "https://fincasandoval.com/" "Mozilla/5.0 (iPad; CPU OS 9_3_2 like Mac OS X) AppleWebKit/601.1.46 (KHTML, like Gecko) Version/9.0 Mobile/13F69 Safari/601.1"
88.6.79.129 - - [04/Feb/2020:00:49:50 +0100] "GET /wp-includes/js/wp-embed.min.js?ver=5.2.5 HTTP/1.1" 200 1767 "https://fincasandoval.com/" "Mozilla/5.0 (iPad; CPU OS 9_3_2 like Mac OS X) AppleWebKit/601.1.46 (KHTML, like Gecko) Version/9.0 Mobile/13F69 Safari/601.1"
88.6.79.129 - - [04/Feb/2020:00:49:50 +0100] "GET /wp-includes/js/jquery/jquery.js?ver=1.12.4-wp HTTP/1.1" 200 97523 "https://fincasandoval.com/" "Mozilla/5.0 (iPad; CPU OS 9_3_2 like Mac OS X) AppleWebKit/601.1.46 (KHTML, like Gecko) Version/9.0 Mobile/13F69 Safari/601.1"
88.6.79.129 - - [04/Feb/2020:00:49:50 +0100] "GET /wp-content/uploads/2014/11/fs-1.jpg?w=625 HTTP/1.1" 200 639596 "https://fincasandoval.com/" "Mozilla/5.0 (iPad; CPU OS 9_3_2 like Mac OS X) AppleWebKit/601.1.46 (KHTML, like Gecko) Version/9.0 Mobile/13F69 Safari/601.1"
88.6.79.129 - - [04/Feb/2020:00:49:50 +0100] "GET /wp-content/themes/book-lite/images/nav-bg.png HTTP/1.1" 200 458 "https://fincasandoval.com/" "Mozilla/5.0 (iPad; CPU OS 9_3_2 like Mac OS X) AppleWebKit/601.1.46 (KHTML, like Gecko) Version/9.0 Mobile/13F69 Safari/601.1"
88.6.79.129 - - [04/Feb/2020:00:49:50 +0100] "GET /wp-content/themes/book-lite/images/break.png HTTP/1.1" 200 951 "https://fincasandoval.com/" "Mozilla/5.0 (iPad; CPU OS 9_3_2 like Mac OS X) AppleWebKit/601.1.46 (KHTML, like Gecko) Version/9.0 Mobile/13F69 Safari/601.1"
88.6.79.129 - - [04/Feb/2020:00:49:50 +0100] "GET /wp-content/themes/book-lite/images/diamond-white.png HTTP/1.1" 200 565 "https://fincasandoval.com/" "Mozilla/5.0 (iPad; CPU OS 9_3_2 like Mac OS X) AppleWebKit/601.1.46 (KHTML, like Gecko) Version/9.0 Mobile/13F69 Safari/601.1"
88.6.79.129 - - [04/Feb/2020:00:49:50 +0100] "GET /wp-content/uploads/2019/09/cropped-header-1.jpg HTTP/1.1" 200 45807 "https://fincasandoval.com/" "Mozilla/5.0 (iPad; CPU OS 9_3_2 like Mac OS X) AppleWebKit/601.1.46 (KHTML, like Gecko) Version/9.0 Mobile/13F69 Safari/601.1"
34.203.37.48 - - [04/Feb/2020:00:50:32 +0100] "GET /wp-login.php HTTP/1.1" 200 6568 "-" "Opera/9.80 (Windows NT 6.1; WOW64) Presto/2.12.388 Version/12.18"
34.203.37.48 - - [04/Feb/2020:00:50:33 +0100] "POST /wp-login.php HTTP/1.1" 200 4497 "-" "Opera/9.80 (Windows NT 6.1; WOW64) Presto/2.12.388 Version/12.18"
3.8.68.2 - - [04/Feb/2020:00:56:55 +0100] "GET /wp-login.php HTTP/1.1" 200 6568 "-" "Opera/9.80 (Windows NT 6.1; WOW64) Presto/2.12.388 Version/12.18"
89.248.107.232 - - [04/Feb/2020:00:56:55 +0100] "POST /wp-cron.php?doing_wp_cron=1580774215.7022769451141357421875 HTTP/1.1" 200 1860 "-" "WordPress/5.2.5; https://fincasandoval.com"
3.8.68.2 - - [04/Feb/2020:00:56:55 +0100] "POST /wp-login.php HTTP/1.1" 200 4497 "-" "Opera/9.80 (Windows NT 6.1; WOW64) Presto/2.12.388 Version/12.18"
52.44.119.95 - - [04/Feb/2020:00:57:56 +0100] "GET /ads.txt HTTP/1.1" 404 4470 "-" "Mozilla/5.0 (Macintosh; Intel Mac OS X 10_12_6) AppleWebKit/537.36 (KHTML, like Gecko) Chrome/63.0.3239.84 Safari/537.36"
52.44.119.95 - - [04/Feb/2020:00:57:57 +0100] "GET /ads.txt HTTP/1.1" 404 4470 "-" "Mozilla/5.0 (Macintosh; Intel Mac OS X 10_12_6) AppleWebKit/537.36 (KHTML, like Gecko) Chrome/63.0.3239.84 Safari/537.36"
94.102.13.100 - - [04/Feb/2020:00:59:02 +0100] "GET /wp-login.php HTTP/1.1" 200 6587 "-" "Mozilla/5.0 (X11; Ubuntu; Linux x86_64; rv:62.0) Gecko/20100101 Firefox/62.0"
94.102.13.100 - - [04/Feb/2020:00:59:02 +0100] "POST /wp-login.php HTTP/1.1" 200 7562 "-" "Mozilla/5.0 (X11; Ubuntu; Linux x86_64; rv:62.0) Gecko/20100101 Firefox/62.0"
94.102.13.100 - - [04/Feb/2020:00:59:03 +0100] "POST /xmlrpc.php HTTP/1.1" 200 3835 "-" "Mozilla/5.0 (X11; Ubuntu; Linux x86_64; rv:62.0) Gecko/20100101 Firefox/62.0"
92.62.142.49 - - [04/Feb/2020:01:02:16 +0100] "GET /wp-login.php HTTP/1.1" 200 6587 "-" "Mozilla/5.0 (X11; Ubuntu; Linux x86_64; rv:62.0) Gecko/20100101 Firefox/62.0"
92.62.142.49 - - [04/Feb/2020:01:02:19 +0100] "POST /wp-login.php HTTP/1.1" 200 7436 "-" "Mozilla/5.0 (X11; Ubuntu; Linux x86_64; rv:62.0) Gecko/20100101 Firefox/62.0"
92.62.142.49 - - [04/Feb/2020:01:02:19 +0100] "POST /xmlrpc.php HTTP/1.1" 200 3835 "-" "Mozilla/5.0 (X11; Ubuntu; Linux x86_64; rv:62.0) Gecko/20100101 Firefox/62.0"
34.209.105.222 - - [04/Feb/2020:01:05:46 +0100] "GET /wp-login.php HTTP/1.1" 200 6568 "-" "Opera/9.80 (Windows NT 6.1; WOW64) Presto/2.12.388 Version/12.18"
34.209.105.222 - - [04/Feb/2020:01:05:46 +0100] "POST /wp-login.php HTTP/1.1" 200 4497 "-" "Opera/9.80 (Windows NT 6.1; WOW64) Presto/2.12.388 Version/12.18"
34.251.241.226 - - [04/Feb/2020:01:09:54 +0100] "GET /wp-login.php HTTP/1.1" 200 6568 "-" "Opera/9.80 (Windows NT 6.1; WOW64) Presto/2.12.388 Version/12.18"
34.251.241.226 - - [04/Feb/2020:01:09:54 +0100] "POST /wp-login.php HTTP/1.1" 200 4497 "-" "Opera/9.80 (Windows NT 6.1; WOW64) Presto/2.12.388 Version/12.18"
185.86.164.102 - - [04/Feb/2020:01:15:02 +0100] "GET /wp-login.php HTTP/1.1" 200 7045 "-" "Mozilla/5.0 (Windows NT 10.0; WOW64) AppleWebKit/537.36 (KHTML, like Gecko) Chrome/51.0.2704.103 Safari/537.36"
185.86.164.102 - - [04/Feb/2020:01:15:03 +0100] "POST /wp-login.php HTTP/1.1" 200 4633 "https://fincasandoval.com/wp-login.php" "Mozilla/5.0 (Windows NT 10.0; WOW64) AppleWebKit/537.36 (KHTML, like Gecko) Chrome/51.0.2704.103 Safari/537.36"
148.72.40.44 - - [04/Feb/2020:01:17:31 +0100] "GET /wp-login.php HTTP/1.1" 200 6587 "-" "Mozilla/5.0 (X11; Ubuntu; Linux x86_64; rv:62.0) Gecko/20100101 Firefox/62.0"
148.72.40.44 - - [04/Feb/2020:01:17:32 +0100] "POST /wp-login.php HTTP/1.1" 200 7562 "-" "Mozilla/5.0 (X11; Ubuntu; Linux x86_64; rv:62.0) Gecko/20100101 Firefox/62.0"
148.72.40.44 - - [04/Feb/2020:01:17:33 +0100] "POST /xmlrpc.php HTTP/1.1" 200 3835 "-" "Mozilla/5.0 (X11; Ubuntu; Linux x86_64; rv:62.0) Gecko/20100101 Firefox/62.0"
206.189.155.76 - - [04/Feb/2020:01:19:42 +0100] "GET /wp-login.php HTTP/1.1" 200 6587 "-" "Mozilla/5.0 (X11; Ubuntu; Linux x86_64; rv:62.0) Gecko/20100101 Firefox/62.0"
206.189.155.76 - - [04/Feb/2020:01:19:49 +0100] "POST /wp-login.php HTTP/1.1" 200 7436 "-" "Mozilla/5.0 (X11; Ubuntu; Linux x86_64; rv:62.0) Gecko/20100101 Firefox/62.0"
206.189.155.76 - - [04/Feb/2020:01:19:49 +0100] "POST /xmlrpc.php HTTP/1.1" 200 3835 "-" "Mozilla/5.0 (X11; Ubuntu; Linux x86_64; rv:62.0) Gecko/20100101 Firefox/62.0"
18.221.206.247 - - [04/Feb/2020:01:21:30 +0100] "GET /wp-login.php HTTP/1.1" 200 6568 "-" "Opera/9.80 (Windows NT 6.1; WOW64) Presto/2.12.388 Version/12.18"
18.221.206.247 - - [04/Feb/2020:01:21:30 +0100] "POST /wp-login.php HTTP/1.1" 200 4497 "-" "Opera/9.80 (Windows NT 6.1; WOW64) Presto/2.12.388 Version/12.18"
106.120.173.81 - - [04/Feb/2020:01:22:03 +0100] "GET / HTTP/1.1" 200 17725 "-" "Sogou web spider/4.0(+http://www.sogou.com/docs/help/webmasters.htm#07)"
52.42.79.222 - - [04/Feb/2020:01:27:18 +0100] "GET /wp-login.php HTTP/1.1" 200 6568 "-" "Opera/9.80 (Windows NT 6.1; WOW64) Presto/2.12.388 Version/12.18"
52.42.79.222 - - [04/Feb/2020:01:27:19 +0100] "POST /wp-login.php HTTP/1.1" 200 4497 "-" "Opera/9.80 (Windows NT 6.1; WOW64) Presto/2.12.388 Version/12.18"
54.176.188.51 - - [04/Feb/2020:01:33:03 +0100] "GET /wp-login.php HTTP/1.1" 200 6568 "-" "Opera/9.80 (Windows NT 6.1; WOW64) Presto/2.12.388 Version/12.18"
54.176.188.51 - - [04/Feb/2020:01:33:03 +0100] "POST /wp-login.php HTTP/1.1" 200 4497 "-" "Opera/9.80 (Windows NT 6.1; WOW64) Presto/2.12.388 Version/12.18"
132.148.106.24 - - [04/Feb/2020:01:34:36 +0100] "GET /wp-login.php HTTP/1.1" 200 6587 "-" "Mozilla/5.0 (X11; Ubuntu; Linux x86_64; rv:62.0) Gecko/20100101 Firefox/62.0"
132.148.106.24 - - [04/Feb/2020:01:34:37 +0100] "POST /wp-login.php HTTP/1.1" 200 7562 "-" "Mozilla/5.0 (X11; Ubuntu; Linux x86_64; rv:62.0) Gecko/20100101 Firefox/62.0"
132.148.106.24 - - [04/Feb/2020:01:34:37 +0100] "POST /xmlrpc.php HTTP/1.1" 200 3835 "-" "Mozilla/5.0 (X11; Ubuntu; Linux x86_64; rv:62.0) Gecko/20100101 Firefox/62.0"
52.64.20.252 - - [04/Feb/2020:01:42:16 +0100] "GET /wp-login.php HTTP/1.1" 200 6568 "-" "Opera/9.80 (Windows NT 6.1; WOW64) Presto/2.12.388 Version/12.18"
89.248.107.232 - - [04/Feb/2020:01:42:16 +0100] "POST /wp-cron.php?doing_wp_cron=1580776936.3430891036987304687500 HTTP/1.1" 200 1860 "-" "WordPress/5.2.5; https://fincasandoval.com"
52.64.20.252 - - [04/Feb/2020:01:42:16 +0100] "POST /wp-login.php HTTP/1.1" 200 4497 "-" "Opera/9.80 (Windows NT 6.1; WOW64) Presto/2.12.388 Version/12.18"
18.194.196.202 - - [04/Feb/2020:01:46:28 +0100] "GET /wp-login.php HTTP/1.1" 200 6568 "-" "Opera/9.80 (Windows NT 6.1; WOW64) Presto/2.12.388 Version/12.18"
18.194.196.202 - - [04/Feb/2020:01:46:28 +0100] "POST /wp-login.php HTTP/1.1" 200 4497 "-" "Opera/9.80 (Windows NT 6.1; WOW64) Presto/2.12.388 Version/12.18"
212.99.44.83 - - [04/Feb/2020:01:47:16 +0100] "GET /?feed=rss2 HTTP/1.1" 200 5417 "-" "UniversalFeedParser/5.1.3 +https://code.google.com/p/feedparser/"
132.148.106.5 - - [04/Feb/2020:01:53:52 +0100] "GET /wp-login.php HTTP/1.1" 200 6587 "-" "Mozilla/5.0 (X11; Ubuntu; Linux x86_64; rv:62.0) Gecko/20100101 Firefox/62.0"
132.148.106.5 - - [04/Feb/2020:01:53:53 +0100] "POST /wp-login.php HTTP/1.1" 200 7562 "-" "Mozilla/5.0 (X11; Ubuntu; Linux x86_64; rv:62.0) Gecko/20100101 Firefox/62.0"
132.148.106.5 - - [04/Feb/2020:01:53:54 +0100] "POST /xmlrpc.php HTTP/1.1" 200 3835 "-" "Mozilla/5.0 (X11; Ubuntu; Linux x86_64; rv:62.0) Gecko/20100101 Firefox/62.0"
3.8.12.221 - - [04/Feb/2020:01:54:00 +0100] "GET /wp-login.php HTTP/1.1" 200 6568 "-" "Opera/9.80 (Windows NT 6.1; WOW64) Presto/2.12.388 Version/12.18"
3.8.12.221 - - [04/Feb/2020:01:54:00 +0100] "POST /wp-login.php HTTP/1.1" 200 4497 "-" "Opera/9.80 (Windows NT 6.1; WOW64) Presto/2.12.388 Version/12.18"
157.230.45.52 - - [04/Feb/2020:01:58:12 +0100] "GET /wp-login.php HTTP/1.1" 200 6587 "-" "Mozilla/5.0 (X11; Ubuntu; Linux x86_64; rv:62.0) Gecko/20100101 Firefox/62.0"
89.248.107.232 - - [04/Feb/2020:01:58:12 +0100] "POST /wp-cron.php?doing_wp_cron=1580777892.6634640693664550781250 HTTP/1.1" 200 1860 "-" "WordPress/5.2.5; https://fincasandoval.com"
157.230.45.52 - - [04/Feb/2020:01:58:17 +0100] "POST /wp-login.php HTTP/1.1" 200 7436 "-" "Mozilla/5.0 (X11; Ubuntu; Linux x86_64; rv:62.0) Gecko/20100101 Firefox/62.0"
157.230.45.52 - - [04/Feb/2020:01:58:23 +0100] "POST /xmlrpc.php HTTP/1.1" 200 3835 "-" "Mozilla/5.0 (X11; Ubuntu; Linux x86_64; rv:62.0) Gecko/20100101 Firefox/62.0"
193.106.30.99 - - [04/Feb/2020:01:59:48 +0100] "POST /components/com_banners/controller.php HTTP/1.1" 404 4665 "-" "Mozilla/5.0 (Windows NT 6.1; Win64; x64) AppleWebKit/537.36 (KHTML, like Gecko) Chrome/73.0.3683.103 Safari/537.36"
13.58.56.77 - - [04/Feb/2020:02:00:35 +0100] "GET /wp-login.php HTTP/1.1" 200 6568 "-" "Opera/9.80 (Windows NT 6.1; WOW64) Presto/2.12.388 Version/12.18"
13.58.56.77 - - [04/Feb/2020:02:00:35 +0100] "POST /wp-login.php HTTP/1.1" 200 4497 "-" "Opera/9.80 (Windows NT 6.1; WOW64) Presto/2.12.388 Version/12.18"
89.248.107.232 - - [04/Feb/2020:02:01:10 +0100] "HEAD / HTTP/1.1" 200 1404 "-" "-"
89.248.107.232 - - [04/Feb/2020:02:01:13 +0100] "HEAD / HTTP/1.1" 200 1404 "-" "-"
34.209.105.222 - - [04/Feb/2020:02:08:15 +0100] "GET /wp-login.php HTTP/1.1" 200 6568 "-" "Opera/9.80 (Windows NT 6.1; WOW64) Presto/2.12.388 Version/12.18"
34.209.105.222 - - [04/Feb/2020:02:08:15 +0100] "POST /wp-login.php HTTP/1.1" 200 4497 "-" "Opera/9.80 (Windows NT 6.1; WOW64) Presto/2.12.388 Version/12.18"
64.22.104.67 - - [04/Feb/2020:02:10:55 +0100] "GET /wp-login.php HTTP/1.1" 200 6587 "-" "Mozilla/5.0 (X11; Ubuntu; Linux x86_64; rv:62.0) Gecko/20100101 Firefox/62.0"
64.22.104.67 - - [04/Feb/2020:02:10:56 +0100] "POST /wp-login.php HTTP/1.1" 200 7562 "-" "Mozilla/5.0 (X11; Ubuntu; Linux x86_64; rv:62.0) Gecko/20100101 Firefox/62.0"
64.22.104.67 - - [04/Feb/2020:02:10:57 +0100] "POST /xmlrpc.php HTTP/1.1" 200 3835 "-" "Mozilla/5.0 (X11; Ubuntu; Linux x86_64; rv:62.0) Gecko/20100101 Firefox/62.0"
18.221.206.247 - - [04/Feb/2020:02:15:44 +0100] "GET /wp-login.php HTTP/1.1" 200 6568 "-" "Opera/9.80 (Windows NT 6.1; WOW64) Presto/2.12.388 Version/12.18"
18.221.206.247 - - [04/Feb/2020:02:15:46 +0100] "POST /wp-login.php HTTP/1.1" 200 4497 "-" "Opera/9.80 (Windows NT 6.1; WOW64) Presto/2.12.388 Version/12.18"
17.58.97.104 - - [04/Feb/2020:02:16:21 +0100] "GET /robots.txt HTTP/1.1" 404 4414 "-" "Mozilla/5.0 (Macintosh; Intel Mac OS X 10_10_1) AppleWebKit/600.2.5 (KHTML, like Gecko) Version/8.0.2 Safari/600.2.5 (Applebot/0.1; +http://www.apple.com/go/applebot)"
17.58.100.148 - - [04/Feb/2020:02:16:22 +0100] "GET /distribuidores/ HTTP/1.1" 404 4414 "-" "Mozilla/5.0 (Macintosh; Intel Mac OS X 10_10_1) AppleWebKit/600.2.5 (KHTML, like Gecko) Version/8.0.2 Safari/600.2.5 (Applebot/0.1; +http://www.apple.com/go/applebot)"
18.136.72.135 - - [04/Feb/2020:02:20:06 +0100] "GET /wp-login.php HTTP/1.1" 200 6568 "-" "Opera/9.80 (Windows NT 6.1; WOW64) Presto/2.12.388 Version/12.18"
18.136.72.135 - - [04/Feb/2020:02:20:08 +0100] "POST /wp-login.php HTTP/1.1" 200 4497 "-" "Opera/9.80 (Windows NT 6.1; WOW64) Presto/2.12.388 Version/12.18"
34.241.77.13 - - [04/Feb/2020:02:26:54 +0100] "GET /wp-login.php HTTP/1.1" 200 6568 "-" "Opera/9.80 (Windows NT 6.1; WOW64) Presto/2.12.388 Version/12.18"
34.241.77.13 - - [04/Feb/2020:02:26:56 +0100] "POST /wp-login.php HTTP/1.1" 200 4497 "-" "Opera/9.80 (Windows NT 6.1; WOW64) Presto/2.12.388 Version/12.18"
51.91.56.222 - - [04/Feb/2020:02:28:10 +0100] "GET /wp-login.php HTTP/1.1" 200 6587 "-" "Mozilla/5.0 (X11; Ubuntu; Linux x86_64; rv:62.0) Gecko/20100101 Firefox/62.0"
51.91.56.222 - - [04/Feb/2020:02:28:11 +0100] "POST /wp-login.php HTTP/1.1" 200 7562 "-" "Mozilla/5.0 (X11; Ubuntu; Linux x86_64; rv:62.0) Gecko/20100101 Firefox/62.0"
51.91.56.222 - - [04/Feb/2020:02:28:11 +0100] "POST /xmlrpc.php HTTP/1.1" 200 3835 "-" "Mozilla/5.0 (X11; Ubuntu; Linux x86_64; rv:62.0) Gecko/20100101 Firefox/62.0"
52.30.16.188 - - [04/Feb/2020:02:32:45 +0100] "GET /wp-login.php HTTP/1.1" 200 6568 "-" "Opera/9.80 (Windows NT 6.1; WOW64) Presto/2.12.388 Version/12.18"
52.30.16.188 - - [04/Feb/2020:02:32:46 +0100] "POST /wp-login.php HTTP/1.1" 200 4497 "-" "Opera/9.80 (Windows NT 6.1; WOW64) Presto/2.12.388 Version/12.18"
34.236.55.223 - - [04/Feb/2020:02:39:30 +0100] "GET /wp-login.php HTTP/1.1" 200 6568 "-" "Opera/9.80 (Windows NT 6.1; WOW64) Presto/2.12.388 Version/12.18"
34.236.55.223 - - [04/Feb/2020:02:39:30 +0100] "POST /wp-login.php HTTP/1.1" 200 4497 "-" "Opera/9.80 (Windows NT 6.1; WOW64) Presto/2.12.388 Version/12.18"
89.248.107.232 - - [04/Feb/2020:02:46:53 +0100] "POST /wp-cron.php?doing_wp_cron=1580780813.0027859210968017578125 HTTP/1.1" 200 1860 "-" "WordPress/5.2.5; https://fincasandoval.com"
35.183.60.188 - - [04/Feb/2020:02:46:52 +0100] "GET /wp-login.php HTTP/1.1" 200 6568 "-" "Opera/9.80 (Windows NT 6.1; WOW64) Presto/2.12.388 Version/12.18"
35.183.60.188 - - [04/Feb/2020:02:46:53 +0100] "POST /wp-login.php HTTP/1.1" 200 4497 "-" "Opera/9.80 (Windows NT 6.1; WOW64) Presto/2.12.388 Version/12.18"
5.39.74.233 - - [04/Feb/2020:02:47:01 +0100] "GET /wp-login.php HTTP/1.1" 200 6587 "-" "Mozilla/5.0 (X11; Ubuntu; Linux x86_64; rv:62.0) Gecko/20100101 Firefox/62.0"
5.39.74.233 - - [04/Feb/2020:02:47:01 +0100] "POST /wp-login.php HTTP/1.1" 200 7562 "-" "Mozilla/5.0 (X11; Ubuntu; Linux x86_64; rv:62.0) Gecko/20100101 Firefox/62.0"
5.39.74.233 - - [04/Feb/2020:02:47:01 +0100] "POST /xmlrpc.php HTTP/1.1" 200 3835 "-" "Mozilla/5.0 (X11; Ubuntu; Linux x86_64; rv:62.0) Gecko/20100101 Firefox/62.0"
122.53.152.40 - - [04/Feb/2020:02:51:07 +0100] "GET /wp-login.php HTTP/1.1" 200 6587 "-" "Mozilla/5.0 (X11; Ubuntu; Linux x86_64; rv:62.0) Gecko/20100101 Firefox/62.0"
122.53.152.40 - - [04/Feb/2020:02:51:19 +0100] "POST /wp-login.php HTTP/1.1" 200 7436 "-" "Mozilla/5.0 (X11; Ubuntu; Linux x86_64; rv:62.0) Gecko/20100101 Firefox/62.0"
122.53.152.40 - - [04/Feb/2020:02:51:46 +0100] "POST /xmlrpc.php HTTP/1.1" 200 3835 "-" "Mozilla/5.0 (X11; Ubuntu; Linux x86_64; rv:62.0) Gecko/20100101 Firefox/62.0"
13.58.56.77 - - [04/Feb/2020:02:53:16 +0100] "GET /wp-login.php HTTP/1.1" 200 6568 "-" "Opera/9.80 (Windows NT 6.1; WOW64) Presto/2.12.388 Version/12.18"
13.58.56.77 - - [04/Feb/2020:02:53:18 +0100] "POST /wp-login.php HTTP/1.1" 200 4497 "-" "Opera/9.80 (Windows NT 6.1; WOW64) Presto/2.12.388 Version/12.18"
89.248.107.232 - - [04/Feb/2020:03:01:28 +0100] "POST /wp-cron.php?doing_wp_cron=1580781688.3508450984954833984375 HTTP/1.1" 200 1860 "-" "WordPress/5.2.5; https://fincasandoval.com"
52.52.190.187 - - [04/Feb/2020:03:01:28 +0100] "GET /wp-login.php HTTP/1.1" 200 6568 "-" "Opera/9.80 (Windows NT 6.1; WOW64) Presto/2.12.388 Version/12.18"
52.52.190.187 - - [04/Feb/2020:03:01:28 +0100] "POST /wp-login.php HTTP/1.1" 200 4497 "-" "Opera/9.80 (Windows NT 6.1; WOW64) Presto/2.12.388 Version/12.18"
68.183.67.68 - - [04/Feb/2020:03:05:09 +0100] "GET /wp-login.php HTTP/1.1" 200 6587 "-" "Mozilla/5.0 (X11; Ubuntu; Linux x86_64; rv:62.0) Gecko/20100101 Firefox/62.0"
68.183.67.68 - - [04/Feb/2020:03:05:09 +0100] "POST /wp-login.php HTTP/1.1" 200 7562 "-" "Mozilla/5.0 (X11; Ubuntu; Linux x86_64; rv:62.0) Gecko/20100101 Firefox/62.0"
68.183.67.68 - - [04/Feb/2020:03:05:09 +0100] "POST /xmlrpc.php HTTP/1.1" 200 3835 "-" "Mozilla/5.0 (X11; Ubuntu; Linux x86_64; rv:62.0) Gecko/20100101 Firefox/62.0"
91.134.248.230 - - [04/Feb/2020:03:08:55 +0100] "GET /wp-login.php HTTP/1.1" 200 6587 "-" "Mozilla/5.0 (X11; Ubuntu; Linux x86_64; rv:62.0) Gecko/20100101 Firefox/62.0"
91.134.248.230 - - [04/Feb/2020:03:08:55 +0100] "POST /wp-login.php HTTP/1.1" 200 7436 "-" "Mozilla/5.0 (X11; Ubuntu; Linux x86_64; rv:62.0) Gecko/20100101 Firefox/62.0"
91.134.248.230 - - [04/Feb/2020:03:08:56 +0100] "POST /xmlrpc.php HTTP/1.1" 200 3835 "-" "Mozilla/5.0 (X11; Ubuntu; Linux x86_64; rv:62.0) Gecko/20100101 Firefox/62.0"
209.17.96.122 - - [04/Feb/2020:03:08:58 +0100] "GET / HTTP/1.1" 301 3421 "-" "Mozilla/5.0 (compatible; Nimbostratus-Bot/v1.3.2; http://cloudsystemnetworks.com)"
18.194.196.202 - - [04/Feb/2020:03:12:37 +0100] "GET /wp-login.php HTTP/1.1" 200 6568 "-" "Opera/9.80 (Windows NT 6.1; WOW64) Presto/2.12.388 Version/12.18"
18.194.196.202 - - [04/Feb/2020:03:12:37 +0100] "POST /wp-login.php HTTP/1.1" 200 4497 "-" "Opera/9.80 (Windows NT 6.1; WOW64) Presto/2.12.388 Version/12.18"
49.12.3.180 - - [04/Feb/2020:03:13:20 +0100] "GET / HTTP/1.1" 200 17757 "-" "Mozilla/5.0 (Windows NT 10.0; Win64; x64; rv:65.0) Gecko/20100101 Firefox/65.0"
49.12.3.180 - - [04/Feb/2020:03:13:21 +0100] "GET /?q=user/login HTTP/1.1" 200 14583 "-" "Mozilla/5.0 (Windows NT 10.0; Win64; x64; rv:65.0) Gecko/20100101 Firefox/65.0"
49.12.3.180 - - [04/Feb/2020:03:13:21 +0100] "GET /administrator/index.php HTTP/1.1" 404 1491 "-" "Mozilla/5.0 (Windows NT 10.0; Win64; x64; rv:65.0) Gecko/20100101 Firefox/65.0"
49.12.3.180 - - [04/Feb/2020:03:13:21 +0100] "GET /admin/ HTTP/1.1" 404 1491 "-" "Mozilla/5.0 (Windows NT 10.0; Win64; x64; rv:65.0) Gecko/20100101 Firefox/65.0"
49.12.3.180 - - [04/Feb/2020:03:13:22 +0100] "GET /admin/login.php HTTP/1.1" 404 1491 "-" "Mozilla/5.0 (Windows NT 10.0; Win64; x64; rv:65.0) Gecko/20100101 Firefox/65.0"
49.12.3.180 - - [04/Feb/2020:03:13:22 +0100] "GET /admin/index.php?route=common/login HTTP/1.1" 404 1491 "-" "Mozilla/5.0 (Windows NT 10.0; Win64; x64; rv:65.0) Gecko/20100101 Firefox/65.0"
35.183.60.188 - - [04/Feb/2020:03:20:10 +0100] "GET /wp-login.php HTTP/1.1" 200 6568 "-" "Opera/9.80 (Windows NT 6.1; WOW64) Presto/2.12.388 Version/12.18"
35.183.60.188 - - [04/Feb/2020:03:20:13 +0100] "POST /wp-login.php HTTP/1.1" 200 4497 "-" "Opera/9.80 (Windows NT 6.1; WOW64) Presto/2.12.388 Version/12.18"
64.90.36.114 - - [04/Feb/2020:03:27:13 +0100] "GET /wp-login.php HTTP/1.1" 200 6587 "-" "Mozilla/5.0 (X11; Ubuntu; Linux x86_64; rv:62.0) Gecko/20100101 Firefox/62.0"
64.90.36.114 - - [04/Feb/2020:03:27:17 +0100] "POST /wp-login.php HTTP/1.1" 200 7436 "-" "Mozilla/5.0 (X11; Ubuntu; Linux x86_64; rv:62.0) Gecko/20100101 Firefox/62.0"
64.90.36.114 - - [04/Feb/2020:03:27:18 +0100] "POST /xmlrpc.php HTTP/1.1" 200 3835 "-" "Mozilla/5.0 (X11; Ubuntu; Linux x86_64; rv:62.0) Gecko/20100101 Firefox/62.0"
52.52.190.187 - - [04/Feb/2020:03:28:26 +0100] "GET /wp-login.php HTTP/1.1" 200 6568 "-" "Opera/9.80 (Windows NT 6.1; WOW64) Presto/2.12.388 Version/12.18"
52.52.190.187 - - [04/Feb/2020:03:28:27 +0100] "POST /wp-login.php HTTP/1.1" 200 4497 "-" "Opera/9.80 (Windows NT 6.1; WOW64) Presto/2.12.388 Version/12.18"
18.197.125.181 - - [04/Feb/2020:03:33:07 +0100] "GET /wp-login.php HTTP/1.1" 200 6568 "-" "Opera/9.80 (Windows NT 6.1; WOW64) Presto/2.12.388 Version/12.18"
18.197.125.181 - - [04/Feb/2020:03:33:09 +0100] "POST /wp-login.php HTTP/1.1" 200 4497 "-" "Opera/9.80 (Windows NT 6.1; WOW64) Presto/2.12.388 Version/12.18"
2.47.39.210 - - [04/Feb/2020:03:38:23 +0100] "GET / HTTP/1.1" 200 17720 "-" "-"
114.119.159.178 - - [04/Feb/2020:03:40:18 +0100] "GET / HTTP/1.1" 200 17525 "-" "Mozilla/5.0 (Linux; Android 7.0; FRD-AL00 Build/HUAWEIFRD-AL00; wv) AppleWebKit/537.36 (KHTML, like Gecko) Version/4.0 Chrome/53.0.2785.49 Mobile MQQBrowser/6.2 TBS/043602 Safari/537.36 MicroMessenger/6.5.16.1120 NetType/WIFI Language/zh_CN"
52.42.79.222 - - [04/Feb/2020:03:41:28 +0100] "GET /wp-login.php HTTP/1.1" 200 6568 "-" "Opera/9.80 (Windows NT 6.1; WOW64) Presto/2.12.388 Version/12.18"
52.42.79.222 - - [04/Feb/2020:03:41:29 +0100] "POST /wp-login.php HTTP/1.1" 200 4497 "-" "Opera/9.80 (Windows NT 6.1; WOW64) Presto/2.12.388 Version/12.18"
89.248.107.232 - - [04/Feb/2020:03:43:11 +0100] "POST /wp-cron.php?doing_wp_cron=1580784191.4817750453948974609375 HTTP/1.1" 200 1860 "-" "WordPress/5.2.5; https://fincasandoval.com"
104.248.225.22 - - [04/Feb/2020:03:43:11 +0100] "GET /wp-login.php HTTP/1.1" 200 6587 "-" "Mozilla/5.0 (X11; Ubuntu; Linux x86_64; rv:62.0) Gecko/20100101 Firefox/62.0"
104.248.225.22 - - [04/Feb/2020:03:43:12 +0100] "POST /wp-login.php HTTP/1.1" 200 7562 "-" "Mozilla/5.0 (X11; Ubuntu; Linux x86_64; rv:62.0) Gecko/20100101 Firefox/62.0"
104.248.225.22 - - [04/Feb/2020:03:43:13 +0100] "POST /xmlrpc.php HTTP/1.1" 200 3835 "-" "Mozilla/5.0 (X11; Ubuntu; Linux x86_64; rv:62.0) Gecko/20100101 Firefox/62.0"
185.85.190.132 - - [04/Feb/2020:03:44:10 +0100] "GET /wp-login.php HTTP/1.1" 200 7045 "-" "Mozilla/5.0 (Windows NT 10.0; WOW64) AppleWebKit/537.36 (KHTML, like Gecko) Chrome/51.0.2704.103 Safari/537.36"
185.85.190.132 - - [04/Feb/2020:03:44:11 +0100] "POST /wp-login.php HTTP/1.1" 200 4633 "https://fincasandoval.com/wp-login.php" "Mozilla/5.0 (Windows NT 10.0; WOW64) AppleWebKit/537.36 (KHTML, like Gecko) Chrome/51.0.2704.103 Safari/537.36"
139.59.235.149 - - [04/Feb/2020:03:46:57 +0100] "GET /wp-login.php HTTP/1.1" 200 6587 "-" "Mozilla/5.0 (X11; Ubuntu; Linux x86_64; rv:62.0) Gecko/20100101 Firefox/62.0"
139.59.235.149 - - [04/Feb/2020:03:46:58 +0100] "POST /wp-login.php HTTP/1.1" 200 7436 "-" "Mozilla/5.0 (X11; Ubuntu; Linux x86_64; rv:62.0) Gecko/20100101 Firefox/62.0"
139.59.235.149 - - [04/Feb/2020:03:46:59 +0100] "POST /xmlrpc.php HTTP/1.1" 200 3835 "-" "Mozilla/5.0 (X11; Ubuntu; Linux x86_64; rv:62.0) Gecko/20100101 Firefox/62.0"
193.106.30.99 - - [04/Feb/2020:03:49:39 +0100] "POST /logs/error.php HTTP/1.1" 404 4665 "-" "Mozilla/5.0 (Windows NT 6.1; Win64; x64) AppleWebKit/537.36 (KHTML, like Gecko) Chrome/73.0.3683.103 Safari/537.36"
34.209.105.222 - - [04/Feb/2020:03:55:25 +0100] "GET /wp-login.php HTTP/1.1" 200 6568 "-" "Opera/9.80 (Windows NT 6.1; WOW64) Presto/2.12.388 Version/12.18"
34.209.105.222 - - [04/Feb/2020:03:55:26 +0100] "POST /wp-login.php HTTP/1.1" 200 4497 "-" "Opera/9.80 (Windows NT 6.1; WOW64) Presto/2.12.388 Version/12.18"
89.248.107.232 - - [04/Feb/2020:03:59:17 +0100] "POST /wp-cron.php?doing_wp_cron=1580785157.5105299949645996093750 HTTP/1.1" 200 1860 "-" "WordPress/5.2.5; https://fincasandoval.com"
52.30.16.188 - - [04/Feb/2020:03:59:16 +0100] "GET /wp-login.php HTTP/1.1" 200 6568 "-" "Opera/9.80 (Windows NT 6.1; WOW64) Presto/2.12.388 Version/12.18"
52.30.16.188 - - [04/Feb/2020:03:59:17 +0100] "POST /wp-login.php HTTP/1.1" 200 4497 "-" "Opera/9.80 (Windows NT 6.1; WOW64) Presto/2.12.388 Version/12.18"
85.133.220.134 - - [04/Feb/2020:04:03:20 +0100] "GET /wp-login.php HTTP/1.1" 200 6587 "-" "Mozilla/5.0 (X11; Ubuntu; Linux x86_64; rv:62.0) Gecko/20100101 Firefox/62.0"
85.133.220.134 - - [04/Feb/2020:04:03:22 +0100] "POST /wp-login.php HTTP/1.1" 200 7562 "-" "Mozilla/5.0 (X11; Ubuntu; Linux x86_64; rv:62.0) Gecko/20100101 Firefox/62.0"
85.133.220.134 - - [04/Feb/2020:04:03:22 +0100] "POST /xmlrpc.php HTTP/1.1" 200 3835 "-" "Mozilla/5.0 (X11; Ubuntu; Linux x86_64; rv:62.0) Gecko/20100101 Firefox/62.0"
134.209.5.43 - - [04/Feb/2020:04:04:43 +0100] "GET /wp-login.php HTTP/1.1" 200 6587 "-" "Mozilla/5.0 (X11; Ubuntu; Linux x86_64; rv:62.0) Gecko/20100101 Firefox/62.0"
134.209.5.43 - - [04/Feb/2020:04:04:44 +0100] "POST /wp-login.php HTTP/1.1" 200 7436 "-" "Mozilla/5.0 (X11; Ubuntu; Linux x86_64; rv:62.0) Gecko/20100101 Firefox/62.0"
134.209.5.43 - - [04/Feb/2020:04:04:45 +0100] "POST /xmlrpc.php HTTP/1.1" 200 3835 "-" "Mozilla/5.0 (X11; Ubuntu; Linux x86_64; rv:62.0) Gecko/20100101 Firefox/62.0"
34.215.69.55 - - [04/Feb/2020:04:11:54 +0100] "GET /wp-login.php HTTP/1.1" 200 6568 "-" "Opera/9.80 (Windows NT 6.1; WOW64) Presto/2.12.388 Version/12.18"
34.215.69.55 - - [04/Feb/2020:04:11:54 +0100] "POST /wp-login.php HTTP/1.1" 200 4497 "-" "Opera/9.80 (Windows NT 6.1; WOW64) Presto/2.12.388 Version/12.18"
13.58.56.77 - - [04/Feb/2020:04:16:00 +0100] "GET /wp-login.php HTTP/1.1" 200 6568 "-" "Opera/9.80 (Windows NT 6.1; WOW64) Presto/2.12.388 Version/12.18"
13.58.56.77 - - [04/Feb/2020:04:16:00 +0100] "POST /wp-login.php HTTP/1.1" 200 4497 "-" "Opera/9.80 (Windows NT 6.1; WOW64) Presto/2.12.388 Version/12.18"
157.55.39.61 - - [04/Feb/2020:04:17:55 +0100] "GET / HTTP/1.1" 200 17757 "-" "Mozilla/5.0 (compatible; bingbot/2.0; +http://www.bing.com/bingbot.htm)"
47.89.247.10 - - [04/Feb/2020:04:20:27 +0100] "GET /wp-login.php HTTP/1.1" 200 6587 "-" "Mozilla/5.0 (X11; Ubuntu; Linux x86_64; rv:62.0) Gecko/20100101 Firefox/62.0"
47.89.247.10 - - [04/Feb/2020:04:20:28 +0100] "POST /wp-login.php HTTP/1.1" 200 7562 "-" "Mozilla/5.0 (X11; Ubuntu; Linux x86_64; rv:62.0) Gecko/20100101 Firefox/62.0"
47.89.247.10 - - [04/Feb/2020:04:20:29 +0100] "POST /xmlrpc.php HTTP/1.1" 200 3835 "-" "Mozilla/5.0 (X11; Ubuntu; Linux x86_64; rv:62.0) Gecko/20100101 Firefox/62.0"
114.119.154.46 - - [04/Feb/2020:04:20:36 +0100] "GET /nuestrosvinos/ HTTP/1.1" 404 4433 "-" "Mozilla/5.0(Linux;Android 5.1.1;OPPO A33 Build/LMY47V;wv) AppleWebKit/537.36(KHTML,link Gecko) Version/4.0 Chrome/43.0.2357.121 Mobile Safari/537.36 LieBaoFast/4.51.3"
52.192.73.251 - - [04/Feb/2020:04:23:49 +0100] "GET /wp-login.php HTTP/1.1" 200 6568 "-" "Opera/9.80 (Windows NT 6.1; WOW64) Presto/2.12.388 Version/12.18"
52.192.73.251 - - [04/Feb/2020:04:23:50 +0100] "POST /wp-login.php HTTP/1.1" 200 4497 "-" "Opera/9.80 (Windows NT 6.1; WOW64) Presto/2.12.388 Version/12.18"
65.74.177.90 - - [04/Feb/2020:04:24:17 +0100] "GET /wp-login.php HTTP/1.1" 200 6587 "-" "Mozilla/5.0 (X11; Ubuntu; Linux x86_64; rv:62.0) Gecko/20100101 Firefox/62.0"
65.74.177.90 - - [04/Feb/2020:04:24:19 +0100] "POST /wp-login.php HTTP/1.1" 200 7436 "-" "Mozilla/5.0 (X11; Ubuntu; Linux x86_64; rv:62.0) Gecko/20100101 Firefox/62.0"
65.74.177.90 - - [04/Feb/2020:04:24:19 +0100] "POST /xmlrpc.php HTTP/1.1" 200 3835 "-" "Mozilla/5.0 (X11; Ubuntu; Linux x86_64; rv:62.0) Gecko/20100101 Firefox/62.0"
34.230.156.67 - - [04/Feb/2020:04:29:17 +0100] "GET /wp-login.php HTTP/1.1" 200 6568 "-" "Opera/9.80 (Windows NT 6.1; WOW64) Presto/2.12.388 Version/12.18"
34.230.156.67 - - [04/Feb/2020:04:29:18 +0100] "POST /wp-login.php HTTP/1.1" 200 4497 "-" "Opera/9.80 (Windows NT 6.1; WOW64) Presto/2.12.388 Version/12.18"
