193.152.35.27 - - [01/Feb/2020:15:24:26 +0100] "GET /wp-includes/js/wp-emoji-release.min.js?ver=5.2.5 HTTP/1.1" 200 14206 "https://fincasandoval.com/" "Mozilla/5.0 (Linux; Android 9; motorola one) AppleWebKit/537.36 (KHTML, like Gecko) Chrome/79.0.3945.136 Mobile Safari/537.36"
193.152.35.27 - - [01/Feb/2020:15:24:26 +0100] "GET /wp-content/uploads/2017/05/vs-2016.jpg HTTP/1.1" 200 25846 "https://fincasandoval.com/" "Mozilla/5.0 (Linux; Android 9; motorola one) AppleWebKit/537.36 (KHTML, like Gecko) Chrome/79.0.3945.136 Mobile Safari/537.36"
193.152.35.27 - - [01/Feb/2020:15:24:27 +0100] "GET /wp-content/themes/book-lite/images/diamond-white.png HTTP/1.1" 200 565 "https://fincasandoval.com/wp-content/themes/book-lite/style.css?ver=5.2.5" "Mozilla/5.0 (Linux; Android 9; motorola one) AppleWebKit/537.36 (KHTML, like Gecko) Chrome/79.0.3945.136 Mobile Safari/537.36"
193.152.35.27 - - [01/Feb/2020:15:24:27 +0100] "GET /wp-content/themes/book-lite/images/nav-bg.png HTTP/1.1" 200 458 "https://fincasandoval.com/wp-content/themes/book-lite/style.css?ver=5.2.5" "Mozilla/5.0 (Linux; Android 9; motorola one) AppleWebKit/537.36 (KHTML, like Gecko) Chrome/79.0.3945.136 Mobile Safari/537.36"
193.152.35.27 - - [01/Feb/2020:15:24:27 +0100] "GET /wp-content/uploads/2019/09/cropped-header-1.jpg HTTP/1.1" 200 45807 "https://fincasandoval.com/" "Mozilla/5.0 (Linux; Android 9; motorola one) AppleWebKit/537.36 (KHTML, like Gecko) Chrome/79.0.3945.136 Mobile Safari/537.36"
193.152.35.27 - - [01/Feb/2020:15:24:27 +0100] "GET /wp-content/themes/book-lite/images/break.png HTTP/1.1" 200 1089 "https://fincasandoval.com/wp-content/themes/book-lite/style.css?ver=5.2.5" "Mozilla/5.0 (Linux; Android 9; motorola one) AppleWebKit/537.36 (KHTML, like Gecko) Chrome/79.0.3945.136 Mobile Safari/537.36"
193.152.35.27 - - [01/Feb/2020:15:24:26 +0100] "GET /wp-content/uploads/2014/11/fs-1.jpg?w=625 HTTP/1.1" 200 639596 "https://fincasandoval.com/" "Mozilla/5.0 (Linux; Android 9; motorola one) AppleWebKit/537.36 (KHTML, like Gecko) Chrome/79.0.3945.136 Mobile Safari/537.36"
193.152.35.27 - - [01/Feb/2020:15:24:27 +0100] "GET /favicon.ico HTTP/1.1" 200 5797 "https://fincasandoval.com/" "Mozilla/5.0 (Linux; Android 9; motorola one) AppleWebKit/537.36 (KHTML, like Gecko) Chrome/79.0.3945.136 Mobile Safari/537.36"
122.224.36.28 - - [01/Feb/2020:15:24:38 +0100] "GET /?author=6 HTTP/1.1" 404 11741 "-" "Mozilla/5.0 (Windows NT 6.1; rv:60.0) Gecko/20100101 Firefox/60.0"
122.224.36.28 - - [01/Feb/2020:15:24:42 +0100] "GET /?author=7 HTTP/1.1" 404 10147 "-" "Mozilla/5.0 (Windows NT 6.1; rv:60.0) Gecko/20100101 Firefox/60.0"
60.173.105.110 - - [01/Feb/2020:15:24:57 +0100] "GET /?author=8 HTTP/1.1" 404 11741 "-" "Mozilla/5.0 (Windows NT 6.1; rv:60.0) Gecko/20100101 Firefox/60.0"
158.140.140.18 - - [01/Feb/2020:15:25:15 +0100] "GET /?author=9 HTTP/1.1" 404 11741 "-" "Mozilla/5.0 (Windows NT 6.1; rv:60.0) Gecko/20100101 Firefox/60.0"
158.140.140.18 - - [01/Feb/2020:15:25:17 +0100] "GET /?author=10 HTTP/1.1" 404 10147 "-" "Mozilla/5.0 (Windows NT 6.1; rv:60.0) Gecko/20100101 Firefox/60.0"
185.86.164.102 - - [01/Feb/2020:15:25:18 +0100] "GET /wp-login.php HTTP/1.1" 200 7045 "-" "Mozilla/5.0 (Windows NT 10.0; WOW64) AppleWebKit/537.36 (KHTML, like Gecko) Chrome/51.0.2704.103 Safari/537.36"
185.86.164.102 - - [01/Feb/2020:15:25:18 +0100] "POST /wp-login.php HTTP/1.1" 200 4633 "https://fincasandoval.com/wp-login.php" "Mozilla/5.0 (Windows NT 10.0; WOW64) AppleWebKit/537.36 (KHTML, like Gecko) Chrome/51.0.2704.103 Safari/537.36"
158.140.140.18 - - [01/Feb/2020:15:25:18 +0100] "POST /wp-login.php HTTP/1.1" 200 4537 "http://fincasandoval.com/wp-login.php" "Mozilla/5.0 (Windows NT 6.1; rv:60.0) Gecko/20100101 Firefox/60.0"
158.140.140.18 - - [01/Feb/2020:15:25:20 +0100] "POST /wp-login.php HTTP/1.1" 200 4537 "http://fincasandoval.com/wp-login.php" "Mozilla/5.0 (Windows NT 6.1; rv:60.0) Gecko/20100101 Firefox/60.0"
193.152.35.27 - - [01/Feb/2020:15:26:30 +0100] "GET / HTTP/1.1" 200 14615 "https://www.google.com/" "Mozilla/5.0 (Linux; Android 9; motorola one) AppleWebKit/537.36 (KHTML, like Gecko) Chrome/79.0.3945.136 Mobile Safari/537.36"
193.152.35.27 - - [01/Feb/2020:15:26:31 +0100] "GET /favicon.ico HTTP/1.1" 200 5797 "https://fincasandoval.com/" "Mozilla/5.0 (Linux; Android 9; motorola one) AppleWebKit/537.36 (KHTML, like Gecko) Chrome/79.0.3945.136 Mobile Safari/537.36"
34.195.119.5 - - [01/Feb/2020:15:37:34 +0100] "GET / HTTP/1.1" 200 17720 "-" "Mozilla/5.0 (Windows NT 10.0; Win64; x64) AppleWebKit/537.36 (KHTML, like Gecko) Chrome/72.0.3626.119 Safari/537.36"
89.248.107.232 - - [01/Feb/2020:15:51:45 +0100] "POST /wp-cron.php?doing_wp_cron=1580568705.0517780780792236328125 HTTP/1.1" 200 1860 "-" "WordPress/5.2.5; https://fincasandoval.com"
14.183.204.151 - - [01/Feb/2020:15:51:44 +0100] "GET /wp-login.php HTTP/1.1" 200 6587 "-" "Mozilla/5.0 (X11; Ubuntu; Linux x86_64; rv:62.0) Gecko/20100101 Firefox/62.0"
14.183.204.151 - - [01/Feb/2020:15:51:46 +0100] "POST /wp-login.php HTTP/1.1" 200 7562 "-" "Mozilla/5.0 (X11; Ubuntu; Linux x86_64; rv:62.0) Gecko/20100101 Firefox/62.0"
14.183.204.151 - - [01/Feb/2020:15:51:47 +0100] "POST /xmlrpc.php HTTP/1.1" 200 3835 "-" "Mozilla/5.0 (X11; Ubuntu; Linux x86_64; rv:62.0) Gecko/20100101 Firefox/62.0"
46.101.149.241 - - [01/Feb/2020:15:55:07 +0100] "GET /wp-login.php HTTP/1.1" 200 6587 "-" "Mozilla/5.0 (X11; Ubuntu; Linux x86_64; rv:62.0) Gecko/20100101 Firefox/62.0"
46.101.149.241 - - [01/Feb/2020:15:55:07 +0100] "POST /wp-login.php HTTP/1.1" 200 7562 "-" "Mozilla/5.0 (X11; Ubuntu; Linux x86_64; rv:62.0) Gecko/20100101 Firefox/62.0"
46.101.149.241 - - [01/Feb/2020:15:55:07 +0100] "GET /wp-login.php HTTP/1.1" 200 6587 "-" "Mozilla/5.0 (X11; Ubuntu; Linux x86_64; rv:62.0) Gecko/20100101 Firefox/62.0"
46.101.149.241 - - [01/Feb/2020:15:55:08 +0100] "POST /wp-login.php HTTP/1.1" 200 7443 "-" "Mozilla/5.0 (X11; Ubuntu; Linux x86_64; rv:62.0) Gecko/20100101 Firefox/62.0"
89.248.107.232 - - [01/Feb/2020:15:59:30 +0100] "POST /wp-cron.php?doing_wp_cron=1580569170.1896309852600097656250 HTTP/1.1" 200 1860 "-" "WordPress/5.2.5; https://fincasandoval.com"
121.98.113.22 - - [01/Feb/2020:15:59:30 +0100] "GET / HTTP/1.1" 200 18199 "-" "Mozilla/5.0 (Windows NT 6.1; WOW64; rv:40.0) Gecko/20100101 Firefox/40.0"
3.214.209.95 - - [01/Feb/2020:16:56:55 +0100] "GET /ads.txt HTTP/1.1" 404 4470 "-" "Mozilla/5.0 (Macintosh; Intel Mac OS X 10_12_6) AppleWebKit/537.36 (KHTML, like Gecko) Chrome/63.0.3239.84 Safari/537.36"
3.214.209.95 - - [01/Feb/2020:16:56:56 +0100] "GET /ads.txt HTTP/1.1" 404 4470 "-" "Mozilla/5.0 (Macintosh; Intel Mac OS X 10_12_6) AppleWebKit/537.36 (KHTML, like Gecko) Chrome/63.0.3239.84 Safari/537.36"
89.248.107.232 - - [01/Feb/2020:17:00:27 +0100] "POST /wp-cron.php?doing_wp_cron=1580572827.1376750469207763671875 HTTP/1.1" 200 1860 "-" "WordPress/5.2.5; https://fincasandoval.com"
110.89.5.209 - - [01/Feb/2020:17:00:27 +0100] "GET / HTTP/1.1" 200 17757 "http://www.jamiemelville.top/blog/34692509/profile/" "Mozilla/5.0 (Windows NT 6.1; Win64; x64) AppleWebKit/537.36 (KHTML, like Gecko) Chrome/79.0.3945.79 Safari/537.36"
52.77.219.239 - - [01/Feb/2020:17:02:46 +0100] "GET /.aws/credentials HTTP/1.1" 404 4609 "-" "curl/7.47.0"
66.249.64.14 - - [01/Feb/2020:17:26:00 +0100] "GET /robots.txt HTTP/1.1" 404 4665 "-" "Mozilla/5.0 (compatible; Googlebot/2.1; +http://www.google.com/bot.html)"
66.249.64.15 - - [01/Feb/2020:17:26:01 +0100] "GET / HTTP/1.1" 301 3667 "-" "Mozilla/5.0 (Linux; Android 6.0.1; Nexus 5X Build/MMB29P) AppleWebKit/537.36 (KHTML, like Gecko) Chrome/41.0.2272.96 Mobile Safari/537.36 (compatible; Googlebot/2.1; +http://www.google.com/bot.html)"
66.249.64.90 - - [01/Feb/2020:17:26:03 +0100] "GET / HTTP/1.1" 200 17757 "-" "Mozilla/5.0 (Linux; Android 6.0.1; Nexus 5X Build/MMB29P) AppleWebKit/537.36 (KHTML, like Gecko) Chrome/41.0.2272.96 Mobile Safari/537.36 (compatible; Googlebot/2.1; +http://www.google.com/bot.html)"
146.185.142.200 - - [01/Feb/2020:18:03:39 +0100] "GET /wp1/wp-login.php HTTP/1.1" 404 4433 "http://fincasandoval.com//wp1/wp-login.php" "Mozilla/5.0 (X11; Ubuntu; Linux x86_64; rv:62.0) Gecko/20100101 Firefox/62.0"
89.248.107.232 - - [01/Feb/2020:18:38:25 +0100] "POST /wp-cron.php?doing_wp_cron=1580578705.1466169357299804687500 HTTP/1.1" 200 1860 "-" "WordPress/5.2.5; https://fincasandoval.com"
89.23.137.131 - - [01/Feb/2020:18:38:24 +0100] "GET / HTTP/1.1" 200 17868 "https://yandex.ru/clck/jsredir?from=yandex.ru%3Bsearch%3Bweb%3B%3B&text=&etext=8805.JEOEwYpILcxBByOZIwEokSQ3Gz5_BqbReVdtJh0gmZ8K8U2BzpYyQUMtXbv898t8.b83bc6fc656554bda956683b542c2f23670e35ea&uuid=&state=_BLhILn4SxNIvvL0W45KSic66uCIg23qh8iRG98qeIXmeppkgUc0YGv9iZwKiy-E54GYiollMFA&data=UlNrNmk5WktYejY4cHFySjRXSWhXTjNnNl9fWTZXd2x3Y0ZtNVNiMnhyTUpQNEJrUzZtdjV2SHh3aElsb3FzVHRVdGZtRC1kQU41MTdYVG1EcGtiRmtHZ1BlekNTc3JJQnV6TXdBdHFGT2s&b64e=2&sign=1994e784250159d61fca611281a22548&keyno=0&cst=AiuY0DBWFJ7IXge4WdYJQYP93Xfrtkbar7DsmNeoe_EdCc4lzFmoiDYzlKWEbSG4kcc0UY8aWwefUDpzixPoiudA3XV2E3-8Kvgv7WiWWbemrfjhXLQJ71AqeG23XEZ25H2hK6NepeC3xch7KmHiqfB_pqPE-gW7&ref=orjY4mGPRjk5boDnW0uvlrrd71vZw9kp5uQozpMtKCUUWAdklR9LClCtLmUuqcXPrISkboTSh3gmfmhmlqmJH4t6GhmW8MIQ7dd8SESnv8sRzMGDOrcyrUqaBZArnJQ9&l10n=ru&cts=1580569412299&mc=2.84394062123" "Mozilla/5.0 (compatible; MSIE 10.0; Windows NT 6.1; Trident/6.0; MANM)"
89.23.137.131 - - [01/Feb/2020:18:38:25 +0100] "GET /wp-content/themes/book-lite/js/small-menu.js?ver=20120206 HTTP/1.1" 200 1867 "https://fincasandoval.com/" "Mozilla/5.0 (compatible; MSIE 10.0; Windows NT 6.1; Trident/6.0; MANM)"
89.23.137.131 - - [01/Feb/2020:18:38:25 +0100] "GET /wp-includes/js/wp-embed.min.js?ver=5.2.5 HTTP/1.1" 200 2011 "https://fincasandoval.com/" "Mozilla/5.0 (compatible; MSIE 10.0; Windows NT 6.1; Trident/6.0; MANM)"
207.46.13.189 - - [01/Feb/2020:18:38:26 +0100] "GET /wp-content/uploads/2014/11/fs-7.jpg?w=625 HTTP/1.1" 200 504641 "-" "Mozilla/5.0 (compatible; bingbot/2.0; +http://www.bing.com/bingbot.htm)"
89.23.137.131 - - [01/Feb/2020:18:38:28 +0100] "GET /wp-includes/css/dist/block-library/style.min.css?ver=5.2.5 HTTP/1.1" 200 29952 "https://fincasandoval.com/" "Mozilla/5.0 (compatible; MSIE 10.0; Windows NT 6.1; Trident/6.0; MANM)"
89.23.137.131 - - [01/Feb/2020:18:38:28 +0100] "GET /wp-content/themes/book-lite/style.css?ver=5.2.5 HTTP/1.1" 200 21248 "https://fincasandoval.com/" "Mozilla/5.0 (compatible; MSIE 10.0; Windows NT 6.1; Trident/6.0; MANM)"
89.23.137.131 - - [01/Feb/2020:18:38:28 +0100] "GET /wp-content/themes/book-lite/js/html5.js HTTP/1.1" 200 2619 "https://fincasandoval.com/" "Mozilla/5.0 (compatible; MSIE 10.0; Windows NT 6.1; Trident/6.0; MANM)"
89.23.137.131 - - [01/Feb/2020:18:38:32 +0100] "GET /wp-includes/js/wp-emoji-release.min.js?ver=5.2.5 HTTP/1.1" 200 14459 "https://fincasandoval.com/" "Mozilla/5.0 (compatible; MSIE 10.0; Windows NT 6.1; Trident/6.0; MANM)"
89.23.137.131 - - [01/Feb/2020:18:38:34 +0100] "GET /wp-includes/js/jquery/jquery-migrate.min.js?ver=1.4.1 HTTP/1.1" 200 10667 "https://fincasandoval.com/" "Mozilla/5.0 (compatible; MSIE 10.0; Windows NT 6.1; Trident/6.0; MANM)"
89.23.137.131 - - [01/Feb/2020:18:38:34 +0100] "GET /wp-content/themes/book-lite/js/script.js?ver=1.0 HTTP/1.1" 200 875 "https://fincasandoval.com/" "Mozilla/5.0 (compatible; MSIE 10.0; Windows NT 6.1; Trident/6.0; MANM)"
89.23.137.131 - - [01/Feb/2020:18:38:34 +0100] "GET /wp-includes/js/jquery/jquery.js?ver=1.12.4-wp HTTP/1.1" 200 97897 "https://fincasandoval.com/" "Mozilla/5.0 (compatible; MSIE 10.0; Windows NT 6.1; Trident/6.0; MANM)"
66.249.64.94 - - [01/Feb/2020:18:46:49 +0100] "GET /robots.txt HTTP/1.1" 404 4665 "-" "Mozilla/5.0 (compatible; Googlebot/2.1; +http://www.google.com/bot.html)"
66.249.64.92 - - [01/Feb/2020:18:46:49 +0100] "GET /ads.txt HTTP/1.1" 404 4665 "-" "Mozilla/5.0 (compatible; Googlebot/2.1; +http://www.google.com/bot.html)"
89.248.107.232 - - [01/Feb/2020:18:50:38 +0100] "POST /wp-cron.php?doing_wp_cron=1580579438.6686139106750488281250 HTTP/1.1" 200 1860 "-" "WordPress/5.2.5; https://fincasandoval.com"
185.85.191.196 - - [01/Feb/2020:18:50:38 +0100] "GET /wp-login.php HTTP/1.1" 200 7045 "-" "Mozilla/5.0 (Windows NT 10.0; WOW64) AppleWebKit/537.36 (KHTML, like Gecko) Chrome/51.0.2704.103 Safari/537.36"
185.85.191.196 - - [01/Feb/2020:18:50:38 +0100] "POST /wp-login.php HTTP/1.1" 200 4633 "https://fincasandoval.com/wp-login.php" "Mozilla/5.0 (Windows NT 10.0; WOW64) AppleWebKit/537.36 (KHTML, like Gecko) Chrome/51.0.2704.103 Safari/537.36"
89.248.107.232 - - [01/Feb/2020:19:06:50 +0100] "POST /wp-cron.php?doing_wp_cron=1580580410.7356600761413574218750 HTTP/1.1" 200 1860 "-" "WordPress/5.2.5; https://fincasandoval.com"
47.63.53.153 - - [01/Feb/2020:19:06:50 +0100] "GET / HTTP/1.1" 200 17562 "-" "Mozilla/5.0 (Macintosh; Intel Mac OS X 10_15) AppleWebKit/605.1.15 (KHTML, like Gecko) Version/13.0.4 Safari/605.1.15"
199.58.86.209 - - [01/Feb/2020:19:16:39 +0100] "GET /robots.txt HTTP/1.1" 404 4665 "-" "Mozilla/5.0 (compatible; MJ12bot/v1.4.8; http://mj12bot.com/)"
89.248.107.232 - - [01/Feb/2020:19:16:42 +0100] "POST /wp-cron.php?doing_wp_cron=1580581002.5125188827514648437500 HTTP/1.1" 200 1860 "-" "WordPress/5.2.5; https://fincasandoval.com"
199.58.86.209 - - [01/Feb/2020:19:16:42 +0100] "GET / HTTP/1.1" 200 14422 "-" "Mozilla/5.0 (compatible; MJ12bot/v1.4.8; http://mj12bot.com/)"
199.58.86.209 - - [01/Feb/2020:19:16:44 +0100] "GET /robots.txt HTTP/1.1" 404 4665 "-" "Mozilla/5.0 (compatible; MJ12bot/v1.4.8; http://mj12bot.com/)"
199.58.86.209 - - [01/Feb/2020:19:16:47 +0100] "GET / HTTP/1.1" 301 332 "-" "Mozilla/5.0 (compatible; MJ12bot/v1.4.8; http://mj12bot.com/)"
199.58.86.209 - - [01/Feb/2020:19:16:49 +0100] "GET / HTTP/1.1" 200 17701 "-" "Mozilla/5.0 (compatible; MJ12bot/v1.4.8; http://mj12bot.com/)"
46.229.173.68 - - [01/Feb/2020:19:28:05 +0100] "GET /robots.txt HTTP/1.1" 404 4470 "-" "Mozilla/5.0 (compatible; SemrushBot-SA/0.97; +http://www.semrush.com/bot.html)"
54.36.149.25 - - [01/Feb/2020:19:45:36 +0100] "GET /robots.txt HTTP/1.1" 404 4419 "-" "Mozilla/5.0 (compatible; AhrefsBot/6.1; +http://ahrefs.com/robot/)"
167.71.39.221 - - [01/Feb/2020:20:10:41 +0100] "GET /wp2/wp-login.php HTTP/1.1" 404 4433 "http://fincasandoval.com//wp2/wp-login.php" "Mozilla/5.0 (X11; Ubuntu; Linux x86_64; rv:62.0) Gecko/20100101 Firefox/62.0"
185.119.81.50 - - [01/Feb/2020:20:24:32 +0100] "GET /wp-login.php HTTP/1.1" 200 7045 "-" "Mozilla/5.0 (Windows NT 10.0; WOW64) AppleWebKit/537.36 (KHTML, like Gecko) Chrome/51.0.2704.103 Safari/537.36"
89.248.107.232 - - [01/Feb/2020:20:24:32 +0100] "POST /wp-cron.php?doing_wp_cron=1580585072.1317379474639892578125 HTTP/1.1" 200 1860 "-" "WordPress/5.2.5; https://fincasandoval.com"
185.119.81.50 - - [01/Feb/2020:20:24:32 +0100] "POST /wp-login.php HTTP/1.1" 200 4633 "https://fincasandoval.com/wp-login.php" "Mozilla/5.0 (Windows NT 10.0; WOW64) AppleWebKit/537.36 (KHTML, like Gecko) Chrome/51.0.2704.103 Safari/537.36"
52.44.119.95 - - [01/Feb/2020:20:57:01 +0100] "GET /ads.txt HTTP/1.1" 404 4470 "-" "Mozilla/5.0 (Macintosh; Intel Mac OS X 10_12_6) AppleWebKit/537.36 (KHTML, like Gecko) Chrome/63.0.3239.84 Safari/537.36"
52.44.119.95 - - [01/Feb/2020:20:57:02 +0100] "GET /ads.txt HTTP/1.1" 404 4470 "-" "Mozilla/5.0 (Macintosh; Intel Mac OS X 10_12_6) AppleWebKit/537.36 (KHTML, like Gecko) Chrome/63.0.3239.84 Safari/537.36"
102.186.84.17 - - [01/Feb/2020:21:13:13 +0100] "GET /wp-login.php HTTP/1.1" 200 6587 "-" "Mozilla/5.0 (X11; Ubuntu; Linux x86_64; rv:62.0) Gecko/20100101 Firefox/62.0"
89.248.107.232 - - [01/Feb/2020:21:13:13 +0100] "POST /wp-cron.php?doing_wp_cron=1580587993.7326810359954833984375 HTTP/1.1" 200 1860 "-" "WordPress/5.2.5; https://fincasandoval.com"
102.186.84.17 - - [01/Feb/2020:21:13:18 +0100] "POST /wp-login.php HTTP/1.1" 200 7562 "-" "Mozilla/5.0 (X11; Ubuntu; Linux x86_64; rv:62.0) Gecko/20100101 Firefox/62.0"
102.186.84.17 - - [01/Feb/2020:21:13:24 +0100] "POST /xmlrpc.php HTTP/1.1" 200 3835 "-" "Mozilla/5.0 (X11; Ubuntu; Linux x86_64; rv:62.0) Gecko/20100101 Firefox/62.0"
89.248.107.232 - - [01/Feb/2020:22:12:22 +0100] "POST /wp-cron.php?doing_wp_cron=1580591542.7817680835723876953125 HTTP/1.1" 200 1860 "-" "WordPress/5.2.5; https://fincasandoval.com"
38.99.62.94 - - [01/Feb/2020:22:12:22 +0100] "GET / HTTP/1.1" 200 17701 "-" "Mozilla/5.0 (compatible; evc-batch/2.0)"
159.89.1.19 - - [01/Feb/2020:22:25:40 +0100] "GET /2020/wp-login.php HTTP/1.1" 404 4433 "http://fincasandoval.com//2020/wp-login.php" "Mozilla/5.0 (X11; Ubuntu; Linux x86_64; rv:62.0) Gecko/20100101 Firefox/62.0"
77.230.123.27 - - [01/Feb/2020:22:29:33 +0100] "GET / HTTP/1.1" 200 17757 "https://www.google.com/" "Mozilla/5.0 (Macintosh; Intel Mac OS X 10_14_6) AppleWebKit/537.36 (KHTML, like Gecko) Chrome/79.0.3945.130 Safari/537.36"
77.230.123.27 - - [01/Feb/2020:22:29:34 +0100] "GET /wp-content/themes/book-lite/style.css?ver=5.2.5 HTTP/1.1" 200 24251 "https://fincasandoval.com/" "Mozilla/5.0 (Macintosh; Intel Mac OS X 10_14_6) AppleWebKit/537.36 (KHTML, like Gecko) Chrome/79.0.3945.130 Safari/537.36"
77.230.123.27 - - [01/Feb/2020:22:29:34 +0100] "GET /wp-includes/css/dist/block-library/style.min.css?ver=5.2.5 HTTP/1.1" 200 29676 "https://fincasandoval.com/" "Mozilla/5.0 (Macintosh; Intel Mac OS X 10_14_6) AppleWebKit/537.36 (KHTML, like Gecko) Chrome/79.0.3945.130 Safari/537.36"
77.230.123.27 - - [01/Feb/2020:22:29:34 +0100] "GET /wp-includes/js/jquery/jquery-migrate.min.js?ver=1.4.1 HTTP/1.1" 200 10422 "https://fincasandoval.com/" "Mozilla/5.0 (Macintosh; Intel Mac OS X 10_14_6) AppleWebKit/537.36 (KHTML, like Gecko) Chrome/79.0.3945.130 Safari/537.36"
77.230.123.27 - - [01/Feb/2020:22:29:34 +0100] "GET /wp-includes/js/jquery/jquery.js?ver=1.12.4-wp HTTP/1.1" 200 97385 "https://fincasandoval.com/" "Mozilla/5.0 (Macintosh; Intel Mac OS X 10_14_6) AppleWebKit/537.36 (KHTML, like Gecko) Chrome/79.0.3945.130 Safari/537.36"
77.230.123.27 - - [01/Feb/2020:22:29:34 +0100] "GET /wp-content/uploads/2017/05/vs-2016.jpg HTTP/1.1" 200 25846 "https://fincasandoval.com/" "Mozilla/5.0 (Macintosh; Intel Mac OS X 10_14_6) AppleWebKit/537.36 (KHTML, like Gecko) Chrome/79.0.3945.130 Safari/537.36"
77.230.123.27 - - [01/Feb/2020:22:29:34 +0100] "GET /wp-content/uploads/2014/11/fs-1.jpg?w=625 HTTP/1.1" 200 639596 "https://fincasandoval.com/" "Mozilla/5.0 (Macintosh; Intel Mac OS X 10_14_6) AppleWebKit/537.36 (KHTML, like Gecko) Chrome/79.0.3945.130 Safari/537.36"
77.230.123.27 - - [01/Feb/2020:22:29:34 +0100] "GET /wp-content/themes/book-lite/js/small-menu.js?ver=20120206 HTTP/1.1" 200 1623 "https://fincasandoval.com/" "Mozilla/5.0 (Macintosh; Intel Mac OS X 10_14_6) AppleWebKit/537.36 (KHTML, like Gecko) Chrome/79.0.3945.130 Safari/537.36"
77.230.123.27 - - [01/Feb/2020:22:29:34 +0100] "GET /wp-content/themes/book-lite/js/script.js?ver=1.0 HTTP/1.1" 200 3904 "https://fincasandoval.com/" "Mozilla/5.0 (Macintosh; Intel Mac OS X 10_14_6) AppleWebKit/537.36 (KHTML, like Gecko) Chrome/79.0.3945.130 Safari/537.36"
77.230.123.27 - - [01/Feb/2020:22:29:34 +0100] "GET /wp-includes/js/wp-embed.min.js?ver=5.2.5 HTTP/1.1" 200 5047 "https://fincasandoval.com/" "Mozilla/5.0 (Macintosh; Intel Mac OS X 10_14_6) AppleWebKit/537.36 (KHTML, like Gecko) Chrome/79.0.3945.130 Safari/537.36"
77.230.123.27 - - [01/Feb/2020:22:29:34 +0100] "GET /wp-includes/js/wp-emoji-release.min.js?ver=5.2.5 HTTP/1.1" 200 17486 "https://fincasandoval.com/" "Mozilla/5.0 (Macintosh; Intel Mac OS X 10_14_6) AppleWebKit/537.36 (KHTML, like Gecko) Chrome/79.0.3945.130 Safari/537.36"
77.230.123.27 - - [01/Feb/2020:22:29:34 +0100] "GET /wp-content/uploads/2019/09/cropped-header-1.jpg HTTP/1.1" 200 45807 "https://fincasandoval.com/" "Mozilla/5.0 (Macintosh; Intel Mac OS X 10_14_6) AppleWebKit/537.36 (KHTML, like Gecko) Chrome/79.0.3945.130 Safari/537.36"
77.230.123.27 - - [01/Feb/2020:22:29:34 +0100] "GET /wp-content/themes/book-lite/images/diamond-white.png HTTP/1.1" 200 565 "https://fincasandoval.com/wp-content/themes/book-lite/style.css?ver=5.2.5" "Mozilla/5.0 (Macintosh; Intel Mac OS X 10_14_6) AppleWebKit/537.36 (KHTML, like Gecko) Chrome/79.0.3945.130 Safari/537.36"
77.230.123.27 - - [01/Feb/2020:22:29:34 +0100] "GET /wp-content/themes/book-lite/images/break.png HTTP/1.1" 200 4231 "https://fincasandoval.com/wp-content/themes/book-lite/style.css?ver=5.2.5" "Mozilla/5.0 (Macintosh; Intel Mac OS X 10_14_6) AppleWebKit/537.36 (KHTML, like Gecko) Chrome/79.0.3945.130 Safari/537.36"
77.230.123.27 - - [01/Feb/2020:22:29:34 +0100] "GET /wp-content/themes/book-lite/images/nav-bg.png HTTP/1.1" 200 458 "https://fincasandoval.com/wp-content/themes/book-lite/style.css?ver=5.2.5" "Mozilla/5.0 (Macintosh; Intel Mac OS X 10_14_6) AppleWebKit/537.36 (KHTML, like Gecko) Chrome/79.0.3945.130 Safari/537.36"
77.230.123.27 - - [01/Feb/2020:22:29:34 +0100] "GET /favicon.ico HTTP/1.1" 200 5797 "https://fincasandoval.com/" "Mozilla/5.0 (Macintosh; Intel Mac OS X 10_14_6) AppleWebKit/537.36 (KHTML, like Gecko) Chrome/79.0.3945.130 Safari/537.36"
77.230.123.27 - - [01/Feb/2020:22:29:45 +0100] "GET /?page_id=20 HTTP/1.1" 200 19574 "https://fincasandoval.com/" "Mozilla/5.0 (Macintosh; Intel Mac OS X 10_14_6) AppleWebKit/537.36 (KHTML, like Gecko) Chrome/79.0.3945.130 Safari/537.36"
77.230.123.27 - - [01/Feb/2020:22:29:45 +0100] "GET /wp-content/uploads/2014/11/fs-6-768x504.jpg HTTP/1.1" 200 106464 "https://fincasandoval.com/?page_id=20" "Mozilla/5.0 (Macintosh; Intel Mac OS X 10_14_6) AppleWebKit/537.36 (KHTML, like Gecko) Chrome/79.0.3945.130 Safari/537.36"
77.230.123.27 - - [01/Feb/2020:22:29:45 +0100] "GET /wp-content/themes/book-lite/images/quote.png HTTP/1.1" 200 775 "https://fincasandoval.com/wp-content/themes/book-lite/style.css?ver=5.2.5" "Mozilla/5.0 (Macintosh; Intel Mac OS X 10_14_6) AppleWebKit/537.36 (KHTML, like Gecko) Chrome/79.0.3945.130 Safari/537.36"
77.230.123.27 - - [01/Feb/2020:22:29:48 +0100] "GET /?page_id=20 HTTP/1.1" 200 16294 "https://fincasandoval.com/?page_id=20" "Mozilla/5.0 (Macintosh; Intel Mac OS X 10_14_6) AppleWebKit/537.36 (KHTML, like Gecko) Chrome/79.0.3945.130 Safari/537.36"
77.230.123.27 - - [01/Feb/2020:22:29:57 +0100] "GET /?page_id=10 HTTP/1.1" 200 19708 "https://fincasandoval.com/?page_id=20" "Mozilla/5.0 (Macintosh; Intel Mac OS X 10_14_6) AppleWebKit/537.36 (KHTML, like Gecko) Chrome/79.0.3945.130 Safari/537.36"
77.230.123.27 - - [01/Feb/2020:22:29:57 +0100] "GET /wp-content/uploads/2014/11/fs-4-300x169.jpg HTTP/1.1" 200 30871 "https://fincasandoval.com/?page_id=10" "Mozilla/5.0 (Macintosh; Intel Mac OS X 10_14_6) AppleWebKit/537.36 (KHTML, like Gecko) Chrome/79.0.3945.130 Safari/537.36"
77.230.123.27 - - [01/Feb/2020:22:29:58 +0100] "GET /wp-content/uploads/2014/11/fs-3-300x169.jpg HTTP/1.1" 200 25142 "https://fincasandoval.com/?page_id=10" "Mozilla/5.0 (Macintosh; Intel Mac OS X 10_14_6) AppleWebKit/537.36 (KHTML, like Gecko) Chrome/79.0.3945.130 Safari/537.36"
77.230.123.27 - - [01/Feb/2020:22:29:57 +0100] "GET /wp-content/uploads/2014/11/fs-2.jpg?w=625 HTTP/1.1" 200 5413372 "https://fincasandoval.com/?page_id=10" "Mozilla/5.0 (Macintosh; Intel Mac OS X 10_14_6) AppleWebKit/537.36 (KHTML, like Gecko) Chrome/79.0.3945.130 Safari/537.36"
77.230.123.27 - - [01/Feb/2020:22:34:50 +0100] "GET /?page_id=10 HTTP/1.1" 200 19708 "https://fincasandoval.com/?page_id=20" "Mozilla/5.0 (Macintosh; Intel Mac OS X 10_14_6) AppleWebKit/537.36 (KHTML, like Gecko) Chrome/79.0.3945.130 Safari/537.36"
77.230.123.27 - - [01/Feb/2020:22:34:51 +0100] "GET /favicon.ico HTTP/1.1" 200 5797 "https://fincasandoval.com/?page_id=10" "Mozilla/5.0 (Macintosh; Intel Mac OS X 10_14_6) AppleWebKit/537.36 (KHTML, like Gecko) Chrome/79.0.3945.130 Safari/537.36"
77.230.123.27 - - [01/Feb/2020:22:35:08 +0100] "GET /?page_id=28 HTTP/1.1" 200 15203 "https://fincasandoval.com/?page_id=10" "Mozilla/5.0 (Macintosh; Intel Mac OS X 10_14_6) AppleWebKit/537.36 (KHTML, like Gecko) Chrome/79.0.3945.130 Safari/537.36"
77.230.123.27 - - [01/Feb/2020:22:35:08 +0100] "GET /wp-content/uploads/2014/11/fs-7-768x598.jpg HTTP/1.1" 200 136746 "https://fincasandoval.com/?page_id=28" "Mozilla/5.0 (Macintosh; Intel Mac OS X 10_14_6) AppleWebKit/537.36 (KHTML, like Gecko) Chrome/79.0.3945.130 Safari/537.36"
178.197.224.78 - - [01/Feb/2020:22:35:14 +0100] "GET / HTTP/1.1" 200 17562 "https://www.google.ch/" "Mozilla/5.0 (iPhone; CPU iPhone OS 12_4_4 like Mac OS X) AppleWebKit/605.1.15 (KHTML, like Gecko) Version/12.1.2 Mobile/15E148 Safari/604.1"
178.197.224.78 - - [01/Feb/2020:22:35:14 +0100] "GET /wp-includes/js/wp-emoji-release.min.js?ver=5.2.5 HTTP/1.1" 200 14206 "https://fincasandoval.com/" "Mozilla/5.0 (iPhone; CPU iPhone OS 12_4_4 like Mac OS X) AppleWebKit/605.1.15 (KHTML, like Gecko) Version/12.1.2 Mobile/15E148 Safari/604.1"
178.197.224.78 - - [01/Feb/2020:22:35:14 +0100] "GET /wp-includes/js/jquery/jquery-migrate.min.js?ver=1.4.1 HTTP/1.1" 200 10422 "https://fincasandoval.com/" "Mozilla/5.0 (iPhone; CPU iPhone OS 12_4_4 like Mac OS X) AppleWebKit/605.1.15 (KHTML, like Gecko) Version/12.1.2 Mobile/15E148 Safari/604.1"
178.197.224.78 - - [01/Feb/2020:22:35:14 +0100] "GET /wp-content/themes/book-lite/style.css?ver=5.2.5 HTTP/1.1" 200 21109 "https://fincasandoval.com/" "Mozilla/5.0 (iPhone; CPU iPhone OS 12_4_4 like Mac OS X) AppleWebKit/605.1.15 (KHTML, like Gecko) Version/12.1.2 Mobile/15E148 Safari/604.1"
178.197.224.78 - - [01/Feb/2020:22:35:14 +0100] "GET /wp-includes/css/dist/block-library/style.min.css?ver=5.2.5 HTTP/1.1" 200 29814 "https://fincasandoval.com/" "Mozilla/5.0 (iPhone; CPU iPhone OS 12_4_4 like Mac OS X) AppleWebKit/605.1.15 (KHTML, like Gecko) Version/12.1.2 Mobile/15E148 Safari/604.1"
178.197.224.78 - - [01/Feb/2020:22:35:14 +0100] "GET /wp-content/themes/book-lite/js/small-menu.js?ver=20120206 HTTP/1.1" 200 1623 "https://fincasandoval.com/" "Mozilla/5.0 (iPhone; CPU iPhone OS 12_4_4 like Mac OS X) AppleWebKit/605.1.15 (KHTML, like Gecko) Version/12.1.2 Mobile/15E148 Safari/604.1"
178.197.224.78 - - [01/Feb/2020:22:35:14 +0100] "GET /wp-includes/js/jquery/jquery.js?ver=1.12.4-wp HTTP/1.1" 200 97523 "https://fincasandoval.com/" "Mozilla/5.0 (iPhone; CPU iPhone OS 12_4_4 like Mac OS X) AppleWebKit/605.1.15 (KHTML, like Gecko) Version/12.1.2 Mobile/15E148 Safari/604.1"
178.197.224.78 - - [01/Feb/2020:22:35:14 +0100] "GET /wp-content/themes/book-lite/js/script.js?ver=1.0 HTTP/1.1" 200 624 "https://fincasandoval.com/" "Mozilla/5.0 (iPhone; CPU iPhone OS 12_4_4 like Mac OS X) AppleWebKit/605.1.15 (KHTML, like Gecko) Version/12.1.2 Mobile/15E148 Safari/604.1"
178.197.224.78 - - [01/Feb/2020:22:35:14 +0100] "GET /wp-includes/js/wp-embed.min.js?ver=5.2.5 HTTP/1.1" 200 1767 "https://fincasandoval.com/" "Mozilla/5.0 (iPhone; CPU iPhone OS 12_4_4 like Mac OS X) AppleWebKit/605.1.15 (KHTML, like Gecko) Version/12.1.2 Mobile/15E148 Safari/604.1"
178.197.224.78 - - [01/Feb/2020:22:35:15 +0100] "GET /wp-content/uploads/2017/05/vs-2016.jpg HTTP/1.1" 200 25846 "https://fincasandoval.com/" "Mozilla/5.0 (iPhone; CPU iPhone OS 12_4_4 like Mac OS X) AppleWebKit/605.1.15 (KHTML, like Gecko) Version/12.1.2 Mobile/15E148 Safari/604.1"
178.197.224.78 - - [01/Feb/2020:22:35:15 +0100] "GET /wp-content/uploads/2014/11/fs-1.jpg?w=625 HTTP/1.1" 200 639596 "https://fincasandoval.com/" "Mozilla/5.0 (iPhone; CPU iPhone OS 12_4_4 like Mac OS X) AppleWebKit/605.1.15 (KHTML, like Gecko) Version/12.1.2 Mobile/15E148 Safari/604.1"
178.197.224.78 - - [01/Feb/2020:22:35:15 +0100] "GET /wp-content/themes/book-lite/images/diamond-white.png HTTP/1.1" 200 565 "https://fincasandoval.com/" "Mozilla/5.0 (iPhone; CPU iPhone OS 12_4_4 like Mac OS X) AppleWebKit/605.1.15 (KHTML, like Gecko) Version/12.1.2 Mobile/15E148 Safari/604.1"
178.197.224.78 - - [01/Feb/2020:22:35:15 +0100] "GET /wp-content/themes/book-lite/images/nav-bg.png HTTP/1.1" 200 458 "https://fincasandoval.com/" "Mozilla/5.0 (iPhone; CPU iPhone OS 12_4_4 like Mac OS X) AppleWebKit/605.1.15 (KHTML, like Gecko) Version/12.1.2 Mobile/15E148 Safari/604.1"
178.197.224.78 - - [01/Feb/2020:22:35:15 +0100] "GET /wp-content/uploads/2019/09/cropped-header-1.jpg HTTP/1.1" 200 45807 "https://fincasandoval.com/" "Mozilla/5.0 (iPhone; CPU iPhone OS 12_4_4 like Mac OS X) AppleWebKit/605.1.15 (KHTML, like Gecko) Version/12.1.2 Mobile/15E148 Safari/604.1"
178.197.224.78 - - [01/Feb/2020:22:35:15 +0100] "GET /wp-content/themes/book-lite/images/break.png HTTP/1.1" 200 951 "https://fincasandoval.com/" "Mozilla/5.0 (iPhone; CPU iPhone OS 12_4_4 like Mac OS X) AppleWebKit/605.1.15 (KHTML, like Gecko) Version/12.1.2 Mobile/15E148 Safari/604.1"
178.197.224.78 - - [01/Feb/2020:22:35:15 +0100] "GET /favicon.ico HTTP/1.1" 200 8882 "https://fincasandoval.com/" "Mozilla/5.0 (iPhone; CPU iPhone OS 12_4_4 like Mac OS X) AppleWebKit/605.1.15 (KHTML, like Gecko) Version/12.1.2 Mobile/15E148 Safari/604.1"
178.197.224.78 - - [01/Feb/2020:22:35:44 +0100] "GET / HTTP/1.1" 200 14615 "https://www.google.ch/" "Mozilla/5.0 (iPhone; CPU iPhone OS 12_4_4 like Mac OS X) AppleWebKit/605.1.15 (KHTML, like Gecko) Version/12.1.2 Mobile/15E148 Safari/604.1"
66.249.64.92 - - [01/Feb/2020:22:38:01 +0100] "GET /critica/ HTTP/1.1" 404 4665 "-" "Mozilla/5.0 (Linux; Android 6.0.1; Nexus 5X Build/MMB29P) AppleWebKit/537.36 (KHTML, like Gecko) Chrome/41.0.2272.96 Mobile Safari/537.36 (compatible; Googlebot/2.1; +http://www.google.com/bot.html)"
89.248.107.232 - - [01/Feb/2020:22:52:37 +0100] "POST /wp-cron.php?doing_wp_cron=1580593957.3688519001007080078125 HTTP/1.1" 200 1860 "-" "WordPress/5.2.5; https://fincasandoval.com"
46.172.244.81 - - [01/Feb/2020:22:52:37 +0100] "GET / HTTP/1.1" 200 17868 "https://www.google.com/" "Mozilla/5.0 (Macintosh; Intel Mac OS X 10_10_5) AppleWebKit/603.3.8 (KHTML, like Gecko) Version/10.1.2 Safari/603.3.8"
46.172.244.81 - - [01/Feb/2020:22:52:37 +0100] "GET /wp-includes/js/wp-emoji-release.min.js?ver=5.2.5 HTTP/1.1" 200 14282 "https://fincasandoval.com/" "Mozilla/5.0 (Macintosh; Intel Mac OS X 10_10_5) AppleWebKit/603.3.8 (KHTML, like Gecko) Version/10.1.2 Safari/603.3.8"
46.172.244.81 - - [01/Feb/2020:22:52:37 +0100] "GET /wp-content/themes/book-lite/js/small-menu.js?ver=20120206 HTTP/1.1" 200 1690 "https://fincasandoval.com/" "Mozilla/5.0 (Macintosh; Intel Mac OS X 10_10_5) AppleWebKit/603.3.8 (KHTML, like Gecko) Version/10.1.2 Safari/603.3.8"
46.172.244.81 - - [01/Feb/2020:22:52:37 +0100] "GET /wp-content/themes/book-lite/style.css?ver=5.2.5 HTTP/1.1" 200 21248 "https://fincasandoval.com/" "Mozilla/5.0 (Macintosh; Intel Mac OS X 10_10_5) AppleWebKit/603.3.8 (KHTML, like Gecko) Version/10.1.2 Safari/603.3.8"
46.172.244.81 - - [01/Feb/2020:22:52:37 +0100] "GET /wp-includes/js/jquery/jquery-migrate.min.js?ver=1.4.1 HTTP/1.1" 200 10667 "https://fincasandoval.com/" "Mozilla/5.0 (Macintosh; Intel Mac OS X 10_10_5) AppleWebKit/603.3.8 (KHTML, like Gecko) Version/10.1.2 Safari/603.3.8"
46.172.244.81 - - [01/Feb/2020:22:52:37 +0100] "GET /wp-content/uploads/2017/05/vs-2016.jpg HTTP/1.1" 200 26128 "https://fincasandoval.com/" "Mozilla/5.0 (Macintosh; Intel Mac OS X 10_10_5) AppleWebKit/603.3.8 (KHTML, like Gecko) Version/10.1.2 Safari/603.3.8"
46.172.244.81 - - [01/Feb/2020:22:52:38 +0100] "GET /wp-content/themes/book-lite/js/script.js?ver=1.0 HTTP/1.1" 200 698 "https://fincasandoval.com/" "Mozilla/5.0 (Macintosh; Intel Mac OS X 10_10_5) AppleWebKit/603.3.8 (KHTML, like Gecko) Version/10.1.2 Safari/603.3.8"
46.172.244.81 - - [01/Feb/2020:22:52:38 +0100] "GET /wp-includes/js/jquery/jquery.js?ver=1.12.4-wp HTTP/1.1" 200 97897 "https://fincasandoval.com/" "Mozilla/5.0 (Macintosh; Intel Mac OS X 10_10_5) AppleWebKit/603.3.8 (KHTML, like Gecko) Version/10.1.2 Safari/603.3.8"
46.172.244.81 - - [01/Feb/2020:22:52:38 +0100] "GET /wp-includes/css/dist/block-library/style.min.css?ver=5.2.5 HTTP/1.1" 200 29952 "https://fincasandoval.com/" "Mozilla/5.0 (Macintosh; Intel Mac OS X 10_10_5) AppleWebKit/603.3.8 (KHTML, like Gecko) Version/10.1.2 Safari/603.3.8"
46.172.244.81 - - [01/Feb/2020:22:52:38 +0100] "GET /wp-includes/js/wp-embed.min.js?ver=5.2.5 HTTP/1.1" 200 1834 "https://fincasandoval.com/" "Mozilla/5.0 (Macintosh; Intel Mac OS X 10_10_5) AppleWebKit/603.3.8 (KHTML, like Gecko) Version/10.1.2 Safari/603.3.8"
46.172.244.81 - - [01/Feb/2020:22:52:38 +0100] "GET /wp-content/uploads/2019/09/cropped-header-1.jpg HTTP/1.1" 200 45956 "https://fincasandoval.com/" "Mozilla/5.0 (Macintosh; Intel Mac OS X 10_10_5) AppleWebKit/603.3.8 (KHTML, like Gecko) Version/10.1.2 Safari/603.3.8"
46.172.244.81 - - [01/Feb/2020:22:52:38 +0100] "GET /wp-content/themes/book-lite/images/nav-bg.png HTTP/1.1" 200 522 "https://fincasandoval.com/" "Mozilla/5.0 (Macintosh; Intel Mac OS X 10_10_5) AppleWebKit/603.3.8 (KHTML, like Gecko) Version/10.1.2 Safari/603.3.8"
46.172.244.81 - - [01/Feb/2020:22:52:38 +0100] "GET /wp-content/themes/book-lite/images/diamond-white.png HTTP/1.1" 200 634 "https://fincasandoval.com/" "Mozilla/5.0 (Macintosh; Intel Mac OS X 10_10_5) AppleWebKit/603.3.8 (KHTML, like Gecko) Version/10.1.2 Safari/603.3.8"
46.172.244.81 - - [01/Feb/2020:22:52:38 +0100] "GET /wp-content/themes/book-lite/images/break.png HTTP/1.1" 200 1018 "https://fincasandoval.com/" "Mozilla/5.0 (Macintosh; Intel Mac OS X 10_10_5) AppleWebKit/603.3.8 (KHTML, like Gecko) Version/10.1.2 Safari/603.3.8"
46.172.244.81 - - [01/Feb/2020:22:52:38 +0100] "GET /wp-content/uploads/2014/11/fs-1.jpg?w=625 HTTP/1.1" 200 641314 "https://fincasandoval.com/" "Mozilla/5.0 (Macintosh; Intel Mac OS X 10_10_5) AppleWebKit/603.3.8 (KHTML, like Gecko) Version/10.1.2 Safari/603.3.8"
46.172.244.81 - - [01/Feb/2020:22:52:40 +0100] "GET /favicon.ico HTTP/1.1" 200 6043 "https://fincasandoval.com/" "Mozilla/5.0 (Macintosh; Intel Mac OS X 10_10_5) AppleWebKit/603.3.8 (KHTML, like Gecko) Version/10.1.2 Safari/603.3.8"
46.172.244.81 - - [01/Feb/2020:22:54:32 +0100] "GET /?page_id=10 HTTP/1.1" 200 16873 "https://fincasandoval.com/" "Mozilla/5.0 (Macintosh; Intel Mac OS X 10_10_5) AppleWebKit/603.3.8 (KHTML, like Gecko) Version/10.1.2 Safari/603.3.8"
46.172.244.81 - - [01/Feb/2020:22:54:33 +0100] "GET /wp-content/uploads/2014/11/fs-4-300x169.jpg HTTP/1.1" 200 27872 "https://fincasandoval.com/?page_id=10" "Mozilla/5.0 (Macintosh; Intel Mac OS X 10_10_5) AppleWebKit/603.3.8 (KHTML, like Gecko) Version/10.1.2 Safari/603.3.8"
46.172.244.81 - - [01/Feb/2020:22:54:33 +0100] "GET /wp-content/uploads/2014/11/fs-3-300x169.jpg HTTP/1.1" 200 25424 "https://fincasandoval.com/?page_id=10" "Mozilla/5.0 (Macintosh; Intel Mac OS X 10_10_5) AppleWebKit/603.3.8 (KHTML, like Gecko) Version/10.1.2 Safari/603.3.8"
46.172.244.81 - - [01/Feb/2020:22:54:33 +0100] "GET /wp-content/uploads/2014/11/fs-2.jpg?w=625 HTTP/1.1" 200 5427427 "https://fincasandoval.com/?page_id=10" "Mozilla/5.0 (Macintosh; Intel Mac OS X 10_10_5) AppleWebKit/603.3.8 (KHTML, like Gecko) Version/10.1.2 Safari/603.3.8"
46.172.244.81 - - [01/Feb/2020:22:55:30 +0100] "GET /?page_id=20 HTTP/1.1" 200 16745 "https://fincasandoval.com/?page_id=10" "Mozilla/5.0 (Macintosh; Intel Mac OS X 10_10_5) AppleWebKit/603.3.8 (KHTML, like Gecko) Version/10.1.2 Safari/603.3.8"
46.172.244.81 - - [01/Feb/2020:22:55:31 +0100] "GET /wp-content/uploads/2014/11/fs-6-768x504.jpg HTTP/1.1" 200 106760 "https://fincasandoval.com/?page_id=20" "Mozilla/5.0 (Macintosh; Intel Mac OS X 10_10_5) AppleWebKit/603.3.8 (KHTML, like Gecko) Version/10.1.2 Safari/603.3.8"
46.172.244.81 - - [01/Feb/2020:22:55:31 +0100] "GET /wp-content/themes/book-lite/images/quote.png HTTP/1.1" 200 1019 "https://fincasandoval.com/?page_id=20" "Mozilla/5.0 (Macintosh; Intel Mac OS X 10_10_5) AppleWebKit/603.3.8 (KHTML, like Gecko) Version/10.1.2 Safari/603.3.8"
89.248.107.232 - - [01/Feb/2020:22:56:18 +0100] "POST /wp-cron.php?doing_wp_cron=1580594178.3969390392303466796875 HTTP/1.1" 200 1860 "-" "WordPress/5.2.5; https://fincasandoval.com"
46.172.244.81 - - [01/Feb/2020:22:56:18 +0100] "GET /?page_id=28 HTTP/1.1" 200 12377 "https://fincasandoval.com/?page_id=20" "Mozilla/5.0 (Macintosh; Intel Mac OS X 10_10_5) AppleWebKit/603.3.8 (KHTML, like Gecko) Version/10.1.2 Safari/603.3.8"
46.172.244.81 - - [01/Feb/2020:22:56:18 +0100] "GET /wp-content/uploads/2014/11/fs-7-768x598.jpg HTTP/1.1" 200 137122 "https://fincasandoval.com/?page_id=28" "Mozilla/5.0 (Macintosh; Intel Mac OS X 10_10_5) AppleWebKit/603.3.8 (KHTML, like Gecko) Version/10.1.2 Safari/603.3.8"
46.172.244.81 - - [01/Feb/2020:22:56:43 +0100] "GET /?page_id=36 HTTP/1.1" 200 13145 "https://fincasandoval.com/?page_id=28" "Mozilla/5.0 (Macintosh; Intel Mac OS X 10_10_5) AppleWebKit/603.3.8 (KHTML, like Gecko) Version/10.1.2 Safari/603.3.8"
46.172.244.81 - - [01/Feb/2020:22:56:43 +0100] "GET /wp-content/uploads/2014/11/fs-8-768x576.jpg HTTP/1.1" 200 71262 "https://fincasandoval.com/?page_id=36" "Mozilla/5.0 (Macintosh; Intel Mac OS X 10_10_5) AppleWebKit/603.3.8 (KHTML, like Gecko) Version/10.1.2 Safari/603.3.8"
177.41.14.223 - - [01/Feb/2020:23:12:17 +0100] "GET /wp-login.php HTTP/1.1" 200 6587 "-" "Mozilla/5.0 (X11; Ubuntu; Linux x86_64; rv:62.0) Gecko/20100101 Firefox/62.0"
177.41.14.223 - - [01/Feb/2020:23:12:19 +0100] "POST /wp-login.php HTTP/1.1" 200 7562 "-" "Mozilla/5.0 (X11; Ubuntu; Linux x86_64; rv:62.0) Gecko/20100101 Firefox/62.0"
177.41.14.223 - - [01/Feb/2020:23:12:20 +0100] "POST /xmlrpc.php HTTP/1.1" 200 3835 "-" "Mozilla/5.0 (X11; Ubuntu; Linux x86_64; rv:62.0) Gecko/20100101 Firefox/62.0"
46.172.244.81 - - [01/Feb/2020:23:14:50 +0100] "GET / HTTP/1.1" 200 17868 "-" "Mozilla/5.0 (Macintosh; Intel Mac OS X 10_10_5) AppleWebKit/603.3.8 (KHTML, like Gecko) Version/10.1.2 Safari/603.3.8"
46.172.244.81 - - [01/Feb/2020:23:14:51 +0100] "GET /wp-content/uploads/2014/11/fs-1.jpg?w=625 HTTP/1.1" 200 641314 "https://fincasandoval.com/" "Mozilla/5.0 (Macintosh; Intel Mac OS X 10_10_5) AppleWebKit/603.3.8 (KHTML, like Gecko) Version/10.1.2 Safari/603.3.8"
46.172.244.81 - - [01/Feb/2020:23:14:52 +0100] "GET /wp-content/themes/book-lite/js/script.js?ver=1.0 HTTP/1.1" 200 875 "https://fincasandoval.com/" "Mozilla/5.0 (Macintosh; Intel Mac OS X 10_10_5) AppleWebKit/603.3.8 (KHTML, like Gecko) Version/10.1.2 Safari/603.3.8"
46.172.244.81 - - [01/Feb/2020:23:14:52 +0100] "GET /wp-includes/js/wp-embed.min.js?ver=5.2.5 HTTP/1.1" 200 2011 "https://fincasandoval.com/" "Mozilla/5.0 (Macintosh; Intel Mac OS X 10_10_5) AppleWebKit/603.3.8 (KHTML, like Gecko) Version/10.1.2 Safari/603.3.8"
46.172.244.81 - - [01/Feb/2020:23:14:53 +0100] "GET /wp-content/themes/book-lite/images/break.png HTTP/1.1" 200 1195 "https://fincasandoval.com/" "Mozilla/5.0 (Macintosh; Intel Mac OS X 10_10_5) AppleWebKit/603.3.8 (KHTML, like Gecko) Version/10.1.2 Safari/603.3.8"
46.172.244.81 - - [01/Feb/2020:23:14:53 +0100] "GET /wp-content/themes/book-lite/images/nav-bg.png HTTP/1.1" 200 699 "https://fincasandoval.com/" "Mozilla/5.0 (Macintosh; Intel Mac OS X 10_10_5) AppleWebKit/603.3.8 (KHTML, like Gecko) Version/10.1.2 Safari/603.3.8"
106.120.173.81 - - [01/Feb/2020:23:30:27 +0100] "GET / HTTP/1.1" 200 17725 "-" "Sogou web spider/4.0(+http://www.sogou.com/docs/help/webmasters.htm#07)"
185.85.239.110 - - [01/Feb/2020:23:41:13 +0100] "GET /wp-login.php HTTP/1.1" 200 7045 "-" "Mozilla/5.0 (Windows NT 10.0; WOW64) AppleWebKit/537.36 (KHTML, like Gecko) Chrome/51.0.2704.103 Safari/537.36"
185.85.239.110 - - [01/Feb/2020:23:41:13 +0100] "POST /wp-login.php HTTP/1.1" 200 4633 "https://fincasandoval.com/wp-login.php" "Mozilla/5.0 (Windows NT 10.0; WOW64) AppleWebKit/537.36 (KHTML, like Gecko) Chrome/51.0.2704.103 Safari/537.36"
206.189.141.92 - - [01/Feb/2020:23:45:25 +0100] "GET /wp-login.php HTTP/1.1" 200 6587 "-" "Mozilla/5.0 (X11; Ubuntu; Linux x86_64; rv:62.0) Gecko/20100101 Firefox/62.0"
89.248.107.232 - - [01/Feb/2020:23:45:25 +0100] "POST /wp-cron.php?doing_wp_cron=1580597125.3207020759582519531250 HTTP/1.1" 200 1860 "-" "WordPress/5.2.5; https://fincasandoval.com"
206.189.141.92 - - [01/Feb/2020:23:45:26 +0100] "POST /wp-login.php HTTP/1.1" 200 7562 "-" "Mozilla/5.0 (X11; Ubuntu; Linux x86_64; rv:62.0) Gecko/20100101 Firefox/62.0"
206.189.141.92 - - [01/Feb/2020:23:45:27 +0100] "GET /wp-login.php HTTP/1.1" 200 6587 "-" "Mozilla/5.0 (X11; Ubuntu; Linux x86_64; rv:62.0) Gecko/20100101 Firefox/62.0"
206.189.141.92 - - [01/Feb/2020:23:45:28 +0100] "POST /wp-login.php HTTP/1.1" 200 7562 "-" "Mozilla/5.0 (X11; Ubuntu; Linux x86_64; rv:62.0) Gecko/20100101 Firefox/62.0"
185.234.216.20 - - [02/Feb/2020:00:23:38 +0100] "GET /database/print.css HTTP/1.1" 404 4665 "-" "Mozilla/5.0 (Windows NT 6.3; Win64; x64; rv:66.0) Gecko/20100101 Firefox/66.0"
185.234.216.20 - - [02/Feb/2020:00:23:38 +0100] "GET /database/print.css HTTP/1.1" 404 4665 "-" "Mozilla/5.0 (Windows NT 6.3; Win64; x64; rv:66.0) Gecko/20100101 Firefox/66.0"
185.234.216.20 - - [02/Feb/2020:00:23:39 +0100] "GET /pma/print.css HTTP/1.1" 404 4665 "-" "Mozilla/5.0 (Windows NT 6.3; Win64; x64; rv:66.0) Gecko/20100101 Firefox/66.0"
185.234.216.20 - - [02/Feb/2020:00:23:39 +0100] "GET /pma/print.css HTTP/1.1" 404 4665 "-" "Mozilla/5.0 (Windows NT 6.3; Win64; x64; rv:66.0) Gecko/20100101 Firefox/66.0"
185.234.216.20 - - [02/Feb/2020:00:23:39 +0100] "GET /phpmyadmin/print.css HTTP/1.1" 404 4665 "-" "Mozilla/5.0 (Windows NT 6.3; Win64; x64; rv:66.0) Gecko/20100101 Firefox/66.0"
185.234.216.20 - - [02/Feb/2020:00:23:39 +0100] "GET /phpmyadmin/print.css HTTP/1.1" 404 4665 "-" "Mozilla/5.0 (Windows NT 6.3; Win64; x64; rv:66.0) Gecko/20100101 Firefox/66.0"
185.234.216.20 - - [02/Feb/2020:00:23:40 +0100] "GET /myadmin/print.css HTTP/1.1" 404 4665 "-" "Mozilla/5.0 (Windows NT 6.3; Win64; x64; rv:66.0) Gecko/20100101 Firefox/66.0"
185.234.216.20 - - [02/Feb/2020:00:23:40 +0100] "GET /myadmin/print.css HTTP/1.1" 404 4665 "-" "Mozilla/5.0 (Windows NT 6.3; Win64; x64; rv:66.0) Gecko/20100101 Firefox/66.0"
185.234.216.20 - - [02/Feb/2020:00:23:41 +0100] "GET /phpMyAdmin/print.css HTTP/1.1" 404 4665 "-" "Mozilla/5.0 (Windows NT 6.3; Win64; x64; rv:66.0) Gecko/20100101 Firefox/66.0"
185.234.216.20 - - [02/Feb/2020:00:23:41 +0100] "GET /phpMyAdmin/print.css HTTP/1.1" 404 4665 "-" "Mozilla/5.0 (Windows NT 6.3; Win64; x64; rv:66.0) Gecko/20100101 Firefox/66.0"
185.234.216.20 - - [02/Feb/2020:00:23:41 +0100] "GET /mysql/print.css HTTP/1.1" 404 4665 "-" "Mozilla/5.0 (Windows NT 6.3; Win64; x64; rv:66.0) Gecko/20100101 Firefox/66.0"
185.234.216.20 - - [02/Feb/2020:00:23:41 +0100] "GET /mysql/print.css HTTP/1.1" 404 4665 "-" "Mozilla/5.0 (Windows NT 6.3; Win64; x64; rv:66.0) Gecko/20100101 Firefox/66.0"
157.245.167.35 - - [02/Feb/2020:00:55:22 +0100] "GET /2019/wp-login.php HTTP/1.1" 404 4433 "http://fincasandoval.com//2019/wp-login.php" "Mozilla/5.0 (X11; Ubuntu; Linux x86_64; rv:62.0) Gecko/20100101 Firefox/62.0"
52.44.119.95 - - [02/Feb/2020:00:57:06 +0100] "GET /ads.txt HTTP/1.1" 404 4470 "-" "Mozilla/5.0 (Macintosh; Intel Mac OS X 10_12_6) AppleWebKit/537.36 (KHTML, like Gecko) Chrome/63.0.3239.84 Safari/537.36"
52.44.119.95 - - [02/Feb/2020:00:57:07 +0100] "GET /ads.txt HTTP/1.1" 404 4470 "-" "Mozilla/5.0 (Macintosh; Intel Mac OS X 10_12_6) AppleWebKit/537.36 (KHTML, like Gecko) Chrome/63.0.3239.84 Safari/537.36"
202.241.208.7 - - [02/Feb/2020:01:31:36 +0100] "GET /ads.txt HTTP/1.1" 404 4670 "-" "Mozilla/5.0 (Windows NT 10.0; Win64; x64) AppleWebKit/537.36 (KHTML, like Gecko) Chrome/68.0.3440.106 Safari/537.36"
66.249.64.94 - - [02/Feb/2020:01:36:52 +0100] "GET /robots.txt HTTP/1.1" 404 4665 "-" "Mozilla/5.0 (compatible; Googlebot/2.1; +http://www.google.com/bot.html)"
89.248.107.232 - - [02/Feb/2020:01:45:11 +0100] "POST /wp-cron.php?doing_wp_cron=1580604311.8158590793609619140625 HTTP/1.1" 200 1860 "-" "WordPress/5.2.5; https://fincasandoval.com"
212.99.44.83 - - [02/Feb/2020:01:45:10 +0100] "GET /?feed=rss2 HTTP/1.1" 200 5417 "-" "UniversalFeedParser/5.1.3 +https://code.google.com/p/feedparser/"
66.249.64.94 - - [02/Feb/2020:01:58:31 +0100] "GET /contacto/ HTTP/1.1" 404 4665 "-" "Mozilla/5.0 (compatible; Googlebot/2.1; +http://www.google.com/bot.html)"
89.248.107.232 - - [02/Feb/2020:02:01:11 +0100] "HEAD / HTTP/1.1" 200 1404 "-" "-"
89.248.107.232 - - [02/Feb/2020:02:01:14 +0100] "HEAD / HTTP/1.1" 200 1404 "-" "-"
89.248.107.232 - - [02/Feb/2020:02:22:41 +0100] "POST /wp-cron.php?doing_wp_cron=1580606561.0581190586090087890625 HTTP/1.1" 200 1860 "-" "WordPress/5.2.5; https://fincasandoval.com"
185.85.191.201 - - [02/Feb/2020:02:22:39 +0100] "GET /wp-login.php HTTP/1.1" 200 7045 "-" "Mozilla/5.0 (Windows NT 10.0; WOW64) AppleWebKit/537.36 (KHTML, like Gecko) Chrome/51.0.2704.103 Safari/537.36"
185.85.191.201 - - [02/Feb/2020:02:22:41 +0100] "POST /wp-login.php HTTP/1.1" 200 4633 "https://fincasandoval.com/wp-login.php" "Mozilla/5.0 (Windows NT 10.0; WOW64) AppleWebKit/537.36 (KHTML, like Gecko) Chrome/51.0.2704.103 Safari/537.36"
89.248.107.232 - - [02/Feb/2020:02:47:18 +0100] "POST /wp-cron.php?doing_wp_cron=1580608038.2188169956207275390625 HTTP/1.1" 200 1860 "-" "WordPress/5.2.5; https://fincasandoval.com"
196.246.128.36 - - [02/Feb/2020:02:47:16 +0100] "GET /wp-login.php HTTP/1.1" 200 6587 "-" "Mozilla/5.0 (X11; Ubuntu; Linux x86_64; rv:62.0) Gecko/20100101 Firefox/62.0"
196.246.128.36 - - [02/Feb/2020:02:47:19 +0100] "POST /wp-login.php HTTP/1.1" 200 7562 "-" "Mozilla/5.0 (X11; Ubuntu; Linux x86_64; rv:62.0) Gecko/20100101 Firefox/62.0"
196.246.128.36 - - [02/Feb/2020:02:47:19 +0100] "POST /xmlrpc.php HTTP/1.1" 200 3835 "-" "Mozilla/5.0 (X11; Ubuntu; Linux x86_64; rv:62.0) Gecko/20100101 Firefox/62.0"
159.65.24.22 - - [02/Feb/2020:03:08:35 +0100] "GET / HTTP/1.1" 400 2186 "-" "Mozilla/5.0 (Windows NT 6.0) AppleWebKit/537.36 (KHTML, like Gecko) Chrome/34.0.1847.116 Safari/537.36"
148.251.9.145 - - [02/Feb/2020:03:27:01 +0100] "GET /robots.txt HTTP/1.1" 404 4665 "-" "Mozilla/5.0 (compatible; MJ12bot/v1.4.8; http://mj12bot.com/)"
89.248.107.232 - - [02/Feb/2020:03:27:07 +0100] "POST /wp-cron.php?doing_wp_cron=1580610427.2148489952087402343750 HTTP/1.1" 200 1860 "-" "WordPress/5.2.5; https://fincasandoval.com"
148.251.9.145 - - [02/Feb/2020:03:27:05 +0100] "GET / HTTP/1.1" 301 332 "-" "Mozilla/5.0 (compatible; MJ12bot/v1.4.8; http://mj12bot.com/)"
148.251.9.145 - - [02/Feb/2020:03:27:13 +0100] "GET /robots.txt HTTP/1.1" 404 4665 "-" "Mozilla/5.0 (compatible; MJ12bot/v1.4.8; http://mj12bot.com/)"
148.251.9.145 - - [02/Feb/2020:03:27:23 +0100] "GET / HTTP/1.1" 200 17701 "-" "Mozilla/5.0 (compatible; MJ12bot/v1.4.8; http://mj12bot.com/)"
148.251.9.145 - - [02/Feb/2020:03:27:48 +0100] "GET / HTTP/1.1" 301 3611 "-" "Mozilla/5.0 (compatible; MJ12bot/v1.4.8; http://mj12bot.com/)"
148.251.9.145 - - [02/Feb/2020:03:27:56 +0100] "GET / HTTP/1.1" 200 17701 "-" "Mozilla/5.0 (compatible; MJ12bot/v1.4.8; http://mj12bot.com/)"
138.197.146.132 - - [02/Feb/2020:03:39:55 +0100] "GET /old/wp-login.php HTTP/1.1" 404 4433 "http://fincasandoval.com//old/wp-login.php" "Mozilla/5.0 (X11; Ubuntu; Linux x86_64; rv:62.0) Gecko/20100101 Firefox/62.0"
3.214.209.95 - - [02/Feb/2020:04:57:11 +0100] "GET /ads.txt HTTP/1.1" 404 4470 "-" "Mozilla/5.0 (Macintosh; Intel Mac OS X 10_12_6) AppleWebKit/537.36 (KHTML, like Gecko) Chrome/63.0.3239.84 Safari/537.36"
3.214.209.95 - - [02/Feb/2020:04:57:12 +0100] "GET /ads.txt HTTP/1.1" 404 4470 "-" "Mozilla/5.0 (Macintosh; Intel Mac OS X 10_12_6) AppleWebKit/537.36 (KHTML, like Gecko) Chrome/63.0.3239.84 Safari/537.36"
5.196.87.173 - - [02/Feb/2020:05:01:09 +0100] "GET /robots.txt HTTP/1.1" 404 4414 "-" "Mozilla/5.0 (compatible; AhrefsBot/6.1; +http://ahrefs.com/robot/)"
89.248.107.232 - - [02/Feb/2020:05:01:20 +0100] "POST /wp-cron.php?doing_wp_cron=1580616080.1382451057434082031250 HTTP/1.1" 200 1860 "-" "WordPress/5.2.5; https://fincasandoval.com"
5.196.87.171 - - [02/Feb/2020:05:01:19 +0100] "GET / HTTP/1.1" 200 17506 "-" "Mozilla/5.0 (compatible; AhrefsBot/6.1; +http://ahrefs.com/robot/)"
66.249.64.14 - - [02/Feb/2020:05:24:18 +0100] "GET / HTTP/1.1" 301 3667 "-" "Mozilla/5.0 (Linux; Android 6.0.1; Nexus 5X Build/MMB29P) AppleWebKit/537.36 (KHTML, like Gecko) Chrome/41.0.2272.96 Mobile Safari/537.36 (compatible; Googlebot/2.1; +http://www.google.com/bot.html)"
66.249.64.92 - - [02/Feb/2020:05:24:19 +0100] "GET / HTTP/1.1" 200 17757 "-" "Mozilla/5.0 (Linux; Android 6.0.1; Nexus 5X Build/MMB29P) AppleWebKit/537.36 (KHTML, like Gecko) Chrome/41.0.2272.96 Mobile Safari/537.36 (compatible; Googlebot/2.1; +http://www.google.com/bot.html)"
162.210.196.98 - - [02/Feb/2020:05:50:46 +0100] "GET /robots.txt HTTP/1.1" 404 4665 "-" "Mozilla/5.0 (compatible; MJ12bot/v1.4.8; http://mj12bot.com/)"
89.248.107.232 - - [02/Feb/2020:05:50:49 +0100] "POST /wp-cron.php?doing_wp_cron=1580619049.6963698863983154296875 HTTP/1.1" 200 1860 "-" "WordPress/5.2.5; https://fincasandoval.com"
162.210.196.98 - - [02/Feb/2020:05:50:49 +0100] "GET / HTTP/1.1" 200 14422 "-" "Mozilla/5.0 (compatible; MJ12bot/v1.4.8; http://mj12bot.com/)"
89.248.107.232 - - [02/Feb/2020:06:01:05 +0100] "POST /wp-cron.php?doing_wp_cron=1580619665.8709249496459960937500 HTTP/1.1" 200 1860 "-" "WordPress/5.2.5; https://fincasandoval.com"
221.239.33.82 - - [02/Feb/2020:06:01:05 +0100] "GET / HTTP/1.1" 200 16114 "-" "Mozilla/5.0 (Windows NT 6.1; rv:60.0) Gecko/20100101 Firefox/60.0"
5.196.87.171 - - [02/Feb/2020:06:19:29 +0100] "GET / HTTP/1.1" 200 17506 "-" "Mozilla/5.0 (compatible; AhrefsBot/6.1; +http://ahrefs.com/robot/)"
89.248.107.232 - - [02/Feb/2020:07:12:43 +0100] "POST /wp-cron.php?doing_wp_cron=1580623963.8540260791778564453125 HTTP/1.1" 200 1860 "-" "WordPress/5.2.5; https://fincasandoval.com"
80.32.150.34 - - [02/Feb/2020:07:12:42 +0100] "GET / HTTP/1.1" 200 17562 "https://www.google.es/" "Mozilla/5.0 (iPhone; CPU iPhone OS 13_3_1 like Mac OS X) AppleWebKit/605.1.15 (KHTML, like Gecko) Version/13.0.5 Mobile/15E148 Safari/604.1"
80.32.150.34 - - [02/Feb/2020:07:12:44 +0100] "GET /wp-includes/css/dist/block-library/style.min.css?ver=5.2.5 HTTP/1.1" 200 29676 "https://fincasandoval.com/" "Mozilla/5.0 (iPhone; CPU iPhone OS 13_3_1 like Mac OS X) AppleWebKit/605.1.15 (KHTML, like Gecko) Version/13.0.5 Mobile/15E148 Safari/604.1"
