66.249.83.31 - - [30/Jan/2020:02:56:04 +0100] "GET /wp-content/uploads/2014/11/fs-1.jpg?w=625 HTTP/1.1" 200 642876 "https://fincasandoval.com/" "Mozilla/5.0 (Linux; Android 4.2.1; en-us; Nexus 5 Build/JOP40D) AppleWebKit/535.19 (KHTML, like Gecko; googleweblight) Chrome/38.0.1025.166 Mobile Safari/535.19"
66.249.83.31 - - [30/Jan/2020:02:56:05 +0100] "GET /wp-content/themes/book-lite/images/diamond-white.png HTTP/1.1" 200 565 "https://fincasandoval.com/wp-content/themes/book-lite/style.css?ver=5.2.5" "Mozilla/5.0 (Linux; Android 4.2.1; en-us; Nexus 5 Build/JOP40D) AppleWebKit/535.19 (KHTML, like Gecko; googleweblight) Chrome/38.0.1025.166 Mobile Safari/535.19"
66.249.83.29 - - [30/Jan/2020:02:56:05 +0100] "GET /wp-content/themes/book-lite/images/break.png HTTP/1.1" 200 951 "https://fincasandoval.com/wp-content/themes/book-lite/style.css?ver=5.2.5" "Mozilla/5.0 (Linux; Android 4.2.1; en-us; Nexus 5 Build/JOP40D) AppleWebKit/535.19 (KHTML, like Gecko; googleweblight) Chrome/38.0.1025.166 Mobile Safari/535.19"
66.249.83.31 - - [30/Jan/2020:02:56:05 +0100] "GET /wp-content/themes/book-lite/images/nav-bg.png HTTP/1.1" 200 458 "https://fincasandoval.com/wp-content/themes/book-lite/style.css?ver=5.2.5" "Mozilla/5.0 (Linux; Android 4.2.1; en-us; Nexus 5 Build/JOP40D) AppleWebKit/535.19 (KHTML, like Gecko; googleweblight) Chrome/38.0.1025.166 Mobile Safari/535.19"
66.249.83.27 - - [30/Jan/2020:02:56:05 +0100] "GET /wp-content/uploads/2019/09/cropped-header-1.jpg HTTP/1.1" 200 45807 "https://fincasandoval.com/" "Mozilla/5.0 (Linux; Android 4.2.1; en-us; Nexus 5 Build/JOP40D) AppleWebKit/535.19 (KHTML, like Gecko; googleweblight) Chrome/38.0.1025.166 Mobile Safari/535.19"
198.245.49.22 - - [30/Jan/2020:03:41:23 +0100] "GET /wp-login.php HTTP/1.1" 200 6587 "-" "Mozilla/5.0 (X11; Ubuntu; Linux x86_64; rv:62.0) Gecko/20100101 Firefox/62.0"
198.245.49.22 - - [30/Jan/2020:03:41:25 +0100] "POST /wp-login.php HTTP/1.1" 200 7562 "-" "Mozilla/5.0 (X11; Ubuntu; Linux x86_64; rv:62.0) Gecko/20100101 Firefox/62.0"
198.245.49.22 - - [30/Jan/2020:03:41:26 +0100] "POST /xmlrpc.php HTTP/1.1" 200 3835 "-" "Mozilla/5.0 (X11; Ubuntu; Linux x86_64; rv:62.0) Gecko/20100101 Firefox/62.0"
40.77.167.64 - - [30/Jan/2020:04:05:15 +0100] "GET /contacto/ HTTP/1.1" 404 4665 "-" "Mozilla/5.0 (compatible; bingbot/2.0; +http://www.bing.com/bingbot.htm)"
89.248.107.232 - - [30/Jan/2020:04:33:15 +0100] "POST /wp-cron.php?doing_wp_cron=1580355195.3394529819488525390625 HTTP/1.1" 200 1860 "-" "WordPress/5.2.5; https://fincasandoval.com"
2.47.39.214 - - [30/Jan/2020:04:33:13 +0100] "GET / HTTP/1.1" 200 17720 "-" "-"
5.9.112.210 - - [30/Jan/2020:04:34:56 +0100] "GET /robots.txt HTTP/1.1" 404 4665 "-" "Mozilla/5.0 (compatible; MJ12bot/v1.4.8; http://mj12bot.com/)"
5.9.112.210 - - [30/Jan/2020:04:35:03 +0100] "GET / HTTP/1.1" 200 17701 "-" "Mozilla/5.0 (compatible; MJ12bot/v1.4.8; http://mj12bot.com/)"
52.44.119.95 - - [30/Jan/2020:04:56:02 +0100] "GET /ads.txt HTTP/1.1" 404 4470 "-" "Mozilla/5.0 (Macintosh; Intel Mac OS X 10_12_6) AppleWebKit/537.36 (KHTML, like Gecko) Chrome/63.0.3239.84 Safari/537.36"
52.44.119.95 - - [30/Jan/2020:04:56:03 +0100] "GET /ads.txt HTTP/1.1" 404 4470 "-" "Mozilla/5.0 (Macintosh; Intel Mac OS X 10_12_6) AppleWebKit/537.36 (KHTML, like Gecko) Chrome/63.0.3239.84 Safari/537.36"
89.248.107.232 - - [30/Jan/2020:05:35:57 +0100] "POST /wp-cron.php?doing_wp_cron=1580358957.3198618888854980468750 HTTP/1.1" 200 1860 "-" "WordPress/5.2.5; https://fincasandoval.com"
192.99.36.177 - - [30/Jan/2020:05:35:55 +0100] "GET /wp-login.php HTTP/1.1" 200 6824 "http://www.google.com.hk" "Mozilla/5.0 (Windows NT 6.1; WOW64) AppleWebKit/537.36 (KHTML, like Gecko) Chrome/42.0.2311.90 Safari/537.36"
192.99.36.177 - - [30/Jan/2020:05:37:07 +0100] "GET / HTTP/1.1" 200 17762 "-" "Mozilla/5.0 (Windows NT 6.3; WOW64) AppleWebKit/537.36 (KHTML, like Gecko) Chrome/36.0.1985.125 Safari/537.36"
192.99.36.177 - - [30/Jan/2020:05:37:18 +0100] "GET /wp-admin/plugin-install.php?tab=upload HTTP/1.1" 302 3865 "-" "Mozilla/5.0 (Windows NT 6.3; WOW64) AppleWebKit/537.36 (KHTML, like Gecko) Chrome/36.0.1985.125 Safari/537.36"
192.99.36.177 - - [30/Jan/2020:05:37:21 +0100] "GET /wp-login.php?redirect_to=https%3A%2F%2Ffincasandoval.com%2Fwp-admin%2Fplugin-install.php%3Ftab%3Dupload&reauth=1 HTTP/1.1" 200 5593 "-" "Mozilla/5.0 (Windows NT 6.3; WOW64) AppleWebKit/537.36 (KHTML, like Gecko) Chrome/36.0.1985.125 Safari/537.36"
192.99.36.177 - - [30/Jan/2020:05:37:42 +0100] "GET / HTTP/1.1" 200 17762 "-" "Mozilla/5.0 (Windows NT 6.1; WOW64) AppleWebKit/537.36 (KHTML, like Gecko) Chrome/35.0.1916.153 Safari/537.36"
192.99.36.177 - - [30/Jan/2020:05:37:54 +0100] "GET /wp-admin/plugin-install.php?tab=upload HTTP/1.1" 302 3865 "-" "Mozilla/5.0 (Windows NT 6.1; WOW64) AppleWebKit/537.36 (KHTML, like Gecko) Chrome/35.0.1916.153 Safari/537.36"
192.99.36.177 - - [30/Jan/2020:05:37:55 +0100] "GET /wp-login.php?redirect_to=https%3A%2F%2Ffincasandoval.com%2Fwp-admin%2Fplugin-install.php%3Ftab%3Dupload&reauth=1 HTTP/1.1" 200 5593 "-" "Mozilla/5.0 (Windows NT 6.1; WOW64) AppleWebKit/537.36 (KHTML, like Gecko) Chrome/35.0.1916.153 Safari/537.36"
192.99.36.177 - - [30/Jan/2020:05:38:13 +0100] "GET /?author=1 HTTP/1.1" 200 13307 "http://www.google.com.hk" "Mozilla/5.0 (Windows NT 6.1; WOW64) AppleWebKit/537.36 (KHTML, like Gecko) Chrome/42.0.2311.90 Safari/537.36"
192.99.36.177 - - [30/Jan/2020:05:38:28 +0100] "GET / HTTP/1.1" 200 17762 "-" "Mozilla/5.0 (Macintosh; Intel Mac OS X 10_9_2) AppleWebKit/537.36 (KHTML, like Gecko) Chrome/36.0.1985.125 Safari/537.36"
192.99.36.177 - - [30/Jan/2020:05:38:41 +0100] "GET /wp-admin/plugin-install.php?tab=upload HTTP/1.1" 302 3865 "-" "Mozilla/5.0 (Macintosh; Intel Mac OS X 10_9_2) AppleWebKit/537.36 (KHTML, like Gecko) Chrome/36.0.1985.125 Safari/537.36"
192.99.36.177 - - [30/Jan/2020:05:39:00 +0100] "GET / HTTP/1.1" 200 17762 "-" "Mozilla/5.0 (Macintosh; Intel Mac OS X 10_9_3) AppleWebKit/537.75.14 (KHTML, like Gecko) Version/7.0.3 Safari/537.75.14"
192.99.36.177 - - [30/Jan/2020:05:39:12 +0100] "GET /wp-admin/plugin-install.php?tab=upload HTTP/1.1" 302 3865 "-" "Mozilla/5.0 (Macintosh; Intel Mac OS X 10_9_3) AppleWebKit/537.75.14 (KHTML, like Gecko) Version/7.0.3 Safari/537.75.14"
192.99.36.177 - - [30/Jan/2020:05:39:20 +0100] "GET /wp-login.php?redirect_to=https%3A%2F%2Ffincasandoval.com%2Fwp-admin%2Fplugin-install.php%3Ftab%3Dupload&reauth=1 HTTP/1.1" 200 8878 "-" "Mozilla/5.0 (Macintosh; Intel Mac OS X 10_9_3) AppleWebKit/537.75.14 (KHTML, like Gecko) Version/7.0.3 Safari/537.75.14"
192.99.36.177 - - [30/Jan/2020:05:39:43 +0100] "GET / HTTP/1.1" 200 17762 "-" "Mozilla/5.0 (Macintosh; Intel Mac OS X 10_7_5) AppleWebKit/537.77.4 (KHTML, like Gecko) Version/6.1.5 Safari/537.77.4"
192.99.36.177 - - [30/Jan/2020:05:39:57 +0100] "GET /wp-admin/plugin-install.php?tab=upload HTTP/1.1" 302 3865 "-" "Mozilla/5.0 (Macintosh; Intel Mac OS X 10_7_5) AppleWebKit/537.77.4 (KHTML, like Gecko) Version/6.1.5 Safari/537.77.4"
192.99.36.177 - - [30/Jan/2020:05:40:06 +0100] "GET /wp-login.php?redirect_to=https%3A%2F%2Ffincasandoval.com%2Fwp-admin%2Fplugin-install.php%3Ftab%3Dupload&reauth=1 HTTP/1.1" 200 8878 "-" "Mozilla/5.0 (Macintosh; Intel Mac OS X 10_7_5) AppleWebKit/537.77.4 (KHTML, like Gecko) Version/6.1.5 Safari/537.77.4"
192.99.36.177 - - [30/Jan/2020:05:40:25 +0100] "GET / HTTP/1.1" 200 17762 "-" "Mozilla/5.0 (compatible; MSIE 9.0; Windows NT 6.1; Trident/5.0)"
192.99.36.177 - - [30/Jan/2020:05:40:38 +0100] "GET /wp-admin/plugin-install.php?tab=upload HTTP/1.1" 302 3865 "-" "Mozilla/5.0 (compatible; MSIE 9.0; Windows NT 6.1; Trident/5.0)"
192.99.36.177 - - [30/Jan/2020:05:40:46 +0100] "GET /wp-login.php?redirect_to=https%3A%2F%2Ffincasandoval.com%2Fwp-admin%2Fplugin-install.php%3Ftab%3Dupload&reauth=1 HTTP/1.1" 200 8878 "-" "Mozilla/5.0 (compatible; MSIE 9.0; Windows NT 6.1; Trident/5.0)"
192.99.36.177 - - [30/Jan/2020:05:41:10 +0100] "GET /?author=2 HTTP/1.1" 404 13394 "http://www.google.com.hk" "Mozilla/5.0 (Windows NT 6.1; WOW64) AppleWebKit/537.36 (KHTML, like Gecko) Chrome/42.0.2311.90 Safari/537.36"
192.99.36.177 - - [30/Jan/2020:05:41:26 +0100] "GET /?author=3 HTTP/1.1" 404 13394 "http://www.google.com.hk" "Mozilla/5.0 (Windows NT 6.1; WOW64) AppleWebKit/537.36 (KHTML, like Gecko) Chrome/42.0.2311.90 Safari/537.36"
192.99.36.177 - - [30/Jan/2020:05:41:42 +0100] "GET /?author=4 HTTP/1.1" 404 13394 "http://www.google.com.hk" "Mozilla/5.0 (Windows NT 6.1; WOW64) AppleWebKit/537.36 (KHTML, like Gecko) Chrome/42.0.2311.90 Safari/537.36"
89.248.107.232 - - [30/Jan/2020:05:41:56 +0100] "POST /wp-cron.php?doing_wp_cron=1580359316.5161719322204589843750 HTTP/1.1" 200 1860 "-" "WordPress/5.2.5; https://fincasandoval.com"
192.99.36.177 - - [30/Jan/2020:05:41:56 +0100] "GET /?author=5 HTTP/1.1" 404 13394 "http://www.google.com.hk" "Mozilla/5.0 (Windows NT 6.1; WOW64) AppleWebKit/537.36 (KHTML, like Gecko) Chrome/42.0.2311.90 Safari/537.36"
192.99.36.177 - - [30/Jan/2020:05:42:12 +0100] "GET /?author=6 HTTP/1.1" 404 13394 "http://www.google.com.hk" "Mozilla/5.0 (Windows NT 6.1; WOW64) AppleWebKit/537.36 (KHTML, like Gecko) Chrome/42.0.2311.90 Safari/537.36"
192.99.36.177 - - [30/Jan/2020:05:42:29 +0100] "GET /?author=7 HTTP/1.1" 404 13394 "http://www.google.com.hk" "Mozilla/5.0 (Windows NT 6.1; WOW64) AppleWebKit/537.36 (KHTML, like Gecko) Chrome/42.0.2311.90 Safari/537.36"
192.99.36.177 - - [30/Jan/2020:05:42:48 +0100] "GET /wp-json/wp/v2/users HTTP/1.1" 404 4670 "-" "Mozilla/5.0 (Windows NT 6.3; WOW64; rv:30.0) Gecko/20100101 Firefox/30.0"
192.99.36.177 - - [30/Jan/2020:05:42:58 +0100] "GET /wp-login.php HTTP/1.1" 200 6824 "http://www.google.com.hk" "Mozilla/5.0 (Windows NT 6.1; WOW64) AppleWebKit/537.36 (KHTML, like Gecko) Chrome/42.0.2311.90 Safari/537.36"
192.99.36.177 - - [30/Jan/2020:05:43:09 +0100] "POST / HTTP/1.1" 200 17762 "-" "Mozilla/5.0 (Windows NT 6.1; WOW64) AppleWebKit/537.36 (KHTML, like Gecko) Chrome/36.0.1985.143 Safari/537.36"
192.99.36.177 - - [30/Jan/2020:05:43:12 +0100] "GET /wp-admin/plugin-install.php?tab=upload HTTP/1.1" 302 580 "-" "Mozilla/5.0 (Windows NT 6.1; WOW64) AppleWebKit/537.36 (KHTML, like Gecko) Chrome/36.0.1985.143 Safari/537.36"
192.99.36.177 - - [30/Jan/2020:05:43:14 +0100] "GET /wp-login.php?redirect_to=https%3A%2F%2Ffincasandoval.com%2Fwp-admin%2Fplugin-install.php%3Ftab%3Dupload&reauth=1 HTTP/1.1" 200 5593 "-" "Mozilla/5.0 (Windows NT 6.1; WOW64) AppleWebKit/537.36 (KHTML, like Gecko) Chrome/36.0.1985.143 Safari/537.36"
192.99.36.177 - - [30/Jan/2020:05:43:30 +0100] "POST / HTTP/1.1" 200 17762 "-" "Mozilla/5.0 (X11; Ubuntu; Linux x86_64; rv:31.0) Gecko/20100101 Firefox/31.0"
192.99.36.177 - - [30/Jan/2020:05:43:32 +0100] "GET /wp-admin/plugin-install.php?tab=upload HTTP/1.1" 302 580 "-" "Mozilla/5.0 (X11; Ubuntu; Linux x86_64; rv:31.0) Gecko/20100101 Firefox/31.0"
192.99.36.177 - - [30/Jan/2020:05:43:34 +0100] "GET /wp-login.php?redirect_to=https%3A%2F%2Ffincasandoval.com%2Fwp-admin%2Fplugin-install.php%3Ftab%3Dupload&reauth=1 HTTP/1.1" 200 5593 "-" "Mozilla/5.0 (X11; Ubuntu; Linux x86_64; rv:31.0) Gecko/20100101 Firefox/31.0"
192.99.36.177 - - [30/Jan/2020:05:43:43 +0100] "GET /?author=1 HTTP/1.1" 200 13307 "http://www.google.com.hk" "Mozilla/5.0 (Windows NT 6.1; WOW64) AppleWebKit/537.36 (KHTML, like Gecko) Chrome/42.0.2311.90 Safari/537.36"
192.99.36.177 - - [30/Jan/2020:05:43:53 +0100] "POST / HTTP/1.1" 200 17762 "-" "Mozilla/5.0 (Macintosh; Intel Mac OS X 10_9_4 AppleWebKit/537.36 (KHTML, like Gecko) Chrome/36.0.1985.125 Safari/537.36"
192.99.36.177 - - [30/Jan/2020:05:44:05 +0100] "POST / HTTP/1.1" 200 17762 "-" "Mozilla/5.0 (Windows NT 6.2; WOW64; rv:30.0) Gecko/20100101 Firefox/30.0"
192.99.36.177 - - [30/Jan/2020:05:44:08 +0100] "GET /wp-admin/plugin-install.php?tab=upload HTTP/1.1" 302 580 "-" "Mozilla/5.0 (Windows NT 6.2; WOW64; rv:30.0) Gecko/20100101 Firefox/30.0"
192.99.36.177 - - [30/Jan/2020:05:44:12 +0100] "GET /wp-login.php?redirect_to=https%3A%2F%2Ffincasandoval.com%2Fwp-admin%2Fplugin-install.php%3Ftab%3Dupload&reauth=1 HTTP/1.1" 200 5593 "-" "Mozilla/5.0 (Windows NT 6.2; WOW64; rv:30.0) Gecko/20100101 Firefox/30.0"
192.99.36.177 - - [30/Jan/2020:05:44:31 +0100] "POST / HTTP/1.1" 200 17762 "-" "Mozilla/5.0 (Windows NT 6.1; WOW64) AppleWebKit/537.36 (KHTML, like Gecko) Chrome/36.0.1985.125 Safari/537.36"
192.99.36.177 - - [30/Jan/2020:05:44:35 +0100] "GET /wp-admin/plugin-install.php?tab=upload HTTP/1.1" 302 580 "-" "Mozilla/5.0 (Windows NT 6.1; WOW64) AppleWebKit/537.36 (KHTML, like Gecko) Chrome/36.0.1985.125 Safari/537.36"
192.99.36.177 - - [30/Jan/2020:05:44:38 +0100] "GET /wp-login.php?redirect_to=https%3A%2F%2Ffincasandoval.com%2Fwp-admin%2Fplugin-install.php%3Ftab%3Dupload&reauth=1 HTTP/1.1" 200 5593 "-" "Mozilla/5.0 (Windows NT 6.1; WOW64) AppleWebKit/537.36 (KHTML, like Gecko) Chrome/36.0.1985.125 Safari/537.36"
192.99.36.177 - - [30/Jan/2020:05:44:57 +0100] "POST / HTTP/1.1" 200 17762 "-" "Mozilla/5.0 (Macintosh; Intel Mac OS X 10_9_4) AppleWebKit/537.36 (KHTML, like Gecko) Chrome/35.0.1916.153 Safari/537.36"
192.99.36.177 - - [30/Jan/2020:05:44:59 +0100] "GET /wp-admin/plugin-install.php?tab=upload HTTP/1.1" 302 580 "-" "Mozilla/5.0 (Macintosh; Intel Mac OS X 10_9_4) AppleWebKit/537.36 (KHTML, like Gecko) Chrome/35.0.1916.153 Safari/537.36"
192.99.36.177 - - [30/Jan/2020:05:45:01 +0100] "GET /wp-login.php?redirect_to=https%3A%2F%2Ffincasandoval.com%2Fwp-admin%2Fplugin-install.php%3Ftab%3Dupload&reauth=1 HTTP/1.1" 200 5593 "-" "Mozilla/5.0 (Macintosh; Intel Mac OS X 10_9_4) AppleWebKit/537.36 (KHTML, like Gecko) Chrome/35.0.1916.153 Safari/537.36"
192.99.36.177 - - [30/Jan/2020:05:45:16 +0100] "GET /?author=2 HTTP/1.1" 404 13394 "http://www.google.com.hk" "Mozilla/5.0 (Windows NT 6.1; WOW64) AppleWebKit/537.36 (KHTML, like Gecko) Chrome/42.0.2311.90 Safari/537.36"
192.99.36.177 - - [30/Jan/2020:05:45:24 +0100] "GET /?author=3 HTTP/1.1" 404 13394 "http://www.google.com.hk" "Mozilla/5.0 (Windows NT 6.1; WOW64) AppleWebKit/537.36 (KHTML, like Gecko) Chrome/42.0.2311.90 Safari/537.36"
192.99.36.177 - - [30/Jan/2020:05:45:37 +0100] "GET /?author=4 HTTP/1.1" 404 13394 "http://www.google.com.hk" "Mozilla/5.0 (Windows NT 6.1; WOW64) AppleWebKit/537.36 (KHTML, like Gecko) Chrome/42.0.2311.90 Safari/537.36"
192.99.36.177 - - [30/Jan/2020:05:45:44 +0100] "GET /?author=5 HTTP/1.1" 404 13394 "http://www.google.com.hk" "Mozilla/5.0 (Windows NT 6.1; WOW64) AppleWebKit/537.36 (KHTML, like Gecko) Chrome/42.0.2311.90 Safari/537.36"
192.99.36.177 - - [30/Jan/2020:05:45:56 +0100] "GET /?author=6 HTTP/1.1" 404 13394 "http://www.google.com.hk" "Mozilla/5.0 (Windows NT 6.1; WOW64) AppleWebKit/537.36 (KHTML, like Gecko) Chrome/42.0.2311.90 Safari/537.36"
192.99.36.177 - - [30/Jan/2020:05:46:39 +0100] "GET /?author=7 HTTP/1.1" 404 13394 "http://www.google.com.hk" "Mozilla/5.0 (Windows NT 6.1; WOW64) AppleWebKit/537.36 (KHTML, like Gecko) Chrome/42.0.2311.90 Safari/537.36"
192.99.36.177 - - [30/Jan/2020:05:47:09 +0100] "GET /wp-json/wp/v2/users HTTP/1.1" 404 4670 "-" "Mozilla/5.0 (iPhone; CPU iPhone OS 7_1 like Mac OS X) AppleWebKit/537.51.2 (KHTML, like Gecko) Version/7.0 Mobile/11D167 Safari/9537.53"
149.202.139.17 - - [30/Jan/2020:06:20:48 +0100] "GET /wp-admin/includes.php HTTP/1.1" 404 3424 "-" "Mozilla/5.0 (Windows NT 6.1; WOW64) AppleWebKit/537.36 (KHTML, like Gecko) Chrome/41.0.2227.0 Safari/537.36"
89.248.107.232 - - [30/Jan/2020:07:23:45 +0100] "POST /wp-cron.php?doing_wp_cron=1580365425.8375821113586425781250 HTTP/1.1" 200 1860 "-" "WordPress/5.2.5; https://fincasandoval.com"
117.208.138.3 - - [30/Jan/2020:07:23:45 +0100] "GET / HTTP/1.1" 200 17757 "https://www.wine-searcher.com/" "Mozilla/5.0 (Windows NT 6.1; Win64; x64) AppleWebKit/537.36 (KHTML, like Gecko) Chrome/79.0.3945.130 Safari/537.36"
117.208.138.3 - - [30/Jan/2020:07:23:46 +0100] "GET /wp-includes/css/dist/block-library/style.min.css?ver=5.2.5 HTTP/1.1" 200 29676 "https://fincasandoval.com/" "Mozilla/5.0 (Windows NT 6.1; Win64; x64) AppleWebKit/537.36 (KHTML, like Gecko) Chrome/79.0.3945.130 Safari/537.36"
117.208.138.3 - - [30/Jan/2020:07:23:46 +0100] "GET /wp-content/themes/book-lite/style.css?ver=5.2.5 HTTP/1.1" 200 21109 "https://fincasandoval.com/" "Mozilla/5.0 (Windows NT 6.1; Win64; x64) AppleWebKit/537.36 (KHTML, like Gecko) Chrome/79.0.3945.130 Safari/537.36"
117.208.138.3 - - [30/Jan/2020:07:23:46 +0100] "GET /wp-includes/js/jquery/jquery.js?ver=1.12.4-wp HTTP/1.1" 200 97385 "https://fincasandoval.com/" "Mozilla/5.0 (Windows NT 6.1; Win64; x64) AppleWebKit/537.36 (KHTML, like Gecko) Chrome/79.0.3945.130 Safari/537.36"
117.208.138.3 - - [30/Jan/2020:07:23:47 +0100] "GET /wp-includes/js/jquery/jquery-migrate.min.js?ver=1.4.1 HTTP/1.1" 200 10422 "https://fincasandoval.com/" "Mozilla/5.0 (Windows NT 6.1; Win64; x64) AppleWebKit/537.36 (KHTML, like Gecko) Chrome/79.0.3945.130 Safari/537.36"
117.208.138.3 - - [30/Jan/2020:07:23:47 +0100] "GET /wp-content/themes/book-lite/js/small-menu.js?ver=20120206 HTTP/1.1" 200 1623 "https://fincasandoval.com/" "Mozilla/5.0 (Windows NT 6.1; Win64; x64) AppleWebKit/537.36 (KHTML, like Gecko) Chrome/79.0.3945.130 Safari/537.36"
117.208.138.3 - - [30/Jan/2020:07:23:47 +0100] "GET /wp-content/themes/book-lite/js/script.js?ver=1.0 HTTP/1.1" 200 624 "https://fincasandoval.com/" "Mozilla/5.0 (Windows NT 6.1; Win64; x64) AppleWebKit/537.36 (KHTML, like Gecko) Chrome/79.0.3945.130 Safari/537.36"
117.208.138.3 - - [30/Jan/2020:07:23:47 +0100] "GET /wp-includes/js/wp-embed.min.js?ver=5.2.5 HTTP/1.1" 200 1905 "https://fincasandoval.com/" "Mozilla/5.0 (Windows NT 6.1; Win64; x64) AppleWebKit/537.36 (KHTML, like Gecko) Chrome/79.0.3945.130 Safari/537.36"
117.208.138.3 - - [30/Jan/2020:07:23:47 +0100] "GET /wp-content/uploads/2019/09/cropped-header-1.jpg HTTP/1.1" 200 45807 "https://fincasandoval.com/" "Mozilla/5.0 (Windows NT 6.1; Win64; x64) AppleWebKit/537.36 (KHTML, like Gecko) Chrome/79.0.3945.130 Safari/537.36"
117.208.138.3 - - [30/Jan/2020:07:23:47 +0100] "GET /wp-content/themes/book-lite/images/nav-bg.png HTTP/1.1" 200 458 "https://fincasandoval.com/wp-content/themes/book-lite/style.css?ver=5.2.5" "Mozilla/5.0 (Windows NT 6.1; Win64; x64) AppleWebKit/537.36 (KHTML, like Gecko) Chrome/79.0.3945.130 Safari/537.36"
117.208.138.3 - - [30/Jan/2020:07:23:47 +0100] "GET /wp-content/themes/book-lite/images/diamond-white.png HTTP/1.1" 200 565 "https://fincasandoval.com/wp-content/themes/book-lite/style.css?ver=5.2.5" "Mozilla/5.0 (Windows NT 6.1; Win64; x64) AppleWebKit/537.36 (KHTML, like Gecko) Chrome/79.0.3945.130 Safari/537.36"
117.208.138.3 - - [30/Jan/2020:07:23:47 +0100] "GET /wp-content/themes/book-lite/images/break.png HTTP/1.1" 200 951 "https://fincasandoval.com/wp-content/themes/book-lite/style.css?ver=5.2.5" "Mozilla/5.0 (Windows NT 6.1; Win64; x64) AppleWebKit/537.36 (KHTML, like Gecko) Chrome/79.0.3945.130 Safari/537.36"
117.208.138.3 - - [30/Jan/2020:07:23:47 +0100] "GET /wp-content/uploads/2017/05/vs-2016.jpg HTTP/1.1" 200 25846 "https://fincasandoval.com/" "Mozilla/5.0 (Windows NT 6.1; Win64; x64) AppleWebKit/537.36 (KHTML, like Gecko) Chrome/79.0.3945.130 Safari/537.36"
117.208.138.3 - - [30/Jan/2020:07:23:47 +0100] "GET /wp-includes/js/wp-emoji-release.min.js?ver=5.2.5 HTTP/1.1" 200 14344 "https://fincasandoval.com/" "Mozilla/5.0 (Windows NT 6.1; Win64; x64) AppleWebKit/537.36 (KHTML, like Gecko) Chrome/79.0.3945.130 Safari/537.36"
117.208.138.3 - - [30/Jan/2020:07:23:47 +0100] "GET /wp-content/uploads/2014/11/fs-1.jpg?w=625 HTTP/1.1" 200 639734 "https://fincasandoval.com/" "Mozilla/5.0 (Windows NT 6.1; Win64; x64) AppleWebKit/537.36 (KHTML, like Gecko) Chrome/79.0.3945.130 Safari/537.36"
117.208.138.3 - - [30/Jan/2020:07:23:48 +0100] "GET /favicon.ico HTTP/1.1" 200 5797 "https://fincasandoval.com/" "Mozilla/5.0 (Windows NT 6.1; Win64; x64) AppleWebKit/537.36 (KHTML, like Gecko) Chrome/79.0.3945.130 Safari/537.36"
117.208.138.3 - - [30/Jan/2020:07:23:50 +0100] "GET /?page_id=41 HTTP/1.1" 200 9956 "https://fincasandoval.com/" "Mozilla/5.0 (Windows NT 6.1; Win64; x64) AppleWebKit/537.36 (KHTML, like Gecko) Chrome/79.0.3945.130 Safari/537.36"
117.208.138.3 - - [30/Jan/2020:07:23:53 +0100] "GET /?page_id=41 HTTP/1.1" 200 9956 "https://fincasandoval.com/?page_id=41" "Mozilla/5.0 (Windows NT 6.1; Win64; x64) AppleWebKit/537.36 (KHTML, like Gecko) Chrome/79.0.3945.130 Safari/537.36"
89.248.107.232 - - [30/Jan/2020:07:47:32 +0100] "POST /wp-cron.php?doing_wp_cron=1580366852.1435968875885009765625 HTTP/1.1" 200 1860 "-" "WordPress/5.2.5; https://fincasandoval.com"
117.208.138.3 - - [30/Jan/2020:07:47:31 +0100] "GET / HTTP/1.1" 200 17757 "https://fincasandoval.com/?page_id=41" "Mozilla/5.0 (Windows NT 6.1; Win64; x64) AppleWebKit/537.36 (KHTML, like Gecko) Chrome/79.0.3945.130 Safari/537.36"
103.255.5.82 - - [30/Jan/2020:07:48:43 +0100] "GET /wp-login.php HTTP/1.1" 200 6587 "-" "Mozilla/5.0 (X11; Ubuntu; Linux x86_64; rv:62.0) Gecko/20100101 Firefox/62.0"
103.255.5.82 - - [30/Jan/2020:07:48:57 +0100] "POST /wp-login.php HTTP/1.1" 200 7562 "-" "Mozilla/5.0 (X11; Ubuntu; Linux x86_64; rv:62.0) Gecko/20100101 Firefox/62.0"
103.255.5.82 - - [30/Jan/2020:07:49:11 +0100] "POST /xmlrpc.php HTTP/1.1" 200 3835 "-" "Mozilla/5.0 (X11; Ubuntu; Linux x86_64; rv:62.0) Gecko/20100101 Firefox/62.0"
117.208.138.3 - - [30/Jan/2020:07:49:58 +0100] "GET /?page_id=41 HTTP/1.1" 200 10094 "https://fincasandoval.com/" "Mozilla/5.0 (Windows NT 6.1; Win64; x64) AppleWebKit/537.36 (KHTML, like Gecko) Chrome/79.0.3945.130 Safari/537.36"
199.58.86.211 - - [30/Jan/2020:08:41:03 +0100] "GET /robots.txt HTTP/1.1" 404 4665 "-" "Mozilla/5.0 (compatible; MJ12bot/v1.4.8; http://mj12bot.com/)"
89.248.107.232 - - [30/Jan/2020:08:41:06 +0100] "POST /wp-cron.php?doing_wp_cron=1580370066.3368549346923828125000 HTTP/1.1" 200 1860 "-" "WordPress/5.2.5; https://fincasandoval.com"
199.58.86.211 - - [30/Jan/2020:08:41:06 +0100] "GET / HTTP/1.1" 200 14422 "-" "Mozilla/5.0 (compatible; MJ12bot/v1.4.8; http://mj12bot.com/)"
199.58.86.211 - - [30/Jan/2020:08:41:10 +0100] "GET /robots.txt HTTP/1.1" 404 4665 "-" "Mozilla/5.0 (compatible; MJ12bot/v1.4.8; http://mj12bot.com/)"
199.58.86.211 - - [30/Jan/2020:08:41:26 +0100] "GET / HTTP/1.1" 301 3611 "-" "Mozilla/5.0 (compatible; MJ12bot/v1.4.8; http://mj12bot.com/)"
199.58.86.211 - - [30/Jan/2020:08:41:29 +0100] "GET / HTTP/1.1" 200 17701 "-" "Mozilla/5.0 (compatible; MJ12bot/v1.4.8; http://mj12bot.com/)"
66.249.64.92 - - [30/Jan/2020:08:44:57 +0100] "GET /robots.txt HTTP/1.1" 404 4665 "-" "Mozilla/5.0 (compatible; Googlebot/2.1; +http://www.google.com/bot.html)"
89.248.107.232 - - [30/Jan/2020:08:44:58 +0100] "POST /wp-cron.php?doing_wp_cron=1580370298.4758219718933105468750 HTTP/1.1" 200 1860 "-" "WordPress/5.2.5; https://fincasandoval.com"
66.249.64.94 - - [30/Jan/2020:08:44:58 +0100] "GET / HTTP/1.1" 200 17757 "-" "Mozilla/5.0 (Linux; Android 6.0.1; Nexus 5X Build/MMB29P) AppleWebKit/537.36 (KHTML, like Gecko) Chrome/41.0.2272.96 Mobile Safari/537.36 (compatible; Googlebot/2.1; +http://www.google.com/bot.html)"
193.106.30.99 - - [30/Jan/2020:08:50:00 +0100] "POST /cli/garbagecron.php HTTP/1.1" 404 4665 "-" "Mozilla/5.0 (Windows NT 6.1; Win64; x64) AppleWebKit/537.36 (KHTML, like Gecko) Chrome/73.0.3683.103 Safari/537.36"
3.214.209.95 - - [30/Jan/2020:08:56:05 +0100] "GET /ads.txt HTTP/1.1" 404 4470 "-" "Mozilla/5.0 (Macintosh; Intel Mac OS X 10_12_6) AppleWebKit/537.36 (KHTML, like Gecko) Chrome/63.0.3239.84 Safari/537.36"
3.214.209.95 - - [30/Jan/2020:08:56:06 +0100] "GET /ads.txt HTTP/1.1" 404 4470 "-" "Mozilla/5.0 (Macintosh; Intel Mac OS X 10_12_6) AppleWebKit/537.36 (KHTML, like Gecko) Chrome/63.0.3239.84 Safari/537.36"
89.248.107.232 - - [30/Jan/2020:09:20:46 +0100] "POST /wp-cron.php?doing_wp_cron=1580372446.9577500820159912109375 HTTP/1.1" 200 1860 "-" "WordPress/5.2.5; https://fincasandoval.com"
23.102.50.91 - - [30/Jan/2020:09:20:46 +0100] "GET /wp-login.php HTTP/1.1" 200 6587 "-" "Mozilla/5.0 (X11; Ubuntu; Linux x86_64; rv:62.0) Gecko/20100101 Firefox/62.0"
23.102.50.91 - - [30/Jan/2020:09:20:47 +0100] "POST /wp-login.php HTTP/1.1" 200 7562 "-" "Mozilla/5.0 (X11; Ubuntu; Linux x86_64; rv:62.0) Gecko/20100101 Firefox/62.0"
23.102.50.91 - - [30/Jan/2020:09:20:48 +0100] "GET /wp-login.php HTTP/1.1" 200 6587 "-" "Mozilla/5.0 (X11; Ubuntu; Linux x86_64; rv:62.0) Gecko/20100101 Firefox/62.0"
23.102.50.91 - - [30/Jan/2020:09:20:49 +0100] "POST /wp-login.php HTTP/1.1" 200 7443 "-" "Mozilla/5.0 (X11; Ubuntu; Linux x86_64; rv:62.0) Gecko/20100101 Firefox/62.0"
193.106.30.99 - - [30/Jan/2020:09:54:31 +0100] "POST /assets/images/accesson.php HTTP/1.1" 404 4665 "-" "Mozilla/5.0 (Windows NT 6.1; Win64; x64) AppleWebKit/537.36 (KHTML, like Gecko) Chrome/73.0.3683.103 Safari/537.36"
183.181.88.137 - - [30/Jan/2020:10:18:03 +0100] "GET /wp-login.php HTTP/1.1" 200 6587 "http://fincasandoval.com/wp-login.php" "Mozilla/5.0 (X11; Ubuntu; Linux x86_64; rv:62.0) Gecko/20100101 Firefox/62.0"
89.248.107.232 - - [30/Jan/2020:10:18:03 +0100] "POST /wp-cron.php?doing_wp_cron=1580375883.2491888999938964843750 HTTP/1.1" 200 1860 "-" "WordPress/5.2.5; https://fincasandoval.com"
183.181.88.137 - - [30/Jan/2020:10:18:04 +0100] "GET /?author=1 HTTP/1.1" 200 13070 "http://fincasandoval.com///?author=1" "Mozilla/5.0 (X11; Ubuntu; Linux x86_64; rv:62.0) Gecko/20100101 Firefox/62.0"
183.181.88.137 - - [30/Jan/2020:10:18:06 +0100] "GET /wp-json/wp/v2/users/ HTTP/1.1" 404 4433 "http://fincasandoval.com///wp-json/wp/v2/users/" "Mozilla/5.0 (X11; Ubuntu; Linux x86_64; rv:62.0) Gecko/20100101 Firefox/62.0"
183.181.88.137 - - [30/Jan/2020:10:18:08 +0100] "GET /?author=2 HTTP/1.1" 404 13157 "http://fincasandoval.com///?author=2" "Mozilla/5.0 (X11; Ubuntu; Linux x86_64; rv:62.0) Gecko/20100101 Firefox/62.0"
193.106.30.99 - - [30/Jan/2020:10:29:19 +0100] "POST /components/com_banners/models/banner.php HTTP/1.1" 404 4665 "-" "Mozilla/5.0 (Windows NT 6.1; Win64; x64) AppleWebKit/537.36 (KHTML, like Gecko) Chrome/73.0.3683.103 Safari/537.36"
185.86.164.111 - - [30/Jan/2020:10:38:05 +0100] "GET /wp-login.php HTTP/1.1" 200 7045 "-" "Mozilla/5.0 (Windows NT 10.0; WOW64) AppleWebKit/537.36 (KHTML, like Gecko) Chrome/51.0.2704.103 Safari/537.36"
185.86.164.111 - - [30/Jan/2020:10:38:05 +0100] "POST /wp-login.php HTTP/1.1" 200 4633 "https://fincasandoval.com/wp-login.php" "Mozilla/5.0 (Windows NT 10.0; WOW64) AppleWebKit/537.36 (KHTML, like Gecko) Chrome/51.0.2704.103 Safari/537.36"
89.248.107.232 - - [30/Jan/2020:10:49:29 +0100] "POST /wp-cron.php?doing_wp_cron=1580377769.4288649559020996093750 HTTP/1.1" 200 1860 "-" "WordPress/5.2.5; https://fincasandoval.com"
125.161.138.192 - - [30/Jan/2020:10:49:28 +0100] "GET /wp-login.php HTTP/1.1" 200 6587 "-" "Mozilla/5.0 (X11; Ubuntu; Linux x86_64; rv:62.0) Gecko/20100101 Firefox/62.0"
193.106.30.99 - - [30/Jan/2020:10:54:10 +0100] "POST /templates/protostar/html/modules.php HTTP/1.1" 404 4665 "-" "Mozilla/5.0 (Windows NT 6.1; Win64; x64) AppleWebKit/537.36 (KHTML, like Gecko) Chrome/73.0.3683.103 Safari/537.36"
88.21.213.35 - - [30/Jan/2020:10:55:30 +0100] "GET / HTTP/1.1" 200 17562 "https://www.google.com/" "Mozilla/5.0 (Macintosh; Intel Mac OS X 10_15_2) AppleWebKit/605.1.15 (KHTML, like Gecko) Version/13.0.4 Safari/605.1.15"
88.21.213.35 - - [30/Jan/2020:10:55:31 +0100] "GET /wp-includes/css/dist/block-library/style.min.css?ver=5.2.5 HTTP/1.1" 200 29676 "https://fincasandoval.com/" "Mozilla/5.0 (Macintosh; Intel Mac OS X 10_15_2) AppleWebKit/605.1.15 (KHTML, like Gecko) Version/13.0.4 Safari/605.1.15"
88.21.213.35 - - [30/Jan/2020:10:55:31 +0100] "GET /wp-content/themes/book-lite/style.css?ver=5.2.5 HTTP/1.1" 200 21109 "https://fincasandoval.com/" "Mozilla/5.0 (Macintosh; Intel Mac OS X 10_15_2) AppleWebKit/605.1.15 (KHTML, like Gecko) Version/13.0.4 Safari/605.1.15"
88.21.213.35 - - [30/Jan/2020:10:55:31 +0100] "GET /wp-content/themes/book-lite/js/small-menu.js?ver=20120206 HTTP/1.1" 200 1623 "https://fincasandoval.com/" "Mozilla/5.0 (Macintosh; Intel Mac OS X 10_15_2) AppleWebKit/605.1.15 (KHTML, like Gecko) Version/13.0.4 Safari/605.1.15"
88.21.213.35 - - [30/Jan/2020:10:55:31 +0100] "GET /wp-content/themes/book-lite/js/script.js?ver=1.0 HTTP/1.1" 200 624 "https://fincasandoval.com/" "Mozilla/5.0 (Macintosh; Intel Mac OS X 10_15_2) AppleWebKit/605.1.15 (KHTML, like Gecko) Version/13.0.4 Safari/605.1.15"
88.21.213.35 - - [30/Jan/2020:10:55:31 +0100] "GET /wp-includes/js/wp-embed.min.js?ver=5.2.5 HTTP/1.1" 200 1767 "https://fincasandoval.com/" "Mozilla/5.0 (Macintosh; Intel Mac OS X 10_15_2) AppleWebKit/605.1.15 (KHTML, like Gecko) Version/13.0.4 Safari/605.1.15"
88.21.213.35 - - [30/Jan/2020:10:55:31 +0100] "GET /wp-includes/js/jquery/jquery-migrate.min.js?ver=1.4.1 HTTP/1.1" 200 13507 "https://fincasandoval.com/" "Mozilla/5.0 (Macintosh; Intel Mac OS X 10_15_2) AppleWebKit/605.1.15 (KHTML, like Gecko) Version/13.0.4 Safari/605.1.15"
88.21.213.35 - - [30/Jan/2020:10:55:31 +0100] "GET /wp-content/uploads/2017/05/vs-2016.jpg HTTP/1.1" 200 28931 "https://fincasandoval.com/" "Mozilla/5.0 (Macintosh; Intel Mac OS X 10_15_2) AppleWebKit/605.1.15 (KHTML, like Gecko) Version/13.0.4 Safari/605.1.15"
88.21.213.35 - - [30/Jan/2020:10:55:31 +0100] "GET /wp-includes/js/jquery/jquery.js?ver=1.12.4-wp HTTP/1.1" 200 100470 "https://fincasandoval.com/" "Mozilla/5.0 (Macintosh; Intel Mac OS X 10_15_2) AppleWebKit/605.1.15 (KHTML, like Gecko) Version/13.0.4 Safari/605.1.15"
88.21.213.35 - - [30/Jan/2020:10:55:31 +0100] "GET /wp-content/themes/book-lite/images/break.png HTTP/1.1" 200 951 "https://fincasandoval.com/" "Mozilla/5.0 (Macintosh; Intel Mac OS X 10_15_2) AppleWebKit/605.1.15 (KHTML, like Gecko) Version/13.0.4 Safari/605.1.15"
88.21.213.35 - - [30/Jan/2020:10:55:31 +0100] "GET /wp-content/themes/book-lite/images/nav-bg.png HTTP/1.1" 200 458 "https://fincasandoval.com/" "Mozilla/5.0 (Macintosh; Intel Mac OS X 10_15_2) AppleWebKit/605.1.15 (KHTML, like Gecko) Version/13.0.4 Safari/605.1.15"
88.21.213.35 - - [30/Jan/2020:10:55:31 +0100] "GET /wp-content/themes/book-lite/images/diamond-white.png HTTP/1.1" 200 565 "https://fincasandoval.com/" "Mozilla/5.0 (Macintosh; Intel Mac OS X 10_15_2) AppleWebKit/605.1.15 (KHTML, like Gecko) Version/13.0.4 Safari/605.1.15"
88.21.213.35 - - [30/Jan/2020:10:55:31 +0100] "GET /wp-content/uploads/2019/09/cropped-header-1.jpg HTTP/1.1" 200 45807 "https://fincasandoval.com/" "Mozilla/5.0 (Macintosh; Intel Mac OS X 10_15_2) AppleWebKit/605.1.15 (KHTML, like Gecko) Version/13.0.4 Safari/605.1.15"
88.21.213.35 - - [30/Jan/2020:10:55:31 +0100] "GET /wp-content/uploads/2014/11/fs-1.jpg?w=625 HTTP/1.1" 200 642681 "https://fincasandoval.com/" "Mozilla/5.0 (Macintosh; Intel Mac OS X 10_15_2) AppleWebKit/605.1.15 (KHTML, like Gecko) Version/13.0.4 Safari/605.1.15"
88.21.213.35 - - [30/Jan/2020:10:55:31 +0100] "GET /favicon.ico HTTP/1.1" 200 8882 "https://fincasandoval.com/" "Mozilla/5.0 (Macintosh; Intel Mac OS X 10_15_2) AppleWebKit/605.1.15 (KHTML, like Gecko) Version/13.0.4 Safari/605.1.15"
88.21.213.35 - - [30/Jan/2020:10:55:41 +0100] "GET /?page_id=10 HTTP/1.1" 200 16566 "https://fincasandoval.com/" "Mozilla/5.0 (Macintosh; Intel Mac OS X 10_15_2) AppleWebKit/605.1.15 (KHTML, like Gecko) Version/13.0.4 Safari/605.1.15"
89.248.107.232 - - [30/Jan/2020:10:56:12 +0100] "POST /wp-cron.php?doing_wp_cron=1580378172.1587779521942138671875 HTTP/1.1" 200 1860 "-" "WordPress/5.2.5; https://fincasandoval.com"
88.21.213.35 - - [30/Jan/2020:10:56:12 +0100] "GET /?page_id=10 HTTP/1.1" 200 19513 "https://fincasandoval.com/" "Mozilla/5.0 (Macintosh; Intel Mac OS X 10_15_2) AppleWebKit/605.1.15 (KHTML, like Gecko) Version/13.0.4 Safari/605.1.15"
88.21.213.35 - - [30/Jan/2020:10:56:12 +0100] "GET /wp-content/uploads/2014/11/fs-3-300x169.jpg HTTP/1.1" 200 25280 "https://fincasandoval.com/?page_id=10" "Mozilla/5.0 (Macintosh; Intel Mac OS X 10_15_2) AppleWebKit/605.1.15 (KHTML, like Gecko) Version/13.0.4 Safari/605.1.15"
88.21.213.35 - - [30/Jan/2020:10:56:12 +0100] "GET /wp-content/uploads/2014/11/fs-4-300x169.jpg HTTP/1.1" 200 30676 "https://fincasandoval.com/?page_id=10" "Mozilla/5.0 (Macintosh; Intel Mac OS X 10_15_2) AppleWebKit/605.1.15 (KHTML, like Gecko) Version/13.0.4 Safari/605.1.15"
88.21.213.35 - - [30/Jan/2020:10:56:12 +0100] "GET /wp-content/uploads/2014/11/fs-2.jpg?w=625 HTTP/1.1" 200 5413372 "https://fincasandoval.com/?page_id=10" "Mozilla/5.0 (Macintosh; Intel Mac OS X 10_15_2) AppleWebKit/605.1.15 (KHTML, like Gecko) Version/13.0.4 Safari/605.1.15"
103.82.235.2 - - [30/Jan/2020:11:22:58 +0100] "GET /wp-content/plugins/CCSlider/includes/upload.php HTTP/1.1" 404 4444 "http://www.google.com/" "Mozilla/5.0 (Windows NT 6.1; Win64; x64) AppleWebKit/537.36 (KHTML, like Gecko) Chrome/56.0.2896.3 Safari/537.36"
195.135.248.53 - - [30/Jan/2020:11:23:32 +0100] "GET / HTTP/1.1" 200 17757 "https://www.google.com/" "Mozilla/5.0 (Linux; Android 9; ONEPLUS A5000) AppleWebKit/537.36 (KHTML, like Gecko) Chrome/79.0.3945.136 Mobile Safari/537.36"
195.135.248.53 - - [30/Jan/2020:11:23:32 +0100] "GET /wp-includes/css/dist/block-library/style.min.css?ver=5.2.5 HTTP/1.1" 200 29676 "https://fincasandoval.com/" "Mozilla/5.0 (Linux; Android 9; ONEPLUS A5000) AppleWebKit/537.36 (KHTML, like Gecko) Chrome/79.0.3945.136 Mobile Safari/537.36"
195.135.248.53 - - [30/Jan/2020:11:23:32 +0100] "GET /wp-content/themes/book-lite/style.css?ver=5.2.5 HTTP/1.1" 200 21109 "https://fincasandoval.com/" "Mozilla/5.0 (Linux; Android 9; ONEPLUS A5000) AppleWebKit/537.36 (KHTML, like Gecko) Chrome/79.0.3945.136 Mobile Safari/537.36"
195.135.248.53 - - [30/Jan/2020:11:23:32 +0100] "GET /wp-includes/js/jquery/jquery-migrate.min.js?ver=1.4.1 HTTP/1.1" 200 10560 "https://fincasandoval.com/" "Mozilla/5.0 (Linux; Android 9; ONEPLUS A5000) AppleWebKit/537.36 (KHTML, like Gecko) Chrome/79.0.3945.136 Mobile Safari/537.36"
195.135.248.53 - - [30/Jan/2020:11:23:32 +0100] "GET /wp-content/themes/book-lite/js/script.js?ver=1.0 HTTP/1.1" 200 762 "https://fincasandoval.com/" "Mozilla/5.0 (Linux; Android 9; ONEPLUS A5000) AppleWebKit/537.36 (KHTML, like Gecko) Chrome/79.0.3945.136 Mobile Safari/537.36"
195.135.248.53 - - [30/Jan/2020:11:23:32 +0100] "GET /wp-content/themes/book-lite/js/small-menu.js?ver=20120206 HTTP/1.1" 200 1623 "https://fincasandoval.com/" "Mozilla/5.0 (Linux; Android 9; ONEPLUS A5000) AppleWebKit/537.36 (KHTML, like Gecko) Chrome/79.0.3945.136 Mobile Safari/537.36"
195.135.248.53 - - [30/Jan/2020:11:23:32 +0100] "GET /wp-includes/js/wp-embed.min.js?ver=5.2.5 HTTP/1.1" 200 1905 "https://fincasandoval.com/" "Mozilla/5.0 (Linux; Android 9; ONEPLUS A5000) AppleWebKit/537.36 (KHTML, like Gecko) Chrome/79.0.3945.136 Mobile Safari/537.36"
195.135.248.53 - - [30/Jan/2020:11:23:32 +0100] "GET /wp-includes/js/jquery/jquery.js?ver=1.12.4-wp HTTP/1.1" 200 97523 "https://fincasandoval.com/" "Mozilla/5.0 (Linux; Android 9; ONEPLUS A5000) AppleWebKit/537.36 (KHTML, like Gecko) Chrome/79.0.3945.136 Mobile Safari/537.36"
195.135.248.53 - - [30/Jan/2020:11:23:32 +0100] "GET /wp-includes/js/wp-emoji-release.min.js?ver=5.2.5 HTTP/1.1" 200 14206 "https://fincasandoval.com/" "Mozilla/5.0 (Linux; Android 9; ONEPLUS A5000) AppleWebKit/537.36 (KHTML, like Gecko) Chrome/79.0.3945.136 Mobile Safari/537.36"
195.135.248.53 - - [30/Jan/2020:11:23:33 +0100] "GET /wp-content/uploads/2019/09/cropped-header-1.jpg HTTP/1.1" 200 45807 "https://fincasandoval.com/" "Mozilla/5.0 (Linux; Android 9; ONEPLUS A5000) AppleWebKit/537.36 (KHTML, like Gecko) Chrome/79.0.3945.136 Mobile Safari/537.36"
195.135.248.53 - - [30/Jan/2020:11:23:33 +0100] "GET /wp-content/uploads/2017/05/vs-2016.jpg HTTP/1.1" 200 25846 "https://fincasandoval.com/" "Mozilla/5.0 (Linux; Android 9; ONEPLUS A5000) AppleWebKit/537.36 (KHTML, like Gecko) Chrome/79.0.3945.136 Mobile Safari/537.36"
195.135.248.53 - - [30/Jan/2020:11:23:33 +0100] "GET /wp-content/themes/book-lite/images/diamond-white.png HTTP/1.1" 200 565 "https://fincasandoval.com/wp-content/themes/book-lite/style.css?ver=5.2.5" "Mozilla/5.0 (Linux; Android 9; ONEPLUS A5000) AppleWebKit/537.36 (KHTML, like Gecko) Chrome/79.0.3945.136 Mobile Safari/537.36"
195.135.248.53 - - [30/Jan/2020:11:23:33 +0100] "GET /wp-content/themes/book-lite/images/break.png HTTP/1.1" 200 951 "https://fincasandoval.com/wp-content/themes/book-lite/style.css?ver=5.2.5" "Mozilla/5.0 (Linux; Android 9; ONEPLUS A5000) AppleWebKit/537.36 (KHTML, like Gecko) Chrome/79.0.3945.136 Mobile Safari/537.36"
195.135.248.53 - - [30/Jan/2020:11:23:33 +0100] "GET /wp-content/uploads/2014/11/fs-1.jpg?w=625 HTTP/1.1" 200 639596 "https://fincasandoval.com/" "Mozilla/5.0 (Linux; Android 9; ONEPLUS A5000) AppleWebKit/537.36 (KHTML, like Gecko) Chrome/79.0.3945.136 Mobile Safari/537.36"
195.135.248.53 - - [30/Jan/2020:11:23:33 +0100] "GET /favicon.ico HTTP/1.1" 200 5797 "https://fincasandoval.com/" "Mozilla/5.0 (Linux; Android 9; ONEPLUS A5000) AppleWebKit/537.36 (KHTML, like Gecko) Chrome/79.0.3945.136 Mobile Safari/537.36"
45.55.38.241 - - [30/Jan/2020:11:26:40 +0100] "GET / HTTP/1.0" 200 9640 "-" "Mozilla/5.0 (compatible; NetcraftSurveyAgent/1.0; +info@netcraft.com)"
89.248.107.232 - - [30/Jan/2020:12:33:30 +0100] "POST /wp-cron.php?doing_wp_cron=1580384010.1351609230041503906250 HTTP/1.1" 200 1860 "-" "WordPress/5.2.5; https://fincasandoval.com"
106.11.159.142 - - [30/Jan/2020:12:33:29 +0100] "GET / HTTP/1.1" 200 15882 "-" "YisouSpider"
42.156.137.109 - - [30/Jan/2020:12:33:32 +0100] "GET /wp-includes/js/jquery/jquery-migrate.min.js?ver=1.4.1 HTTP/1.1" 200 13670 "https://fincasandoval.com/" "Mozilla/5.0 (Windows NT 6.1; Win64; x64) AppleWebKit/537.36 (KHTML, like Gecko) Chrome/69.0.3497.81 YisouSpider/5.0 Safari/537.36"
106.11.157.103 - - [30/Jan/2020:12:33:33 +0100] "GET /wp-content/themes/book-lite/js/script.js?ver=1.0 HTTP/1.1" 200 3872 "https://fincasandoval.com/" "Mozilla/5.0 (Windows NT 6.1; Win64; x64) AppleWebKit/537.36 (KHTML, like Gecko) Chrome/69.0.3497.81 YisouSpider/5.0 Safari/537.36"
42.156.139.108 - - [30/Jan/2020:12:33:33 +0100] "GET /wp-content/themes/book-lite/style.css?ver=5.2.5 HTTP/1.1" 200 24219 "https://fincasandoval.com/" "Mozilla/5.0 (Windows NT 6.1; Win64; x64) AppleWebKit/537.36 (KHTML, like Gecko) Chrome/69.0.3497.81 YisouSpider/5.0 Safari/537.36"
106.11.152.100 - - [30/Jan/2020:12:33:33 +0100] "GET /wp-content/themes/book-lite/js/small-menu.js?ver=20120206 HTTP/1.1" 200 4871 "https://fincasandoval.com/" "Mozilla/5.0 (Windows NT 6.1; Win64; x64) AppleWebKit/537.36 (KHTML, like Gecko) Chrome/69.0.3497.81 YisouSpider/5.0 Safari/537.36"
106.11.153.125 - - [30/Jan/2020:12:33:33 +0100] "GET /wp-includes/js/jquery/jquery.js?ver=1.12.4-wp HTTP/1.1" 200 100633 "https://fincasandoval.com/" "Mozilla/5.0 (Windows NT 6.1; Win64; x64) AppleWebKit/537.36 (KHTML, like Gecko) Chrome/69.0.3497.81 YisouSpider/5.0 Safari/537.36"
42.156.137.107 - - [30/Jan/2020:12:33:34 +0100] "GET /wp-includes/css/dist/block-library/style.min.css?ver=5.2.5 HTTP/1.1" 200 32924 "https://fincasandoval.com/" "Mozilla/5.0 (Windows NT 6.1; Win64; x64) AppleWebKit/537.36 (KHTML, like Gecko) Chrome/69.0.3497.81 YisouSpider/5.0 Safari/537.36"
106.11.156.109 - - [30/Jan/2020:12:33:34 +0100] "GET /wp-includes/js/wp-emoji-release.min.js?ver=5.2.5 HTTP/1.1" 200 17454 "https://fincasandoval.com/" "Mozilla/5.0 (Windows NT 6.1; Win64; x64) AppleWebKit/537.36 (KHTML, like Gecko) Chrome/69.0.3497.81 YisouSpider/5.0 Safari/537.36"
42.156.138.94 - - [30/Jan/2020:12:33:35 +0100] "GET /wp-includes/js/wp-embed.min.js?ver=5.2.5 HTTP/1.1" 200 5015 "https://fincasandoval.com/" "Mozilla/5.0 (Windows NT 6.1; Win64; x64) AppleWebKit/537.36 (KHTML, like Gecko) Chrome/69.0.3497.81 YisouSpider/5.0 Safari/537.36"
77.75.79.109 - - [30/Jan/2020:12:46:23 +0100] "GET /robots.txt HTTP/1.1" 404 4670 "-" "Mozilla/5.0 (compatible; SeznamBot/3.2; +http://napoveda.seznam.cz/en/seznambot-intro/)"
77.75.79.109 - - [30/Jan/2020:12:46:24 +0100] "GET /wp-content/uploads/2014/11/fs-1.jpg?w=625 HTTP/1.1" 304 3480 "-" "Mozilla/5.0 (compatible; SeznamBot/3.2; +http://napoveda.seznam.cz/en/seznambot-intro/)"
197.247.29.144 - - [30/Jan/2020:12:55:40 +0100] "GET /wp-login.php HTTP/1.1" 200 6587 "-" "Mozilla/5.0 (X11; Ubuntu; Linux x86_64; rv:62.0) Gecko/20100101 Firefox/62.0"
89.248.107.232 - - [30/Jan/2020:12:55:40 +0100] "POST /wp-cron.php?doing_wp_cron=1580385340.2502520084381103515625 HTTP/1.1" 200 1860 "-" "WordPress/5.2.5; https://fincasandoval.com"
197.247.29.144 - - [30/Jan/2020:12:55:40 +0100] "POST /wp-login.php HTTP/1.1" 200 7562 "-" "Mozilla/5.0 (X11; Ubuntu; Linux x86_64; rv:62.0) Gecko/20100101 Firefox/62.0"
197.247.29.144 - - [30/Jan/2020:12:55:41 +0100] "POST /xmlrpc.php HTTP/1.1" 200 3835 "-" "Mozilla/5.0 (X11; Ubuntu; Linux x86_64; rv:62.0) Gecko/20100101 Firefox/62.0"
52.44.119.95 - - [30/Jan/2020:12:56:09 +0100] "GET /ads.txt HTTP/1.1" 404 4470 "-" "Mozilla/5.0 (Macintosh; Intel Mac OS X 10_12_6) AppleWebKit/537.36 (KHTML, like Gecko) Chrome/63.0.3239.84 Safari/537.36"
52.44.119.95 - - [30/Jan/2020:12:56:10 +0100] "GET /ads.txt HTTP/1.1" 404 4470 "-" "Mozilla/5.0 (Macintosh; Intel Mac OS X 10_12_6) AppleWebKit/537.36 (KHTML, like Gecko) Chrome/63.0.3239.84 Safari/537.36"
34.203.227.148 - - [30/Jan/2020:13:10:46 +0100] "GET /ads.txt HTTP/1.1" 404 4470 "-" "AdsTxtCrawler/1.0.2"
89.248.107.232 - - [30/Jan/2020:13:38:52 +0100] "POST /wp-cron.php?doing_wp_cron=1580387932.4396960735321044921875 HTTP/1.1" 200 1860 "-" "WordPress/5.2.5; https://fincasandoval.com"
81.43.250.173 - - [30/Jan/2020:13:38:52 +0100] "GET / HTTP/1.1" 200 17757 "https://www.google.com/" "Mozilla/5.0 (Linux; Android 4.4.2; GT-P5210) AppleWebKit/537.36 (KHTML, like Gecko) Chrome/79.0.3945.136 Safari/537.36"
81.43.250.173 - - [30/Jan/2020:13:38:52 +0100] "GET /wp-includes/css/dist/block-library/style.min.css?ver=5.2.5 HTTP/1.1" 200 29676 "https://fincasandoval.com/" "Mozilla/5.0 (Linux; Android 4.4.2; GT-P5210) AppleWebKit/537.36 (KHTML, like Gecko) Chrome/79.0.3945.136 Safari/537.36"
81.43.250.173 - - [30/Jan/2020:13:38:52 +0100] "GET /wp-content/themes/book-lite/style.css?ver=5.2.5 HTTP/1.1" 200 24251 "https://fincasandoval.com/" "Mozilla/5.0 (Linux; Android 4.4.2; GT-P5210) AppleWebKit/537.36 (KHTML, like Gecko) Chrome/79.0.3945.136 Safari/537.36"
81.43.250.173 - - [30/Jan/2020:13:38:52 +0100] "GET /wp-includes/js/jquery/jquery-migrate.min.js?ver=1.4.1 HTTP/1.1" 200 10560 "https://fincasandoval.com/" "Mozilla/5.0 (Linux; Android 4.4.2; GT-P5210) AppleWebKit/537.36 (KHTML, like Gecko) Chrome/79.0.3945.136 Safari/537.36"
81.43.250.173 - - [30/Jan/2020:13:38:52 +0100] "GET /wp-includes/js/jquery/jquery.js?ver=1.12.4-wp HTTP/1.1" 200 97385 "https://fincasandoval.com/" "Mozilla/5.0 (Linux; Android 4.4.2; GT-P5210) AppleWebKit/537.36 (KHTML, like Gecko) Chrome/79.0.3945.136 Safari/537.36"
81.43.250.173 - - [30/Jan/2020:13:38:53 +0100] "GET /wp-content/uploads/2017/05/vs-2016.jpg HTTP/1.1" 200 25846 "https://fincasandoval.com/" "Mozilla/5.0 (Linux; Android 4.4.2; GT-P5210) AppleWebKit/537.36 (KHTML, like Gecko) Chrome/79.0.3945.136 Safari/537.36"
81.43.250.173 - - [30/Jan/2020:13:38:53 +0100] "GET /wp-content/uploads/2014/11/fs-1.jpg?w=625 HTTP/1.1" 200 639734 "https://fincasandoval.com/" "Mozilla/5.0 (Linux; Android 4.4.2; GT-P5210) AppleWebKit/537.36 (KHTML, like Gecko) Chrome/79.0.3945.136 Safari/537.36"
81.43.250.173 - - [30/Jan/2020:13:38:53 +0100] "GET /wp-content/themes/book-lite/js/small-menu.js?ver=20120206 HTTP/1.1" 200 1623 "https://fincasandoval.com/" "Mozilla/5.0 (Linux; Android 4.4.2; GT-P5210) AppleWebKit/537.36 (KHTML, like Gecko) Chrome/79.0.3945.136 Safari/537.36"
81.43.250.173 - - [30/Jan/2020:13:38:53 +0100] "GET /wp-content/themes/book-lite/js/script.js?ver=1.0 HTTP/1.1" 200 624 "https://fincasandoval.com/" "Mozilla/5.0 (Linux; Android 4.4.2; GT-P5210) AppleWebKit/537.36 (KHTML, like Gecko) Chrome/79.0.3945.136 Safari/537.36"
81.43.250.173 - - [30/Jan/2020:13:38:53 +0100] "GET /wp-includes/js/wp-embed.min.js?ver=5.2.5 HTTP/1.1" 200 1767 "https://fincasandoval.com/" "Mozilla/5.0 (Linux; Android 4.4.2; GT-P5210) AppleWebKit/537.36 (KHTML, like Gecko) Chrome/79.0.3945.136 Safari/537.36"
81.43.250.173 - - [30/Jan/2020:13:38:53 +0100] "GET /wp-includes/js/wp-emoji-release.min.js?ver=5.2.5 HTTP/1.1" 200 14206 "https://fincasandoval.com/" "Mozilla/5.0 (Linux; Android 4.4.2; GT-P5210) AppleWebKit/537.36 (KHTML, like Gecko) Chrome/79.0.3945.136 Safari/537.36"
81.43.250.173 - - [30/Jan/2020:13:38:53 +0100] "GET /wp-content/themes/book-lite/images/nav-bg.png HTTP/1.1" 200 458 "https://fincasandoval.com/wp-content/themes/book-lite/style.css?ver=5.2.5" "Mozilla/5.0 (Linux; Android 4.4.2; GT-P5210) AppleWebKit/537.36 (KHTML, like Gecko) Chrome/79.0.3945.136 Safari/537.36"
81.43.250.173 - - [30/Jan/2020:13:38:53 +0100] "GET /wp-content/themes/book-lite/images/diamond-white.png HTTP/1.1" 200 565 "https://fincasandoval.com/wp-content/themes/book-lite/style.css?ver=5.2.5" "Mozilla/5.0 (Linux; Android 4.4.2; GT-P5210) AppleWebKit/537.36 (KHTML, like Gecko) Chrome/79.0.3945.136 Safari/537.36"
81.43.250.173 - - [30/Jan/2020:13:38:53 +0100] "GET /wp-content/themes/book-lite/images/break.png HTTP/1.1" 200 951 "https://fincasandoval.com/wp-content/themes/book-lite/style.css?ver=5.2.5" "Mozilla/5.0 (Linux; Android 4.4.2; GT-P5210) AppleWebKit/537.36 (KHTML, like Gecko) Chrome/79.0.3945.136 Safari/537.36"
81.43.250.173 - - [30/Jan/2020:13:38:53 +0100] "GET /wp-content/uploads/2019/09/cropped-header-1.jpg HTTP/1.1" 200 45807 "https://fincasandoval.com/" "Mozilla/5.0 (Linux; Android 4.4.2; GT-P5210) AppleWebKit/537.36 (KHTML, like Gecko) Chrome/79.0.3945.136 Safari/537.36"
81.43.250.173 - - [30/Jan/2020:13:38:53 +0100] "GET /favicon.ico HTTP/1.1" 200 5797 "https://fincasandoval.com/" "Mozilla/5.0 (Linux; Android 4.4.2; GT-P5210) AppleWebKit/537.36 (KHTML, like Gecko) Chrome/79.0.3945.136 Safari/537.36"
89.248.107.232 - - [30/Jan/2020:13:43:01 +0100] "POST /wp-cron.php?doing_wp_cron=1580388181.3942511081695556640625 HTTP/1.1" 200 1860 "-" "WordPress/5.2.5; https://fincasandoval.com"
176.83.47.250 - - [30/Jan/2020:13:43:01 +0100] "GET / HTTP/1.1" 200 17562 "https://www.google.es/" "Mozilla/5.0 (iPhone; CPU iPhone OS 13_3 like Mac OS X) AppleWebKit/605.1.15 (KHTML, like Gecko) Version/13.0.4 Mobile/15E148 Safari/604.1"
176.83.47.250 - - [30/Jan/2020:13:43:01 +0100] "GET /wp-includes/css/dist/block-library/style.min.css?ver=5.2.5 HTTP/1.1" 200 29676 "https://fincasandoval.com/" "Mozilla/5.0 (iPhone; CPU iPhone OS 13_3 like Mac OS X) AppleWebKit/605.1.15 (KHTML, like Gecko) Version/13.0.4 Mobile/15E148 Safari/604.1"
176.83.47.250 - - [30/Jan/2020:13:43:01 +0100] "GET /wp-content/themes/book-lite/js/small-menu.js?ver=20120206 HTTP/1.1" 200 1623 "https://fincasandoval.com/" "Mozilla/5.0 (iPhone; CPU iPhone OS 13_3 like Mac OS X) AppleWebKit/605.1.15 (KHTML, like Gecko) Version/13.0.4 Mobile/15E148 Safari/604.1"
176.83.47.250 - - [30/Jan/2020:13:43:01 +0100] "GET /wp-content/themes/book-lite/style.css?ver=5.2.5 HTTP/1.1" 200 21109 "https://fincasandoval.com/" "Mozilla/5.0 (iPhone; CPU iPhone OS 13_3 like Mac OS X) AppleWebKit/605.1.15 (KHTML, like Gecko) Version/13.0.4 Mobile/15E148 Safari/604.1"
176.83.47.250 - - [30/Jan/2020:13:43:01 +0100] "GET /wp-content/themes/book-lite/js/script.js?ver=1.0 HTTP/1.1" 200 624 "https://fincasandoval.com/" "Mozilla/5.0 (iPhone; CPU iPhone OS 13_3 like Mac OS X) AppleWebKit/605.1.15 (KHTML, like Gecko) Version/13.0.4 Mobile/15E148 Safari/604.1"
176.83.47.250 - - [30/Jan/2020:13:43:01 +0100] "GET /wp-includes/js/wp-embed.min.js?ver=5.2.5 HTTP/1.1" 200 1767 "https://fincasandoval.com/" "Mozilla/5.0 (iPhone; CPU iPhone OS 13_3 like Mac OS X) AppleWebKit/605.1.15 (KHTML, like Gecko) Version/13.0.4 Mobile/15E148 Safari/604.1"
176.83.47.250 - - [30/Jan/2020:13:43:01 +0100] "GET /wp-includes/js/jquery/jquery-migrate.min.js?ver=1.4.1 HTTP/1.1" 200 13507 "https://fincasandoval.com/" "Mozilla/5.0 (iPhone; CPU iPhone OS 13_3 like Mac OS X) AppleWebKit/605.1.15 (KHTML, like Gecko) Version/13.0.4 Mobile/15E148 Safari/604.1"
176.83.47.250 - - [30/Jan/2020:13:43:01 +0100] "GET /wp-includes/js/jquery/jquery.js?ver=1.12.4-wp HTTP/1.1" 200 100470 "https://fincasandoval.com/" "Mozilla/5.0 (iPhone; CPU iPhone OS 13_3 like Mac OS X) AppleWebKit/605.1.15 (KHTML, like Gecko) Version/13.0.4 Mobile/15E148 Safari/604.1"
176.83.47.250 - - [30/Jan/2020:13:43:01 +0100] "GET /wp-content/uploads/2017/05/vs-2016.jpg HTTP/1.1" 200 25846 "https://fincasandoval.com/" "Mozilla/5.0 (iPhone; CPU iPhone OS 13_3 like Mac OS X) AppleWebKit/605.1.15 (KHTML, like Gecko) Version/13.0.4 Mobile/15E148 Safari/604.1"
176.83.47.250 - - [30/Jan/2020:13:43:01 +0100] "GET /wp-content/uploads/2014/11/fs-1.jpg?w=625 HTTP/1.1" 200 639596 "https://fincasandoval.com/" "Mozilla/5.0 (iPhone; CPU iPhone OS 13_3 like Mac OS X) AppleWebKit/605.1.15 (KHTML, like Gecko) Version/13.0.4 Mobile/15E148 Safari/604.1"
176.83.47.250 - - [30/Jan/2020:13:43:02 +0100] "GET /wp-content/uploads/2019/09/cropped-header-1.jpg HTTP/1.1" 200 45807 "https://fincasandoval.com/" "Mozilla/5.0 (iPhone; CPU iPhone OS 13_3 like Mac OS X) AppleWebKit/605.1.15 (KHTML, like Gecko) Version/13.0.4 Mobile/15E148 Safari/604.1"
176.83.47.250 - - [30/Jan/2020:13:43:02 +0100] "GET /wp-content/themes/book-lite/images/diamond-white.png HTTP/1.1" 200 565 "https://fincasandoval.com/" "Mozilla/5.0 (iPhone; CPU iPhone OS 13_3 like Mac OS X) AppleWebKit/605.1.15 (KHTML, like Gecko) Version/13.0.4 Mobile/15E148 Safari/604.1"
176.83.47.250 - - [30/Jan/2020:13:43:02 +0100] "GET /wp-content/themes/book-lite/images/nav-bg.png HTTP/1.1" 200 458 "https://fincasandoval.com/" "Mozilla/5.0 (iPhone; CPU iPhone OS 13_3 like Mac OS X) AppleWebKit/605.1.15 (KHTML, like Gecko) Version/13.0.4 Mobile/15E148 Safari/604.1"
