89.248.107.232 - - [25/Jan/2020:23:53:12 +0100] "POST /wp-cron.php?doing_wp_cron=1579992792.1808021068572998046875 HTTP/1.1" 200 1860 "-" "WordPress/5.2.5; https://fincasandoval.com"
134.209.241.87 - - [25/Jan/2020:23:53:12 +0100] "POST /wp-login.php HTTP/1.1" 200 7562 "-" "Mozilla/5.0 (X11; Ubuntu; Linux x86_64; rv:62.0) Gecko/20100101 Firefox/62.0"
134.209.241.87 - - [25/Jan/2020:23:53:12 +0100] "GET /wp-login.php HTTP/1.1" 200 6587 "-" "Mozilla/5.0 (X11; Ubuntu; Linux x86_64; rv:62.0) Gecko/20100101 Firefox/62.0"
134.209.241.87 - - [25/Jan/2020:23:53:12 +0100] "POST /wp-login.php HTTP/1.1" 200 7445 "-" "Mozilla/5.0 (X11; Ubuntu; Linux x86_64; rv:62.0) Gecko/20100101 Firefox/62.0"
62.210.36.166 - - [26/Jan/2020:00:05:48 +0100] "GET /wp-login.php HTTP/1.1" 200 6587 "-" "Mozilla/5.0 (X11; Ubuntu; Linux x86_64; rv:62.0) Gecko/20100101 Firefox/62.0"
89.248.107.232 - - [26/Jan/2020:00:05:48 +0100] "POST /wp-cron.php?doing_wp_cron=1579993548.5601809024810791015625 HTTP/1.1" 200 1860 "-" "WordPress/5.2.5; https://fincasandoval.com"
62.210.36.166 - - [26/Jan/2020:00:05:48 +0100] "POST /wp-login.php HTTP/1.1" 200 7562 "-" "Mozilla/5.0 (X11; Ubuntu; Linux x86_64; rv:62.0) Gecko/20100101 Firefox/62.0"
62.210.36.166 - - [26/Jan/2020:00:05:48 +0100] "POST /xmlrpc.php HTTP/1.1" 200 3835 "-" "Mozilla/5.0 (X11; Ubuntu; Linux x86_64; rv:62.0) Gecko/20100101 Firefox/62.0"
185.85.239.195 - - [26/Jan/2020:00:12:42 +0100] "GET /wp-login.php HTTP/1.1" 200 7045 "-" "Mozilla/5.0 (Windows NT 10.0; WOW64) AppleWebKit/537.36 (KHTML, like Gecko) Chrome/51.0.2704.103 Safari/537.36"
185.85.239.195 - - [26/Jan/2020:00:12:42 +0100] "POST /wp-login.php HTTP/1.1" 200 4633 "https://fincasandoval.com/wp-login.php" "Mozilla/5.0 (Windows NT 10.0; WOW64) AppleWebKit/537.36 (KHTML, like Gecko) Chrome/51.0.2704.103 Safari/537.36"
66.249.64.92 - - [26/Jan/2020:00:22:50 +0100] "GET / HTTP/1.1" 200 17757 "-" "Mozilla/5.0 (Linux; Android 6.0.1; Nexus 5X Build/MMB29P) AppleWebKit/537.36 (KHTML, like Gecko) Chrome/41.0.2272.96 Mobile Safari/537.36 (compatible; Googlebot/2.1; +http://www.google.com/bot.html)"
202.241.208.7 - - [26/Jan/2020:00:30:22 +0100] "GET /ads.txt HTTP/1.1" 404 4670 "-" "Mozilla/5.0 (Windows NT 10.0; Win64; x64) AppleWebKit/537.36 (KHTML, like Gecko) Chrome/68.0.3440.106 Safari/537.36"
157.55.39.17 - - [26/Jan/2020:00:52:50 +0100] "GET /robots.txt HTTP/1.1" 404 4665 "-" "Mozilla/5.0 (compatible; bingbot/2.0; +http://www.bing.com/bingbot.htm)"
3.214.209.95 - - [26/Jan/2020:00:54:19 +0100] "GET /ads.txt HTTP/1.1" 404 4470 "-" "Mozilla/5.0 (Macintosh; Intel Mac OS X 10_12_6) AppleWebKit/537.36 (KHTML, like Gecko) Chrome/63.0.3239.84 Safari/537.36"
3.214.209.95 - - [26/Jan/2020:00:54:19 +0100] "GET /ads.txt HTTP/1.1" 404 4470 "-" "Mozilla/5.0 (Macintosh; Intel Mac OS X 10_12_6) AppleWebKit/537.36 (KHTML, like Gecko) Chrome/63.0.3239.84 Safari/537.36"
89.248.107.232 - - [26/Jan/2020:01:37:39 +0100] "POST /wp-cron.php?doing_wp_cron=1579999059.0051350593566894531250 HTTP/1.1" 200 1860 "-" "WordPress/5.2.5; https://fincasandoval.com"
212.99.44.83 - - [26/Jan/2020:01:37:38 +0100] "GET /?feed=rss2 HTTP/1.1" 200 5417 "-" "UniversalFeedParser/5.1.3 +https://code.google.com/p/feedparser/"
89.248.107.232 - - [26/Jan/2020:01:55:30 +0100] "POST /wp-cron.php?doing_wp_cron=1580000130.6838529109954833984375 HTTP/1.1" 200 1860 "-" "WordPress/5.2.5; https://fincasandoval.com"
178.46.160.203 - - [26/Jan/2020:01:55:30 +0100] "GET / HTTP/1.1" 200 16114 "-" "Mozilla/5.0 (Windows NT 6.1; rv:60.0) Gecko/20100101 Firefox/60.0"
89.248.107.232 - - [26/Jan/2020:01:56:41 +0100] "POST /wp-cron.php?doing_wp_cron=1580000201.0338270664215087890625 HTTP/1.1" 200 1860 "-" "WordPress/5.2.5; https://fincasandoval.com"
93.124.39.2 - - [26/Jan/2020:01:56:40 +0100] "GET / HTTP/1.0" 200 17531 "https://fincasandoval.com/" "Mozilla/5.0 (Windows NT 10.0; Win64; x64) AppleWebKit/537.36 (KHTML, like Gecko) Chrome/67.0.3396.87 Safari/537.36 OPR/54.0.2952.51"
89.248.107.232 - - [26/Jan/2020:02:01:07 +0100] "HEAD / HTTP/1.1" 200 1404 "-" "-"
89.248.107.232 - - [26/Jan/2020:02:01:10 +0100] "HEAD / HTTP/1.1" 200 1404 "-" "-"
159.138.151.4 - - [26/Jan/2020:03:49:36 +0100] "GET /critica HTTP/1.1" 404 4433 "-" "Mozilla/5.0 (Linux; Android 7.0; FRD-AL00 Build/HUAWEIFRD-AL00; wv) AppleWebKit/537.36 (KHTML, like Gecko) Version/4.0 Chrome/53.0.2785.49 Mobile MQQBrowser/6.2 TBS/043602 Safari/537.36 MicroMessenger/6.5.16.1120 NetType/WIFI Language/zh_CN"
136.243.37.219 - - [26/Jan/2020:03:57:16 +0100] "GET /robots.txt HTTP/1.1" 404 4665 "-" "Mozilla/5.0 (compatible; MJ12bot/v1.4.8; http://mj12bot.com/)"
89.248.107.232 - - [26/Jan/2020:03:57:19 +0100] "POST /wp-cron.php?doing_wp_cron=1580007439.4118990898132324218750 HTTP/1.1" 200 1860 "-" "WordPress/5.2.5; https://fincasandoval.com"
136.243.37.219 - - [26/Jan/2020:03:57:18 +0100] "GET / HTTP/1.1" 301 332 "-" "Mozilla/5.0 (compatible; MJ12bot/v1.4.8; http://mj12bot.com/)"
136.243.37.219 - - [26/Jan/2020:03:57:20 +0100] "GET /robots.txt HTTP/1.1" 404 4665 "-" "Mozilla/5.0 (compatible; MJ12bot/v1.4.8; http://mj12bot.com/)"
136.243.37.219 - - [26/Jan/2020:03:57:21 +0100] "GET / HTTP/1.1" 200 14422 "-" "Mozilla/5.0 (compatible; MJ12bot/v1.4.8; http://mj12bot.com/)"
136.243.37.219 - - [26/Jan/2020:03:57:25 +0100] "GET / HTTP/1.1" 301 3611 "-" "Mozilla/5.0 (compatible; MJ12bot/v1.4.8; http://mj12bot.com/)"
136.243.37.219 - - [26/Jan/2020:03:57:27 +0100] "GET / HTTP/1.1" 200 17701 "-" "Mozilla/5.0 (compatible; MJ12bot/v1.4.8; http://mj12bot.com/)"
157.55.39.240 - - [26/Jan/2020:04:07:38 +0100] "GET /contacto/ HTTP/1.1" 404 4665 "-" "Mozilla/5.0 (compatible; bingbot/2.0; +http://www.bing.com/bingbot.htm)"
181.215.88.154 - - [26/Jan/2020:04:27:01 +0100] "GET / HTTP/1.0" 200 17531 "-" "Mozilla/5.0 (Macintosh; Intel Mac OS X 10_13_1) AppleWebKit/537.36 (KHTML, like Gecko) Chrome/65.0.3325.181 Safari/537.36"
185.226.145.58 - - [26/Jan/2020:04:27:03 +0100] "GET /?page_id=41 HTTP/1.0" 200 13040 "http://fincasandoval.com" "Mozilla/5.0 (Macintosh; Intel Mac OS X 10_13_1) AppleWebKit/537.36 (KHTML, like Gecko) Chrome/65.0.3325.181 Safari/537.36"
66.249.64.94 - - [26/Jan/2020:04:28:16 +0100] "GET /contacto/ HTTP/1.1" 404 4665 "-" "Mozilla/5.0 (compatible; Googlebot/2.1; +http://www.google.com/bot.html)"
185.119.81.11 - - [26/Jan/2020:04:39:50 +0100] "GET /wp-login.php HTTP/1.1" 200 7045 "-" "Mozilla/5.0 (Windows NT 10.0; WOW64) AppleWebKit/537.36 (KHTML, like Gecko) Chrome/51.0.2704.103 Safari/537.36"
185.119.81.11 - - [26/Jan/2020:04:39:52 +0100] "POST /wp-login.php HTTP/1.1" 200 4633 "https://fincasandoval.com/wp-login.php" "Mozilla/5.0 (Windows NT 10.0; WOW64) AppleWebKit/537.36 (KHTML, like Gecko) Chrome/51.0.2704.103 Safari/537.36"
3.214.209.95 - - [26/Jan/2020:04:54:23 +0100] "GET /ads.txt HTTP/1.1" 404 4470 "-" "Mozilla/5.0 (Macintosh; Intel Mac OS X 10_12_6) AppleWebKit/537.36 (KHTML, like Gecko) Chrome/63.0.3239.84 Safari/537.36"
3.214.209.95 - - [26/Jan/2020:04:54:24 +0100] "GET /ads.txt HTTP/1.1" 404 4470 "-" "Mozilla/5.0 (Macintosh; Intel Mac OS X 10_12_6) AppleWebKit/537.36 (KHTML, like Gecko) Chrome/63.0.3239.84 Safari/537.36"
66.249.64.16 - - [26/Jan/2020:07:06:28 +0100] "GET /robots.txt HTTP/1.1" 404 4665 "-" "Mozilla/5.0 (compatible; Googlebot/2.1; +http://www.google.com/bot.html)"
89.248.107.232 - - [26/Jan/2020:07:06:30 +0100] "POST /wp-cron.php?doing_wp_cron=1580018790.5843610763549804687500 HTTP/1.1" 200 1860 "-" "WordPress/5.2.5; https://fincasandoval.com"
66.249.64.15 - - [26/Jan/2020:07:06:29 +0100] "GET / HTTP/1.1" 301 3667 "-" "Mozilla/5.0 (Linux; Android 6.0.1; Nexus 5X Build/MMB29P) AppleWebKit/537.36 (KHTML, like Gecko) Chrome/41.0.2272.96 Mobile Safari/537.36 (compatible; Googlebot/2.1; +http://www.google.com/bot.html)"
66.249.64.90 - - [26/Jan/2020:07:06:34 +0100] "GET /wp-includes/js/jquery/jquery-migrate.min.js?ver=1.4.1 HTTP/1.1" 200 13702 "https://fincasandoval.com/" "Mozilla/5.0 (Linux; Android 6.0.1; Nexus 5X Build/MMB29P) AppleWebKit/537.36 (KHTML, like Gecko) Chrome/79.0.3945.120 Mobile Safari/537.36 (compatible; Googlebot/2.1; +http://www.google.com/bot.html)"
66.249.64.90 - - [26/Jan/2020:07:06:34 +0100] "GET /wp-includes/js/jquery/jquery.js?ver=1.12.4-wp HTTP/1.1" 200 97385 "https://fincasandoval.com/" "Mozilla/5.0 (Linux; Android 6.0.1; Nexus 5X Build/MMB29P) AppleWebKit/537.36 (KHTML, like Gecko) Chrome/79.0.3945.120 Mobile Safari/537.36 (compatible; Googlebot/2.1; +http://www.google.com/bot.html)"
66.249.64.90 - - [26/Jan/2020:07:06:34 +0100] "GET /wp-content/themes/book-lite/js/script.js?ver=1.0 HTTP/1.1" 200 624 "https://fincasandoval.com/" "Mozilla/5.0 (Linux; Android 6.0.1; Nexus 5X Build/MMB29P) AppleWebKit/537.36 (KHTML, like Gecko) Chrome/79.0.3945.120 Mobile Safari/537.36 (compatible; Googlebot/2.1; +http://www.google.com/bot.html)"
66.249.64.90 - - [26/Jan/2020:07:06:35 +0100] "GET /wp-content/themes/book-lite/js/small-menu.js?ver=20120206 HTTP/1.1" 200 1623 "https://fincasandoval.com/" "Mozilla/5.0 (Linux; Android 6.0.1; Nexus 5X Build/MMB29P) AppleWebKit/537.36 (KHTML, like Gecko) Chrome/79.0.3945.120 Mobile Safari/537.36 (compatible; Googlebot/2.1; +http://www.google.com/bot.html)"
149.202.139.17 - - [26/Jan/2020:07:28:57 +0100] "GET /wp-mail.php?wp-blog-header HTTP/1.1" 403 6284 "-" "Mozilla/5.0 (Windows NT 6.1; WOW64) AppleWebKit/537.36 (KHTML, like Gecko) Chrome/41.0.2227.0 Safari/537.36"
66.249.64.14 - - [26/Jan/2020:07:39:12 +0100] "GET / HTTP/1.1" 301 3667 "-" "Mozilla/5.0 (compatible; Googlebot/2.1; +http://www.google.com/bot.html)"
66.249.64.90 - - [26/Jan/2020:07:39:16 +0100] "GET /wp-includes/js/jquery/jquery.js?ver=1.12.4-wp HTTP/1.1" 200 100665 "https://fincasandoval.com/" "Mozilla/5.0 AppleWebKit/537.36 (KHTML, like Gecko; compatible; Googlebot/2.1; +http://www.google.com/bot.html) Chrome/79.0.3945.120 Safari/537.36"
103.82.235.2 - - [26/Jan/2020:08:01:21 +0100] "GET /wp-content/plugins/uploadify/includes/check.php HTTP/1.1" 404 4444 "http://www.google.com/" "Mozilla/5.0 (Windows NT 6.1; Win64; x64) AppleWebKit/537.36 (KHTML, like Gecko) Chrome/56.0.2896.3 Safari/537.36"
89.248.107.232 - - [26/Jan/2020:08:06:52 +0100] "POST /wp-cron.php?doing_wp_cron=1580022412.2004768848419189453125 HTTP/1.1" 200 1860 "-" "WordPress/5.2.5; https://fincasandoval.com"
185.86.164.102 - - [26/Jan/2020:08:06:51 +0100] "GET /wp-login.php HTTP/1.1" 200 7045 "-" "Mozilla/5.0 (Windows NT 10.0; WOW64) AppleWebKit/537.36 (KHTML, like Gecko) Chrome/51.0.2704.103 Safari/537.36"
185.86.164.102 - - [26/Jan/2020:08:06:52 +0100] "POST /wp-login.php HTTP/1.1" 200 4633 "https://fincasandoval.com/wp-login.php" "Mozilla/5.0 (Windows NT 10.0; WOW64) AppleWebKit/537.36 (KHTML, like Gecko) Chrome/51.0.2704.103 Safari/537.36"
198.245.49.22 - - [26/Jan/2020:08:17:31 +0100] "GET /wp-login.php HTTP/1.1" 200 6587 "-" "Mozilla/5.0 (X11; Ubuntu; Linux x86_64; rv:62.0) Gecko/20100101 Firefox/62.0"
198.245.49.22 - - [26/Jan/2020:08:17:32 +0100] "POST /wp-login.php HTTP/1.1" 200 7562 "-" "Mozilla/5.0 (X11; Ubuntu; Linux x86_64; rv:62.0) Gecko/20100101 Firefox/62.0"
198.245.49.22 - - [26/Jan/2020:08:17:32 +0100] "POST /xmlrpc.php HTTP/1.1" 200 3835 "-" "Mozilla/5.0 (X11; Ubuntu; Linux x86_64; rv:62.0) Gecko/20100101 Firefox/62.0"
52.44.119.95 - - [26/Jan/2020:08:54:27 +0100] "GET /ads.txt HTTP/1.1" 404 4470 "-" "Mozilla/5.0 (Macintosh; Intel Mac OS X 10_12_6) AppleWebKit/537.36 (KHTML, like Gecko) Chrome/63.0.3239.84 Safari/537.36"
52.44.119.95 - - [26/Jan/2020:08:54:28 +0100] "GET /ads.txt HTTP/1.1" 404 4470 "-" "Mozilla/5.0 (Macintosh; Intel Mac OS X 10_12_6) AppleWebKit/537.36 (KHTML, like Gecko) Chrome/63.0.3239.84 Safari/537.36"
185.85.190.132 - - [26/Jan/2020:09:58:23 +0100] "GET /wp-login.php HTTP/1.1" 200 7045 "-" "Mozilla/5.0 (Windows NT 10.0; WOW64) AppleWebKit/537.36 (KHTML, like Gecko) Chrome/51.0.2704.103 Safari/537.36"
89.248.107.232 - - [26/Jan/2020:09:58:23 +0100] "POST /wp-cron.php?doing_wp_cron=1580029103.8048920631408691406250 HTTP/1.1" 200 1860 "-" "WordPress/5.2.5; https://fincasandoval.com"
185.85.190.132 - - [26/Jan/2020:09:58:23 +0100] "POST /wp-login.php HTTP/1.1" 200 4633 "https://fincasandoval.com/wp-login.php" "Mozilla/5.0 (Windows NT 10.0; WOW64) AppleWebKit/537.36 (KHTML, like Gecko) Chrome/51.0.2704.103 Safari/537.36"
89.248.107.232 - - [26/Jan/2020:11:11:07 +0100] "POST /wp-cron.php?doing_wp_cron=1580033467.7852199077606201171875 HTTP/1.1" 200 1860 "-" "WordPress/5.2.5; https://fincasandoval.com"
54.36.149.26 - - [26/Jan/2020:11:11:07 +0100] "GET /?feed=comments-rss2 HTTP/1.1" 200 5225 "-" "Mozilla/5.0 (compatible; AhrefsBot/6.1; +http://ahrefs.com/robot/)"
89.248.107.232 - - [26/Jan/2020:12:13:45 +0100] "POST /wp-cron.php?doing_wp_cron=1580037225.1256189346313476562500 HTTP/1.1" 200 1860 "-" "WordPress/5.2.5; https://fincasandoval.com"
212.84.62.191 - - [26/Jan/2020:12:13:44 +0100] "GET / HTTP/1.1" 200 17562 "-" "Mozilla/5.0 (iPhone; CPU iPhone OS 13_3 like Mac OS X) AppleWebKit/605.1.15 (KHTML, like Gecko) Version/13.0.4 Mobile/15E148 Safari/604.1"
47.63.53.153 - - [26/Jan/2020:12:34:33 +0100] "GET / HTTP/1.1" 200 17562 "-" "Mozilla/5.0 (Macintosh; Intel Mac OS X 10_15) AppleWebKit/605.1.15 (KHTML, like Gecko) Version/13.0.4 Safari/605.1.15"
47.63.53.153 - - [26/Jan/2020:12:34:33 +0100] "GET /wp-includes/css/dist/block-library/style.min.css?ver=5.2.5 HTTP/1.1" 200 29676 "https://fincasandoval.com/" "Mozilla/5.0 (Macintosh; Intel Mac OS X 10_15) AppleWebKit/605.1.15 (KHTML, like Gecko) Version/13.0.4 Safari/605.1.15"
47.63.53.153 - - [26/Jan/2020:12:34:33 +0100] "GET /wp-content/themes/book-lite/js/small-menu.js?ver=20120206 HTTP/1.1" 200 1623 "https://fincasandoval.com/" "Mozilla/5.0 (Macintosh; Intel Mac OS X 10_15) AppleWebKit/605.1.15 (KHTML, like Gecko) Version/13.0.4 Safari/605.1.15"
47.63.53.153 - - [26/Jan/2020:12:34:33 +0100] "GET /wp-content/themes/book-lite/js/script.js?ver=1.0 HTTP/1.1" 200 624 "https://fincasandoval.com/" "Mozilla/5.0 (Macintosh; Intel Mac OS X 10_15) AppleWebKit/605.1.15 (KHTML, like Gecko) Version/13.0.4 Safari/605.1.15"
47.63.53.153 - - [26/Jan/2020:12:34:33 +0100] "GET /wp-includes/js/wp-embed.min.js?ver=5.2.5 HTTP/1.1" 200 1767 "https://fincasandoval.com/" "Mozilla/5.0 (Macintosh; Intel Mac OS X 10_15) AppleWebKit/605.1.15 (KHTML, like Gecko) Version/13.0.4 Safari/605.1.15"
47.63.53.153 - - [26/Jan/2020:12:34:33 +0100] "GET /wp-content/themes/book-lite/style.css?ver=5.2.5 HTTP/1.1" 200 24056 "https://fincasandoval.com/" "Mozilla/5.0 (Macintosh; Intel Mac OS X 10_15) AppleWebKit/605.1.15 (KHTML, like Gecko) Version/13.0.4 Safari/605.1.15"
47.63.53.153 - - [26/Jan/2020:12:34:33 +0100] "GET /wp-includes/js/jquery/jquery.js?ver=1.12.4-wp HTTP/1.1" 200 97523 "https://fincasandoval.com/" "Mozilla/5.0 (Macintosh; Intel Mac OS X 10_15) AppleWebKit/605.1.15 (KHTML, like Gecko) Version/13.0.4 Safari/605.1.15"
47.63.53.153 - - [26/Jan/2020:12:34:33 +0100] "GET /wp-includes/js/jquery/jquery-migrate.min.js?ver=1.4.1 HTTP/1.1" 200 13507 "https://fincasandoval.com/" "Mozilla/5.0 (Macintosh; Intel Mac OS X 10_15) AppleWebKit/605.1.15 (KHTML, like Gecko) Version/13.0.4 Safari/605.1.15"
47.63.53.153 - - [26/Jan/2020:12:34:33 +0100] "GET /wp-content/uploads/2017/05/vs-2016.jpg HTTP/1.1" 200 25846 "https://fincasandoval.com/" "Mozilla/5.0 (Macintosh; Intel Mac OS X 10_15) AppleWebKit/605.1.15 (KHTML, like Gecko) Version/13.0.4 Safari/605.1.15"
47.63.53.153 - - [26/Jan/2020:12:34:33 +0100] "GET /wp-content/uploads/2014/11/fs-1.jpg?w=625 HTTP/1.1" 200 639596 "https://fincasandoval.com/" "Mozilla/5.0 (Macintosh; Intel Mac OS X 10_15) AppleWebKit/605.1.15 (KHTML, like Gecko) Version/13.0.4 Safari/605.1.15"
47.63.53.153 - - [26/Jan/2020:12:34:34 +0100] "GET /wp-content/themes/book-lite/images/diamond-white.png HTTP/1.1" 200 565 "https://fincasandoval.com/" "Mozilla/5.0 (Macintosh; Intel Mac OS X 10_15) AppleWebKit/605.1.15 (KHTML, like Gecko) Version/13.0.4 Safari/605.1.15"
47.63.53.153 - - [26/Jan/2020:12:34:34 +0100] "GET /wp-content/themes/book-lite/images/nav-bg.png HTTP/1.1" 200 458 "https://fincasandoval.com/" "Mozilla/5.0 (Macintosh; Intel Mac OS X 10_15) AppleWebKit/605.1.15 (KHTML, like Gecko) Version/13.0.4 Safari/605.1.15"
47.63.53.153 - - [26/Jan/2020:12:34:34 +0100] "GET /wp-content/uploads/2019/09/cropped-header-1.jpg HTTP/1.1" 200 45807 "https://fincasandoval.com/" "Mozilla/5.0 (Macintosh; Intel Mac OS X 10_15) AppleWebKit/605.1.15 (KHTML, like Gecko) Version/13.0.4 Safari/605.1.15"
47.63.53.153 - - [26/Jan/2020:12:34:34 +0100] "GET /wp-content/themes/book-lite/images/break.png HTTP/1.1" 200 951 "https://fincasandoval.com/" "Mozilla/5.0 (Macintosh; Intel Mac OS X 10_15) AppleWebKit/605.1.15 (KHTML, like Gecko) Version/13.0.4 Safari/605.1.15"
52.44.119.95 - - [26/Jan/2020:12:54:33 +0100] "GET /ads.txt HTTP/1.1" 404 4470 "-" "Mozilla/5.0 (Macintosh; Intel Mac OS X 10_12_6) AppleWebKit/537.36 (KHTML, like Gecko) Chrome/63.0.3239.84 Safari/537.36"
52.44.119.95 - - [26/Jan/2020:12:54:33 +0100] "GET /ads.txt HTTP/1.1" 404 4470 "-" "Mozilla/5.0 (Macintosh; Intel Mac OS X 10_12_6) AppleWebKit/537.36 (KHTML, like Gecko) Chrome/63.0.3239.84 Safari/537.36"
34.229.239.100 - - [26/Jan/2020:13:11:34 +0100] "GET /ads.txt HTTP/1.1" 404 4470 "-" "AdsTxtCrawler/1.0.2"
185.119.81.11 - - [26/Jan/2020:13:40:31 +0100] "GET /wp-login.php HTTP/1.1" 200 7045 "-" "Mozilla/5.0 (Windows NT 10.0; WOW64) AppleWebKit/537.36 (KHTML, like Gecko) Chrome/51.0.2704.103 Safari/537.36"
89.248.107.232 - - [26/Jan/2020:13:40:31 +0100] "POST /wp-cron.php?doing_wp_cron=1580042431.8153181076049804687500 HTTP/1.1" 200 1860 "-" "WordPress/5.2.5; https://fincasandoval.com"
185.119.81.11 - - [26/Jan/2020:13:40:31 +0100] "POST /wp-login.php HTTP/1.1" 200 4633 "https://fincasandoval.com/wp-login.php" "Mozilla/5.0 (Windows NT 10.0; WOW64) AppleWebKit/537.36 (KHTML, like Gecko) Chrome/51.0.2704.103 Safari/537.36"
159.138.148.113 - - [26/Jan/2020:14:04:09 +0100] "GET /nuestrosvinos/ HTTP/1.1" 404 4433 "-" "Mozilla/5.0(Linux;Android 5.1.1;OPPO A33 Build/LMY47V;wv) AppleWebKit/537.36(KHTML,link Gecko) Version/4.0 Chrome/42.0.2311.138 Mobile Safari/537.36 Mb2345Browser/9.0"
89.248.107.232 - - [26/Jan/2020:14:50:03 +0100] "POST /wp-cron.php?doing_wp_cron=1580046603.9456191062927246093750 HTTP/1.1" 200 1860 "-" "WordPress/5.2.5; https://fincasandoval.com"
2.138.201.21 - - [26/Jan/2020:14:50:03 +0100] "GET / HTTP/1.1" 301 3667 "-" "Mozilla/5.0 (Linux; Android 6.0.1; MotoG3) AppleWebKit/537.36 (KHTML, like Gecko) Chrome/79.0.3945.136 Mobile Safari/537.36"
2.138.201.21 - - [26/Jan/2020:14:50:04 +0100] "GET / HTTP/1.1" 200 17757 "-" "Mozilla/5.0 (Linux; Android 6.0.1; MotoG3) AppleWebKit/537.36 (KHTML, like Gecko) Chrome/79.0.3945.136 Mobile Safari/537.36"
2.138.201.21 - - [26/Jan/2020:14:50:04 +0100] "GET /wp-includes/css/dist/block-library/style.min.css?ver=5.2.5 HTTP/1.1" 200 29676 "https://fincasandoval.com/" "Mozilla/5.0 (Linux; Android 6.0.1; MotoG3) AppleWebKit/537.36 (KHTML, like Gecko) Chrome/79.0.3945.136 Mobile Safari/537.36"
2.138.201.21 - - [26/Jan/2020:14:50:04 +0100] "GET /wp-content/themes/book-lite/style.css?ver=5.2.5 HTTP/1.1" 200 21109 "https://fincasandoval.com/" "Mozilla/5.0 (Linux; Android 6.0.1; MotoG3) AppleWebKit/537.36 (KHTML, like Gecko) Chrome/79.0.3945.136 Mobile Safari/537.36"
2.138.201.21 - - [26/Jan/2020:14:50:04 +0100] "GET /wp-includes/js/jquery/jquery-migrate.min.js?ver=1.4.1 HTTP/1.1" 200 10560 "https://fincasandoval.com/" "Mozilla/5.0 (Linux; Android 6.0.1; MotoG3) AppleWebKit/537.36 (KHTML, like Gecko) Chrome/79.0.3945.136 Mobile Safari/537.36"
2.138.201.21 - - [26/Jan/2020:14:50:04 +0100] "GET /wp-content/uploads/2017/05/vs-2016.jpg HTTP/1.1" 200 25846 "https://fincasandoval.com/" "Mozilla/5.0 (Linux; Android 6.0.1; MotoG3) AppleWebKit/537.36 (KHTML, like Gecko) Chrome/79.0.3945.136 Mobile Safari/537.36"
2.138.201.21 - - [26/Jan/2020:14:50:04 +0100] "GET /wp-includes/js/jquery/jquery.js?ver=1.12.4-wp HTTP/1.1" 200 97523 "https://fincasandoval.com/" "Mozilla/5.0 (Linux; Android 6.0.1; MotoG3) AppleWebKit/537.36 (KHTML, like Gecko) Chrome/79.0.3945.136 Mobile Safari/537.36"
2.138.201.21 - - [26/Jan/2020:14:50:04 +0100] "GET /wp-content/uploads/2014/11/fs-1.jpg?w=625 HTTP/1.1" 200 639734 "https://fincasandoval.com/" "Mozilla/5.0 (Linux; Android 6.0.1; MotoG3) AppleWebKit/537.36 (KHTML, like Gecko) Chrome/79.0.3945.136 Mobile Safari/537.36"
2.138.201.21 - - [26/Jan/2020:14:50:05 +0100] "GET /wp-content/themes/book-lite/js/small-menu.js?ver=20120206 HTTP/1.1" 200 1623 "https://fincasandoval.com/" "Mozilla/5.0 (Linux; Android 6.0.1; MotoG3) AppleWebKit/537.36 (KHTML, like Gecko) Chrome/79.0.3945.136 Mobile Safari/537.36"
2.138.201.21 - - [26/Jan/2020:14:50:05 +0100] "GET /wp-content/themes/book-lite/js/script.js?ver=1.0 HTTP/1.1" 200 624 "https://fincasandoval.com/" "Mozilla/5.0 (Linux; Android 6.0.1; MotoG3) AppleWebKit/537.36 (KHTML, like Gecko) Chrome/79.0.3945.136 Mobile Safari/537.36"
2.138.201.21 - - [26/Jan/2020:14:50:05 +0100] "GET /wp-includes/js/wp-embed.min.js?ver=5.2.5 HTTP/1.1" 200 1767 "https://fincasandoval.com/" "Mozilla/5.0 (Linux; Android 6.0.1; MotoG3) AppleWebKit/537.36 (KHTML, like Gecko) Chrome/79.0.3945.136 Mobile Safari/537.36"
2.138.201.21 - - [26/Jan/2020:14:50:05 +0100] "GET /wp-includes/js/wp-emoji-release.min.js?ver=5.2.5 HTTP/1.1" 200 14206 "https://fincasandoval.com/" "Mozilla/5.0 (Linux; Android 6.0.1; MotoG3) AppleWebKit/537.36 (KHTML, like Gecko) Chrome/79.0.3945.136 Mobile Safari/537.36"
2.138.201.21 - - [26/Jan/2020:14:50:05 +0100] "GET /wp-content/themes/book-lite/images/nav-bg.png HTTP/1.1" 200 458 "https://fincasandoval.com/wp-content/themes/book-lite/style.css?ver=5.2.5" "Mozilla/5.0 (Linux; Android 6.0.1; MotoG3) AppleWebKit/537.36 (KHTML, like Gecko) Chrome/79.0.3945.136 Mobile Safari/537.36"
2.138.201.21 - - [26/Jan/2020:14:50:05 +0100] "GET /wp-content/themes/book-lite/images/diamond-white.png HTTP/1.1" 200 565 "https://fincasandoval.com/wp-content/themes/book-lite/style.css?ver=5.2.5" "Mozilla/5.0 (Linux; Android 6.0.1; MotoG3) AppleWebKit/537.36 (KHTML, like Gecko) Chrome/79.0.3945.136 Mobile Safari/537.36"
2.138.201.21 - - [26/Jan/2020:14:50:05 +0100] "GET /wp-content/themes/book-lite/images/break.png HTTP/1.1" 200 951 "https://fincasandoval.com/wp-content/themes/book-lite/style.css?ver=5.2.5" "Mozilla/5.0 (Linux; Android 6.0.1; MotoG3) AppleWebKit/537.36 (KHTML, like Gecko) Chrome/79.0.3945.136 Mobile Safari/537.36"
2.138.201.21 - - [26/Jan/2020:14:50:05 +0100] "GET /wp-content/uploads/2019/09/cropped-header-1.jpg HTTP/1.1" 200 45807 "https://fincasandoval.com/" "Mozilla/5.0 (Linux; Android 6.0.1; MotoG3) AppleWebKit/537.36 (KHTML, like Gecko) Chrome/79.0.3945.136 Mobile Safari/537.36"
2.138.201.21 - - [26/Jan/2020:14:50:05 +0100] "GET /favicon.ico HTTP/1.1" 200 5797 "https://fincasandoval.com/" "Mozilla/5.0 (Linux; Android 6.0.1; MotoG3) AppleWebKit/537.36 (KHTML, like Gecko) Chrome/79.0.3945.136 Mobile Safari/537.36"
66.249.64.92 - - [26/Jan/2020:14:50:05 +0100] "GET /robots.txt HTTP/1.1" 404 4665 "-" "Mozilla/5.0 (compatible; Googlebot/2.1; +http://www.google.com/bot.html)"
66.249.64.92 - - [26/Jan/2020:14:50:05 +0100] "GET / HTTP/1.1" 200 14477 "-" "Mozilla/5.0 (compatible; Googlebot/2.1; +http://www.google.com/bot.html)"
194.61.24.253 - - [26/Jan/2020:15:15:25 +0100] "POST /wp-login.php HTTP/1.1" 200 7790 "https://fincasandoval.com/wp-login.php" "Mozilla/5.0 (Windows NT 5.2) AppleWebKit/532.98.41 (KHTML, like Gecko) Chrome/57.5.0993.5265 Safari/534.68 OPR/40.6.1716.6088"
89.248.107.232 - - [26/Jan/2020:15:15:25 +0100] "POST /wp-cron.php?doing_wp_cron=1580048125.8010571002960205078125 HTTP/1.1" 200 1860 "-" "WordPress/5.2.5; https://fincasandoval.com"
194.61.24.253 - - [26/Jan/2020:15:24:18 +0100] "POST /wp-login.php HTTP/1.1" 200 7790 "https://fincasandoval.com/wp-login.php" "Mozilla/5.0 (Macintosh; Intel Mac OS X 10_22_85; rv:45.73.26) Gecko/20137805 Firefox/45.73.26"
89.248.107.232 - - [26/Jan/2020:16:05:29 +0100] "POST /wp-cron.php?doing_wp_cron=1580051129.2216699123382568359375 HTTP/1.1" 200 1860 "-" "WordPress/5.2.5; https://fincasandoval.com"
90.230.212.251 - - [26/Jan/2020:16:05:29 +0100] "GET / HTTP/1.1" 200 16114 "-" "Mozilla/5.0 (Windows NT 6.1; rv:60.0) Gecko/20100101 Firefox/60.0"
90.230.212.251 - - [26/Jan/2020:16:05:29 +0100] "GET /?author=1 HTTP/1.1" 200 10051 "-" "Mozilla/5.0 (Windows NT 6.1; rv:60.0) Gecko/20100101 Firefox/60.0"
90.230.212.251 - - [26/Jan/2020:16:05:30 +0100] "GET /?author=2 HTTP/1.1" 404 10147 "-" "Mozilla/5.0 (Windows NT 6.1; rv:60.0) Gecko/20100101 Firefox/60.0"
90.230.212.251 - - [26/Jan/2020:16:05:31 +0100] "GET /?author=3 HTTP/1.1" 404 10147 "-" "Mozilla/5.0 (Windows NT 6.1; rv:60.0) Gecko/20100101 Firefox/60.0"
90.230.212.251 - - [26/Jan/2020:16:05:31 +0100] "GET /?author=4 HTTP/1.1" 404 10147 "-" "Mozilla/5.0 (Windows NT 6.1; rv:60.0) Gecko/20100101 Firefox/60.0"
90.230.212.251 - - [26/Jan/2020:16:05:32 +0100] "GET /?author=5 HTTP/1.1" 404 10147 "-" "Mozilla/5.0 (Windows NT 6.1; rv:60.0) Gecko/20100101 Firefox/60.0"
90.230.212.251 - - [26/Jan/2020:16:05:32 +0100] "GET /?author=6 HTTP/1.1" 404 10147 "-" "Mozilla/5.0 (Windows NT 6.1; rv:60.0) Gecko/20100101 Firefox/60.0"
90.230.212.251 - - [26/Jan/2020:16:05:32 +0100] "GET /?author=7 HTTP/1.1" 404 10147 "-" "Mozilla/5.0 (Windows NT 6.1; rv:60.0) Gecko/20100101 Firefox/60.0"
90.230.212.251 - - [26/Jan/2020:16:05:33 +0100] "GET /?author=8 HTTP/1.1" 404 10147 "-" "Mozilla/5.0 (Windows NT 6.1; rv:60.0) Gecko/20100101 Firefox/60.0"
90.230.212.251 - - [26/Jan/2020:16:05:33 +0100] "GET /?author=9 HTTP/1.1" 404 10147 "-" "Mozilla/5.0 (Windows NT 6.1; rv:60.0) Gecko/20100101 Firefox/60.0"
90.230.212.251 - - [26/Jan/2020:16:05:33 +0100] "GET /?author=10 HTTP/1.1" 404 10147 "-" "Mozilla/5.0 (Windows NT 6.1; rv:60.0) Gecko/20100101 Firefox/60.0"
90.230.212.251 - - [26/Jan/2020:16:05:34 +0100] "POST /wp-login.php HTTP/1.1" 200 4537 "http://fincasandoval.com/wp-login.php" "Mozilla/5.0 (Windows NT 6.1; rv:60.0) Gecko/20100101 Firefox/60.0"
90.230.212.251 - - [26/Jan/2020:16:05:34 +0100] "POST /wp-login.php HTTP/1.1" 200 4537 "http://fincasandoval.com/wp-login.php" "Mozilla/5.0 (Windows NT 6.1; rv:60.0) Gecko/20100101 Firefox/60.0"
90.230.212.251 - - [26/Jan/2020:16:05:34 +0100] "POST /wp-login.php HTTP/1.1" 200 4537 "http://fincasandoval.com/wp-login.php" "Mozilla/5.0 (Windows NT 6.1; rv:60.0) Gecko/20100101 Firefox/60.0"
185.86.164.106 - - [26/Jan/2020:16:13:11 +0100] "GET /wp-login.php HTTP/1.1" 200 7045 "-" "Mozilla/5.0 (Windows NT 10.0; WOW64) AppleWebKit/537.36 (KHTML, like Gecko) Chrome/51.0.2704.103 Safari/537.36"
185.86.164.106 - - [26/Jan/2020:16:13:11 +0100] "POST /wp-login.php HTTP/1.1" 200 4633 "https://fincasandoval.com/wp-login.php" "Mozilla/5.0 (Windows NT 10.0; WOW64) AppleWebKit/537.36 (KHTML, like Gecko) Chrome/51.0.2704.103 Safari/537.36"
31.4.177.216 - - [26/Jan/2020:16:21:11 +0100] "GET / HTTP/1.1" 200 17562 "https://www.google.es/" "Mozilla/5.0 (iPhone; CPU iPhone OS 12_4_4 like Mac OS X) AppleWebKit/605.1.15 (KHTML, like Gecko) Version/12.1.2 Mobile/15E148 Safari/604.1"
31.4.177.216 - - [26/Jan/2020:16:21:11 +0100] "GET /wp-includes/js/wp-emoji-release.min.js?ver=5.2.5 HTTP/1.1" 200 14206 "https://fincasandoval.com/" "Mozilla/5.0 (iPhone; CPU iPhone OS 12_4_4 like Mac OS X) AppleWebKit/605.1.15 (KHTML, like Gecko) Version/12.1.2 Mobile/15E148 Safari/604.1"
31.4.177.216 - - [26/Jan/2020:16:21:11 +0100] "GET /wp-includes/js/jquery/jquery-migrate.min.js?ver=1.4.1 HTTP/1.1" 200 10422 "https://fincasandoval.com/" "Mozilla/5.0 (iPhone; CPU iPhone OS 12_4_4 like Mac OS X) AppleWebKit/605.1.15 (KHTML, like Gecko) Version/12.1.2 Mobile/15E148 Safari/604.1"
31.4.177.216 - - [26/Jan/2020:16:21:11 +0100] "GET /wp-content/themes/book-lite/style.css?ver=5.2.5 HTTP/1.1" 200 21109 "https://fincasandoval.com/" "Mozilla/5.0 (iPhone; CPU iPhone OS 12_4_4 like Mac OS X) AppleWebKit/605.1.15 (KHTML, like Gecko) Version/12.1.2 Mobile/15E148 Safari/604.1"
31.4.177.216 - - [26/Jan/2020:16:21:11 +0100] "GET /wp-includes/css/dist/block-library/style.min.css?ver=5.2.5 HTTP/1.1" 200 29814 "https://fincasandoval.com/" "Mozilla/5.0 (iPhone; CPU iPhone OS 12_4_4 like Mac OS X) AppleWebKit/605.1.15 (KHTML, like Gecko) Version/12.1.2 Mobile/15E148 Safari/604.1"
31.4.177.216 - - [26/Jan/2020:16:21:11 +0100] "GET /wp-content/themes/book-lite/js/small-menu.js?ver=20120206 HTTP/1.1" 200 1623 "https://fincasandoval.com/" "Mozilla/5.0 (iPhone; CPU iPhone OS 12_4_4 like Mac OS X) AppleWebKit/605.1.15 (KHTML, like Gecko) Version/12.1.2 Mobile/15E148 Safari/604.1"
31.4.177.216 - - [26/Jan/2020:16:21:11 +0100] "GET /wp-includes/js/jquery/jquery.js?ver=1.12.4-wp HTTP/1.1" 200 97523 "https://fincasandoval.com/" "Mozilla/5.0 (iPhone; CPU iPhone OS 12_4_4 like Mac OS X) AppleWebKit/605.1.15 (KHTML, like Gecko) Version/12.1.2 Mobile/15E148 Safari/604.1"
31.4.177.216 - - [26/Jan/2020:16:21:11 +0100] "GET /wp-content/themes/book-lite/js/script.js?ver=1.0 HTTP/1.1" 200 624 "https://fincasandoval.com/" "Mozilla/5.0 (iPhone; CPU iPhone OS 12_4_4 like Mac OS X) AppleWebKit/605.1.15 (KHTML, like Gecko) Version/12.1.2 Mobile/15E148 Safari/604.1"
31.4.177.216 - - [26/Jan/2020:16:21:11 +0100] "GET /wp-content/uploads/2017/05/vs-2016.jpg HTTP/1.1" 200 25846 "https://fincasandoval.com/" "Mozilla/5.0 (iPhone; CPU iPhone OS 12_4_4 like Mac OS X) AppleWebKit/605.1.15 (KHTML, like Gecko) Version/12.1.2 Mobile/15E148 Safari/604.1"
31.4.177.216 - - [26/Jan/2020:16:21:11 +0100] "GET /wp-includes/js/wp-embed.min.js?ver=5.2.5 HTTP/1.1" 200 1767 "https://fincasandoval.com/" "Mozilla/5.0 (iPhone; CPU iPhone OS 12_4_4 like Mac OS X) AppleWebKit/605.1.15 (KHTML, like Gecko) Version/12.1.2 Mobile/15E148 Safari/604.1"
31.4.177.216 - - [26/Jan/2020:16:21:11 +0100] "GET /wp-content/themes/book-lite/images/nav-bg.png HTTP/1.1" 200 458 "https://fincasandoval.com/" "Mozilla/5.0 (iPhone; CPU iPhone OS 12_4_4 like Mac OS X) AppleWebKit/605.1.15 (KHTML, like Gecko) Version/12.1.2 Mobile/15E148 Safari/604.1"
31.4.177.216 - - [26/Jan/2020:16:21:11 +0100] "GET /wp-content/uploads/2019/09/cropped-header-1.jpg HTTP/1.1" 200 45807 "https://fincasandoval.com/" "Mozilla/5.0 (iPhone; CPU iPhone OS 12_4_4 like Mac OS X) AppleWebKit/605.1.15 (KHTML, like Gecko) Version/12.1.2 Mobile/15E148 Safari/604.1"
31.4.177.216 - - [26/Jan/2020:16:21:11 +0100] "GET /wp-content/themes/book-lite/images/diamond-white.png HTTP/1.1" 200 565 "https://fincasandoval.com/" "Mozilla/5.0 (iPhone; CPU iPhone OS 12_4_4 like Mac OS X) AppleWebKit/605.1.15 (KHTML, like Gecko) Version/12.1.2 Mobile/15E148 Safari/604.1"
31.4.177.216 - - [26/Jan/2020:16:21:11 +0100] "GET /wp-content/themes/book-lite/images/break.png HTTP/1.1" 200 951 "https://fincasandoval.com/" "Mozilla/5.0 (iPhone; CPU iPhone OS 12_4_4 like Mac OS X) AppleWebKit/605.1.15 (KHTML, like Gecko) Version/12.1.2 Mobile/15E148 Safari/604.1"
31.4.177.216 - - [26/Jan/2020:16:21:11 +0100] "GET /wp-content/uploads/2014/11/fs-1.jpg?w=625 HTTP/1.1" 200 639596 "https://fincasandoval.com/" "Mozilla/5.0 (iPhone; CPU iPhone OS 12_4_4 like Mac OS X) AppleWebKit/605.1.15 (KHTML, like Gecko) Version/12.1.2 Mobile/15E148 Safari/604.1"
31.4.177.216 - - [26/Jan/2020:16:21:13 +0100] "GET /favicon.ico HTTP/1.1" 200 8882 "https://fincasandoval.com/" "Mozilla/5.0 (iPhone; CPU iPhone OS 12_4_4 like Mac OS X) AppleWebKit/605.1.15 (KHTML, like Gecko) Version/12.1.2 Mobile/15E148 Safari/604.1"
194.61.24.253 - - [26/Jan/2020:16:30:47 +0100] "POST /wp-login.php HTTP/1.1" 200 7790 "https://fincasandoval.com/wp-login.php" "Mozilla/5.0 (Windows NT 6.0) AppleWebKit/533.93.40 (KHTML, like Gecko) Version/5.3.8 Safari/531.86"
194.61.24.253 - - [26/Jan/2020:16:40:35 +0100] "POST /wp-login.php HTTP/1.1" 200 7790 "https://fincasandoval.com/wp-login.php" "Mozilla/5.0 (Windows NT 6.3; WOW64) AppleWebKit/535.27.70 (KHTML, like Gecko) Chrome/53.8.3984.8256 Safari/531.97"
52.44.119.95 - - [26/Jan/2020:16:54:35 +0100] "GET /ads.txt HTTP/1.1" 404 4470 "-" "Mozilla/5.0 (Macintosh; Intel Mac OS X 10_12_6) AppleWebKit/537.36 (KHTML, like Gecko) Chrome/63.0.3239.84 Safari/537.36"
52.44.119.95 - - [26/Jan/2020:16:54:36 +0100] "GET /ads.txt HTTP/1.1" 404 4470 "-" "Mozilla/5.0 (Macintosh; Intel Mac OS X 10_12_6) AppleWebKit/537.36 (KHTML, like Gecko) Chrome/63.0.3239.84 Safari/537.36"
62.210.36.166 - - [26/Jan/2020:16:55:22 +0100] "GET /wp-login.php HTTP/1.1" 200 6587 "-" "Mozilla/5.0 (X11; Ubuntu; Linux x86_64; rv:62.0) Gecko/20100101 Firefox/62.0"
89.248.107.232 - - [26/Jan/2020:16:55:22 +0100] "POST /wp-cron.php?doing_wp_cron=1580054122.7311589717864990234375 HTTP/1.1" 200 1860 "-" "WordPress/5.2.5; https://fincasandoval.com"
62.210.36.166 - - [26/Jan/2020:16:55:22 +0100] "POST /wp-login.php HTTP/1.1" 200 7562 "-" "Mozilla/5.0 (X11; Ubuntu; Linux x86_64; rv:62.0) Gecko/20100101 Firefox/62.0"
62.210.36.166 - - [26/Jan/2020:16:55:23 +0100] "POST /xmlrpc.php HTTP/1.1" 200 3835 "-" "Mozilla/5.0 (X11; Ubuntu; Linux x86_64; rv:62.0) Gecko/20100101 Firefox/62.0"
89.248.107.232 - - [26/Jan/2020:17:37:36 +0100] "POST /wp-cron.php?doing_wp_cron=1580056656.3329679965972900390625 HTTP/1.1" 200 1860 "-" "WordPress/5.2.5; https://fincasandoval.com"
188.26.215.248 - - [26/Jan/2020:17:37:36 +0100] "GET / HTTP/1.1" 200 17757 "https://www.google.com/" "Mozilla/5.0 (Macintosh; Intel Mac OS X 10_14_2) AppleWebKit/537.36 (KHTML, like Gecko) Chrome/79.0.3945.130 Safari/537.36"
188.26.215.248 - - [26/Jan/2020:17:37:36 +0100] "GET /wp-includes/css/dist/block-library/style.min.css?ver=5.2.5 HTTP/1.1" 200 29676 "https://fincasandoval.com/" "Mozilla/5.0 (Macintosh; Intel Mac OS X 10_14_2) AppleWebKit/537.36 (KHTML, like Gecko) Chrome/79.0.3945.130 Safari/537.36"
188.26.215.248 - - [26/Jan/2020:17:37:36 +0100] "GET /wp-content/themes/book-lite/style.css?ver=5.2.5 HTTP/1.1" 200 24251 "https://fincasandoval.com/" "Mozilla/5.0 (Macintosh; Intel Mac OS X 10_14_2) AppleWebKit/537.36 (KHTML, like Gecko) Chrome/79.0.3945.130 Safari/537.36"
188.26.215.248 - - [26/Jan/2020:17:37:36 +0100] "GET /wp-content/themes/book-lite/js/small-menu.js?ver=20120206 HTTP/1.1" 200 1761 "https://fincasandoval.com/" "Mozilla/5.0 (Macintosh; Intel Mac OS X 10_14_2) AppleWebKit/537.36 (KHTML, like Gecko) Chrome/79.0.3945.130 Safari/537.36"
188.26.215.248 - - [26/Jan/2020:17:37:36 +0100] "GET /wp-includes/js/jquery/jquery-migrate.min.js?ver=1.4.1 HTTP/1.1" 200 10560 "https://fincasandoval.com/" "Mozilla/5.0 (Macintosh; Intel Mac OS X 10_14_2) AppleWebKit/537.36 (KHTML, like Gecko) Chrome/79.0.3945.130 Safari/537.36"
188.26.215.248 - - [26/Jan/2020:17:37:36 +0100] "GET /wp-content/uploads/2017/05/vs-2016.jpg HTTP/1.1" 200 25846 "https://fincasandoval.com/" "Mozilla/5.0 (Macintosh; Intel Mac OS X 10_14_2) AppleWebKit/537.36 (KHTML, like Gecko) Chrome/79.0.3945.130 Safari/537.36"
188.26.215.248 - - [26/Jan/2020:17:37:36 +0100] "GET /wp-content/themes/book-lite/js/script.js?ver=1.0 HTTP/1.1" 200 762 "https://fincasandoval.com/" "Mozilla/5.0 (Macintosh; Intel Mac OS X 10_14_2) AppleWebKit/537.36 (KHTML, like Gecko) Chrome/79.0.3945.130 Safari/537.36"
188.26.215.248 - - [26/Jan/2020:17:37:36 +0100] "GET /wp-includes/js/wp-embed.min.js?ver=5.2.5 HTTP/1.1" 200 1767 "https://fincasandoval.com/" "Mozilla/5.0 (Macintosh; Intel Mac OS X 10_14_2) AppleWebKit/537.36 (KHTML, like Gecko) Chrome/79.0.3945.130 Safari/537.36"
188.26.215.248 - - [26/Jan/2020:17:37:36 +0100] "GET /wp-includes/js/jquery/jquery.js?ver=1.12.4-wp HTTP/1.1" 200 97385 "https://fincasandoval.com/" "Mozilla/5.0 (Macintosh; Intel Mac OS X 10_14_2) AppleWebKit/537.36 (KHTML, like Gecko) Chrome/79.0.3945.130 Safari/537.36"
188.26.215.248 - - [26/Jan/2020:17:37:36 +0100] "GET /wp-content/uploads/2014/11/fs-1.jpg?w=625 HTTP/1.1" 200 639734 "https://fincasandoval.com/" "Mozilla/5.0 (Macintosh; Intel Mac OS X 10_14_2) AppleWebKit/537.36 (KHTML, like Gecko) Chrome/79.0.3945.130 Safari/537.36"
194.61.24.253 - - [26/Jan/2020:17:41:03 +0100] "POST /wp-login.php HTTP/1.1" 200 7790 "https://fincasandoval.com/wp-login.php" "Mozilla/5.0 (Windows NT 5.1; WOW64; x64) AppleWebKit/531.74.11 (KHTML, like Gecko) Chrome/55.1.6205.1933 Safari/532.03 OPR/42.0.4582.9210"
89.248.107.232 - - [26/Jan/2020:17:41:52 +0100] "POST /wp-cron.php?doing_wp_cron=1580056912.9572780132293701171875 HTTP/1.1" 200 1860 "-" "WordPress/5.2.5; https://fincasandoval.com"
88.0.100.163 - - [26/Jan/2020:17:41:52 +0100] "GET / HTTP/1.1" 200 17757 "-" "Mozilla/5.0 (Linux; Android 9; Mi A3) AppleWebKit/537.36 (KHTML, like Gecko) Chrome/79.0.3945.136 Mobile Safari/537.36"
88.0.100.163 - - [26/Jan/2020:17:41:53 +0100] "GET /wp-includes/css/dist/block-library/style.min.css?ver=5.2.5 HTTP/1.1" 200 29676 "https://fincasandoval.com/" "Mozilla/5.0 (Linux; Android 9; Mi A3) AppleWebKit/537.36 (KHTML, like Gecko) Chrome/79.0.3945.136 Mobile Safari/537.36"
88.0.100.163 - - [26/Jan/2020:17:41:53 +0100] "GET /wp-content/themes/book-lite/style.css?ver=5.2.5 HTTP/1.1" 200 24251 "https://fincasandoval.com/" "Mozilla/5.0 (Linux; Android 9; Mi A3) AppleWebKit/537.36 (KHTML, like Gecko) Chrome/79.0.3945.136 Mobile Safari/537.36"
88.0.100.163 - - [26/Jan/2020:17:41:53 +0100] "GET /wp-includes/js/jquery/jquery.js?ver=1.12.4-wp HTTP/1.1" 200 97385 "https://fincasandoval.com/" "Mozilla/5.0 (Linux; Android 9; Mi A3) AppleWebKit/537.36 (KHTML, like Gecko) Chrome/79.0.3945.136 Mobile Safari/537.36"
88.0.100.163 - - [26/Jan/2020:17:41:53 +0100] "GET /wp-includes/js/jquery/jquery-migrate.min.js?ver=1.4.1 HTTP/1.1" 200 10422 "https://fincasandoval.com/" "Mozilla/5.0 (Linux; Android 9; Mi A3) AppleWebKit/537.36 (KHTML, like Gecko) Chrome/79.0.3945.136 Mobile Safari/537.36"
88.0.100.163 - - [26/Jan/2020:17:41:53 +0100] "GET /wp-content/uploads/2017/05/vs-2016.jpg HTTP/1.1" 200 25984 "https://fincasandoval.com/" "Mozilla/5.0 (Linux; Android 9; Mi A3) AppleWebKit/537.36 (KHTML, like Gecko) Chrome/79.0.3945.136 Mobile Safari/537.36"
88.0.100.163 - - [26/Jan/2020:17:41:53 +0100] "GET /wp-content/uploads/2014/11/fs-1.jpg?w=625 HTTP/1.1" 200 639734 "https://fincasandoval.com/" "Mozilla/5.0 (Linux; Android 9; Mi A3) AppleWebKit/537.36 (KHTML, like Gecko) Chrome/79.0.3945.136 Mobile Safari/537.36"
88.0.100.163 - - [26/Jan/2020:17:41:53 +0100] "GET /wp-content/themes/book-lite/js/small-menu.js?ver=20120206 HTTP/1.1" 200 1623 "https://fincasandoval.com/" "Mozilla/5.0 (Linux; Android 9; Mi A3) AppleWebKit/537.36 (KHTML, like Gecko) Chrome/79.0.3945.136 Mobile Safari/537.36"
88.0.100.163 - - [26/Jan/2020:17:41:53 +0100] "GET /wp-includes/js/wp-embed.min.js?ver=5.2.5 HTTP/1.1" 200 1767 "https://fincasandoval.com/" "Mozilla/5.0 (Linux; Android 9; Mi A3) AppleWebKit/537.36 (KHTML, like Gecko) Chrome/79.0.3945.136 Mobile Safari/537.36"
88.0.100.163 - - [26/Jan/2020:17:41:53 +0100] "GET /wp-includes/js/wp-emoji-release.min.js?ver=5.2.5 HTTP/1.1" 200 14206 "https://fincasandoval.com/" "Mozilla/5.0 (Linux; Android 9; Mi A3) AppleWebKit/537.36 (KHTML, like Gecko) Chrome/79.0.3945.136 Mobile Safari/537.36"
88.0.100.163 - - [26/Jan/2020:17:41:53 +0100] "GET /wp-content/themes/book-lite/js/script.js?ver=1.0 HTTP/1.1" 200 624 "https://fincasandoval.com/" "Mozilla/5.0 (Linux; Android 9; Mi A3) AppleWebKit/537.36 (KHTML, like Gecko) Chrome/79.0.3945.136 Mobile Safari/537.36"
88.0.100.163 - - [26/Jan/2020:17:41:53 +0100] "GET /wp-content/uploads/2019/09/cropped-header-1.jpg HTTP/1.1" 200 45807 "https://fincasandoval.com/" "Mozilla/5.0 (Linux; Android 9; Mi A3) AppleWebKit/537.36 (KHTML, like Gecko) Chrome/79.0.3945.136 Mobile Safari/537.36"
88.0.100.163 - - [26/Jan/2020:17:41:53 +0100] "GET /wp-content/themes/book-lite/images/diamond-white.png HTTP/1.1" 200 703 "https://fincasandoval.com/wp-content/themes/book-lite/style.css?ver=5.2.5" "Mozilla/5.0 (Linux; Android 9; Mi A3) AppleWebKit/537.36 (KHTML, like Gecko) Chrome/79.0.3945.136 Mobile Safari/537.36"
88.0.100.163 - - [26/Jan/2020:17:41:53 +0100] "GET /wp-content/themes/book-lite/images/nav-bg.png HTTP/1.1" 200 596 "https://fincasandoval.com/wp-content/themes/book-lite/style.css?ver=5.2.5" "Mozilla/5.0 (Linux; Android 9; Mi A3) AppleWebKit/537.36 (KHTML, like Gecko) Chrome/79.0.3945.136 Mobile Safari/537.36"
88.0.100.163 - - [26/Jan/2020:17:41:53 +0100] "GET /wp-content/themes/book-lite/images/break.png HTTP/1.1" 200 951 "https://fincasandoval.com/wp-content/themes/book-lite/style.css?ver=5.2.5" "Mozilla/5.0 (Linux; Android 9; Mi A3) AppleWebKit/537.36 (KHTML, like Gecko) Chrome/79.0.3945.136 Mobile Safari/537.36"
88.0.100.163 - - [26/Jan/2020:17:41:53 +0100] "GET /favicon.ico HTTP/1.1" 200 5797 "https://fincasandoval.com/" "Mozilla/5.0 (Linux; Android 9; Mi A3) AppleWebKit/537.36 (KHTML, like Gecko) Chrome/79.0.3945.136 Mobile Safari/537.36"
194.61.24.253 - - [26/Jan/2020:17:47:00 +0100] "POST /wp-login.php HTTP/1.1" 200 7790 "https://fincasandoval.com/wp-login.php" "Mozilla/5.0 (Windows NT 6.2; WOW64; x64) AppleWebKit/531.86.38 (KHTML, like Gecko) Chrome/56.3.9756.4028 Safari/534.46 OPR/44.5.0569.5831"
89.248.107.232 - - [26/Jan/2020:18:35:00 +0100] "POST /wp-cron.php?doing_wp_cron=1580060100.2158041000366210937500 HTTP/1.1" 200 1860 "-" "WordPress/5.2.5; https://fincasandoval.com"
193.106.30.99 - - [26/Jan/2020:18:35:00 +0100] "POST /index.php HTTP/1.1" 200 17757 "-" "Mozilla/5.0 (Windows NT 6.1; Win64; x64) AppleWebKit/537.36 (KHTML, like Gecko) Chrome/73.0.3683.103 Safari/537.36"
89.248.107.232 - - [26/Jan/2020:18:45:10 +0100] "POST /wp-cron.php?doing_wp_cron=1580060710.5201640129089355468750 HTTP/1.1" 200 1860 "-" "WordPress/5.2.5; https://fincasandoval.com"
83.33.157.175 - - [26/Jan/2020:18:45:10 +0100] "GET / HTTP/1.1" 200 17757 "https://www.google.es/" "Mozilla/5.0 (Windows NT 6.3; Win64; x64) AppleWebKit/537.36 (KHTML, like Gecko) Chrome/79.0.3945.130 Safari/537.36"
83.33.157.175 - - [26/Jan/2020:18:45:10 +0100] "GET /wp-includes/css/dist/block-library/style.min.css?ver=5.2.5 HTTP/1.1" 200 29676 "https://fincasandoval.com/" "Mozilla/5.0 (Windows NT 6.3; Win64; x64) AppleWebKit/537.36 (KHTML, like Gecko) Chrome/79.0.3945.130 Safari/537.36"
83.33.157.175 - - [26/Jan/2020:18:45:10 +0100] "GET /wp-content/themes/book-lite/style.css?ver=5.2.5 HTTP/1.1" 200 24251 "https://fincasandoval.com/" "Mozilla/5.0 (Windows NT 6.3; Win64; x64) AppleWebKit/537.36 (KHTML, like Gecko) Chrome/79.0.3945.130 Safari/537.36"
83.33.157.175 - - [26/Jan/2020:18:45:11 +0100] "GET /wp-includes/js/jquery/jquery-migrate.min.js?ver=1.4.1 HTTP/1.1" 200 10560 "https://fincasandoval.com/" "Mozilla/5.0 (Windows NT 6.3; Win64; x64) AppleWebKit/537.36 (KHTML, like Gecko) Chrome/79.0.3945.130 Safari/537.36"
83.33.157.175 - - [26/Jan/2020:18:45:11 +0100] "GET /wp-content/uploads/2017/05/vs-2016.jpg HTTP/1.1" 200 29126 "https://fincasandoval.com/" "Mozilla/5.0 (Windows NT 6.3; Win64; x64) AppleWebKit/537.36 (KHTML, like Gecko) Chrome/79.0.3945.130 Safari/537.36"
83.33.157.175 - - [26/Jan/2020:18:45:11 +0100] "GET /wp-includes/js/jquery/jquery.js?ver=1.12.4-wp HTTP/1.1" 200 97385 "https://fincasandoval.com/" "Mozilla/5.0 (Windows NT 6.3; Win64; x64) AppleWebKit/537.36 (KHTML, like Gecko) Chrome/79.0.3945.130 Safari/537.36"
83.33.157.175 - - [26/Jan/2020:18:45:11 +0100] "GET /wp-content/themes/book-lite/js/small-menu.js?ver=20120206 HTTP/1.1" 200 1623 "https://fincasandoval.com/" "Mozilla/5.0 (Windows NT 6.3; Win64; x64) AppleWebKit/537.36 (KHTML, like Gecko) Chrome/79.0.3945.130 Safari/537.36"
83.33.157.175 - - [26/Jan/2020:18:45:11 +0100] "GET /wp-content/themes/book-lite/js/script.js?ver=1.0 HTTP/1.1" 200 624 "https://fincasandoval.com/" "Mozilla/5.0 (Windows NT 6.3; Win64; x64) AppleWebKit/537.36 (KHTML, like Gecko) Chrome/79.0.3945.130 Safari/537.36"
83.33.157.175 - - [26/Jan/2020:18:45:11 +0100] "GET /wp-includes/js/wp-embed.min.js?ver=5.2.5 HTTP/1.1" 200 1767 "https://fincasandoval.com/" "Mozilla/5.0 (Windows NT 6.3; Win64; x64) AppleWebKit/537.36 (KHTML, like Gecko) Chrome/79.0.3945.130 Safari/537.36"
83.33.157.175 - - [26/Jan/2020:18:45:11 +0100] "GET /wp-content/uploads/2014/11/fs-1.jpg?w=625 HTTP/1.1" 200 639596 "https://fincasandoval.com/" "Mozilla/5.0 (Windows NT 6.3; Win64; x64) AppleWebKit/537.36 (KHTML, like Gecko) Chrome/79.0.3945.130 Safari/537.36"
83.33.157.175 - - [26/Jan/2020:18:45:15 +0100] "GET /wp-includes/js/wp-emoji-release.min.js?ver=5.2.5 HTTP/1.1" 200 14206 "https://fincasandoval.com/" "Mozilla/5.0 (Windows NT 6.3; Win64; x64) AppleWebKit/537.36 (KHTML, like Gecko) Chrome/79.0.3945.130 Safari/537.36"
83.33.157.175 - - [26/Jan/2020:18:45:15 +0100] "GET /wp-content/themes/book-lite/images/diamond-white.png HTTP/1.1" 200 565 "https://fincasandoval.com/wp-content/themes/book-lite/style.css?ver=5.2.5" "Mozilla/5.0 (Windows NT 6.3; Win64; x64) AppleWebKit/537.36 (KHTML, like Gecko) Chrome/79.0.3945.130 Safari/537.36"
83.33.157.175 - - [26/Jan/2020:18:45:15 +0100] "GET /wp-content/uploads/2019/09/cropped-header-1.jpg HTTP/1.1" 200 45807 "https://fincasandoval.com/" "Mozilla/5.0 (Windows NT 6.3; Win64; x64) AppleWebKit/537.36 (KHTML, like Gecko) Chrome/79.0.3945.130 Safari/537.36"
83.33.157.175 - - [26/Jan/2020:18:45:15 +0100] "GET /wp-content/themes/book-lite/images/nav-bg.png HTTP/1.1" 200 458 "https://fincasandoval.com/wp-content/themes/book-lite/style.css?ver=5.2.5" "Mozilla/5.0 (Windows NT 6.3; Win64; x64) AppleWebKit/537.36 (KHTML, like Gecko) Chrome/79.0.3945.130 Safari/537.36"
83.33.157.175 - - [26/Jan/2020:18:45:15 +0100] "GET /wp-content/themes/book-lite/images/break.png HTTP/1.1" 200 4231 "https://fincasandoval.com/wp-content/themes/book-lite/style.css?ver=5.2.5" "Mozilla/5.0 (Windows NT 6.3; Win64; x64) AppleWebKit/537.36 (KHTML, like Gecko) Chrome/79.0.3945.130 Safari/537.36"
83.33.157.175 - - [26/Jan/2020:18:46:02 +0100] "GET /?page_id=10 HTTP/1.1" 200 19708 "https://fincasandoval.com/" "Mozilla/5.0 (Windows NT 6.3; Win64; x64) AppleWebKit/537.36 (KHTML, like Gecko) Chrome/79.0.3945.130 Safari/537.36"
83.33.157.175 - - [26/Jan/2020:18:46:03 +0100] "GET /wp-content/uploads/2014/11/fs-4-300x169.jpg HTTP/1.1" 200 27729 "https://fincasandoval.com/?page_id=10" "Mozilla/5.0 (Windows NT 6.3; Win64; x64) AppleWebKit/537.36 (KHTML, like Gecko) Chrome/79.0.3945.130 Safari/537.36"
83.33.157.175 - - [26/Jan/2020:18:46:03 +0100] "GET /wp-content/uploads/2014/11/fs-3-300x169.jpg HTTP/1.1" 200 28422 "https://fincasandoval.com/?page_id=10" "Mozilla/5.0 (Windows NT 6.3; Win64; x64) AppleWebKit/537.36 (KHTML, like Gecko) Chrome/79.0.3945.130 Safari/537.36"
83.33.157.175 - - [26/Jan/2020:18:46:03 +0100] "GET /wp-includes/js/wp-emoji-release.min.js?ver=5.2.5 HTTP/1.1" 200 14344 "https://fincasandoval.com/?page_id=10" "Mozilla/5.0 (Windows NT 6.3; Win64; x64) AppleWebKit/537.36 (KHTML, like Gecko) Chrome/79.0.3945.130 Safari/537.36"
83.33.157.175 - - [26/Jan/2020:18:46:03 +0100] "GET /wp-content/uploads/2014/11/fs-2.jpg?w=625 HTTP/1.1" 200 5413372 "https://fincasandoval.com/?page_id=10" "Mozilla/5.0 (Windows NT 6.3; Win64; x64) AppleWebKit/537.36 (KHTML, like Gecko) Chrome/79.0.3945.130 Safari/537.36"
83.33.157.175 - - [26/Jan/2020:18:46:11 +0100] "GET /favicon.ico HTTP/1.1" 200 5797 "https://fincasandoval.com/?page_id=10" "Mozilla/5.0 (Windows NT 6.3; Win64; x64) AppleWebKit/537.36 (KHTML, like Gecko) Chrome/79.0.3945.130 Safari/537.36"
194.61.24.253 - - [26/Jan/2020:18:53:43 +0100] "POST /wp-login.php HTTP/1.1" 200 7790 "https://fincasandoval.com/wp-login.php" "Mozilla/5.0 (Windows NT 5.0; rv:52.44.91) Gecko/20142609 Firefox/52.44.91"
89.248.107.232 - - [26/Jan/2020:18:59:06 +0100] "POST /wp-cron.php?doing_wp_cron=1580061546.0354568958282470703125 HTTP/1.1" 200 1860 "-" "WordPress/5.2.5; https://fincasandoval.com"
38.99.62.94 - - [26/Jan/2020:18:59:05 +0100] "GET / HTTP/1.1" 200 17701 "-" "Mozilla/5.0 (compatible; evc-batch/2.0)"
177.6.254.194 - - [26/Jan/2020:19:00:12 +0100] "GET /?page_id=41 HTTP/1.0" 200 13049 "-" "Mozilla/5.0 (Macintosh; Intel Mac OS X 10_13_1) AppleWebKit/537.36 (KHTML, like Gecko) Chrome/65.0.3325.181 Safari/537.36"
177.6.254.194 - - [26/Jan/2020:19:00:16 +0100] "GET /xmlrpc.php?rsd HTTP/1.0" 200 4352 "https://fincasandoval.com/?page_id=41" "Mozilla/5.0 (Macintosh; Intel Mac OS X 10_13_1) AppleWebKit/537.36 (KHTML, like Gecko) Chrome/65.0.3325.181 Safari/537.36"
177.6.254.194 - - [26/Jan/2020:19:00:22 +0100] "GET /xmlrpc.php HTTP/1.0" 405 3594 "https://fincasandoval.com/?page_id=41" "Mozilla/5.0 (Macintosh; Intel Mac OS X 10_13_1) AppleWebKit/537.36 (KHTML, like Gecko) Chrome/65.0.3325.181 Safari/537.36"
177.6.254.194 - - [26/Jan/2020:19:00:43 +0100] "GET /wp-includes/wlwmanifest.xml HTTP/1.0" 200 4643 "https://fincasandoval.com/?page_id=41" "Mozilla/5.0 (Macintosh; Intel Mac OS X 10_13_1) AppleWebKit/537.36 (KHTML, like Gecko) Chrome/65.0.3325.181 Safari/537.36"
177.6.254.194 - - [26/Jan/2020:19:00:52 +0100] "GET /wp-includes/js/wp-embed.min.js?ver=5.2.5 HTTP/1.0" 200 5015 "https://fincasandoval.com/?page_id=41" "Mozilla/5.0 (Macintosh; Intel Mac OS X 10_13_1) AppleWebKit/537.36 (KHTML, like Gecko) Chrome/65.0.3325.181 Safari/537.36"
177.6.254.194 - - [26/Jan/2020:19:00:59 +0100] "GET /wp-includes/js/jquery/jquery.js?ver=1.12.4-wp HTTP/1.0" 200 100633 "https://fincasandoval.com/?page_id=41" "Mozilla/5.0 (Macintosh; Intel Mac OS X 10_13_1) AppleWebKit/537.36 (KHTML, like Gecko) Chrome/65.0.3325.181 Safari/537.36"
194.61.24.253 - - [26/Jan/2020:19:07:08 +0100] "POST /wp-login.php HTTP/1.1" 200 7790 "https://fincasandoval.com/wp-login.php" "Mozilla/5.0 (Windows NT 5.2; WOW64; x64) AppleWebKit/532.88.25 (KHTML, like Gecko) Version/5.2.7 Safari/530.60"
194.61.24.253 - - [26/Jan/2020:19:07:08 +0100] "POST /wp-login.php HTTP/1.1" 200 7790 "https://fincasandoval.com/wp-login.php" "Mozilla/5.0 (Windows NT 6.0; rv:45.67.14) Gecko/20155512 Firefox/45.67.14"
66.249.73.62 - - [26/Jan/2020:19:31:25 +0100] "GET /ads.txt HTTP/1.1" 404 4665 "-" "Mozilla/5.0 (compatible; Googlebot/2.1; +http://www.google.com/bot.html)"
167.172.239.155 - - [26/Jan/2020:19:32:11 +0100] "GET /wp-login.php HTTP/1.1" 200 6587 "-" "Mozilla/5.0 (X11; Ubuntu; Linux x86_64; rv:62.0) Gecko/20100101 Firefox/62.0"
