34.241.77.13 - - [04/Feb/2020:15:03:01 +0100] "POST /wp-login.php HTTP/1.1" 200 4497 "-" "Opera/9.80 (Windows NT 6.1; WOW64) Presto/2.12.388 Version/12.18"
18.197.125.181 - - [04/Feb/2020:15:11:29 +0100] "GET /wp-login.php HTTP/1.1" 200 6568 "-" "Opera/9.80 (Windows NT 6.1; WOW64) Presto/2.12.388 Version/12.18"
18.197.125.181 - - [04/Feb/2020:15:11:30 +0100] "POST /wp-login.php HTTP/1.1" 200 4497 "-" "Opera/9.80 (Windows NT 6.1; WOW64) Presto/2.12.388 Version/12.18"
34.236.55.223 - - [04/Feb/2020:15:14:03 +0100] "GET /wp-login.php HTTP/1.1" 200 6568 "-" "Opera/9.80 (Windows NT 6.1; WOW64) Presto/2.12.388 Version/12.18"
34.236.55.223 - - [04/Feb/2020:15:14:03 +0100] "POST /wp-login.php HTTP/1.1" 200 4497 "-" "Opera/9.80 (Windows NT 6.1; WOW64) Presto/2.12.388 Version/12.18"
193.106.30.99 - - [04/Feb/2020:15:16:19 +0100] "POST /layouts/joomla/toolbar/help.php HTTP/1.1" 404 4665 "-" "Mozilla/5.0 (Windows NT 6.1; Win64; x64) AppleWebKit/537.36 (KHTML, like Gecko) Chrome/73.0.3683.103 Safari/537.36"
34.236.55.223 - - [04/Feb/2020:15:19:45 +0100] "GET /wp-login.php HTTP/1.1" 200 6568 "-" "Opera/9.80 (Windows NT 6.1; WOW64) Presto/2.12.388 Version/12.18"
34.236.55.223 - - [04/Feb/2020:15:19:45 +0100] "POST /wp-login.php HTTP/1.1" 200 4497 "-" "Opera/9.80 (Windows NT 6.1; WOW64) Presto/2.12.388 Version/12.18"
52.65.15.196 - - [04/Feb/2020:15:26:35 +0100] "GET /wp-login.php HTTP/1.1" 200 6568 "-" "Opera/9.80 (Windows NT 6.1; WOW64) Presto/2.12.388 Version/12.18"
52.65.15.196 - - [04/Feb/2020:15:26:35 +0100] "POST /wp-login.php HTTP/1.1" 200 4497 "-" "Opera/9.80 (Windows NT 6.1; WOW64) Presto/2.12.388 Version/12.18"
91.214.87.235 - - [04/Feb/2020:15:27:34 +0100] "GET /wp-content/plugins/google-document-embedder/libs/pdf.php?fn=lol.pdf&file=../../../../wp-config.php HTTP/1.0" 403 4632 "-" "Mozilla/5.0 (Windows NT 6.3; Win64; x64) AppleWebKit/537.36 (KHTML, like Gecko) Chrome/75.0.3770.100 Safari/537.36"
13.58.56.77 - - [04/Feb/2020:15:34:03 +0100] "GET /wp-login.php HTTP/1.1" 200 6568 "-" "Opera/9.80 (Windows NT 6.1; WOW64) Presto/2.12.388 Version/12.18"
13.58.56.77 - - [04/Feb/2020:15:34:03 +0100] "POST /wp-login.php HTTP/1.1" 200 4497 "-" "Opera/9.80 (Windows NT 6.1; WOW64) Presto/2.12.388 Version/12.18"
52.42.79.222 - - [04/Feb/2020:15:40:31 +0100] "GET /wp-login.php HTTP/1.1" 200 6568 "-" "Opera/9.80 (Windows NT 6.1; WOW64) Presto/2.12.388 Version/12.18"
52.42.79.222 - - [04/Feb/2020:15:40:31 +0100] "POST /wp-login.php HTTP/1.1" 200 4497 "-" "Opera/9.80 (Windows NT 6.1; WOW64) Presto/2.12.388 Version/12.18"
3.8.68.2 - - [04/Feb/2020:15:47:02 +0100] "GET /wp-login.php HTTP/1.1" 200 6568 "-" "Opera/9.80 (Windows NT 6.1; WOW64) Presto/2.12.388 Version/12.18"
89.248.107.232 - - [04/Feb/2020:15:47:02 +0100] "POST /wp-cron.php?doing_wp_cron=1580827622.3100190162658691406250 HTTP/1.1" 200 1860 "-" "WordPress/5.2.5; https://fincasandoval.com"
3.8.68.2 - - [04/Feb/2020:15:47:02 +0100] "POST /wp-login.php HTTP/1.1" 200 4497 "-" "Opera/9.80 (Windows NT 6.1; WOW64) Presto/2.12.388 Version/12.18"
13.228.104.57 - - [04/Feb/2020:15:54:40 +0100] "GET /wp-login.php HTTP/1.1" 200 6568 "-" "Opera/9.80 (Windows NT 6.1; WOW64) Presto/2.12.388 Version/12.18"
13.228.104.57 - - [04/Feb/2020:15:54:40 +0100] "POST /wp-login.php HTTP/1.1" 200 4497 "-" "Opera/9.80 (Windows NT 6.1; WOW64) Presto/2.12.388 Version/12.18"
34.236.18.197 - - [04/Feb/2020:16:07:18 +0100] "GET /wp-login.php HTTP/1.1" 200 6568 "-" "Opera/9.80 (Windows NT 6.1; WOW64) Presto/2.12.388 Version/12.18"
89.248.107.232 - - [04/Feb/2020:16:07:18 +0100] "POST /wp-cron.php?doing_wp_cron=1580828838.4635660648345947265625 HTTP/1.1" 200 1860 "-" "WordPress/5.2.5; https://fincasandoval.com"
34.236.18.197 - - [04/Feb/2020:16:07:18 +0100] "POST /wp-login.php HTTP/1.1" 200 4497 "-" "Opera/9.80 (Windows NT 6.1; WOW64) Presto/2.12.388 Version/12.18"
34.209.105.222 - - [04/Feb/2020:16:16:15 +0100] "GET /wp-login.php HTTP/1.1" 200 6568 "-" "Opera/9.80 (Windows NT 6.1; WOW64) Presto/2.12.388 Version/12.18"
34.209.105.222 - - [04/Feb/2020:16:16:15 +0100] "POST /wp-login.php HTTP/1.1" 200 4497 "-" "Opera/9.80 (Windows NT 6.1; WOW64) Presto/2.12.388 Version/12.18"
176.12.87.225 - - [04/Feb/2020:16:19:39 +0100] "GET / HTTP/1.1" 200 17757 "https://www.google.com/" "Mozilla/5.0 (Windows NT 6.1; WOW64; rv:52.0) Gecko/20100101 Firefox/52.0"
176.12.87.225 - - [04/Feb/2020:16:19:40 +0100] "GET /wp-includes/css/dist/block-library/style.min.css?ver=5.2.5 HTTP/1.1" 200 29676 "https://fincasandoval.com/" "Mozilla/5.0 (Windows NT 6.1; WOW64; rv:52.0) Gecko/20100101 Firefox/52.0"
176.12.87.225 - - [04/Feb/2020:16:19:40 +0100] "GET /wp-content/themes/book-lite/style.css?ver=5.2.5 HTTP/1.1" 200 24251 "https://fincasandoval.com/" "Mozilla/5.0 (Windows NT 6.1; WOW64; rv:52.0) Gecko/20100101 Firefox/52.0"
176.12.87.225 - - [04/Feb/2020:16:19:40 +0100] "GET /wp-includes/js/jquery/jquery.js?ver=1.12.4-wp HTTP/1.1" 200 97385 "https://fincasandoval.com/" "Mozilla/5.0 (Windows NT 6.1; WOW64; rv:52.0) Gecko/20100101 Firefox/52.0"
176.12.87.225 - - [04/Feb/2020:16:19:41 +0100] "GET /wp-includes/js/jquery/jquery-migrate.min.js?ver=1.4.1 HTTP/1.1" 200 10422 "https://fincasandoval.com/" "Mozilla/5.0 (Windows NT 6.1; WOW64; rv:52.0) Gecko/20100101 Firefox/52.0"
176.12.87.225 - - [04/Feb/2020:16:19:41 +0100] "GET /wp-content/uploads/2017/05/vs-2016.jpg HTTP/1.1" 200 25846 "https://fincasandoval.com/" "Mozilla/5.0 (Windows NT 6.1; WOW64; rv:52.0) Gecko/20100101 Firefox/52.0"
176.12.87.225 - - [04/Feb/2020:16:19:41 +0100] "GET /wp-content/themes/book-lite/js/script.js?ver=1.0 HTTP/1.1" 200 762 "https://fincasandoval.com/" "Mozilla/5.0 (Windows NT 6.1; WOW64; rv:52.0) Gecko/20100101 Firefox/52.0"
176.12.87.225 - - [04/Feb/2020:16:19:41 +0100] "GET /wp-includes/js/wp-embed.min.js?ver=5.2.5 HTTP/1.1" 200 1905 "https://fincasandoval.com/" "Mozilla/5.0 (Windows NT 6.1; WOW64; rv:52.0) Gecko/20100101 Firefox/52.0"
176.12.87.225 - - [04/Feb/2020:16:19:41 +0100] "GET /wp-content/themes/book-lite/js/small-menu.js?ver=20120206 HTTP/1.1" 200 1761 "https://fincasandoval.com/" "Mozilla/5.0 (Windows NT 6.1; WOW64; rv:52.0) Gecko/20100101 Firefox/52.0"
176.12.87.225 - - [04/Feb/2020:16:19:41 +0100] "GET /wp-content/uploads/2014/11/fs-1.jpg?w=625 HTTP/1.1" 200 639596 "https://fincasandoval.com/" "Mozilla/5.0 (Windows NT 6.1; WOW64; rv:52.0) Gecko/20100101 Firefox/52.0"
176.12.87.225 - - [04/Feb/2020:16:19:41 +0100] "GET /wp-includes/js/wp-emoji-release.min.js?ver=5.2.5 HTTP/1.1" 200 14344 "https://fincasandoval.com/" "Mozilla/5.0 (Windows NT 6.1; WOW64; rv:52.0) Gecko/20100101 Firefox/52.0"
176.12.87.225 - - [04/Feb/2020:16:19:41 +0100] "GET /wp-content/themes/book-lite/images/nav-bg.png HTTP/1.1" 200 458 "https://fincasandoval.com/wp-content/themes/book-lite/style.css?ver=5.2.5" "Mozilla/5.0 (Windows NT 6.1; WOW64; rv:52.0) Gecko/20100101 Firefox/52.0"
176.12.87.225 - - [04/Feb/2020:16:19:41 +0100] "GET /wp-content/themes/book-lite/images/break.png HTTP/1.1" 200 951 "https://fincasandoval.com/wp-content/themes/book-lite/style.css?ver=5.2.5" "Mozilla/5.0 (Windows NT 6.1; WOW64; rv:52.0) Gecko/20100101 Firefox/52.0"
176.12.87.225 - - [04/Feb/2020:16:19:41 +0100] "GET /wp-content/themes/book-lite/images/diamond-white.png HTTP/1.1" 200 565 "https://fincasandoval.com/wp-content/themes/book-lite/style.css?ver=5.2.5" "Mozilla/5.0 (Windows NT 6.1; WOW64; rv:52.0) Gecko/20100101 Firefox/52.0"
176.12.87.225 - - [04/Feb/2020:16:19:41 +0100] "GET /wp-content/uploads/2019/09/cropped-header-1.jpg HTTP/1.1" 200 45807 "https://fincasandoval.com/" "Mozilla/5.0 (Windows NT 6.1; WOW64; rv:52.0) Gecko/20100101 Firefox/52.0"
176.12.87.225 - - [04/Feb/2020:16:19:42 +0100] "GET /favicon.ico HTTP/1.1" 200 5797 "-" "Mozilla/5.0 (Windows NT 6.1; WOW64; rv:52.0) Gecko/20100101 Firefox/52.0"
176.12.87.225 - - [04/Feb/2020:16:19:42 +0100] "GET /favicon.ico HTTP/1.1" 200 5797 "-" "Mozilla/5.0 (Windows NT 6.1; WOW64; rv:52.0) Gecko/20100101 Firefox/52.0"
176.12.87.225 - - [04/Feb/2020:16:19:58 +0100] "GET /?page_id=10 HTTP/1.1" 200 16566 "https://fincasandoval.com/" "Mozilla/5.0 (Windows NT 6.1; WOW64; rv:52.0) Gecko/20100101 Firefox/52.0"
176.12.87.225 - - [04/Feb/2020:16:19:59 +0100] "GET /wp-includes/css/dist/block-library/style.min.css?ver=5.2.5 HTTP/1.1" 200 29676 "https://fincasandoval.com/?page_id=10" "Mozilla/5.0 (Windows NT 6.1; WOW64; rv:52.0) Gecko/20100101 Firefox/52.0"
176.12.87.225 - - [04/Feb/2020:16:19:59 +0100] "GET /wp-content/themes/book-lite/js/script.js?ver=1.0 HTTP/1.1" 200 624 "https://fincasandoval.com/?page_id=10" "Mozilla/5.0 (Windows NT 6.1; WOW64; rv:52.0) Gecko/20100101 Firefox/52.0"
176.12.87.225 - - [04/Feb/2020:16:19:59 +0100] "GET /wp-includes/js/wp-emoji-release.min.js?ver=5.2.5 HTTP/1.1" 200 14344 "https://fincasandoval.com/?page_id=10" "Mozilla/5.0 (Windows NT 6.1; WOW64; rv:52.0) Gecko/20100101 Firefox/52.0"
176.12.87.225 - - [04/Feb/2020:16:19:59 +0100] "GET /wp-content/themes/book-lite/style.css?ver=5.2.5 HTTP/1.1" 200 21109 "https://fincasandoval.com/?page_id=10" "Mozilla/5.0 (Windows NT 6.1; WOW64; rv:52.0) Gecko/20100101 Firefox/52.0"
176.12.87.225 - - [04/Feb/2020:16:19:59 +0100] "GET /wp-includes/js/jquery/jquery.js?ver=1.12.4-wp HTTP/1.1" 200 97523 "https://fincasandoval.com/?page_id=10" "Mozilla/5.0 (Windows NT 6.1; WOW64; rv:52.0) Gecko/20100101 Firefox/52.0"
176.12.87.225 - - [04/Feb/2020:16:19:59 +0100] "GET /wp-content/themes/book-lite/js/small-menu.js?ver=20120206 HTTP/1.1" 200 1761 "https://fincasandoval.com/?page_id=10" "Mozilla/5.0 (Windows NT 6.1; WOW64; rv:52.0) Gecko/20100101 Firefox/52.0"
176.12.87.225 - - [04/Feb/2020:16:19:59 +0100] "GET /wp-includes/js/jquery/jquery-migrate.min.js?ver=1.4.1 HTTP/1.1" 200 10560 "https://fincasandoval.com/?page_id=10" "Mozilla/5.0 (Windows NT 6.1; WOW64; rv:52.0) Gecko/20100101 Firefox/52.0"
176.12.87.225 - - [04/Feb/2020:16:19:59 +0100] "GET /wp-includes/js/wp-embed.min.js?ver=5.2.5 HTTP/1.1" 200 1767 "https://fincasandoval.com/?page_id=10" "Mozilla/5.0 (Windows NT 6.1; WOW64; rv:52.0) Gecko/20100101 Firefox/52.0"
176.12.87.225 - - [04/Feb/2020:16:19:59 +0100] "GET /wp-content/uploads/2014/11/fs-4-768x431.jpg HTTP/1.1" 200 48639 "https://fincasandoval.com/?page_id=10" "Mozilla/5.0 (Windows NT 6.1; WOW64; rv:52.0) Gecko/20100101 Firefox/52.0"
176.12.87.225 - - [04/Feb/2020:16:19:59 +0100] "GET /wp-content/uploads/2014/11/fs-3-768x431.jpg HTTP/1.1" 200 44198 "https://fincasandoval.com/?page_id=10" "Mozilla/5.0 (Windows NT 6.1; WOW64; rv:52.0) Gecko/20100101 Firefox/52.0"
176.12.87.225 - - [04/Feb/2020:16:19:59 +0100] "GET /wp-content/themes/book-lite/images/nav-bg.png HTTP/1.1" 200 458 "https://fincasandoval.com/wp-content/themes/book-lite/style.css?ver=5.2.5" "Mozilla/5.0 (Windows NT 6.1; WOW64; rv:52.0) Gecko/20100101 Firefox/52.0"
176.12.87.225 - - [04/Feb/2020:16:19:59 +0100] "GET /wp-content/uploads/2019/09/cropped-header-1.jpg HTTP/1.1" 200 45807 "https://fincasandoval.com/?page_id=10" "Mozilla/5.0 (Windows NT 6.1; WOW64; rv:52.0) Gecko/20100101 Firefox/52.0"
176.12.87.225 - - [04/Feb/2020:16:19:59 +0100] "GET /wp-content/themes/book-lite/images/diamond-white.png HTTP/1.1" 200 565 "https://fincasandoval.com/wp-content/themes/book-lite/style.css?ver=5.2.5" "Mozilla/5.0 (Windows NT 6.1; WOW64; rv:52.0) Gecko/20100101 Firefox/52.0"
176.12.87.225 - - [04/Feb/2020:16:19:59 +0100] "GET /wp-content/themes/book-lite/images/break.png HTTP/1.1" 200 951 "https://fincasandoval.com/wp-content/themes/book-lite/style.css?ver=5.2.5" "Mozilla/5.0 (Windows NT 6.1; WOW64; rv:52.0) Gecko/20100101 Firefox/52.0"
176.12.87.225 - - [04/Feb/2020:16:19:59 +0100] "GET /wp-content/uploads/2014/11/fs-2.jpg?w=625 HTTP/1.1" 200 5413372 "https://fincasandoval.com/?page_id=10" "Mozilla/5.0 (Windows NT 6.1; WOW64; rv:52.0) Gecko/20100101 Firefox/52.0"
176.12.87.225 - - [04/Feb/2020:16:21:36 +0100] "GET /?page_id=20 HTTP/1.1" 200 16432 "https://fincasandoval.com/?page_id=10" "Mozilla/5.0 (Windows NT 6.1; WOW64; rv:52.0) Gecko/20100101 Firefox/52.0"
176.12.87.225 - - [04/Feb/2020:16:21:36 +0100] "GET /wp-includes/css/dist/block-library/style.min.css?ver=5.2.5 HTTP/1.1" 200 29676 "https://fincasandoval.com/?page_id=20" "Mozilla/5.0 (Windows NT 6.1; WOW64; rv:52.0) Gecko/20100101 Firefox/52.0"
176.12.87.225 - - [04/Feb/2020:16:21:36 +0100] "GET /wp-content/themes/book-lite/js/small-menu.js?ver=20120206 HTTP/1.1" 200 1761 "https://fincasandoval.com/?page_id=20" "Mozilla/5.0 (Windows NT 6.1; WOW64; rv:52.0) Gecko/20100101 Firefox/52.0"
176.12.87.225 - - [04/Feb/2020:16:21:36 +0100] "GET /wp-includes/js/jquery/jquery.js?ver=1.12.4-wp HTTP/1.1" 200 97523 "https://fincasandoval.com/?page_id=20" "Mozilla/5.0 (Windows NT 6.1; WOW64; rv:52.0) Gecko/20100101 Firefox/52.0"
176.12.87.225 - - [04/Feb/2020:16:21:36 +0100] "GET /wp-content/themes/book-lite/style.css?ver=5.2.5 HTTP/1.1" 200 21109 "https://fincasandoval.com/?page_id=20" "Mozilla/5.0 (Windows NT 6.1; WOW64; rv:52.0) Gecko/20100101 Firefox/52.0"
176.12.87.225 - - [04/Feb/2020:16:21:36 +0100] "GET /wp-includes/js/jquery/jquery-migrate.min.js?ver=1.4.1 HTTP/1.1" 200 10560 "https://fincasandoval.com/?page_id=20" "Mozilla/5.0 (Windows NT 6.1; WOW64; rv:52.0) Gecko/20100101 Firefox/52.0"
176.12.87.225 - - [04/Feb/2020:16:21:36 +0100] "GET /wp-includes/js/wp-emoji-release.min.js?ver=5.2.5 HTTP/1.1" 200 14344 "https://fincasandoval.com/?page_id=20" "Mozilla/5.0 (Windows NT 6.1; WOW64; rv:52.0) Gecko/20100101 Firefox/52.0"
176.12.87.225 - - [04/Feb/2020:16:21:36 +0100] "GET /wp-content/themes/book-lite/js/script.js?ver=1.0 HTTP/1.1" 200 624 "https://fincasandoval.com/?page_id=20" "Mozilla/5.0 (Windows NT 6.1; WOW64; rv:52.0) Gecko/20100101 Firefox/52.0"
176.12.87.225 - - [04/Feb/2020:16:21:36 +0100] "GET /wp-includes/js/wp-embed.min.js?ver=5.2.5 HTTP/1.1" 200 1767 "https://fincasandoval.com/?page_id=20" "Mozilla/5.0 (Windows NT 6.1; WOW64; rv:52.0) Gecko/20100101 Firefox/52.0"
176.12.87.225 - - [04/Feb/2020:16:21:36 +0100] "GET /wp-content/uploads/2014/11/fs-6-768x504.jpg HTTP/1.1" 200 106464 "https://fincasandoval.com/?page_id=20" "Mozilla/5.0 (Windows NT 6.1; WOW64; rv:52.0) Gecko/20100101 Firefox/52.0"
176.12.87.225 - - [04/Feb/2020:16:21:36 +0100] "GET /wp-content/themes/book-lite/images/nav-bg.png HTTP/1.1" 200 458 "https://fincasandoval.com/wp-content/themes/book-lite/style.css?ver=5.2.5" "Mozilla/5.0 (Windows NT 6.1; WOW64; rv:52.0) Gecko/20100101 Firefox/52.0"
176.12.87.225 - - [04/Feb/2020:16:21:36 +0100] "GET /wp-content/uploads/2019/09/cropped-header-1.jpg HTTP/1.1" 200 45807 "https://fincasandoval.com/?page_id=20" "Mozilla/5.0 (Windows NT 6.1; WOW64; rv:52.0) Gecko/20100101 Firefox/52.0"
176.12.87.225 - - [04/Feb/2020:16:21:36 +0100] "GET /wp-content/themes/book-lite/images/diamond-white.png HTTP/1.1" 200 565 "https://fincasandoval.com/wp-content/themes/book-lite/style.css?ver=5.2.5" "Mozilla/5.0 (Windows NT 6.1; WOW64; rv:52.0) Gecko/20100101 Firefox/52.0"
176.12.87.225 - - [04/Feb/2020:16:21:36 +0100] "GET /wp-content/themes/book-lite/images/break.png HTTP/1.1" 200 951 "https://fincasandoval.com/wp-content/themes/book-lite/style.css?ver=5.2.5" "Mozilla/5.0 (Windows NT 6.1; WOW64; rv:52.0) Gecko/20100101 Firefox/52.0"
176.12.87.225 - - [04/Feb/2020:16:21:36 +0100] "GET /wp-content/themes/book-lite/images/quote.png HTTP/1.1" 200 775 "https://fincasandoval.com/wp-content/themes/book-lite/style.css?ver=5.2.5" "Mozilla/5.0 (Windows NT 6.1; WOW64; rv:52.0) Gecko/20100101 Firefox/52.0"
176.12.87.225 - - [04/Feb/2020:16:22:03 +0100] "GET /?page_id=28 HTTP/1.1" 200 12061 "https://fincasandoval.com/?page_id=20" "Mozilla/5.0 (Windows NT 6.1; WOW64; rv:52.0) Gecko/20100101 Firefox/52.0"
176.12.87.225 - - [04/Feb/2020:16:22:03 +0100] "GET /wp-includes/css/dist/block-library/style.min.css?ver=5.2.5 HTTP/1.1" 200 29676 "https://fincasandoval.com/?page_id=28" "Mozilla/5.0 (Windows NT 6.1; WOW64; rv:52.0) Gecko/20100101 Firefox/52.0"
176.12.87.225 - - [04/Feb/2020:16:22:03 +0100] "GET /wp-includes/js/wp-emoji-release.min.js?ver=5.2.5 HTTP/1.1" 200 14344 "https://fincasandoval.com/?page_id=28" "Mozilla/5.0 (Windows NT 6.1; WOW64; rv:52.0) Gecko/20100101 Firefox/52.0"
176.12.87.225 - - [04/Feb/2020:16:22:03 +0100] "GET /wp-includes/js/jquery/jquery-migrate.min.js?ver=1.4.1 HTTP/1.1" 200 10560 "https://fincasandoval.com/?page_id=28" "Mozilla/5.0 (Windows NT 6.1; WOW64; rv:52.0) Gecko/20100101 Firefox/52.0"
176.12.87.225 - - [04/Feb/2020:16:22:03 +0100] "GET /wp-content/themes/book-lite/js/small-menu.js?ver=20120206 HTTP/1.1" 200 1761 "https://fincasandoval.com/?page_id=28" "Mozilla/5.0 (Windows NT 6.1; WOW64; rv:52.0) Gecko/20100101 Firefox/52.0"
176.12.87.225 - - [04/Feb/2020:16:22:03 +0100] "GET /wp-content/themes/book-lite/style.css?ver=5.2.5 HTTP/1.1" 200 21109 "https://fincasandoval.com/?page_id=28" "Mozilla/5.0 (Windows NT 6.1; WOW64; rv:52.0) Gecko/20100101 Firefox/52.0"
176.12.87.225 - - [04/Feb/2020:16:22:03 +0100] "GET /wp-includes/js/jquery/jquery.js?ver=1.12.4-wp HTTP/1.1" 200 97523 "https://fincasandoval.com/?page_id=28" "Mozilla/5.0 (Windows NT 6.1; WOW64; rv:52.0) Gecko/20100101 Firefox/52.0"
176.12.87.225 - - [04/Feb/2020:16:22:03 +0100] "GET /wp-content/themes/book-lite/js/script.js?ver=1.0 HTTP/1.1" 200 624 "https://fincasandoval.com/?page_id=28" "Mozilla/5.0 (Windows NT 6.1; WOW64; rv:52.0) Gecko/20100101 Firefox/52.0"
176.12.87.225 - - [04/Feb/2020:16:22:03 +0100] "GET /wp-includes/js/wp-embed.min.js?ver=5.2.5 HTTP/1.1" 200 1767 "https://fincasandoval.com/?page_id=28" "Mozilla/5.0 (Windows NT 6.1; WOW64; rv:52.0) Gecko/20100101 Firefox/52.0"
176.12.87.225 - - [04/Feb/2020:16:22:03 +0100] "GET /wp-content/uploads/2014/11/fs-7-768x598.jpg HTTP/1.1" 200 136746 "https://fincasandoval.com/?page_id=28" "Mozilla/5.0 (Windows NT 6.1; WOW64; rv:52.0) Gecko/20100101 Firefox/52.0"
176.12.87.225 - - [04/Feb/2020:16:22:04 +0100] "GET /wp-content/themes/book-lite/images/break.png HTTP/1.1" 200 951 "https://fincasandoval.com/wp-content/themes/book-lite/style.css?ver=5.2.5" "Mozilla/5.0 (Windows NT 6.1; WOW64; rv:52.0) Gecko/20100101 Firefox/52.0"
176.12.87.225 - - [04/Feb/2020:16:22:04 +0100] "GET /wp-content/themes/book-lite/images/diamond-white.png HTTP/1.1" 200 565 "https://fincasandoval.com/wp-content/themes/book-lite/style.css?ver=5.2.5" "Mozilla/5.0 (Windows NT 6.1; WOW64; rv:52.0) Gecko/20100101 Firefox/52.0"
176.12.87.225 - - [04/Feb/2020:16:22:04 +0100] "GET /wp-content/uploads/2019/09/cropped-header-1.jpg HTTP/1.1" 200 45807 "https://fincasandoval.com/?page_id=28" "Mozilla/5.0 (Windows NT 6.1; WOW64; rv:52.0) Gecko/20100101 Firefox/52.0"
176.12.87.225 - - [04/Feb/2020:16:22:04 +0100] "GET /wp-content/themes/book-lite/images/nav-bg.png HTTP/1.1" 200 458 "https://fincasandoval.com/wp-content/themes/book-lite/style.css?ver=5.2.5" "Mozilla/5.0 (Windows NT 6.1; WOW64; rv:52.0) Gecko/20100101 Firefox/52.0"
54.250.87.247 - - [04/Feb/2020:16:22:18 +0100] "GET /wp-login.php HTTP/1.1" 200 6568 "-" "Opera/9.80 (Windows NT 6.1; WOW64) Presto/2.12.388 Version/12.18"
54.250.87.247 - - [04/Feb/2020:16:22:19 +0100] "POST /wp-login.php HTTP/1.1" 200 4497 "-" "Opera/9.80 (Windows NT 6.1; WOW64) Presto/2.12.388 Version/12.18"
176.12.87.225 - - [04/Feb/2020:16:25:03 +0100] "GET /?page_id=28 HTTP/1.1" 200 15203 "-" "Mozilla/5.0 (Windows NT 6.1; WOW64; rv:52.0) Gecko/20100101 Firefox/52.0"
176.12.87.225 - - [04/Feb/2020:16:25:03 +0100] "GET /wp-includes/css/dist/block-library/style.min.css?ver=5.2.5 HTTP/1.1" 200 29676 "https://fincasandoval.com/?page_id=28" "Mozilla/5.0 (Windows NT 6.1; WOW64; rv:52.0) Gecko/20100101 Firefox/52.0"
176.12.87.225 - - [04/Feb/2020:16:25:03 +0100] "GET /wp-content/themes/book-lite/style.css?ver=5.2.5 HTTP/1.1" 200 24251 "https://fincasandoval.com/?page_id=28" "Mozilla/5.0 (Windows NT 6.1; WOW64; rv:52.0) Gecko/20100101 Firefox/52.0"
176.12.87.225 - - [04/Feb/2020:16:25:03 +0100] "GET /wp-includes/js/jquery/jquery-migrate.min.js?ver=1.4.1 HTTP/1.1" 200 10422 "https://fincasandoval.com/?page_id=28" "Mozilla/5.0 (Windows NT 6.1; WOW64; rv:52.0) Gecko/20100101 Firefox/52.0"
176.12.87.225 - - [04/Feb/2020:16:25:03 +0100] "GET /wp-includes/js/jquery/jquery.js?ver=1.12.4-wp HTTP/1.1" 200 97385 "https://fincasandoval.com/?page_id=28" "Mozilla/5.0 (Windows NT 6.1; WOW64; rv:52.0) Gecko/20100101 Firefox/52.0"
176.12.87.225 - - [04/Feb/2020:16:25:03 +0100] "GET /wp-includes/js/wp-emoji-release.min.js?ver=5.2.5 HTTP/1.1" 200 14344 "https://fincasandoval.com/?page_id=28" "Mozilla/5.0 (Windows NT 6.1; WOW64; rv:52.0) Gecko/20100101 Firefox/52.0"
176.12.87.225 - - [04/Feb/2020:16:25:03 +0100] "GET /wp-content/themes/book-lite/js/small-menu.js?ver=20120206 HTTP/1.1" 200 1761 "https://fincasandoval.com/?page_id=28" "Mozilla/5.0 (Windows NT 6.1; WOW64; rv:52.0) Gecko/20100101 Firefox/52.0"
176.12.87.225 - - [04/Feb/2020:16:25:03 +0100] "GET /wp-content/themes/book-lite/js/script.js?ver=1.0 HTTP/1.1" 200 762 "https://fincasandoval.com/?page_id=28" "Mozilla/5.0 (Windows NT 6.1; WOW64; rv:52.0) Gecko/20100101 Firefox/52.0"
176.12.87.225 - - [04/Feb/2020:16:25:03 +0100] "GET /wp-includes/js/wp-embed.min.js?ver=5.2.5 HTTP/1.1" 200 1905 "https://fincasandoval.com/?page_id=28" "Mozilla/5.0 (Windows NT 6.1; WOW64; rv:52.0) Gecko/20100101 Firefox/52.0"
176.12.87.225 - - [04/Feb/2020:16:25:03 +0100] "GET /wp-content/uploads/2014/11/fs-7-768x598.jpg HTTP/1.1" 200 136746 "https://fincasandoval.com/?page_id=28" "Mozilla/5.0 (Windows NT 6.1; WOW64; rv:52.0) Gecko/20100101 Firefox/52.0"
176.12.87.225 - - [04/Feb/2020:16:25:03 +0100] "GET /wp-content/themes/book-lite/images/nav-bg.png HTTP/1.1" 200 458 "https://fincasandoval.com/wp-content/themes/book-lite/style.css?ver=5.2.5" "Mozilla/5.0 (Windows NT 6.1; WOW64; rv:52.0) Gecko/20100101 Firefox/52.0"
176.12.87.225 - - [04/Feb/2020:16:25:03 +0100] "GET /wp-content/uploads/2019/09/cropped-header-1.jpg HTTP/1.1" 200 45807 "https://fincasandoval.com/?page_id=28" "Mozilla/5.0 (Windows NT 6.1; WOW64; rv:52.0) Gecko/20100101 Firefox/52.0"
176.12.87.225 - - [04/Feb/2020:16:25:03 +0100] "GET /wp-content/themes/book-lite/images/diamond-white.png HTTP/1.1" 200 565 "https://fincasandoval.com/wp-content/themes/book-lite/style.css?ver=5.2.5" "Mozilla/5.0 (Windows NT 6.1; WOW64; rv:52.0) Gecko/20100101 Firefox/52.0"
176.12.87.225 - - [04/Feb/2020:16:25:03 +0100] "GET /wp-content/themes/book-lite/images/break.png HTTP/1.1" 200 951 "https://fincasandoval.com/wp-content/themes/book-lite/style.css?ver=5.2.5" "Mozilla/5.0 (Windows NT 6.1; WOW64; rv:52.0) Gecko/20100101 Firefox/52.0"
18.136.72.135 - - [04/Feb/2020:16:28:48 +0100] "GET /wp-login.php HTTP/1.1" 200 6568 "-" "Opera/9.80 (Windows NT 6.1; WOW64) Presto/2.12.388 Version/12.18"
18.136.72.135 - - [04/Feb/2020:16:28:49 +0100] "POST /wp-login.php HTTP/1.1" 200 4497 "-" "Opera/9.80 (Windows NT 6.1; WOW64) Presto/2.12.388 Version/12.18"
13.58.56.77 - - [04/Feb/2020:16:36:16 +0100] "GET /wp-login.php HTTP/1.1" 200 6568 "-" "Opera/9.80 (Windows NT 6.1; WOW64) Presto/2.12.388 Version/12.18"
13.58.56.77 - - [04/Feb/2020:16:36:16 +0100] "POST /wp-login.php HTTP/1.1" 200 4497 "-" "Opera/9.80 (Windows NT 6.1; WOW64) Presto/2.12.388 Version/12.18"
35.183.60.188 - - [04/Feb/2020:16:43:08 +0100] "GET /wp-login.php HTTP/1.1" 200 6568 "-" "Opera/9.80 (Windows NT 6.1; WOW64) Presto/2.12.388 Version/12.18"
89.248.107.232 - - [04/Feb/2020:16:43:08 +0100] "POST /wp-cron.php?doing_wp_cron=1580830988.4471900463104248046875 HTTP/1.1" 200 1860 "-" "WordPress/5.2.5; https://fincasandoval.com"
35.183.60.188 - - [04/Feb/2020:16:43:08 +0100] "POST /wp-login.php HTTP/1.1" 200 4497 "-" "Opera/9.80 (Windows NT 6.1; WOW64) Presto/2.12.388 Version/12.18"
54.250.87.247 - - [04/Feb/2020:16:51:23 +0100] "GET /wp-login.php HTTP/1.1" 200 6568 "-" "Opera/9.80 (Windows NT 6.1; WOW64) Presto/2.12.388 Version/12.18"
54.250.87.247 - - [04/Feb/2020:16:51:24 +0100] "POST /wp-login.php HTTP/1.1" 200 4497 "-" "Opera/9.80 (Windows NT 6.1; WOW64) Presto/2.12.388 Version/12.18"
3.0.115.255 - - [04/Feb/2020:16:56:52 +0100] "GET /wp-login.php HTTP/1.1" 200 6568 "-" "Opera/9.80 (Windows NT 6.1; WOW64) Presto/2.12.388 Version/12.18"
89.248.107.232 - - [04/Feb/2020:16:56:53 +0100] "POST /wp-cron.php?doing_wp_cron=1580831813.6582028865814208984375 HTTP/1.1" 200 1860 "-" "WordPress/5.2.5; https://fincasandoval.com"
3.0.115.255 - - [04/Feb/2020:16:56:53 +0100] "POST /wp-login.php HTTP/1.1" 200 4497 "-" "Opera/9.80 (Windows NT 6.1; WOW64) Presto/2.12.388 Version/12.18"
3.214.209.95 - - [04/Feb/2020:16:58:12 +0100] "GET /ads.txt HTTP/1.1" 404 4470 "-" "Mozilla/5.0 (Macintosh; Intel Mac OS X 10_12_6) AppleWebKit/537.36 (KHTML, like Gecko) Chrome/63.0.3239.84 Safari/537.36"
3.214.209.95 - - [04/Feb/2020:16:58:13 +0100] "GET /ads.txt HTTP/1.1" 404 4470 "-" "Mozilla/5.0 (Macintosh; Intel Mac OS X 10_12_6) AppleWebKit/537.36 (KHTML, like Gecko) Chrome/63.0.3239.84 Safari/537.36"
159.138.149.160 - - [04/Feb/2020:17:01:38 +0100] "GET /contacto HTTP/1.1" 404 4433 "-" "Mozilla/5.0 (Linux; Android 7.0; FRD-AL00 Build/HUAWEIFRD-AL00; wv) AppleWebKit/537.36 (KHTML, like Gecko) Version/4.0 Chrome/53.0.2785.49 Mobile MQQBrowser/6.2 TBS/043602 Safari/537.36 MicroMessenger/6.5.16.1120 NetType/WIFI Language/zh_CN"
34.215.69.55 - - [04/Feb/2020:17:03:52 +0100] "GET /wp-login.php HTTP/1.1" 200 6568 "-" "Opera/9.80 (Windows NT 6.1; WOW64) Presto/2.12.388 Version/12.18"
34.215.69.55 - - [04/Feb/2020:17:03:53 +0100] "POST /wp-login.php HTTP/1.1" 200 4497 "-" "Opera/9.80 (Windows NT 6.1; WOW64) Presto/2.12.388 Version/12.18"
52.42.79.222 - - [04/Feb/2020:17:12:33 +0100] "GET /wp-login.php HTTP/1.1" 200 6568 "-" "Opera/9.80 (Windows NT 6.1; WOW64) Presto/2.12.388 Version/12.18"
52.42.79.222 - - [04/Feb/2020:17:12:33 +0100] "POST /wp-login.php HTTP/1.1" 200 4497 "-" "Opera/9.80 (Windows NT 6.1; WOW64) Presto/2.12.388 Version/12.18"
3.8.12.221 - - [04/Feb/2020:17:18:00 +0100] "GET /wp-login.php HTTP/1.1" 200 6568 "-" "Opera/9.80 (Windows NT 6.1; WOW64) Presto/2.12.388 Version/12.18"
3.8.12.221 - - [04/Feb/2020:17:18:00 +0100] "POST /wp-login.php HTTP/1.1" 200 4497 "-" "Opera/9.80 (Windows NT 6.1; WOW64) Presto/2.12.388 Version/12.18"
66.249.64.90 - - [04/Feb/2020:17:19:33 +0100] "GET /distribuidores/ HTTP/1.1" 404 4665 "-" "Mozilla/5.0 (Linux; Android 6.0.1; Nexus 5X Build/MMB29P) AppleWebKit/537.36 (KHTML, like Gecko) Chrome/41.0.2272.96 Mobile Safari/537.36 (compatible; Googlebot/2.1; +http://www.google.com/bot.html)"
13.228.104.57 - - [04/Feb/2020:17:26:36 +0100] "GET /wp-login.php HTTP/1.1" 200 6568 "-" "Opera/9.80 (Windows NT 6.1; WOW64) Presto/2.12.388 Version/12.18"
13.228.104.57 - - [04/Feb/2020:17:26:36 +0100] "POST /wp-login.php HTTP/1.1" 200 4497 "-" "Opera/9.80 (Windows NT 6.1; WOW64) Presto/2.12.388 Version/12.18"
34.209.105.222 - - [04/Feb/2020:17:33:33 +0100] "GET /wp-login.php HTTP/1.1" 200 6568 "-" "Opera/9.80 (Windows NT 6.1; WOW64) Presto/2.12.388 Version/12.18"
34.209.105.222 - - [04/Feb/2020:17:33:33 +0100] "POST /wp-login.php HTTP/1.1" 200 4497 "-" "Opera/9.80 (Windows NT 6.1; WOW64) Presto/2.12.388 Version/12.18"
34.230.156.67 - - [04/Feb/2020:17:38:29 +0100] "GET /wp-login.php HTTP/1.1" 200 6568 "-" "Opera/9.80 (Windows NT 6.1; WOW64) Presto/2.12.388 Version/12.18"
34.230.156.67 - - [04/Feb/2020:17:38:29 +0100] "POST /wp-login.php HTTP/1.1" 200 4497 "-" "Opera/9.80 (Windows NT 6.1; WOW64) Presto/2.12.388 Version/12.18"
79.152.26.108 - - [04/Feb/2020:17:39:08 +0100] "GET / HTTP/1.1" 200 17757 "https://www.google.com/" "Mozilla/5.0 (Linux; Android 9; VTR-L09) AppleWebKit/537.36 (KHTML, like Gecko) Chrome/79.0.3945.136 Mobile Safari/537.36"
79.152.26.108 - - [04/Feb/2020:17:39:09 +0100] "GET /wp-includes/css/dist/block-library/style.min.css?ver=5.2.5 HTTP/1.1" 200 32956 "https://fincasandoval.com/" "Mozilla/5.0 (Linux; Android 9; VTR-L09) AppleWebKit/537.36 (KHTML, like Gecko) Chrome/79.0.3945.136 Mobile Safari/537.36"
79.152.26.108 - - [04/Feb/2020:17:39:09 +0100] "GET /wp-content/themes/book-lite/style.css?ver=5.2.5 HTTP/1.1" 200 20971 "https://fincasandoval.com/" "Mozilla/5.0 (Linux; Android 9; VTR-L09) AppleWebKit/537.36 (KHTML, like Gecko) Chrome/79.0.3945.136 Mobile Safari/537.36"
79.152.26.108 - - [04/Feb/2020:17:39:09 +0100] "GET /wp-includes/js/jquery/jquery.js?ver=1.12.4-wp HTTP/1.1" 200 97385 "https://fincasandoval.com/" "Mozilla/5.0 (Linux; Android 9; VTR-L09) AppleWebKit/537.36 (KHTML, like Gecko) Chrome/79.0.3945.136 Mobile Safari/537.36"
79.152.26.108 - - [04/Feb/2020:17:39:09 +0100] "GET /wp-includes/js/jquery/jquery-migrate.min.js?ver=1.4.1 HTTP/1.1" 200 10560 "https://fincasandoval.com/" "Mozilla/5.0 (Linux; Android 9; VTR-L09) AppleWebKit/537.36 (KHTML, like Gecko) Chrome/79.0.3945.136 Mobile Safari/537.36"
79.152.26.108 - - [04/Feb/2020:17:39:09 +0100] "GET /wp-content/uploads/2017/05/vs-2016.jpg HTTP/1.1" 200 25984 "https://fincasandoval.com/" "Mozilla/5.0 (Linux; Android 9; VTR-L09) AppleWebKit/537.36 (KHTML, like Gecko) Chrome/79.0.3945.136 Mobile Safari/537.36"
79.152.26.108 - - [04/Feb/2020:17:39:09 +0100] "GET /wp-includes/js/wp-emoji-release.min.js?ver=5.2.5 HTTP/1.1" 200 14344 "https://fincasandoval.com/" "Mozilla/5.0 (Linux; Android 9; VTR-L09) AppleWebKit/537.36 (KHTML, like Gecko) Chrome/79.0.3945.136 Mobile Safari/537.36"
79.152.26.108 - - [04/Feb/2020:17:39:09 +0100] "GET /wp-content/themes/book-lite/js/small-menu.js?ver=20120206 HTTP/1.1" 200 1623 "https://fincasandoval.com/" "Mozilla/5.0 (Linux; Android 9; VTR-L09) AppleWebKit/537.36 (KHTML, like Gecko) Chrome/79.0.3945.136 Mobile Safari/537.36"
79.152.26.108 - - [04/Feb/2020:17:39:09 +0100] "GET /wp-content/themes/book-lite/js/script.js?ver=1.0 HTTP/1.1" 200 624 "https://fincasandoval.com/" "Mozilla/5.0 (Linux; Android 9; VTR-L09) AppleWebKit/537.36 (KHTML, like Gecko) Chrome/79.0.3945.136 Mobile Safari/537.36"
79.152.26.108 - - [04/Feb/2020:17:39:09 +0100] "GET /wp-includes/js/wp-embed.min.js?ver=5.2.5 HTTP/1.1" 200 1767 "https://fincasandoval.com/" "Mozilla/5.0 (Linux; Android 9; VTR-L09) AppleWebKit/537.36 (KHTML, like Gecko) Chrome/79.0.3945.136 Mobile Safari/537.36"
79.152.26.108 - - [04/Feb/2020:17:39:09 +0100] "GET /wp-content/uploads/2019/09/cropped-header-1.jpg HTTP/1.1" 200 45807 "https://fincasandoval.com/" "Mozilla/5.0 (Linux; Android 9; VTR-L09) AppleWebKit/537.36 (KHTML, like Gecko) Chrome/79.0.3945.136 Mobile Safari/537.36"
79.152.26.108 - - [04/Feb/2020:17:39:09 +0100] "GET /wp-content/themes/book-lite/images/nav-bg.png HTTP/1.1" 200 458 "https://fincasandoval.com/wp-content/themes/book-lite/style.css?ver=5.2.5" "Mozilla/5.0 (Linux; Android 9; VTR-L09) AppleWebKit/537.36 (KHTML, like Gecko) Chrome/79.0.3945.136 Mobile Safari/537.36"
79.152.26.108 - - [04/Feb/2020:17:39:09 +0100] "GET /wp-content/themes/book-lite/images/diamond-white.png HTTP/1.1" 200 565 "https://fincasandoval.com/wp-content/themes/book-lite/style.css?ver=5.2.5" "Mozilla/5.0 (Linux; Android 9; VTR-L09) AppleWebKit/537.36 (KHTML, like Gecko) Chrome/79.0.3945.136 Mobile Safari/537.36"
79.152.26.108 - - [04/Feb/2020:17:39:09 +0100] "GET /wp-content/themes/book-lite/images/break.png HTTP/1.1" 200 951 "https://fincasandoval.com/wp-content/themes/book-lite/style.css?ver=5.2.5" "Mozilla/5.0 (Linux; Android 9; VTR-L09) AppleWebKit/537.36 (KHTML, like Gecko) Chrome/79.0.3945.136 Mobile Safari/537.36"
79.152.26.108 - - [04/Feb/2020:17:39:09 +0100] "GET /wp-content/uploads/2014/11/fs-1.jpg?w=625 HTTP/1.1" 200 639734 "https://fincasandoval.com/" "Mozilla/5.0 (Linux; Android 9; VTR-L09) AppleWebKit/537.36 (KHTML, like Gecko) Chrome/79.0.3945.136 Mobile Safari/537.36"
79.152.26.108 - - [04/Feb/2020:17:39:10 +0100] "GET /favicon.ico HTTP/1.1" 200 5797 "https://fincasandoval.com/" "Mozilla/5.0 (Linux; Android 9; VTR-L09) AppleWebKit/537.36 (KHTML, like Gecko) Chrome/79.0.3945.136 Mobile Safari/537.36"
71.19.148.20 - - [04/Feb/2020:17:41:39 +0100] "GET /imgz.php HTTP/1.1" 404 3424 "-" "Mozilla/4.0 (compatible; MSIE 8.0; Windows NT 6.1; WOW64; Trident/4.0; SLCC2; .NET CLR 2.0.50727; .NET CLR 3.5.30729; .NET CLR 3.0.30729; .NET4.0C; .NET4.0E; InfoPath.3)"
89.248.107.232 - - [04/Feb/2020:17:47:12 +0100] "POST /wp-cron.php?doing_wp_cron=1580834832.0912189483642578125000 HTTP/1.1" 200 1860 "-" "WordPress/5.2.5; https://fincasandoval.com"
13.58.56.77 - - [04/Feb/2020:17:47:11 +0100] "GET /wp-login.php HTTP/1.1" 200 6568 "-" "Opera/9.80 (Windows NT 6.1; WOW64) Presto/2.12.388 Version/12.18"
13.58.56.77 - - [04/Feb/2020:17:47:12 +0100] "POST /wp-login.php HTTP/1.1" 200 4497 "-" "Opera/9.80 (Windows NT 6.1; WOW64) Presto/2.12.388 Version/12.18"
52.65.15.196 - - [04/Feb/2020:17:54:27 +0100] "GET /wp-login.php HTTP/1.1" 200 6568 "-" "Opera/9.80 (Windows NT 6.1; WOW64) Presto/2.12.388 Version/12.18"
52.65.15.196 - - [04/Feb/2020:17:54:28 +0100] "POST /wp-login.php HTTP/1.1" 200 4497 "-" "Opera/9.80 (Windows NT 6.1; WOW64) Presto/2.12.388 Version/12.18"
185.86.164.98 - - [04/Feb/2020:17:55:02 +0100] "GET /wp-login.php HTTP/1.1" 200 7045 "-" "Mozilla/5.0 (Windows NT 10.0; WOW64) AppleWebKit/537.36 (KHTML, like Gecko) Chrome/51.0.2704.103 Safari/537.36"
185.86.164.98 - - [04/Feb/2020:17:55:02 +0100] "POST /wp-login.php HTTP/1.1" 200 4633 "https://fincasandoval.com/wp-login.php" "Mozilla/5.0 (Windows NT 10.0; WOW64) AppleWebKit/537.36 (KHTML, like Gecko) Chrome/51.0.2704.103 Safari/537.36"
209.17.96.90 - - [04/Feb/2020:17:55:26 +0100] "GET / HTTP/1.1" 200 17511 "-" "Mozilla/5.0 (compatible; Nimbostratus-Bot/v1.3.2; http://cloudsystemnetworks.com)"
34.251.241.226 - - [04/Feb/2020:18:00:46 +0100] "GET /wp-login.php HTTP/1.1" 200 6568 "-" "Opera/9.80 (Windows NT 6.1; WOW64) Presto/2.12.388 Version/12.18"
89.248.107.232 - - [04/Feb/2020:18:00:46 +0100] "POST /wp-cron.php?doing_wp_cron=1580835646.1196279525756835937500 HTTP/1.1" 200 1860 "-" "WordPress/5.2.5; https://fincasandoval.com"
34.251.241.226 - - [04/Feb/2020:18:00:46 +0100] "POST /wp-login.php HTTP/1.1" 200 4497 "-" "Opera/9.80 (Windows NT 6.1; WOW64) Presto/2.12.388 Version/12.18"
66.249.64.90 - - [04/Feb/2020:18:07:55 +0100] "GET /robots.txt HTTP/1.1" 404 4665 "-" "Mozilla/5.0 (compatible; Googlebot/2.1; +http://www.google.com/bot.html)"
66.249.64.90 - - [04/Feb/2020:18:07:56 +0100] "GET / HTTP/1.1" 200 14477 "-" "Mozilla/5.0 (Linux; Android 6.0.1; Nexus 5X Build/MMB29P) AppleWebKit/537.36 (KHTML, like Gecko) Chrome/41.0.2272.96 Mobile Safari/537.36 (compatible; Googlebot/2.1; +http://www.google.com/bot.html)"
52.60.189.115 - - [04/Feb/2020:18:09:08 +0100] "GET /wp-login.php HTTP/1.1" 200 6568 "-" "Opera/9.80 (Windows NT 6.1; WOW64) Presto/2.12.388 Version/12.18"
52.60.189.115 - - [04/Feb/2020:18:09:09 +0100] "POST /wp-login.php HTTP/1.1" 200 4497 "-" "Opera/9.80 (Windows NT 6.1; WOW64) Presto/2.12.388 Version/12.18"
35.183.60.188 - - [04/Feb/2020:18:22:36 +0100] "GET /wp-login.php HTTP/1.1" 200 6568 "-" "Opera/9.80 (Windows NT 6.1; WOW64) Presto/2.12.388 Version/12.18"
35.183.60.188 - - [04/Feb/2020:18:22:36 +0100] "POST /wp-login.php HTTP/1.1" 200 4497 "-" "Opera/9.80 (Windows NT 6.1; WOW64) Presto/2.12.388 Version/12.18"
34.251.241.226 - - [04/Feb/2020:18:36:48 +0100] "GET /wp-login.php HTTP/1.1" 200 6568 "-" "Opera/9.80 (Windows NT 6.1; WOW64) Presto/2.12.388 Version/12.18"
34.251.241.226 - - [04/Feb/2020:18:36:48 +0100] "POST /wp-login.php HTTP/1.1" 200 4497 "-" "Opera/9.80 (Windows NT 6.1; WOW64) Presto/2.12.388 Version/12.18"
52.42.79.222 - - [04/Feb/2020:18:44:29 +0100] "GET /wp-login.php HTTP/1.1" 200 6568 "-" "Opera/9.80 (Windows NT 6.1; WOW64) Presto/2.12.388 Version/12.18"
89.248.107.232 - - [04/Feb/2020:18:44:29 +0100] "POST /wp-cron.php?doing_wp_cron=1580838269.3293159008026123046875 HTTP/1.1" 200 1860 "-" "WordPress/5.2.5; https://fincasandoval.com"
52.42.79.222 - - [04/Feb/2020:18:44:29 +0100] "POST /wp-login.php HTTP/1.1" 200 4497 "-" "Opera/9.80 (Windows NT 6.1; WOW64) Presto/2.12.388 Version/12.18"
52.52.190.187 - - [04/Feb/2020:18:58:45 +0100] "GET /wp-login.php HTTP/1.1" 200 6568 "-" "Opera/9.80 (Windows NT 6.1; WOW64) Presto/2.12.388 Version/12.18"
89.248.107.232 - - [04/Feb/2020:18:58:45 +0100] "POST /wp-cron.php?doing_wp_cron=1580839125.4487469196319580078125 HTTP/1.1" 200 1860 "-" "WordPress/5.2.5; https://fincasandoval.com"
52.52.190.187 - - [04/Feb/2020:18:58:45 +0100] "POST /wp-login.php HTTP/1.1" 200 4497 "-" "Opera/9.80 (Windows NT 6.1; WOW64) Presto/2.12.388 Version/12.18"
34.203.37.48 - - [04/Feb/2020:19:03:47 +0100] "GET /wp-login.php HTTP/1.1" 200 6568 "-" "Opera/9.80 (Windows NT 6.1; WOW64) Presto/2.12.388 Version/12.18"
34.203.37.48 - - [04/Feb/2020:19:03:48 +0100] "POST /wp-login.php HTTP/1.1" 200 4497 "-" "Opera/9.80 (Windows NT 6.1; WOW64) Presto/2.12.388 Version/12.18"
18.197.125.181 - - [04/Feb/2020:19:12:33 +0100] "GET /wp-login.php HTTP/1.1" 200 6568 "-" "Opera/9.80 (Windows NT 6.1; WOW64) Presto/2.12.388 Version/12.18"
18.197.125.181 - - [04/Feb/2020:19:12:34 +0100] "POST /wp-login.php HTTP/1.1" 200 4497 "-" "Opera/9.80 (Windows NT 6.1; WOW64) Presto/2.12.388 Version/12.18"
89.248.107.232 - - [04/Feb/2020:19:19:27 +0100] "POST /wp-cron.php?doing_wp_cron=1580840367.7333409786224365234375 HTTP/1.1" 200 1860 "-" "WordPress/5.2.5; https://fincasandoval.com"
34.236.202.207 - - [04/Feb/2020:19:19:27 +0100] "GET /wp-login.php HTTP/1.1" 200 6568 "-" "Opera/9.80 (Windows NT 6.1; WOW64) Presto/2.12.388 Version/12.18"
34.236.202.207 - - [04/Feb/2020:19:19:27 +0100] "POST /wp-login.php HTTP/1.1" 200 4497 "-" "Opera/9.80 (Windows NT 6.1; WOW64) Presto/2.12.388 Version/12.18"
34.209.105.222 - - [04/Feb/2020:19:27:52 +0100] "GET /wp-login.php HTTP/1.1" 200 6568 "-" "Opera/9.80 (Windows NT 6.1; WOW64) Presto/2.12.388 Version/12.18"
34.209.105.222 - - [04/Feb/2020:19:27:52 +0100] "POST /wp-login.php HTTP/1.1" 200 4497 "-" "Opera/9.80 (Windows NT 6.1; WOW64) Presto/2.12.388 Version/12.18"
17.58.100.148 - - [04/Feb/2020:19:28:17 +0100] "GET /critica/ HTTP/1.1" 404 4414 "-" "Mozilla/5.0 (Macintosh; Intel Mac OS X 10_10_1) AppleWebKit/600.2.5 (KHTML, like Gecko) Version/8.0.2 Safari/600.2.5 (Applebot/0.1; +http://www.apple.com/go/applebot)"
103.141.4.2 - - [04/Feb/2020:19:32:26 +0100] "GET /wp-login.php HTTP/1.1" 200 6587 "-" "Mozilla/5.0 (X11; Ubuntu; Linux x86_64; rv:62.0) Gecko/20100101 Firefox/62.0"
103.141.4.2 - - [04/Feb/2020:19:32:27 +0100] "POST /wp-login.php HTTP/1.1" 200 7562 "-" "Mozilla/5.0 (X11; Ubuntu; Linux x86_64; rv:62.0) Gecko/20100101 Firefox/62.0"
103.141.4.2 - - [04/Feb/2020:19:32:29 +0100] "POST /xmlrpc.php HTTP/1.1" 200 3835 "-" "Mozilla/5.0 (X11; Ubuntu; Linux x86_64; rv:62.0) Gecko/20100101 Firefox/62.0"
34.236.202.207 - - [04/Feb/2020:19:34:26 +0100] "GET /wp-login.php HTTP/1.1" 200 6568 "-" "Opera/9.80 (Windows NT 6.1; WOW64) Presto/2.12.388 Version/12.18"
34.236.202.207 - - [04/Feb/2020:19:34:26 +0100] "POST /wp-login.php HTTP/1.1" 200 4497 "-" "Opera/9.80 (Windows NT 6.1; WOW64) Presto/2.12.388 Version/12.18"
89.248.107.232 - - [04/Feb/2020:19:41:57 +0100] "POST /wp-cron.php?doing_wp_cron=1580841717.4146449565887451171875 HTTP/1.1" 200 1860 "-" "WordPress/5.2.5; https://fincasandoval.com"
34.209.105.222 - - [04/Feb/2020:19:41:57 +0100] "GET /wp-login.php HTTP/1.1" 200 6568 "-" "Opera/9.80 (Windows NT 6.1; WOW64) Presto/2.12.388 Version/12.18"
34.209.105.222 - - [04/Feb/2020:19:41:57 +0100] "POST /wp-login.php HTTP/1.1" 200 4497 "-" "Opera/9.80 (Windows NT 6.1; WOW64) Presto/2.12.388 Version/12.18"
18.184.155.204 - - [04/Feb/2020:19:48:29 +0100] "GET /wp-login.php HTTP/1.1" 200 6568 "-" "Opera/9.80 (Windows NT 6.1; WOW64) Presto/2.12.388 Version/12.18"
18.184.155.204 - - [04/Feb/2020:19:48:30 +0100] "POST /wp-login.php HTTP/1.1" 200 4497 "-" "Opera/9.80 (Windows NT 6.1; WOW64) Presto/2.12.388 Version/12.18"
40.77.167.157 - - [04/Feb/2020:19:53:46 +0100] "GET /wp-content/uploads/2014/11/fs-2.jpg?w=625 HTTP/1.1" 200 5416652 "-" "Mozilla/5.0 (compatible; bingbot/2.0; +http://www.bing.com/bingbot.htm)"
52.192.73.251 - - [04/Feb/2020:19:55:09 +0100] "GET /wp-login.php HTTP/1.1" 200 6568 "-" "Opera/9.80 (Windows NT 6.1; WOW64) Presto/2.12.388 Version/12.18"
52.192.73.251 - - [04/Feb/2020:19:55:10 +0100] "POST /wp-login.php HTTP/1.1" 200 4497 "-" "Opera/9.80 (Windows NT 6.1; WOW64) Presto/2.12.388 Version/12.18"
207.46.13.225 - - [04/Feb/2020:20:01:16 +0100] "GET /wp-content/uploads/2014/11/fs-7.jpg?w=625 HTTP/1.1" 200 504641 "-" "Mozilla/5.0 (compatible; bingbot/2.0; +http://www.bing.com/bingbot.htm)"
89.248.107.232 - - [04/Feb/2020:20:02:51 +0100] "POST /wp-cron.php?doing_wp_cron=1580842971.1166388988494873046875 HTTP/1.1" 200 1860 "-" "WordPress/5.2.5; https://fincasandoval.com"
52.192.73.251 - - [04/Feb/2020:20:02:50 +0100] "GET /wp-login.php HTTP/1.1" 200 6568 "-" "Opera/9.80 (Windows NT 6.1; WOW64) Presto/2.12.388 Version/12.18"
52.192.73.251 - - [04/Feb/2020:20:02:51 +0100] "POST /wp-login.php HTTP/1.1" 200 4497 "-" "Opera/9.80 (Windows NT 6.1; WOW64) Presto/2.12.388 Version/12.18"
17.58.100.148 - - [04/Feb/2020:20:09:32 +0100] "GET /contacto/ HTTP/1.1" 404 4414 "-" "Mozilla/5.0 (Macintosh; Intel Mac OS X 10_10_1) AppleWebKit/600.2.5 (KHTML, like Gecko) Version/8.0.2 Safari/600.2.5 (Applebot/0.1; +http://www.apple.com/go/applebot)"
177.228.128.121 - - [04/Feb/2020:20:09:45 +0100] "GET / HTTP/1.1" 200 17757 "https://www.google.com/" "Mozilla/5.0 (Windows NT 6.1; Win64; x64) AppleWebKit/537.36 (KHTML, like Gecko) Chrome/79.0.3945.130 Safari/537.36"
177.228.128.121 - - [04/Feb/2020:20:09:45 +0100] "GET /wp-includes/css/dist/block-library/style.min.css?ver=5.2.5 HTTP/1.1" 200 32956 "https://fincasandoval.com/" "Mozilla/5.0 (Windows NT 6.1; Win64; x64) AppleWebKit/537.36 (KHTML, like Gecko) Chrome/79.0.3945.130 Safari/537.36"
177.228.128.121 - - [04/Feb/2020:20:09:45 +0100] "GET /wp-content/themes/book-lite/style.css?ver=5.2.5 HTTP/1.1" 200 20971 "https://fincasandoval.com/" "Mozilla/5.0 (Windows NT 6.1; Win64; x64) AppleWebKit/537.36 (KHTML, like Gecko) Chrome/79.0.3945.130 Safari/537.36"
177.228.128.121 - - [04/Feb/2020:20:09:46 +0100] "GET /wp-includes/js/jquery/jquery.js?ver=1.12.4-wp HTTP/1.1" 200 97523 "https://fincasandoval.com/" "Mozilla/5.0 (Windows NT 6.1; Win64; x64) AppleWebKit/537.36 (KHTML, like Gecko) Chrome/79.0.3945.130 Safari/537.36"
177.228.128.121 - - [04/Feb/2020:20:09:46 +0100] "GET /wp-content/themes/book-lite/js/small-menu.js?ver=20120206 HTTP/1.1" 200 1623 "https://fincasandoval.com/" "Mozilla/5.0 (Windows NT 6.1; Win64; x64) AppleWebKit/537.36 (KHTML, like Gecko) Chrome/79.0.3945.130 Safari/537.36"
177.228.128.121 - - [04/Feb/2020:20:09:46 +0100] "GET /wp-includes/js/jquery/jquery-migrate.min.js?ver=1.4.1 HTTP/1.1" 200 10560 "https://fincasandoval.com/" "Mozilla/5.0 (Windows NT 6.1; Win64; x64) AppleWebKit/537.36 (KHTML, like Gecko) Chrome/79.0.3945.130 Safari/537.36"
177.228.128.121 - - [04/Feb/2020:20:09:46 +0100] "GET /wp-content/uploads/2017/05/vs-2016.jpg HTTP/1.1" 200 25984 "https://fincasandoval.com/" "Mozilla/5.0 (Windows NT 6.1; Win64; x64) AppleWebKit/537.36 (KHTML, like Gecko) Chrome/79.0.3945.130 Safari/537.36"
177.228.128.121 - - [04/Feb/2020:20:09:46 +0100] "GET /wp-content/themes/book-lite/js/script.js?ver=1.0 HTTP/1.1" 200 624 "https://fincasandoval.com/" "Mozilla/5.0 (Windows NT 6.1; Win64; x64) AppleWebKit/537.36 (KHTML, like Gecko) Chrome/79.0.3945.130 Safari/537.36"
177.228.128.121 - - [04/Feb/2020:20:09:46 +0100] "GET /wp-includes/js/wp-embed.min.js?ver=5.2.5 HTTP/1.1" 200 1767 "https://fincasandoval.com/" "Mozilla/5.0 (Windows NT 6.1; Win64; x64) AppleWebKit/537.36 (KHTML, like Gecko) Chrome/79.0.3945.130 Safari/537.36"
177.228.128.121 - - [04/Feb/2020:20:09:46 +0100] "GET /wp-content/uploads/2014/11/fs-1.jpg?w=625 HTTP/1.1" 200 639734 "https://fincasandoval.com/" "Mozilla/5.0 (Windows NT 6.1; Win64; x64) AppleWebKit/537.36 (KHTML, like Gecko) Chrome/79.0.3945.130 Safari/537.36"
18.221.206.247 - - [04/Feb/2020:20:11:31 +0100] "GET /wp-login.php HTTP/1.1" 200 6568 "-" "Opera/9.80 (Windows NT 6.1; WOW64) Presto/2.12.388 Version/12.18"
18.221.206.247 - - [04/Feb/2020:20:11:31 +0100] "POST /wp-login.php HTTP/1.1" 200 4497 "-" "Opera/9.80 (Windows NT 6.1; WOW64) Presto/2.12.388 Version/12.18"
141.98.81.196 - - [04/Feb/2020:20:17:42 +0100] "GET /wp-content/themes/book-lite/style.css?ver=5.2.5 HTTP/1.1" 200 24214 "-" "Mozilla/5.0 (Windows; U; Windows NT 6.0; pl-PL) AppleWebKit/530.19.2 (KHTML, like Gecko) Version/4.0.2 Safari/530.19.1"
141.98.81.196 - - [04/Feb/2020:20:17:47 +0100] "GET /wp-content/themes/book-lite/style.css?ver=5.2.5&Onod%3D8887%20AND%201%3D1%20UNION%20ALL%20SELECT%201%2CNULL%2C%27%3Cscript%3Ealert%28%22XSS%22%29%3C%2Fscript%3E%27%2Ctable_name%20FROM%20information_schema.tables%20WHERE%202%3E1--%2F%2A%2A%2F%3B%20EXEC%20xp_cmdshell%28%27cat%20..%2F..%2F..%2Fetc%2Fpasswd%27%29%23 HTTP/1.1" 403 4627 "-" "Mozilla/5.0 (Windows; U; Windows NT 6.0; pl-PL) AppleWebKit/530.19.2 (KHTML, like Gecko) Version/4.0.2 Safari/530.19.1"
141.98.81.196 - - [04/Feb/2020:20:17:47 +0100] "GET /wp-content/themes/book-lite/style.css?ver=5.2.5 HTTP/1.1" 200 24214 "-" "Mozilla/5.0 (Windows; U; Windows NT 6.0; pl-PL) AppleWebKit/530.19.2 (KHTML, like Gecko) Version/4.0.2 Safari/530.19.1"
141.98.81.196 - - [04/Feb/2020:20:17:47 +0100] "GET /wp-content/themes/book-lite/style.css?ver=9411 HTTP/1.1" 200 24214 "-" "Mozilla/5.0 (Windows; U; Windows NT 6.0; pl-PL) AppleWebKit/530.19.2 (KHTML, like Gecko) Version/4.0.2 Safari/530.19.1"
141.98.81.196 - - [04/Feb/2020:20:17:47 +0100] "GET /wp-content/themes/book-lite/style.css?ver=5.2.5%29%28%2C%22%29%29%27%2C%2C. HTTP/1.1" 200 24214 "-" "Mozilla/5.0 (Windows; U; Windows NT 6.0; pl-PL) AppleWebKit/530.19.2 (KHTML, like Gecko) Version/4.0.2 Safari/530.19.1"
141.98.81.196 - - [04/Feb/2020:20:17:48 +0100] "GET /wp-content/themes/book-lite/style.css?ver=5.2.5%27sdbbWt%3C%27%22%3EeZxmMu HTTP/1.1" 200 24214 "-" "Mozilla/5.0 (Windows; U; Windows NT 6.0; pl-PL) AppleWebKit/530.19.2 (KHTML, like Gecko) Version/4.0.2 Safari/530.19.1"
141.98.81.196 - - [04/Feb/2020:20:17:49 +0100] "GET /wp-content/themes/book-lite/style.css?ver=5.2.5%29%20AND%209589%3D2565%20AND%20%285059%3D5059 HTTP/1.1" 200 24214 "-" "Mozilla/5.0 (Windows; U; Windows NT 6.0; pl-PL) AppleWebKit/530.19.2 (KHTML, like Gecko) Version/4.0.2 Safari/530.19.1"
141.98.81.196 - - [04/Feb/2020:20:17:49 +0100] "GET /wp-content/themes/book-lite/style.css?ver=5.2.5%29%20AND%202292%3D2292%20AND%20%288856%3D8856 HTTP/1.1" 200 24214 "-" "Mozilla/5.0 (Windows; U; Windows NT 6.0; pl-PL) AppleWebKit/530.19.2 (KHTML, like Gecko) Version/4.0.2 Safari/530.19.1"
141.98.81.196 - - [04/Feb/2020:20:17:49 +0100] "GET /wp-content/themes/book-lite/style.css?ver=5.2.5%20AND%208575%3D2566 HTTP/1.1" 200 24214 "-" "Mozilla/5.0 (Windows; U; Windows NT 6.0; pl-PL) AppleWebKit/530.19.2 (KHTML, like Gecko) Version/4.0.2 Safari/530.19.1"
141.98.81.196 - - [04/Feb/2020:20:17:50 +0100] "GET /wp-content/themes/book-lite/style.css?ver=5.2.5%20AND%202292%3D2292 HTTP/1.1" 200 24214 "-" "Mozilla/5.0 (Windows; U; Windows NT 6.0; pl-PL) AppleWebKit/530.19.2 (KHTML, like Gecko) Version/4.0.2 Safari/530.19.1"
141.98.81.196 - - [04/Feb/2020:20:17:50 +0100] "GET /wp-content/themes/book-lite/style.css?ver=5.2.5%27%29%20AND%206353%3D6458%20AND%20%28%27fsBJ%27%3D%27fsBJ HTTP/1.1" 200 24214 "-" "Mozilla/5.0 (Windows; U; Windows NT 6.0; pl-PL) AppleWebKit/530.19.2 (KHTML, like Gecko) Version/4.0.2 Safari/530.19.1"
141.98.81.196 - - [04/Feb/2020:20:17:50 +0100] "GET /wp-content/themes/book-lite/style.css?ver=5.2.5%27%29%20AND%202292%3D2292%20AND%20%28%27xday%27%3D%27xday HTTP/1.1" 200 24214 "-" "Mozilla/5.0 (Windows; U; Windows NT 6.0; pl-PL) AppleWebKit/530.19.2 (KHTML, like Gecko) Version/4.0.2 Safari/530.19.1"
141.98.81.196 - - [04/Feb/2020:20:17:50 +0100] "GET /wp-content/themes/book-lite/style.css?ver=5.2.5%27%20AND%205143%3D7378%20AND%20%27rzEd%27%3D%27rzEd HTTP/1.1" 200 24214 "-" "Mozilla/5.0 (Windows; U; Windows NT 6.0; pl-PL) AppleWebKit/530.19.2 (KHTML, like Gecko) Version/4.0.2 Safari/530.19.1"
141.98.81.196 - - [04/Feb/2020:20:17:50 +0100] "GET /wp-content/themes/book-lite/style.css?ver=5.2.5%27%20AND%202292%3D2292%20AND%20%27CWFa%27%3D%27CWFa HTTP/1.1" 200 24214 "-" "Mozilla/5.0 (Windows; U; Windows NT 6.0; pl-PL) AppleWebKit/530.19.2 (KHTML, like Gecko) Version/4.0.2 Safari/530.19.1"
141.98.81.196 - - [04/Feb/2020:20:17:50 +0100] "GET /wp-content/themes/book-lite/style.css?ver=5.2.5%25%27%20AND%207529%3D9182%20AND%20%27%25%27%3D%27 HTTP/1.1" 200 24214 "-" "Mozilla/5.0 (Windows; U; Windows NT 6.0; pl-PL) AppleWebKit/530.19.2 (KHTML, like Gecko) Version/4.0.2 Safari/530.19.1"
141.98.81.196 - - [04/Feb/2020:20:17:51 +0100] "GET /wp-content/themes/book-lite/style.css?ver=5.2.5%25%27%20AND%202292%3D2292%20AND%20%27%25%27%3D%27 HTTP/1.1" 200 24214 "-" "Mozilla/5.0 (Windows; U; Windows NT 6.0; pl-PL) AppleWebKit/530.19.2 (KHTML, like Gecko) Version/4.0.2 Safari/530.19.1"
141.98.81.196 - - [04/Feb/2020:20:17:51 +0100] "GET /wp-content/themes/book-lite/style.css?ver=5.2.5%20AND%203561%3D3296--%20bEuN HTTP/1.1" 200 24214 "-" "Mozilla/5.0 (Windows; U; Windows NT 6.0; pl-PL) AppleWebKit/530.19.2 (KHTML, like Gecko) Version/4.0.2 Safari/530.19.1"
141.98.81.196 - - [04/Feb/2020:20:17:51 +0100] "GET /wp-content/themes/book-lite/style.css?ver=5.2.5%20AND%202292%3D2292--%20kWud HTTP/1.1" 200 24214 "-" "Mozilla/5.0 (Windows; U; Windows NT 6.0; pl-PL) AppleWebKit/530.19.2 (KHTML, like Gecko) Version/4.0.2 Safari/530.19.1"
141.98.81.196 - - [04/Feb/2020:20:17:51 +0100] "GET /wp-content/themes/book-lite/style.css?ver=%28SELECT%20%28CASE%20WHEN%20%281374%3D3780%29%20THEN%201374%20ELSE%201374%2A%28SELECT%201374%20FROM%20INFORMATION_SCHEMA.CHARACTER_SETS%29%20END%29%29 HTTP/1.1" 200 24214 "-" "Mozilla/5.0 (Windows; U; Windows NT 6.0; pl-PL) AppleWebKit/530.19.2 (KHTML, like Gecko) Version/4.0.2 Safari/530.19.1"
