185.86.164.103 - - [05/Feb/2020:01:43:56 +0100] "POST /wp-login.php HTTP/1.1" 200 4633 "https://fincasandoval.com/wp-login.php" "Mozilla/5.0 (Windows NT 10.0; WOW64) AppleWebKit/537.36 (KHTML, like Gecko) Chrome/51.0.2704.103 Safari/537.36"
212.99.44.83 - - [05/Feb/2020:01:47:10 +0100] "GET /?feed=rss2 HTTP/1.1" 200 5417 "-" "UniversalFeedParser/5.1.3 +https://code.google.com/p/feedparser/"
46.229.168.146 - - [05/Feb/2020:01:51:45 +0100] "GET /robots.txt HTTP/1.1" 404 4628 "-" "Mozilla/5.0 (compatible; SemrushBot/6~bl; +http://www.semrush.com/bot.html)"
46.229.168.135 - - [05/Feb/2020:01:51:47 +0100] "GET / HTTP/1.1" 200 17720 "-" "Mozilla/5.0 (compatible; SemrushBot/6~bl; +http://www.semrush.com/bot.html)"
89.248.107.232 - - [05/Feb/2020:02:01:09 +0100] "HEAD / HTTP/1.1" 200 1404 "-" "-"
89.248.107.232 - - [05/Feb/2020:02:01:12 +0100] "HEAD / HTTP/1.1" 200 1404 "-" "-"
207.46.13.225 - - [05/Feb/2020:02:36:10 +0100] "GET /wp-content/uploads/2014/11/fs-7.jpg?w=625 HTTP/1.1" 200 504641 "-" "Mozilla/5.0 (compatible; bingbot/2.0; +http://www.bing.com/bingbot.htm)"
5.102.173.71 - - [05/Feb/2020:03:35:31 +0100] "GET /robots.txt HTTP/1.1" 404 4609 "-" "Mozilla/5.0 (compatible; MojeekBot/0.7; +https://www.mojeek.com/bot.html)"
89.248.107.232 - - [05/Feb/2020:03:35:32 +0100] "POST /wp-cron.php?doing_wp_cron=1580870132.6332750320434570312500 HTTP/1.1" 200 1860 "-" "WordPress/5.2.5; https://fincasandoval.com"
5.102.173.71 - - [05/Feb/2020:03:35:31 +0100] "GET / HTTP/1.1" 200 14422 "-" "Mozilla/5.0 (compatible; MojeekBot/0.7; +https://www.mojeek.com/bot.html)"
89.248.107.232 - - [05/Feb/2020:04:07:29 +0100] "POST /wp-cron.php?doing_wp_cron=1580872049.7883629798889160156250 HTTP/1.1" 200 1860 "-" "WordPress/5.2.5; https://fincasandoval.com"
185.119.81.11 - - [05/Feb/2020:04:07:28 +0100] "GET /wp-login.php HTTP/1.1" 200 7045 "-" "Mozilla/5.0 (Windows NT 10.0; WOW64) AppleWebKit/537.36 (KHTML, like Gecko) Chrome/51.0.2704.103 Safari/537.36"
185.119.81.11 - - [05/Feb/2020:04:07:29 +0100] "POST /wp-login.php HTTP/1.1" 200 4633 "https://fincasandoval.com/wp-login.php" "Mozilla/5.0 (Windows NT 10.0; WOW64) AppleWebKit/537.36 (KHTML, like Gecko) Chrome/51.0.2704.103 Safari/537.36"
3.214.209.95 - - [05/Feb/2020:04:58:25 +0100] "GET /ads.txt HTTP/1.1" 404 4470 "-" "Mozilla/5.0 (Macintosh; Intel Mac OS X 10_12_6) AppleWebKit/537.36 (KHTML, like Gecko) Chrome/63.0.3239.84 Safari/537.36"
3.214.209.95 - - [05/Feb/2020:04:58:26 +0100] "GET /ads.txt HTTP/1.1" 404 4470 "-" "Mozilla/5.0 (Macintosh; Intel Mac OS X 10_12_6) AppleWebKit/537.36 (KHTML, like Gecko) Chrome/63.0.3239.84 Safari/537.36"
114.119.142.90 - - [05/Feb/2020:05:18:48 +0100] "GET /robots.txt HTTP/1.1" 404 4433 "-" "Mozilla/5.0(Linux;U;Android 5.1.1;zh-CN;OPPO A33 Build/LMY47V) AppleWebKit/537.36(KHTML,like Gecko) Version/4.0 Chrome/40.0.2214.89 UCBrowser/11.7.0.953 Mobile Safari/537.36"
114.119.163.255 - - [05/Feb/2020:05:19:38 +0100] "GET /robots.txt HTTP/1.1" 404 4433 "-" "Mozilla/5.0 (Linux; Android 7.0; FRD-AL00 Build/HUAWEIFRD-AL00; wv) AppleWebKit/537.36 (KHTML, like Gecko) Version/4.0 Chrome/53.0.2785.49 Mobile MQQBrowser/6.2 TBS/043602 Safari/537.36 MicroMessenger/6.5.16.1120 NetType/WIFI Language/zh_CN"
89.248.107.232 - - [05/Feb/2020:05:46:39 +0100] "POST /wp-cron.php?doing_wp_cron=1580877999.8393330574035644531250 HTTP/1.1" 200 1860 "-" "WordPress/5.2.5; https://fincasandoval.com"
2.47.39.211 - - [05/Feb/2020:05:46:39 +0100] "GET / HTTP/1.1" 200 17720 "-" "-"
114.119.158.173 - - [05/Feb/2020:05:47:07 +0100] "GET /robots.txt HTTP/1.1" 404 4433 "-" "Mozilla/5.0(Linux;U;Android 5.1.1;zh-CN;OPPO A33 Build/LMY47V) AppleWebKit/537.36(KHTML,like Gecko) Version/4.0 Chrome/40.0.2214.89 UCBrowser/11.7.0.953 Mobile Safari/537.36"
114.119.143.155 - - [05/Feb/2020:05:47:55 +0100] "GET /robots.txt HTTP/1.1" 404 4433 "-" "Mozilla/5.0(Linux;Android 5.1.1;OPPO A33 Build/LMY47V;wv) AppleWebKit/537.36(KHTML,link Gecko) Version/4.0 Chrome/43.0.2357.121 Mobile Safari/537.36 LieBaoFast/4.51.3"
207.46.13.225 - - [05/Feb/2020:06:05:59 +0100] "GET /wp-content/uploads/2014/11/fs-7.jpg?w=625 HTTP/1.1" 200 504641 "-" "Mozilla/5.0 (compatible; bingbot/2.0; +http://www.bing.com/bingbot.htm)"
89.248.107.232 - - [05/Feb/2020:06:49:48 +0100] "POST /wp-cron.php?doing_wp_cron=1580881788.1720159053802490234375 HTTP/1.1" 200 1860 "-" "WordPress/5.2.5; https://fincasandoval.com"
185.85.239.110 - - [05/Feb/2020:06:49:47 +0100] "GET /wp-login.php HTTP/1.1" 200 7045 "-" "Mozilla/5.0 (Windows NT 10.0; WOW64) AppleWebKit/537.36 (KHTML, like Gecko) Chrome/51.0.2704.103 Safari/537.36"
185.85.239.110 - - [05/Feb/2020:06:49:48 +0100] "POST /wp-login.php HTTP/1.1" 200 4633 "https://fincasandoval.com/wp-login.php" "Mozilla/5.0 (Windows NT 10.0; WOW64) AppleWebKit/537.36 (KHTML, like Gecko) Chrome/51.0.2704.103 Safari/537.36"
89.248.107.232 - - [05/Feb/2020:07:08:37 +0100] "POST /wp-cron.php?doing_wp_cron=1580882917.6586389541625976562500 HTTP/1.1" 200 1860 "-" "WordPress/5.2.5; https://fincasandoval.com"
187.32.167.4 - - [05/Feb/2020:07:08:36 +0100] "GET /wp-login.php HTTP/1.1" 200 6587 "http://fincasandoval.com/wp-login.php" "Mozilla/5.0 (X11; Ubuntu; Linux x86_64; rv:62.0) Gecko/20100101 Firefox/62.0"
187.32.167.4 - - [05/Feb/2020:07:08:39 +0100] "GET /?author=1 HTTP/1.1" 200 13070 "http://fincasandoval.com///?author=1" "Mozilla/5.0 (X11; Ubuntu; Linux x86_64; rv:62.0) Gecko/20100101 Firefox/62.0"
187.32.167.4 - - [05/Feb/2020:07:08:40 +0100] "GET /wp-json/wp/v2/users/ HTTP/1.1" 404 4433 "http://fincasandoval.com///wp-json/wp/v2/users/" "Mozilla/5.0 (X11; Ubuntu; Linux x86_64; rv:62.0) Gecko/20100101 Firefox/62.0"
187.32.167.4 - - [05/Feb/2020:07:08:42 +0100] "GET /?author=2 HTTP/1.1" 404 13157 "http://fincasandoval.com///?author=2" "Mozilla/5.0 (X11; Ubuntu; Linux x86_64; rv:62.0) Gecko/20100101 Firefox/62.0"
89.248.107.232 - - [05/Feb/2020:08:00:39 +0100] "POST /wp-cron.php?doing_wp_cron=1580886039.9388649463653564453125 HTTP/1.1" 200 1860 "-" "WordPress/5.2.5; https://fincasandoval.com"
213.242.20.29 - - [05/Feb/2020:08:00:39 +0100] "GET / HTTP/1.1" 200 17567 "-" "Mozilla/4.0 (compatible; MSIE 6.0; Windows NT 5.1; SV1)"
207.46.13.225 - - [05/Feb/2020:08:01:08 +0100] "GET /wp-content/uploads/2014/11/fs-7.jpg?w=625 HTTP/1.1" 200 504641 "-" "Mozilla/5.0 (compatible; bingbot/2.0; +http://www.bing.com/bingbot.htm)"
64.22.104.67 - - [05/Feb/2020:08:04:41 +0100] "GET /wp-login.php HTTP/1.1" 200 6587 "-" "Mozilla/5.0 (X11; Ubuntu; Linux x86_64; rv:62.0) Gecko/20100101 Firefox/62.0"
64.22.104.67 - - [05/Feb/2020:08:04:41 +0100] "POST /wp-login.php HTTP/1.1" 200 7562 "-" "Mozilla/5.0 (X11; Ubuntu; Linux x86_64; rv:62.0) Gecko/20100101 Firefox/62.0"
64.22.104.67 - - [05/Feb/2020:08:04:42 +0100] "POST /xmlrpc.php HTTP/1.1" 200 3835 "-" "Mozilla/5.0 (X11; Ubuntu; Linux x86_64; rv:62.0) Gecko/20100101 Firefox/62.0"
121.98.113.22 - - [05/Feb/2020:08:07:06 +0100] "GET / HTTP/1.1" 200 18199 "-" "Mozilla/5.0 (Windows NT 6.1; WOW64; rv:40.0) Gecko/20100101 Firefox/40.0"
166.62.123.55 - - [05/Feb/2020:08:11:00 +0100] "GET /wp-login.php HTTP/1.1" 200 6587 "-" "Mozilla/5.0 (X11; Ubuntu; Linux x86_64; rv:62.0) Gecko/20100101 Firefox/62.0"
166.62.123.55 - - [05/Feb/2020:08:11:01 +0100] "POST /wp-login.php HTTP/1.1" 200 7562 "-" "Mozilla/5.0 (X11; Ubuntu; Linux x86_64; rv:62.0) Gecko/20100101 Firefox/62.0"
166.62.123.55 - - [05/Feb/2020:08:11:02 +0100] "POST /xmlrpc.php HTTP/1.1" 200 3835 "-" "Mozilla/5.0 (X11; Ubuntu; Linux x86_64; rv:62.0) Gecko/20100101 Firefox/62.0"
185.178.82.112 - - [05/Feb/2020:08:15:31 +0100] "GET / HTTP/1.1" 200 17757 "https://www.google.es/" "Mozilla/5.0 (Windows NT 6.1; WOW64) AppleWebKit/537.36 (KHTML, like Gecko) Chrome/79.0.3945.130 Safari/537.36"
31.221.216.145 - - [05/Feb/2020:08:15:31 +0100] "GET / HTTP/1.1" 200 17757 "https://www.google.com/" "Mozilla/5.0 (Linux; Android 9; SM-J415GN) AppleWebKit/537.36 (KHTML, like Gecko) Chrome/78.0.3904.108 Mobile Safari/537.36"
31.221.216.145 - - [05/Feb/2020:08:15:32 +0100] "GET /wp-content/themes/book-lite/style.css?ver=5.2.5 HTTP/1.1" 200 21109 "https://fincasandoval.com/" "Mozilla/5.0 (Linux; Android 9; SM-J415GN) AppleWebKit/537.36 (KHTML, like Gecko) Chrome/78.0.3904.108 Mobile Safari/537.36"
31.221.216.145 - - [05/Feb/2020:08:15:32 +0100] "GET /wp-includes/css/dist/block-library/style.min.css?ver=5.2.5 HTTP/1.1" 200 29676 "https://fincasandoval.com/" "Mozilla/5.0 (Linux; Android 9; SM-J415GN) AppleWebKit/537.36 (KHTML, like Gecko) Chrome/78.0.3904.108 Mobile Safari/537.36"
31.221.216.145 - - [05/Feb/2020:08:15:32 +0100] "GET /wp-content/uploads/2017/05/vs-2016.jpg HTTP/1.1" 200 25984 "https://fincasandoval.com/" "Mozilla/5.0 (Linux; Android 9; SM-J415GN) AppleWebKit/537.36 (KHTML, like Gecko) Chrome/78.0.3904.108 Mobile Safari/537.36"
31.221.216.145 - - [05/Feb/2020:08:15:32 +0100] "GET /wp-includes/js/jquery/jquery-migrate.min.js?ver=1.4.1 HTTP/1.1" 200 10422 "https://fincasandoval.com/" "Mozilla/5.0 (Linux; Android 9; SM-J415GN) AppleWebKit/537.36 (KHTML, like Gecko) Chrome/78.0.3904.108 Mobile Safari/537.36"
31.221.216.145 - - [05/Feb/2020:08:15:32 +0100] "GET /wp-includes/js/jquery/jquery.js?ver=1.12.4-wp HTTP/1.1" 200 97523 "https://fincasandoval.com/" "Mozilla/5.0 (Linux; Android 9; SM-J415GN) AppleWebKit/537.36 (KHTML, like Gecko) Chrome/78.0.3904.108 Mobile Safari/537.36"
185.178.82.112 - - [05/Feb/2020:08:15:32 +0100] "GET /wp-content/themes/book-lite/style.css?ver=5.2.5 HTTP/1.1" 200 24251 "https://fincasandoval.com/" "Mozilla/5.0 (Windows NT 6.1; WOW64) AppleWebKit/537.36 (KHTML, like Gecko) Chrome/79.0.3945.130 Safari/537.36"
185.178.82.112 - - [05/Feb/2020:08:15:32 +0100] "GET /wp-includes/css/dist/block-library/style.min.css?ver=5.2.5 HTTP/1.1" 200 32956 "https://fincasandoval.com/" "Mozilla/5.0 (Windows NT 6.1; WOW64) AppleWebKit/537.36 (KHTML, like Gecko) Chrome/79.0.3945.130 Safari/537.36"
31.221.216.145 - - [05/Feb/2020:08:15:32 +0100] "GET /wp-content/themes/book-lite/js/small-menu.js?ver=20120206 HTTP/1.1" 200 1623 "https://fincasandoval.com/" "Mozilla/5.0 (Linux; Android 9; SM-J415GN) AppleWebKit/537.36 (KHTML, like Gecko) Chrome/78.0.3904.108 Mobile Safari/537.36"
185.178.82.112 - - [05/Feb/2020:08:15:32 +0100] "GET /wp-includes/js/jquery/jquery-migrate.min.js?ver=1.4.1 HTTP/1.1" 200 10422 "https://fincasandoval.com/" "Mozilla/5.0 (Windows NT 6.1; WOW64) AppleWebKit/537.36 (KHTML, like Gecko) Chrome/79.0.3945.130 Safari/537.36"
185.178.82.112 - - [05/Feb/2020:08:15:32 +0100] "GET /wp-content/uploads/2017/05/vs-2016.jpg HTTP/1.1" 200 25846 "https://fincasandoval.com/" "Mozilla/5.0 (Windows NT 6.1; WOW64) AppleWebKit/537.36 (KHTML, like Gecko) Chrome/79.0.3945.130 Safari/537.36"
185.178.82.112 - - [05/Feb/2020:08:15:32 +0100] "GET /wp-includes/js/jquery/jquery.js?ver=1.12.4-wp HTTP/1.1" 200 97523 "https://fincasandoval.com/" "Mozilla/5.0 (Windows NT 6.1; WOW64) AppleWebKit/537.36 (KHTML, like Gecko) Chrome/79.0.3945.130 Safari/537.36"
31.221.216.145 - - [05/Feb/2020:08:15:33 +0100] "GET /wp-includes/js/wp-embed.min.js?ver=5.2.5 HTTP/1.1" 200 1767 "https://fincasandoval.com/" "Mozilla/5.0 (Linux; Android 9; SM-J415GN) AppleWebKit/537.36 (KHTML, like Gecko) Chrome/78.0.3904.108 Mobile Safari/537.36"
31.221.216.145 - - [05/Feb/2020:08:15:33 +0100] "GET /wp-includes/js/wp-emoji-release.min.js?ver=5.2.5 HTTP/1.1" 200 14206 "https://fincasandoval.com/" "Mozilla/5.0 (Linux; Android 9; SM-J415GN) AppleWebKit/537.36 (KHTML, like Gecko) Chrome/78.0.3904.108 Mobile Safari/537.36"
31.221.216.145 - - [05/Feb/2020:08:15:33 +0100] "GET /wp-content/themes/book-lite/js/script.js?ver=1.0 HTTP/1.1" 200 624 "https://fincasandoval.com/" "Mozilla/5.0 (Linux; Android 9; SM-J415GN) AppleWebKit/537.36 (KHTML, like Gecko) Chrome/78.0.3904.108 Mobile Safari/537.36"
31.221.216.145 - - [05/Feb/2020:08:15:33 +0100] "GET /wp-content/themes/book-lite/images/nav-bg.png HTTP/1.1" 200 596 "https://fincasandoval.com/wp-content/themes/book-lite/style.css?ver=5.2.5" "Mozilla/5.0 (Linux; Android 9; SM-J415GN) AppleWebKit/537.36 (KHTML, like Gecko) Chrome/78.0.3904.108 Mobile Safari/537.36"
31.221.216.145 - - [05/Feb/2020:08:15:33 +0100] "GET /wp-content/uploads/2019/09/cropped-header-1.jpg HTTP/1.1" 200 45807 "https://fincasandoval.com/" "Mozilla/5.0 (Linux; Android 9; SM-J415GN) AppleWebKit/537.36 (KHTML, like Gecko) Chrome/78.0.3904.108 Mobile Safari/537.36"
185.178.82.112 - - [05/Feb/2020:08:15:33 +0100] "GET /wp-content/themes/book-lite/js/small-menu.js?ver=20120206 HTTP/1.1" 200 1623 "https://fincasandoval.com/" "Mozilla/5.0 (Windows NT 6.1; WOW64) AppleWebKit/537.36 (KHTML, like Gecko) Chrome/79.0.3945.130 Safari/537.36"
31.221.216.145 - - [05/Feb/2020:08:15:33 +0100] "GET /wp-content/themes/book-lite/images/break.png HTTP/1.1" 200 951 "https://fincasandoval.com/wp-content/themes/book-lite/style.css?ver=5.2.5" "Mozilla/5.0 (Linux; Android 9; SM-J415GN) AppleWebKit/537.36 (KHTML, like Gecko) Chrome/78.0.3904.108 Mobile Safari/537.36"
31.221.216.145 - - [05/Feb/2020:08:15:33 +0100] "GET /wp-content/themes/book-lite/images/diamond-white.png HTTP/1.1" 200 565 "https://fincasandoval.com/wp-content/themes/book-lite/style.css?ver=5.2.5" "Mozilla/5.0 (Linux; Android 9; SM-J415GN) AppleWebKit/537.36 (KHTML, like Gecko) Chrome/78.0.3904.108 Mobile Safari/537.36"
185.178.82.112 - - [05/Feb/2020:08:15:33 +0100] "GET /wp-content/themes/book-lite/js/script.js?ver=1.0 HTTP/1.1" 200 624 "https://fincasandoval.com/" "Mozilla/5.0 (Windows NT 6.1; WOW64) AppleWebKit/537.36 (KHTML, like Gecko) Chrome/79.0.3945.130 Safari/537.36"
185.178.82.112 - - [05/Feb/2020:08:15:33 +0100] "GET /wp-includes/js/wp-embed.min.js?ver=5.2.5 HTTP/1.1" 200 1767 "https://fincasandoval.com/" "Mozilla/5.0 (Windows NT 6.1; WOW64) AppleWebKit/537.36 (KHTML, like Gecko) Chrome/79.0.3945.130 Safari/537.36"
31.221.216.145 - - [05/Feb/2020:08:15:32 +0100] "GET /wp-content/uploads/2014/11/fs-1.jpg?w=625 HTTP/1.1" 200 639734 "https://fincasandoval.com/" "Mozilla/5.0 (Linux; Android 9; SM-J415GN) AppleWebKit/537.36 (KHTML, like Gecko) Chrome/78.0.3904.108 Mobile Safari/537.36"
185.178.82.112 - - [05/Feb/2020:08:15:33 +0100] "GET /wp-content/uploads/2014/11/fs-1.jpg?w=625 HTTP/1.1" 200 639596 "https://fincasandoval.com/" "Mozilla/5.0 (Windows NT 6.1; WOW64) AppleWebKit/537.36 (KHTML, like Gecko) Chrome/79.0.3945.130 Safari/537.36"
31.221.216.145 - - [05/Feb/2020:08:15:33 +0100] "GET /favicon.ico HTTP/1.1" 200 5797 "https://fincasandoval.com/" "Mozilla/5.0 (Linux; Android 9; SM-J415GN) AppleWebKit/537.36 (KHTML, like Gecko) Chrome/78.0.3904.108 Mobile Safari/537.36"
110.4.45.150 - - [05/Feb/2020:08:19:02 +0100] "GET /wp-login.php HTTP/1.1" 200 6587 "-" "Mozilla/5.0 (X11; Ubuntu; Linux x86_64; rv:62.0) Gecko/20100101 Firefox/62.0"
110.4.45.150 - - [05/Feb/2020:08:19:04 +0100] "POST /wp-login.php HTTP/1.1" 200 7562 "-" "Mozilla/5.0 (X11; Ubuntu; Linux x86_64; rv:62.0) Gecko/20100101 Firefox/62.0"
110.4.45.150 - - [05/Feb/2020:08:19:05 +0100] "POST /xmlrpc.php HTTP/1.1" 200 3835 "-" "Mozilla/5.0 (X11; Ubuntu; Linux x86_64; rv:62.0) Gecko/20100101 Firefox/62.0"
103.83.36.101 - - [05/Feb/2020:08:26:46 +0100] "GET /wp-login.php HTTP/1.1" 200 6587 "-" "Mozilla/5.0 (X11; Ubuntu; Linux x86_64; rv:62.0) Gecko/20100101 Firefox/62.0"
103.83.36.101 - - [05/Feb/2020:08:26:47 +0100] "POST /wp-login.php HTTP/1.1" 200 7562 "-" "Mozilla/5.0 (X11; Ubuntu; Linux x86_64; rv:62.0) Gecko/20100101 Firefox/62.0"
103.83.36.101 - - [05/Feb/2020:08:26:47 +0100] "POST /xmlrpc.php HTTP/1.1" 200 3835 "-" "Mozilla/5.0 (X11; Ubuntu; Linux x86_64; rv:62.0) Gecko/20100101 Firefox/62.0"
68.183.146.249 - - [05/Feb/2020:08:35:21 +0100] "GET /wp-login.php HTTP/1.1" 200 6587 "-" "Mozilla/5.0 (X11; Ubuntu; Linux x86_64; rv:62.0) Gecko/20100101 Firefox/62.0"
68.183.146.249 - - [05/Feb/2020:08:35:22 +0100] "POST /wp-login.php HTTP/1.1" 200 7562 "-" "Mozilla/5.0 (X11; Ubuntu; Linux x86_64; rv:62.0) Gecko/20100101 Firefox/62.0"
68.183.146.249 - - [05/Feb/2020:08:35:22 +0100] "POST /xmlrpc.php HTTP/1.1" 200 3835 "-" "Mozilla/5.0 (X11; Ubuntu; Linux x86_64; rv:62.0) Gecko/20100101 Firefox/62.0"
148.72.31.118 - - [05/Feb/2020:08:42:22 +0100] "GET /wp-login.php HTTP/1.1" 200 6587 "-" "Mozilla/5.0 (X11; Ubuntu; Linux x86_64; rv:62.0) Gecko/20100101 Firefox/62.0"
89.248.107.232 - - [05/Feb/2020:08:42:22 +0100] "POST /wp-cron.php?doing_wp_cron=1580888542.7436249256134033203125 HTTP/1.1" 200 1860 "-" "WordPress/5.2.5; https://fincasandoval.com"
148.72.31.118 - - [05/Feb/2020:08:42:23 +0100] "POST /wp-login.php HTTP/1.1" 200 7562 "-" "Mozilla/5.0 (X11; Ubuntu; Linux x86_64; rv:62.0) Gecko/20100101 Firefox/62.0"
148.72.31.118 - - [05/Feb/2020:08:42:23 +0100] "POST /xmlrpc.php HTTP/1.1" 200 3835 "-" "Mozilla/5.0 (X11; Ubuntu; Linux x86_64; rv:62.0) Gecko/20100101 Firefox/62.0"
128.199.223.127 - - [05/Feb/2020:08:50:58 +0100] "GET /wp-login.php HTTP/1.1" 200 6587 "-" "Mozilla/5.0 (X11; Ubuntu; Linux x86_64; rv:62.0) Gecko/20100101 Firefox/62.0"
128.199.223.127 - - [05/Feb/2020:08:50:59 +0100] "POST /wp-login.php HTTP/1.1" 200 7562 "-" "Mozilla/5.0 (X11; Ubuntu; Linux x86_64; rv:62.0) Gecko/20100101 Firefox/62.0"
128.199.223.127 - - [05/Feb/2020:08:50:59 +0100] "POST /xmlrpc.php HTTP/1.1" 200 3835 "-" "Mozilla/5.0 (X11; Ubuntu; Linux x86_64; rv:62.0) Gecko/20100101 Firefox/62.0"
52.44.119.95 - - [05/Feb/2020:08:58:28 +0100] "GET /ads.txt HTTP/1.1" 404 4470 "-" "Mozilla/5.0 (Macintosh; Intel Mac OS X 10_12_6) AppleWebKit/537.36 (KHTML, like Gecko) Chrome/63.0.3239.84 Safari/537.36"
52.44.119.95 - - [05/Feb/2020:08:58:29 +0100] "GET /ads.txt HTTP/1.1" 404 4470 "-" "Mozilla/5.0 (Macintosh; Intel Mac OS X 10_12_6) AppleWebKit/537.36 (KHTML, like Gecko) Chrome/63.0.3239.84 Safari/537.36"
162.214.14.226 - - [05/Feb/2020:08:59:19 +0100] "GET /wp-login.php HTTP/1.1" 200 6587 "-" "Mozilla/5.0 (X11; Ubuntu; Linux x86_64; rv:62.0) Gecko/20100101 Firefox/62.0"
89.248.107.232 - - [05/Feb/2020:08:59:19 +0100] "POST /wp-cron.php?doing_wp_cron=1580889559.5606670379638671875000 HTTP/1.1" 200 1860 "-" "WordPress/5.2.5; https://fincasandoval.com"
162.214.14.226 - - [05/Feb/2020:08:59:20 +0100] "POST /wp-login.php HTTP/1.1" 200 7562 "-" "Mozilla/5.0 (X11; Ubuntu; Linux x86_64; rv:62.0) Gecko/20100101 Firefox/62.0"
162.214.14.226 - - [05/Feb/2020:08:59:21 +0100] "POST /xmlrpc.php HTTP/1.1" 200 3835 "-" "Mozilla/5.0 (X11; Ubuntu; Linux x86_64; rv:62.0) Gecko/20100101 Firefox/62.0"
54.36.148.168 - - [05/Feb/2020:09:03:06 +0100] "GET /robots.txt HTTP/1.1" 404 4419 "-" "Mozilla/5.0 (compatible; AhrefsBot/6.1; +http://ahrefs.com/robot/)"
157.245.13.204 - - [05/Feb/2020:09:06:55 +0100] "GET /wp-login.php HTTP/1.1" 200 6587 "-" "Mozilla/5.0 (X11; Ubuntu; Linux x86_64; rv:62.0) Gecko/20100101 Firefox/62.0"
157.245.13.204 - - [05/Feb/2020:09:06:56 +0100] "POST /wp-login.php HTTP/1.1" 200 7562 "-" "Mozilla/5.0 (X11; Ubuntu; Linux x86_64; rv:62.0) Gecko/20100101 Firefox/62.0"
157.245.13.204 - - [05/Feb/2020:09:06:57 +0100] "POST /xmlrpc.php HTTP/1.1" 200 3835 "-" "Mozilla/5.0 (X11; Ubuntu; Linux x86_64; rv:62.0) Gecko/20100101 Firefox/62.0"
207.46.13.225 - - [05/Feb/2020:09:15:10 +0100] "GET /wp-content/uploads/2014/11/fs-4.jpg?w=300 HTTP/1.1" 200 4345224 "-" "Mozilla/5.0 (compatible; bingbot/2.0; +http://www.bing.com/bingbot.htm)"
188.165.130.148 - - [05/Feb/2020:09:16:19 +0100] "GET /wp-login.php HTTP/1.1" 200 6587 "-" "Mozilla/5.0 (X11; Ubuntu; Linux x86_64; rv:62.0) Gecko/20100101 Firefox/62.0"
188.165.130.148 - - [05/Feb/2020:09:16:19 +0100] "POST /wp-login.php HTTP/1.1" 200 7562 "-" "Mozilla/5.0 (X11; Ubuntu; Linux x86_64; rv:62.0) Gecko/20100101 Firefox/62.0"
188.165.130.148 - - [05/Feb/2020:09:16:19 +0100] "POST /xmlrpc.php HTTP/1.1" 200 3835 "-" "Mozilla/5.0 (X11; Ubuntu; Linux x86_64; rv:62.0) Gecko/20100101 Firefox/62.0"
212.99.44.81 - - [05/Feb/2020:09:29:09 +0100] "GET /robots.txt HTTP/1.1" 404 4670 "-" "Sidetrade indexer bot"
212.99.44.81 - - [05/Feb/2020:09:29:09 +0100] "GET / HTTP/1.1" 200 14477 "-" "Sidetrade indexer bot"
212.99.44.81 - - [05/Feb/2020:09:29:14 +0100] "GET /?page_id=20 HTTP/1.1" 200 19579 "-" "Sidetrade indexer bot"
212.99.44.81 - - [05/Feb/2020:09:29:19 +0100] "GET /?page_id=28 HTTP/1.1" 200 15208 "-" "Sidetrade indexer bot"
212.99.44.81 - - [05/Feb/2020:09:29:24 +0100] "GET /?page_id=41 HTTP/1.1" 200 13241 "-" "Sidetrade indexer bot"
212.99.44.81 - - [05/Feb/2020:09:29:30 +0100] "GET /?page_id=10 HTTP/1.1" 200 19713 "-" "Sidetrade indexer bot"
212.99.44.81 - - [05/Feb/2020:09:29:35 +0100] "GET /?page_id=36 HTTP/1.1" 200 15982 "-" "Sidetrade indexer bot"
159.89.170.251 - - [05/Feb/2020:09:32:18 +0100] "GET /wp-login.php HTTP/1.1" 200 6587 "-" "Mozilla/5.0 (X11; Ubuntu; Linux x86_64; rv:62.0) Gecko/20100101 Firefox/62.0"
159.89.170.251 - - [05/Feb/2020:09:32:18 +0100] "POST /wp-login.php HTTP/1.1" 200 7562 "-" "Mozilla/5.0 (X11; Ubuntu; Linux x86_64; rv:62.0) Gecko/20100101 Firefox/62.0"
159.89.170.251 - - [05/Feb/2020:09:32:19 +0100] "POST /xmlrpc.php HTTP/1.1" 200 3835 "-" "Mozilla/5.0 (X11; Ubuntu; Linux x86_64; rv:62.0) Gecko/20100101 Firefox/62.0"
185.50.25.52 - - [05/Feb/2020:09:39:38 +0100] "GET /wp-login.php HTTP/1.1" 200 6587 "-" "Mozilla/5.0 (X11; Ubuntu; Linux x86_64; rv:62.0) Gecko/20100101 Firefox/62.0"
185.50.25.52 - - [05/Feb/2020:09:39:39 +0100] "POST /wp-login.php HTTP/1.1" 200 7562 "-" "Mozilla/5.0 (X11; Ubuntu; Linux x86_64; rv:62.0) Gecko/20100101 Firefox/62.0"
185.50.25.52 - - [05/Feb/2020:09:39:39 +0100] "POST /xmlrpc.php HTTP/1.1" 200 3835 "-" "Mozilla/5.0 (X11; Ubuntu; Linux x86_64; rv:62.0) Gecko/20100101 Firefox/62.0"
89.248.107.232 - - [05/Feb/2020:09:48:39 +0100] "POST /wp-cron.php?doing_wp_cron=1580892519.8692369461059570312500 HTTP/1.1" 200 1860 "-" "WordPress/5.2.5; https://fincasandoval.com"
149.5.209.147 - - [05/Feb/2020:09:48:39 +0100] "GET /wp-login.php HTTP/1.1" 200 6587 "-" "Mozilla/5.0 (X11; Ubuntu; Linux x86_64; rv:62.0) Gecko/20100101 Firefox/62.0"
149.5.209.147 - - [05/Feb/2020:09:48:40 +0100] "POST /wp-login.php HTTP/1.1" 200 7562 "-" "Mozilla/5.0 (X11; Ubuntu; Linux x86_64; rv:62.0) Gecko/20100101 Firefox/62.0"
149.5.209.147 - - [05/Feb/2020:09:48:40 +0100] "POST /xmlrpc.php HTTP/1.1" 200 3835 "-" "Mozilla/5.0 (X11; Ubuntu; Linux x86_64; rv:62.0) Gecko/20100101 Firefox/62.0"
185.119.81.50 - - [05/Feb/2020:09:50:01 +0100] "GET /wp-login.php HTTP/1.1" 200 7045 "-" "Mozilla/5.0 (Windows NT 10.0; WOW64) AppleWebKit/537.36 (KHTML, like Gecko) Chrome/51.0.2704.103 Safari/537.36"
185.119.81.50 - - [05/Feb/2020:09:50:02 +0100] "POST /wp-login.php HTTP/1.1" 200 4633 "https://fincasandoval.com/wp-login.php" "Mozilla/5.0 (Windows NT 10.0; WOW64) AppleWebKit/537.36 (KHTML, like Gecko) Chrome/51.0.2704.103 Safari/537.36"
207.46.13.225 - - [05/Feb/2020:09:52:38 +0100] "GET /wp-content/uploads/2014/11/fs-4.jpg?w=300 HTTP/1.1" 200 4345224 "-" "Mozilla/5.0 (compatible; bingbot/2.0; +http://www.bing.com/bingbot.htm)"
138.68.136.152 - - [05/Feb/2020:09:57:16 +0100] "GET /wp-login.php HTTP/1.1" 200 6587 "-" "Mozilla/5.0 (X11; Ubuntu; Linux x86_64; rv:62.0) Gecko/20100101 Firefox/62.0"
89.248.107.232 - - [05/Feb/2020:09:57:16 +0100] "POST /wp-cron.php?doing_wp_cron=1580893036.9718060493469238281250 HTTP/1.1" 200 1860 "-" "WordPress/5.2.5; https://fincasandoval.com"
138.68.136.152 - - [05/Feb/2020:09:57:17 +0100] "POST /wp-login.php HTTP/1.1" 200 7562 "-" "Mozilla/5.0 (X11; Ubuntu; Linux x86_64; rv:62.0) Gecko/20100101 Firefox/62.0"
138.68.136.152 - - [05/Feb/2020:09:57:17 +0100] "POST /xmlrpc.php HTTP/1.1" 200 3835 "-" "Mozilla/5.0 (X11; Ubuntu; Linux x86_64; rv:62.0) Gecko/20100101 Firefox/62.0"
138.68.136.152 - - [05/Feb/2020:10:05:45 +0100] "GET /wp-login.php HTTP/1.1" 200 6587 "-" "Mozilla/5.0 (X11; Ubuntu; Linux x86_64; rv:62.0) Gecko/20100101 Firefox/62.0"
138.68.136.152 - - [05/Feb/2020:10:05:45 +0100] "POST /wp-login.php HTTP/1.1" 200 7562 "-" "Mozilla/5.0 (X11; Ubuntu; Linux x86_64; rv:62.0) Gecko/20100101 Firefox/62.0"
138.68.136.152 - - [05/Feb/2020:10:05:46 +0100] "POST /xmlrpc.php HTTP/1.1" 200 3835 "-" "Mozilla/5.0 (X11; Ubuntu; Linux x86_64; rv:62.0) Gecko/20100101 Firefox/62.0"
54.215.224.155 - - [05/Feb/2020:10:15:21 +0100] "GET /wp-login.php HTTP/1.1" 200 6587 "-" "Mozilla/5.0 (X11; Ubuntu; Linux x86_64; rv:62.0) Gecko/20100101 Firefox/62.0"
54.215.224.155 - - [05/Feb/2020:10:15:22 +0100] "POST /wp-login.php HTTP/1.1" 200 7562 "-" "Mozilla/5.0 (X11; Ubuntu; Linux x86_64; rv:62.0) Gecko/20100101 Firefox/62.0"
54.215.224.155 - - [05/Feb/2020:10:15:23 +0100] "POST /xmlrpc.php HTTP/1.1" 200 3835 "-" "Mozilla/5.0 (X11; Ubuntu; Linux x86_64; rv:62.0) Gecko/20100101 Firefox/62.0"
207.46.13.225 - - [05/Feb/2020:10:16:52 +0100] "GET /wp-content/uploads/2014/11/fs-4.jpg?w=300 HTTP/1.1" 200 4345224 "-" "Mozilla/5.0 (compatible; bingbot/2.0; +http://www.bing.com/bingbot.htm)"
114.119.156.64 - - [05/Feb/2020:10:18:13 +0100] "GET / HTTP/1.1" 301 3435 "-" "Mozilla/5.0(Linux;Android 5.1.1;OPPO A33 Build/LMY47V;wv) AppleWebKit/537.36(KHTML,link Gecko) Version/4.0 Chrome/43.0.2357.121 Mobile Safari/537.36 LieBaoFast/4.51.3"
114.119.156.64 - - [05/Feb/2020:10:18:14 +0100] "GET / HTTP/1.1" 200 17525 "-" "Mozilla/5.0(Linux;Android 5.1.1;OPPO A33 Build/LMY47V;wv) AppleWebKit/537.36(KHTML,link Gecko) Version/4.0 Chrome/43.0.2357.121 Mobile Safari/537.36 LieBaoFast/4.51.3"
139.59.171.46 - - [05/Feb/2020:10:24:54 +0100] "GET /wp-login.php HTTP/1.1" 200 6587 "-" "Mozilla/5.0 (X11; Ubuntu; Linux x86_64; rv:62.0) Gecko/20100101 Firefox/62.0"
139.59.171.46 - - [05/Feb/2020:10:24:54 +0100] "POST /wp-login.php HTTP/1.1" 200 7562 "-" "Mozilla/5.0 (X11; Ubuntu; Linux x86_64; rv:62.0) Gecko/20100101 Firefox/62.0"
139.59.171.46 - - [05/Feb/2020:10:24:55 +0100] "POST /xmlrpc.php HTTP/1.1" 200 3835 "-" "Mozilla/5.0 (X11; Ubuntu; Linux x86_64; rv:62.0) Gecko/20100101 Firefox/62.0"
114.119.135.228 - - [05/Feb/2020:10:27:58 +0100] "GET /robots.txt HTTP/1.1" 404 4433 "-" "Mozilla/5.0(Linux;Android 5.1.1;OPPO A33 Build/LMY47V;wv) AppleWebKit/537.36(KHTML,link Gecko) Version/4.0 Chrome/42.0.2311.138 Mobile Safari/537.36 Mb2345Browser/9.0"
114.119.150.72 - - [05/Feb/2020:10:27:59 +0100] "GET /robots.txt HTTP/1.1" 404 4433 "-" "Mozilla/5.0(Linux;Android 5.1.1;OPPO A33 Build/LMY47V;wv) AppleWebKit/537.36(KHTML,link Gecko) Version/4.0 Chrome/43.0.2357.121 Mobile Safari/537.36 LieBaoFast/4.51.3"
35.157.32.153 - - [05/Feb/2020:10:28:29 +0100] "GET / HTTP/1.1" 200 17762 "-" "Mozilla/5.0 (Windows NT 6.3; Trident/7.0; rv:11.0) like Gecko"
195.77.128.146 - - [05/Feb/2020:10:28:30 +0100] "GET / HTTP/1.1" 200 18199 "https://www.google.com/url?sa=t&rct=j&q=&esrc=s&source=web&cd=1&ved=2ahUKEwjig7K5jLrnAhWIz4UKHRGiDasQFjAAegQIAxAB&url=https%3A%2F%2Ffincasandoval.com%2F&usg=AOvVaw2Ubv4o_NDj-zsvYJGgqNEK" "Mozilla/5.0 (Windows NT 6.3; Trident/7.0; rv:11.0) like Gecko"
195.77.128.146 - - [05/Feb/2020:10:28:30 +0100] "GET /wp-includes/css/dist/block-library/style.min.css?ver=5.2.5 HTTP/1.1" 200 29676 "https://fincasandoval.com/" "Mozilla/5.0 (Windows NT 6.3; Trident/7.0; rv:11.0) like Gecko"
195.77.128.146 - - [05/Feb/2020:10:28:30 +0100] "GET /wp-content/themes/book-lite/js/script.js?ver=1.0 HTTP/1.1" 200 4346 "https://fincasandoval.com/" "Mozilla/5.0 (Windows NT 6.3; Trident/7.0; rv:11.0) like Gecko"
195.77.128.146 - - [05/Feb/2020:10:28:30 +0100] "GET /wp-includes/js/jquery/jquery-migrate.min.js?ver=1.4.1 HTTP/1.1" 200 14144 "https://fincasandoval.com/" "Mozilla/5.0 (Windows NT 6.3; Trident/7.0; rv:11.0) like Gecko"
195.77.128.146 - - [05/Feb/2020:10:28:30 +0100] "GET /wp-includes/js/jquery/jquery.js?ver=1.12.4-wp HTTP/1.1" 200 101107 "https://fincasandoval.com/" "Mozilla/5.0 (Windows NT 6.3; Trident/7.0; rv:11.0) like Gecko"
195.77.128.146 - - [05/Feb/2020:10:28:30 +0100] "GET /wp-content/uploads/2017/05/vs-2016.jpg HTTP/1.1" 200 29568 "https://fincasandoval.com/" "Mozilla/5.0 (Windows NT 6.3; Trident/7.0; rv:11.0) like Gecko"
195.77.128.146 - - [05/Feb/2020:10:28:30 +0100] "GET /wp-includes/js/wp-emoji-release.min.js?ver=5.2.5 HTTP/1.1" 200 14206 "https://fincasandoval.com/" "Mozilla/5.0 (Windows NT 6.3; Trident/7.0; rv:11.0) like Gecko"
195.77.128.146 - - [05/Feb/2020:10:28:30 +0100] "GET /wp-includes/js/wp-embed.min.js?ver=5.2.5 HTTP/1.1" 200 5489 "https://fincasandoval.com/" "Mozilla/5.0 (Windows NT 6.3; Trident/7.0; rv:11.0) like Gecko"
195.77.128.146 - - [05/Feb/2020:10:28:30 +0100] "GET /wp-content/themes/book-lite/style.css?ver=5.2.5 HTTP/1.1" 200 24693 "https://fincasandoval.com/" "Mozilla/5.0 (Windows NT 6.3; Trident/7.0; rv:11.0) like Gecko"
195.77.128.146 - - [05/Feb/2020:10:28:30 +0100] "GET /wp-content/themes/book-lite/images/diamond-white.png HTTP/1.1" 200 565 "https://fincasandoval.com/" "Mozilla/5.0 (Windows NT 6.3; Trident/7.0; rv:11.0) like Gecko"
195.77.128.146 - - [05/Feb/2020:10:28:30 +0100] "GET /wp-content/themes/book-lite/images/nav-bg.png HTTP/1.1" 200 458 "https://fincasandoval.com/" "Mozilla/5.0 (Windows NT 6.3; Trident/7.0; rv:11.0) like Gecko"
195.77.128.146 - - [05/Feb/2020:10:28:30 +0100] "GET /wp-content/themes/book-lite/images/break.png HTTP/1.1" 200 951 "https://fincasandoval.com/" "Mozilla/5.0 (Windows NT 6.3; Trident/7.0; rv:11.0) like Gecko"
195.77.128.146 - - [05/Feb/2020:10:28:30 +0100] "GET /wp-content/uploads/2019/09/cropped-header-1.jpg HTTP/1.1" 200 45807 "https://fincasandoval.com/" "Mozilla/5.0 (Windows NT 6.3; Trident/7.0; rv:11.0) like Gecko"
195.77.128.146 - - [05/Feb/2020:10:28:30 +0100] "GET /wp-content/uploads/2014/11/fs-1.jpg?w=625 HTTP/1.1" 200 643318 "https://fincasandoval.com/" "Mozilla/5.0 (Windows NT 6.3; Trident/7.0; rv:11.0) like Gecko"
195.77.128.146 - - [05/Feb/2020:10:28:31 +0100] "GET /wp-content/themes/book-lite/js/small-menu.js?ver=20120206 HTTP/1.1" 200 5345 "https://fincasandoval.com/" "Mozilla/5.0 (Windows NT 6.3; Trident/7.0; rv:11.0) like Gecko"
195.77.128.146 - - [05/Feb/2020:10:28:31 +0100] "GET /favicon.ico HTTP/1.1" 200 9519 "-" "Mozilla/5.0 (Windows NT 6.3; Trident/7.0; rv:11.0) like Gecko"
195.77.128.146 - - [05/Feb/2020:10:28:46 +0100] "GET /?page_id=10 HTTP/1.1" 200 20150 "https://fincasandoval.com/" "Mozilla/5.0 (Windows NT 6.3; Trident/7.0; rv:11.0) like Gecko"
195.77.128.146 - - [05/Feb/2020:10:28:49 +0100] "GET /wp-content/uploads/2014/11/fs-3.jpg?w=300 HTTP/1.1" 200 3653771 "https://fincasandoval.com/?page_id=10" "Mozilla/5.0 (Windows NT 6.3; Trident/7.0; rv:11.0) like Gecko"
195.77.128.146 - - [05/Feb/2020:10:28:47 +0100] "GET /wp-content/uploads/2014/11/fs-2.jpg?w=625 HTTP/1.1" 200 5413372 "https://fincasandoval.com/?page_id=10" "Mozilla/5.0 (Windows NT 6.3; Trident/7.0; rv:11.0) like Gecko"
195.77.128.146 - - [05/Feb/2020:10:28:49 +0100] "GET /wp-content/uploads/2014/11/fs-4.jpg?w=300 HTTP/1.1" 200 4345666 "https://fincasandoval.com/?page_id=10" "Mozilla/5.0 (Windows NT 6.3; Trident/7.0; rv:11.0) like Gecko"
80.211.50.102 - - [05/Feb/2020:10:32:39 +0100] "GET /wp-login.php HTTP/1.1" 200 6587 "-" "Mozilla/5.0 (X11; Ubuntu; Linux x86_64; rv:62.0) Gecko/20100101 Firefox/62.0"
80.211.50.102 - - [05/Feb/2020:10:32:39 +0100] "POST /wp-login.php HTTP/1.1" 200 7562 "-" "Mozilla/5.0 (X11; Ubuntu; Linux x86_64; rv:62.0) Gecko/20100101 Firefox/62.0"
80.211.50.102 - - [05/Feb/2020:10:32:39 +0100] "POST /xmlrpc.php HTTP/1.1" 200 3835 "-" "Mozilla/5.0 (X11; Ubuntu; Linux x86_64; rv:62.0) Gecko/20100101 Firefox/62.0"
114.119.160.16 - - [05/Feb/2020:10:34:27 +0100] "GET /robots.txt HTTP/1.1" 404 4433 "-" "Mozilla/5.0(Linux;U;Android 5.1.1;zh-CN;OPPO A33 Build/LMY47V) AppleWebKit/537.36(KHTML,like Gecko) Version/4.0 Chrome/40.0.2214.89 UCBrowser/11.7.0.953 Mobile Safari/537.36"
114.119.151.159 - - [05/Feb/2020:10:34:28 +0100] "GET /robots.txt HTTP/1.1" 404 4433 "-" "Mozilla/5.0 (Linux; Android 7.0; FRD-AL00 Build/HUAWEIFRD-AL00; wv) AppleWebKit/537.36 (KHTML, like Gecko) Version/4.0 Chrome/53.0.2785.49 Mobile MQQBrowser/6.2 TBS/043602 Safari/537.36 MicroMessenger/6.5.16.1120 NetType/WIFI Language/zh_CN"
148.66.135.69 - - [05/Feb/2020:10:41:30 +0100] "GET /wp-login.php HTTP/1.1" 200 6587 "-" "Mozilla/5.0 (X11; Ubuntu; Linux x86_64; rv:62.0) Gecko/20100101 Firefox/62.0"
148.66.135.69 - - [05/Feb/2020:10:41:31 +0100] "POST /wp-login.php HTTP/1.1" 200 7562 "-" "Mozilla/5.0 (X11; Ubuntu; Linux x86_64; rv:62.0) Gecko/20100101 Firefox/62.0"
148.66.135.69 - - [05/Feb/2020:10:41:32 +0100] "POST /xmlrpc.php HTTP/1.1" 200 3835 "-" "Mozilla/5.0 (X11; Ubuntu; Linux x86_64; rv:62.0) Gecko/20100101 Firefox/62.0"
66.249.64.92 - - [05/Feb/2020:10:44:38 +0100] "GET /robots.txt HTTP/1.1" 404 4665 "-" "Mozilla/5.0 (compatible; Googlebot/2.1; +http://www.google.com/bot.html)"
89.248.107.232 - - [05/Feb/2020:10:44:39 +0100] "POST /wp-cron.php?doing_wp_cron=1580895879.5256009101867675781250 HTTP/1.1" 200 1860 "-" "WordPress/5.2.5; https://fincasandoval.com"
66.249.64.94 - - [05/Feb/2020:10:44:39 +0100] "GET / HTTP/1.1" 200 17757 "-" "Mozilla/5.0 (Linux; Android 6.0.1; Nexus 5X Build/MMB29P) AppleWebKit/537.36 (KHTML, like Gecko) Chrome/41.0.2272.96 Mobile Safari/537.36 (compatible; Googlebot/2.1; +http://www.google.com/bot.html)"
45.252.248.18 - - [05/Feb/2020:10:50:07 +0100] "GET /wp-login.php HTTP/1.1" 200 6587 "-" "Mozilla/5.0 (X11; Ubuntu; Linux x86_64; rv:62.0) Gecko/20100101 Firefox/62.0"
45.252.248.18 - - [05/Feb/2020:10:50:08 +0100] "POST /wp-login.php HTTP/1.1" 200 7562 "-" "Mozilla/5.0 (X11; Ubuntu; Linux x86_64; rv:62.0) Gecko/20100101 Firefox/62.0"
45.252.248.18 - - [05/Feb/2020:10:50:09 +0100] "POST /xmlrpc.php HTTP/1.1" 200 3835 "-" "Mozilla/5.0 (X11; Ubuntu; Linux x86_64; rv:62.0) Gecko/20100101 Firefox/62.0"
89.248.107.232 - - [05/Feb/2020:11:08:49 +0100] "POST /wp-cron.php?doing_wp_cron=1580897329.5340049266815185546875 HTTP/1.1" 200 1860 "-" "WordPress/5.2.5; https://fincasandoval.com"
66.249.64.92 - - [05/Feb/2020:11:08:49 +0100] "GET / HTTP/1.1" 200 17757 "-" "Mozilla/5.0 (compatible; Googlebot/2.1; +http://www.google.com/bot.html)"
45.55.135.88 - - [05/Feb/2020:11:10:18 +0100] "GET /wp-login.php HTTP/1.1" 200 6587 "-" "Mozilla/5.0 (X11; Ubuntu; Linux x86_64; rv:62.0) Gecko/20100101 Firefox/62.0"
45.55.135.88 - - [05/Feb/2020:11:10:18 +0100] "POST /wp-login.php HTTP/1.1" 200 7562 "-" "Mozilla/5.0 (X11; Ubuntu; Linux x86_64; rv:62.0) Gecko/20100101 Firefox/62.0"
45.55.135.88 - - [05/Feb/2020:11:10:19 +0100] "POST /xmlrpc.php HTTP/1.1" 200 3835 "-" "Mozilla/5.0 (X11; Ubuntu; Linux x86_64; rv:62.0) Gecko/20100101 Firefox/62.0"
54.215.224.155 - - [05/Feb/2020:11:19:08 +0100] "GET /wp-login.php HTTP/1.1" 200 6587 "-" "Mozilla/5.0 (X11; Ubuntu; Linux x86_64; rv:62.0) Gecko/20100101 Firefox/62.0"
54.215.224.155 - - [05/Feb/2020:11:19:09 +0100] "POST /wp-login.php HTTP/1.1" 200 7562 "-" "Mozilla/5.0 (X11; Ubuntu; Linux x86_64; rv:62.0) Gecko/20100101 Firefox/62.0"
54.215.224.155 - - [05/Feb/2020:11:19:10 +0100] "POST /xmlrpc.php HTTP/1.1" 200 3835 "-" "Mozilla/5.0 (X11; Ubuntu; Linux x86_64; rv:62.0) Gecko/20100101 Firefox/62.0"
66.249.64.90 - - [05/Feb/2020:11:27:37 +0100] "GET /robots.txt HTTP/1.1" 404 4665 "-" "Mozilla/5.0 (compatible; Googlebot/2.1; +http://www.google.com/bot.html)"
13.233.78.138 - - [05/Feb/2020:11:39:29 +0100] "GET /wp-login.php HTTP/1.1" 200 6587 "-" "Mozilla/5.0 (X11; Ubuntu; Linux x86_64; rv:62.0) Gecko/20100101 Firefox/62.0"
13.233.78.138 - - [05/Feb/2020:11:39:30 +0100] "POST /wp-login.php HTTP/1.1" 200 7562 "-" "Mozilla/5.0 (X11; Ubuntu; Linux x86_64; rv:62.0) Gecko/20100101 Firefox/62.0"
13.233.78.138 - - [05/Feb/2020:11:39:30 +0100] "POST /xmlrpc.php HTTP/1.1" 200 3835 "-" "Mozilla/5.0 (X11; Ubuntu; Linux x86_64; rv:62.0) Gecko/20100101 Firefox/62.0"
89.248.107.232 - - [05/Feb/2020:11:45:03 +0100] "POST /wp-cron.php?doing_wp_cron=1580899503.1170039176940917968750 HTTP/1.1" 200 1860 "-" "WordPress/5.2.5; https://fincasandoval.com"
188.247.143.239 - - [05/Feb/2020:11:45:03 +0100] "GET / HTTP/1.1" 200 17757 "https://www.google.es/" "Mozilla/5.0 (Windows NT 10.0; Win64; x64) AppleWebKit/537.36 (KHTML, like Gecko) Chrome/70.0.3538.102 Safari/537.36 Edge/18.18362"
188.247.143.239 - - [05/Feb/2020:11:45:03 +0100] "GET /wp-content/themes/book-lite/style.css?ver=5.2.5 HTTP/1.1" 200 24251 "https://fincasandoval.com/" "Mozilla/5.0 (Windows NT 10.0; Win64; x64) AppleWebKit/537.36 (KHTML, like Gecko) Chrome/70.0.3538.102 Safari/537.36 Edge/18.18362"
188.247.143.239 - - [05/Feb/2020:11:45:03 +0100] "GET /wp-includes/css/dist/block-library/style.min.css?ver=5.2.5 HTTP/1.1" 200 29676 "https://fincasandoval.com/" "Mozilla/5.0 (Windows NT 10.0; Win64; x64) AppleWebKit/537.36 (KHTML, like Gecko) Chrome/70.0.3538.102 Safari/537.36 Edge/18.18362"
188.247.143.239 - - [05/Feb/2020:11:45:03 +0100] "GET /wp-includes/js/jquery/jquery.js?ver=1.12.4-wp HTTP/1.1" 200 97385 "https://fincasandoval.com/" "Mozilla/5.0 (Windows NT 10.0; Win64; x64) AppleWebKit/537.36 (KHTML, like Gecko) Chrome/70.0.3538.102 Safari/537.36 Edge/18.18362"
188.247.143.239 - - [05/Feb/2020:11:45:03 +0100] "GET /wp-includes/js/jquery/jquery-migrate.min.js?ver=1.4.1 HTTP/1.1" 200 10422 "https://fincasandoval.com/" "Mozilla/5.0 (Windows NT 10.0; Win64; x64) AppleWebKit/537.36 (KHTML, like Gecko) Chrome/70.0.3538.102 Safari/537.36 Edge/18.18362"
188.247.143.239 - - [05/Feb/2020:11:45:03 +0100] "GET /wp-content/themes/book-lite/js/small-menu.js?ver=20120206 HTTP/1.1" 200 1623 "https://fincasandoval.com/" "Mozilla/5.0 (Windows NT 10.0; Win64; x64) AppleWebKit/537.36 (KHTML, like Gecko) Chrome/70.0.3538.102 Safari/537.36 Edge/18.18362"
188.247.143.239 - - [05/Feb/2020:11:45:03 +0100] "GET /wp-includes/js/wp-embed.min.js?ver=5.2.5 HTTP/1.1" 200 5047 "https://fincasandoval.com/" "Mozilla/5.0 (Windows NT 10.0; Win64; x64) AppleWebKit/537.36 (KHTML, like Gecko) Chrome/70.0.3538.102 Safari/537.36 Edge/18.18362"
188.247.143.239 - - [05/Feb/2020:11:45:03 +0100] "GET /wp-content/themes/book-lite/js/script.js?ver=1.0 HTTP/1.1" 200 3904 "https://fincasandoval.com/" "Mozilla/5.0 (Windows NT 10.0; Win64; x64) AppleWebKit/537.36 (KHTML, like Gecko) Chrome/70.0.3538.102 Safari/537.36 Edge/18.18362"
188.247.143.239 - - [05/Feb/2020:11:45:03 +0100] "GET /wp-includes/js/wp-emoji-release.min.js?ver=5.2.5 HTTP/1.1" 200 14206 "https://fincasandoval.com/" "Mozilla/5.0 (Windows NT 10.0; Win64; x64) AppleWebKit/537.36 (KHTML, like Gecko) Chrome/70.0.3538.102 Safari/537.36 Edge/18.18362"
188.247.143.239 - - [05/Feb/2020:11:45:03 +0100] "GET /wp-content/uploads/2014/11/fs-1.jpg?w=625 HTTP/1.1" 200 642876 "https://fincasandoval.com/" "Mozilla/5.0 (Windows NT 10.0; Win64; x64) AppleWebKit/537.36 (KHTML, like Gecko) Chrome/70.0.3538.102 Safari/537.36 Edge/18.18362"
188.247.143.239 - - [05/Feb/2020:11:45:03 +0100] "GET /wp-content/uploads/2017/05/vs-2016.jpg HTTP/1.1" 200 25846 "https://fincasandoval.com/" "Mozilla/5.0 (Windows NT 10.0; Win64; x64) AppleWebKit/537.36 (KHTML, like Gecko) Chrome/70.0.3538.102 Safari/537.36 Edge/18.18362"
188.247.143.239 - - [05/Feb/2020:11:45:03 +0100] "GET /wp-content/uploads/2019/09/cropped-header-1.jpg HTTP/1.1" 200 45807 "https://fincasandoval.com/" "Mozilla/5.0 (Windows NT 10.0; Win64; x64) AppleWebKit/537.36 (KHTML, like Gecko) Chrome/70.0.3538.102 Safari/537.36 Edge/18.18362"
188.247.143.239 - - [05/Feb/2020:11:45:03 +0100] "GET /wp-content/themes/book-lite/images/diamond-white.png HTTP/1.1" 200 565 "https://fincasandoval.com/" "Mozilla/5.0 (Windows NT 10.0; Win64; x64) AppleWebKit/537.36 (KHTML, like Gecko) Chrome/70.0.3538.102 Safari/537.36 Edge/18.18362"
188.247.143.239 - - [05/Feb/2020:11:45:03 +0100] "GET /wp-content/themes/book-lite/images/break.png HTTP/1.1" 200 951 "https://fincasandoval.com/" "Mozilla/5.0 (Windows NT 10.0; Win64; x64) AppleWebKit/537.36 (KHTML, like Gecko) Chrome/70.0.3538.102 Safari/537.36 Edge/18.18362"
188.247.143.239 - - [05/Feb/2020:11:45:03 +0100] "GET /wp-content/themes/book-lite/images/nav-bg.png HTTP/1.1" 200 458 "https://fincasandoval.com/" "Mozilla/5.0 (Windows NT 10.0; Win64; x64) AppleWebKit/537.36 (KHTML, like Gecko) Chrome/70.0.3538.102 Safari/537.36 Edge/18.18362"
188.247.143.239 - - [05/Feb/2020:11:45:03 +0100] "GET /favicon.ico HTTP/1.1" 200 9077 "-" "Mozilla/5.0 (Windows NT 10.0; Win64; x64) AppleWebKit/537.36 (KHTML, like Gecko) Chrome/70.0.3538.102 Safari/537.36 Edge/18.18362"
188.247.143.239 - - [05/Feb/2020:11:45:11 +0100] "GET /?page_id=41 HTTP/1.1" 200 13236 "https://fincasandoval.com/" "Mozilla/5.0 (Windows NT 10.0; Win64; x64) AppleWebKit/537.36 (KHTML, like Gecko) Chrome/70.0.3538.102 Safari/537.36 Edge/18.18362"
188.247.143.239 - - [05/Feb/2020:11:45:26 +0100] "GET / HTTP/1.1" 200 17757 "https://www.google.es/" "Mozilla/5.0 (Windows NT 10.0; Win64; x64) AppleWebKit/537.36 (KHTML, like Gecko) Chrome/70.0.3538.102 Safari/537.36 Edge/18.18362"
91.214.87.235 - - [05/Feb/2020:11:50:24 +0100] "GET /wp-admin/admin-ajax.php?action=revslider_show_image&img=../wp-config.php HTTP/1.0" 400 3761 "-" "Mozilla/5.0 (Windows NT 6.3; Win64; x64) AppleWebKit/537.36 (KHTML, like Gecko) Chrome/75.0.3770.100 Safari/537.36"
89.248.107.232 - - [05/Feb/2020:11:57:00 +0100] "POST /wp-cron.php?doing_wp_cron=1580900220.4617691040039062500000 HTTP/1.1" 200 1860 "-" "WordPress/5.2.5; https://fincasandoval.com"
109.167.122.97 - - [05/Feb/2020:11:57:00 +0100] "GET / HTTP/1.1" 200 17757 "https://www.google.com/" "Mozilla/5.0 (Windows NT 10.0; Win64; x64) AppleWebKit/537.36 (KHTML, like Gecko) Chrome/79.0.3945.130 Safari/537.36"
109.167.122.97 - - [05/Feb/2020:11:57:00 +0100] "GET /wp-includes/css/dist/block-library/style.min.css?ver=5.2.5 HTTP/1.1" 200 29676 "https://fincasandoval.com/" "Mozilla/5.0 (Windows NT 10.0; Win64; x64) AppleWebKit/537.36 (KHTML, like Gecko) Chrome/79.0.3945.130 Safari/537.36"
109.167.122.97 - - [05/Feb/2020:11:57:00 +0100] "GET /wp-content/themes/book-lite/style.css?ver=5.2.5 HTTP/1.1" 200 24251 "https://fincasandoval.com/" "Mozilla/5.0 (Windows NT 10.0; Win64; x64) AppleWebKit/537.36 (KHTML, like Gecko) Chrome/79.0.3945.130 Safari/537.36"
109.167.122.97 - - [05/Feb/2020:11:57:00 +0100] "GET /wp-content/uploads/2017/05/vs-2016.jpg HTTP/1.1" 200 25984 "https://fincasandoval.com/" "Mozilla/5.0 (Windows NT 10.0; Win64; x64) AppleWebKit/537.36 (KHTML, like Gecko) Chrome/79.0.3945.130 Safari/537.36"
109.167.122.97 - - [05/Feb/2020:11:57:00 +0100] "GET /wp-includes/js/jquery/jquery-migrate.min.js?ver=1.4.1 HTTP/1.1" 200 10560 "https://fincasandoval.com/" "Mozilla/5.0 (Windows NT 10.0; Win64; x64) AppleWebKit/537.36 (KHTML, like Gecko) Chrome/79.0.3945.130 Safari/537.36"
109.167.122.97 - - [05/Feb/2020:11:57:00 +0100] "GET /wp-content/themes/book-lite/js/small-menu.js?ver=20120206 HTTP/1.1" 200 1623 "https://fincasandoval.com/" "Mozilla/5.0 (Windows NT 10.0; Win64; x64) AppleWebKit/537.36 (KHTML, like Gecko) Chrome/79.0.3945.130 Safari/537.36"
109.167.122.97 - - [05/Feb/2020:11:57:00 +0100] "GET /wp-includes/js/jquery/jquery.js?ver=1.12.4-wp HTTP/1.1" 200 97523 "https://fincasandoval.com/" "Mozilla/5.0 (Windows NT 10.0; Win64; x64) AppleWebKit/537.36 (KHTML, like Gecko) Chrome/79.0.3945.130 Safari/537.36"
109.167.122.97 - - [05/Feb/2020:11:57:00 +0100] "GET /wp-includes/js/wp-embed.min.js?ver=5.2.5 HTTP/1.1" 200 1767 "https://fincasandoval.com/" "Mozilla/5.0 (Windows NT 10.0; Win64; x64) AppleWebKit/537.36 (KHTML, like Gecko) Chrome/79.0.3945.130 Safari/537.36"
109.167.122.97 - - [05/Feb/2020:11:57:00 +0100] "GET /wp-content/themes/book-lite/js/script.js?ver=1.0 HTTP/1.1" 200 624 "https://fincasandoval.com/" "Mozilla/5.0 (Windows NT 10.0; Win64; x64) AppleWebKit/537.36 (KHTML, like Gecko) Chrome/79.0.3945.130 Safari/537.36"
109.167.122.97 - - [05/Feb/2020:11:57:00 +0100] "GET /wp-content/uploads/2014/11/fs-1.jpg?w=625 HTTP/1.1" 200 639734 "https://fincasandoval.com/" "Mozilla/5.0 (Windows NT 10.0; Win64; x64) AppleWebKit/537.36 (KHTML, like Gecko) Chrome/79.0.3945.130 Safari/537.36"
109.167.122.97 - - [05/Feb/2020:11:57:17 +0100] "GET /wp-includes/js/wp-emoji-release.min.js?ver=5.2.5 HTTP/1.1" 200 14344 "https://fincasandoval.com/" "Mozilla/5.0 (Windows NT 10.0; Win64; x64) AppleWebKit/537.36 (KHTML, like Gecko) Chrome/79.0.3945.130 Safari/537.36"
109.167.122.97 - - [05/Feb/2020:11:57:17 +0100] "GET /wp-content/uploads/2019/09/cropped-header-1.jpg HTTP/1.1" 200 45945 "https://fincasandoval.com/" "Mozilla/5.0 (Windows NT 10.0; Win64; x64) AppleWebKit/537.36 (KHTML, like Gecko) Chrome/79.0.3945.130 Safari/537.36"
109.167.122.97 - - [05/Feb/2020:11:57:17 +0100] "GET /wp-content/themes/book-lite/images/nav-bg.png HTTP/1.1" 200 458 "https://fincasandoval.com/wp-content/themes/book-lite/style.css?ver=5.2.5" "Mozilla/5.0 (Windows NT 10.0; Win64; x64) AppleWebKit/537.36 (KHTML, like Gecko) Chrome/79.0.3945.130 Safari/537.36"
109.167.122.97 - - [05/Feb/2020:11:57:17 +0100] "GET /wp-content/themes/book-lite/images/diamond-white.png HTTP/1.1" 200 703 "https://fincasandoval.com/wp-content/themes/book-lite/style.css?ver=5.2.5" "Mozilla/5.0 (Windows NT 10.0; Win64; x64) AppleWebKit/537.36 (KHTML, like Gecko) Chrome/79.0.3945.130 Safari/537.36"
109.167.122.97 - - [05/Feb/2020:11:57:17 +0100] "GET /wp-content/themes/book-lite/images/break.png HTTP/1.1" 200 1089 "https://fincasandoval.com/wp-content/themes/book-lite/style.css?ver=5.2.5" "Mozilla/5.0 (Windows NT 10.0; Win64; x64) AppleWebKit/537.36 (KHTML, like Gecko) Chrome/79.0.3945.130 Safari/537.36"
109.167.122.97 - - [05/Feb/2020:11:57:17 +0100] "GET /favicon.ico HTTP/1.1" 200 5797 "https://fincasandoval.com/" "Mozilla/5.0 (Windows NT 10.0; Win64; x64) AppleWebKit/537.36 (KHTML, like Gecko) Chrome/79.0.3945.130 Safari/537.36"
109.167.122.97 - - [05/Feb/2020:11:57:52 +0100] "GET / HTTP/1.1" 200 14615 "https://fincasandoval.com/" "Mozilla/5.0 (Windows NT 10.0; Win64; x64) AppleWebKit/537.36 (KHTML, like Gecko) Chrome/79.0.3945.130 Safari/537.36"
40.90.190.194 - - [05/Feb/2020:12:05:57 +0100] "GET /wp-login.php HTTP/1.1" 200 6587 "-" "Mozilla/5.0 (X11; Ubuntu; Linux x86_64; rv:62.0) Gecko/20100101 Firefox/62.0"
40.90.190.194 - - [05/Feb/2020:12:05:59 +0100] "POST /wp-login.php HTTP/1.1" 200 7562 "-" "Mozilla/5.0 (X11; Ubuntu; Linux x86_64; rv:62.0) Gecko/20100101 Firefox/62.0"
40.90.190.194 - - [05/Feb/2020:12:05:59 +0100] "POST /xmlrpc.php HTTP/1.1" 200 3835 "-" "Mozilla/5.0 (X11; Ubuntu; Linux x86_64; rv:62.0) Gecko/20100101 Firefox/62.0"
91.214.87.235 - - [05/Feb/2020:12:13:01 +0100] "GET /wp-admin/admin-ajax.php?action=revslider_show_image&img=../wp-config.php HTTP/1.0" 400 3761 "-" "Mozilla/5.0 (Windows NT 6.3; Win64; x64) AppleWebKit/537.36 (KHTML, like Gecko) Chrome/75.0.3770.100 Safari/537.36"
104.155.212.17 - - [05/Feb/2020:12:17:30 +0100] "GET /wp-login.php HTTP/1.1" 200 6587 "-" "Mozilla/5.0 (X11; Ubuntu; Linux x86_64; rv:62.0) Gecko/20100101 Firefox/62.0"
104.155.212.17 - - [05/Feb/2020:12:17:31 +0100] "POST /wp-login.php HTTP/1.1" 200 7562 "-" "Mozilla/5.0 (X11; Ubuntu; Linux x86_64; rv:62.0) Gecko/20100101 Firefox/62.0"
104.155.212.17 - - [05/Feb/2020:12:17:32 +0100] "POST /xmlrpc.php HTTP/1.1" 200 3835 "-" "Mozilla/5.0 (X11; Ubuntu; Linux x86_64; rv:62.0) Gecko/20100101 Firefox/62.0"
109.167.122.97 - - [05/Feb/2020:12:26:06 +0100] "GET /?page_id=41 HTTP/1.1" 200 13236 "https://fincasandoval.com/" "Mozilla/5.0 (Windows NT 10.0; Win64; x64) AppleWebKit/537.36 (KHTML, like Gecko) Chrome/79.0.3945.130 Safari/537.36"
35.243.115.20 - - [05/Feb/2020:12:36:51 +0100] "GET /wp-login.php HTTP/1.1" 200 6587 "-" "Mozilla/5.0 (X11; Ubuntu; Linux x86_64; rv:62.0) Gecko/20100101 Firefox/62.0"
35.243.115.20 - - [05/Feb/2020:12:36:52 +0100] "POST /wp-login.php HTTP/1.1" 200 7562 "-" "Mozilla/5.0 (X11; Ubuntu; Linux x86_64; rv:62.0) Gecko/20100101 Firefox/62.0"
35.243.115.20 - - [05/Feb/2020:12:36:54 +0100] "POST /xmlrpc.php HTTP/1.1" 200 3835 "-" "Mozilla/5.0 (X11; Ubuntu; Linux x86_64; rv:62.0) Gecko/20100101 Firefox/62.0"
217.182.73.36 - - [05/Feb/2020:12:47:35 +0100] "GET /wp-login.php HTTP/1.1" 200 6587 "-" "Mozilla/5.0 (X11; Ubuntu; Linux x86_64; rv:62.0) Gecko/20100101 Firefox/62.0"
89.248.107.232 - - [05/Feb/2020:12:47:35 +0100] "POST /wp-cron.php?doing_wp_cron=1580903255.1724989414215087890625 HTTP/1.1" 200 1860 "-" "WordPress/5.2.5; https://fincasandoval.com"
217.182.73.36 - - [05/Feb/2020:12:47:35 +0100] "POST /wp-login.php HTTP/1.1" 200 7562 "-" "Mozilla/5.0 (X11; Ubuntu; Linux x86_64; rv:62.0) Gecko/20100101 Firefox/62.0"
217.182.73.36 - - [05/Feb/2020:12:47:35 +0100] "POST /xmlrpc.php HTTP/1.1" 200 3835 "-" "Mozilla/5.0 (X11; Ubuntu; Linux x86_64; rv:62.0) Gecko/20100101 Firefox/62.0"
89.248.107.232 - - [05/Feb/2020:12:58:09 +0100] "POST /wp-cron.php?doing_wp_cron=1580903889.0901548862457275390625 HTTP/1.1" 200 1860 "-" "WordPress/5.2.5; https://fincasandoval.com"
159.65.54.48 - - [05/Feb/2020:12:58:08 +0100] "GET /wp-login.php HTTP/1.1" 200 6587 "-" "Mozilla/5.0 (X11; Ubuntu; Linux x86_64; rv:62.0) Gecko/20100101 Firefox/62.0"
159.65.54.48 - - [05/Feb/2020:12:58:09 +0100] "POST /wp-login.php HTTP/1.1" 200 7562 "-" "Mozilla/5.0 (X11; Ubuntu; Linux x86_64; rv:62.0) Gecko/20100101 Firefox/62.0"
159.65.54.48 - - [05/Feb/2020:12:58:09 +0100] "POST /xmlrpc.php HTTP/1.1" 200 3835 "-" "Mozilla/5.0 (X11; Ubuntu; Linux x86_64; rv:62.0) Gecko/20100101 Firefox/62.0"
3.214.209.95 - - [05/Feb/2020:12:58:30 +0100] "GET /ads.txt HTTP/1.1" 404 4470 "-" "Mozilla/5.0 (Macintosh; Intel Mac OS X 10_12_6) AppleWebKit/537.36 (KHTML, like Gecko) Chrome/63.0.3239.84 Safari/537.36"
3.214.209.95 - - [05/Feb/2020:12:58:31 +0100] "GET /ads.txt HTTP/1.1" 404 4470 "-" "Mozilla/5.0 (Macintosh; Intel Mac OS X 10_12_6) AppleWebKit/537.36 (KHTML, like Gecko) Chrome/63.0.3239.84 Safari/537.36"
64.202.185.147 - - [05/Feb/2020:13:06:00 +0100] "GET /wp-login.php HTTP/1.1" 200 6587 "-" "Mozilla/5.0 (X11; Ubuntu; Linux x86_64; rv:62.0) Gecko/20100101 Firefox/62.0"
64.202.185.147 - - [05/Feb/2020:13:06:01 +0100] "POST /wp-login.php HTTP/1.1" 200 7562 "-" "Mozilla/5.0 (X11; Ubuntu; Linux x86_64; rv:62.0) Gecko/20100101 Firefox/62.0"
64.202.185.147 - - [05/Feb/2020:13:06:01 +0100] "POST /xmlrpc.php HTTP/1.1" 200 3835 "-" "Mozilla/5.0 (X11; Ubuntu; Linux x86_64; rv:62.0) Gecko/20100101 Firefox/62.0"
35.175.212.173 - - [05/Feb/2020:13:10:35 +0100] "GET /ads.txt HTTP/1.1" 404 4470 "-" "AdsTxtCrawler/1.0.2"
