193.58.97.117 - - [01/Feb/2020:00:06:01 +0100] "GET /wp-content/themes/book-lite/images/diamond-white.png HTTP/1.1" 200 565 "https://fincasandoval.com/wp-content/themes/book-lite/style.css?ver=5.2.5" "Mozilla/5.0 (X11; Ubuntu; Linux x86_64; rv:72.0) Gecko/20100101 Firefox/72.0"
193.58.97.117 - - [01/Feb/2020:00:06:01 +0100] "GET /wp-content/themes/book-lite/images/break.png HTTP/1.1" 200 4036 "https://fincasandoval.com/wp-content/themes/book-lite/style.css?ver=5.2.5" "Mozilla/5.0 (X11; Ubuntu; Linux x86_64; rv:72.0) Gecko/20100101 Firefox/72.0"
193.58.97.117 - - [01/Feb/2020:00:06:01 +0100] "GET /wp-content/themes/book-lite/images/nav-bg.png HTTP/1.1" 200 458 "https://fincasandoval.com/wp-content/themes/book-lite/style.css?ver=5.2.5" "Mozilla/5.0 (X11; Ubuntu; Linux x86_64; rv:72.0) Gecko/20100101 Firefox/72.0"
193.58.97.117 - - [01/Feb/2020:00:06:01 +0100] "GET /wp-content/uploads/2019/09/cropped-header-1.jpg HTTP/1.1" 200 45807 "https://fincasandoval.com/" "Mozilla/5.0 (X11; Ubuntu; Linux x86_64; rv:72.0) Gecko/20100101 Firefox/72.0"
193.58.97.117 - - [01/Feb/2020:00:06:08 +0100] "GET /?page_id=10 HTTP/1.1" 200 19513 "https://fincasandoval.com/" "Mozilla/5.0 (X11; Ubuntu; Linux x86_64; rv:72.0) Gecko/20100101 Firefox/72.0"
193.58.97.117 - - [01/Feb/2020:00:06:08 +0100] "GET /wp-content/uploads/2014/11/fs-4-300x169.jpg HTTP/1.1" 200 30676 "https://fincasandoval.com/?page_id=10" "Mozilla/5.0 (X11; Ubuntu; Linux x86_64; rv:72.0) Gecko/20100101 Firefox/72.0"
193.58.97.117 - - [01/Feb/2020:00:06:08 +0100] "GET /wp-content/uploads/2014/11/fs-3-300x169.jpg HTTP/1.1" 200 28227 "https://fincasandoval.com/?page_id=10" "Mozilla/5.0 (X11; Ubuntu; Linux x86_64; rv:72.0) Gecko/20100101 Firefox/72.0"
193.58.97.117 - - [01/Feb/2020:00:06:08 +0100] "GET /wp-content/uploads/2014/11/fs-2.jpg?w=625 HTTP/1.1" 200 5413372 "https://fincasandoval.com/?page_id=10" "Mozilla/5.0 (X11; Ubuntu; Linux x86_64; rv:72.0) Gecko/20100101 Firefox/72.0"
52.196.62.247 - - [01/Feb/2020:00:16:07 +0100] "GET /wp-login.php HTTP/1.1" 200 6587 "-" "Mozilla/5.0 (X11; Ubuntu; Linux x86_64; rv:62.0) Gecko/20100101 Firefox/62.0"
52.196.62.247 - - [01/Feb/2020:00:16:08 +0100] "POST /wp-login.php HTTP/1.1" 200 7562 "-" "Mozilla/5.0 (X11; Ubuntu; Linux x86_64; rv:62.0) Gecko/20100101 Firefox/62.0"
52.196.62.247 - - [01/Feb/2020:00:16:09 +0100] "POST /xmlrpc.php HTTP/1.1" 200 3835 "-" "Mozilla/5.0 (X11; Ubuntu; Linux x86_64; rv:62.0) Gecko/20100101 Firefox/62.0"
66.249.64.15 - - [01/Feb/2020:00:30:08 +0100] "GET / HTTP/1.1" 301 3667 "-" "Mozilla/5.0 (Linux; Android 6.0.1; Nexus 5X Build/MMB29P) AppleWebKit/537.36 (KHTML, like Gecko) Chrome/41.0.2272.96 Mobile Safari/537.36 (compatible; Googlebot/2.1; +http://www.google.com/bot.html)"
66.249.64.92 - - [01/Feb/2020:00:30:09 +0100] "GET / HTTP/1.1" 200 17757 "-" "Mozilla/5.0 (Linux; Android 6.0.1; Nexus 5X Build/MMB29P) AppleWebKit/537.36 (KHTML, like Gecko) Chrome/41.0.2272.96 Mobile Safari/537.36 (compatible; Googlebot/2.1; +http://www.google.com/bot.html)"
54.36.150.39 - - [01/Feb/2020:00:30:44 +0100] "GET / HTTP/1.1" 200 17506 "-" "Mozilla/5.0 (compatible; AhrefsBot/6.1; +http://ahrefs.com/robot/)"
94.102.75.131 - - [01/Feb/2020:00:31:13 +0100] "GET /wp-login.php HTTP/1.1" 200 6587 "-" "Mozilla/5.0 (X11; Ubuntu; Linux x86_64; rv:62.0) Gecko/20100101 Firefox/62.0"
94.102.75.131 - - [01/Feb/2020:00:31:13 +0100] "POST /wp-login.php HTTP/1.1" 200 7562 "-" "Mozilla/5.0 (X11; Ubuntu; Linux x86_64; rv:62.0) Gecko/20100101 Firefox/62.0"
94.102.75.131 - - [01/Feb/2020:00:31:14 +0100] "POST /xmlrpc.php HTTP/1.1" 200 3835 "-" "Mozilla/5.0 (X11; Ubuntu; Linux x86_64; rv:62.0) Gecko/20100101 Firefox/62.0"
151.80.39.60 - - [01/Feb/2020:00:36:50 +0100] "GET / HTTP/1.1" 200 17506 "-" "Mozilla/5.0 (compatible; AhrefsBot/6.1; +http://ahrefs.com/robot/)"
37.9.113.16 - - [01/Feb/2020:00:38:34 +0100] "GET /robots.txt HTTP/1.1" 404 4670 "-" "Mozilla/5.0 (compatible; YandexBot/3.0; +http://yandex.com/bots)"
37.9.113.162 - - [01/Feb/2020:00:38:40 +0100] "GET /robots.txt HTTP/1.1" 404 4670 "-" "Mozilla/5.0 (compatible; YandexBot/3.0; +http://yandex.com/bots)"
37.9.113.162 - - [01/Feb/2020:00:38:43 +0100] "GET / HTTP/1.1" 200 14477 "-" "Mozilla/5.0 (compatible; YandexBot/3.0; +http://yandex.com/bots)"
89.248.107.232 - - [01/Feb/2020:00:44:43 +0100] "POST /wp-cron.php?doing_wp_cron=1580514283.4991049766540527343750 HTTP/1.1" 200 1860 "-" "WordPress/5.2.5; https://fincasandoval.com"
159.65.234.23 - - [01/Feb/2020:00:44:43 +0100] "GET /wp-login.php HTTP/1.1" 200 6587 "-" "Mozilla/5.0 (X11; Ubuntu; Linux x86_64; rv:62.0) Gecko/20100101 Firefox/62.0"
159.65.234.23 - - [01/Feb/2020:00:44:44 +0100] "POST /wp-login.php HTTP/1.1" 200 7562 "-" "Mozilla/5.0 (X11; Ubuntu; Linux x86_64; rv:62.0) Gecko/20100101 Firefox/62.0"
159.65.234.23 - - [01/Feb/2020:00:44:44 +0100] "POST /xmlrpc.php HTTP/1.1" 200 3835 "-" "Mozilla/5.0 (X11; Ubuntu; Linux x86_64; rv:62.0) Gecko/20100101 Firefox/62.0"
52.44.119.95 - - [01/Feb/2020:00:56:45 +0100] "GET /ads.txt HTTP/1.1" 404 4470 "-" "Mozilla/5.0 (Macintosh; Intel Mac OS X 10_12_6) AppleWebKit/537.36 (KHTML, like Gecko) Chrome/63.0.3239.84 Safari/537.36"
52.44.119.95 - - [01/Feb/2020:00:56:46 +0100] "GET /ads.txt HTTP/1.1" 404 4470 "-" "Mozilla/5.0 (Macintosh; Intel Mac OS X 10_12_6) AppleWebKit/537.36 (KHTML, like Gecko) Chrome/63.0.3239.84 Safari/537.36"
213.32.20.107 - - [01/Feb/2020:00:59:30 +0100] "GET /wp-login.php HTTP/1.1" 200 6587 "-" "Mozilla/5.0 (X11; Ubuntu; Linux x86_64; rv:62.0) Gecko/20100101 Firefox/62.0"
89.248.107.232 - - [01/Feb/2020:00:59:31 +0100] "POST /wp-cron.php?doing_wp_cron=1580515171.0997419357299804687500 HTTP/1.1" 200 1860 "-" "WordPress/5.2.5; https://fincasandoval.com"
213.32.20.107 - - [01/Feb/2020:00:59:31 +0100] "POST /wp-login.php HTTP/1.1" 200 7562 "-" "Mozilla/5.0 (X11; Ubuntu; Linux x86_64; rv:62.0) Gecko/20100101 Firefox/62.0"
213.32.20.107 - - [01/Feb/2020:00:59:31 +0100] "POST /xmlrpc.php HTTP/1.1" 200 3835 "-" "Mozilla/5.0 (X11; Ubuntu; Linux x86_64; rv:62.0) Gecko/20100101 Firefox/62.0"
54.38.36.244 - - [01/Feb/2020:01:14:26 +0100] "GET /wp-login.php HTTP/1.1" 200 6587 "-" "Mozilla/5.0 (X11; Ubuntu; Linux x86_64; rv:62.0) Gecko/20100101 Firefox/62.0"
54.38.36.244 - - [01/Feb/2020:01:14:28 +0100] "POST /wp-login.php HTTP/1.1" 200 7562 "-" "Mozilla/5.0 (X11; Ubuntu; Linux x86_64; rv:62.0) Gecko/20100101 Firefox/62.0"
54.38.36.244 - - [01/Feb/2020:01:14:28 +0100] "POST /xmlrpc.php HTTP/1.1" 200 3835 "-" "Mozilla/5.0 (X11; Ubuntu; Linux x86_64; rv:62.0) Gecko/20100101 Firefox/62.0"
23.254.36.55 - - [01/Feb/2020:01:17:39 +0100] "GET / HTTP/1.1" 200 18036 "-" "Mozilla/5.0 (X11; Ubuntu; Linux x86_64; rv:15.0) Gecko/20100101 Firefox/15.0.1"
23.254.36.55 - - [01/Feb/2020:01:17:41 +0100] "GET /?page_id=41 HTTP/1.1" 200 13487 "-" "Mozilla/5.0 (X11; Ubuntu; Linux x86_64; rv:15.0) Gecko/20100101 Firefox/15.0.1"
93.124.39.2 - - [01/Feb/2020:01:24:47 +0100] "GET / HTTP/1.0" 200 17531 "https://fincasandoval.com/" "Mozilla/5.0 (Windows NT 10.0; Win64; x64) AppleWebKit/537.36 (KHTML, like Gecko) Chrome/68.0.3440.75 Safari/537.36"
104.248.195.110 - - [01/Feb/2020:01:28:29 +0100] "GET /wp-login.php HTTP/1.1" 200 6587 "-" "Mozilla/5.0 (X11; Ubuntu; Linux x86_64; rv:62.0) Gecko/20100101 Firefox/62.0"
104.248.195.110 - - [01/Feb/2020:01:28:29 +0100] "POST /wp-login.php HTTP/1.1" 200 7562 "-" "Mozilla/5.0 (X11; Ubuntu; Linux x86_64; rv:62.0) Gecko/20100101 Firefox/62.0"
104.248.195.110 - - [01/Feb/2020:01:28:30 +0100] "POST /xmlrpc.php HTTP/1.1" 200 3835 "-" "Mozilla/5.0 (X11; Ubuntu; Linux x86_64; rv:62.0) Gecko/20100101 Firefox/62.0"
185.86.164.100 - - [01/Feb/2020:01:30:29 +0100] "GET /wp-login.php HTTP/1.1" 200 7045 "-" "Mozilla/5.0 (Windows NT 10.0; WOW64) AppleWebKit/537.36 (KHTML, like Gecko) Chrome/51.0.2704.103 Safari/537.36"
185.86.164.100 - - [01/Feb/2020:01:30:30 +0100] "POST /wp-login.php HTTP/1.1" 200 4633 "https://fincasandoval.com/wp-login.php" "Mozilla/5.0 (Windows NT 10.0; WOW64) AppleWebKit/537.36 (KHTML, like Gecko) Chrome/51.0.2704.103 Safari/537.36"
178.128.236.202 - - [01/Feb/2020:01:43:38 +0100] "GET /wp-login.php HTTP/1.1" 200 6587 "-" "Mozilla/5.0 (X11; Ubuntu; Linux x86_64; rv:62.0) Gecko/20100101 Firefox/62.0"
89.248.107.232 - - [01/Feb/2020:01:43:38 +0100] "POST /wp-cron.php?doing_wp_cron=1580517818.3114860057830810546875 HTTP/1.1" 200 1860 "-" "WordPress/5.2.5; https://fincasandoval.com"
178.128.236.202 - - [01/Feb/2020:01:43:38 +0100] "POST /wp-login.php HTTP/1.1" 200 7562 "-" "Mozilla/5.0 (X11; Ubuntu; Linux x86_64; rv:62.0) Gecko/20100101 Firefox/62.0"
178.128.236.202 - - [01/Feb/2020:01:43:39 +0100] "POST /xmlrpc.php HTTP/1.1" 200 3835 "-" "Mozilla/5.0 (X11; Ubuntu; Linux x86_64; rv:62.0) Gecko/20100101 Firefox/62.0"
212.99.44.83 - - [01/Feb/2020:01:44:09 +0100] "GET /?feed=rss2 HTTP/1.1" 200 5417 "-" "UniversalFeedParser/5.1.3 +https://code.google.com/p/feedparser/"
89.248.107.232 - - [01/Feb/2020:02:01:08 +0100] "HEAD / HTTP/1.1" 200 1404 "-" "-"
89.248.107.232 - - [01/Feb/2020:02:01:11 +0100] "HEAD / HTTP/1.1" 200 1404 "-" "-"
89.248.107.232 - - [01/Feb/2020:02:08:59 +0100] "POST /wp-cron.php?doing_wp_cron=1580519339.2610039710998535156250 HTTP/1.1" 200 1860 "-" "WordPress/5.2.5; https://fincasandoval.com"
206.225.81.121 - - [01/Feb/2020:02:08:59 +0100] "GET / HTTP/1.1" 200 17506 "-" "-"
206.225.81.121 - - [01/Feb/2020:02:09:00 +0100] "GET /wp-json/wp/v2/users/ HTTP/1.1" 404 4414 "-" "-"
206.225.81.121 - - [01/Feb/2020:02:09:01 +0100] "GET ?author=1 HTTP/1.1" 301 3444 "-" "-"
206.225.81.121 - - [01/Feb/2020:02:09:02 +0100] "GET ?author=2 HTTP/1.1" 301 3537 "-" "-"
64.202.187.235 - - [01/Feb/2020:02:12:36 +0100] "GET /wp-login.php HTTP/1.1" 200 6587 "-" "Mozilla/5.0 (X11; Ubuntu; Linux x86_64; rv:62.0) Gecko/20100101 Firefox/62.0"
64.202.187.235 - - [01/Feb/2020:02:12:38 +0100] "POST /wp-login.php HTTP/1.1" 200 7562 "-" "Mozilla/5.0 (X11; Ubuntu; Linux x86_64; rv:62.0) Gecko/20100101 Firefox/62.0"
64.202.187.235 - - [01/Feb/2020:02:12:39 +0100] "POST /xmlrpc.php HTTP/1.1" 200 3835 "-" "Mozilla/5.0 (X11; Ubuntu; Linux x86_64; rv:62.0) Gecko/20100101 Firefox/62.0"
69.163.163.198 - - [01/Feb/2020:02:29:02 +0100] "GET /wp-login.php HTTP/1.1" 200 6587 "-" "Mozilla/5.0 (X11; Ubuntu; Linux x86_64; rv:62.0) Gecko/20100101 Firefox/62.0"
69.163.163.198 - - [01/Feb/2020:02:29:04 +0100] "POST /wp-login.php HTTP/1.1" 200 7562 "-" "Mozilla/5.0 (X11; Ubuntu; Linux x86_64; rv:62.0) Gecko/20100101 Firefox/62.0"
69.163.163.198 - - [01/Feb/2020:02:29:05 +0100] "POST /xmlrpc.php HTTP/1.1" 200 3835 "-" "Mozilla/5.0 (X11; Ubuntu; Linux x86_64; rv:62.0) Gecko/20100101 Firefox/62.0"
89.248.107.232 - - [01/Feb/2020:02:43:01 +0100] "POST /wp-cron.php?doing_wp_cron=1580521381.2568058967590332031250 HTTP/1.1" 200 1860 "-" "WordPress/5.2.5; https://fincasandoval.com"
162.144.141.141 - - [01/Feb/2020:02:43:00 +0100] "GET /wp-login.php HTTP/1.1" 200 6587 "-" "Mozilla/5.0 (X11; Ubuntu; Linux x86_64; rv:62.0) Gecko/20100101 Firefox/62.0"
162.144.141.141 - - [01/Feb/2020:02:43:02 +0100] "POST /wp-login.php HTTP/1.1" 200 7562 "-" "Mozilla/5.0 (X11; Ubuntu; Linux x86_64; rv:62.0) Gecko/20100101 Firefox/62.0"
162.144.141.141 - - [01/Feb/2020:02:43:03 +0100] "POST /xmlrpc.php HTTP/1.1" 200 3835 "-" "Mozilla/5.0 (X11; Ubuntu; Linux x86_64; rv:62.0) Gecko/20100101 Firefox/62.0"
89.248.107.232 - - [01/Feb/2020:02:58:19 +0100] "POST /wp-cron.php?doing_wp_cron=1580522299.5888578891754150390625 HTTP/1.1" 200 1860 "-" "WordPress/5.2.5; https://fincasandoval.com"
148.72.23.181 - - [01/Feb/2020:02:58:18 +0100] "GET /wp-login.php HTTP/1.1" 200 6587 "-" "Mozilla/5.0 (X11; Ubuntu; Linux x86_64; rv:62.0) Gecko/20100101 Firefox/62.0"
148.72.23.181 - - [01/Feb/2020:02:58:20 +0100] "POST /wp-login.php HTTP/1.1" 200 7562 "-" "Mozilla/5.0 (X11; Ubuntu; Linux x86_64; rv:62.0) Gecko/20100101 Firefox/62.0"
148.72.23.181 - - [01/Feb/2020:02:58:21 +0100] "POST /xmlrpc.php HTTP/1.1" 200 3835 "-" "Mozilla/5.0 (X11; Ubuntu; Linux x86_64; rv:62.0) Gecko/20100101 Firefox/62.0"
209.17.96.170 - - [01/Feb/2020:03:14:26 +0100] "GET / HTTP/1.1" 200 17511 "-" "Mozilla/5.0 (compatible; Nimbostratus-Bot/v1.3.2; http://cloudsystemnetworks.com)"
142.4.209.40 - - [01/Feb/2020:03:14:52 +0100] "GET /wp-login.php HTTP/1.1" 200 6587 "-" "Mozilla/5.0 (X11; Ubuntu; Linux x86_64; rv:62.0) Gecko/20100101 Firefox/62.0"
142.4.209.40 - - [01/Feb/2020:03:14:53 +0100] "POST /wp-login.php HTTP/1.1" 200 7562 "-" "Mozilla/5.0 (X11; Ubuntu; Linux x86_64; rv:62.0) Gecko/20100101 Firefox/62.0"
142.4.209.40 - - [01/Feb/2020:03:14:53 +0100] "POST /xmlrpc.php HTTP/1.1" 200 3835 "-" "Mozilla/5.0 (X11; Ubuntu; Linux x86_64; rv:62.0) Gecko/20100101 Firefox/62.0"
103.28.52.65 - - [01/Feb/2020:03:29:12 +0100] "GET /wp-login.php HTTP/1.1" 200 6587 "-" "Mozilla/5.0 (X11; Ubuntu; Linux x86_64; rv:62.0) Gecko/20100101 Firefox/62.0"
103.28.52.65 - - [01/Feb/2020:03:29:15 +0100] "POST /wp-login.php HTTP/1.1" 200 7562 "-" "Mozilla/5.0 (X11; Ubuntu; Linux x86_64; rv:62.0) Gecko/20100101 Firefox/62.0"
103.28.52.65 - - [01/Feb/2020:03:29:17 +0100] "POST /xmlrpc.php HTTP/1.1" 200 3835 "-" "Mozilla/5.0 (X11; Ubuntu; Linux x86_64; rv:62.0) Gecko/20100101 Firefox/62.0"
89.248.107.232 - - [01/Feb/2020:03:44:50 +0100] "POST /wp-cron.php?doing_wp_cron=1580525090.2704520225524902343750 HTTP/1.1" 200 1860 "-" "WordPress/5.2.5; https://fincasandoval.com"
132.148.240.164 - - [01/Feb/2020:03:44:48 +0100] "GET /wp-login.php HTTP/1.1" 200 6587 "-" "Mozilla/5.0 (X11; Ubuntu; Linux x86_64; rv:62.0) Gecko/20100101 Firefox/62.0"
132.148.240.164 - - [01/Feb/2020:03:44:51 +0100] "POST /wp-login.php HTTP/1.1" 200 7562 "-" "Mozilla/5.0 (X11; Ubuntu; Linux x86_64; rv:62.0) Gecko/20100101 Firefox/62.0"
132.148.240.164 - - [01/Feb/2020:03:44:52 +0100] "POST /xmlrpc.php HTTP/1.1" 200 3835 "-" "Mozilla/5.0 (X11; Ubuntu; Linux x86_64; rv:62.0) Gecko/20100101 Firefox/62.0"
89.248.107.232 - - [01/Feb/2020:04:05:08 +0100] "POST /wp-cron.php?doing_wp_cron=1580526308.7056279182434082031250 HTTP/1.1" 200 1860 "-" "WordPress/5.2.5; https://fincasandoval.com"
40.78.90.227 - - [01/Feb/2020:04:05:07 +0100] "GET /wp-login.php HTTP/1.1" 200 6587 "-" "Mozilla/5.0 (X11; Ubuntu; Linux x86_64; rv:62.0) Gecko/20100101 Firefox/62.0"
40.78.90.227 - - [01/Feb/2020:04:05:24 +0100] "POST /wp-login.php HTTP/1.1" 200 7562 "-" "Mozilla/5.0 (X11; Ubuntu; Linux x86_64; rv:62.0) Gecko/20100101 Firefox/62.0"
40.78.90.227 - - [01/Feb/2020:04:05:46 +0100] "POST /xmlrpc.php HTTP/1.1" 200 3835 "-" "Mozilla/5.0 (X11; Ubuntu; Linux x86_64; rv:62.0) Gecko/20100101 Firefox/62.0"
128.199.244.150 - - [01/Feb/2020:04:16:34 +0100] "GET /wp-login.php HTTP/1.1" 200 6587 "-" "Mozilla/5.0 (X11; Ubuntu; Linux x86_64; rv:62.0) Gecko/20100101 Firefox/62.0"
128.199.244.150 - - [01/Feb/2020:04:16:36 +0100] "POST /wp-login.php HTTP/1.1" 200 7562 "-" "Mozilla/5.0 (X11; Ubuntu; Linux x86_64; rv:62.0) Gecko/20100101 Firefox/62.0"
128.199.244.150 - - [01/Feb/2020:04:16:36 +0100] "POST /xmlrpc.php HTTP/1.1" 200 3835 "-" "Mozilla/5.0 (X11; Ubuntu; Linux x86_64; rv:62.0) Gecko/20100101 Firefox/62.0"
47.75.172.46 - - [01/Feb/2020:04:23:43 +0100] "GET /wp-login.php HTTP/1.1" 200 6587 "-" "Mozilla/5.0 (X11; Ubuntu; Linux x86_64; rv:62.0) Gecko/20100101 Firefox/62.0"
47.75.172.46 - - [01/Feb/2020:04:23:45 +0100] "POST /wp-login.php HTTP/1.1" 200 7562 "-" "Mozilla/5.0 (X11; Ubuntu; Linux x86_64; rv:62.0) Gecko/20100101 Firefox/62.0"
47.75.172.46 - - [01/Feb/2020:04:23:46 +0100] "POST /xmlrpc.php HTTP/1.1" 200 3835 "-" "Mozilla/5.0 (X11; Ubuntu; Linux x86_64; rv:62.0) Gecko/20100101 Firefox/62.0"
185.86.164.99 - - [01/Feb/2020:04:38:52 +0100] "GET /wp-login.php HTTP/1.1" 200 7045 "-" "Mozilla/5.0 (Windows NT 10.0; WOW64) AppleWebKit/537.36 (KHTML, like Gecko) Chrome/51.0.2704.103 Safari/537.36"
185.86.164.99 - - [01/Feb/2020:04:38:54 +0100] "POST /wp-login.php HTTP/1.1" 200 4633 "https://fincasandoval.com/wp-login.php" "Mozilla/5.0 (Windows NT 10.0; WOW64) AppleWebKit/537.36 (KHTML, like Gecko) Chrome/51.0.2704.103 Safari/537.36"
89.248.107.232 - - [01/Feb/2020:04:54:45 +0100] "POST /wp-cron.php?doing_wp_cron=1580529285.5928199291229248046875 HTTP/1.1" 200 1860 "-" "WordPress/5.2.5; https://fincasandoval.com"
93.113.111.193 - - [01/Feb/2020:04:54:44 +0100] "GET /wp-login.php HTTP/1.1" 200 6587 "-" "Mozilla/5.0 (X11; Ubuntu; Linux x86_64; rv:62.0) Gecko/20100101 Firefox/62.0"
93.113.111.193 - - [01/Feb/2020:04:54:45 +0100] "POST /wp-login.php HTTP/1.1" 200 7562 "-" "Mozilla/5.0 (X11; Ubuntu; Linux x86_64; rv:62.0) Gecko/20100101 Firefox/62.0"
93.113.111.193 - - [01/Feb/2020:04:54:46 +0100] "POST /xmlrpc.php HTTP/1.1" 200 3835 "-" "Mozilla/5.0 (X11; Ubuntu; Linux x86_64; rv:62.0) Gecko/20100101 Firefox/62.0"
3.214.209.95 - - [01/Feb/2020:04:56:48 +0100] "GET /ads.txt HTTP/1.1" 404 4470 "-" "Mozilla/5.0 (Macintosh; Intel Mac OS X 10_12_6) AppleWebKit/537.36 (KHTML, like Gecko) Chrome/63.0.3239.84 Safari/537.36"
3.214.209.95 - - [01/Feb/2020:04:56:49 +0100] "GET /ads.txt HTTP/1.1" 404 4470 "-" "Mozilla/5.0 (Macintosh; Intel Mac OS X 10_12_6) AppleWebKit/537.36 (KHTML, like Gecko) Chrome/63.0.3239.84 Safari/537.36"
89.248.107.232 - - [01/Feb/2020:05:09:29 +0100] "POST /wp-cron.php?doing_wp_cron=1580530169.3567430973052978515625 HTTP/1.1" 200 1860 "-" "WordPress/5.2.5; https://fincasandoval.com"
148.72.207.135 - - [01/Feb/2020:05:09:29 +0100] "GET /wp-login.php HTTP/1.1" 200 6587 "-" "Mozilla/5.0 (X11; Ubuntu; Linux x86_64; rv:62.0) Gecko/20100101 Firefox/62.0"
148.72.207.135 - - [01/Feb/2020:05:09:30 +0100] "POST /wp-login.php HTTP/1.1" 200 7562 "-" "Mozilla/5.0 (X11; Ubuntu; Linux x86_64; rv:62.0) Gecko/20100101 Firefox/62.0"
148.72.207.135 - - [01/Feb/2020:05:09:31 +0100] "POST /xmlrpc.php HTTP/1.1" 200 3835 "-" "Mozilla/5.0 (X11; Ubuntu; Linux x86_64; rv:62.0) Gecko/20100101 Firefox/62.0"
34.93.221.125 - - [01/Feb/2020:05:22:06 +0100] "GET /wp-login.php HTTP/1.1" 200 6587 "-" "Mozilla/5.0 (X11; Ubuntu; Linux x86_64; rv:62.0) Gecko/20100101 Firefox/62.0"
34.93.221.125 - - [01/Feb/2020:05:22:08 +0100] "POST /wp-login.php HTTP/1.1" 200 7562 "-" "Mozilla/5.0 (X11; Ubuntu; Linux x86_64; rv:62.0) Gecko/20100101 Firefox/62.0"
34.93.221.125 - - [01/Feb/2020:05:22:09 +0100] "POST /xmlrpc.php HTTP/1.1" 200 3835 "-" "Mozilla/5.0 (X11; Ubuntu; Linux x86_64; rv:62.0) Gecko/20100101 Firefox/62.0"
47.90.188.78 - - [01/Feb/2020:05:35:10 +0100] "GET /wp-login.php HTTP/1.1" 200 6587 "-" "Mozilla/5.0 (X11; Ubuntu; Linux x86_64; rv:62.0) Gecko/20100101 Firefox/62.0"
47.90.188.78 - - [01/Feb/2020:05:35:12 +0100] "POST /wp-login.php HTTP/1.1" 200 7562 "-" "Mozilla/5.0 (X11; Ubuntu; Linux x86_64; rv:62.0) Gecko/20100101 Firefox/62.0"
47.90.188.78 - - [01/Feb/2020:05:35:13 +0100] "POST /xmlrpc.php HTTP/1.1" 200 3835 "-" "Mozilla/5.0 (X11; Ubuntu; Linux x86_64; rv:62.0) Gecko/20100101 Firefox/62.0"
66.249.64.94 - - [01/Feb/2020:05:42:06 +0100] "GET /robots.txt HTTP/1.1" 404 4665 "-" "Mozilla/5.0 (compatible; Googlebot/2.1; +http://www.google.com/bot.html)"
66.249.64.94 - - [01/Feb/2020:05:42:06 +0100] "GET /distributors/ HTTP/1.1" 404 1385 "-" "Mozilla/5.0 (Linux; Android 6.0.1; Nexus 5X Build/MMB29P) AppleWebKit/537.36 (KHTML, like Gecko) Chrome/41.0.2272.96 Mobile Safari/537.36 (compatible; Googlebot/2.1; +http://www.google.com/bot.html)"
89.248.107.232 - - [01/Feb/2020:05:48:31 +0100] "POST /wp-cron.php?doing_wp_cron=1580532511.1834030151367187500000 HTTP/1.1" 200 1860 "-" "WordPress/5.2.5; https://fincasandoval.com"
208.109.54.127 - - [01/Feb/2020:05:48:30 +0100] "GET /wp-login.php HTTP/1.1" 200 6587 "-" "Mozilla/5.0 (X11; Ubuntu; Linux x86_64; rv:62.0) Gecko/20100101 Firefox/62.0"
208.109.54.127 - - [01/Feb/2020:05:48:32 +0100] "POST /wp-login.php HTTP/1.1" 200 7562 "-" "Mozilla/5.0 (X11; Ubuntu; Linux x86_64; rv:62.0) Gecko/20100101 Firefox/62.0"
208.109.54.127 - - [01/Feb/2020:05:48:33 +0100] "POST /xmlrpc.php HTTP/1.1" 200 3835 "-" "Mozilla/5.0 (X11; Ubuntu; Linux x86_64; rv:62.0) Gecko/20100101 Firefox/62.0"
17.58.97.104 - - [01/Feb/2020:05:56:22 +0100] "GET /robots.txt HTTP/1.1" 404 4414 "-" "Mozilla/5.0 (Macintosh; Intel Mac OS X 10_10_1) AppleWebKit/600.2.5 (KHTML, like Gecko) Version/8.0.2 Safari/600.2.5 (Applebot/0.1; +http://www.apple.com/go/applebot)"
89.248.107.232 - - [01/Feb/2020:05:56:23 +0100] "POST /wp-cron.php?doing_wp_cron=1580532983.5260620117187500000000 HTTP/1.1" 200 1860 "-" "WordPress/5.2.5; https://fincasandoval.com"
17.58.100.148 - - [01/Feb/2020:05:56:23 +0100] "GET / HTTP/1.1" 200 17506 "-" "Mozilla/5.0 (Macintosh; Intel Mac OS X 10_10_1) AppleWebKit/600.2.5 (KHTML, like Gecko) Version/8.0.2 Safari/600.2.5 (Applebot/0.1; +http://www.apple.com/go/applebot)"
185.119.81.50 - - [01/Feb/2020:05:56:26 +0100] "GET /wp-login.php HTTP/1.1" 200 7045 "-" "Mozilla/5.0 (Windows NT 10.0; WOW64) AppleWebKit/537.36 (KHTML, like Gecko) Chrome/51.0.2704.103 Safari/537.36"
185.119.81.50 - - [01/Feb/2020:05:56:27 +0100] "POST /wp-login.php HTTP/1.1" 200 4633 "https://fincasandoval.com/wp-login.php" "Mozilla/5.0 (Windows NT 10.0; WOW64) AppleWebKit/537.36 (KHTML, like Gecko) Chrome/51.0.2704.103 Safari/537.36"
180.167.155.211 - - [01/Feb/2020:05:59:50 +0100] "GET /wp-login.php HTTP/1.1" 200 6587 "-" "Mozilla/5.0 (X11; Ubuntu; Linux x86_64; rv:62.0) Gecko/20100101 Firefox/62.0"
180.167.155.211 - - [01/Feb/2020:05:59:51 +0100] "POST /wp-login.php HTTP/1.1" 200 7562 "-" "Mozilla/5.0 (X11; Ubuntu; Linux x86_64; rv:62.0) Gecko/20100101 Firefox/62.0"
180.167.155.211 - - [01/Feb/2020:05:59:52 +0100] "POST /xmlrpc.php HTTP/1.1" 200 3835 "-" "Mozilla/5.0 (X11; Ubuntu; Linux x86_64; rv:62.0) Gecko/20100101 Firefox/62.0"
54.194.8.58 - - [01/Feb/2020:06:03:06 +0100] "GET /.env HTTP/1.1" 404 4609 "-" "curl/7.47.0"
157.245.233.164 - - [01/Feb/2020:06:12:38 +0100] "GET /wp-login.php HTTP/1.1" 200 6587 "-" "Mozilla/5.0 (X11; Ubuntu; Linux x86_64; rv:62.0) Gecko/20100101 Firefox/62.0"
157.245.233.164 - - [01/Feb/2020:06:12:39 +0100] "POST /wp-login.php HTTP/1.1" 200 7562 "-" "Mozilla/5.0 (X11; Ubuntu; Linux x86_64; rv:62.0) Gecko/20100101 Firefox/62.0"
157.245.233.164 - - [01/Feb/2020:06:12:40 +0100] "POST /xmlrpc.php HTTP/1.1" 200 3835 "-" "Mozilla/5.0 (X11; Ubuntu; Linux x86_64; rv:62.0) Gecko/20100101 Firefox/62.0"
167.99.227.112 - - [01/Feb/2020:06:24:17 +0100] "GET /wp-login.php HTTP/1.1" 200 6587 "-" "Mozilla/5.0 (X11; Ubuntu; Linux x86_64; rv:62.0) Gecko/20100101 Firefox/62.0"
167.99.227.112 - - [01/Feb/2020:06:24:18 +0100] "POST /wp-login.php HTTP/1.1" 200 7562 "-" "Mozilla/5.0 (X11; Ubuntu; Linux x86_64; rv:62.0) Gecko/20100101 Firefox/62.0"
167.99.227.112 - - [01/Feb/2020:06:24:24 +0100] "POST /xmlrpc.php HTTP/1.1" 200 3835 "-" "Mozilla/5.0 (X11; Ubuntu; Linux x86_64; rv:62.0) Gecko/20100101 Firefox/62.0"
188.240.208.26 - - [01/Feb/2020:06:33:02 +0100] "GET /wp-login.php HTTP/1.1" 200 6819 "-" "Mozilla/5.0 (compatible; MSIE 9.0; Windows NT 6.1; Trident/5.0)"
188.240.208.26 - - [01/Feb/2020:06:33:22 +0100] "GET /?author=1 HTTP/1.1" 200 10072 "-" "Mozilla/5.0 (compatible; Googlebot/2.1; +http://www.google.com/bot.html)"
188.240.208.26 - - [01/Feb/2020:06:33:31 +0100] "GET /?author=2 HTTP/1.1" 404 10159 "-" "Mozilla/5.0 (compatible; Googlebot/2.1; +http://www.google.com/bot.html)"
188.240.208.26 - - [01/Feb/2020:06:33:34 +0100] "GET /?author=3 HTTP/1.1" 404 10054 "-" "Mozilla/5.0 (compatible; Googlebot/2.1; +http://www.google.com/bot.html)"
188.240.208.26 - - [01/Feb/2020:06:33:34 +0100] "GET /?author=4 HTTP/1.1" 404 10054 "-" "Mozilla/5.0 (compatible; Googlebot/2.1; +http://www.google.com/bot.html)"
188.240.208.26 - - [01/Feb/2020:06:33:47 +0100] "POST /wp-login.php HTTP/1.1" 200 4564 "-" "Mozilla/5.0 (Windows NT 6.1; WOW64) AppleWebKit/537.36 (KHTML, like Gecko) Chrome/56.0.2924.90 Safari/537.36 2345Explorer/9.3.2.17331"
188.240.208.26 - - [01/Feb/2020:06:33:51 +0100] "POST /wp-login.php HTTP/1.1" 200 4459 "-" "Mozilla/5.0 (Windows NT 6.1; WOW64) AppleWebKit/537.36 (KHTML, like Gecko) Chrome/56.0.2924.90 Safari/537.36 2345Explorer/9.3.2.17331"
89.248.107.232 - - [01/Feb/2020:06:57:40 +0100] "POST /wp-cron.php?doing_wp_cron=1580536660.2180190086364746093750 HTTP/1.1" 200 1860 "-" "WordPress/5.2.5; https://fincasandoval.com"
167.99.85.204 - - [01/Feb/2020:06:57:39 +0100] "GET /wp-login.php HTTP/1.1" 200 6587 "-" "Mozilla/5.0 (X11; Ubuntu; Linux x86_64; rv:62.0) Gecko/20100101 Firefox/62.0"
167.99.85.204 - - [01/Feb/2020:06:57:45 +0100] "POST /wp-login.php HTTP/1.1" 200 7562 "-" "Mozilla/5.0 (X11; Ubuntu; Linux x86_64; rv:62.0) Gecko/20100101 Firefox/62.0"
167.99.85.204 - - [01/Feb/2020:06:57:45 +0100] "POST /xmlrpc.php HTTP/1.1" 200 3835 "-" "Mozilla/5.0 (X11; Ubuntu; Linux x86_64; rv:62.0) Gecko/20100101 Firefox/62.0"
51.15.20.57 - - [01/Feb/2020:07:20:39 +0100] "GET /wp-login.php HTTP/1.1" 200 6587 "-" "Mozilla/5.0 (X11; Ubuntu; Linux x86_64; rv:62.0) Gecko/20100101 Firefox/62.0"
51.15.20.57 - - [01/Feb/2020:07:20:39 +0100] "POST /wp-login.php HTTP/1.1" 200 7562 "-" "Mozilla/5.0 (X11; Ubuntu; Linux x86_64; rv:62.0) Gecko/20100101 Firefox/62.0"
51.15.20.57 - - [01/Feb/2020:07:20:39 +0100] "POST /xmlrpc.php HTTP/1.1" 200 3835 "-" "Mozilla/5.0 (X11; Ubuntu; Linux x86_64; rv:62.0) Gecko/20100101 Firefox/62.0"
103.6.198.35 - - [01/Feb/2020:07:30:19 +0100] "GET /wp-login.php HTTP/1.1" 200 6587 "-" "Mozilla/5.0 (X11; Ubuntu; Linux x86_64; rv:62.0) Gecko/20100101 Firefox/62.0"
103.6.198.35 - - [01/Feb/2020:07:30:20 +0100] "POST /wp-login.php HTTP/1.1" 200 7562 "-" "Mozilla/5.0 (X11; Ubuntu; Linux x86_64; rv:62.0) Gecko/20100101 Firefox/62.0"
103.6.198.35 - - [01/Feb/2020:07:30:20 +0100] "POST /xmlrpc.php HTTP/1.1" 200 3835 "-" "Mozilla/5.0 (X11; Ubuntu; Linux x86_64; rv:62.0) Gecko/20100101 Firefox/62.0"
89.35.39.180 - - [01/Feb/2020:07:36:38 +0100] "GET /wp-login.php HTTP/1.1" 200 6819 "-" "Mozilla/5.0 (compatible; MSIE 9.0; Windows NT 6.1; Trident/5.0)"
89.35.39.180 - - [01/Feb/2020:07:38:49 +0100] "GET /?author=1 HTTP/1.1" 200 13302 "-" "Mozilla/5.0 (compatible; Googlebot/2.1; +http://www.google.com/bot.html)"
89.35.39.180 - - [01/Feb/2020:07:38:50 +0100] "GET /?author=2 HTTP/1.1" 404 10054 "-" "Mozilla/5.0 (compatible; Googlebot/2.1; +http://www.google.com/bot.html)"
89.35.39.180 - - [01/Feb/2020:07:38:50 +0100] "GET /?author=3 HTTP/1.1" 404 10054 "-" "Mozilla/5.0 (compatible; Googlebot/2.1; +http://www.google.com/bot.html)"
89.35.39.180 - - [01/Feb/2020:07:38:50 +0100] "GET /?author=4 HTTP/1.1" 404 10054 "-" "Mozilla/5.0 (compatible; Googlebot/2.1; +http://www.google.com/bot.html)"
89.35.39.180 - - [01/Feb/2020:07:38:50 +0100] "GET /?author=5 HTTP/1.1" 404 10054 "-" "Mozilla/5.0 (compatible; Googlebot/2.1; +http://www.google.com/bot.html)"
89.35.39.180 - - [01/Feb/2020:07:38:50 +0100] "GET /?author=6 HTTP/1.1" 404 10054 "-" "Mozilla/5.0 (compatible; Googlebot/2.1; +http://www.google.com/bot.html)"
89.35.39.180 - - [01/Feb/2020:07:38:51 +0100] "GET /?author=1 HTTP/1.1" 200 9967 "-" "Mozilla/5.0 (compatible; Googlebot/2.1; +http://www.google.com/bot.html)"
89.35.39.180 - - [01/Feb/2020:07:38:51 +0100] "GET /?author=2 HTTP/1.1" 404 10054 "-" "Mozilla/5.0 (compatible; Googlebot/2.1; +http://www.google.com/bot.html)"
89.35.39.180 - - [01/Feb/2020:07:38:51 +0100] "GET /?author=3 HTTP/1.1" 404 10054 "-" "Mozilla/5.0 (compatible; Googlebot/2.1; +http://www.google.com/bot.html)"
89.35.39.180 - - [01/Feb/2020:07:38:51 +0100] "GET /?author=4 HTTP/1.1" 404 10054 "-" "Mozilla/5.0 (compatible; Googlebot/2.1; +http://www.google.com/bot.html)"
89.35.39.180 - - [01/Feb/2020:07:38:51 +0100] "GET /?author=5 HTTP/1.1" 404 10054 "-" "Mozilla/5.0 (compatible; Googlebot/2.1; +http://www.google.com/bot.html)"
89.35.39.180 - - [01/Feb/2020:07:41:02 +0100] "POST /wp-login.php HTTP/1.1" 200 4620 "-" "Mozilla/5.0 (Windows NT 6.1; WOW64) AppleWebKit/537.36 (KHTML, like Gecko) Chrome/56.0.2924.90 Safari/537.36 2345Explorer/9.3.2.17331"
89.35.39.180 - - [01/Feb/2020:07:41:02 +0100] "POST /wp-login.php HTTP/1.1" 200 4459 "-" "Mozilla/5.0 (Windows NT 6.1; WOW64) AppleWebKit/537.36 (KHTML, like Gecko) Chrome/56.0.2924.90 Safari/537.36 2345Explorer/9.3.2.17331"
89.35.39.180 - - [01/Feb/2020:07:41:02 +0100] "POST /wp-login.php HTTP/1.1" 200 4497 "-" "Mozilla/5.0 (Windows NT 6.1; WOW64) AppleWebKit/537.36 (KHTML, like Gecko) Chrome/56.0.2924.90 Safari/537.36 2345Explorer/9.3.2.17331"
89.35.39.180 - - [01/Feb/2020:07:41:03 +0100] "POST /wp-login.php HTTP/1.1" 408 449 "-" "Mozilla/5.0 (Windows NT 6.1; WOW64) AppleWebKit/537.36 (KHTML, like Gecko) Chrome/56.0.2924.90 Safari/537.36 2345Explorer/9.3.2.17331"
52.196.62.247 - - [01/Feb/2020:07:41:44 +0100] "GET /wp-login.php HTTP/1.1" 200 6587 "-" "Mozilla/5.0 (X11; Ubuntu; Linux x86_64; rv:62.0) Gecko/20100101 Firefox/62.0"
52.196.62.247 - - [01/Feb/2020:07:41:45 +0100] "POST /wp-login.php HTTP/1.1" 200 7562 "-" "Mozilla/5.0 (X11; Ubuntu; Linux x86_64; rv:62.0) Gecko/20100101 Firefox/62.0"
52.196.62.247 - - [01/Feb/2020:07:41:46 +0100] "POST /xmlrpc.php HTTP/1.1" 200 3835 "-" "Mozilla/5.0 (X11; Ubuntu; Linux x86_64; rv:62.0) Gecko/20100101 Firefox/62.0"
83.33.157.175 - - [01/Feb/2020:07:44:39 +0100] "GET /wp-content/uploads/2014/11/fs-1.jpg?w=625 HTTP/1.1" 200 642876 "https://myactivity.google.com/" "Mozilla/5.0 (Linux; Android 9; SM-A105FN) AppleWebKit/537.36 (KHTML, like Gecko) Chrome/79.0.3945.136 Mobile Safari/537.36"
166.62.36.222 - - [01/Feb/2020:07:52:29 +0100] "GET /wp-login.php HTTP/1.1" 200 6587 "-" "Mozilla/5.0 (X11; Ubuntu; Linux x86_64; rv:62.0) Gecko/20100101 Firefox/62.0"
89.248.107.232 - - [01/Feb/2020:07:52:29 +0100] "POST /wp-cron.php?doing_wp_cron=1580539949.6218509674072265625000 HTTP/1.1" 200 1860 "-" "WordPress/5.2.5; https://fincasandoval.com"
166.62.36.222 - - [01/Feb/2020:07:52:30 +0100] "POST /wp-login.php HTTP/1.1" 200 7562 "-" "Mozilla/5.0 (X11; Ubuntu; Linux x86_64; rv:62.0) Gecko/20100101 Firefox/62.0"
166.62.36.222 - - [01/Feb/2020:07:52:31 +0100] "POST /xmlrpc.php HTTP/1.1" 200 3835 "-" "Mozilla/5.0 (X11; Ubuntu; Linux x86_64; rv:62.0) Gecko/20100101 Firefox/62.0"
13.58.56.77 - - [01/Feb/2020:07:57:41 +0100] "GET /wp-login.php HTTP/1.1" 200 6568 "-" "Mozilla/5.0 (Windows NT 10.0; WOW64; rv:51.0) Gecko/20100101 Firefox/51.0"
89.248.107.232 - - [01/Feb/2020:07:57:41 +0100] "POST /wp-cron.php?doing_wp_cron=1580540261.8738780021667480468750 HTTP/1.1" 200 1860 "-" "WordPress/5.2.5; https://fincasandoval.com"
13.58.56.77 - - [01/Feb/2020:07:57:41 +0100] "GET /blog/wp-login.php HTTP/1.1" 404 4414 "-" "Mozilla/5.0 (Windows NT 10.0; WOW64; rv:51.0) Gecko/20100101 Firefox/51.0"
13.58.56.77 - - [01/Feb/2020:07:57:42 +0100] "GET /wordpress/wp-login.php HTTP/1.1" 404 4414 "-" "Mozilla/5.0 (Windows NT 10.0; WOW64; rv:51.0) Gecko/20100101 Firefox/51.0"
13.58.56.77 - - [01/Feb/2020:07:57:42 +0100] "GET /?author=1 HTTP/1.1" 200 9967 "-" "Mozilla/5.0 (Windows NT 10.0; WOW64; rv:51.0) Gecko/20100101 Firefox/51.0"
51.254.196.14 - - [01/Feb/2020:08:04:07 +0100] "GET /wp-login.php HTTP/1.1" 200 6587 "-" "Mozilla/5.0 (X11; Ubuntu; Linux x86_64; rv:62.0) Gecko/20100101 Firefox/62.0"
51.254.196.14 - - [01/Feb/2020:08:04:07 +0100] "POST /wp-login.php HTTP/1.1" 200 7562 "-" "Mozilla/5.0 (X11; Ubuntu; Linux x86_64; rv:62.0) Gecko/20100101 Firefox/62.0"
51.254.196.14 - - [01/Feb/2020:08:04:07 +0100] "POST /xmlrpc.php HTTP/1.1" 200 3835 "-" "Mozilla/5.0 (X11; Ubuntu; Linux x86_64; rv:62.0) Gecko/20100101 Firefox/62.0"
95.216.96.245 - - [01/Feb/2020:08:09:34 +0100] "GET /robots.txt HTTP/1.1" 404 4433 "http://www.fincasandoval.com/robots.txt" "Mozilla/5.0 (compatible; SEOkicks; +https://www.seokicks.de/robot.html)"
95.216.96.245 - - [01/Feb/2020:08:09:34 +0100] "GET /robots.txt HTTP/1.1" 404 4433 "http://fincasandoval.com/robots.txt" "Mozilla/5.0 (compatible; SEOkicks; +https://www.seokicks.de/robot.html)"
95.216.96.245 - - [01/Feb/2020:08:09:36 +0100] "GET / HTTP/1.1" 301 3435 "http://www.fincasandoval.com/" "Mozilla/5.0 (compatible; SEOkicks; +https://www.seokicks.de/robot.html)"
95.216.96.245 - - [01/Feb/2020:08:09:39 +0100] "GET / HTTP/1.1" 200 17525 "http://fincasandoval.com/" "Mozilla/5.0 (compatible; SEOkicks; +https://www.seokicks.de/robot.html)"
95.216.96.245 - - [01/Feb/2020:08:09:41 +0100] "GET /?feed=rss2 HTTP/1.1" 200 5217 "https://fincasandoval.com/" "Mozilla/5.0 (compatible; SEOkicks; +https://www.seokicks.de/robot.html)"
95.216.96.245 - - [01/Feb/2020:08:09:42 +0100] "GET /?feed=comments-rss2 HTTP/1.1" 200 5244 "https://fincasandoval.com/" "Mozilla/5.0 (compatible; SEOkicks; +https://www.seokicks.de/robot.html)"
95.216.96.245 - - [01/Feb/2020:08:09:44 +0100] "GET /index.php?rest_route=/ HTTP/1.1" 200 113132 "https://fincasandoval.com/" "Mozilla/5.0 (compatible; SEOkicks; +https://www.seokicks.de/robot.html)"
95.216.96.245 - - [01/Feb/2020:08:09:47 +0100] "GET /index.php?rest_route=%2Foembed%2F1.0%2Fembed&url=https%3A%2F%2Ffincasandoval.com%2F HTTP/1.1" 200 5994 "https://fincasandoval.com/" "Mozilla/5.0 (compatible; SEOkicks; +https://www.seokicks.de/robot.html)"
95.216.96.245 - - [01/Feb/2020:08:09:48 +0100] "GET /index.php?rest_route=%2Foembed%2F1.0%2Fembed&url=https%3A%2F%2Ffincasandoval.com%2F&format=xml HTTP/1.1" 200 6083 "https://fincasandoval.com/" "Mozilla/5.0 (compatible; SEOkicks; +https://www.seokicks.de/robot.html)"
95.216.96.245 - - [01/Feb/2020:08:09:50 +0100] "GET /?page_id=10 HTTP/1.1" 200 19476 "https://fincasandoval.com/" "Mozilla/5.0 (compatible; SEOkicks; +https://www.seokicks.de/robot.html)"
95.216.96.245 - - [01/Feb/2020:08:09:52 +0100] "GET /?p=10 HTTP/1.1" 301 3539 "https://fincasandoval.com/?page_id=10" "Mozilla/5.0 (compatible; SEOkicks; +https://www.seokicks.de/robot.html)"
95.216.96.245 - - [01/Feb/2020:08:09:54 +0100] "GET /index.php?rest_route=%2Foembed%2F1.0%2Fembed&url=https%3A%2F%2Ffincasandoval.com%2F%3Fpage_id%3D10 HTTP/1.1" 200 6021 "https://fincasandoval.com/?page_id=10" "Mozilla/5.0 (compatible; SEOkicks; +https://www.seokicks.de/robot.html)"
121.98.113.22 - - [01/Feb/2020:08:14:04 +0100] "GET / HTTP/1.1" 200 18199 "-" "Mozilla/5.0 (Windows NT 6.1; WOW64; rv:40.0) Gecko/20100101 Firefox/40.0"
68.183.60.156 - - [01/Feb/2020:08:16:21 +0100] "GET /wp-login.php HTTP/1.1" 200 6587 "-" "Mozilla/5.0 (X11; Ubuntu; Linux x86_64; rv:62.0) Gecko/20100101 Firefox/62.0"
68.183.60.156 - - [01/Feb/2020:08:16:21 +0100] "POST /wp-login.php HTTP/1.1" 200 7562 "-" "Mozilla/5.0 (X11; Ubuntu; Linux x86_64; rv:62.0) Gecko/20100101 Firefox/62.0"
68.183.60.156 - - [01/Feb/2020:08:16:22 +0100] "POST /xmlrpc.php HTTP/1.1" 200 3835 "-" "Mozilla/5.0 (X11; Ubuntu; Linux x86_64; rv:62.0) Gecko/20100101 Firefox/62.0"
192.99.31.122 - - [01/Feb/2020:08:27:04 +0100] "GET /wp-login.php HTTP/1.1" 200 6587 "-" "Mozilla/5.0 (X11; Ubuntu; Linux x86_64; rv:62.0) Gecko/20100101 Firefox/62.0"
192.99.31.122 - - [01/Feb/2020:08:27:04 +0100] "POST /wp-login.php HTTP/1.1" 200 7562 "-" "Mozilla/5.0 (X11; Ubuntu; Linux x86_64; rv:62.0) Gecko/20100101 Firefox/62.0"
192.99.31.122 - - [01/Feb/2020:08:27:05 +0100] "POST /xmlrpc.php HTTP/1.1" 200 3835 "-" "Mozilla/5.0 (X11; Ubuntu; Linux x86_64; rv:62.0) Gecko/20100101 Firefox/62.0"
35.183.245.222 - - [01/Feb/2020:08:35:51 +0100] "GET /.env HTTP/1.1" 404 4609 "-" "curl/7.47.0"
149.56.253.71 - - [01/Feb/2020:08:39:19 +0100] "GET /wp-login.php HTTP/1.1" 200 6587 "-" "Mozilla/5.0 (X11; Ubuntu; Linux x86_64; rv:62.0) Gecko/20100101 Firefox/62.0"
149.56.253.71 - - [01/Feb/2020:08:39:19 +0100] "POST /wp-login.php HTTP/1.1" 200 7562 "-" "Mozilla/5.0 (X11; Ubuntu; Linux x86_64; rv:62.0) Gecko/20100101 Firefox/62.0"
149.56.253.71 - - [01/Feb/2020:08:39:20 +0100] "POST /xmlrpc.php HTTP/1.1" 200 3835 "-" "Mozilla/5.0 (X11; Ubuntu; Linux x86_64; rv:62.0) Gecko/20100101 Firefox/62.0"
171.244.129.66 - - [01/Feb/2020:08:52:29 +0100] "GET /wp-login.php HTTP/1.1" 200 6587 "-" "Mozilla/5.0 (X11; Ubuntu; Linux x86_64; rv:62.0) Gecko/20100101 Firefox/62.0"
89.248.107.232 - - [01/Feb/2020:08:52:29 +0100] "POST /wp-cron.php?doing_wp_cron=1580543549.0964789390563964843750 HTTP/1.1" 200 1860 "-" "WordPress/5.2.5; https://fincasandoval.com"
171.244.129.66 - - [01/Feb/2020:08:52:30 +0100] "POST /wp-login.php HTTP/1.1" 200 7562 "-" "Mozilla/5.0 (X11; Ubuntu; Linux x86_64; rv:62.0) Gecko/20100101 Firefox/62.0"
171.244.129.66 - - [01/Feb/2020:08:52:31 +0100] "POST /xmlrpc.php HTTP/1.1" 200 3835 "-" "Mozilla/5.0 (X11; Ubuntu; Linux x86_64; rv:62.0) Gecko/20100101 Firefox/62.0"
17.58.101.32 - - [01/Feb/2020:08:55:29 +0100] "GET /robots.txt HTTP/1.1" 404 4414 "-" "Mozilla/5.0 (Macintosh; Intel Mac OS X 10_10_1) AppleWebKit/600.2.5 (KHTML, like Gecko) Version/8.0.2 Safari/600.2.5 (Applebot/0.1; +http://www.apple.com/go/applebot)"
17.58.100.148 - - [01/Feb/2020:08:55:31 +0100] "GET / HTTP/1.1" 301 3416 "-" "Mozilla/5.0 (Macintosh; Intel Mac OS X 10_10_1) AppleWebKit/600.2.5 (KHTML, like Gecko) Version/8.0.2 Safari/600.2.5 (Applebot/0.1; +http://www.apple.com/go/applebot)"
17.58.100.148 - - [01/Feb/2020:08:55:31 +0100] "GET / HTTP/1.1" 200 17506 "-" "Mozilla/5.0 (Macintosh; Intel Mac OS X 10_10_1) AppleWebKit/600.2.5 (KHTML, like Gecko) Version/8.0.2 Safari/600.2.5 (Applebot/0.1; +http://www.apple.com/go/applebot)"
3.214.209.95 - - [01/Feb/2020:08:56:50 +0100] "GET /ads.txt HTTP/1.1" 404 4470 "-" "Mozilla/5.0 (Macintosh; Intel Mac OS X 10_12_6) AppleWebKit/537.36 (KHTML, like Gecko) Chrome/63.0.3239.84 Safari/537.36"
3.214.209.95 - - [01/Feb/2020:08:56:51 +0100] "GET /ads.txt HTTP/1.1" 404 4470 "-" "Mozilla/5.0 (Macintosh; Intel Mac OS X 10_12_6) AppleWebKit/537.36 (KHTML, like Gecko) Chrome/63.0.3239.84 Safari/537.36"
185.79.115.147 - - [01/Feb/2020:09:02:57 +0100] "GET /wp-login.php HTTP/1.1" 200 6587 "-" "Mozilla/5.0 (X11; Ubuntu; Linux x86_64; rv:62.0) Gecko/20100101 Firefox/62.0"
89.248.107.232 - - [01/Feb/2020:09:02:57 +0100] "POST /wp-cron.php?doing_wp_cron=1580544177.7962439060211181640625 HTTP/1.1" 200 1860 "-" "WordPress/5.2.5; https://fincasandoval.com"
185.79.115.147 - - [01/Feb/2020:09:02:58 +0100] "POST /wp-login.php HTTP/1.1" 200 7562 "-" "Mozilla/5.0 (X11; Ubuntu; Linux x86_64; rv:62.0) Gecko/20100101 Firefox/62.0"
185.79.115.147 - - [01/Feb/2020:09:02:58 +0100] "POST /xmlrpc.php HTTP/1.1" 200 3835 "-" "Mozilla/5.0 (X11; Ubuntu; Linux x86_64; rv:62.0) Gecko/20100101 Firefox/62.0"
3.123.26.132 - - [01/Feb/2020:09:09:15 +0100] "GET /.env HTTP/1.1" 404 4609 "-" "curl/7.47.0"
142.93.59.35 - - [01/Feb/2020:09:15:27 +0100] "GET /wp-login.php HTTP/1.1" 200 6587 "-" "Mozilla/5.0 (X11; Ubuntu; Linux x86_64; rv:62.0) Gecko/20100101 Firefox/62.0"
142.93.59.35 - - [01/Feb/2020:09:15:28 +0100] "POST /wp-login.php HTTP/1.1" 200 7562 "-" "Mozilla/5.0 (X11; Ubuntu; Linux x86_64; rv:62.0) Gecko/20100101 Firefox/62.0"
142.93.59.35 - - [01/Feb/2020:09:15:28 +0100] "POST /xmlrpc.php HTTP/1.1" 200 3835 "-" "Mozilla/5.0 (X11; Ubuntu; Linux x86_64; rv:62.0) Gecko/20100101 Firefox/62.0"
185.119.81.11 - - [01/Feb/2020:09:29:00 +0100] "GET /wp-login.php HTTP/1.1" 200 7045 "-" "Mozilla/5.0 (Windows NT 10.0; WOW64) AppleWebKit/537.36 (KHTML, like Gecko) Chrome/51.0.2704.103 Safari/537.36"
185.119.81.11 - - [01/Feb/2020:09:29:00 +0100] "POST /wp-login.php HTTP/1.1" 200 4633 "https://fincasandoval.com/wp-login.php" "Mozilla/5.0 (Windows NT 10.0; WOW64) AppleWebKit/537.36 (KHTML, like Gecko) Chrome/51.0.2704.103 Safari/537.36"
78.190.123.2 - - [01/Feb/2020:09:47:33 +0100] "GET /wp-login.php HTTP/1.1" 200 6587 "-" "Mozilla/5.0 (X11; Ubuntu; Linux x86_64; rv:62.0) Gecko/20100101 Firefox/62.0"
89.248.107.232 - - [01/Feb/2020:09:47:33 +0100] "POST /wp-cron.php?doing_wp_cron=1580546853.7416610717773437500000 HTTP/1.1" 200 1860 "-" "WordPress/5.2.5; https://fincasandoval.com"
78.190.123.2 - - [01/Feb/2020:09:47:34 +0100] "POST /wp-login.php HTTP/1.1" 200 7562 "-" "Mozilla/5.0 (X11; Ubuntu; Linux x86_64; rv:62.0) Gecko/20100101 Firefox/62.0"
78.190.123.2 - - [01/Feb/2020:09:47:34 +0100] "POST /xmlrpc.php HTTP/1.1" 200 3835 "-" "Mozilla/5.0 (X11; Ubuntu; Linux x86_64; rv:62.0) Gecko/20100101 Firefox/62.0"
207.46.13.189 - - [01/Feb/2020:09:52:46 +0100] "GET /?page_id=41 HTTP/1.1" 200 13236 "-" "Mozilla/5.0 (compatible; bingbot/2.0; +http://www.bing.com/bingbot.htm)"
89.248.107.232 - - [01/Feb/2020:09:58:09 +0100] "POST /wp-cron.php?doing_wp_cron=1580547489.6874558925628662109375 HTTP/1.1" 200 1860 "-" "WordPress/5.2.5; https://fincasandoval.com"
2.47.39.208 - - [01/Feb/2020:09:58:09 +0100] "GET / HTTP/1.1" 200 17720 "-" "-"
162.210.196.98 - - [01/Feb/2020:10:23:28 +0100] "GET /robots.txt HTTP/1.1" 404 4665 "-" "Mozilla/5.0 (compatible; MJ12bot/v1.4.8; http://mj12bot.com/)"
162.210.196.98 - - [01/Feb/2020:10:23:30 +0100] "GET / HTTP/1.1" 200 14422 "-" "Mozilla/5.0 (compatible; MJ12bot/v1.4.8; http://mj12bot.com/)"
15.188.118.195 - - [01/Feb/2020:10:31:13 +0100] "GET /.env HTTP/1.1" 404 4609 "-" "curl/7.47.0"
45.137.22.45 - - [01/Feb/2020:11:16:45 +0100] "GET /axis2/services/Version?xsd=../conf/axis2.xml HTTP/1.1" 404 5107 "-" "Mozilla/5.0 (Windows NT 10.0; Win64; x64) AppleWebKit/537.36 (KHTML, like Gecko) Chrome/70.0.3538.77 Safari/537.36"
166.62.80.109 - - [01/Feb/2020:11:51:08 +0100] "GET /test/wp-login.php HTTP/1.1" 404 3443 "http://fincasandoval.com//test/wp-login.php" "Mozilla/5.0 (X11; Ubuntu; Linux x86_64; rv:62.0) Gecko/20100101 Firefox/62.0"
89.248.107.232 - - [01/Feb/2020:12:21:59 +0100] "POST /wp-cron.php?doing_wp_cron=1580556119.5116360187530517578125 HTTP/1.1" 200 1860 "-" "WordPress/5.2.5; https://fincasandoval.com"
88.229.26.152 - - [01/Feb/2020:12:21:58 +0100] "POST /wp-login.php HTTP/1.1" 200 6909 "-" "Mozilla/5.0 (X11; Ubuntu; Linux x86_64; rv:62.0) Gecko/20100101 Firefox/62.0"
88.229.26.152 - - [01/Feb/2020:12:22:01 +0100] "POST /xmlrpc.php HTTP/1.1" 200 3835 "-" "Mozilla/5.0 (X11; Ubuntu; Linux x86_64; rv:62.0) Gecko/20100101 Firefox/62.0"
207.46.13.138 - - [01/Feb/2020:12:41:43 +0100] "GET /?page_id=28 HTTP/1.1" 200 15203 "-" "Mozilla/5.0 (compatible; bingbot/2.0; +http://www.bing.com/bingbot.htm)"
157.55.39.29 - - [01/Feb/2020:12:54:55 +0100] "GET /robots.txt HTTP/1.1" 404 2969 "-" "Mozilla/5.0 (compatible; bingbot/2.0; +http://www.bing.com/bingbot.htm)"
157.55.39.29 - - [01/Feb/2020:12:54:56 +0100] "GET /robots.txt HTTP/1.1" 404 4665 "-" "Mozilla/5.0 (compatible; bingbot/2.0; +http://www.bing.com/bingbot.htm)"
157.55.39.17 - - [01/Feb/2020:12:54:57 +0100] "GET /robots.txt HTTP/1.1" 404 4665 "-" "Mozilla/5.0 (compatible; bingbot/2.0; +http://www.bing.com/bingbot.htm)"
207.46.13.138 - - [01/Feb/2020:12:54:58 +0100] "GET /wp-content/themes/book-lite/js/script.js?ver=1.0 HTTP/1.1" 200 3904 "-" "msnbot/2.0b (+http://search.msn.com/msnbot.htm)"
207.46.13.138 - - [01/Feb/2020:12:54:58 +0100] "GET /wp-includes/js/wp-emoji-release.min.js?ver=5.2.5 HTTP/1.1" 200 14206 "-" "msnbot/2.0b (+http://search.msn.com/msnbot.htm)"
207.46.13.189 - - [01/Feb/2020:12:55:03 +0100] "GET /wp-content/themes/book-lite/style.css?ver=5.2.5 HTTP/1.1" 200 24251 "-" "msnbot/2.0b (+http://search.msn.com/msnbot.htm)"
207.46.13.189 - - [01/Feb/2020:12:55:03 +0100] "GET /wp-includes/js/jquery/jquery.js?ver=1.12.4-wp HTTP/1.1" 200 97385 "-" "msnbot/2.0b (+http://search.msn.com/msnbot.htm)"
207.46.13.154 - - [01/Feb/2020:12:55:12 +0100] "GET /robots.txt HTTP/1.1" 404 4665 "-" "msnbot/2.0b (+http://search.msn.com/msnbot.htm)"
207.46.13.154 - - [01/Feb/2020:12:55:12 +0100] "GET /wp-content/themes/book-lite/js/small-menu.js?ver=20120206 HTTP/1.1" 200 1623 "-" "msnbot/2.0b (+http://search.msn.com/msnbot.htm)"
207.46.13.154 - - [01/Feb/2020:12:55:13 +0100] "GET /wp-includes/css/dist/block-library/style.min.css?ver=5.2.5 HTTP/1.1" 200 32956 "-" "msnbot/2.0b (+http://search.msn.com/msnbot.htm)"
52.44.119.95 - - [01/Feb/2020:12:56:52 +0100] "GET /ads.txt HTTP/1.1" 404 4470 "-" "Mozilla/5.0 (Macintosh; Intel Mac OS X 10_12_6) AppleWebKit/537.36 (KHTML, like Gecko) Chrome/63.0.3239.84 Safari/537.36"
52.44.119.95 - - [01/Feb/2020:12:56:53 +0100] "GET /ads.txt HTTP/1.1" 404 4470 "-" "Mozilla/5.0 (Macintosh; Intel Mac OS X 10_12_6) AppleWebKit/537.36 (KHTML, like Gecko) Chrome/63.0.3239.84 Safari/537.36"
157.55.39.61 - - [01/Feb/2020:12:58:44 +0100] "GET /wp-includes/js/jquery/jquery-migrate.min.js?ver=1.4.1 HTTP/1.1" 200 13702 "-" "msnbot/2.0b (+http://search.msn.com/msnbot.htm)"
157.55.39.61 - - [01/Feb/2020:12:58:45 +0100] "GET /wp-includes/js/wp-embed.min.js?ver=5.2.5 HTTP/1.1" 200 1767 "-" "msnbot/2.0b (+http://search.msn.com/msnbot.htm)"
3.95.255.131 - - [01/Feb/2020:13:10:03 +0100] "GET /ads.txt HTTP/1.1" 404 4470 "-" "AdsTxtCrawler/1.0.2"
185.86.164.99 - - [01/Feb/2020:13:10:50 +0100] "GET /wp-login.php HTTP/1.1" 200 7045 "-" "Mozilla/5.0 (Windows NT 10.0; WOW64) AppleWebKit/537.36 (KHTML, like Gecko) Chrome/51.0.2704.103 Safari/537.36"
89.248.107.232 - - [01/Feb/2020:13:10:50 +0100] "POST /wp-cron.php?doing_wp_cron=1580559050.6682980060577392578125 HTTP/1.1" 200 1860 "-" "WordPress/5.2.5; https://fincasandoval.com"
185.86.164.99 - - [01/Feb/2020:13:10:50 +0100] "POST /wp-login.php HTTP/1.1" 200 4633 "https://fincasandoval.com/wp-login.php" "Mozilla/5.0 (Windows NT 10.0; WOW64) AppleWebKit/537.36 (KHTML, like Gecko) Chrome/51.0.2704.103 Safari/537.36"
52.47.118.96 - - [01/Feb/2020:13:42:14 +0100] "GET /wp-config.php HTTP/1.1" 403 4608 "-" "curl/7.47.0"
89.248.107.232 - - [01/Feb/2020:14:04:48 +0100] "POST /wp-cron.php?doing_wp_cron=1580562288.1429369449615478515625 HTTP/1.1" 200 1860 "-" "WordPress/5.2.5; https://fincasandoval.com"
45.136.108.44 - - [01/Feb/2020:14:04:47 +0100] "GET / HTTP/1.1" 200 18199 "-" "Mozilla/5.0 (Windows NT 6.1; WOW64; rv:24.0) Gecko/20100101 Firefox/24.0"
37.9.113.162 - - [01/Feb/2020:14:12:52 +0100] "GET /robots.txt HTTP/1.1" 404 4670 "-" "Mozilla/5.0 (compatible; YandexBot/3.0; +http://yandex.com/bots)"
37.9.113.162 - - [01/Feb/2020:14:12:56 +0100] "GET /favicon.ico HTTP/1.1" 200 5797 "-" "Mozilla/5.0 (compatible; YandexBot/3.0; +http://yandex.com/bots)"
46.99.139.64 - - [01/Feb/2020:14:18:32 +0100] "GET /wp-login.php HTTP/1.1" 200 6587 "-" "Mozilla/5.0 (X11; Ubuntu; Linux x86_64; rv:62.0) Gecko/20100101 Firefox/62.0"
46.99.139.64 - - [01/Feb/2020:14:18:33 +0100] "POST /wp-login.php HTTP/1.1" 200 7562 "-" "Mozilla/5.0 (X11; Ubuntu; Linux x86_64; rv:62.0) Gecko/20100101 Firefox/62.0"
46.99.139.64 - - [01/Feb/2020:14:18:35 +0100] "POST /xmlrpc.php HTTP/1.1" 200 3835 "-" "Mozilla/5.0 (X11; Ubuntu; Linux x86_64; rv:62.0) Gecko/20100101 Firefox/62.0"
178.128.220.8 - - [01/Feb/2020:15:20:38 +0100] "GET /wp/wp-login.php HTTP/1.1" 404 4433 "http://fincasandoval.com//wp/wp-login.php" "Mozilla/5.0 (X11; Ubuntu; Linux x86_64; rv:62.0) Gecko/20100101 Firefox/62.0"
89.248.107.232 - - [01/Feb/2020:15:24:17 +0100] "POST /wp-cron.php?doing_wp_cron=1580567057.2571179866790771484375 HTTP/1.1" 200 1860 "-" "WordPress/5.2.5; https://fincasandoval.com"
90.150.180.66 - - [01/Feb/2020:15:24:17 +0100] "GET / HTTP/1.1" 200 16114 "-" "Mozilla/5.0 (Windows NT 6.1; rv:60.0) Gecko/20100101 Firefox/60.0"
90.150.180.66 - - [01/Feb/2020:15:24:18 +0100] "GET /?author=1 HTTP/1.1" 200 10051 "-" "Mozilla/5.0 (Windows NT 6.1; rv:60.0) Gecko/20100101 Firefox/60.0"
90.150.180.66 - - [01/Feb/2020:15:24:20 +0100] "GET /?author=2 HTTP/1.1" 404 10147 "-" "Mozilla/5.0 (Windows NT 6.1; rv:60.0) Gecko/20100101 Firefox/60.0"
90.150.180.66 - - [01/Feb/2020:15:24:21 +0100] "GET /?author=3 HTTP/1.1" 404 10147 "-" "Mozilla/5.0 (Windows NT 6.1; rv:60.0) Gecko/20100101 Firefox/60.0"
90.150.180.66 - - [01/Feb/2020:15:24:23 +0100] "GET /?author=4 HTTP/1.1" 404 10147 "-" "Mozilla/5.0 (Windows NT 6.1; rv:60.0) Gecko/20100101 Firefox/60.0"
90.150.180.66 - - [01/Feb/2020:15:24:24 +0100] "GET /?author=5 HTTP/1.1" 404 10147 "-" "Mozilla/5.0 (Windows NT 6.1; rv:60.0) Gecko/20100101 Firefox/60.0"
90.150.180.66 - - [01/Feb/2020:15:24:26 +0100] "GET /?author=6 HTTP/1.1" 404 10147 "-" "Mozilla/5.0 (Windows NT 6.1; rv:60.0) Gecko/20100101 Firefox/60.0"
193.152.35.27 - - [01/Feb/2020:15:24:26 +0100] "GET / HTTP/1.1" 200 17757 "https://www.google.com/" "Mozilla/5.0 (Linux; Android 9; motorola one) AppleWebKit/537.36 (KHTML, like Gecko) Chrome/79.0.3945.136 Mobile Safari/537.36"
193.152.35.27 - - [01/Feb/2020:15:24:26 +0100] "GET /wp-includes/css/dist/block-library/style.min.css?ver=5.2.5 HTTP/1.1" 200 29676 "https://fincasandoval.com/" "Mozilla/5.0 (Linux; Android 9; motorola one) AppleWebKit/537.36 (KHTML, like Gecko) Chrome/79.0.3945.136 Mobile Safari/537.36"
193.152.35.27 - - [01/Feb/2020:15:24:26 +0100] "GET /wp-content/themes/book-lite/style.css?ver=5.2.5 HTTP/1.1" 200 24251 "https://fincasandoval.com/" "Mozilla/5.0 (Linux; Android 9; motorola one) AppleWebKit/537.36 (KHTML, like Gecko) Chrome/79.0.3945.136 Mobile Safari/537.36"
193.152.35.27 - - [01/Feb/2020:15:24:26 +0100] "GET /wp-includes/js/jquery/jquery.js?ver=1.12.4-wp HTTP/1.1" 200 97385 "https://fincasandoval.com/" "Mozilla/5.0 (Linux; Android 9; motorola one) AppleWebKit/537.36 (KHTML, like Gecko) Chrome/79.0.3945.136 Mobile Safari/537.36"
193.152.35.27 - - [01/Feb/2020:15:24:26 +0100] "GET /wp-includes/js/jquery/jquery-migrate.min.js?ver=1.4.1 HTTP/1.1" 200 10422 "https://fincasandoval.com/" "Mozilla/5.0 (Linux; Android 9; motorola one) AppleWebKit/537.36 (KHTML, like Gecko) Chrome/79.0.3945.136 Mobile Safari/537.36"
193.152.35.27 - - [01/Feb/2020:15:24:26 +0100] "GET /wp-content/themes/book-lite/js/script.js?ver=1.0 HTTP/1.1" 200 762 "https://fincasandoval.com/" "Mozilla/5.0 (Linux; Android 9; motorola one) AppleWebKit/537.36 (KHTML, like Gecko) Chrome/79.0.3945.136 Mobile Safari/537.36"
193.152.35.27 - - [01/Feb/2020:15:24:26 +0100] "GET /wp-content/themes/book-lite/js/small-menu.js?ver=20120206 HTTP/1.1" 200 1761 "https://fincasandoval.com/" "Mozilla/5.0 (Linux; Android 9; motorola one) AppleWebKit/537.36 (KHTML, like Gecko) Chrome/79.0.3945.136 Mobile Safari/537.36"
193.152.35.27 - - [01/Feb/2020:15:24:26 +0100] "GET /wp-includes/js/wp-embed.min.js?ver=5.2.5 HTTP/1.1" 200 1905 "https://fincasandoval.com/" "Mozilla/5.0 (Linux; Android 9; motorola one) AppleWebKit/537.36 (KHTML, like Gecko) Chrome/79.0.3945.136 Mobile Safari/537.36"
