188.127.168.25 - - [22/Nov/2019:11:51:22 +0100] "POST /?_task=mail&_action=refresh HTTP/1.1" 200 1022 "https://webmail.iticsl.es/?_task=mail&_mbox=INBOX" "Mozilla/5.0 (Windows NT 5.1) AppleWebKit/537.36 (KHTML, like Gecko) Chrome/49.0.2623.112 Safari/537.36"
188.127.168.25 - - [22/Nov/2019:11:52:21 +0100] "POST /?_task=mail&_action=refresh HTTP/1.1" 200 1022 "https://webmail.iticsl.es/?_task=mail&_mbox=INBOX" "Mozilla/5.0 (Windows NT 5.1) AppleWebKit/537.36 (KHTML, like Gecko) Chrome/49.0.2623.112 Safari/537.36"
188.127.168.25 - - [22/Nov/2019:11:53:21 +0100] "POST /?_task=mail&_action=refresh HTTP/1.1" 200 4139 "https://webmail.iticsl.es/?_task=mail&_mbox=INBOX" "Mozilla/5.0 (Windows NT 5.1) AppleWebKit/537.36 (KHTML, like Gecko) Chrome/49.0.2623.112 Safari/537.36"
188.127.168.25 - - [22/Nov/2019:11:54:21 +0100] "POST /?_task=mail&_action=refresh HTTP/1.1" 200 1022 "https://webmail.iticsl.es/?_task=mail&_mbox=INBOX" "Mozilla/5.0 (Windows NT 5.1) AppleWebKit/537.36 (KHTML, like Gecko) Chrome/49.0.2623.112 Safari/537.36"
188.127.168.25 - - [22/Nov/2019:11:55:21 +0100] "POST /?_task=mail&_action=refresh HTTP/1.1" 200 1124 "https://webmail.iticsl.es/?_task=mail&_mbox=INBOX" "Mozilla/5.0 (Windows NT 5.1) AppleWebKit/537.36 (KHTML, like Gecko) Chrome/49.0.2623.112 Safari/537.36"
188.127.168.25 - - [22/Nov/2019:11:56:21 +0100] "POST /?_task=mail&_action=refresh HTTP/1.1" 200 1022 "https://webmail.iticsl.es/?_task=mail&_mbox=INBOX" "Mozilla/5.0 (Windows NT 5.1) AppleWebKit/537.36 (KHTML, like Gecko) Chrome/49.0.2623.112 Safari/537.36"
188.127.168.25 - - [22/Nov/2019:11:57:21 +0100] "POST /?_task=mail&_action=refresh HTTP/1.1" 200 1022 "https://webmail.iticsl.es/?_task=mail&_mbox=INBOX" "Mozilla/5.0 (Windows NT 5.1) AppleWebKit/537.36 (KHTML, like Gecko) Chrome/49.0.2623.112 Safari/537.36"
188.127.168.25 - - [22/Nov/2019:11:58:21 +0100] "POST /?_task=mail&_action=refresh HTTP/1.1" 200 1022 "https://webmail.iticsl.es/?_task=mail&_mbox=INBOX" "Mozilla/5.0 (Windows NT 5.1) AppleWebKit/537.36 (KHTML, like Gecko) Chrome/49.0.2623.112 Safari/537.36"
188.127.168.25 - - [22/Nov/2019:11:59:21 +0100] "POST /?_task=mail&_action=refresh HTTP/1.1" 200 4139 "https://webmail.iticsl.es/?_task=mail&_mbox=INBOX" "Mozilla/5.0 (Windows NT 5.1) AppleWebKit/537.36 (KHTML, like Gecko) Chrome/49.0.2623.112 Safari/537.36"
188.127.168.25 - - [22/Nov/2019:12:00:21 +0100] "POST /?_task=mail&_action=refresh HTTP/1.1" 200 1124 "https://webmail.iticsl.es/?_task=mail&_mbox=INBOX" "Mozilla/5.0 (Windows NT 5.1) AppleWebKit/537.36 (KHTML, like Gecko) Chrome/49.0.2623.112 Safari/537.36"
188.127.168.25 - - [22/Nov/2019:12:27:33 +0100] "POST /AutoDiscover/autodiscover.xml HTTP/1.1" 404 3740 "-" "Microsoft Office/16.0 (Windows NT 10.0; Microsoft Excel 16.0.12130; Pro)"
188.127.168.25 - - [22/Nov/2019:12:40:16 +0100] "POST /AutoDiscover/autodiscover.xml HTTP/1.1" 404 3740 "-" "Microsoft Office/16.0 (Windows NT 10.0; Microsoft Word 16.0.12130; Pro)"
188.127.168.25 - - [22/Nov/2019:14:29:57 +0100] "POST /AutoDiscover/autodiscover.xml HTTP/1.1" 404 3740 "-" "Microsoft Office/16.0 (Windows NT 10.0; Microsoft Word 16.0.12130; Pro)"
209.17.96.138 - - [22/Nov/2019:18:47:57 +0100] "GET / HTTP/1.1" 200 3672 "-" "Mozilla/5.0 (compatible; Nimbostratus-Bot/v1.3.2; http://cloudsystemnetworks.com)"
34.216.37.65 - - [23/Nov/2019:04:51:59 +0100] "GET / HTTP/1.1" 200 3667 "-" "Go-http-client/1.1"
52.43.49.83 - - [24/Nov/2019:07:05:20 +0100] "GET / HTTP/1.1" 200 3667 "-" "Go-http-client/1.1"
188.127.168.25 - - [25/Nov/2019:09:08:34 +0100] "POST /AutoDiscover/autodiscover.xml HTTP/1.1" 404 3740 "-" "Microsoft Office/16.0 (Windows NT 10.0; Microsoft Excel 16.0.12130; Pro)"
188.127.168.25 - - [25/Nov/2019:09:30:23 +0100] "POST /AutoDiscover/autodiscover.xml HTTP/1.1" 404 3740 "-" "Microsoft Office/16.0 (Windows NT 10.0; Microsoft Excel 16.0.12130; Pro)"
188.127.168.25 - - [25/Nov/2019:09:54:12 +0100] "POST /AutoDiscover/autodiscover.xml HTTP/1.1" 404 3740 "-" "Microsoft Office/16.0 (Windows NT 10.0; Microsoft Excel 16.0.12130; Pro)"
188.127.168.25 - - [25/Nov/2019:19:04:09 +0100] "POST /AutoDiscover/autodiscover.xml HTTP/1.1" 404 3740 "-" "Microsoft Office/16.0 (Windows NT 10.0; Microsoft Word 16.0.12130; Pro)"
34.245.52.33 - - [26/Nov/2019:02:42:35 +0100] "GET /robots.txt HTTP/1.1" 404 3684 "-" "PleskBot"
34.245.52.33 - - [26/Nov/2019:02:42:35 +0100] "GET / HTTP/1.1" 200 3881 "-" "PleskBot"
34.222.143.183 - - [26/Nov/2019:06:02:40 +0100] "GET / HTTP/1.1" 200 3667 "-" "Go-http-client/1.1"
188.127.168.25 - - [26/Nov/2019:09:13:07 +0100] "POST /AutoDiscover/autodiscover.xml HTTP/1.1" 404 3740 "-" "Microsoft Office/16.0 (Windows NT 10.0; Microsoft Word 16.0.12130; Pro)"
159.138.155.72 - - [26/Nov/2019:11:28:50 +0100] "GET / HTTP/1.1" 200 3686 "-" "Mozilla/5.0(Linux;U;Android 5.1.1;zh-CN;OPPO A33 Build/LMY47V) AppleWebKit/537.36(KHTML,like Gecko) Version/4.0 Chrome/40.0.2214.89 UCBrowser/11.7.0.953 Mobile Safari/537.36"
188.127.168.25 - - [26/Nov/2019:15:49:07 +0100] "POST /AutoDiscover/autodiscover.xml HTTP/1.1" 404 3740 "-" "Microsoft Office/16.0 (Windows NT 10.0; Microsoft Excel 16.0.12130; Pro)"
209.17.97.18 - - [27/Nov/2019:08:03:53 +0100] "GET / HTTP/1.1" 200 3672 "-" "Mozilla/5.0 (compatible; Nimbostratus-Bot/v1.3.2; http://cloudsystemnetworks.com)"
188.127.168.25 - - [27/Nov/2019:08:45:05 +0100] "POST /AutoDiscover/autodiscover.xml HTTP/1.1" 404 3740 "-" "Microsoft Office/16.0 (Windows NT 10.0; Microsoft Word 16.0.12130; Pro)"
188.127.168.25 - - [27/Nov/2019:09:21:13 +0100] "POST /AutoDiscover/autodiscover.xml HTTP/1.1" 404 3740 "-" "Microsoft Office/16.0 (Windows NT 10.0; Microsoft Excel 16.0.12130; Pro)"
209.17.96.26 - - [27/Nov/2019:10:21:44 +0100] "GET / HTTP/1.1" 200 3672 "-" "Mozilla/5.0 (compatible; Nimbostratus-Bot/v1.3.2; http://cloudsystemnetworks.com)"
188.127.168.25 - - [27/Nov/2019:12:31:56 +0100] "POST /AutoDiscover/autodiscover.xml HTTP/1.1" 404 3740 "-" "Microsoft Office/16.0 (Windows NT 10.0; Microsoft Word 16.0.12130; Pro)"
188.127.168.25 - - [27/Nov/2019:13:12:01 +0100] "POST /Autodiscover/Autodiscover.xml HTTP/1.1" 404 3545 "-" "Apple-iPhone7C2/1607.130"
188.127.168.25 - - [27/Nov/2019:13:12:01 +0100] "POST /Autodiscover/Autodiscover.xml HTTP/1.1" 404 3545 "-" "Apple-iPhone7C2/1607.130"
188.127.168.25 - - [27/Nov/2019:13:12:45 +0100] "POST /Autodiscover/Autodiscover.xml HTTP/1.1" 404 3545 "-" "Apple-iPhone7C2/1607.130"
188.127.168.25 - - [27/Nov/2019:13:12:45 +0100] "POST /Autodiscover/Autodiscover.xml HTTP/1.1" 404 3545 "-" "Apple-iPhone7C2/1607.130"
188.127.168.25 - - [27/Nov/2019:13:12:45 +0100] "POST /Autodiscover/Autodiscover.xml HTTP/1.1" 404 3545 "-" "Apple-iPhone7C2/1607.130"
188.127.168.25 - - [27/Nov/2019:16:35:22 +0100] "POST /AutoDiscover/autodiscover.xml HTTP/1.1" 404 3740 "-" "Microsoft Office/16.0 (Windows NT 10.0; Microsoft Excel 16.0.12130; Pro)"
188.127.168.25 - - [28/Nov/2019:09:22:09 +0100] "POST /AutoDiscover/autodiscover.xml HTTP/1.1" 404 3740 "-" "Microsoft Office/16.0 (Windows NT 10.0; Microsoft Excel 16.0.12130; Pro)"
188.127.168.25 - - [28/Nov/2019:10:12:57 +0100] "POST /AutoDiscover/autodiscover.xml HTTP/1.1" 404 3740 "-" "Microsoft Office/16.0 (Windows NT 10.0; Microsoft Excel 16.0.12130; Pro)"
159.138.152.112 - - [28/Nov/2019:10:33:44 +0100] "GET / HTTP/1.1" 200 3686 "-" "Mozilla/5.0 (Linux; Android 7.0; FRD-AL00 Build/HUAWEIFRD-AL00; wv) AppleWebKit/537.36 (KHTML, like Gecko) Version/4.0 Chrome/53.0.2785.49 Mobile MQQBrowser/6.2 TBS/043602 Safari/537.36 MicroMessenger/6.5.16.1120 NetType/WIFI Language/zh_CN"
188.127.168.25 - - [28/Nov/2019:12:14:15 +0100] "POST /AutoDiscover/autodiscover.xml HTTP/1.1" 404 3740 "-" "Microsoft Office/16.0 (Windows NT 10.0; Microsoft Word 16.0.12130; Pro)"
188.127.168.25 - - [28/Nov/2019:16:35:39 +0100] "POST /AutoDiscover/autodiscover.xml HTTP/1.1" 404 3740 "-" "Microsoft Office/16.0 (Windows NT 10.0; Microsoft Excel 16.0.12130; Pro)"
188.127.168.25 - - [28/Nov/2019:17:53:42 +0100] "POST /AutoDiscover/autodiscover.xml HTTP/1.1" 404 3740 "-" "Microsoft Office/16.0 (Windows NT 10.0; Microsoft Word 16.0.12130; Pro)"
100.21.17.179 - - [29/Nov/2019:05:34:39 +0100] "GET / HTTP/1.1" 200 3667 "-" "Go-http-client/1.1"
209.17.96.138 - - [29/Nov/2019:08:43:23 +0100] "GET / HTTP/1.1" 200 3672 "-" "Mozilla/5.0 (compatible; Nimbostratus-Bot/v1.3.2; http://cloudsystemnetworks.com)"
188.127.168.25 - - [29/Nov/2019:09:22:37 +0100] "POST /AutoDiscover/autodiscover.xml HTTP/1.1" 404 3740 "-" "Microsoft Office/16.0 (Windows NT 10.0; Microsoft Excel 16.0.12130; Pro)"
188.127.168.25 - - [29/Nov/2019:09:58:04 +0100] "POST /AutoDiscover/autodiscover.xml HTTP/1.1" 404 3740 "-" "Microsoft Office/16.0 (Windows NT 10.0; Microsoft Word 16.0.12130; Pro)"
159.138.151.67 - - [29/Nov/2019:09:58:15 +0100] "GET / HTTP/1.1" 200 3686 "-" "Mozilla/5.0(Linux;Android 5.1.1;OPPO A33 Build/LMY47V;wv) AppleWebKit/537.36(KHTML,link Gecko) Version/4.0 Chrome/42.0.2311.138 Mobile Safari/537.36 Mb2345Browser/9.0"
188.127.168.25 - - [29/Nov/2019:10:16:34 +0100] "POST /AutoDiscover/autodiscover.xml HTTP/1.1" 404 3740 "-" "Microsoft Office/16.0 (Windows NT 10.0; Microsoft Excel 16.0.12130; Pro)"
209.17.97.106 - - [29/Nov/2019:21:29:51 +0100] "GET / HTTP/1.1" 200 3672 "-" "Mozilla/5.0 (compatible; Nimbostratus-Bot/v1.3.2; http://cloudsystemnetworks.com)"
188.127.168.25 - - [02/Dec/2019:09:17:20 +0100] "POST /AutoDiscover/autodiscover.xml HTTP/1.1" 404 3740 "-" "Microsoft Office/16.0 (Windows NT 10.0; Microsoft Excel 16.0.12130; Pro)"
188.127.168.25 - - [02/Dec/2019:09:23:32 +0100] "POST /AutoDiscover/autodiscover.xml HTTP/1.1" 404 3740 "-" "Microsoft Office/16.0 (Windows NT 10.0; Microsoft Excel 16.0.12130; Pro)"
188.127.168.25 - - [02/Dec/2019:09:23:33 +0100] "POST /AutoDiscover/autodiscover.xml HTTP/1.1" 404 3740 "-" "Microsoft Office/16.0 (Windows NT 10.0; Microsoft Excel 16.0.12130; Pro)"
188.127.168.25 - - [02/Dec/2019:09:42:19 +0100] "POST /AutoDiscover/autodiscover.xml HTTP/1.1" 404 3740 "-" "Microsoft Office/16.0 (Windows NT 10.0; Microsoft Excel 16.0.12130; Pro)"
188.127.168.25 - - [02/Dec/2019:10:56:22 +0100] "GET / HTTP/1.1" 200 6354 "-" "Mozilla/5.0 (Windows NT 5.1) AppleWebKit/537.36 (KHTML, like Gecko) Chrome/49.0.2623.112 Safari/537.36"
188.127.168.25 - - [02/Dec/2019:12:01:07 +0100] "POST /AutoDiscover/autodiscover.xml HTTP/1.1" 404 3740 "-" "Microsoft Office/16.0 (Windows NT 10.0; Microsoft Word 16.0.12130; Pro)"
188.127.168.25 - - [02/Dec/2019:12:10:54 +0100] "POST /AutoDiscover/autodiscover.xml HTTP/1.1" 404 3740 "-" "Microsoft Office/16.0 (Windows NT 10.0; Microsoft Excel 16.0.12130; Pro)"
159.138.128.236 - - [02/Dec/2019:17:47:57 +0100] "GET / HTTP/1.1" 200 3686 "-" "Mozilla/5.0(Linux;Android 5.1.1;OPPO A33 Build/LMY47V;wv) AppleWebKit/537.36(KHTML,link Gecko) Version/4.0 Chrome/42.0.2311.138 Mobile Safari/537.36 Mb2345Browser/9.0"
52.51.94.134 - - [03/Dec/2019:02:55:29 +0100] "GET /robots.txt HTTP/1.1" 404 3684 "-" "PleskBot"
52.51.94.134 - - [03/Dec/2019:02:55:30 +0100] "GET / HTTP/1.1" 200 3881 "-" "PleskBot"
188.127.168.25 - - [03/Dec/2019:10:06:35 +0100] "POST /AutoDiscover/autodiscover.xml HTTP/1.1" 404 3740 "-" "Microsoft Office/16.0 (Windows NT 10.0; Microsoft Excel 16.0.12130; Pro)"
188.127.168.25 - - [03/Dec/2019:10:06:53 +0100] "POST /AutoDiscover/AutoDiscover.xml HTTP/1.1" 404 3740 "-" "microsoft.windowscommunicationsapps"
188.127.168.25 - - [03/Dec/2019:11:10:01 +0100] "POST /AutoDiscover/autodiscover.xml HTTP/1.1" 404 3740 "-" "Microsoft Office/16.0 (Windows NT 10.0; Microsoft Word 16.0.12130; Pro)"
188.127.168.25 - - [03/Dec/2019:11:45:27 +0100] "POST /AutoDiscover/autodiscover.xml HTTP/1.1" 404 3740 "-" "Microsoft Office/16.0 (Windows NT 10.0; Microsoft Word 16.0.12130; Pro)"
188.127.168.25 - - [03/Dec/2019:12:05:10 +0100] "POST /AutoDiscover/autodiscover.xml HTTP/1.1" 404 3740 "-" "Microsoft Office/16.0 (Windows NT 10.0; Microsoft Excel 16.0.12130; Pro)"
80.28.7.184 - - [03/Dec/2019:14:05:50 +0100] "POST /autodiscover/autodiscover.xml HTTP/1.1" 404 3740 "-" "Microsoft Office/16.0 (Windows NT 10.0; Microsoft Outlook 16.0.12130; Pro)"
188.127.168.25 - - [03/Dec/2019:14:13:34 +0100] "POST /Autodiscover/Autodiscover.xml HTTP/1.1" 404 3545 "-" "Apple-iPhone5C4/1407.60"
188.127.168.25 - - [03/Dec/2019:14:13:34 +0100] "POST /Autodiscover/Autodiscover.xml HTTP/1.1" 404 623 "-" "Apple-iPhone5C4/1407.60"
188.127.168.25 - - [03/Dec/2019:16:45:44 +0100] "POST /AutoDiscover/autodiscover.xml HTTP/1.1" 404 3740 "-" "Microsoft Office/16.0 (Windows NT 10.0; Microsoft Excel 16.0.12130; Pro)"
209.17.96.18 - - [03/Dec/2019:18:29:54 +0100] "GET / HTTP/1.1" 200 3672 "-" "Mozilla/5.0 (compatible; Nimbostratus-Bot/v1.3.2; http://cloudsystemnetworks.com)"
66.249.64.10 - - [03/Dec/2019:22:03:17 +0100] "GET /robots.txt HTTP/1.1" 404 3721 "-" "Mozilla/5.0 (compatible; Googlebot/2.1; +http://www.google.com/bot.html)"
66.249.64.13 - - [03/Dec/2019:22:03:17 +0100] "GET /.well-known/assetlinks.json HTTP/1.1" 404 3738 "-" "Mozilla/5.0 (compatible; Googlebot/2.1; +http://www.google.com/bot.html)"
209.17.96.98 - - [04/Dec/2019:10:18:27 +0100] "GET / HTTP/1.1" 200 3672 "-" "Mozilla/5.0 (compatible; Nimbostratus-Bot/v1.3.2; http://cloudsystemnetworks.com)"
188.127.168.25 - - [04/Dec/2019:10:22:15 +0100] "POST /AutoDiscover/autodiscover.xml HTTP/1.1" 404 3740 "-" "Microsoft Office/16.0 (Windows NT 10.0; Microsoft Word 16.0.12130; Pro)"
188.127.168.25 - - [04/Dec/2019:16:59:11 +0100] "POST /AutoDiscover/autodiscover.xml HTTP/1.1" 404 3740 "-" "Microsoft Office/16.0 (Windows NT 10.0; Microsoft Word 16.0.12130; Pro)"
188.127.168.25 - - [04/Dec/2019:17:08:06 +0100] "POST /AutoDiscover/autodiscover.xml HTTP/1.1" 404 3740 "-" "Microsoft Office/16.0 (Windows NT 10.0; Microsoft Word 16.0.12130; Pro)"
159.138.151.39 - - [04/Dec/2019:20:33:46 +0100] "GET / HTTP/1.1" 200 3686 "-" "Mozilla/5.0(Linux;Android 5.1.1;OPPO A33 Build/LMY47V;wv) AppleWebKit/537.36(KHTML,link Gecko) Version/4.0 Chrome/42.0.2311.138 Mobile Safari/537.36 Mb2345Browser/9.0"
188.127.168.25 - - [05/Dec/2019:09:11:07 +0100] "POST /AutoDiscover/autodiscover.xml HTTP/1.1" 404 3740 "-" "Microsoft Office/16.0 (Windows NT 10.0; Microsoft Excel 16.0.12130; Pro)"
188.127.168.25 - - [05/Dec/2019:10:03:32 +0100] "POST /autodiscover/autodiscover.xml HTTP/1.1" 404 3740 "-" "Microsoft Office/16.0 (Windows NT 10.0; Microsoft Outlook 16.0.12130; Pro)"
167.172.243.26 - - [05/Dec/2019:10:29:53 +0100] "GET / HTTP/1.0" 200 9480 "-" "Mozilla/5.0 (compatible; NetcraftSurveyAgent/1.0; +info@netcraft.com)"
188.127.168.25 - - [05/Dec/2019:10:35:14 +0100] "POST /AutoDiscover/autodiscover.xml HTTP/1.1" 404 3740 "-" "Microsoft Office/16.0 (Windows NT 10.0; Microsoft Excel 16.0.12130; Pro)"
167.172.249.122 - - [05/Dec/2019:10:42:33 +0100] "GET / HTTP/1.0" 200 3881 "-" "Mozilla/5.0 (compatible; NetcraftSurveyAgent/1.0; +info@netcraft.com)"
159.203.164.5 - - [05/Dec/2019:11:04:49 +0100] "GET / HTTP/1.0" 200 3881 "-" "Mozilla/5.0 (compatible; NetcraftSurveyAgent/1.0; +info@netcraft.com)"
188.127.168.25 - - [05/Dec/2019:12:15:25 +0100] "POST /AutoDiscover/autodiscover.xml HTTP/1.1" 404 3740 "-" "Microsoft Office/16.0 (Windows NT 10.0; Microsoft Word 16.0.12130; Pro)"
188.127.168.25 - - [05/Dec/2019:14:52:01 +0100] "POST /AutoDiscover/autodiscover.xml HTTP/1.1" 404 3740 "-" "Microsoft Office/16.0 (Windows NT 10.0; Microsoft Excel 16.0.12130; Pro)"
188.127.168.25 - - [05/Dec/2019:17:35:48 +0100] "POST /AutoDiscover/autodiscover.xml HTTP/1.1" 404 3740 "-" "Microsoft Office/16.0 (Windows NT 10.0; Microsoft Excel 16.0.12130; Pro)"
209.17.97.82 - - [06/Dec/2019:07:11:15 +0100] "GET / HTTP/1.1" 200 3672 "-" "Mozilla/5.0 (compatible; Nimbostratus-Bot/v1.3.2; http://cloudsystemnetworks.com)"
209.17.96.186 - - [06/Dec/2019:08:26:38 +0100] "GET / HTTP/1.1" 200 3672 "-" "Mozilla/5.0 (compatible; Nimbostratus-Bot/v1.3.2; http://cloudsystemnetworks.com)"
159.138.149.12 - - [07/Dec/2019:04:25:23 +0100] "GET / HTTP/1.1" 200 3686 "-" "Mozilla/5.0(Linux;U;Android 5.1.1;zh-CN;OPPO A33 Build/LMY47V) AppleWebKit/537.36(KHTML,like Gecko) Version/4.0 Chrome/40.0.2214.89 UCBrowser/11.7.0.953 Mobile Safari/537.36"
35.161.79.243 - - [07/Dec/2019:06:55:27 +0100] "GET / HTTP/1.1" 200 3667 "-" "Go-http-client/1.1"
100.20.64.12 - - [09/Dec/2019:05:56:50 +0100] "GET / HTTP/1.1" 200 3667 "-" "Go-http-client/1.1"
159.138.153.7 - - [09/Dec/2019:17:46:27 +0100] "GET / HTTP/1.1" 200 3686 "-" "Mozilla/5.0(Linux;Android 5.1.1;OPPO A33 Build/LMY47V;wv) AppleWebKit/537.36(KHTML,link Gecko) Version/4.0 Chrome/42.0.2311.138 Mobile Safari/537.36 Mb2345Browser/9.0"
209.17.96.138 - - [10/Dec/2019:01:11:25 +0100] "GET / HTTP/1.1" 200 3672 "-" "Mozilla/5.0 (compatible; Nimbostratus-Bot/v1.3.2; http://cloudsystemnetworks.com)"
34.245.104.50 - - [10/Dec/2019:03:18:06 +0100] "GET /robots.txt HTTP/1.1" 404 3684 "-" "PleskBot"
34.245.104.50 - - [10/Dec/2019:03:18:07 +0100] "GET / HTTP/1.1" 200 3881 "-" "PleskBot"
188.127.168.25 - - [10/Dec/2019:09:10:36 +0100] "POST /AutoDiscover/autodiscover.xml HTTP/1.1" 404 3740 "-" "Microsoft Office/16.0 (Windows NT 10.0; Microsoft Excel 16.0.12130; Pro)"
188.127.168.25 - - [10/Dec/2019:12:29:48 +0100] "POST /AutoDiscover/autodiscover.xml HTTP/1.1" 404 3740 "-" "Microsoft Office/16.0 (Windows NT 10.0; Microsoft Excel 16.0.12130; Pro)"
209.17.97.26 - - [11/Dec/2019:09:01:45 +0100] "GET / HTTP/1.1" 200 3672 "-" "Mozilla/5.0 (compatible; Nimbostratus-Bot/v1.3.2; http://cloudsystemnetworks.com)"
188.127.168.25 - - [11/Dec/2019:09:11:14 +0100] "POST /AutoDiscover/autodiscover.xml HTTP/1.1" 404 3740 "-" "Microsoft Office/16.0 (Windows NT 10.0; Microsoft Word 16.0.12130; Pro)"
188.127.168.25 - - [11/Dec/2019:10:25:26 +0100] "POST /AutoDiscover/autodiscover.xml HTTP/1.1" 404 3740 "-" "Microsoft Office/16.0 (Windows NT 10.0; Microsoft Excel 16.0.12130; Pro)"
188.127.168.25 - - [11/Dec/2019:10:30:31 +0100] "POST /AutoDiscover/autodiscover.xml HTTP/1.1" 404 3740 "-" "Microsoft Office/16.0 (Windows NT 10.0; Microsoft Excel 16.0.12130; Pro)"
188.127.168.25 - - [11/Dec/2019:11:48:58 +0100] "POST /AutoDiscover/autodiscover.xml HTTP/1.1" 404 3740 "-" "Microsoft Office/16.0 (Windows NT 10.0; Microsoft Word 16.0.12228; Pro)"
188.127.168.25 - - [11/Dec/2019:12:16:43 +0100] "POST /AutoDiscover/autodiscover.xml HTTP/1.1" 404 3740 "-" "Microsoft Office/16.0 (Windows NT 10.0; Microsoft Excel 16.0.12130; Pro)"
188.127.168.25 - - [11/Dec/2019:12:54:49 +0100] "POST /AutoDiscover/autodiscover.xml HTTP/1.1" 404 3740 "-" "Microsoft Office/16.0 (Windows NT 10.0; Microsoft Word 16.0.12228; Pro)"
188.127.168.25 - - [12/Dec/2019:10:57:07 +0100] "POST /AutoDiscover/autodiscover.xml HTTP/1.1" 404 3740 "-" "Microsoft Office/16.0 (Windows NT 10.0; Microsoft Excel 16.0.12130; Pro)"
188.127.168.25 - - [12/Dec/2019:12:17:44 +0100] "POST /AutoDiscover/autodiscover.xml HTTP/1.1" 404 3740 "-" "Microsoft Office/16.0 (Windows NT 10.0; Microsoft Word 16.0.12228; Pro)"
188.127.168.25 - - [12/Dec/2019:12:37:47 +0100] "POST /AutoDiscover/autodiscover.xml HTTP/1.1" 404 3740 "-" "Microsoft Office/16.0 (Windows NT 10.0; Microsoft Word 16.0.12228; Pro)"
188.127.168.25 - - [12/Dec/2019:15:30:18 +0100] "POST /AutoDiscover/autodiscover.xml HTTP/1.1" 404 3740 "-" "Microsoft Office/16.0 (Windows NT 10.0; Microsoft Word 16.0.12130; Pro)"
80.28.7.184 - - [12/Dec/2019:15:42:50 +0100] "POST /autodiscover/autodiscover.xml HTTP/1.1" 404 3740 "-" "Microsoft Office/16.0 (Windows NT 10.0; Microsoft Outlook 16.0.12130; Pro)"
182.247.36.42 - - [12/Dec/2019:16:32:32 +0100] "GET / HTTP/1.1" 200 3686 "-" "Mozilla/5.0 (Linux; Android 7.0; FRD-AL00 Build/HUAWEIFRD-AL00; wv) AppleWebKit/537.36 (KHTML, like Gecko) Version/4.0 Chrome/53.0.2785.49 Mobile MQQBrowser/6.2 TBS/043602 Safari/537.36 MicroMessenger/6.5.16.1120 NetType/WIFI Language/zh_CN"
159.138.152.148 - - [12/Dec/2019:18:24:54 +0100] "GET / HTTP/1.1" 200 3686 "-" "Mozilla/5.0(Linux;U;Android 5.1.1;zh-CN;OPPO A33 Build/LMY47V) AppleWebKit/537.36(KHTML,like Gecko) Version/4.0 Chrome/40.0.2214.89 UCBrowser/11.7.0.953 Mobile Safari/537.36"
209.17.96.114 - - [13/Dec/2019:04:35:49 +0100] "GET / HTTP/1.1" 200 3672 "-" "Mozilla/5.0 (compatible; Nimbostratus-Bot/v1.3.2; http://cloudsystemnetworks.com)"
188.127.168.25 - - [13/Dec/2019:09:08:27 +0100] "POST /AutoDiscover/autodiscover.xml HTTP/1.1" 404 3740 "-" "Microsoft Office/16.0 (Windows NT 10.0; Microsoft Excel 16.0.12228; Pro)"
188.127.168.25 - - [13/Dec/2019:09:26:15 +0100] "POST /AutoDiscover/autodiscover.xml HTTP/1.1" 404 3740 "-" "Microsoft Office/16.0 (Windows NT 10.0; Microsoft Excel 16.0.12130; Pro)"
188.127.168.25 - - [13/Dec/2019:13:49:30 +0100] "POST /AutoDiscover/autodiscover.xml HTTP/1.1" 404 3740 "-" "Microsoft Office/16.0 (Windows NT 10.0; Microsoft Word 16.0.12228; Pro)"
188.127.168.25 - - [13/Dec/2019:13:49:59 +0100] "POST /AutoDiscover/autodiscover.xml HTTP/1.1" 404 3740 "-" "Microsoft Office/16.0 (Windows NT 10.0; Microsoft Word 16.0.12228; Pro)"
40.89.183.57 - - [15/Dec/2019:10:35:15 +0100] "HEAD / HTTP/1.1" 200 3259 "https://www.iticsl.es" "Mozilla/5.0 (Windows; U; Windows NT 6.1; en-US; rv:1.9.2.28) Gecko/20120306 Firefox/3.6.28"
188.127.168.25 - - [16/Dec/2019:09:20:18 +0100] "POST /AutoDiscover/autodiscover.xml HTTP/1.1" 404 3740 "-" "Microsoft Office/16.0 (Windows NT 10.0; Microsoft Excel 16.0.12228; Pro)"
188.127.168.25 - - [16/Dec/2019:09:24:08 +0100] "POST /AutoDiscover/autodiscover.xml HTTP/1.1" 404 3740 "-" "Microsoft Office/16.0 (Windows NT 10.0; Microsoft Word 16.0.12228; Pro)"
188.127.168.25 - - [16/Dec/2019:09:25:49 +0100] "POST /AutoDiscover/autodiscover.xml HTTP/1.1" 404 3740 "-" "Microsoft Office/16.0 (Windows NT 10.0; Microsoft Excel 16.0.12130; Pro)"
188.127.168.25 - - [16/Dec/2019:09:49:36 +0100] "POST /AutoDiscover/autodiscover.xml HTTP/1.1" 404 3740 "-" "Microsoft Office/16.0 (Windows NT 10.0; Microsoft Word 16.0.12228; Pro)"
188.127.168.25 - - [16/Dec/2019:11:09:50 +0100] "POST /AutoDiscover/autodiscover.xml HTTP/1.1" 404 3740 "-" "Microsoft Office/16.0 (Windows NT 10.0; Microsoft Excel 16.0.12228; Pro)"
80.28.7.184 - - [16/Dec/2019:21:41:01 +0100] "POST /autodiscover/autodiscover.xml HTTP/1.1" 404 3740 "-" "Microsoft Office/16.0 (Windows NT 10.0; Microsoft Outlook 16.0.12228; Pro)"
34.242.52.177 - - [17/Dec/2019:03:12:24 +0100] "GET /robots.txt HTTP/1.1" 404 3684 "-" "PleskBot"
34.242.52.177 - - [17/Dec/2019:03:12:25 +0100] "GET / HTTP/1.1" 200 3881 "-" "PleskBot"
188.127.168.25 - - [17/Dec/2019:09:26:05 +0100] "POST /AutoDiscover/autodiscover.xml HTTP/1.1" 404 3740 "-" "Microsoft Office/16.0 (Windows NT 10.0; Microsoft Excel 16.0.12130; Pro)"
188.127.168.25 - - [17/Dec/2019:09:30:56 +0100] "POST /AutoDiscover/autodiscover.xml HTTP/1.1" 404 3740 "-" "Microsoft Office/16.0 (Windows NT 10.0; Microsoft Excel 16.0.12130; Pro)"
188.127.168.25 - - [17/Dec/2019:09:37:55 +0100] "POST /AutoDiscover/autodiscover.xml HTTP/1.1" 404 3740 "-" "Microsoft Office/16.0 (Windows NT 10.0; Microsoft Excel 16.0.12228; Pro)"
188.127.168.25 - - [17/Dec/2019:09:55:24 +0100] "POST /AutoDiscover/autodiscover.xml HTTP/1.1" 404 3740 "-" "Microsoft Office/16.0 (Windows NT 10.0; Microsoft Word 16.0.12228; Pro)"
188.127.168.25 - - [17/Dec/2019:14:19:22 +0100] "POST /AutoDiscover/autodiscover.xml HTTP/1.1" 404 3740 "-" "Microsoft Office/16.0 (Windows NT 10.0; Microsoft Word 16.0.12228; Pro)"
209.17.96.66 - - [17/Dec/2019:15:48:07 +0100] "GET / HTTP/1.1" 200 3672 "-" "Mozilla/5.0 (compatible; Nimbostratus-Bot/v1.3.2; http://cloudsystemnetworks.com)"
188.127.168.25 - - [17/Dec/2019:16:15:33 +0100] "POST /AutoDiscover/autodiscover.xml HTTP/1.1" 404 3740 "-" "Microsoft Office/16.0 (Windows NT 10.0; Microsoft Word 16.0.12228; Pro)"
34.242.52.177 - - [18/Dec/2019:02:47:33 +0100] "GET /robots.txt HTTP/1.1" 404 3684 "-" "PleskBot"
34.242.52.177 - - [18/Dec/2019:02:47:40 +0100] "GET / HTTP/1.1" 200 3881 "-" "PleskBot"
209.17.96.98 - - [18/Dec/2019:04:02:38 +0100] "GET / HTTP/1.1" 200 3672 "-" "Mozilla/5.0 (compatible; Nimbostratus-Bot/v1.3.2; http://cloudsystemnetworks.com)"
188.127.168.25 - - [18/Dec/2019:09:31:33 +0100] "POST /AutoDiscover/autodiscover.xml HTTP/1.1" 404 3740 "-" "Microsoft Office/16.0 (Windows NT 10.0; Microsoft Excel 16.0.12130; Pro)"
188.127.168.25 - - [18/Dec/2019:11:36:55 +0100] "POST /AutoDiscover/autodiscover.xml HTTP/1.1" 404 3740 "-" "Microsoft Office/16.0 (Windows NT 10.0; Microsoft Word 16.0.12228; Pro)"
188.127.168.25 - - [18/Dec/2019:15:12:03 +0100] "POST /AutoDiscover/autodiscover.xml HTTP/1.1" 404 3740 "-" "Microsoft Office/16.0 (Windows NT 10.0; Microsoft Excel 16.0.12228; Pro)"
188.127.168.25 - - [18/Dec/2019:16:16:25 +0100] "POST /AutoDiscover/autodiscover.xml HTTP/1.1" 404 3740 "-" "Microsoft Office/16.0 (Windows NT 10.0; Microsoft Excel 16.0.12228; Pro)"
188.127.168.25 - - [19/Dec/2019:09:32:39 +0100] "POST /AutoDiscover/autodiscover.xml HTTP/1.1" 404 3740 "-" "Microsoft Office/16.0 (Windows NT 10.0; Microsoft Excel 16.0.12130; Pro)"
188.127.168.25 - - [19/Dec/2019:10:13:48 +0100] "POST /AutoDiscover/autodiscover.xml HTTP/1.1" 404 3740 "-" "Microsoft Office/16.0 (Windows NT 10.0; Microsoft Excel 16.0.12228; Pro)"
188.127.168.25 - - [19/Dec/2019:10:15:27 +0100] "POST /AutoDiscover/autodiscover.xml HTTP/1.1" 404 3740 "-" "Microsoft Office/16.0 (Windows NT 10.0; Microsoft Word 16.0.12228; Pro)"
188.127.168.25 - - [19/Dec/2019:10:36:16 +0100] "POST /AutoDiscover/autodiscover.xml HTTP/1.1" 404 3740 "-" "Microsoft Office/16.0 (Windows NT 10.0; Microsoft Excel 16.0.12228; Pro)"
188.127.168.25 - - [19/Dec/2019:13:05:27 +0100] "POST /AutoDiscover/autodiscover.xml HTTP/1.1" 404 3740 "-" "Microsoft Office/16.0 (Windows NT 10.0; Microsoft Excel 16.0.12228; Pro)"
159.138.154.248 - - [19/Dec/2019:18:08:09 +0100] "GET / HTTP/1.1" 200 3686 "-" "Mozilla/5.0 (Linux; Android 7.0; FRD-AL00 Build/HUAWEIFRD-AL00; wv) AppleWebKit/537.36 (KHTML, like Gecko) Version/4.0 Chrome/53.0.2785.49 Mobile MQQBrowser/6.2 TBS/043602 Safari/537.36 MicroMessenger/6.5.16.1120 NetType/WIFI Language/zh_CN"
159.138.159.44 - - [19/Dec/2019:18:08:14 +0100] "GET / HTTP/1.1" 200 3918 "-" "Mozilla/5.0 (X11; Linux x86_64) AppleWebKit/602.1 (KHTML, like Gecko) splash Version/10.0 Safari/602.1"
13.59.190.158 - - [20/Dec/2019:05:18:17 +0100] "GET / HTTP/1.1" 200 3918 "-" "Mozilla/5.0 (X11; Linux x86_64) AppleWebKit/537.36 (KHTML, like Gecko) Chrome/75.0.3770.142 Safari/537.36"
13.59.190.158 - - [20/Dec/2019:05:18:17 +0100] "GET / HTTP/1.1" 200 3918 "-" "Mozilla/5.0 (X11; Linux x86_64) AppleWebKit/537.36 (KHTML, like Gecko) Chrome/75.0.3770.142 Safari/537.36"
66.249.64.13 - - [20/Dec/2019:06:54:51 +0100] "GET /robots.txt HTTP/1.1" 404 3721 "-" "Mozilla/5.0 (compatible; Googlebot/2.1; +http://www.google.com/bot.html)"
66.249.64.10 - - [20/Dec/2019:06:54:52 +0100] "GET /.well-known/assetlinks.json HTTP/1.1" 404 3738 "-" "Mozilla/5.0 (compatible; Googlebot/2.1; +http://www.google.com/bot.html)"
188.127.168.25 - - [20/Dec/2019:09:36:21 +0100] "POST /AutoDiscover/autodiscover.xml HTTP/1.1" 404 3740 "-" "Microsoft Office/16.0 (Windows NT 10.0; Microsoft Excel 16.0.12228; Pro)"
188.127.168.25 - - [20/Dec/2019:09:46:14 +0100] "POST /AutoDiscover/autodiscover.xml HTTP/1.1" 404 3740 "-" "Microsoft Office/16.0 (Windows NT 10.0; Microsoft Excel 16.0.12130; Pro)"
188.127.168.25 - - [20/Dec/2019:10:22:28 +0100] "POST /AutoDiscover/autodiscover.xml HTTP/1.1" 404 3740 "-" "Microsoft Office/16.0 (Windows NT 10.0; Microsoft Word 16.0.12228; Pro)"
209.17.97.58 - - [20/Dec/2019:10:32:30 +0100] "GET / HTTP/1.1" 200 3672 "-" "Mozilla/5.0 (compatible; Nimbostratus-Bot/v1.3.2; http://cloudsystemnetworks.com)"
188.127.168.25 - - [20/Dec/2019:10:41:54 +0100] "POST /AutoDiscover/autodiscover.xml HTTP/1.1" 404 3740 "-" "Microsoft Office/16.0 (Windows NT 10.0; Microsoft Word 16.0.12228; Pro)"
188.127.168.25 - - [20/Dec/2019:11:12:34 +0100] "POST /AutoDiscover/autodiscover.xml HTTP/1.1" 404 3740 "-" "Microsoft Office/16.0 (Windows NT 10.0; Microsoft Word 16.0.12228; Pro)"
209.17.96.10 - - [20/Dec/2019:11:12:48 +0100] "GET / HTTP/1.1" 200 3672 "-" "Mozilla/5.0 (compatible; Nimbostratus-Bot/v1.3.2; http://cloudsystemnetworks.com)"
188.127.168.25 - - [20/Dec/2019:11:15:35 +0100] "POST /AutoDiscover/autodiscover.xml HTTP/1.1" 404 3740 "-" "Microsoft Office/16.0 (Windows NT 10.0; Microsoft Word 16.0.12228; Pro)"
188.127.168.25 - - [20/Dec/2019:13:08:25 +0100] "POST /AutoDiscover/autodiscover.xml HTTP/1.1" 404 3740 "-" "Microsoft Office/16.0 (Windows NT 10.0; Microsoft Excel 16.0.12228; Pro)"
112.239.27.151 - - [21/Dec/2019:01:58:52 +0100] "GET / HTTP/1.1" 200 3686 "-" "Mozilla/5.0(Linux;U;Android 5.1.1;zh-CN;OPPO A33 Build/LMY47V) AppleWebKit/537.36(KHTML,like Gecko) Version/4.0 Chrome/40.0.2214.89 UCBrowser/11.7.0.953 Mobile Safari/537.36"
114.232.3.241 - - [21/Dec/2019:02:03:28 +0100] "GET / HTTP/1.1" 200 3686 "-" "Mozilla/5.0(Linux;Android 5.1.1;OPPO A33 Build/LMY47V;wv) AppleWebKit/537.36(KHTML,link Gecko) Version/4.0 Chrome/43.0.2357.121 Mobile Safari/537.36 LieBaoFast/4.51.3"
111.22.15.230 - - [21/Dec/2019:10:52:14 +0100] "GET / HTTP/1.1" 200 3686 "-" "Mozilla/5.0(Linux;U;Android 5.1.1;zh-CN;OPPO A33 Build/LMY47V) AppleWebKit/537.36(KHTML,like Gecko) Version/4.0 Chrome/40.0.2214.89 UCBrowser/11.7.0.953 Mobile Safari/537.36"
188.127.168.25 - - [23/Dec/2019:12:27:09 +0100] "POST /AutoDiscover/autodiscover.xml HTTP/1.1" 404 3740 "-" "Microsoft Office/16.0 (Windows NT 10.0; Microsoft Excel 16.0.12228; Pro)"
51.158.114.198 - - [24/Dec/2019:02:52:58 +0100] "GET / HTTP/1.1" 200 3862 "-" "Mozilla/5.0 (X11; Linux x86_64) AppleWebKit/537.36 (KHTML, like Gecko) Chrome/78.0.3904.108 Safari/537.36"
209.17.96.114 - - [24/Dec/2019:06:03:09 +0100] "GET / HTTP/1.1" 200 3672 "-" "Mozilla/5.0 (compatible; Nimbostratus-Bot/v1.3.2; http://cloudsystemnetworks.com)"
195.235.92.34 - - [24/Dec/2019:07:23:36 +0100] "GET / HTTP/1.1" 200 3862 "-" "Mozilla/5.0 (X11; Fedora; Linux x86_64) AppleWebKit/537.36 (KHTML, like Gecko) Chrome/75.0.3770.100 Safari/537.36"
209.17.97.10 - - [24/Dec/2019:23:47:39 +0100] "GET / HTTP/1.1" 200 3672 "-" "Mozilla/5.0 (compatible; Nimbostratus-Bot/v1.3.2; http://cloudsystemnetworks.com)"
51.15.242.22 - - [25/Dec/2019:02:12:45 +0100] "GET / HTTP/1.1" 200 3862 "-" "Mozilla/5.0 (X11; Linux x86_64) AppleWebKit/537.36 (KHTML, like Gecko) Chrome/78.0.3904.108 Safari/537.36"
54.191.215.137 - - [26/Dec/2019:04:59:03 +0100] "GET / HTTP/1.1" 200 3667 "-" "Go-http-client/1.1"
188.127.168.25 - - [26/Dec/2019:09:24:48 +0100] "POST /AutoDiscover/autodiscover.xml HTTP/1.1" 404 3740 "-" "Microsoft Office/16.0 (Windows NT 10.0; Microsoft Word 16.0.12228; Pro)"
51.83.76.139 - - [26/Dec/2019:14:47:52 +0100] "GET /.git/config HTTP/1.1" 404 3472 "-" "Go-http-client/1.1"
191.96.82.117 - - [26/Dec/2019:15:26:15 +0100] "GET / HTTP/1.1" 200 3724 "-" "Mozilla/5.0 (Windows NT 10.0; WOW64) AppleWebKit/537.36 (KHTML, like Gecko) Chrome/53.0.2785.116 Safari/537.36"
188.127.168.25 - - [27/Dec/2019:09:40:22 +0100] "POST /AutoDiscover/autodiscover.xml HTTP/1.1" 404 3741 "-" "Microsoft Office/16.0 (Windows NT 10.0; Microsoft Word 16.0.12228; Pro)"
209.17.97.10 - - [27/Dec/2019:10:01:27 +0100] "GET / HTTP/1.1" 200 3673 "-" "Mozilla/5.0 (compatible; Nimbostratus-Bot/v1.3.2; http://cloudsystemnetworks.com)"
163.172.70.242 - - [27/Dec/2019:10:45:29 +0100] "GET / HTTP/1.1" 200 3668 "-" "Mozilla/5.0 (X11; Ubuntu; Linux x86_64; rv:58.0) Gecko/20100101 Firefox/58.0"
188.127.168.25 - - [27/Dec/2019:13:13:58 +0100] "POST /AutoDiscover/autodiscover.xml HTTP/1.1" 404 3741 "-" "Microsoft Office/16.0 (Windows NT 10.0; Microsoft Word 16.0.12228; Pro)"
209.17.96.18 - - [28/Dec/2019:06:52:59 +0100] "GET / HTTP/1.1" 200 3673 "-" "Mozilla/5.0 (compatible; Nimbostratus-Bot/v1.3.2; http://cloudsystemnetworks.com)"
159.138.154.66 - - [29/Dec/2019:22:29:32 +0100] "GET / HTTP/1.1" 200 3687 "-" "Mozilla/5.0 (Linux; Android 7.0; FRD-AL00 Build/HUAWEIFRD-AL00; wv) AppleWebKit/537.36 (KHTML, like Gecko) Version/4.0 Chrome/53.0.2785.49 Mobile MQQBrowser/6.2 TBS/043602 Safari/537.36 MicroMessenger/6.5.16.1120 NetType/WIFI Language/zh_CN"
159.138.157.181 - - [30/Dec/2019:06:06:08 +0100] "GET / HTTP/1.1" 200 3687 "-" "Mozilla/5.0 (Linux; Android 7.0; FRD-AL00 Build/HUAWEIFRD-AL00; wv) AppleWebKit/537.36 (KHTML, like Gecko) Version/4.0 Chrome/53.0.2785.49 Mobile MQQBrowser/6.2 TBS/043602 Safari/537.36 MicroMessenger/6.5.16.1120 NetType/WIFI Language/zh_CN"
159.138.152.239 - - [30/Dec/2019:06:06:10 +0100] "GET / HTTP/1.1" 200 3919 "-" "Mozilla/5.0 (X11; Linux x86_64) AppleWebKit/602.1 (KHTML, like Gecko) splash Version/10.0 Safari/602.1"
159.138.153.85 - - [30/Dec/2019:07:58:34 +0100] "GET / HTTP/1.1" 200 3687 "-" "Mozilla/5.0(Linux;Android 5.1.1;OPPO A33 Build/LMY47V;wv) AppleWebKit/537.36(KHTML,link Gecko) Version/4.0 Chrome/43.0.2357.121 Mobile Safari/537.36 LieBaoFast/4.51.3"
159.138.158.220 - - [30/Dec/2019:07:58:36 +0100] "GET / HTTP/1.1" 200 3919 "-" "Mozilla/5.0 (X11; Linux x86_64) AppleWebKit/602.1 (KHTML, like Gecko) splash Version/10.0 Safari/602.1"
188.127.168.25 - - [30/Dec/2019:09:28:46 +0100] "POST /AutoDiscover/autodiscover.xml HTTP/1.1" 404 3741 "-" "Microsoft Office/16.0 (Windows NT 10.0; Microsoft Excel 16.0.12228; Pro)"
188.127.168.25 - - [30/Dec/2019:09:31:06 +0100] "POST /AutoDiscover/autodiscover.xml HTTP/1.1" 404 3741 "-" "Microsoft Office/16.0 (Windows NT 10.0; Microsoft Excel 16.0.12130; Pro)"
188.127.168.25 - - [30/Dec/2019:10:15:44 +0100] "POST /AutoDiscover/autodiscover.xml HTTP/1.1" 404 3741 "-" "Microsoft Office/16.0 (Windows NT 10.0; Microsoft Excel 16.0.12228; Pro)"
209.17.97.2 - - [31/Dec/2019:02:04:46 +0100] "GET / HTTP/1.1" 200 3673 "-" "Mozilla/5.0 (compatible; Nimbostratus-Bot/v1.3.2; http://cloudsystemnetworks.com)"
209.17.97.34 - - [31/Dec/2019:14:58:59 +0100] "GET / HTTP/1.1" 200 3673 "-" "Mozilla/5.0 (compatible; Nimbostratus-Bot/v1.3.2; http://cloudsystemnetworks.com)"
54.218.76.123 - - [01/Jan/2020:05:43:34 +0100] "GET / HTTP/1.1" 200 3668 "-" "Go-http-client/1.1"
66.249.64.10 - - [01/Jan/2020:10:55:58 +0100] "GET /robots.txt HTTP/1.1" 404 3722 "-" "Mozilla/5.0 (compatible; Googlebot/2.1; +http://www.google.com/bot.html)"
66.249.64.13 - - [01/Jan/2020:10:55:59 +0100] "GET /.well-known/assetlinks.json HTTP/1.1" 404 3739 "-" "Mozilla/5.0 (compatible; Googlebot/2.1; +http://www.google.com/bot.html)"
188.127.168.25 - - [02/Jan/2020:09:02:03 +0100] "POST /AutoDiscover/autodiscover.xml HTTP/1.1" 404 3741 "-" "Microsoft Office/16.0 (Windows NT 10.0; Microsoft Excel 16.0.12130; Pro)"
188.127.168.25 - - [02/Jan/2020:09:52:14 +0100] "POST /AutoDiscover/autodiscover.xml HTTP/1.1" 404 3741 "-" "Microsoft Office/16.0 (Windows NT 10.0; Microsoft Excel 16.0.12228; Pro)"
188.127.168.25 - - [02/Jan/2020:10:24:03 +0100] "POST /AutoDiscover/autodiscover.xml HTTP/1.1" 404 3741 "-" "Microsoft Office/16.0 (Windows NT 10.0; Microsoft Excel 16.0.12228; Pro)"
188.127.168.25 - - [02/Jan/2020:11:37:39 +0100] "POST /AutoDiscover/autodiscover.xml HTTP/1.1" 404 3741 "-" "Microsoft Office/16.0 (Windows NT 10.0; Microsoft Excel 16.0.12228; Pro)"
188.127.168.25 - - [03/Jan/2020:11:25:48 +0100] "POST /AutoDiscover/autodiscover.xml HTTP/1.1" 404 3741 "-" "Microsoft Office/16.0 (Windows NT 10.0; Microsoft Excel 16.0.12228; Pro)"
188.127.168.25 - - [03/Jan/2020:13:06:03 +0100] "POST /AutoDiscover/autodiscover.xml HTTP/1.1" 404 3741 "-" "Microsoft Office/16.0 (Windows NT 10.0; Microsoft Word 16.0.12228; Pro)"
188.127.168.25 - - [03/Jan/2020:13:45:15 +0100] "POST /AutoDiscover/autodiscover.xml HTTP/1.1" 404 3741 "-" "Microsoft Office/16.0 (Windows NT 10.0; Microsoft Excel 16.0.12228; Pro)"
54.72.78.61 - - [04/Jan/2020:03:13:12 +0100] "GET /robots.txt HTTP/1.1" 404 3685 "-" "PleskBot"
54.72.78.61 - - [04/Jan/2020:03:13:12 +0100] "GET / HTTP/1.1" 200 3882 "-" "PleskBot"
209.17.96.34 - - [04/Jan/2020:12:36:32 +0100] "GET / HTTP/1.1" 200 3673 "-" "Mozilla/5.0 (compatible; Nimbostratus-Bot/v1.3.2; http://cloudsystemnetworks.com)"
209.17.97.2 - - [04/Jan/2020:12:55:40 +0100] "GET / HTTP/1.1" 200 3673 "-" "Mozilla/5.0 (compatible; Nimbostratus-Bot/v1.3.2; http://cloudsystemnetworks.com)"
66.249.69.12 - - [04/Jan/2020:17:19:51 +0100] "GET /robots.txt HTTP/1.1" 404 3722 "-" "Mozilla/5.0 (compatible; Googlebot/2.1; +http://www.google.com/bot.html)"
66.249.69.12 - - [04/Jan/2020:17:19:51 +0100] "GET /.well-known/assetlinks.json HTTP/1.1" 404 483 "-" "Mozilla/5.0 (compatible; Googlebot/2.1; +http://www.google.com/bot.html)"
159.138.149.1 - - [05/Jan/2020:03:45:09 +0100] "GET /robots.txt HTTP/1.1" 404 3490 "-" "Mozilla/5.0(Linux;Android 5.1.1;OPPO A33 Build/LMY47V;wv) AppleWebKit/537.36(KHTML,link Gecko) Version/4.0 Chrome/42.0.2311.138 Mobile Safari/537.36 Mb2345Browser/9.0"
199.249.230.118 - - [06/Jan/2020:02:30:18 +0100] "GET /.git/config HTTP/1.1" 404 3472 "-" "Go-http-client/1.1"
159.138.148.145 - - [06/Jan/2020:10:53:42 +0100] "GET /robots.txt HTTP/1.1" 404 3490 "-" "Mozilla/5.0(Linux;Android 5.1.1;OPPO A33 Build/LMY47V;wv) AppleWebKit/537.36(KHTML,link Gecko) Version/4.0 Chrome/43.0.2357.121 Mobile Safari/537.36 LieBaoFast/4.51.3"
167.71.191.193 - - [06/Jan/2020:23:00:27 +0100] "GET / HTTP/1.0" 200 3882 "-" "Mozilla/5.0 (compatible; NetcraftSurveyAgent/1.0; +info@netcraft.com)"
68.183.159.42 - - [07/Jan/2020:01:42:09 +0100] "GET / HTTP/1.0" 200 9481 "-" "Mozilla/5.0 (compatible; NetcraftSurveyAgent/1.0; +info@netcraft.com)"
209.97.146.160 - - [07/Jan/2020:01:47:12 +0100] "GET / HTTP/1.0" 200 3882 "-" "Mozilla/5.0 (compatible; NetcraftSurveyAgent/1.0; +info@netcraft.com)"
188.127.168.25 - - [07/Jan/2020:09:26:32 +0100] "POST /AutoDiscover/autodiscover.xml HTTP/1.1" 404 3741 "-" "Microsoft Office/16.0 (Windows NT 10.0; Microsoft Word 16.0.12228; Pro)"
188.127.168.25 - - [07/Jan/2020:09:30:28 +0100] "POST /AutoDiscover/autodiscover.xml HTTP/1.1" 404 3741 "-" "Microsoft Office/16.0 (Windows NT 10.0; Microsoft Word 16.0.12228; Pro)"
188.127.168.25 - - [07/Jan/2020:09:40:03 +0100] "POST /AutoDiscover/autodiscover.xml HTTP/1.1" 404 3741 "-" "Microsoft Office/16.0 (Windows NT 10.0; Microsoft Word 16.0.12228; Pro)"
188.127.168.25 - - [07/Jan/2020:09:47:23 +0100] "POST /AutoDiscover/autodiscover.xml HTTP/1.1" 404 3741 "-" "Microsoft Office/16.0 (Windows NT 10.0; Microsoft Excel 16.0.12228; Pro)"
188.127.168.25 - - [07/Jan/2020:12:44:25 +0100] "POST /AutoDiscover/autodiscover.xml HTTP/1.1" 404 3741 "-" "Microsoft Office/16.0 (Windows NT 10.0; Microsoft Word 16.0.12228; Pro)"
209.17.97.90 - - [07/Jan/2020:17:11:46 +0100] "GET / HTTP/1.1" 200 3673 "-" "Mozilla/5.0 (compatible; Nimbostratus-Bot/v1.3.2; http://cloudsystemnetworks.com)"
188.127.168.25 - - [08/Jan/2020:09:16:09 +0100] "POST /AutoDiscover/autodiscover.xml HTTP/1.1" 404 3741 "-" "Microsoft Office/16.0 (Windows NT 10.0; Microsoft Excel 16.0.12228; Pro)"
188.127.168.25 - - [08/Jan/2020:09:46:54 +0100] "POST /AutoDiscover/autodiscover.xml HTTP/1.1" 404 3741 "-" "Microsoft Office/16.0 (Windows NT 10.0; Microsoft Word 16.0.12228; Pro)"
188.127.168.25 - - [08/Jan/2020:11:15:53 +0100] "POST /AutoDiscover/autodiscover.xml HTTP/1.1" 404 3741 "-" "Microsoft Office/16.0 (Windows NT 10.0; Microsoft Excel 16.0.12228; Pro)"
188.127.168.25 - - [08/Jan/2020:12:17:52 +0100] "POST /AutoDiscover/autodiscover.xml HTTP/1.1" 404 3741 "-" "Microsoft Office/16.0 (Windows NT 10.0; Microsoft Word 16.0.12228; Pro)"
188.127.168.25 - - [08/Jan/2020:14:00:42 +0100] "POST /AutoDiscover/autodiscover.xml HTTP/1.1" 404 3741 "-" "Microsoft Office/16.0 (Windows NT 10.0; Microsoft Word 16.0.12228; Pro)"
188.127.168.25 - - [09/Jan/2020:10:02:20 +0100] "POST /AutoDiscover/autodiscover.xml HTTP/1.1" 404 3741 "-" "Microsoft Office/16.0 (Windows NT 10.0; Microsoft Excel 16.0.12228; Pro)"
188.127.168.25 - - [09/Jan/2020:14:04:53 +0100] "POST /AutoDiscover/autodiscover.xml HTTP/1.1" 404 3741 "-" "Microsoft Office/16.0 (Windows NT 10.0; Microsoft Excel 16.0.12228; Pro)"
188.127.168.25 - - [09/Jan/2020:14:36:50 +0100] "POST /AutoDiscover/autodiscover.xml HTTP/1.1" 404 3741 "-" "Microsoft Office/16.0 (Windows NT 10.0; Microsoft Excel 16.0.12228; Pro)"
188.127.168.25 - - [10/Jan/2020:09:07:44 +0100] "POST /AutoDiscover/autodiscover.xml HTTP/1.1" 404 3741 "-" "Microsoft Office/16.0 (Windows NT 10.0; Microsoft Word 16.0.12228; Pro)"
188.127.168.25 - - [10/Jan/2020:09:25:50 +0100] "POST /AutoDiscover/autodiscover.xml HTTP/1.1" 404 3741 "-" "Microsoft Office/16.0 (Windows NT 10.0; Microsoft Word 16.0.12228; Pro)"
188.127.168.25 - - [10/Jan/2020:10:23:56 +0100] "POST /AutoDiscover/autodiscover.xml HTTP/1.1" 404 3741 "-" "Microsoft Office/16.0 (Windows NT 10.0; Microsoft Excel 16.0.12228; Pro)"
188.127.168.25 - - [10/Jan/2020:11:53:57 +0100] "POST /AutoDiscover/autodiscover.xml HTTP/1.1" 404 3741 "-" "Microsoft Office/16.0 (Windows NT 10.0; Microsoft Excel 16.0.12228; Pro)"
188.127.168.25 - - [10/Jan/2020:14:49:22 +0100] "POST /AutoDiscover/autodiscover.xml HTTP/1.1" 404 3741 "-" "Microsoft Office/16.0 (Windows NT 10.0; Microsoft Excel 16.0.12228; Pro)"
209.17.97.50 - - [10/Jan/2020:17:53:03 +0100] "GET / HTTP/1.1" 200 3673 "-" "Mozilla/5.0 (compatible; Nimbostratus-Bot/v1.3.2; http://cloudsystemnetworks.com)"
209.17.96.226 - - [13/Jan/2020:06:22:17 +0100] "GET / HTTP/1.1" 200 3673 "-" "Mozilla/5.0 (compatible; Nimbostratus-Bot/v1.3.2; http://cloudsystemnetworks.com)"
188.127.168.25 - - [13/Jan/2020:09:28:10 +0100] "POST /AutoDiscover/autodiscover.xml HTTP/1.1" 404 3741 "-" "Microsoft Office/16.0 (Windows NT 10.0; Microsoft Word 16.0.12325; Pro)"
188.127.168.25 - - [13/Jan/2020:09:29:33 +0100] "POST /AutoDiscover/autodiscover.xml HTTP/1.1" 404 3741 "-" "Microsoft Office/16.0 (Windows NT 10.0; Microsoft Excel 16.0.12228; Pro)"
188.127.168.25 - - [13/Jan/2020:09:57:08 +0100] "POST /AutoDiscover/autodiscover.xml HTTP/1.1" 404 3741 "-" "Microsoft Office/16.0 (Windows NT 10.0; Microsoft Excel 16.0.12325; Pro)"
188.127.168.25 - - [13/Jan/2020:11:06:26 +0100] "POST /AutoDiscover/autodiscover.xml HTTP/1.1" 404 3741 "-" "Microsoft Office/16.0 (Windows NT 10.0; Microsoft Word 16.0.12325; Pro)"
188.127.168.25 - - [13/Jan/2020:13:37:57 +0100] "POST /AutoDiscover/autodiscover.xml HTTP/1.1" 404 3741 "-" "Microsoft Office/16.0 (Windows NT 10.0; Microsoft Word 16.0.12325; Pro)"
188.127.168.25 - - [13/Jan/2020:14:25:17 +0100] "POST /AutoDiscover/autodiscover.xml HTTP/1.1" 404 3741 "-" "Microsoft Office/16.0 (Windows NT 10.0; Microsoft Word 16.0.12325; Pro)"
188.127.168.25 - - [14/Jan/2020:09:49:04 +0100] "POST /AutoDiscover/autodiscover.xml HTTP/1.1" 404 3741 "-" "Microsoft Office/16.0 (Windows NT 10.0; Microsoft Excel 16.0.12228; Pro)"
188.127.168.25 - - [14/Jan/2020:11:07:24 +0100] "POST /AutoDiscover/autodiscover.xml HTTP/1.1" 404 3741 "-" "Microsoft Office/16.0 (Windows NT 10.0; Microsoft Excel 16.0.12325; Pro)"
188.127.168.25 - - [14/Jan/2020:12:23:58 +0100] "POST /AutoDiscover/autodiscover.xml HTTP/1.1" 404 3741 "-" "Microsoft Office/16.0 (Windows NT 10.0; Microsoft Excel 16.0.12325; Pro)"
188.127.168.25 - - [14/Jan/2020:14:00:48 +0100] "POST /AutoDiscover/autodiscover.xml HTTP/1.1" 404 3741 "-" "Microsoft Office/16.0 (Windows NT 10.0; Microsoft Word 16.0.12325; Pro)"
188.127.168.25 - - [14/Jan/2020:15:33:59 +0100] "POST /AutoDiscover/autodiscover.xml HTTP/1.1" 404 3741 "-" "Microsoft Office/16.0 (Windows NT 10.0; Microsoft Excel 16.0.12325; Pro)"
188.127.168.25 - - [15/Jan/2020:10:08:19 +0100] "POST /AutoDiscover/autodiscover.xml HTTP/1.1" 404 3741 "-" "Microsoft Office/16.0 (Windows NT 10.0; Microsoft Word 16.0.12325; Pro)"
188.127.168.25 - - [15/Jan/2020:11:43:09 +0100] "POST /AutoDiscover/autodiscover.xml HTTP/1.1" 404 3741 "-" "Microsoft Office/16.0 (Windows NT 10.0; Microsoft Word 16.0.12228; Pro)"
188.127.168.25 - - [15/Jan/2020:12:30:49 +0100] "POST /AutoDiscover/autodiscover.xml HTTP/1.1" 404 3741 "-" "Microsoft Office/16.0 (Windows NT 10.0; Microsoft Word 16.0.12325; Pro)"
188.127.168.25 - - [15/Jan/2020:14:21:20 +0100] "POST /AutoDiscover/autodiscover.xml HTTP/1.1" 404 3741 "-" "Microsoft Office/16.0 (Windows NT 10.0; Microsoft Excel 16.0.12325; Pro)"
188.127.168.25 - - [15/Jan/2020:15:58:28 +0100] "POST /AutoDiscover/autodiscover.xml HTTP/1.1" 404 3741 "-" "Microsoft Office/16.0 (Windows NT 10.0; Microsoft Word 16.0.12325; Pro)"
44.229.42.205 - - [16/Jan/2020:04:31:14 +0100] "GET / HTTP/1.1" 200 3668 "-" "Go-http-client/1.1"
66.249.64.13 - - [16/Jan/2020:09:52:26 +0100] "GET /robots.txt HTTP/1.1" 404 3722 "-" "Mozilla/5.0 (compatible; Googlebot/2.1; +http://www.google.com/bot.html)"
66.249.64.10 - - [16/Jan/2020:09:52:26 +0100] "GET /.well-known/assetlinks.json HTTP/1.1" 404 3739 "-" "Mozilla/5.0 (compatible; Googlebot/2.1; +http://www.google.com/bot.html)"
188.127.168.25 - - [16/Jan/2020:10:21:33 +0100] "POST /AutoDiscover/autodiscover.xml HTTP/1.1" 404 3741 "-" "Microsoft Office/16.0 (Windows NT 10.0; Microsoft Excel 16.0.12325; Pro)"
188.127.168.25 - - [16/Jan/2020:11:22:16 +0100] "POST /AutoDiscover/autodiscover.xml HTTP/1.1" 404 3741 "-" "Microsoft Office/16.0 (Windows NT 10.0; Microsoft Word 16.0.12325; Pro)"
188.127.168.25 - - [16/Jan/2020:12:25:19 +0100] "POST /AutoDiscover/autodiscover.xml HTTP/1.1" 404 3741 "-" "Microsoft Office/16.0 (Windows NT 10.0; Microsoft Excel 16.0.12228; Pro)"
188.127.168.25 - - [16/Jan/2020:13:55:24 +0100] "POST /AutoDiscover/autodiscover.xml HTTP/1.1" 404 3741 "-" "Microsoft Office/16.0 (Windows NT 10.0; Microsoft Word 16.0.12325; Pro)"
188.127.168.25 - - [16/Jan/2020:16:34:35 +0100] "POST /AutoDiscover/autodiscover.xml HTTP/1.1" 404 3741 "-" "Microsoft Office/16.0 (Windows NT 10.0; Microsoft Excel 16.0.12325; Pro)"
188.127.168.25 - - [16/Jan/2020:17:22:31 +0100] "POST /AutoDiscover/autodiscover.xml HTTP/1.1" 404 3741 "-" "Microsoft Office/16.0 (Windows NT 10.0; Microsoft Word 16.0.12325; Pro)"
188.127.168.25 - - [17/Jan/2020:09:02:36 +0100] "POST /AutoDiscover/autodiscover.xml HTTP/1.1" 404 3741 "-" "Microsoft Office/16.0 (Windows NT 10.0; Microsoft Excel 16.0.12325; Pro)"
188.127.168.25 - - [17/Jan/2020:11:52:40 +0100] "POST /AutoDiscover/autodiscover.xml HTTP/1.1" 404 3741 "-" "Microsoft Office/16.0 (Windows NT 10.0; Microsoft Word 16.0.12325; Pro)"
188.127.168.25 - - [17/Jan/2020:13:11:15 +0100] "POST /AutoDiscover/autodiscover.xml HTTP/1.1" 404 3741 "-" "Microsoft Office/16.0 (Windows NT 10.0; Microsoft Excel 16.0.12228; Pro)"
194.99.104.30 - - [18/Jan/2020:17:56:39 +0100] "GET / HTTP/1.1" 200 3919 "-" "Mozilla/5.0 (Macintosh; Intel Mac OS X 10_9_3) AppleWebKit/537.36 (KHTML, like Gecko) Chrome/35.0.1916.47 Safari/537.36"
188.127.168.25 - - [20/Jan/2020:09:19:57 +0100] "POST /AutoDiscover/autodiscover.xml HTTP/1.1" 404 3741 "-" "Microsoft Office/16.0 (Windows NT 10.0; Microsoft Word 16.0.12228; Pro)"
188.127.168.25 - - [20/Jan/2020:09:56:55 +0100] "POST /AutoDiscover/autodiscover.xml HTTP/1.1" 404 3741 "-" "Microsoft Office/16.0 (Windows NT 10.0; Microsoft Excel 16.0.12325; Pro)"
188.127.168.25 - - [20/Jan/2020:10:01:18 +0100] "POST /AutoDiscover/autodiscover.xml HTTP/1.1" 404 3741 "-" "Microsoft Office/16.0 (Windows NT 10.0; Microsoft Word 16.0.12325; Pro)"
188.127.168.25 - - [20/Jan/2020:10:04:51 +0100] "POST /AutoDiscover/autodiscover.xml HTTP/1.1" 404 3741 "-" "Microsoft Office/16.0 (Windows NT 10.0; Microsoft Word 16.0.12325; Pro)"
188.127.168.25 - - [20/Jan/2020:11:25:58 +0100] "POST /AutoDiscover/autodiscover.xml HTTP/1.1" 404 3741 "-" "Microsoft Office/16.0 (Windows NT 10.0; Microsoft Excel 16.0.12325; Pro)"
80.28.7.184 - - [20/Jan/2020:16:47:24 +0100] "POST /AutoDiscover/autodiscover.xml HTTP/1.1" 404 3741 "-" "Microsoft Office/16.0 (Windows NT 10.0; Microsoft Excel 16.0.12325; Pro)"
18.237.200.115 - - [21/Jan/2020:05:28:41 +0100] "GET / HTTP/1.1" 200 3668 "-" "Go-http-client/1.1"
209.17.96.82 - - [21/Jan/2020:05:45:52 +0100] "GET / HTTP/1.1" 200 3673 "-" "Mozilla/5.0 (compatible; Nimbostratus-Bot/v1.3.2; http://cloudsystemnetworks.com)"
188.127.168.25 - - [21/Jan/2020:09:14:55 +0100] "POST /AutoDiscover/autodiscover.xml HTTP/1.1" 404 3741 "-" "Microsoft Office/16.0 (Windows NT 10.0; Microsoft Word 16.0.12325; Pro)"
188.127.168.25 - - [21/Jan/2020:10:07:44 +0100] "POST /AutoDiscover/autodiscover.xml HTTP/1.1" 404 3741 "-" "Microsoft Office/16.0 (Windows NT 10.0; Microsoft Excel 16.0.12325; Pro)"
188.127.168.25 - - [21/Jan/2020:11:25:51 +0100] "POST /AutoDiscover/autodiscover.xml HTTP/1.1" 404 3741 "-" "Microsoft Office/16.0 (Windows NT 10.0; Microsoft Word 16.0.12325; Pro)"
188.127.168.25 - - [21/Jan/2020:11:29:09 +0100] "POST /AutoDiscover/autodiscover.xml HTTP/1.1" 404 3741 "-" "Microsoft Office/16.0 (Windows NT 10.0; Microsoft Excel 16.0.12325; Pro)"
188.127.168.25 - - [21/Jan/2020:14:26:02 +0100] "POST /AutoDiscover/autodiscover.xml HTTP/1.1" 404 3741 "-" "Microsoft Office/16.0 (Windows NT 10.0; Microsoft Excel 16.0.12325; Pro)"
80.28.7.184 - - [21/Jan/2020:17:17:12 +0100] "POST /AutoDiscover/autodiscover.xml HTTP/1.1" 404 3741 "-" "Microsoft Office/16.0 (Windows NT 10.0; Microsoft Word 16.0.12325; Pro)"
34.243.227.98 - - [22/Jan/2020:03:07:06 +0100] "GET /robots.txt HTTP/1.1" 404 3685 "-" "PleskBot"
34.243.227.98 - - [22/Jan/2020:03:07:07 +0100] "GET / HTTP/1.1" 200 3882 "-" "PleskBot"
188.127.168.25 - - [22/Jan/2020:09:37:43 +0100] "POST /AutoDiscover/autodiscover.xml HTTP/1.1" 404 3741 "-" "Microsoft Office/16.0 (Windows NT 10.0; Microsoft Excel 16.0.12228; Pro)"
188.127.168.25 - - [22/Jan/2020:11:49:27 +0100] "POST /AutoDiscover/autodiscover.xml HTTP/1.1" 404 3741 "-" "Microsoft Office/16.0 (Windows NT 10.0; Microsoft Excel 16.0.12325; Pro)"
188.127.168.25 - - [22/Jan/2020:13:21:43 +0100] "POST /AutoDiscover/autodiscover.xml HTTP/1.1" 404 3741 "-" "Microsoft Office/16.0 (Windows NT 10.0; Microsoft Word 16.0.12325; Pro)"
80.28.7.184 - - [22/Jan/2020:18:56:30 +0100] "POST /AutoDiscover/autodiscover.xml HTTP/1.1" 404 3741 "-" "Microsoft Office/16.0 (Windows NT 10.0; Microsoft Excel 16.0.12325; Pro)"
188.127.168.25 - - [23/Jan/2020:09:24:19 +0100] "POST /AutoDiscover/autodiscover.xml HTTP/1.1" 404 3741 "-" "Microsoft Office/16.0 (Windows NT 10.0; Microsoft Excel 16.0.12325; Pro)"
