188.127.168.25 - - [23/Jan/2020:09:43:12 +0100] "POST /AutoDiscover/autodiscover.xml HTTP/1.1" 404 3741 "-" "Microsoft Office/16.0 (Windows NT 10.0; Microsoft Word 16.0.12325; Pro)"
188.127.168.25 - - [23/Jan/2020:11:25:19 +0100] "POST /AutoDiscover/autodiscover.xml HTTP/1.1" 404 3741 "-" "Microsoft Office/16.0 (Windows NT 10.0; Microsoft Word 16.0.12325; Pro)"
188.127.168.25 - - [23/Jan/2020:14:00:36 +0100] "POST /AutoDiscover/autodiscover.xml HTTP/1.1" 404 3741 "-" "Microsoft Office/16.0 (Windows NT 10.0; Microsoft Excel 16.0.12325; Pro)"
209.17.96.202 - - [24/Jan/2020:03:30:03 +0100] "GET / HTTP/1.1" 200 3673 "-" "Mozilla/5.0 (compatible; Nimbostratus-Bot/v1.3.2; http://cloudsystemnetworks.com)"
80.28.7.184 - - [24/Jan/2020:10:26:04 +0100] "POST /AutoDiscover/autodiscover.xml HTTP/1.1" 404 3741 "-" "Microsoft Office/16.0 (Windows NT 10.0; Microsoft Excel 16.0.12325; Pro)"
188.127.168.25 - - [24/Jan/2020:11:07:00 +0100] "POST /AutoDiscover/autodiscover.xml HTTP/1.1" 404 3741 "-" "Microsoft Office/16.0 (Windows NT 10.0; Microsoft Excel 16.0.12325; Pro)"
188.127.168.25 - - [24/Jan/2020:11:22:29 +0100] "POST /AutoDiscover/autodiscover.xml HTTP/1.1" 404 3741 "-" "Microsoft Office/16.0 (Windows NT 10.0; Microsoft Word 16.0.12325; Pro)"
188.127.168.25 - - [24/Jan/2020:12:39:17 +0100] "POST /AutoDiscover/autodiscover.xml HTTP/1.1" 404 3741 "-" "Microsoft Office/16.0 (Windows NT 10.0; Microsoft Word 16.0.12325; Pro)"
66.249.68.25 - - [25/Jan/2020:16:14:38 +0100] "GET /robots.txt HTTP/1.1" 404 3722 "-" "Mozilla/5.0 (compatible; Googlebot/2.1; +http://www.google.com/bot.html)"
66.249.68.21 - - [25/Jan/2020:16:14:38 +0100] "GET /.well-known/assetlinks.json HTTP/1.1" 404 3739 "-" "Mozilla/5.0 (compatible; Googlebot/2.1; +http://www.google.com/bot.html)"
188.127.168.25 - - [27/Jan/2020:08:58:51 +0100] "POST /AutoDiscover/autodiscover.xml HTTP/1.1" 404 3741 "-" "Microsoft Office/16.0 (Windows NT 10.0; Microsoft Word 16.0.12325; Pro)"
188.127.168.25 - - [27/Jan/2020:09:21:43 +0100] "POST /AutoDiscover/autodiscover.xml HTTP/1.1" 404 3741 "-" "Microsoft Office/16.0 (Windows NT 10.0; Microsoft Excel 16.0.12228; Pro)"
188.127.168.25 - - [27/Jan/2020:09:48:01 +0100] "POST /AutoDiscover/autodiscover.xml HTTP/1.1" 404 3741 "-" "Microsoft Office/16.0 (Windows NT 10.0; Microsoft Excel 16.0.12325; Pro)"
198.27.80.123 - - [27/Jan/2020:09:53:00 +0100] "GET /wp-login.php HTTP/1.1" 404 3656 "http://www.google.com.hk" "Mozilla/5.0 (Windows NT 6.1; WOW64) AppleWebKit/537.36 (KHTML, like Gecko) Chrome/42.0.2311.90 Safari/537.36"
188.127.168.25 - - [27/Jan/2020:10:12:21 +0100] "POST /AutoDiscover/autodiscover.xml HTTP/1.1" 404 3741 "-" "Microsoft Office/16.0 (Windows NT 10.0; Microsoft Excel 16.0.12325; Pro)"
80.28.7.184 - - [27/Jan/2020:10:14:19 +0100] "POST /AutoDiscover/autodiscover.xml HTTP/1.1" 404 3741 "-" "Microsoft Office/16.0 (Windows NT 10.0; Microsoft Excel 16.0.12325; Pro)"
188.127.168.25 - - [27/Jan/2020:13:47:50 +0100] "POST /AutoDiscover/autodiscover.xml HTTP/1.1" 404 3741 "-" "Microsoft Office/16.0 (Windows NT 10.0; Microsoft Word 16.0.12325; Pro)"
188.127.168.25 - - [28/Jan/2020:09:47:57 +0100] "POST /AutoDiscover/autodiscover.xml HTTP/1.1" 404 3741 "-" "Microsoft Office/16.0 (Windows NT 10.0; Microsoft Excel 16.0.12228; Pro)"
188.127.168.25 - - [28/Jan/2020:09:56:04 +0100] "POST /AutoDiscover/autodiscover.xml HTTP/1.1" 404 3741 "-" "Microsoft Office/16.0 (Windows NT 10.0; Microsoft Word 16.0.12325; Pro)"
188.127.168.25 - - [28/Jan/2020:10:21:50 +0100] "POST /AutoDiscover/autodiscover.xml HTTP/1.1" 404 3741 "-" "Microsoft Office/16.0 (Windows NT 10.0; Microsoft Excel 16.0.12325; Pro)"
188.127.168.25 - - [28/Jan/2020:12:47:07 +0100] "POST /AutoDiscover/autodiscover.xml HTTP/1.1" 404 3741 "-" "Microsoft Office/16.0 (Windows NT 10.0; Microsoft Word 16.0.12325; Pro)"
188.127.168.25 - - [28/Jan/2020:13:24:34 +0100] "POST /AutoDiscover/autodiscover.xml HTTP/1.1" 404 3741 "-" "Microsoft Office/16.0 (Windows NT 10.0; Microsoft Excel 16.0.12325; Pro)"
80.28.7.184 - - [28/Jan/2020:14:43:47 +0100] "POST /AutoDiscover/autodiscover.xml HTTP/1.1" 404 3741 "-" "Microsoft Office/16.0 (Windows NT 10.0; Microsoft Word 16.0.12325; Pro)"
209.17.96.90 - - [29/Jan/2020:06:13:18 +0100] "GET / HTTP/1.1" 200 3673 "-" "Mozilla/5.0 (compatible; Nimbostratus-Bot/v1.3.2; http://cloudsystemnetworks.com)"
188.127.168.25 - - [29/Jan/2020:09:12:33 +0100] "POST /AutoDiscover/autodiscover.xml HTTP/1.1" 404 3741 "-" "Microsoft Office/16.0 (Windows NT 10.0; Microsoft Excel 16.0.12325; Pro)"
188.127.168.25 - - [29/Jan/2020:10:04:03 +0100] "POST /AutoDiscover/autodiscover.xml HTTP/1.1" 404 3741 "-" "Microsoft Office/16.0 (Windows NT 10.0; Microsoft Word 16.0.12325; Pro)"
188.127.168.25 - - [29/Jan/2020:10:11:50 +0100] "POST /AutoDiscover/autodiscover.xml HTTP/1.1" 404 3741 "-" "Microsoft Office/16.0 (Windows NT 10.0; Microsoft Excel 16.0.12228; Pro)"
188.127.168.25 - - [29/Jan/2020:10:29:47 +0100] "POST /AutoDiscover/autodiscover.xml HTTP/1.1" 404 3741 "-" "Microsoft Office/16.0 (Windows NT 10.0; Microsoft Excel 16.0.12325; Pro)"
188.127.168.25 - - [29/Jan/2020:16:45:05 +0100] "POST /AutoDiscover/autodiscover.xml HTTP/1.1" 404 3741 "-" "Microsoft Office/16.0 (Windows NT 10.0; Microsoft Excel 16.0.12325; Pro)"
80.28.7.184 - - [29/Jan/2020:16:51:09 +0100] "POST /AutoDiscover/autodiscover.xml HTTP/1.1" 404 3741 "-" "Microsoft Office/16.0 (Windows NT 10.0; Microsoft Word 16.0.12325; Pro)"
192.99.36.177 - - [30/Jan/2020:05:05:23 +0100] "GET /wp-login.php HTTP/1.1" 404 3656 "http://www.google.com.hk" "Mozilla/5.0 (Windows NT 6.1; WOW64) AppleWebKit/537.36 (KHTML, like Gecko) Chrome/42.0.2311.90 Safari/537.36"
188.127.168.25 - - [30/Jan/2020:10:06:19 +0100] "POST /AutoDiscover/autodiscover.xml HTTP/1.1" 404 3741 "-" "Microsoft Office/16.0 (Windows NT 10.0; Microsoft Word 16.0.12325; Pro)"
188.127.168.25 - - [30/Jan/2020:10:43:15 +0100] "POST /AutoDiscover/autodiscover.xml HTTP/1.1" 404 3741 "-" "Microsoft Office/16.0 (Windows NT 10.0; Microsoft Word 16.0.12325; Pro)"
188.127.168.25 - - [30/Jan/2020:11:15:53 +0100] "POST /AutoDiscover/autodiscover.xml HTTP/1.1" 404 3741 "-" "Microsoft Office/16.0 (Windows NT 10.0; Microsoft Excel 16.0.12325; Pro)"
188.127.168.25 - - [30/Jan/2020:12:12:55 +0100] "POST /AutoDiscover/autodiscover.xml HTTP/1.1" 404 3741 "-" "Microsoft Office/16.0 (Windows NT 10.0; Microsoft Word 16.0.12325; Pro)"
188.127.168.25 - - [30/Jan/2020:17:33:55 +0100] "POST /AutoDiscover/autodiscover.xml HTTP/1.1" 404 3741 "-" "Microsoft Office/16.0 (Windows NT 10.0; Microsoft Excel 16.0.12325; Pro)"
188.127.168.25 - - [31/Jan/2020:11:26:35 +0100] "POST /AutoDiscover/autodiscover.xml HTTP/1.1" 404 3741 "-" "Microsoft Office/16.0 (Windows NT 10.0; Microsoft Excel 16.0.12325; Pro)"
188.127.168.25 - - [31/Jan/2020:12:10:36 +0100] "POST /AutoDiscover/autodiscover.xml HTTP/1.1" 404 3741 "-" "Microsoft Office/16.0 (Windows NT 10.0; Microsoft Excel 16.0.12325; Pro)"
80.28.7.184 - - [31/Jan/2020:14:06:49 +0100] "POST /AutoDiscover/autodiscover.xml HTTP/1.1" 404 3741 "-" "Microsoft Office/16.0 (Windows NT 10.0; Microsoft Word 16.0.12325; Pro)"
209.17.97.26 - - [31/Jan/2020:20:01:19 +0100] "GET / HTTP/1.1" 200 3673 "-" "Mozilla/5.0 (compatible; Nimbostratus-Bot/v1.3.2; http://cloudsystemnetworks.com)"
188.127.168.25 - - [03/Feb/2020:09:05:45 +0100] "POST /AutoDiscover/autodiscover.xml HTTP/1.1" 404 3741 "-" "Microsoft Office/16.0 (Windows NT 10.0; Microsoft Word 16.0.12325; Pro)"
188.127.168.25 - - [03/Feb/2020:09:26:15 +0100] "POST /AutoDiscover/autodiscover.xml HTTP/1.1" 404 3741 "-" "Microsoft Office/16.0 (Windows NT 10.0; Microsoft Excel 16.0.12325; Pro)"
188.127.168.25 - - [03/Feb/2020:09:45:28 +0100] "POST /AutoDiscover/autodiscover.xml HTTP/1.1" 404 3741 "-" "Microsoft Office/16.0 (Windows NT 10.0; Microsoft Excel 16.0.12325; Pro)"
188.127.168.25 - - [03/Feb/2020:09:47:07 +0100] "POST /AutoDiscover/autodiscover.xml HTTP/1.1" 404 3741 "-" "Microsoft Office/16.0 (Windows NT 10.0; Microsoft Excel 16.0.12325; Pro)"
80.28.7.184 - - [03/Feb/2020:09:50:18 +0100] "POST /AutoDiscover/autodiscover.xml HTTP/1.1" 404 3741 "-" "Microsoft Office/16.0 (Windows NT 10.0; Microsoft Word 16.0.12325; Pro)"
188.127.168.25 - - [03/Feb/2020:09:57:04 +0100] "POST /AutoDiscover/autodiscover.xml HTTP/1.1" 404 3741 "-" "Microsoft Office/16.0 (Windows NT 10.0; Microsoft Excel 16.0.12325; Pro)"
64.225.6.139 - - [03/Feb/2020:10:32:08 +0100] "GET / HTTP/1.0" 200 3882 "-" "Mozilla/5.0 (compatible; NetcraftSurveyAgent/1.0; +info@netcraft.com)"
104.248.14.224 - - [03/Feb/2020:10:44:19 +0100] "GET / HTTP/1.0" 200 9481 "-" "Mozilla/5.0 (compatible; NetcraftSurveyAgent/1.0; +info@netcraft.com)"
167.71.94.154 - - [03/Feb/2020:11:09:36 +0100] "GET / HTTP/1.0" 200 3882 "-" "Mozilla/5.0 (compatible; NetcraftSurveyAgent/1.0; +info@netcraft.com)"
188.127.168.25 - - [03/Feb/2020:13:03:25 +0100] "POST /AutoDiscover/autodiscover.xml HTTP/1.1" 404 3741 "-" "Microsoft Office/16.0 (Windows NT 10.0; Microsoft Excel 16.0.12325; Pro)"
188.76.239.116 - - [03/Feb/2020:20:34:45 +0100] "POST /autodiscover/autodiscover.xml HTTP/1.1" 404 3546 "-" "Android-Mail/2019.03.31.243845549.release"
188.76.239.116 - - [03/Feb/2020:20:35:06 +0100] "OPTIONS /Microsoft-Server-ActiveSync HTTP/1.1" 200 3290 "-" "Android-Mail/2019.03.31.243845549.release"
188.76.239.116 - - [03/Feb/2020:20:35:40 +0100] "OPTIONS /Microsoft-Server-ActiveSync HTTP/1.1" 200 367 "-" "Android-Mail/2019.03.31.243845549.release"
188.76.239.116 - - [03/Feb/2020:20:36:07 +0100] "OPTIONS /Microsoft-Server-ActiveSync HTTP/1.1" 200 3290 "-" "Android-Mail/2019.03.31.243845549.release"
188.76.239.116 - - [03/Feb/2020:20:36:33 +0100] "OPTIONS /Microsoft-Server-ActiveSync HTTP/1.1" 200 367 "-" "Android-Mail/2019.03.31.243845549.release"
188.76.239.116 - - [03/Feb/2020:20:37:19 +0100] "POST /autodiscover/autodiscover.xml HTTP/1.1" 404 3546 "-" "Android-Mail/2019.03.31.243845549.release"
188.76.239.116 - - [03/Feb/2020:20:37:40 +0100] "OPTIONS /Microsoft-Server-ActiveSync HTTP/1.1" 200 3290 "-" "Android-Mail/2019.03.31.243845549.release"
188.76.239.116 - - [03/Feb/2020:20:37:44 +0100] "OPTIONS /Microsoft-Server-ActiveSync HTTP/1.1" 200 229 "-" "Android-Mail/2019.03.31.243845549.release"
188.76.239.116 - - [03/Feb/2020:20:39:17 +0100] "OPTIONS /Microsoft-Server-ActiveSync HTTP/1.1" 200 367 "-" "Android-Mail/2019.03.31.243845549.release"
188.76.239.116 - - [03/Feb/2020:20:39:49 +0100] "OPTIONS /Microsoft-Server-ActiveSync HTTP/1.1" 200 367 "-" "Android-Mail/2019.03.31.243845549.release"
188.76.239.116 - - [03/Feb/2020:20:40:05 +0100] "OPTIONS /Microsoft-Server-ActiveSync HTTP/1.1" 200 367 "-" "Android-Mail/2019.03.31.243845549.release"
188.76.239.116 - - [03/Feb/2020:20:43:36 +0100] "POST /autodiscover/autodiscover.xml HTTP/1.1" 404 3546 "-" "Android-Mail/2019.03.31.243845549.release"
188.76.239.116 - - [03/Feb/2020:20:43:49 +0100] "OPTIONS /Microsoft-Server-ActiveSync HTTP/1.1" 200 3290 "-" "Android-Mail/2019.03.31.243845549.release"
188.76.239.116 - - [03/Feb/2020:20:44:33 +0100] "POST /autodiscover/autodiscover.xml HTTP/1.1" 404 3546 "-" "Android-Mail/2019.03.31.243845549.release"
188.76.239.116 - - [03/Feb/2020:20:44:42 +0100] "OPTIONS /Microsoft-Server-ActiveSync HTTP/1.1" 200 3290 "-" "Android-Mail/2019.03.31.243845549.release"
188.76.239.116 - - [03/Feb/2020:21:46:14 +0100] "POST /autodiscover/autodiscover.xml HTTP/1.1" 404 3546 "-" "Android-Mail/2019.03.31.243845549.release"
188.76.239.116 - - [03/Feb/2020:21:46:19 +0100] "OPTIONS /Microsoft-Server-ActiveSync HTTP/1.1" 200 3290 "-" "Android-Mail/2019.03.31.243845549.release"
188.76.239.116 - - [03/Feb/2020:21:46:28 +0100] "OPTIONS /Microsoft-Server-ActiveSync HTTP/1.1" 200 367 "-" "Android-Mail/2019.03.31.243845549.release"
188.76.239.116 - - [03/Feb/2020:21:46:31 +0100] "OPTIONS /Microsoft-Server-ActiveSync HTTP/1.1" 200 229 "-" "Android-Mail/2019.03.31.243845549.release"
188.76.239.116 - - [03/Feb/2020:22:20:26 +0100] "POST /autodiscover/autodiscover.xml HTTP/1.1" 404 3546 "-" "Android-Mail/2019.03.31.243845549.release"
188.76.239.116 - - [03/Feb/2020:22:20:55 +0100] "OPTIONS /Microsoft-Server-ActiveSync HTTP/1.1" 200 3290 "-" "Android-Mail/2019.03.31.243845549.release"
188.76.239.116 - - [03/Feb/2020:22:21:51 +0100] "OPTIONS /Microsoft-Server-ActiveSync HTTP/1.1" 200 367 "-" "Android-Mail/2019.03.31.243845549.release"
188.76.239.116 - - [03/Feb/2020:22:22:08 +0100] "OPTIONS /Microsoft-Server-ActiveSync HTTP/1.1" 200 367 "-" "Android-Mail/2019.03.31.243845549.release"
34.253.197.178 - - [04/Feb/2020:04:55:03 +0100] "GET /robots.txt HTTP/1.1" 404 3685 "-" "PleskBot"
34.253.197.178 - - [04/Feb/2020:04:55:03 +0100] "GET / HTTP/1.1" 200 3882 "-" "PleskBot"
34.222.177.44 - - [04/Feb/2020:05:46:33 +0100] "GET / HTTP/1.1" 200 3668 "-" "Go-http-client/1.1"
66.249.64.12 - - [04/Feb/2020:07:41:47 +0100] "GET /robots.txt HTTP/1.1" 404 3722 "-" "Mozilla/5.0 (compatible; Googlebot/2.1; +http://www.google.com/bot.html)"
66.249.64.10 - - [04/Feb/2020:07:41:49 +0100] "GET /.well-known/assetlinks.json HTTP/1.1" 404 3739 "-" "Mozilla/5.0 (compatible; Googlebot/2.1; +http://www.google.com/bot.html)"
188.127.168.25 - - [04/Feb/2020:09:25:44 +0100] "POST /AutoDiscover/autodiscover.xml HTTP/1.1" 404 3741 "-" "Microsoft Office/16.0 (Windows NT 10.0; Microsoft Excel 16.0.12325; Pro)"
80.28.7.184 - - [04/Feb/2020:09:44:29 +0100] "POST /autodiscover/autodiscover.xml HTTP/1.1" 404 3546 "-" "Android/9-EAS-2.0"
188.127.168.25 - - [04/Feb/2020:09:45:41 +0100] "POST /AutoDiscover/autodiscover.xml HTTP/1.1" 404 3741 "-" "Microsoft Office/16.0 (Windows NT 10.0; Microsoft Excel 16.0.12325; Pro)"
188.127.168.25 - - [04/Feb/2020:09:52:25 +0100] "POST /AutoDiscover/autodiscover.xml HTTP/1.1" 404 3741 "-" "Microsoft Office/16.0 (Windows NT 10.0; Microsoft Excel 16.0.12325; Pro)"
80.28.7.184 - - [04/Feb/2020:10:19:03 +0100] "POST /AutoDiscover/autodiscover.xml HTTP/1.1" 404 3741 "-" "Microsoft Office/16.0 (Windows NT 10.0; Microsoft Word 16.0.12325; Pro)"
209.17.96.106 - - [04/Feb/2020:10:45:41 +0100] "GET / HTTP/1.1" 200 3673 "-" "Mozilla/5.0 (compatible; Nimbostratus-Bot/v1.3.2; http://cloudsystemnetworks.com)"
188.127.168.25 - - [04/Feb/2020:11:13:40 +0100] "POST /AutoDiscover/autodiscover.xml HTTP/1.1" 404 3741 "-" "Microsoft Office/16.0 (Windows NT 10.0; Microsoft Excel 16.0.12325; Pro)"
188.127.168.25 - - [04/Feb/2020:12:42:36 +0100] "POST /AutoDiscover/autodiscover.xml HTTP/1.1" 404 3741 "-" "Microsoft Office/16.0 (Windows NT 10.0; Microsoft Word 16.0.12325; Pro)"
188.127.168.25 - - [04/Feb/2020:16:25:03 +0100] "POST /AutoDiscover/autodiscover.xml HTTP/1.1" 404 3741 "-" "Microsoft Office/16.0 (Windows NT 10.0; Microsoft Word 16.0.12325; Pro)"
80.28.7.184 - - [04/Feb/2020:17:45:24 +0100] "POST /autodiscover/autodiscover.xml HTTP/1.1" 404 3546 "-" "Android/9-EAS-2.0"
114.119.165.40 - - [05/Feb/2020:05:32:38 +0100] "GET /robots.txt HTTP/1.1" 404 3490 "-" "Mozilla/5.0(Linux;Android 5.1.1;OPPO A33 Build/LMY47V;wv) AppleWebKit/537.36(KHTML,link Gecko) Version/4.0 Chrome/43.0.2357.121 Mobile Safari/537.36 LieBaoFast/4.51.3"
188.127.168.25 - - [05/Feb/2020:09:29:52 +0100] "POST /AutoDiscover/autodiscover.xml HTTP/1.1" 404 3741 "-" "Microsoft Office/16.0 (Windows NT 10.0; Microsoft Excel 16.0.12325; Pro)"
188.127.168.25 - - [05/Feb/2020:10:33:21 +0100] "POST /AutoDiscover/autodiscover.xml HTTP/1.1" 404 3741 "-" "Microsoft Office/16.0 (Windows NT 10.0; Microsoft Excel 16.0.12325; Pro)"
114.119.152.97 - - [05/Feb/2020:10:33:49 +0100] "GET /robots.txt HTTP/1.1" 404 3490 "-" "Mozilla/5.0(Linux;Android 5.1.1;OPPO A33 Build/LMY47V;wv) AppleWebKit/537.36(KHTML,link Gecko) Version/4.0 Chrome/42.0.2311.138 Mobile Safari/537.36 Mb2345Browser/9.0"
80.28.7.184 - - [05/Feb/2020:10:59:08 +0100] "POST /AutoDiscover/autodiscover.xml HTTP/1.1" 404 3741 "-" "Microsoft Office/16.0 (Windows NT 10.0; Microsoft Word 16.0.12325; Pro)"
188.127.168.25 - - [05/Feb/2020:11:40:00 +0100] "POST /AutoDiscover/autodiscover.xml HTTP/1.1" 404 3741 "-" "Microsoft Office/16.0 (Windows NT 10.0; Microsoft Word 16.0.12325; Pro)"
188.127.168.25 - - [05/Feb/2020:12:16:46 +0100] "POST /AutoDiscover/autodiscover.xml HTTP/1.1" 404 3741 "-" "Microsoft Office/16.0 (Windows NT 10.0; Microsoft Excel 16.0.12325; Pro)"
188.127.168.25 - - [06/Feb/2020:10:31:55 +0100] "POST /AutoDiscover/autodiscover.xml HTTP/1.1" 404 3741 "-" "Microsoft Office/16.0 (Windows NT 10.0; Microsoft Excel 16.0.12325; Pro)"
80.28.7.184 - - [06/Feb/2020:12:32:18 +0100] "POST /AutoDiscover/autodiscover.xml HTTP/1.1" 404 3741 "-" "Microsoft Office/16.0 (Windows NT 10.0; Microsoft Excel 16.0.12325; Pro)"
188.127.168.25 - - [06/Feb/2020:14:30:36 +0100] "POST /AutoDiscover/autodiscover.xml HTTP/1.1" 404 3741 "-" "Microsoft Office/16.0 (Windows NT 10.0; Microsoft Excel 16.0.12325; Pro)"
188.127.168.25 - - [06/Feb/2020:16:24:09 +0100] "POST /AutoDiscover/autodiscover.xml HTTP/1.1" 404 3741 "-" "Microsoft Office/16.0 (Windows NT 10.0; Microsoft Excel 16.0.12430; Pro)"
188.127.168.25 - - [07/Feb/2020:08:47:16 +0100] "POST /AutoDiscover/autodiscover.xml HTTP/1.1" 404 3741 "-" "Microsoft Office/16.0 (Windows NT 10.0; Microsoft Word 16.0.12430; Pro)"
188.127.168.25 - - [07/Feb/2020:09:14:32 +0100] "POST /AutoDiscover/autodiscover.xml HTTP/1.1" 404 3741 "-" "Microsoft Office/16.0 (Windows NT 10.0; Microsoft Word 16.0.12325; Pro)"
188.127.168.25 - - [07/Feb/2020:11:02:41 +0100] "POST /AutoDiscover/autodiscover.xml HTTP/1.1" 404 3741 "-" "Microsoft Office/16.0 (Windows NT 10.0; Microsoft Excel 16.0.12325; Pro)"
188.127.168.25 - - [07/Feb/2020:12:47:13 +0100] "POST /AutoDiscover/autodiscover.xml HTTP/1.1" 404 3741 "-" "Microsoft Office/16.0 (Windows NT 10.0; Microsoft Excel 16.0.12430; Pro)"
80.28.7.184 - - [07/Feb/2020:15:04:33 +0100] "POST /AutoDiscover/autodiscover.xml HTTP/1.1" 404 3741 "-" "Microsoft Office/16.0 (Windows NT 10.0; Microsoft Excel 16.0.12325; Pro)"
50.112.175.30 - - [08/Feb/2020:03:41:35 +0100] "GET / HTTP/1.1" 200 3668 "-" "Go-http-client/1.1"
209.17.96.242 - - [08/Feb/2020:08:05:04 +0100] "GET / HTTP/1.1" 200 3673 "-" "Mozilla/5.0 (compatible; Nimbostratus-Bot/v1.3.2; http://cloudsystemnetworks.com)"
89.238.150.21 - - [09/Feb/2020:21:51:20 +0100] "GET /index.php/admin/ HTTP/1.1" 200 4520 "-" "Mozilla/5.0 (X11; Ubuntu; Linux x86_64; rv:62.0) Gecko/20100101 Firefox/62.0"
89.238.150.21 - - [09/Feb/2020:21:51:20 +0100] "GET /dev/index.php/admin/ HTTP/1.1" 404 3838 "-" "Mozilla/5.0 (X11; Ubuntu; Linux x86_64; rv:62.0) Gecko/20100101 Firefox/62.0"
89.238.150.21 - - [09/Feb/2020:21:51:21 +0100] "GET /old/index.php/admin/ HTTP/1.1" 404 3838 "-" "Mozilla/5.0 (X11; Ubuntu; Linux x86_64; rv:62.0) Gecko/20100101 Firefox/62.0"
89.238.150.21 - - [09/Feb/2020:21:51:21 +0100] "GET /test/index.php/admin/ HTTP/1.1" 404 3832 "-" "Mozilla/5.0 (X11; Ubuntu; Linux x86_64; rv:62.0) Gecko/20100101 Firefox/62.0"
89.238.150.21 - - [09/Feb/2020:21:51:21 +0100] "GET /shop/index.php/admin/ HTTP/1.1" 404 3838 "-" "Mozilla/5.0 (X11; Ubuntu; Linux x86_64; rv:62.0) Gecko/20100101 Firefox/62.0"
89.238.150.21 - - [09/Feb/2020:21:51:21 +0100] "GET /demo/index.php/admin/ HTTP/1.1" 404 3838 "-" "Mozilla/5.0 (X11; Ubuntu; Linux x86_64; rv:62.0) Gecko/20100101 Firefox/62.0"
89.238.150.21 - - [09/Feb/2020:21:51:27 +0100] "GET /store/index.php/admin/ HTTP/1.1" 404 3838 "-" "Mozilla/5.0 (X11; Ubuntu; Linux x86_64; rv:62.0) Gecko/20100101 Firefox/62.0"
89.238.150.21 - - [09/Feb/2020:21:51:27 +0100] "GET /staging/index.php/admin/ HTTP/1.1" 404 3838 "-" "Mozilla/5.0 (X11; Ubuntu; Linux x86_64; rv:62.0) Gecko/20100101 Firefox/62.0"
89.238.150.21 - - [09/Feb/2020:21:51:27 +0100] "GET /magento/index.php/admin/ HTTP/1.1" 404 3838 "-" "Mozilla/5.0 (X11; Ubuntu; Linux x86_64; rv:62.0) Gecko/20100101 Firefox/62.0"
89.238.150.21 - - [09/Feb/2020:21:51:33 +0100] "GET /rss/order/new HTTP/1.1" 404 3838 "-" "Mozilla/5.0 (X11; Ubuntu; Linux x86_64; rv:62.0) Gecko/20100101 Firefox/62.0"
89.238.150.21 - - [09/Feb/2020:21:51:33 +0100] "GET /rss/catalog/notifystock HTTP/1.1" 404 3838 "-" "Mozilla/5.0 (X11; Ubuntu; Linux x86_64; rv:62.0) Gecko/20100101 Firefox/62.0"
89.238.150.21 - - [09/Feb/2020:21:51:33 +0100] "GET /rss/catalog/review HTTP/1.1" 404 3838 "-" "Mozilla/5.0 (X11; Ubuntu; Linux x86_64; rv:62.0) Gecko/20100101 Firefox/62.0"
89.238.150.21 - - [09/Feb/2020:21:51:33 +0100] "GET /dev/rss/order/new HTTP/1.1" 404 3838 "-" "Mozilla/5.0 (X11; Ubuntu; Linux x86_64; rv:62.0) Gecko/20100101 Firefox/62.0"
89.238.150.21 - - [09/Feb/2020:21:51:34 +0100] "GET /dev/rss/catalog/notifystock HTTP/1.1" 404 3854 "-" "Mozilla/5.0 (X11; Ubuntu; Linux x86_64; rv:62.0) Gecko/20100101 Firefox/62.0"
89.238.150.21 - - [09/Feb/2020:21:51:34 +0100] "GET /dev/rss/catalog/review HTTP/1.1" 404 3838 "-" "Mozilla/5.0 (X11; Ubuntu; Linux x86_64; rv:62.0) Gecko/20100101 Firefox/62.0"
89.238.150.21 - - [09/Feb/2020:21:51:34 +0100] "GET /old/rss/order/new HTTP/1.1" 404 3838 "-" "Mozilla/5.0 (X11; Ubuntu; Linux x86_64; rv:62.0) Gecko/20100101 Firefox/62.0"
89.238.150.21 - - [09/Feb/2020:21:51:34 +0100] "GET /old/rss/catalog/notifystock HTTP/1.1" 404 3854 "-" "Mozilla/5.0 (X11; Ubuntu; Linux x86_64; rv:62.0) Gecko/20100101 Firefox/62.0"
89.238.150.21 - - [09/Feb/2020:21:51:35 +0100] "GET /old/rss/catalog/review HTTP/1.1" 404 3838 "-" "Mozilla/5.0 (X11; Ubuntu; Linux x86_64; rv:62.0) Gecko/20100101 Firefox/62.0"
89.238.150.21 - - [09/Feb/2020:21:51:35 +0100] "GET /test/rss/order/new HTTP/1.1" 404 3838 "-" "Mozilla/5.0 (X11; Ubuntu; Linux x86_64; rv:62.0) Gecko/20100101 Firefox/62.0"
89.238.150.21 - - [09/Feb/2020:21:51:35 +0100] "GET /test/rss/catalog/notifystock HTTP/1.1" 404 3854 "-" "Mozilla/5.0 (X11; Ubuntu; Linux x86_64; rv:62.0) Gecko/20100101 Firefox/62.0"
89.238.150.21 - - [09/Feb/2020:21:51:35 +0100] "GET /test/rss/catalog/review HTTP/1.1" 404 3838 "-" "Mozilla/5.0 (X11; Ubuntu; Linux x86_64; rv:62.0) Gecko/20100101 Firefox/62.0"
89.238.150.21 - - [09/Feb/2020:21:51:41 +0100] "GET /shop/rss/order/new HTTP/1.1" 404 3838 "-" "Mozilla/5.0 (X11; Ubuntu; Linux x86_64; rv:62.0) Gecko/20100101 Firefox/62.0"
89.238.150.21 - - [09/Feb/2020:21:51:41 +0100] "GET /shop/rss/catalog/notifystock HTTP/1.1" 404 3854 "-" "Mozilla/5.0 (X11; Ubuntu; Linux x86_64; rv:62.0) Gecko/20100101 Firefox/62.0"
89.238.150.21 - - [09/Feb/2020:21:51:41 +0100] "GET /shop/rss/catalog/review HTTP/1.1" 404 3838 "-" "Mozilla/5.0 (X11; Ubuntu; Linux x86_64; rv:62.0) Gecko/20100101 Firefox/62.0"
89.238.150.21 - - [09/Feb/2020:21:51:41 +0100] "GET /demo/rss/order/new HTTP/1.1" 404 3838 "-" "Mozilla/5.0 (X11; Ubuntu; Linux x86_64; rv:62.0) Gecko/20100101 Firefox/62.0"
89.238.150.21 - - [09/Feb/2020:21:51:41 +0100] "GET /demo/rss/catalog/notifystock HTTP/1.1" 404 3854 "-" "Mozilla/5.0 (X11; Ubuntu; Linux x86_64; rv:62.0) Gecko/20100101 Firefox/62.0"
89.238.150.21 - - [09/Feb/2020:21:51:42 +0100] "GET /demo/rss/catalog/review HTTP/1.1" 404 3838 "-" "Mozilla/5.0 (X11; Ubuntu; Linux x86_64; rv:62.0) Gecko/20100101 Firefox/62.0"
89.238.150.21 - - [09/Feb/2020:21:51:42 +0100] "GET /store/rss/order/new HTTP/1.1" 404 3838 "-" "Mozilla/5.0 (X11; Ubuntu; Linux x86_64; rv:62.0) Gecko/20100101 Firefox/62.0"
89.238.150.21 - - [09/Feb/2020:21:51:42 +0100] "GET /store/rss/catalog/notifystock HTTP/1.1" 404 3854 "-" "Mozilla/5.0 (X11; Ubuntu; Linux x86_64; rv:62.0) Gecko/20100101 Firefox/62.0"
89.238.150.21 - - [09/Feb/2020:21:51:43 +0100] "GET /store/rss/catalog/review HTTP/1.1" 404 3838 "-" "Mozilla/5.0 (X11; Ubuntu; Linux x86_64; rv:62.0) Gecko/20100101 Firefox/62.0"
89.238.150.21 - - [09/Feb/2020:21:51:43 +0100] "GET /staging/rss/order/new HTTP/1.1" 404 3838 "-" "Mozilla/5.0 (X11; Ubuntu; Linux x86_64; rv:62.0) Gecko/20100101 Firefox/62.0"
89.238.150.21 - - [09/Feb/2020:21:51:43 +0100] "GET /staging/rss/catalog/notifystock HTTP/1.1" 404 3854 "-" "Mozilla/5.0 (X11; Ubuntu; Linux x86_64; rv:62.0) Gecko/20100101 Firefox/62.0"
89.238.150.21 - - [09/Feb/2020:21:51:43 +0100] "GET /staging/rss/catalog/review HTTP/1.1" 404 3854 "-" "Mozilla/5.0 (X11; Ubuntu; Linux x86_64; rv:62.0) Gecko/20100101 Firefox/62.0"
89.238.150.21 - - [09/Feb/2020:21:51:43 +0100] "GET /magento/rss/order/new HTTP/1.1" 404 3838 "-" "Mozilla/5.0 (X11; Ubuntu; Linux x86_64; rv:62.0) Gecko/20100101 Firefox/62.0"
89.238.150.21 - - [09/Feb/2020:21:51:44 +0100] "GET /magento/rss/catalog/notifystock HTTP/1.1" 404 3854 "-" "Mozilla/5.0 (X11; Ubuntu; Linux x86_64; rv:62.0) Gecko/20100101 Firefox/62.0"
89.238.150.21 - - [09/Feb/2020:21:51:44 +0100] "GET /magento/rss/catalog/review HTTP/1.1" 404 3854 "-" "Mozilla/5.0 (X11; Ubuntu; Linux x86_64; rv:62.0) Gecko/20100101 Firefox/62.0"
89.238.150.21 - - [09/Feb/2020:21:51:44 +0100] "GET /downloader/index.php HTTP/1.1" 404 3838 "-" "Mozilla/5.0 (X11; Ubuntu; Linux x86_64; rv:62.0) Gecko/20100101 Firefox/62.0"
89.238.150.21 - - [09/Feb/2020:21:51:44 +0100] "GET /dev/downloader/index.php HTTP/1.1" 404 3838 "-" "Mozilla/5.0 (X11; Ubuntu; Linux x86_64; rv:62.0) Gecko/20100101 Firefox/62.0"
89.238.150.21 - - [09/Feb/2020:21:51:45 +0100] "GET /old/downloader/index.php HTTP/1.1" 404 3838 "-" "Mozilla/5.0 (X11; Ubuntu; Linux x86_64; rv:62.0) Gecko/20100101 Firefox/62.0"
89.238.150.21 - - [09/Feb/2020:21:51:45 +0100] "GET /test/downloader/index.php HTTP/1.1" 404 3838 "-" "Mozilla/5.0 (X11; Ubuntu; Linux x86_64; rv:62.0) Gecko/20100101 Firefox/62.0"
89.238.150.21 - - [09/Feb/2020:21:51:45 +0100] "GET /shop/downloader/index.php HTTP/1.1" 404 3838 "-" "Mozilla/5.0 (X11; Ubuntu; Linux x86_64; rv:62.0) Gecko/20100101 Firefox/62.0"
89.238.150.21 - - [09/Feb/2020:21:51:45 +0100] "GET /demo/downloader/index.php HTTP/1.1" 404 3838 "-" "Mozilla/5.0 (X11; Ubuntu; Linux x86_64; rv:62.0) Gecko/20100101 Firefox/62.0"
89.238.150.21 - - [09/Feb/2020:21:51:45 +0100] "GET /store/downloader/index.php HTTP/1.1" 404 3854 "-" "Mozilla/5.0 (X11; Ubuntu; Linux x86_64; rv:62.0) Gecko/20100101 Firefox/62.0"
89.238.150.21 - - [09/Feb/2020:21:51:46 +0100] "GET /staging/downloader/index.php HTTP/1.1" 404 3854 "-" "Mozilla/5.0 (X11; Ubuntu; Linux x86_64; rv:62.0) Gecko/20100101 Firefox/62.0"
89.238.150.21 - - [09/Feb/2020:21:51:46 +0100] "GET /magento/downloader/index.php HTTP/1.1" 404 3854 "-" "Mozilla/5.0 (X11; Ubuntu; Linux x86_64; rv:62.0) Gecko/20100101 Firefox/62.0"
89.238.150.21 - - [09/Feb/2020:21:51:46 +0100] "GET /errors/503.php HTTP/1.1" 404 3838 "-" "Mozilla/5.0 (X11; Ubuntu; Linux x86_64; rv:62.0) Gecko/20100101 Firefox/62.0"
89.238.150.21 - - [09/Feb/2020:21:51:46 +0100] "GET /dev/errors/503.php HTTP/1.1" 404 3838 "-" "Mozilla/5.0 (X11; Ubuntu; Linux x86_64; rv:62.0) Gecko/20100101 Firefox/62.0"
89.238.150.21 - - [09/Feb/2020:21:51:47 +0100] "GET /old/errors/503.php HTTP/1.1" 404 3838 "-" "Mozilla/5.0 (X11; Ubuntu; Linux x86_64; rv:62.0) Gecko/20100101 Firefox/62.0"
89.238.150.21 - - [09/Feb/2020:21:51:47 +0100] "GET /test/errors/503.php HTTP/1.1" 404 3838 "-" "Mozilla/5.0 (X11; Ubuntu; Linux x86_64; rv:62.0) Gecko/20100101 Firefox/62.0"
89.238.150.21 - - [09/Feb/2020:21:51:47 +0100] "GET /shop/errors/503.php HTTP/1.1" 404 3838 "-" "Mozilla/5.0 (X11; Ubuntu; Linux x86_64; rv:62.0) Gecko/20100101 Firefox/62.0"
89.238.150.21 - - [09/Feb/2020:21:51:47 +0100] "GET /demo/errors/503.php HTTP/1.1" 404 3838 "-" "Mozilla/5.0 (X11; Ubuntu; Linux x86_64; rv:62.0) Gecko/20100101 Firefox/62.0"
89.238.150.21 - - [09/Feb/2020:21:51:47 +0100] "GET /store/errors/503.php HTTP/1.1" 404 3838 "-" "Mozilla/5.0 (X11; Ubuntu; Linux x86_64; rv:62.0) Gecko/20100101 Firefox/62.0"
89.238.150.21 - - [09/Feb/2020:21:51:48 +0100] "GET /staging/errors/503.php HTTP/1.1" 404 3838 "-" "Mozilla/5.0 (X11; Ubuntu; Linux x86_64; rv:62.0) Gecko/20100101 Firefox/62.0"
89.238.150.21 - - [09/Feb/2020:21:51:48 +0100] "GET /magento/errors/503.php HTTP/1.1" 404 3838 "-" "Mozilla/5.0 (X11; Ubuntu; Linux x86_64; rv:62.0) Gecko/20100101 Firefox/62.0"
18.218.82.177 - - [10/Feb/2020:01:15:38 +0100] "GET / HTTP/1.1" 200 3919 "-" "Mozilla/5.0 (X11; Linux x86_64) AppleWebKit/537.36 (KHTML, like Gecko) Chrome/75.0.3770.142 Safari/537.36"
18.218.82.177 - - [10/Feb/2020:01:15:38 +0100] "GET / HTTP/1.1" 200 3919 "-" "Mozilla/5.0 (X11; Linux x86_64) AppleWebKit/537.36 (KHTML, like Gecko) Chrome/75.0.3770.142 Safari/537.36"
34.222.178.175 - - [10/Feb/2020:05:40:25 +0100] "GET / HTTP/1.1" 200 3668 "-" "Go-http-client/1.1"
188.127.168.25 - - [10/Feb/2020:09:14:45 +0100] "POST /AutoDiscover/autodiscover.xml HTTP/1.1" 404 3741 "-" "Microsoft Office/16.0 (Windows NT 10.0; Microsoft Excel 16.0.12430; Pro)"
188.127.168.25 - - [10/Feb/2020:09:58:55 +0100] "POST /AutoDiscover/autodiscover.xml HTTP/1.1" 404 3741 "-" "Microsoft Office/16.0 (Windows NT 10.0; Microsoft Word 16.0.12430; Pro)"
188.127.168.25 - - [10/Feb/2020:10:00:29 +0100] "POST /AutoDiscover/autodiscover.xml HTTP/1.1" 404 3741 "-" "Microsoft Office/16.0 (Windows NT 10.0; Microsoft Excel 16.0.12430; Pro)"
188.127.168.25 - - [10/Feb/2020:10:18:46 +0100] "POST /AutoDiscover/autodiscover.xml HTTP/1.1" 404 3741 "-" "Microsoft Office/16.0 (Windows NT 10.0; Microsoft Excel 16.0.12430; Pro)"
188.127.168.25 - - [10/Feb/2020:10:23:53 +0100] "POST /AutoDiscover/autodiscover.xml HTTP/1.1" 404 3741 "-" "Microsoft Office/16.0 (Windows NT 10.0; Microsoft Excel 16.0.12430; Pro)"
188.127.168.25 - - [11/Feb/2020:09:20:16 +0100] "POST /AutoDiscover/autodiscover.xml HTTP/1.1" 404 3741 "-" "Microsoft Office/16.0 (Windows NT 10.0; Microsoft Excel 16.0.12430; Pro)"
188.127.168.25 - - [11/Feb/2020:09:26:51 +0100] "POST /AutoDiscover/autodiscover.xml HTTP/1.1" 404 3741 "-" "Microsoft Office/16.0 (Windows NT 10.0; Microsoft Excel 16.0.12430; Pro)"
80.28.7.184 - - [11/Feb/2020:09:49:59 +0100] "POST /AutoDiscover/autodiscover.xml HTTP/1.1" 404 3741 "-" "Microsoft Office/16.0 (Windows NT 10.0; Microsoft Excel 16.0.12325; Pro)"
188.127.168.25 - - [11/Feb/2020:10:40:04 +0100] "POST /AutoDiscover/autodiscover.xml HTTP/1.1" 404 3741 "-" "Microsoft Office/16.0 (Windows NT 10.0; Microsoft Excel 16.0.12430; Pro)"
188.127.168.25 - - [11/Feb/2020:11:58:40 +0100] "POST /AutoDiscover/autodiscover.xml HTTP/1.1" 404 3741 "-" "Microsoft Office/16.0 (Windows NT 10.0; Microsoft Word 16.0.12430; Pro)"
188.127.168.25 - - [11/Feb/2020:12:31:00 +0100] "POST /AutoDiscover/autodiscover.xml HTTP/1.1" 404 3741 "-" "Microsoft Office/16.0 (Windows NT 10.0; Microsoft Word 16.0.12430; Pro)"
188.127.168.25 - - [11/Feb/2020:16:26:00 +0100] "POST /AutoDiscover/autodiscover.xml HTTP/1.1" 404 3741 "-" "Microsoft Office/16.0 (Windows NT 10.0; Microsoft Excel 16.0.12430; Pro)"
114.119.155.9 - - [11/Feb/2020:16:57:39 +0100] "GET /robots.txt HTTP/1.1" 404 3490 "-" "Mozilla/5.0(Linux;Android 5.1.1;OPPO A33 Build/LMY47V;wv) AppleWebKit/537.36(KHTML,link Gecko) Version/4.0 Chrome/42.0.2311.138 Mobile Safari/537.36 Mb2345Browser/9.0"
66.249.64.10 - - [12/Feb/2020:03:33:26 +0100] "GET /robots.txt HTTP/1.1" 404 3722 "-" "Mozilla/5.0 (compatible; Googlebot/2.1; +http://www.google.com/bot.html)"
66.249.64.10 - - [12/Feb/2020:03:33:29 +0100] "GET /.well-known/assetlinks.json HTTP/1.1" 404 483 "-" "Mozilla/5.0 (compatible; Googlebot/2.1; +http://www.google.com/bot.html)"
188.127.168.25 - - [12/Feb/2020:09:54:42 +0100] "POST /AutoDiscover/autodiscover.xml HTTP/1.1" 404 3741 "-" "Microsoft Office/16.0 (Windows NT 10.0; Microsoft Word 16.0.12430; Pro)"
80.28.7.184 - - [12/Feb/2020:10:47:50 +0100] "POST /AutoDiscover/autodiscover.xml HTTP/1.1" 404 3741 "-" "Microsoft Office/16.0 (Windows NT 10.0; Microsoft Word 16.0.12325; Pro)"
86.105.25.76 - - [12/Feb/2020:16:01:34 +0100] "GET /admin/ HTTP/1.1" 404 3822 "-" "Mozilla/5.0 (X11; Ubuntu; Linux x86_64; rv:62.0) Gecko/20100101 Firefox/62.0"
86.105.25.76 - - [12/Feb/2020:16:01:35 +0100] "GET /shop/admin/ HTTP/1.1" 404 3838 "-" "Mozilla/5.0 (X11; Ubuntu; Linux x86_64; rv:62.0) Gecko/20100101 Firefox/62.0"
86.105.25.76 - - [12/Feb/2020:16:01:35 +0100] "GET /store/admin/ HTTP/1.1" 404 3838 "-" "Mozilla/5.0 (X11; Ubuntu; Linux x86_64; rv:62.0) Gecko/20100101 Firefox/62.0"
86.105.25.76 - - [12/Feb/2020:16:01:36 +0100] "GET /magento/admin/ HTTP/1.1" 404 3838 "-" "Mozilla/5.0 (X11; Ubuntu; Linux x86_64; rv:62.0) Gecko/20100101 Firefox/62.0"
86.105.25.76 - - [12/Feb/2020:16:01:36 +0100] "GET /magento2/admin/ HTTP/1.1" 404 3838 "-" "Mozilla/5.0 (X11; Ubuntu; Linux x86_64; rv:62.0) Gecko/20100101 Firefox/62.0"
86.105.25.76 - - [12/Feb/2020:16:01:37 +0100] "GET /pub/errors/503.php HTTP/1.1" 404 3838 "-" "Mozilla/5.0 (X11; Ubuntu; Linux x86_64; rv:62.0) Gecko/20100101 Firefox/62.0"
86.105.25.76 - - [12/Feb/2020:16:01:37 +0100] "GET /shop/pub/errors/503.php HTTP/1.1" 404 3838 "-" "Mozilla/5.0 (X11; Ubuntu; Linux x86_64; rv:62.0) Gecko/20100101 Firefox/62.0"
86.105.25.76 - - [12/Feb/2020:16:01:38 +0100] "GET /store/pub/errors/503.php HTTP/1.1" 404 3838 "-" "Mozilla/5.0 (X11; Ubuntu; Linux x86_64; rv:62.0) Gecko/20100101 Firefox/62.0"
86.105.25.76 - - [12/Feb/2020:16:01:38 +0100] "GET /magento/pub/errors/503.php HTTP/1.1" 404 3854 "-" "Mozilla/5.0 (X11; Ubuntu; Linux x86_64; rv:62.0) Gecko/20100101 Firefox/62.0"
86.105.25.76 - - [12/Feb/2020:16:01:39 +0100] "GET /magento2/pub/errors/503.php HTTP/1.1" 404 3854 "-" "Mozilla/5.0 (X11; Ubuntu; Linux x86_64; rv:62.0) Gecko/20100101 Firefox/62.0"
86.105.25.76 - - [12/Feb/2020:16:01:39 +0100] "GET / HTTP/1.1" 200 4030 "-" "Mozilla/5.0 (X11; Ubuntu; Linux x86_64; rv:62.0) Gecko/20100101 Firefox/62.0"
86.105.25.76 - - [12/Feb/2020:16:01:40 +0100] "GET /shop/ HTTP/1.1" 404 3822 "-" "Mozilla/5.0 (X11; Ubuntu; Linux x86_64; rv:62.0) Gecko/20100101 Firefox/62.0"
86.105.25.76 - - [12/Feb/2020:16:01:40 +0100] "GET /store/ HTTP/1.1" 404 3822 "-" "Mozilla/5.0 (X11; Ubuntu; Linux x86_64; rv:62.0) Gecko/20100101 Firefox/62.0"
86.105.25.76 - - [12/Feb/2020:16:01:40 +0100] "GET /magento/ HTTP/1.1" 404 3822 "-" "Mozilla/5.0 (X11; Ubuntu; Linux x86_64; rv:62.0) Gecko/20100101 Firefox/62.0"
86.105.25.76 - - [12/Feb/2020:16:01:41 +0100] "GET /magento2/ HTTP/1.1" 404 3822 "-" "Mozilla/5.0 (X11; Ubuntu; Linux x86_64; rv:62.0) Gecko/20100101 Firefox/62.0"
188.127.168.25 - - [12/Feb/2020:16:02:06 +0100] "POST /AutoDiscover/autodiscover.xml HTTP/1.1" 404 3741 "-" "Microsoft Office/16.0 (Windows NT 10.0; Microsoft Word 16.0.12430; Pro)"
188.127.168.25 - - [12/Feb/2020:16:32:21 +0100] "POST /AutoDiscover/autodiscover.xml HTTP/1.1" 404 3741 "-" "Microsoft Office/16.0 (Windows NT 10.0; Microsoft Excel 16.0.12430; Pro)"
188.127.168.25 - - [13/Feb/2020:08:54:44 +0100] "POST /AutoDiscover/autodiscover.xml HTTP/1.1" 404 3741 "-" "Microsoft Office/16.0 (Windows NT 10.0; Microsoft Word 16.0.12430; Pro)"
188.127.168.25 - - [13/Feb/2020:10:43:53 +0100] "POST /AutoDiscover/autodiscover.xml HTTP/1.1" 404 3741 "-" "Microsoft Office/16.0 (Windows NT 10.0; Microsoft Word 16.0.12430; Pro)"
80.28.7.184 - - [13/Feb/2020:10:58:00 +0100] "POST /AutoDiscover/autodiscover.xml HTTP/1.1" 404 3741 "-" "Microsoft Office/16.0 (Windows NT 10.0; Microsoft Excel 16.0.12430; Pro)"
188.127.168.25 - - [13/Feb/2020:11:37:23 +0100] "POST /AutoDiscover/autodiscover.xml HTTP/1.1" 404 3741 "-" "Microsoft Office/16.0 (Windows NT 10.0; Microsoft Excel 16.0.12430; Pro)"
188.127.168.25 - - [13/Feb/2020:12:45:35 +0100] "POST /AutoDiscover/autodiscover.xml HTTP/1.1" 404 3741 "-" "Microsoft Office/16.0 (Windows NT 10.0; Microsoft Excel 16.0.12430; Pro)"
188.127.168.25 - - [13/Feb/2020:17:45:05 +0100] "POST /AutoDiscover/autodiscover.xml HTTP/1.1" 404 3741 "-" "Microsoft Office/16.0 (Windows NT 10.0; Microsoft Word 16.0.12430; Pro)"
188.127.168.25 - - [13/Feb/2020:17:51:03 +0100] "POST /AutoDiscover/autodiscover.xml HTTP/1.1" 404 3741 "-" "Microsoft Office/16.0 (Windows NT 10.0; Microsoft Excel 16.0.12430; Pro)"
188.127.168.25 - - [14/Feb/2020:11:39:44 +0100] "POST /AutoDiscover/autodiscover.xml HTTP/1.1" 404 3741 "-" "Microsoft Office/16.0 (Windows NT 10.0; Microsoft Word 16.0.12430; Pro)"
80.28.7.184 - - [14/Feb/2020:11:44:29 +0100] "POST /AutoDiscover/autodiscover.xml HTTP/1.1" 404 3741 "-" "Microsoft Office/16.0 (Windows NT 10.0; Microsoft Excel 16.0.12430; Pro)"
188.127.168.25 - - [14/Feb/2020:12:55:20 +0100] "POST /AutoDiscover/autodiscover.xml HTTP/1.1" 404 3741 "-" "Microsoft Office/16.0 (Windows NT 10.0; Microsoft Excel 16.0.12430; Pro)"
54.149.122.164 - - [15/Feb/2020:05:50:43 +0100] "GET / HTTP/1.1" 200 3668 "-" "Go-http-client/1.1"
114.119.130.252 - - [15/Feb/2020:10:31:41 +0100] "GET / HTTP/1.1" 200 3687 "-" "Mozilla/5.0 (iPad; CPU OS 7_0 like Mac OS X) AppleWebKit/537.51.1 (KHTML, like Gecko) Version/7.0 Mobile/11A465 Safari/9537.53"
114.119.134.239 - - [16/Feb/2020:17:47:15 +0100] "GET / HTTP/1.1" 200 3687 "-" "Mozilla/5.0(Linux;Android 5.1.1;OPPO A33 Build/LMY47V;wv) AppleWebKit/537.36(KHTML,link Gecko) Version/4.0 Chrome/43.0.2357.121 Mobile Safari/537.36"
188.127.168.25 - - [17/Feb/2020:09:18:13 +0100] "POST /AutoDiscover/autodiscover.xml HTTP/1.1" 404 3741 "-" "Microsoft Office/16.0 (Windows NT 10.0; Microsoft Excel 16.0.12430; Pro)"
80.28.7.184 - - [17/Feb/2020:11:33:01 +0100] "POST /AutoDiscover/autodiscover.xml HTTP/1.1" 404 3741 "-" "Microsoft Office/16.0 (Windows NT 10.0; Microsoft Excel 16.0.12430; Pro)"
188.127.168.25 - - [17/Feb/2020:12:09:31 +0100] "POST /AutoDiscover/autodiscover.xml HTTP/1.1" 404 3741 "-" "Microsoft Office/16.0 (Windows NT 10.0; Microsoft Word 16.0.12430; Pro)"
188.127.168.25 - - [17/Feb/2020:13:12:16 +0100] "POST /AutoDiscover/autodiscover.xml HTTP/1.1" 404 3741 "-" "Microsoft Office/16.0 (Windows NT 10.0; Microsoft Word 16.0.12430; Pro)"
188.127.168.25 - - [18/Feb/2020:10:18:17 +0100] "POST /AutoDiscover/autodiscover.xml HTTP/1.1" 404 3741 "-" "Microsoft Office/16.0 (Windows NT 10.0; Microsoft Excel 16.0.12430; Pro)"
188.127.168.25 - - [18/Feb/2020:10:28:23 +0100] "POST /AutoDiscover/autodiscover.xml HTTP/1.1" 404 3741 "-" "Microsoft Office/16.0 (Windows NT 10.0; Microsoft Excel 16.0.12430; Pro)"
188.127.168.25 - - [18/Feb/2020:10:45:24 +0100] "POST /AutoDiscover/autodiscover.xml HTTP/1.1" 404 3741 "-" "Microsoft Office/16.0 (Windows NT 10.0; Microsoft Word 16.0.12430; Pro)"
80.28.7.184 - - [18/Feb/2020:11:58:30 +0100] "POST /AutoDiscover/autodiscover.xml HTTP/1.1" 404 3741 "-" "Microsoft Office/16.0 (Windows NT 10.0; Microsoft Excel 16.0.12430; Pro)"
188.127.168.25 - - [18/Feb/2020:17:47:32 +0100] "POST /AutoDiscover/autodiscover.xml HTTP/1.1" 404 3741 "-" "Microsoft Office/16.0 (Windows NT 10.0; Microsoft Excel 16.0.12430; Pro)"
209.17.96.10 - - [18/Feb/2020:23:34:16 +0100] "GET / HTTP/1.1" 200 3673 "-" "Mozilla/5.0 (compatible; Nimbostratus-Bot/v1.3.2; http://cloudsystemnetworks.com)"
66.249.64.10 - - [19/Feb/2020:05:57:56 +0100] "GET /robots.txt HTTP/1.1" 404 3722 "-" "Mozilla/5.0 (compatible; Googlebot/2.1; +http://www.google.com/bot.html)"
66.249.64.12 - - [19/Feb/2020:05:57:57 +0100] "GET /.well-known/assetlinks.json HTTP/1.1" 404 3739 "-" "Mozilla/5.0 (compatible; Googlebot/2.1; +http://www.google.com/bot.html)"
188.127.168.25 - - [19/Feb/2020:08:43:32 +0100] "POST /AutoDiscover/autodiscover.xml HTTP/1.1" 404 3741 "-" "Microsoft Office/16.0 (Windows NT 10.0; Microsoft Excel 16.0.12430; Pro)"
188.127.168.25 - - [19/Feb/2020:11:16:58 +0100] "POST /AutoDiscover/autodiscover.xml HTTP/1.1" 404 3741 "-" "Microsoft Office/16.0 (Windows NT 10.0; Microsoft Excel 16.0.12430; Pro)"
188.127.168.25 - - [19/Feb/2020:11:34:38 +0100] "POST /AutoDiscover/autodiscover.xml HTTP/1.1" 404 3741 "-" "Microsoft Office/16.0 (Windows NT 10.0; Microsoft Excel 16.0.12430; Pro)"
80.28.7.184 - - [19/Feb/2020:19:01:15 +0100] "POST /AutoDiscover/autodiscover.xml HTTP/1.1" 404 3741 "-" "Microsoft Office/16.0 (Windows NT 10.0; Microsoft Excel 16.0.12430; Pro)"
188.127.168.25 - - [20/Feb/2020:09:10:58 +0100] "POST /AutoDiscover/autodiscover.xml HTTP/1.1" 404 3741 "-" "Microsoft Office/16.0 (Windows NT 10.0; Microsoft Excel 16.0.12430; Pro)"
188.127.168.25 - - [20/Feb/2020:09:41:49 +0100] "POST /AutoDiscover/autodiscover.xml HTTP/1.1" 404 3741 "-" "Microsoft Office/16.0 (Windows NT 10.0; Microsoft Excel 16.0.12430; Pro)"
188.127.168.25 - - [20/Feb/2020:11:41:45 +0100] "POST /AutoDiscover/autodiscover.xml HTTP/1.1" 404 3741 "-" "Microsoft Office/16.0 (Windows NT 10.0; Microsoft Word 16.0.12430; Pro)"
188.127.168.25 - - [20/Feb/2020:12:20:13 +0100] "POST /AutoDiscover/autodiscover.xml HTTP/1.1" 404 3741 "-" "Microsoft Office/16.0 (Windows NT 10.0; Microsoft Excel 16.0.12430; Pro)"
114.119.139.249 - - [20/Feb/2020:17:37:27 +0100] "GET / HTTP/1.1" 200 3687 "-" "Mozilla/5.0 (iPad; CPU OS 7_0 like Mac OS X) AppleWebKit/537.51.1 (KHTML, like Gecko) Version/7.0 Mobile/11A465 Safari/9537.53"
80.28.7.184 - - [21/Feb/2020:10:07:39 +0100] "POST /AutoDiscover/autodiscover.xml HTTP/1.1" 404 3741 "-" "Microsoft Office/16.0 (Windows NT 10.0; Microsoft Excel 16.0.12430; Pro)"
188.127.168.25 - - [21/Feb/2020:10:23:27 +0100] "POST /AutoDiscover/autodiscover.xml HTTP/1.1" 404 3741 "-" "Microsoft Office/16.0 (Windows NT 10.0; Microsoft Word 16.0.12430; Pro)"
188.127.168.25 - - [21/Feb/2020:11:33:03 +0100] "POST /AutoDiscover/autodiscover.xml HTTP/1.1" 404 3741 "-" "Microsoft Office/16.0 (Windows NT 10.0; Microsoft Excel 16.0.12430; Pro)"
188.127.168.25 - - [21/Feb/2020:11:56:08 +0100] "POST /AutoDiscover/autodiscover.xml HTTP/1.1" 404 3741 "-" "Microsoft Office/16.0 (Windows NT 10.0; Microsoft Excel 16.0.12430; Pro)"
209.17.96.226 - - [22/Feb/2020:07:56:25 +0100] "GET / HTTP/1.1" 200 3673 "-" "Mozilla/5.0 (compatible; Nimbostratus-Bot/v1.3.2; http://cloudsystemnetworks.com)"
188.127.168.25 - - [24/Feb/2020:09:29:07 +0100] "POST /AutoDiscover/autodiscover.xml HTTP/1.1" 404 3741 "-" "Microsoft Office/16.0 (Windows NT 10.0; Microsoft Word 16.0.12430; Pro)"
188.127.168.25 - - [24/Feb/2020:10:40:04 +0100] "POST /AutoDiscover/autodiscover.xml HTTP/1.1" 404 3741 "-" "Microsoft Office/16.0 (Windows NT 10.0; Microsoft Excel 16.0.12430; Pro)"
188.127.168.25 - - [24/Feb/2020:12:10:16 +0100] "POST /AutoDiscover/autodiscover.xml HTTP/1.1" 404 3741 "-" "Microsoft Office/16.0 (Windows NT 10.0; Microsoft Word 16.0.12430; Pro)"
188.127.168.25 - - [24/Feb/2020:12:31:42 +0100] "POST /AutoDiscover/autodiscover.xml HTTP/1.1" 404 3741 "-" "Microsoft Office/16.0 (Windows NT 10.0; Microsoft Excel 16.0.12430; Pro)"
188.127.168.25 - - [24/Feb/2020:13:53:24 +0100] "POST /AutoDiscover/autodiscover.xml HTTP/1.1" 404 3741 "-" "Microsoft Office/16.0 (Windows NT 10.0; Microsoft Word 16.0.12430; Pro)"
80.28.7.184 - - [24/Feb/2020:14:17:27 +0100] "POST /AutoDiscover/autodiscover.xml HTTP/1.1" 404 3741 "-" "Microsoft Office/16.0 (Windows NT 10.0; Microsoft Excel 16.0.12430; Pro)"
114.119.131.144 - - [24/Feb/2020:17:27:07 +0100] "GET / HTTP/1.1" 200 3686 "-" "Mozilla/5.0(Linux;U;Android 5.1.1;zh-CN;OPPO A33 Build/LMY47V) AppleWebKit/537.36(KHTML,like Gecko) Version/4.0 Chrome/40.0.2214.89 Mobile Safari/537.36"
209.17.96.106 - - [25/Feb/2020:01:28:48 +0100] "GET / HTTP/1.1" 200 3672 "-" "Mozilla/5.0 (compatible; Nimbostratus-Bot/v1.3.2; http://cloudsystemnetworks.com)"
62.210.5.253 - - [25/Feb/2020:09:51:42 +0100] "GET / HTTP/1.1" 200 3667 "-" "Mozilla/5.0 (X11; Ubuntu; Linux x86_64; rv:58.0) Gecko/20100101 Firefox/58.0"
188.127.168.25 - - [25/Feb/2020:10:52:31 +0100] "POST /AutoDiscover/autodiscover.xml HTTP/1.1" 404 3740 "-" "Microsoft Office/16.0 (Windows NT 10.0; Microsoft Excel 16.0.12430; Pro)"
188.127.168.25 - - [25/Feb/2020:11:41:17 +0100] "POST /AutoDiscover/autodiscover.xml HTTP/1.1" 404 3740 "-" "Microsoft Office/16.0 (Windows NT 10.0; Microsoft Excel 16.0.12430; Pro)"
188.127.168.25 - - [25/Feb/2020:12:17:21 +0100] "POST /AutoDiscover/autodiscover.xml HTTP/1.1" 404 3740 "-" "Microsoft Office/16.0 (Windows NT 10.0; Microsoft Word 16.0.12430; Pro)"
188.127.168.25 - - [25/Feb/2020:13:53:30 +0100] "POST /AutoDiscover/autodiscover.xml HTTP/1.1" 404 3740 "-" "Microsoft Office/16.0 (Windows NT 10.0; Microsoft Word 16.0.12430; Pro)"
80.28.7.184 - - [25/Feb/2020:14:48:24 +0100] "POST /AutoDiscover/autodiscover.xml HTTP/1.1" 404 3740 "-" "Microsoft Office/16.0 (Windows NT 10.0; Microsoft Excel 16.0.12430; Pro)"
66.249.64.10 - - [25/Feb/2020:23:47:01 +0100] "GET /robots.txt HTTP/1.1" 404 3721 "-" "Mozilla/5.0 (compatible; Googlebot/2.1; +http://www.google.com/bot.html)"
66.249.64.13 - - [25/Feb/2020:23:47:01 +0100] "GET /.well-known/assetlinks.json HTTP/1.1" 404 3738 "-" "Mozilla/5.0 (compatible; Googlebot/2.1; +http://www.google.com/bot.html)"
54.213.81.219 - - [26/Feb/2020:05:41:09 +0100] "GET / HTTP/1.1" 200 3667 "-" "Go-http-client/1.1"
188.127.168.25 - - [26/Feb/2020:11:40:40 +0100] "POST /AutoDiscover/autodiscover.xml HTTP/1.1" 404 3740 "-" "Microsoft Office/16.0 (Windows NT 10.0; Microsoft Word 16.0.12430; Pro)"
188.127.168.25 - - [26/Feb/2020:12:32:17 +0100] "POST /AutoDiscover/autodiscover.xml HTTP/1.1" 404 3740 "-" "Microsoft Office/16.0 (Windows NT 10.0; Microsoft Word 16.0.12430; Pro)"
188.127.168.25 - - [26/Feb/2020:13:38:43 +0100] "POST /AutoDiscover/autodiscover.xml HTTP/1.1" 404 3740 "-" "Microsoft Office/16.0 (Windows NT 10.0; Microsoft Excel 16.0.12430; Pro)"
114.119.154.254 - - [26/Feb/2020:13:56:06 +0100] "GET /robots.txt HTTP/1.1" 404 3489 "-" "Mozilla/5.0(Linux;Android 5.1.1;OPPO A33 Build/LMY47V;wv) AppleWebKit/537.36(KHTML,link Gecko) Version/4.0 Chrome/43.0.2357.121 Mobile Safari/537.36"
188.127.168.25 - - [26/Feb/2020:15:52:12 +0100] "POST /AutoDiscover/autodiscover.xml HTTP/1.1" 404 3740 "-" "Microsoft Office/16.0 (Windows NT 10.0; Microsoft Word 16.0.12430; Pro)"
80.28.7.184 - - [26/Feb/2020:18:47:29 +0100] "POST /AutoDiscover/autodiscover.xml HTTP/1.1" 404 3740 "-" "Microsoft Office/16.0 (Windows NT 10.0; Microsoft Excel 16.0.12430; Pro)"
188.127.168.25 - - [27/Feb/2020:09:59:38 +0100] "POST /AutoDiscover/autodiscover.xml HTTP/1.1" 404 3740 "-" "Microsoft Office/16.0 (Windows NT 10.0; Microsoft Excel 16.0.12430; Pro)"
188.127.168.25 - - [27/Feb/2020:13:32:32 +0100] "POST /AutoDiscover/autodiscover.xml HTTP/1.1" 404 3740 "-" "Microsoft Office/16.0 (Windows NT 10.0; Microsoft Word 16.0.12430; Pro)"
188.127.168.25 - - [27/Feb/2020:13:45:20 +0100] "POST /AutoDiscover/autodiscover.xml HTTP/1.1" 404 3740 "-" "Microsoft Office/16.0 (Windows NT 10.0; Microsoft Excel 16.0.12430; Pro)"
188.127.168.25 - - [27/Feb/2020:16:00:23 +0100] "POST /AutoDiscover/autodiscover.xml HTTP/1.1" 404 3740 "-" "Microsoft Office/16.0 (Windows NT 10.0; Microsoft Excel 16.0.12430; Pro)"
80.28.7.184 - - [28/Feb/2020:09:58:57 +0100] "POST /AutoDiscover/autodiscover.xml HTTP/1.1" 404 3740 "-" "Microsoft Office/16.0 (Windows NT 10.0; Microsoft Excel 16.0.12430; Pro)"
188.127.168.25 - - [28/Feb/2020:10:36:01 +0100] "POST /AutoDiscover/autodiscover.xml HTTP/1.1" 404 3740 "-" "Microsoft Office/16.0 (Windows NT 10.0; Microsoft Word 16.0.12430; Pro)"
188.127.168.25 - - [28/Feb/2020:10:56:37 +0100] "POST /AutoDiscover/autodiscover.xml HTTP/1.1" 404 3740 "-" "Microsoft Office/16.0 (Windows NT 10.0; Microsoft Excel 16.0.12430; Pro)"
209.17.96.146 - - [28/Feb/2020:14:20:19 +0100] "GET / HTTP/1.1" 200 3672 "-" "Mozilla/5.0 (compatible; Nimbostratus-Bot/v1.3.2; http://cloudsystemnetworks.com)"
188.127.168.25 - - [28/Feb/2020:15:54:11 +0100] "POST /AutoDiscover/autodiscover.xml HTTP/1.1" 404 3740 "-" "Microsoft Office/16.0 (Windows NT 10.0; Microsoft Excel 16.0.12430; Pro)"
114.119.159.45 - - [28/Feb/2020:17:36:42 +0100] "GET / HTTP/1.1" 200 3686 "-" "Mozilla/5.0(Linux;Android 5.1.1;OPPO A33 Build/LMY47V;wv) AppleWebKit/537.36(KHTML,link Gecko) Version/4.0 Chrome/43.0.2357.121 Mobile Safari/537.36"
209.17.97.34 - - [29/Feb/2020:06:14:31 +0100] "GET / HTTP/1.1" 200 3672 "-" "Mozilla/5.0 (compatible; Nimbostratus-Bot/v1.3.2; http://cloudsystemnetworks.com)"
188.127.168.25 - - [02/Mar/2020:08:25:13 +0100] "POST /AutoDiscover/autodiscover.xml HTTP/1.1" 404 3740 "-" "Microsoft Office/16.0 (Windows NT 10.0; Microsoft Excel 16.0.12430; Pro)"
80.28.7.184 - - [02/Mar/2020:09:00:57 +0100] "POST /AutoDiscover/autodiscover.xml HTTP/1.1" 404 3740 "-" "Microsoft Office/16.0 (Windows NT 10.0; Microsoft Excel 16.0.12430; Pro)"
188.127.168.25 - - [02/Mar/2020:09:36:00 +0100] "POST /AutoDiscover/autodiscover.xml HTTP/1.1" 404 3740 "-" "Microsoft Office/16.0 (Windows NT 10.0; Microsoft Excel 16.0.12430; Pro)"
188.127.168.25 - - [02/Mar/2020:09:52:15 +0100] "POST /AutoDiscover/autodiscover.xml HTTP/1.1" 404 3740 "-" "Microsoft Office/16.0 (Windows NT 10.0; Microsoft Excel 16.0.12430; Pro)"
188.127.168.25 - - [02/Mar/2020:10:33:23 +0100] "POST /AutoDiscover/autodiscover.xml HTTP/1.1" 404 3740 "-" "Microsoft Office/16.0 (Windows NT 10.0; Microsoft Excel 16.0.12430; Pro)"
188.127.168.25 - - [02/Mar/2020:14:34:04 +0100] "POST /AutoDiscover/autodiscover.xml HTTP/1.1" 404 3740 "-" "Microsoft Office/16.0 (Windows NT 10.0; Microsoft Excel 16.0.12430; Pro)"
106.92.102.66 - - [03/Mar/2020:00:03:33 +0100] "GET /robots.txt HTTP/1.1" 404 3489 "-" "Mozilla/5.0(Linux;Android 5.1.1;OPPO A33 Build/LMY47V;wv) AppleWebKit/537.36(KHTML,link Gecko) Version/4.0 Chrome/43.0.2357.121 Mobile Safari/537.36"
114.119.156.52 - - [03/Mar/2020:06:56:52 +0100] "GET /robots.txt HTTP/1.1" 404 3489 "-" "Mozilla/5.0(Linux;U;Android 5.1.1;zh-CN;OPPO A33 Build/LMY47V) AppleWebKit/537.36(KHTML,like Gecko) Version/4.0 Chrome/40.0.2214.89 Mobile Safari/537.36"
188.127.168.25 - - [03/Mar/2020:09:55:14 +0100] "POST /AutoDiscover/autodiscover.xml HTTP/1.1" 404 3740 "-" "Microsoft Office/16.0 (Windows NT 10.0; Microsoft Excel 16.0.12430; Pro)"
188.127.168.25 - - [03/Mar/2020:10:08:12 +0100] "POST /AutoDiscover/autodiscover.xml HTTP/1.1" 404 3740 "-" "Microsoft Office/16.0 (Windows NT 10.0; Microsoft Word 16.0.12430; Pro)"
188.127.168.25 - - [03/Mar/2020:10:36:10 +0100] "POST /AutoDiscover/autodiscover.xml HTTP/1.1" 404 3740 "-" "Microsoft Office/16.0 (Windows NT 10.0; Microsoft Word 16.0.12430; Pro)"
80.28.7.184 - - [03/Mar/2020:11:04:26 +0100] "POST /AutoDiscover/autodiscover.xml HTTP/1.1" 404 3740 "-" "Microsoft Office/16.0 (Windows NT 10.0; Microsoft Excel 16.0.12430; Pro)"
114.119.132.176 - - [03/Mar/2020:12:38:01 +0100] "GET /robots.txt HTTP/1.1" 404 3489 "-" "Mozilla/5.0 (iPad; CPU OS 7_0 like Mac OS X) AppleWebKit/537.51.1 (KHTML, like Gecko) Version/7.0 Mobile/11A465 Safari/9537.53"
