66.249.93.209 - - [09/Jan/2020:09:27:22 +0100] "GET /favicon.ico HTTP/1.1" 200 5739 "http://www.iticsl.es/" "Mozilla/5.0 (Linux; Android 5.0.1; GT-I9505) AppleWebKit/537.36 (KHTML, like Gecko) Chrome/79.0.3945.93 Mobile Safari/537.36"
66.249.93.211 - - [09/Jan/2020:09:27:24 +0100] "GET /index.php HTTP/1.1" 200 957 "http://www.iticsl.es/" "Mozilla/5.0 (Linux; Android 5.0.1; GT-I9505) AppleWebKit/537.36 (KHTML, like Gecko) Chrome/79.0.3945.93 Mobile Safari/537.36"
66.249.66.147 - - [09/Jan/2020:09:51:56 +0100] "GET /robots.txt HTTP/1.1" 404 409 "-" "Mozilla/5.0 (compatible; Googlebot/2.1; +http://www.google.com/bot.html)"
66.249.66.147 - - [09/Jan/2020:09:51:56 +0100] "GET / HTTP/1.1" 200 605 "-" "Mozilla/5.0 (Linux; Android 6.0.1; Nexus 5X Build/MMB29P) AppleWebKit/537.36 (KHTML, like Gecko) Chrome/41.0.2272.96 Mobile Safari/537.36 (compatible; Googlebot/2.1; +http://www.google.com/bot.html)"
66.249.66.145 - - [09/Jan/2020:09:51:57 +0100] "GET /index.php HTTP/1.1" 200 957 "-" "Mozilla/5.0 (Linux; Android 6.0.1; Nexus 5X Build/MMB29P) AppleWebKit/537.36 (KHTML, like Gecko) Chrome/41.0.2272.96 Mobile Safari/537.36 (compatible; Googlebot/2.1; +http://www.google.com/bot.html)"
66.249.66.145 - - [09/Jan/2020:11:46:43 +0100] "GET / HTTP/1.1" 200 606 "-" "Mozilla/5.0 (compatible; Googlebot/2.1; +http://www.google.com/bot.html)"
66.249.66.143 - - [09/Jan/2020:11:46:46 +0100] "GET /index.php HTTP/1.1" 200 957 "-" "Mozilla/5.0 (compatible; Googlebot/2.1; +http://www.google.com/bot.html)"
66.249.66.143 - - [10/Jan/2020:06:04:59 +0100] "GET /robots.txt HTTP/1.1" 404 409 "-" "Mozilla/5.0 (compatible; Googlebot/2.1; +http://www.google.com/bot.html)"
66.249.66.145 - - [10/Jan/2020:06:04:59 +0100] "GET / HTTP/1.1" 200 606 "-" "Mozilla/5.0 (Linux; Android 6.0.1; Nexus 5X Build/MMB29P) AppleWebKit/537.36 (KHTML, like Gecko) Chrome/41.0.2272.96 Mobile Safari/537.36 (compatible; Googlebot/2.1; +http://www.google.com/bot.html)"
66.249.66.145 - - [10/Jan/2020:06:05:00 +0100] "GET /index.php HTTP/1.1" 200 956 "-" "Mozilla/5.0 (Linux; Android 6.0.1; Nexus 5X Build/MMB29P) AppleWebKit/537.36 (KHTML, like Gecko) Chrome/41.0.2272.96 Mobile Safari/537.36 (compatible; Googlebot/2.1; +http://www.google.com/bot.html)"
195.53.50.164 - - [10/Jan/2020:10:58:57 +0100] "GET / HTTP/1.1" 200 606 "https://www.google.com/" "Mozilla/5.0 (Windows NT 10.0; Win64; x64) AppleWebKit/537.36 (KHTML, like Gecko) Chrome/79.0.3945.88 Safari/537.36"
195.53.50.164 - - [10/Jan/2020:10:58:59 +0100] "GET /favicon.ico HTTP/1.1" 200 5739 "http://www.iticsl.es/" "Mozilla/5.0 (Windows NT 10.0; Win64; x64) AppleWebKit/537.36 (KHTML, like Gecko) Chrome/79.0.3945.88 Safari/537.36"
195.53.50.164 - - [10/Jan/2020:10:59:01 +0100] "GET /index.php HTTP/1.1" 200 956 "http://www.iticsl.es/" "Mozilla/5.0 (Windows NT 10.0; Win64; x64) AppleWebKit/537.36 (KHTML, like Gecko) Chrome/79.0.3945.88 Safari/537.36"
212.49.136.192 - - [10/Jan/2020:12:33:57 +0100] "GET / HTTP/1.1" 200 606 "https://www.google.es/" "Mozilla/5.0 (Windows NT 10.0; WOW64) AppleWebKit/537.36 (KHTML, like Gecko) Chrome/79.0.3945.117 Safari/537.36"
212.49.136.192 - - [10/Jan/2020:12:33:59 +0100] "GET /favicon.ico HTTP/1.1" 200 5739 "http://www.iticsl.es/" "Mozilla/5.0 (Windows NT 10.0; WOW64) AppleWebKit/537.36 (KHTML, like Gecko) Chrome/79.0.3945.117 Safari/537.36"
212.49.136.192 - - [10/Jan/2020:12:34:01 +0100] "GET /index.php HTTP/1.1" 200 956 "http://www.iticsl.es/" "Mozilla/5.0 (Windows NT 10.0; WOW64) AppleWebKit/537.36 (KHTML, like Gecko) Chrome/79.0.3945.117 Safari/537.36"
212.49.136.192 - - [10/Jan/2020:12:35:54 +0100] "GET /index.php HTTP/1.1" 200 957 "http://www.iticsl.es/" "Mozilla/5.0 (Windows NT 10.0; WOW64) AppleWebKit/537.36 (KHTML, like Gecko) Chrome/79.0.3945.117 Safari/537.36"
66.249.66.145 - - [10/Jan/2020:18:31:03 +0100] "GET /robots.txt HTTP/1.1" 404 409 "-" "Mozilla/5.0 (compatible; Googlebot/2.1; +http://www.google.com/bot.html)"
66.249.66.145 - - [10/Jan/2020:18:31:03 +0100] "GET / HTTP/1.1" 200 605 "-" "Mozilla/5.0 (compatible; Googlebot/2.1; +http://www.google.com/bot.html)"
66.249.66.147 - - [10/Jan/2020:18:31:04 +0100] "GET /index.php HTTP/1.1" 200 957 "-" "Mozilla/5.0 (compatible; Googlebot/2.1; +http://www.google.com/bot.html)"
66.249.70.3 - - [10/Jan/2020:20:02:24 +0100] "GET /robots.txt HTTP/1.1" 404 409 "-" "Mozilla/5.0 (compatible; Googlebot/2.1; +http://www.google.com/bot.html)"
66.249.70.5 - - [10/Jan/2020:20:02:25 +0100] "GET / HTTP/1.1" 200 606 "-" "Mozilla/5.0 (compatible; Googlebot/2.1; +http://www.google.com/bot.html)"
66.249.64.19 - - [10/Jan/2020:20:02:26 +0100] "GET /index.php HTTP/1.1" 200 957 "-" "Mozilla/5.0 (compatible; Googlebot/2.1; +http://www.google.com/bot.html)"
185.20.117.132 - - [11/Jan/2020:05:33:44 +0100] "GET / HTTP/1.1" 200 606 "-" "Mozilla/5.0 (compatible; MSIE 9.0; Windows NT 6.1; WOW64; Trident/5.0) AppleWebKit/537.36 (KHTML, like Gecko) Gecko/20101203 Firefox/3.6.13 Chrome/65.0.3325.181 Safari/537.36"
185.2.196.196 - - [11/Jan/2020:15:04:13 +0100] "GET / HTTP/1.1" 200 606 "-" "Mozilla/5.0 (Windows NT 6.1; WOW64; Trident/7.0; rv:11.0) like Gecko"
47.240.52.0 - - [11/Jan/2020:20:27:20 +0100] "GET /xmlrpc.php HTTP/1.1" 404 280 "-" "Mozilla/5.0 (Windows NT 6.1; WOW64; rv:45.0) Gecko/20100101 Firefox/45.0"
66.249.64.19 - - [12/Jan/2020:03:06:13 +0100] "GET /robots.txt HTTP/1.1" 404 409 "-" "Mozilla/5.0 (compatible; Googlebot/2.1; +http://www.google.com/bot.html)"
66.249.64.19 - - [12/Jan/2020:03:06:13 +0100] "GET / HTTP/1.1" 200 605 "-" "Mozilla/5.0 (Linux; Android 6.0.1; Nexus 5X Build/MMB29P) AppleWebKit/537.36 (KHTML, like Gecko) Chrome/41.0.2272.96 Mobile Safari/537.36 (compatible; Googlebot/2.1; +http://www.google.com/bot.html)"
66.249.64.18 - - [12/Jan/2020:03:06:15 +0100] "GET /index.php HTTP/1.1" 200 957 "-" "Mozilla/5.0 (Linux; Android 6.0.1; Nexus 5X Build/MMB29P) AppleWebKit/537.36 (KHTML, like Gecko) Chrome/41.0.2272.96 Mobile Safari/537.36 (compatible; Googlebot/2.1; +http://www.google.com/bot.html)"
66.249.64.17 - - [12/Jan/2020:12:09:29 +0100] "GET / HTTP/1.1" 200 606 "-" "Mozilla/5.0 (compatible; Googlebot/2.1; +http://www.google.com/bot.html)"
66.249.64.18 - - [12/Jan/2020:12:09:29 +0100] "GET /index.php HTTP/1.1" 200 957 "-" "Mozilla/5.0 (compatible; Googlebot/2.1; +http://www.google.com/bot.html)"
79.159.211.141 - - [12/Jan/2020:13:16:47 +0100] "GET / HTTP/1.1" 200 606 "https://www.google.com/" "Mozilla/5.0 (Windows NT 10.0; Win64; x64) AppleWebKit/537.36 (KHTML, like Gecko) Chrome/79.0.3945.117 Safari/537.36"
79.159.211.141 - - [12/Jan/2020:13:16:47 +0100] "GET /favicon.ico HTTP/1.1" 200 5739 "http://www.iticsl.es/" "Mozilla/5.0 (Windows NT 10.0; Win64; x64) AppleWebKit/537.36 (KHTML, like Gecko) Chrome/79.0.3945.117 Safari/537.36"
79.159.211.141 - - [12/Jan/2020:13:17:05 +0100] "GET /favicon.ico HTTP/1.1" 200 5740 "http://www.iticsl.es/" "Mozilla/5.0 (Windows NT 10.0; Win64; x64) AppleWebKit/537.36 (KHTML, like Gecko) Chrome/79.0.3945.117 Safari/537.36"
79.159.211.141 - - [12/Jan/2020:13:17:07 +0100] "GET /index.php HTTP/1.1" 200 956 "http://www.iticsl.es/" "Mozilla/5.0 (Windows NT 10.0; Win64; x64) AppleWebKit/537.36 (KHTML, like Gecko) Chrome/79.0.3945.117 Safari/537.36"
184.94.240.92 - - [12/Jan/2020:14:26:14 +0100] "GET / HTTP/1.1" 200 569 "-" "Mozilla/5.0 (Windows NT 10.0; Win64; x64; rv:65.0) Gecko/20100101 Firefox/65.0"
157.55.39.43 - - [13/Jan/2020:01:45:46 +0100] "GET /robots.txt HTTP/1.1" 404 409 "-" "Mozilla/5.0 (compatible; bingbot/2.0; +http://www.bing.com/bingbot.htm)"
40.77.167.18 - - [13/Jan/2020:01:46:34 +0100] "GET / HTTP/1.1" 200 606 "-" "Mozilla/5.0 (compatible; bingbot/2.0; +http://www.bing.com/bingbot.htm)"
66.249.64.18 - - [13/Jan/2020:05:23:11 +0100] "GET /robots.txt HTTP/1.1" 404 409 "-" "Mozilla/5.0 (compatible; Googlebot/2.1; +http://www.google.com/bot.html)"
66.249.64.19 - - [13/Jan/2020:05:23:11 +0100] "GET / HTTP/1.1" 200 606 "-" "Mozilla/5.0 (Linux; Android 6.0.1; Nexus 5X Build/MMB29P) AppleWebKit/537.36 (KHTML, like Gecko) Chrome/41.0.2272.96 Mobile Safari/537.36 (compatible; Googlebot/2.1; +http://www.google.com/bot.html)"
66.249.64.17 - - [13/Jan/2020:05:23:12 +0100] "GET /index.php HTTP/1.1" 200 957 "-" "Mozilla/5.0 (Linux; Android 6.0.1; Nexus 5X Build/MMB29P) AppleWebKit/537.36 (KHTML, like Gecko) Chrome/41.0.2272.96 Mobile Safari/537.36 (compatible; Googlebot/2.1; +http://www.google.com/bot.html)"
185.2.196.196 - - [13/Jan/2020:06:40:01 +0100] "GET / HTTP/1.1" 200 606 "-" "Mozilla/5.0 (Windows NT 6.1; WOW64; Trident/7.0; rv:11.0) like Gecko"
66.249.64.17 - - [13/Jan/2020:08:59:40 +0100] "GET / HTTP/1.1" 200 606 "-" "Mozilla/5.0 (compatible; Googlebot/2.1; +http://www.google.com/bot.html)"
66.249.64.19 - - [13/Jan/2020:08:59:41 +0100] "GET /index.php HTTP/1.1" 200 957 "-" "Mozilla/5.0 (compatible; Googlebot/2.1; +http://www.google.com/bot.html)"
83.57.7.30 - - [13/Jan/2020:14:09:36 +0100] "GET / HTTP/1.1" 200 606 "http://www.google.es/url?sa=t&rct=j&q=&esrc=s&source=web&cd=1&ved=2ahUKEwjtp6b-0oDnAhXuA2MBHaw8DgQQFjAAegQIBhAB&url=http%3A%2F%2Fwww.iticsl.es%2F&usg=AOvVaw0P1Tr25Y4xmH7rC942So08" "Mozilla/5.0 (Windows NT 10.0; WOW64; Trident/7.0; rv:11.0) like Gecko"
83.57.7.30 - - [13/Jan/2020:14:09:37 +0100] "GET /favicon.ico HTTP/1.1" 200 5739 "-" "Mozilla/5.0 (Windows NT 10.0; Win64; x64; Trident/7.0; rv:11.0) like Gecko"
83.57.7.30 - - [13/Jan/2020:14:09:39 +0100] "GET /index.php HTTP/1.1" 200 956 "-" "Mozilla/5.0 (Windows NT 10.0; WOW64; Trident/7.0; rv:11.0) like Gecko"
83.57.7.30 - - [13/Jan/2020:14:22:22 +0100] "GET /index.php HTTP/1.1" 200 957 "-" "Mozilla/5.0 (Windows NT 10.0; WOW64; Trident/7.0; rv:11.0) like Gecko"
83.57.7.30 - - [13/Jan/2020:14:22:39 +0100] "GET /index.php HTTP/1.1" 200 957 "-" "Mozilla/5.0 (Windows NT 10.0; WOW64; Trident/7.0; rv:11.0) like Gecko"
83.57.7.30 - - [13/Jan/2020:14:22:52 +0100] "GET /index.php HTTP/1.1" 200 957 "-" "Mozilla/5.0 (Windows NT 10.0; WOW64; Trident/7.0; rv:11.0) like Gecko"
83.57.7.30 - - [13/Jan/2020:14:23:26 +0100] "GET /index.php HTTP/1.1" 200 957 "-" "Mozilla/5.0 (Windows NT 10.0; WOW64; Trident/7.0; rv:11.0) like Gecko"
51.68.94.61 - - [14/Jan/2020:01:00:35 +0100] "GET /robots.txt HTTP/1.1" 404 409 "-" "Mozilla/5.0 (Windows NT 10.0; WOW64) AppleWebKit/537.36 (KHTML, like Gecko) Chrome/49.0.2623.75 Safari/537.36 OPR/36.0.2130.32"
51.68.94.61 - - [14/Jan/2020:01:00:35 +0100] "GET / HTTP/1.1" 200 605 "-" "Mozilla/5.0 (Windows NT 10.0; WOW64) AppleWebKit/537.36 (KHTML, like Gecko) Chrome/49.0.2623.75 Safari/537.36 OPR/36.0.2130.32"
51.68.94.61 - - [14/Jan/2020:01:00:35 +0100] "GET /xmlrpc.php?rsd HTTP/1.1" 404 279 "-" "Mozilla/5.0 (Windows NT 10.0; WOW64) AppleWebKit/537.36 (KHTML, like Gecko) Chrome/49.0.2623.75 Safari/537.36 OPR/36.0.2130.32"
51.68.94.61 - - [14/Jan/2020:01:00:35 +0100] "GET /blog/robots.txt HTTP/1.1" 404 413 "-" "Mozilla/5.0 (Windows NT 10.0; WOW64) AppleWebKit/537.36 (KHTML, like Gecko) Chrome/49.0.2623.75 Safari/537.36 OPR/36.0.2130.32"
51.68.94.61 - - [14/Jan/2020:01:00:35 +0100] "GET /blog/ HTTP/1.1" 404 403 "-" "Mozilla/5.0 (Windows NT 10.0; WOW64) AppleWebKit/537.36 (KHTML, like Gecko) Chrome/49.0.2623.75 Safari/537.36 OPR/36.0.2130.32"
51.68.94.61 - - [14/Jan/2020:01:00:35 +0100] "GET /wordpress/ HTTP/1.1" 404 408 "-" "Mozilla/5.0 (Windows NT 10.0; WOW64) AppleWebKit/537.36 (KHTML, like Gecko) Chrome/49.0.2623.75 Safari/537.36 OPR/36.0.2130.32"
51.68.94.61 - - [14/Jan/2020:01:00:35 +0100] "GET /wp/ HTTP/1.1" 404 401 "-" "Mozilla/5.0 (Windows NT 10.0; WOW64) AppleWebKit/537.36 (KHTML, like Gecko) Chrome/49.0.2623.75 Safari/537.36 OPR/36.0.2130.32"
51.68.94.61 - - [14/Jan/2020:01:00:35 +0100] "GET /robots.txt HTTP/1.1" 404 409 "-" "Mozilla/5.0 (Windows NT 10.0; WOW64) AppleWebKit/537.36 (KHTML, like Gecko) Chrome/49.0.2623.75 Safari/537.36 OPR/36.0.2130.32"
51.68.94.61 - - [14/Jan/2020:01:00:35 +0100] "GET /administrator/index.php HTTP/1.1" 404 421 "-" "Mozilla/5.0 (Windows NT 10.0; WOW64) AppleWebKit/537.36 (KHTML, like Gecko) Chrome/49.0.2623.75 Safari/537.36 OPR/36.0.2130.32"
51.68.94.61 - - [14/Jan/2020:01:00:35 +0100] "GET /blog/robots.txt HTTP/1.1" 404 413 "-" "Mozilla/5.0 (Windows NT 10.0; WOW64) AppleWebKit/537.36 (KHTML, like Gecko) Chrome/49.0.2623.75 Safari/537.36 OPR/36.0.2130.32"
51.68.94.61 - - [14/Jan/2020:01:00:36 +0100] "GET /blog/administrator/index.php HTTP/1.1" 404 426 "-" "Mozilla/5.0 (Windows NT 10.0; WOW64) AppleWebKit/537.36 (KHTML, like Gecko) Chrome/49.0.2623.75 Safari/537.36 OPR/36.0.2130.32"
51.68.94.61 - - [14/Jan/2020:01:00:36 +0100] "GET /joomla/robots.txt HTTP/1.1" 404 415 "-" "Mozilla/5.0 (Windows NT 10.0; WOW64) AppleWebKit/537.36 (KHTML, like Gecko) Chrome/49.0.2623.75 Safari/537.36 OPR/36.0.2130.32"
51.68.94.61 - - [14/Jan/2020:01:00:36 +0100] "GET /joomla/administrator/index.php HTTP/1.1" 404 428 "-" "Mozilla/5.0 (Windows NT 10.0; WOW64) AppleWebKit/537.36 (KHTML, like Gecko) Chrome/49.0.2623.75 Safari/537.36 OPR/36.0.2130.32"
51.68.94.61 - - [14/Jan/2020:01:00:36 +0100] "GET /index.php?option=com_myblog&task=ajaxupload HTTP/1.1" 200 957 "-" "Mozilla/5.0 (Windows NT 10.0; WOW64) AppleWebKit/537.36 (KHTML, like Gecko) Chrome/49.0.2623.75 Safari/537.36 OPR/36.0.2130.32"
51.68.94.61 - - [14/Jan/2020:01:00:36 +0100] "GET /index.php?option=com_adsmanager&task=upload&tmpl=component HTTP/1.1" 200 957 "-" "Mozilla/5.0 (Windows NT 10.0; WOW64) AppleWebKit/537.36 (KHTML, like Gecko) Chrome/49.0.2623.75 Safari/537.36 OPR/36.0.2130.32"
66.249.75.185 - - [14/Jan/2020:01:03:58 +0100] "GET /robots.txt HTTP/1.1" 404 409 "-" "Mozilla/5.0 (compatible; Googlebot/2.1; +http://www.google.com/bot.html)"
66.249.75.185 - - [14/Jan/2020:01:03:58 +0100] "GET / HTTP/1.1" 200 605 "-" "Mozilla/5.0 (compatible; Googlebot/2.1; +http://www.google.com/bot.html)"
66.249.75.187 - - [14/Jan/2020:01:03:59 +0100] "GET /index.php HTTP/1.1" 200 957 "-" "Mozilla/5.0 (compatible; Googlebot/2.1; +http://www.google.com/bot.html)"
178.60.195.198 - - [14/Jan/2020:09:26:47 +0100] "GET / HTTP/1.1" 200 606 "-" "Mozilla/5.0 (Windows NT 10.0; Win64; x64) AppleWebKit/537.36 (KHTML, like Gecko) Chrome/79.0.3945.88 Safari/537.36"
178.60.195.198 - - [14/Jan/2020:09:26:48 +0100] "GET /index.php HTTP/1.1" 200 957 "http://www.iticsl.es/" "Mozilla/5.0 (Windows NT 10.0; Win64; x64) AppleWebKit/537.36 (KHTML, like Gecko) Chrome/79.0.3945.88 Safari/537.36"
185.2.196.196 - - [14/Jan/2020:10:06:45 +0100] "GET / HTTP/1.1" 200 606 "-" "Mozilla/5.0 (Windows NT 6.1; WOW64; Trident/7.0; rv:11.0) like Gecko"
157.55.39.171 - - [15/Jan/2020:03:45:56 +0100] "GET /robots.txt HTTP/1.1" 404 409 "-" "Mozilla/5.0 (compatible; bingbot/2.0; +http://www.bing.com/bingbot.htm)"
207.46.13.169 - - [15/Jan/2020:03:46:38 +0100] "GET / HTTP/1.1" 200 606 "-" "Mozilla/5.0 (compatible; bingbot/2.0; +http://www.bing.com/bingbot.htm)"
194.30.43.134 - - [15/Jan/2020:11:42:22 +0100] "GET / HTTP/1.1" 200 606 "https://www.google.com/" "Mozilla/5.0 (Windows NT 6.1; Win64; x64) AppleWebKit/537.36 (KHTML, like Gecko) Chrome/79.0.3945.117 Safari/537.36"
194.30.43.134 - - [15/Jan/2020:11:42:24 +0100] "GET /favicon.ico HTTP/1.1" 200 5739 "http://www.iticsl.es/" "Mozilla/5.0 (Windows NT 6.1; Win64; x64) AppleWebKit/537.36 (KHTML, like Gecko) Chrome/79.0.3945.117 Safari/537.36"
194.30.43.134 - - [15/Jan/2020:11:42:26 +0100] "GET /index.php HTTP/1.1" 200 956 "http://www.iticsl.es/" "Mozilla/5.0 (Windows NT 6.1; Win64; x64) AppleWebKit/537.36 (KHTML, like Gecko) Chrome/79.0.3945.117 Safari/537.36"
194.30.43.134 - - [15/Jan/2020:11:42:58 +0100] "GET /index.php HTTP/1.1" 200 957 "http://www.iticsl.es/" "Mozilla/5.0 (Windows NT 6.1; Win64; x64) AppleWebKit/537.36 (KHTML, like Gecko) Chrome/79.0.3945.117 Safari/537.36"
66.249.64.18 - - [15/Jan/2020:22:25:28 +0100] "GET /robots.txt HTTP/1.1" 404 409 "-" "Mozilla/5.0 (compatible; Googlebot/2.1; +http://www.google.com/bot.html)"
66.249.64.17 - - [15/Jan/2020:22:25:28 +0100] "GET / HTTP/1.1" 200 606 "-" "Mozilla/5.0 (compatible; Googlebot/2.1; +http://www.google.com/bot.html)"
66.249.64.17 - - [15/Jan/2020:22:25:29 +0100] "GET /index.php HTTP/1.1" 200 956 "-" "Mozilla/5.0 (compatible; Googlebot/2.1; +http://www.google.com/bot.html)"
47.240.75.197 - - [16/Jan/2020:07:23:29 +0100] "GET /xmlrpc.php HTTP/1.1" 404 280 "-" "Mozilla/5.0 (Windows NT 6.1; WOW64; rv:45.0) Gecko/20100101 Firefox/45.0"
66.249.64.17 - - [16/Jan/2020:13:28:25 +0100] "GET /robots.txt HTTP/1.1" 404 409 "-" "Mozilla/5.0 (compatible; Googlebot/2.1; +http://www.google.com/bot.html)"
66.249.64.19 - - [16/Jan/2020:13:28:26 +0100] "GET / HTTP/1.1" 200 606 "-" "Mozilla/5.0 (Linux; Android 6.0.1; Nexus 5X Build/MMB29P) AppleWebKit/537.36 (KHTML, like Gecko) Chrome/41.0.2272.96 Mobile Safari/537.36 (compatible; Googlebot/2.1; +http://www.google.com/bot.html)"
66.249.64.19 - - [16/Jan/2020:13:28:26 +0100] "GET /index.php HTTP/1.1" 200 956 "-" "Mozilla/5.0 (Linux; Android 6.0.1; Nexus 5X Build/MMB29P) AppleWebKit/537.36 (KHTML, like Gecko) Chrome/41.0.2272.96 Mobile Safari/537.36 (compatible; Googlebot/2.1; +http://www.google.com/bot.html)"
66.249.64.19 - - [16/Jan/2020:18:54:50 +0100] "GET / HTTP/1.1" 200 606 "-" "Mozilla/5.0 (compatible; Googlebot/2.1; +http://www.google.com/bot.html)"
66.249.64.19 - - [16/Jan/2020:18:54:51 +0100] "GET /index.php HTTP/1.1" 200 956 "-" "Mozilla/5.0 (compatible; Googlebot/2.1; +http://www.google.com/bot.html)"
82.165.224.90 - - [16/Jan/2020:21:14:02 +0100] "GET /robots.txt HTTP/1.1" 404 409 "-" "crawler4j (https://github.com/yasserg/crawler4j/)"
82.165.224.74 - - [16/Jan/2020:21:17:20 +0100] "GET /sitemap.xml HTTP/1.1" 404 410 "-" "crawler4j (https://github.com/yasserg/crawler4j/)"
82.165.224.74 - - [16/Jan/2020:21:17:21 +0100] "GET / HTTP/1.1" 200 605 "-" "crawler4j (https://github.com/yasserg/crawler4j/)"
82.165.224.74 - - [16/Jan/2020:21:17:22 +0100] "GET /robots.txt HTTP/1.1" 404 409 "-" "crawler4j (https://github.com/yasserg/crawler4j/)"
82.165.224.102 - - [16/Jan/2020:21:19:55 +0100] "GET /sitemap.xml HTTP/1.1" 404 410 "-" "crawler4j (https://github.com/yasserg/crawler4j/)"
82.165.224.102 - - [16/Jan/2020:21:19:56 +0100] "GET /index.php HTTP/1.1" 200 956 "-" "crawler4j (https://github.com/yasserg/crawler4j/)"
194.30.42.56 - - [17/Jan/2020:12:34:07 +0100] "GET / HTTP/1.1" 200 606 "https://www.google.com/" "Mozilla/5.0 (Windows NT 10.0; Win64; x64) AppleWebKit/537.36 (KHTML, like Gecko) Chrome/79.0.3945.117 Safari/537.36"
185.20.117.132 - - [17/Jan/2020:14:19:04 +0100] "GET / HTTP/1.1" 200 606 "-" "Java/1.7.0_13"
82.102.17.119 - - [17/Jan/2020:19:14:50 +0100] "GET / HTTP/1.1" 200 606 "-" "Mozilla/5.0 (Windows NT 6.3; Win64; x64) AppleWebKit/537.36 (KHTML, like Gecko) Chrome/79.0.3945.117 Safari/537.36"
82.102.17.119 - - [17/Jan/2020:19:14:51 +0100] "GET /favicon.ico HTTP/1.1" 200 5739 "http://www.iticsl.es/" "Mozilla/5.0 (Windows NT 6.3; Win64; x64) AppleWebKit/537.36 (KHTML, like Gecko) Chrome/79.0.3945.117 Safari/537.36"
82.102.17.119 - - [17/Jan/2020:19:14:53 +0100] "GET /index.php HTTP/1.1" 200 956 "http://www.iticsl.es/" "Mozilla/5.0 (Windows NT 6.3; Win64; x64) AppleWebKit/537.36 (KHTML, like Gecko) Chrome/79.0.3945.117 Safari/537.36"
66.102.8.83 - - [17/Jan/2020:19:30:26 +0100] "GET / HTTP/1.1" 200 606 "-" "Mozilla/5.0 (Windows NT 6.3; Win64; x64) AppleWebKit/537.36 (KHTML, like Gecko) Chrome/79.0.3945.88 Safari/537.36"
66.102.8.82 - - [17/Jan/2020:19:30:27 +0100] "GET /index.php HTTP/1.1" 200 957 "http://www.iticsl.es/" "Mozilla/5.0 (Windows NT 6.3; Win64; x64) AppleWebKit/537.36 (KHTML, like Gecko) Chrome/79.0.3945.88 Safari/537.36"
66.102.8.83 - - [17/Jan/2020:19:53:03 +0100] "GET / HTTP/1.1" 200 606 "-" "Mozilla/5.0 (Windows NT 6.1; Win64; x64) AppleWebKit/537.36 (KHTML, like Gecko) Chrome/79.0.3945.88 Safari/537.36"
66.102.8.82 - - [17/Jan/2020:19:53:04 +0100] "GET /index.php HTTP/1.1" 200 957 "http://www.iticsl.es/" "Mozilla/5.0 (Windows NT 6.1; Win64; x64) AppleWebKit/537.36 (KHTML, like Gecko) Chrome/79.0.3945.88 Safari/537.36"
66.249.64.19 - - [17/Jan/2020:23:04:26 +0100] "GET /robots.txt HTTP/1.1" 404 409 "-" "Mozilla/5.0 (compatible; Googlebot/2.1; +http://www.google.com/bot.html)"
66.249.64.19 - - [17/Jan/2020:23:04:26 +0100] "GET / HTTP/1.1" 200 605 "-" "Mozilla/5.0 (Linux; Android 6.0.1; Nexus 5X Build/MMB29P) AppleWebKit/537.36 (KHTML, like Gecko) Chrome/41.0.2272.96 Mobile Safari/537.36 (compatible; Googlebot/2.1; +http://www.google.com/bot.html)"
66.249.64.19 - - [17/Jan/2020:23:04:27 +0100] "GET /index.php HTTP/1.1" 200 956 "-" "Mozilla/5.0 (Linux; Android 6.0.1; Nexus 5X Build/MMB29P) AppleWebKit/537.36 (KHTML, like Gecko) Chrome/41.0.2272.96 Mobile Safari/537.36 (compatible; Googlebot/2.1; +http://www.google.com/bot.html)"
66.249.64.19 - - [17/Jan/2020:23:57:15 +0100] "GET / HTTP/1.1" 200 606 "-" "Mozilla/5.0 (compatible; Googlebot/2.1; +http://www.google.com/bot.html)"
66.249.64.19 - - [17/Jan/2020:23:57:15 +0100] "GET /index.php HTTP/1.1" 200 956 "-" "Mozilla/5.0 (compatible; Googlebot/2.1; +http://www.google.com/bot.html)"
185.20.117.132 - - [18/Jan/2020:05:21:32 +0100] "GET / HTTP/1.1" 200 606 "-" "Mozilla/5.0 (compatible; MSIE 9.0; Windows NT 6.1; WOW64; Trident/5.0) AppleWebKit/537.36 (KHTML, like Gecko) Gecko/20101203 Firefox/3.6.13 Chrome/65.0.3325.181 Safari/537.36"
66.249.64.17 - - [18/Jan/2020:22:30:50 +0100] "GET /robots.txt HTTP/1.1" 404 409 "-" "Mozilla/5.0 (compatible; Googlebot/2.1; +http://www.google.com/bot.html)"
66.249.64.18 - - [18/Jan/2020:22:30:50 +0100] "GET / HTTP/1.1" 200 606 "-" "Mozilla/5.0 (Linux; Android 6.0.1; Nexus 5X Build/MMB29P) AppleWebKit/537.36 (KHTML, like Gecko) Chrome/41.0.2272.96 Mobile Safari/537.36 (compatible; Googlebot/2.1; +http://www.google.com/bot.html)"
66.249.64.18 - - [18/Jan/2020:22:30:51 +0100] "GET /index.php HTTP/1.1" 200 956 "-" "Mozilla/5.0 (Linux; Android 6.0.1; Nexus 5X Build/MMB29P) AppleWebKit/537.36 (KHTML, like Gecko) Chrome/41.0.2272.96 Mobile Safari/537.36 (compatible; Googlebot/2.1; +http://www.google.com/bot.html)"
157.55.39.25 - - [19/Jan/2020:00:25:22 +0100] "GET /robots.txt HTTP/1.1" 404 409 "-" "Mozilla/5.0 (compatible; bingbot/2.0; +http://www.bing.com/bingbot.htm)"
184.94.240.92 - - [19/Jan/2020:07:12:42 +0100] "GET / HTTP/1.1" 200 569 "-" "Mozilla/5.0 (Windows NT 10.0; WOW64; rv:53.0) Gecko/20100101 Firefox/53.0"
66.249.64.17 - - [19/Jan/2020:11:04:27 +0100] "GET /robots.txt HTTP/1.1" 404 409 "-" "Mozilla/5.0 (compatible; Googlebot/2.1; +http://www.google.com/bot.html)"
66.249.64.17 - - [19/Jan/2020:11:04:27 +0100] "GET / HTTP/1.1" 200 605 "-" "Mozilla/5.0 (compatible; Googlebot/2.1; +http://www.google.com/bot.html)"
66.249.64.17 - - [19/Jan/2020:11:04:28 +0100] "GET /index.php HTTP/1.1" 200 956 "-" "Mozilla/5.0 (compatible; Googlebot/2.1; +http://www.google.com/bot.html)"
66.249.64.18 - - [19/Jan/2020:19:33:05 +0100] "GET / HTTP/1.1" 200 606 "-" "Mozilla/5.0 (Linux; Android 6.0.1; Nexus 5X Build/MMB29P) AppleWebKit/537.36 (KHTML, like Gecko) Chrome/41.0.2272.96 Mobile Safari/537.36 (compatible; Googlebot/2.1; +http://www.google.com/bot.html)"
66.249.64.18 - - [19/Jan/2020:19:33:05 +0100] "GET /index.php HTTP/1.1" 200 956 "-" "Mozilla/5.0 (Linux; Android 6.0.1; Nexus 5X Build/MMB29P) AppleWebKit/537.36 (KHTML, like Gecko) Chrome/41.0.2272.96 Mobile Safari/537.36 (compatible; Googlebot/2.1; +http://www.google.com/bot.html)"
82.165.224.43 - - [19/Jan/2020:20:41:00 +0100] "GET /robots.txt HTTP/1.1" 404 409 "-" "crawler4j (https://github.com/yasserg/crawler4j/)"
82.165.224.51 - - [19/Jan/2020:20:43:20 +0100] "GET /sitemap.xml HTTP/1.1" 404 410 "-" "crawler4j (https://github.com/yasserg/crawler4j/)"
82.165.224.51 - - [19/Jan/2020:20:43:21 +0100] "GET / HTTP/1.1" 200 605 "-" "crawler4j (https://github.com/yasserg/crawler4j/)"
82.165.224.37 - - [19/Jan/2020:20:56:24 +0100] "GET /index.php HTTP/1.1" 200 957 "-" "crawler4j (https://github.com/yasserg/crawler4j/)"
64.246.165.10 - - [20/Jan/2020:11:58:59 +0100] "GET /robots.txt HTTP/1.0" 404 372 "-" "Mozilla/5.0 (Macintosh; Intel Mac OS X 10.10; rv:59.0) Gecko/20100101 Firefox/59.0"
64.246.165.10 - - [20/Jan/2020:11:58:59 +0100] "GET / HTTP/1.1" 200 569 "-" "Mozilla/5.0 (Macintosh; Intel Mac OS X 10.10; rv:59.0) Gecko/20100101 Firefox/59.0"
64.246.165.10 - - [20/Jan/2020:11:59:00 +0100] "GET /index.php HTTP/1.1" 200 920 "-" "Mozilla/5.0 (Macintosh; Intel Mac OS X 10.10; rv:59.0) Gecko/20100101 Firefox/59.0"
2.136.188.100 - - [20/Jan/2020:15:11:43 +0100] "GET / HTTP/1.1" 200 606 "https://www.google.com/" "Mozilla/5.0 (Windows NT 10.0; Win64; x64) AppleWebKit/537.36 (KHTML, like Gecko) Chrome/79.0.3945.117 Safari/537.36"
2.136.188.100 - - [20/Jan/2020:15:11:43 +0100] "GET /favicon.ico HTTP/1.1" 200 5739 "http://www.iticsl.es/" "Mozilla/5.0 (Windows NT 10.0; Win64; x64) AppleWebKit/537.36 (KHTML, like Gecko) Chrome/79.0.3945.117 Safari/537.36"
2.136.188.100 - - [20/Jan/2020:15:11:45 +0100] "GET /favicon.ico HTTP/1.1" 200 5740 "http://www.iticsl.es/" "Mozilla/5.0 (Windows NT 10.0; Win64; x64) AppleWebKit/537.36 (KHTML, like Gecko) Chrome/79.0.3945.117 Safari/537.36"
2.136.188.100 - - [20/Jan/2020:15:11:47 +0100] "GET /index.php HTTP/1.1" 200 956 "http://www.iticsl.es/" "Mozilla/5.0 (Windows NT 10.0; Win64; x64) AppleWebKit/537.36 (KHTML, like Gecko) Chrome/79.0.3945.117 Safari/537.36"
209.17.97.82 - - [20/Jan/2020:23:47:14 +0100] "GET / HTTP/1.1" 200 550 "-" "Mozilla/5.0 (compatible; Nimbostratus-Bot/v1.3.2; http://cloudsystemnetworks.com)"
217.127.42.155 - - [21/Jan/2020:10:59:01 +0100] "GET / HTTP/1.1" 200 606 "https://www.google.com/" "Mozilla/5.0 (Windows NT 6.1; Win64; x64) AppleWebKit/537.36 (KHTML, like Gecko) Chrome/79.0.3945.117 Safari/537.36"
217.127.42.155 - - [21/Jan/2020:10:59:01 +0100] "GET /favicon.ico HTTP/1.1" 200 5739 "http://www.iticsl.es/" "Mozilla/5.0 (Windows NT 6.1; Win64; x64) AppleWebKit/537.36 (KHTML, like Gecko) Chrome/79.0.3945.117 Safari/537.36"
217.127.42.155 - - [21/Jan/2020:10:59:03 +0100] "GET /index.php HTTP/1.1" 200 956 "http://www.iticsl.es/" "Mozilla/5.0 (Windows NT 6.1; Win64; x64) AppleWebKit/537.36 (KHTML, like Gecko) Chrome/79.0.3945.117 Safari/537.36"
66.249.64.17 - - [21/Jan/2020:10:59:08 +0100] "GET /robots.txt HTTP/1.1" 404 409 "-" "Mozilla/5.0 (compatible; Googlebot/2.1; +http://www.google.com/bot.html)"
66.249.64.18 - - [21/Jan/2020:10:59:08 +0100] "GET / HTTP/1.1" 200 606 "-" "Mozilla/5.0 (Linux; Android 6.0.1; Nexus 5X Build/MMB29P) AppleWebKit/537.36 (KHTML, like Gecko) Chrome/41.0.2272.96 Mobile Safari/537.36 (compatible; Googlebot/2.1; +http://www.google.com/bot.html)"
66.249.64.18 - - [21/Jan/2020:10:59:09 +0100] "GET /index.php HTTP/1.1" 200 956 "-" "Mozilla/5.0 (Linux; Android 6.0.1; Nexus 5X Build/MMB29P) AppleWebKit/537.36 (KHTML, like Gecko) Chrome/41.0.2272.96 Mobile Safari/537.36 (compatible; Googlebot/2.1; +http://www.google.com/bot.html)"
198.245.49.22 - - [21/Jan/2020:18:36:24 +0100] "GET /wp-login.php HTTP/1.1" 404 243 "-" "Mozilla/5.0 (X11; Ubuntu; Linux x86_64; rv:62.0) Gecko/20100101 Firefox/62.0"
198.245.49.22 - - [21/Jan/2020:18:36:24 +0100] "GET /wp-login.php HTTP/1.1" 404 243 "-" "Mozilla/5.0 (X11; Ubuntu; Linux x86_64; rv:62.0) Gecko/20100101 Firefox/62.0"
46.26.53.80 - - [21/Jan/2020:22:32:28 +0100] "GET / HTTP/1.1" 200 606 "https://www.google.es/" "Mozilla/5.0 (iPad; CPU OS 13_3 like Mac OS X) AppleWebKit/605.1.15 (KHTML, like Gecko) Version/13.0.4 Mobile/15E148 Safari/604.1"
46.26.53.80 - - [21/Jan/2020:22:32:28 +0100] "GET /favicon.ico HTTP/1.1" 200 5740 "http://www.iticsl.es/" "Mozilla/5.0 (iPad; CPU OS 13_3 like Mac OS X) AppleWebKit/605.1.15 (KHTML, like Gecko) Version/13.0.4 Mobile/15E148 Safari/604.1"
46.26.53.80 - - [21/Jan/2020:22:32:30 +0100] "GET /index.php HTTP/1.1" 200 956 "http://www.iticsl.es/" "Mozilla/5.0 (iPad; CPU OS 13_3 like Mac OS X) AppleWebKit/605.1.15 (KHTML, like Gecko) Version/13.0.4 Mobile/15E148 Safari/604.1"
66.249.70.5 - - [22/Jan/2020:01:37:48 +0100] "GET /robots.txt HTTP/1.1" 404 409 "-" "Mozilla/5.0 (compatible; Googlebot/2.1; +http://www.google.com/bot.html)"
66.249.70.31 - - [22/Jan/2020:01:37:48 +0100] "GET / HTTP/1.1" 200 606 "-" "Mozilla/5.0 (compatible; Googlebot/2.1; +http://www.google.com/bot.html)"
66.249.64.18 - - [22/Jan/2020:01:37:48 +0100] "GET /robots.txt HTTP/1.1" 404 409 "-" "Mozilla/5.0 (compatible; Googlebot/2.1; +http://www.google.com/bot.html)"
66.249.64.17 - - [22/Jan/2020:01:37:49 +0100] "GET /index.php HTTP/1.1" 200 957 "-" "Mozilla/5.0 (compatible; Googlebot/2.1; +http://www.google.com/bot.html)"
34.243.227.98 - - [22/Jan/2020:03:07:07 +0100] "GET /robots.txt HTTP/1.1" 404 372 "-" "PleskBot"
34.243.227.98 - - [22/Jan/2020:03:07:07 +0100] "GET / HTTP/1.1" 200 569 "-" "PleskBot"
66.249.64.19 - - [22/Jan/2020:03:39:49 +0100] "GET / HTTP/1.1" 200 606 "-" "Mozilla/5.0 (compatible; Googlebot/2.1; +http://www.google.com/bot.html)"
66.249.64.19 - - [22/Jan/2020:08:39:53 +0100] "GET / HTTP/1.1" 200 606 "-" "Mozilla/5.0 (Linux; Android 6.0.1; Nexus 5X Build/MMB29P) AppleWebKit/537.36 (KHTML, like Gecko) Chrome/41.0.2272.96 Mobile Safari/537.36 (compatible; Googlebot/2.1; +http://www.google.com/bot.html)"
66.249.64.19 - - [22/Jan/2020:08:39:54 +0100] "GET /index.php HTTP/1.1" 200 956 "-" "Mozilla/5.0 (Linux; Android 6.0.1; Nexus 5X Build/MMB29P) AppleWebKit/537.36 (KHTML, like Gecko) Chrome/41.0.2272.96 Mobile Safari/537.36 (compatible; Googlebot/2.1; +http://www.google.com/bot.html)"
159.89.84.203 - - [22/Jan/2020:14:17:04 +0100] "GET / HTTP/1.1" 200 606 "-" "Mozilla/5.0 (Windows NT 10.0; Win64; x64) AppleWebKit/537.36 (KHTML, like Gecko) Chrome/63.0.3239.132 Safari/537.36"
159.89.84.203 - - [22/Jan/2020:14:17:09 +0100] "GET /wp-includes/wlwmanifest.xml HTTP/1.1" 404 426 "-" "Mozilla/5.0 (Windows NT 10.0; Win64; x64) AppleWebKit/537.36 (KHTML, like Gecko) Chrome/63.0.3239.132 Safari/537.36"
159.89.84.203 - - [22/Jan/2020:14:17:15 +0100] "GET /xmlrpc.php?rsd HTTP/1.1" 404 280 "-" "Mozilla/5.0 (Windows NT 10.0; Win64; x64) AppleWebKit/537.36 (KHTML, like Gecko) Chrome/63.0.3239.132 Safari/537.36"
159.89.84.203 - - [22/Jan/2020:14:17:20 +0100] "GET / HTTP/1.1" 200 606 "-" "Mozilla/5.0 (Windows NT 10.0; Win64; x64) AppleWebKit/537.36 (KHTML, like Gecko) Chrome/63.0.3239.132 Safari/537.36"
159.89.84.203 - - [22/Jan/2020:14:17:25 +0100] "GET /blog/wp-includes/wlwmanifest.xml HTTP/1.1" 404 431 "-" "Mozilla/5.0 (Windows NT 10.0; Win64; x64) AppleWebKit/537.36 (KHTML, like Gecko) Chrome/63.0.3239.132 Safari/537.36"
159.89.84.203 - - [22/Jan/2020:14:17:30 +0100] "GET /wordpress/wp-includes/wlwmanifest.xml HTTP/1.1" 404 436 "-" "Mozilla/5.0 (Windows NT 10.0; Win64; x64) AppleWebKit/537.36 (KHTML, like Gecko) Chrome/63.0.3239.132 Safari/537.36"
159.89.84.203 - - [22/Jan/2020:14:17:35 +0100] "GET /wp/wp-includes/wlwmanifest.xml HTTP/1.1" 404 429 "-" "Mozilla/5.0 (Windows NT 10.0; Win64; x64) AppleWebKit/537.36 (KHTML, like Gecko) Chrome/63.0.3239.132 Safari/537.36"
159.89.84.203 - - [22/Jan/2020:14:17:41 +0100] "GET /site/wp-includes/wlwmanifest.xml HTTP/1.1" 404 431 "-" "Mozilla/5.0 (Windows NT 10.0; Win64; x64) AppleWebKit/537.36 (KHTML, like Gecko) Chrome/63.0.3239.132 Safari/537.36"
159.89.84.203 - - [22/Jan/2020:14:17:46 +0100] "GET /cms/wp-includes/wlwmanifest.xml HTTP/1.1" 404 430 "-" "Mozilla/5.0 (Windows NT 10.0; Win64; x64) AppleWebKit/537.36 (KHTML, like Gecko) Chrome/63.0.3239.132 Safari/537.36"
66.249.66.145 - - [23/Jan/2020:00:39:57 +0100] "GET /robots.txt HTTP/1.1" 404 409 "-" "Mozilla/5.0 (compatible; Googlebot/2.1; +http://www.google.com/bot.html)"
66.249.66.143 - - [23/Jan/2020:00:39:58 +0100] "GET / HTTP/1.1" 200 606 "-" "Mozilla/5.0 (Linux; Android 6.0.1; Nexus 5X Build/MMB29P) AppleWebKit/537.36 (KHTML, like Gecko) Chrome/41.0.2272.96 Mobile Safari/537.36 (compatible; Googlebot/2.1; +http://www.google.com/bot.html)"
66.249.66.145 - - [23/Jan/2020:00:39:59 +0100] "GET /index.php HTTP/1.1" 200 956 "-" "Mozilla/5.0 (Linux; Android 6.0.1; Nexus 5X Build/MMB29P) AppleWebKit/537.36 (KHTML, like Gecko) Chrome/41.0.2272.96 Mobile Safari/537.36 (compatible; Googlebot/2.1; +http://www.google.com/bot.html)"
157.55.39.20 - - [23/Jan/2020:09:58:11 +0100] "GET /robots.txt HTTP/1.1" 404 409 "-" "Mozilla/5.0 (compatible; bingbot/2.0; +http://www.bing.com/bingbot.htm)"
207.46.13.211 - - [23/Jan/2020:09:58:17 +0100] "GET / HTTP/1.1" 200 606 "-" "Mozilla/5.0 (compatible; bingbot/2.0; +http://www.bing.com/bingbot.htm)"
66.249.66.155 - - [23/Jan/2020:14:38:49 +0100] "GET /robots.txt HTTP/1.1" 404 409 "-" "Mozilla/5.0 (compatible; Googlebot/2.1; +http://www.google.com/bot.html)"
66.249.66.156 - - [23/Jan/2020:14:38:49 +0100] "GET / HTTP/1.1" 200 606 "-" "Mozilla/5.0 (Linux; Android 6.0.1; Nexus 5X Build/MMB29P) AppleWebKit/537.36 (KHTML, like Gecko) Chrome/41.0.2272.96 Mobile Safari/537.36 (compatible; Googlebot/2.1; +http://www.google.com/bot.html)"
66.249.66.157 - - [23/Jan/2020:14:38:49 +0100] "GET /index.php HTTP/1.1" 200 957 "-" "Mozilla/5.0 (Linux; Android 6.0.1; Nexus 5X Build/MMB29P) AppleWebKit/537.36 (KHTML, like Gecko) Chrome/41.0.2272.96 Mobile Safari/537.36 (compatible; Googlebot/2.1; +http://www.google.com/bot.html)"
79.147.134.126 - - [23/Jan/2020:14:54:39 +0100] "GET / HTTP/1.1" 200 606 "https://www.google.com/" "Mozilla/5.0 (Windows NT 10.0; Win64; x64) AppleWebKit/537.36 (KHTML, like Gecko) Chrome/79.0.3945.117 Safari/537.36"
79.147.134.126 - - [23/Jan/2020:14:54:40 +0100] "GET /favicon.ico HTTP/1.1" 200 5739 "http://www.iticsl.es/" "Mozilla/5.0 (Windows NT 10.0; Win64; x64) AppleWebKit/537.36 (KHTML, like Gecko) Chrome/79.0.3945.117 Safari/537.36"
79.147.134.126 - - [23/Jan/2020:14:54:42 +0100] "GET /index.php HTTP/1.1" 200 956 "http://www.iticsl.es/" "Mozilla/5.0 (Windows NT 10.0; Win64; x64) AppleWebKit/537.36 (KHTML, like Gecko) Chrome/79.0.3945.117 Safari/537.36"
178.137.88.65 - - [23/Jan/2020:16:55:02 +0100] "GET / HTTP/1.1" 200 606 "-" "Mozilla/5.0 (Windows NT 10.0; Win64; x64) AppleWebKit/537.36 (KHTML, like Gecko) Chrome/78.0.3904.97 Safari/537.36"
178.137.88.65 - - [23/Jan/2020:16:55:07 +0100] "GET / HTTP/1.1" 200 606 "-" "Mozilla/5.0 (Windows NT 10.0; Win64; x64) AppleWebKit/537.36 (KHTML, like Gecko) Chrome/78.0.3904.97 Safari/537.36"
178.137.88.65 - - [23/Jan/2020:16:55:12 +0100] "GET /wp-includes/wlwmanifest.xml HTTP/1.1" 404 426 "-" "Mozilla/5.0 (Windows NT 10.0; Win64; x64) AppleWebKit/537.36 (KHTML, like Gecko) Chrome/78.0.3904.97 Safari/537.36"
178.137.88.65 - - [23/Jan/2020:16:55:17 +0100] "GET /xmlrpc.php?rsd HTTP/1.1" 404 280 "-" "Mozilla/5.0 (Windows NT 10.0; Win64; x64) AppleWebKit/537.36 (KHTML, like Gecko) Chrome/78.0.3904.97 Safari/537.36"
178.137.88.65 - - [23/Jan/2020:16:55:22 +0100] "GET / HTTP/1.1" 200 606 "-" "Mozilla/5.0 (Windows NT 10.0; Win64; x64) AppleWebKit/537.36 (KHTML, like Gecko) Chrome/78.0.3904.97 Safari/537.36"
178.137.88.65 - - [23/Jan/2020:16:55:28 +0100] "GET /blog/wp-includes/wlwmanifest.xml HTTP/1.1" 404 431 "-" "Mozilla/5.0 (Windows NT 10.0; Win64; x64) AppleWebKit/537.36 (KHTML, like Gecko) Chrome/78.0.3904.97 Safari/537.36"
178.137.88.65 - - [23/Jan/2020:16:55:33 +0100] "GET /web/wp-includes/wlwmanifest.xml HTTP/1.1" 404 430 "-" "Mozilla/5.0 (Windows NT 10.0; Win64; x64) AppleWebKit/537.36 (KHTML, like Gecko) Chrome/78.0.3904.97 Safari/537.36"
178.137.88.65 - - [23/Jan/2020:16:55:38 +0100] "GET /wordpress/wp-includes/wlwmanifest.xml HTTP/1.1" 404 436 "-" "Mozilla/5.0 (Windows NT 10.0; Win64; x64) AppleWebKit/537.36 (KHTML, like Gecko) Chrome/78.0.3904.97 Safari/537.36"
178.137.88.65 - - [23/Jan/2020:16:55:43 +0100] "GET /website/wp-includes/wlwmanifest.xml HTTP/1.1" 404 434 "-" "Mozilla/5.0 (Windows NT 10.0; Win64; x64) AppleWebKit/537.36 (KHTML, like Gecko) Chrome/78.0.3904.97 Safari/537.36"
178.137.88.65 - - [23/Jan/2020:16:55:48 +0100] "GET /wp/wp-includes/wlwmanifest.xml HTTP/1.1" 404 429 "-" "Mozilla/5.0 (Windows NT 10.0; Win64; x64) AppleWebKit/537.36 (KHTML, like Gecko) Chrome/78.0.3904.97 Safari/537.36"
178.137.88.65 - - [23/Jan/2020:16:55:53 +0100] "GET /news/wp-includes/wlwmanifest.xml HTTP/1.1" 404 431 "-" "Mozilla/5.0 (Windows NT 10.0; Win64; x64) AppleWebKit/537.36 (KHTML, like Gecko) Chrome/78.0.3904.97 Safari/537.36"
178.137.88.65 - - [23/Jan/2020:16:55:58 +0100] "GET /2019/wp-includes/wlwmanifest.xml HTTP/1.1" 404 431 "-" "Mozilla/5.0 (Windows NT 10.0; Win64; x64) AppleWebKit/537.36 (KHTML, like Gecko) Chrome/78.0.3904.97 Safari/537.36"
178.137.88.65 - - [23/Jan/2020:16:56:04 +0100] "GET /shop/wp-includes/wlwmanifest.xml HTTP/1.1" 404 431 "-" "Mozilla/5.0 (Windows NT 10.0; Win64; x64) AppleWebKit/537.36 (KHTML, like Gecko) Chrome/78.0.3904.97 Safari/537.36"
178.137.88.65 - - [23/Jan/2020:16:56:09 +0100] "GET /wp1/wp-includes/wlwmanifest.xml HTTP/1.1" 404 430 "-" "Mozilla/5.0 (Windows NT 10.0; Win64; x64) AppleWebKit/537.36 (KHTML, like Gecko) Chrome/78.0.3904.97 Safari/537.36"
178.137.88.65 - - [23/Jan/2020:16:56:14 +0100] "GET /test/wp-includes/wlwmanifest.xml HTTP/1.1" 404 431 "-" "Mozilla/5.0 (Windows NT 10.0; Win64; x64) AppleWebKit/537.36 (KHTML, like Gecko) Chrome/78.0.3904.97 Safari/537.36"
178.137.88.65 - - [23/Jan/2020:16:56:19 +0100] "GET /media/wp-includes/wlwmanifest.xml HTTP/1.1" 404 432 "-" "Mozilla/5.0 (Windows NT 10.0; Win64; x64) AppleWebKit/537.36 (KHTML, like Gecko) Chrome/78.0.3904.97 Safari/537.36"
178.137.88.65 - - [23/Jan/2020:16:56:24 +0100] "GET /wp2/wp-includes/wlwmanifest.xml HTTP/1.1" 404 430 "-" "Mozilla/5.0 (Windows NT 10.0; Win64; x64) AppleWebKit/537.36 (KHTML, like Gecko) Chrome/78.0.3904.97 Safari/537.36"
178.137.88.65 - - [23/Jan/2020:16:56:29 +0100] "GET /site/wp-includes/wlwmanifest.xml HTTP/1.1" 404 431 "-" "Mozilla/5.0 (Windows NT 10.0; Win64; x64) AppleWebKit/537.36 (KHTML, like Gecko) Chrome/78.0.3904.97 Safari/537.36"
178.137.88.65 - - [23/Jan/2020:16:56:34 +0100] "GET /cms/wp-includes/wlwmanifest.xml HTTP/1.1" 404 430 "-" "Mozilla/5.0 (Windows NT 10.0; Win64; x64) AppleWebKit/537.36 (KHTML, like Gecko) Chrome/78.0.3904.97 Safari/537.36"
178.137.88.65 - - [23/Jan/2020:16:56:40 +0100] "GET /sito/wp-includes/wlwmanifest.xml HTTP/1.1" 404 431 "-" "Mozilla/5.0 (Windows NT 10.0; Win64; x64) AppleWebKit/537.36 (KHTML, like Gecko) Chrome/78.0.3904.97 Safari/537.36"
190.171.106.13 - - [23/Jan/2020:17:34:10 +0100] "GET / HTTP/1.1" 200 606 "https://www.google.com/" "Mozilla/5.0 (Windows NT 6.3; Win64; x64) AppleWebKit/537.36 (KHTML, like Gecko) Chrome/79.0.3945.130 Safari/537.36"
190.171.106.13 - - [23/Jan/2020:17:34:10 +0100] "GET /favicon.ico HTTP/1.1" 200 5739 "http://www.iticsl.es/" "Mozilla/5.0 (Windows NT 6.3; Win64; x64) AppleWebKit/537.36 (KHTML, like Gecko) Chrome/79.0.3945.130 Safari/537.36"
190.171.106.13 - - [23/Jan/2020:17:34:12 +0100] "GET /favicon.ico HTTP/1.1" 200 5740 "http://www.iticsl.es/" "Mozilla/5.0 (Windows NT 6.3; Win64; x64) AppleWebKit/537.36 (KHTML, like Gecko) Chrome/79.0.3945.130 Safari/537.36"
190.171.106.13 - - [23/Jan/2020:17:34:14 +0100] "GET /index.php HTTP/1.1" 200 956 "http://www.iticsl.es/" "Mozilla/5.0 (Windows NT 6.3; Win64; x64) AppleWebKit/537.36 (KHTML, like Gecko) Chrome/79.0.3945.130 Safari/537.36"
52.12.233.66 - - [24/Jan/2020:05:07:19 +0100] "GET / HTTP/1.1" 200 550 "-" "Go-http-client/1.1"
40.77.167.29 - - [24/Jan/2020:05:14:09 +0100] "GET /index.php HTTP/1.1" 200 957 "-" "Mozilla/5.0 (compatible; bingbot/2.0; +http://www.bing.com/bingbot.htm)"
207.46.13.20 - - [24/Jan/2020:05:27:14 +0100] "GET /robots.txt HTTP/1.1" 404 409 "-" "Mozilla/5.0 (compatible; bingbot/2.0; +http://www.bing.com/bingbot.htm)"
66.249.64.17 - - [24/Jan/2020:10:22:51 +0100] "GET /robots.txt HTTP/1.1" 404 409 "-" "Mozilla/5.0 (compatible; Googlebot/2.1; +http://www.google.com/bot.html)"
66.249.64.18 - - [24/Jan/2020:10:22:51 +0100] "GET / HTTP/1.1" 200 606 "-" "Mozilla/5.0 (Linux; Android 6.0.1; Nexus 5X Build/MMB29P) AppleWebKit/537.36 (KHTML, like Gecko) Chrome/41.0.2272.96 Mobile Safari/537.36 (compatible; Googlebot/2.1; +http://www.google.com/bot.html)"
66.249.64.18 - - [24/Jan/2020:10:22:52 +0100] "GET /index.php HTTP/1.1" 200 956 "-" "Mozilla/5.0 (Linux; Android 6.0.1; Nexus 5X Build/MMB29P) AppleWebKit/537.36 (KHTML, like Gecko) Chrome/41.0.2272.96 Mobile Safari/537.36 (compatible; Googlebot/2.1; +http://www.google.com/bot.html)"
40.77.167.5 - - [24/Jan/2020:13:40:01 +0100] "GET / HTTP/1.1" 200 606 "-" "Mozilla/5.0 (compatible; bingbot/2.0; +http://www.bing.com/bingbot.htm)"
184.94.240.92 - - [24/Jan/2020:15:25:02 +0100] "GET / HTTP/1.1" 200 569 "-" "Mozilla/5.0 (Windows NT 10.0; WOW64; rv:53.0) Gecko/20100101 Firefox/53.0"
157.55.39.120 - - [25/Jan/2020:00:45:13 +0100] "GET / HTTP/1.1" 304 165 "-" "Mozilla/5.0 (compatible; bingbot/2.0; +http://www.bing.com/bingbot.htm)"
185.20.117.132 - - [25/Jan/2020:05:25:39 +0100] "GET / HTTP/1.1" 200 606 "-" "Mozilla/5.0 (compatible; MSIE 9.0; Windows NT 6.1; WOW64; Trident/5.0) AppleWebKit/537.36 (KHTML, like Gecko) Gecko/20101203 Firefox/3.6.13 Chrome/65.0.3325.181 Safari/537.36"
66.249.68.25 - - [25/Jan/2020:11:02:38 +0100] "GET /robots.txt HTTP/1.1" 404 409 "-" "Mozilla/5.0 (compatible; Googlebot/2.1; +http://www.google.com/bot.html)"
66.249.68.27 - - [25/Jan/2020:11:02:38 +0100] "GET / HTTP/1.1" 200 606 "-" "Mozilla/5.0 (compatible; Googlebot/2.1; +http://www.google.com/bot.html)"
66.249.68.27 - - [25/Jan/2020:11:02:39 +0100] "GET /index.php HTTP/1.1" 200 956 "-" "Mozilla/5.0 (compatible; Googlebot/2.1; +http://www.google.com/bot.html)"
157.55.39.20 - - [25/Jan/2020:12:17:46 +0100] "GET /robots.txt HTTP/1.1" 404 409 "-" "Mozilla/5.0 (compatible; bingbot/2.0; +http://www.bing.com/bingbot.htm)"
157.55.39.120 - - [25/Jan/2020:12:17:52 +0100] "GET / HTTP/1.1" 200 606 "-" "Mozilla/5.0 (compatible; bingbot/2.0; +http://www.bing.com/bingbot.htm)"
209.17.97.18 - - [25/Jan/2020:12:23:49 +0100] "GET / HTTP/1.1" 200 550 "-" "Mozilla/5.0 (compatible; Nimbostratus-Bot/v1.3.2; http://cloudsystemnetworks.com)"
40.77.167.22 - - [25/Jan/2020:17:51:08 +0100] "GET /index.php HTTP/1.1" 200 957 "-" "Mozilla/5.0 (compatible; bingbot/2.0; +http://www.bing.com/bingbot.htm)"
66.249.64.19 - - [25/Jan/2020:18:08:37 +0100] "GET / HTTP/1.1" 200 606 "-" "Mozilla/5.0 (Linux; Android 6.0.1; Nexus 5X Build/MMB29P) AppleWebKit/537.36 (KHTML, like Gecko) Chrome/41.0.2272.96 Mobile Safari/537.36 (compatible; Googlebot/2.1; +http://www.google.com/bot.html)"
66.249.64.17 - - [25/Jan/2020:18:08:38 +0100] "GET /index.php HTTP/1.1" 200 957 "-" "Mozilla/5.0 (Linux; Android 6.0.1; Nexus 5X Build/MMB29P) AppleWebKit/537.36 (KHTML, like Gecko) Chrome/41.0.2272.96 Mobile Safari/537.36 (compatible; Googlebot/2.1; +http://www.google.com/bot.html)"
18.236.242.136 - - [25/Jan/2020:20:58:36 +0100] "GET / HTTP/1.1" 200 569 "-" "Mozilla/5.0 (Macintosh; Intel Mac OS X 10_8_3) AppleWebKit/537.31 (KHTML, like Gecko) Chrome/26.0.1410.65 Safari/537.31"
52.41.207.143 - - [26/Jan/2020:06:05:31 +0100] "GET / HTTP/1.1" 200 550 "-" "Go-http-client/1.1"
66.249.64.18 - - [26/Jan/2020:09:01:00 +0100] "GET /robots.txt HTTP/1.1" 404 409 "-" "Mozilla/5.0 (compatible; Googlebot/2.1; +http://www.google.com/bot.html)"
66.249.64.17 - - [26/Jan/2020:09:01:00 +0100] "GET / HTTP/1.1" 200 606 "-" "Mozilla/5.0 (compatible; Googlebot/2.1; +http://www.google.com/bot.html)"
66.249.64.17 - - [26/Jan/2020:09:01:00 +0100] "GET /index.php HTTP/1.1" 200 956 "-" "Mozilla/5.0 (compatible; Googlebot/2.1; +http://www.google.com/bot.html)"
66.249.65.248 - - [26/Jan/2020:23:23:10 +0100] "GET /robots.txt HTTP/1.1" 404 409 "-" "Mozilla/5.0 (compatible; Googlebot/2.1; +http://www.google.com/bot.html)"
66.249.65.250 - - [26/Jan/2020:23:23:10 +0100] "GET / HTTP/1.1" 200 606 "-" "Mozilla/5.0 (Linux; Android 6.0.1; Nexus 5X Build/MMB29P) AppleWebKit/537.36 (KHTML, like Gecko) Chrome/41.0.2272.96 Mobile Safari/537.36 (compatible; Googlebot/2.1; +http://www.google.com/bot.html)"
66.249.65.246 - - [26/Jan/2020:23:23:10 +0100] "GET /index.php HTTP/1.1" 200 957 "-" "Mozilla/5.0 (Linux; Android 6.0.1; Nexus 5X Build/MMB29P) AppleWebKit/537.36 (KHTML, like Gecko) Chrome/41.0.2272.96 Mobile Safari/537.36 (compatible; Googlebot/2.1; +http://www.google.com/bot.html)"
198.27.80.123 - - [27/Jan/2020:09:52:40 +0100] "GET /wp-login.php HTTP/1.1" 404 280 "http://www.google.com.hk" "Mozilla/5.0 (Windows NT 6.1; WOW64) AppleWebKit/537.36 (KHTML, like Gecko) Chrome/42.0.2311.90 Safari/537.36"
217.127.56.156 - - [27/Jan/2020:10:02:06 +0100] "GET / HTTP/1.1" 200 606 "https://www.google.com/" "Mozilla/5.0 (Windows NT 6.2; Win64; x64; rv:72.0) Gecko/20100101 Firefox/72.0"
217.127.56.156 - - [27/Jan/2020:10:02:07 +0100] "GET /favicon.ico HTTP/1.1" 200 5739 "-" "Mozilla/5.0 (Windows NT 6.2; Win64; x64; rv:72.0) Gecko/20100101 Firefox/72.0"
217.127.56.156 - - [27/Jan/2020:10:02:09 +0100] "GET /index.php HTTP/1.1" 200 956 "-" "Mozilla/5.0 (Windows NT 6.2; Win64; x64; rv:72.0) Gecko/20100101 Firefox/72.0"
83.48.79.228 - - [27/Jan/2020:10:40:44 +0100] "GET / HTTP/1.1" 200 606 "https://www.google.com/" "Mozilla/5.0 (Windows NT 10.0; Win64; x64) AppleWebKit/537.36 (KHTML, like Gecko) Chrome/79.0.3945.130 Safari/537.36"
66.249.65.250 - - [27/Jan/2020:11:55:19 +0100] "GET /robots.txt HTTP/1.1" 404 409 "-" "Mozilla/5.0 (compatible; Googlebot/2.1; +http://www.google.com/bot.html)"
66.249.65.246 - - [27/Jan/2020:11:55:20 +0100] "GET /css/style.css HTTP/1.1" 200 7786 "http://www.iticsl.es/test/php/test.php" "Mozilla/5.0 AppleWebKit/537.36 (KHTML, like Gecko; compatible; Googlebot/2.1; +http://www.google.com/bot.html) Chrome/79.0.3945.120 Safari/537.36"
66.249.65.250 - - [27/Jan/2020:12:33:31 +0100] "GET / HTTP/1.1" 200 606 "-" "Mozilla/5.0 (compatible; Googlebot/2.1; +http://www.google.com/bot.html)"
66.249.65.250 - - [27/Jan/2020:12:33:32 +0100] "GET /index.php HTTP/1.1" 200 956 "-" "Mozilla/5.0 (compatible; Googlebot/2.1; +http://www.google.com/bot.html)"
157.55.39.20 - - [27/Jan/2020:13:47:46 +0100] "GET /robots.txt HTTP/1.1" 404 409 "-" "Mozilla/5.0 (compatible; bingbot/2.0; +http://www.bing.com/bingbot.htm)"
207.46.13.1 - - [27/Jan/2020:13:47:58 +0100] "GET / HTTP/1.1" 200 606 "-" "Mozilla/5.0 (compatible; bingbot/2.0; +http://www.bing.com/bingbot.htm)"
2.136.77.216 - - [27/Jan/2020:17:36:18 +0100] "GET / HTTP/1.1" 200 606 "https://www.google.com/" "Mozilla/5.0 (Windows NT 10.0; Win64; x64) AppleWebKit/537.36 (KHTML, like Gecko) Chrome/79.0.3945.130 Safari/537.36"
2.136.77.216 - - [27/Jan/2020:17:36:18 +0100] "GET /favicon.ico HTTP/1.1" 200 5739 "http://www.iticsl.es/" "Mozilla/5.0 (Windows NT 10.0; Win64; x64) AppleWebKit/537.36 (KHTML, like Gecko) Chrome/79.0.3945.130 Safari/537.36"
2.136.77.216 - - [27/Jan/2020:17:36:20 +0100] "GET /index.php HTTP/1.1" 200 956 "http://www.iticsl.es/" "Mozilla/5.0 (Windows NT 10.0; Win64; x64) AppleWebKit/537.36 (KHTML, like Gecko) Chrome/79.0.3945.130 Safari/537.36"
2.136.77.216 - - [27/Jan/2020:17:36:55 +0100] "GET /index.php HTTP/1.1" 200 957 "http://www.iticsl.es/" "Mozilla/5.0 (Windows NT 10.0; Win64; x64) AppleWebKit/537.36 (KHTML, like Gecko) Chrome/79.0.3945.130 Safari/537.36"
66.249.76.51 - - [27/Jan/2020:19:02:52 +0100] "GET / HTTP/1.1" 200 606 "-" "Mozilla/5.0 (Linux; Android 6.0.1; Nexus 5X Build/MMB29P) AppleWebKit/537.36 (KHTML, like Gecko) Chrome/41.0.2272.96 Mobile Safari/537.36 (compatible; Googlebot/2.1; +http://www.google.com/bot.html)"
66.249.76.50 - - [27/Jan/2020:19:02:52 +0100] "GET /index.php HTTP/1.1" 200 957 "-" "Mozilla/5.0 (Linux; Android 6.0.1; Nexus 5X Build/MMB29P) AppleWebKit/537.36 (KHTML, like Gecko) Chrome/41.0.2272.96 Mobile Safari/537.36 (compatible; Googlebot/2.1; +http://www.google.com/bot.html)"
207.46.13.93 - - [27/Jan/2020:22:42:36 +0100] "GET / HTTP/1.1" 200 606 "-" "Mozilla/5.0 (compatible; bingbot/2.0; +http://www.bing.com/bingbot.htm)"
66.249.76.41 - - [27/Jan/2020:23:04:58 +0100] "GET /robots.txt HTTP/1.1" 404 409 "-" "Mozilla/5.0 (compatible; Googlebot/2.1; +http://www.google.com/bot.html)"
66.249.76.45 - - [27/Jan/2020:23:04:58 +0100] "GET / HTTP/1.1" 200 606 "-" "Mozilla/5.0 (compatible; Googlebot/2.1; +http://www.google.com/bot.html)"
66.249.76.49 - - [27/Jan/2020:23:04:59 +0100] "GET /index.php HTTP/1.1" 200 957 "-" "Mozilla/5.0 (compatible; Googlebot/2.1; +http://www.google.com/bot.html)"
66.249.76.50 - - [28/Jan/2020:00:03:24 +0100] "GET / HTTP/1.1" 200 606 "-" "Mozilla/5.0 (compatible; Googlebot/2.1; +http://www.google.com/bot.html)"
66.249.76.51 - - [28/Jan/2020:00:03:24 +0100] "GET /robots.txt HTTP/1.1" 404 409 "-" "Mozilla/5.0 (compatible; Googlebot/2.1; +http://www.google.com/bot.html)"
213.96.213.164 - - [28/Jan/2020:14:27:47 +0100] "GET /index.php HTTP/1.1" 200 957 "-" "Mozilla/5.0 (Windows NT 10.0; Win64; x64) AppleWebKit/537.36 (KHTML, like Gecko) Chrome/79.0.3945.130 Safari/537.36"
66.249.76.51 - - [28/Jan/2020:15:01:03 +0100] "GET /robots.txt HTTP/1.1" 404 409 "-" "Mozilla/5.0 (compatible; Googlebot/2.1; +http://www.google.com/bot.html)"
66.249.76.49 - - [28/Jan/2020:15:01:03 +0100] "GET / HTTP/1.1" 200 606 "-" "Mozilla/5.0 (Linux; Android 6.0.1; Nexus 5X Build/MMB29P) AppleWebKit/537.36 (KHTML, like Gecko) Chrome/41.0.2272.96 Mobile Safari/537.36 (compatible; Googlebot/2.1; +http://www.google.com/bot.html)"
66.249.76.50 - - [28/Jan/2020:15:01:04 +0100] "GET /index.php HTTP/1.1" 200 957 "-" "Mozilla/5.0 (Linux; Android 6.0.1; Nexus 5X Build/MMB29P) AppleWebKit/537.36 (KHTML, like Gecko) Chrome/41.0.2272.96 Mobile Safari/537.36 (compatible; Googlebot/2.1; +http://www.google.com/bot.html)"
185.20.117.132 - - [28/Jan/2020:18:46:39 +0100] "GET / HTTP/1.1" 200 606 "-" "Java/1.7.0_13"
192.99.219.204 - - [28/Jan/2020:20:44:53 +0100] "GET / HTTP/1.1" 200 6183 "-" "Mozilla/5.0 (Windows NT 10.0; WOW64; rv:47.0) Gecko/20100101 Firefox/47.0"
192.99.219.204 - - [28/Jan/2020:20:44:53 +0100] "GET / HTTP/1.1" 200 6183 "-" "Mozilla/5.0 (Windows NT 10.0; WOW64; rv:47.0) Gecko/20100101 Firefox/47.0"
192.99.219.204 - - [28/Jan/2020:20:44:54 +0100] "GET / HTTP/1.1" 200 6183 "-" "Mozilla/5.0 (Windows NT 10.0; WOW64; rv:47.0) Gecko/20100101 Firefox/47.0"
192.99.219.204 - - [28/Jan/2020:20:45:17 +0100] "GET / HTTP/1.1" 200 6183 "-" "Mozilla/5.0 (Windows NT 10.0; WOW64; rv:47.0) Gecko/20100101 Firefox/47.0"
