209.17.96.34 - - [19/Oct/2019:16:44:45 +0200] "GET / HTTP/1.1" 200 550 "-" "Mozilla/5.0 (compatible; Nimbostratus-Bot/v1.3.2; http://cloudsystemnetworks.com)"
66.249.66.51 - - [19/Oct/2019:20:07:40 +0200] "GET /robots.txt HTTP/1.1" 404 409 "-" "Mozilla/5.0 (compatible; Googlebot/2.1; +http://www.google.com/bot.html)"
66.249.66.51 - - [19/Oct/2019:20:07:40 +0200] "GET / HTTP/1.1" 200 605 "-" "Mozilla/5.0 (Linux; Android 6.0.1; Nexus 5X Build/MMB29P) AppleWebKit/537.36 (KHTML, like Gecko) Chrome/41.0.2272.96 Mobile Safari/537.36 (compatible; Googlebot/2.1; +http://www.google.com/bot.html)"
66.249.66.51 - - [19/Oct/2019:20:07:41 +0200] "GET /index.php HTTP/1.1" 200 956 "-" "Mozilla/5.0 (Linux; Android 6.0.1; Nexus 5X Build/MMB29P) AppleWebKit/537.36 (KHTML, like Gecko) Chrome/41.0.2272.96 Mobile Safari/537.36 (compatible; Googlebot/2.1; +http://www.google.com/bot.html)"
34.217.72.161 - - [20/Oct/2019:06:05:35 +0200] "GET / HTTP/1.1" 200 550 "-" "Go-http-client/1.1"
66.249.66.55 - - [20/Oct/2019:10:50:30 +0200] "GET /robots.txt HTTP/1.1" 404 409 "-" "Mozilla/5.0 (compatible; Googlebot/2.1; +http://www.google.com/bot.html)"
66.249.66.51 - - [20/Oct/2019:10:50:30 +0200] "GET / HTTP/1.1" 200 606 "-" "Mozilla/5.0 (compatible; Googlebot/2.1; +http://www.google.com/bot.html)"
66.249.66.53 - - [20/Oct/2019:10:50:31 +0200] "GET /index.php HTTP/1.1" 200 957 "-" "Mozilla/5.0 (compatible; Googlebot/2.1; +http://www.google.com/bot.html)"
66.249.66.55 - - [20/Oct/2019:12:11:50 +0200] "GET / HTTP/1.1" 200 606 "-" "Mozilla/5.0 (Linux; Android 6.0.1; Nexus 5X Build/MMB29P) AppleWebKit/537.36 (KHTML, like Gecko) Chrome/41.0.2272.96 Mobile Safari/537.36 (compatible; Googlebot/2.1; +http://www.google.com/bot.html)"
66.249.66.55 - - [20/Oct/2019:12:11:50 +0200] "GET /index.php HTTP/1.1" 200 956 "-" "Mozilla/5.0 (Linux; Android 6.0.1; Nexus 5X Build/MMB29P) AppleWebKit/537.36 (KHTML, like Gecko) Chrome/41.0.2272.96 Mobile Safari/537.36 (compatible; Googlebot/2.1; +http://www.google.com/bot.html)"
66.249.66.53 - - [21/Oct/2019:00:30:18 +0200] "GET /robots.txt HTTP/1.1" 404 409 "-" "Mozilla/5.0 (compatible; Googlebot/2.1; +http://www.google.com/bot.html)"
66.249.66.51 - - [21/Oct/2019:00:30:18 +0200] "GET / HTTP/1.1" 200 606 "-" "Mozilla/5.0 (Linux; Android 6.0.1; Nexus 5X Build/MMB29P) AppleWebKit/537.36 (KHTML, like Gecko) Chrome/41.0.2272.96 Mobile Safari/537.36 (compatible; Googlebot/2.1; +http://www.google.com/bot.html)"
66.249.66.51 - - [21/Oct/2019:00:30:18 +0200] "GET /index.php HTTP/1.1" 200 956 "-" "Mozilla/5.0 (Linux; Android 6.0.1; Nexus 5X Build/MMB29P) AppleWebKit/537.36 (KHTML, like Gecko) Chrome/41.0.2272.96 Mobile Safari/537.36 (compatible; Googlebot/2.1; +http://www.google.com/bot.html)"
54.154.247.39 - - [21/Oct/2019:03:44:37 +0200] "GET /robots.txt HTTP/1.1" 404 372 "-" "PleskBot"
54.154.247.39 - - [21/Oct/2019:03:44:37 +0200] "GET / HTTP/1.1" 200 569 "-" "PleskBot"
66.249.66.51 - - [21/Oct/2019:04:31:25 +0200] "GET / HTTP/1.1" 200 606 "-" "Mozilla/5.0 (compatible; Googlebot/2.1; +http://www.google.com/bot.html)"
66.249.66.51 - - [21/Oct/2019:04:31:25 +0200] "GET /index.php HTTP/1.1" 200 956 "-" "Mozilla/5.0 (compatible; Googlebot/2.1; +http://www.google.com/bot.html)"
54.244.56.184 - - [21/Oct/2019:06:27:35 +0200] "GET / HTTP/1.1" 200 550 "-" "Go-http-client/1.1"
62.210.111.37 - - [21/Oct/2019:07:33:20 +0200] "GET / HTTP/1.1" 200 550 "-" "Mozilla/5.0 (Windows NT 6.1; Win64; x64; rv:56.0) Gecko/20100101 Firefox/56.0"
88.26.228.223 - - [21/Oct/2019:10:42:25 +0200] "GET / HTTP/1.1" 200 606 "https://www.google.es/" "Mozilla/5.0 (iPhone; CPU iPhone OS 13_1_3 like Mac OS X) AppleWebKit/605.1.15 (KHTML, like Gecko) Version/13.0.1 Mobile/15E148 Safari/604.1"
88.26.228.223 - - [21/Oct/2019:10:42:25 +0200] "GET /favicon.ico HTTP/1.1" 200 5740 "http://www.iticsl.es/" "Mozilla/5.0 (iPhone; CPU iPhone OS 13_1_3 like Mac OS X) AppleWebKit/605.1.15 (KHTML, like Gecko) Version/13.0.1 Mobile/15E148 Safari/604.1"
88.26.228.223 - - [21/Oct/2019:10:42:27 +0200] "GET /index.php HTTP/1.1" 200 956 "http://www.iticsl.es/" "Mozilla/5.0 (iPhone; CPU iPhone OS 13_1_3 like Mac OS X) AppleWebKit/605.1.15 (KHTML, like Gecko) Version/13.0.1 Mobile/15E148 Safari/604.1"
188.127.168.25 - - [21/Oct/2019:12:21:52 +0200] "GET / HTTP/1.1" 200 606 "https://www.google.com/" "Mozilla/5.0 (Windows NT 5.1) AppleWebKit/537.36 (KHTML, like Gecko) Chrome/49.0.2623.112 Safari/537.36"
188.127.168.25 - - [21/Oct/2019:12:21:52 +0200] "GET /favicon.ico HTTP/1.1" 200 5739 "http://www.iticsl.es/" "Mozilla/5.0 (Windows NT 5.1) AppleWebKit/537.36 (KHTML, like Gecko) Chrome/49.0.2623.112 Safari/537.36"
188.127.168.25 - - [21/Oct/2019:12:21:54 +0200] "GET /index.php HTTP/1.1" 200 956 "http://www.iticsl.es/" "Mozilla/5.0 (Windows NT 5.1) AppleWebKit/537.36 (KHTML, like Gecko) Chrome/49.0.2623.112 Safari/537.36"
188.127.168.25 - - [21/Oct/2019:12:22:25 +0200] "GET /index.php HTTP/1.1" 200 957 "http://www.iticsl.es/" "Mozilla/5.0 (Windows NT 5.1) AppleWebKit/537.36 (KHTML, like Gecko) Chrome/49.0.2623.112 Safari/537.36"
66.249.64.91 - - [22/Oct/2019:00:57:52 +0200] "GET /robots.txt HTTP/1.1" 404 409 "-" "Mozilla/5.0 (compatible; Googlebot/2.1; +http://www.google.com/bot.html)"
66.249.64.89 - - [22/Oct/2019:00:57:56 +0200] "GET / HTTP/1.1" 200 606 "-" "Mozilla/5.0 (Linux; Android 6.0.1; Nexus 5X Build/MMB29P) AppleWebKit/537.36 (KHTML, like Gecko) Chrome/41.0.2272.96 Mobile Safari/537.36 (compatible; Googlebot/2.1; +http://www.google.com/bot.html)"
66.249.64.89 - - [22/Oct/2019:00:57:57 +0200] "GET /index.php HTTP/1.1" 200 956 "-" "Mozilla/5.0 (Linux; Android 6.0.1; Nexus 5X Build/MMB29P) AppleWebKit/537.36 (KHTML, like Gecko) Chrome/41.0.2272.96 Mobile Safari/537.36 (compatible; Googlebot/2.1; +http://www.google.com/bot.html)"
66.249.66.51 - - [22/Oct/2019:10:40:19 +0200] "GET / HTTP/1.1" 200 606 "-" "Mozilla/5.0 (Linux; Android 6.0.1; Nexus 5X Build/MMB29P) AppleWebKit/537.36 (KHTML, like Gecko) Chrome/41.0.2272.96 Mobile Safari/537.36 (compatible; Googlebot/2.1; +http://www.google.com/bot.html)"
66.249.66.53 - - [22/Oct/2019:10:40:19 +0200] "GET /index.php HTTP/1.1" 200 957 "-" "Mozilla/5.0 (Linux; Android 6.0.1; Nexus 5X Build/MMB29P) AppleWebKit/537.36 (KHTML, like Gecko) Chrome/41.0.2272.96 Mobile Safari/537.36 (compatible; Googlebot/2.1; +http://www.google.com/bot.html)"
83.57.7.30 - - [22/Oct/2019:11:13:06 +0200] "GET / HTTP/1.1" 200 606 "-" "Mozilla/5.0 (Windows NT 10.0; WOW64; Trident/7.0; rv:11.0) like Gecko"
83.57.7.30 - - [22/Oct/2019:11:13:06 +0200] "GET /favicon.ico HTTP/1.1" 200 5739 "-" "Mozilla/5.0 (Windows NT 10.0; Win64; x64; Trident/7.0; rv:11.0) like Gecko"
83.57.7.30 - - [22/Oct/2019:11:13:08 +0200] "GET /index.php HTTP/1.1" 200 956 "-" "Mozilla/5.0 (Windows NT 10.0; WOW64; Trident/7.0; rv:11.0) like Gecko"
66.249.66.51 - - [22/Oct/2019:12:10:45 +0200] "GET / HTTP/1.1" 200 606 "-" "Mozilla/5.0 (compatible; Googlebot/2.1; +http://www.google.com/bot.html)"
66.249.66.51 - - [22/Oct/2019:12:10:46 +0200] "GET /index.php HTTP/1.1" 200 956 "-" "Mozilla/5.0 (compatible; Googlebot/2.1; +http://www.google.com/bot.html)"
209.17.97.10 - - [22/Oct/2019:12:28:02 +0200] "GET / HTTP/1.1" 200 550 "-" "Mozilla/5.0 (compatible; Nimbostratus-Bot/v1.3.2; http://cloudsystemnetworks.com)"
66.249.66.51 - - [23/Oct/2019:04:33:18 +0200] "GET /robots.txt HTTP/1.1" 404 409 "-" "Mozilla/5.0 (compatible; Googlebot/2.1; +http://www.google.com/bot.html)"
66.249.66.53 - - [23/Oct/2019:04:33:20 +0200] "GET / HTTP/1.1" 200 606 "-" "Mozilla/5.0 (Linux; Android 6.0.1; Nexus 5X Build/MMB29P) AppleWebKit/537.36 (KHTML, like Gecko) Chrome/41.0.2272.96 Mobile Safari/537.36 (compatible; Googlebot/2.1; +http://www.google.com/bot.html)"
66.249.66.55 - - [23/Oct/2019:04:33:22 +0200] "GET /index.php HTTP/1.1" 200 957 "-" "Mozilla/5.0 (Linux; Android 6.0.1; Nexus 5X Build/MMB29P) AppleWebKit/537.36 (KHTML, like Gecko) Chrome/41.0.2272.96 Mobile Safari/537.36 (compatible; Googlebot/2.1; +http://www.google.com/bot.html)"
62.210.111.37 - - [23/Oct/2019:06:37:05 +0200] "GET / HTTP/1.1" 200 550 "-" "Mozilla/5.0 (Windows NT 6.1; Win64; x64; rv:56.0) Gecko/20100101 Firefox/56.0"
82.158.153.208 - - [23/Oct/2019:09:03:05 +0200] "GET / HTTP/1.1" 200 2962 "-" "Mozilla/5.0 (Windows NT 6.1; Win64; x64) AppleWebKit/537.36 (KHTML, like Gecko) Chrome/77.0.3865.120 Safari/537.36"
82.158.153.208 - - [23/Oct/2019:09:03:06 +0200] "GET /program/js/jquery.min.js?s=1560412643 HTTP/1.1" 200 31423 "http://webmail.iticsl.es/" "Mozilla/5.0 (Windows NT 6.1; Win64; x64) AppleWebKit/537.36 (KHTML, like Gecko) Chrome/77.0.3865.120 Safari/537.36"
82.158.153.208 - - [23/Oct/2019:09:03:06 +0200] "GET /plugins/jqueryui/themes/larry/jquery-ui.css?s=1560412643 HTTP/1.1" 200 9917 "http://webmail.iticsl.es/" "Mozilla/5.0 (Windows NT 6.1; Win64; x64) AppleWebKit/537.36 (KHTML, like Gecko) Chrome/77.0.3865.120 Safari/537.36"
82.158.153.208 - - [23/Oct/2019:09:03:06 +0200] "GET /skins/larry/ui.min.js?s=1560412643 HTTP/1.1" 200 9128 "http://webmail.iticsl.es/" "Mozilla/5.0 (Windows NT 6.1; Win64; x64) AppleWebKit/537.36 (KHTML, like Gecko) Chrome/77.0.3865.120 Safari/537.36"
82.158.153.208 - - [23/Oct/2019:09:03:06 +0200] "GET /skins/larry/styles.min.css?s=1560412643 HTTP/1.1" 200 9663 "http://webmail.iticsl.es/" "Mozilla/5.0 (Windows NT 6.1; Win64; x64) AppleWebKit/537.36 (KHTML, like Gecko) Chrome/77.0.3865.120 Safari/537.36"
82.158.153.208 - - [23/Oct/2019:09:03:06 +0200] "GET /program/js/common.min.js?s=1560412643 HTTP/1.1" 200 5534 "http://webmail.iticsl.es/" "Mozilla/5.0 (Windows NT 6.1; Win64; x64) AppleWebKit/537.36 (KHTML, like Gecko) Chrome/77.0.3865.120 Safari/537.36"
82.158.153.208 - - [23/Oct/2019:09:03:06 +0200] "GET /program/js/jstz.min.js?s=1560412643 HTTP/1.1" 200 5393 "http://webmail.iticsl.es/" "Mozilla/5.0 (Windows NT 6.1; Win64; x64) AppleWebKit/537.36 (KHTML, like Gecko) Chrome/77.0.3865.120 Safari/537.36"
82.158.153.208 - - [23/Oct/2019:09:03:06 +0200] "GET /program/js/app.min.js?s=1560412643 HTTP/1.1" 200 45839 "http://webmail.iticsl.es/" "Mozilla/5.0 (Windows NT 6.1; Win64; x64) AppleWebKit/537.36 (KHTML, like Gecko) Chrome/77.0.3865.120 Safari/537.36"
82.158.153.208 - - [23/Oct/2019:09:03:06 +0200] "GET /skins/larry/images/roundcube_logo.png HTTP/1.1" 200 4225 "http://webmail.iticsl.es/" "Mozilla/5.0 (Windows NT 6.1; Win64; x64) AppleWebKit/537.36 (KHTML, like Gecko) Chrome/77.0.3865.120 Safari/537.36"
82.158.153.208 - - [23/Oct/2019:09:03:07 +0200] "GET /plugins/jqueryui/js/i18n/jquery.ui.datepicker-es.js?s=1560412643 HTTP/1.1" 200 1051 "http://webmail.iticsl.es/" "Mozilla/5.0 (Windows NT 6.1; Win64; x64) AppleWebKit/537.36 (KHTML, like Gecko) Chrome/77.0.3865.120 Safari/537.36"
82.158.153.208 - - [23/Oct/2019:09:03:06 +0200] "GET /plugins/jqueryui/js/jquery-ui.min.js?s=1560412643 HTTP/1.1" 200 70172 "http://webmail.iticsl.es/" "Mozilla/5.0 (Windows NT 6.1; Win64; x64) AppleWebKit/537.36 (KHTML, like Gecko) Chrome/77.0.3865.120 Safari/537.36"
82.158.153.208 - - [23/Oct/2019:09:03:07 +0200] "GET /skins/larry/images/ajaxloader_dark.gif HTTP/1.1" 200 2018 "http://webmail.iticsl.es/" "Mozilla/5.0 (Windows NT 6.1; Win64; x64) AppleWebKit/537.36 (KHTML, like Gecko) Chrome/77.0.3865.120 Safari/537.36"
82.158.153.208 - - [23/Oct/2019:09:03:07 +0200] "GET /skins/larry/images/filetypes.png HTTP/1.1" 200 5192 "http://webmail.iticsl.es/" "Mozilla/5.0 (Windows NT 6.1; Win64; x64) AppleWebKit/537.36 (KHTML, like Gecko) Chrome/77.0.3865.120 Safari/537.36"
82.158.153.208 - - [23/Oct/2019:09:03:07 +0200] "GET /skins/larry/images/messages.png HTTP/1.1" 200 1737 "http://webmail.iticsl.es/" "Mozilla/5.0 (Windows NT 6.1; Win64; x64) AppleWebKit/537.36 (KHTML, like Gecko) Chrome/77.0.3865.120 Safari/537.36"
82.158.153.208 - - [23/Oct/2019:09:03:07 +0200] "GET /skins/larry/images/addcontact.png HTTP/1.1" 200 735 "http://webmail.iticsl.es/" "Mozilla/5.0 (Windows NT 6.1; Win64; x64) AppleWebKit/537.36 (KHTML, like Gecko) Chrome/77.0.3865.120 Safari/537.36"
82.158.153.208 - - [23/Oct/2019:09:03:07 +0200] "GET /skins/larry/images/messages_dark.png HTTP/1.1" 200 1073 "http://webmail.iticsl.es/" "Mozilla/5.0 (Windows NT 6.1; Win64; x64) AppleWebKit/537.36 (KHTML, like Gecko) Chrome/77.0.3865.120 Safari/537.36"
82.158.153.208 - - [23/Oct/2019:09:03:07 +0200] "GET /skins/larry/images/buttons.png HTTP/1.1" 200 9387 "http://webmail.iticsl.es/" "Mozilla/5.0 (Windows NT 6.1; Win64; x64) AppleWebKit/537.36 (KHTML, like Gecko) Chrome/77.0.3865.120 Safari/537.36"
82.158.153.208 - - [23/Oct/2019:09:03:07 +0200] "GET /skins/larry/images/quota.png HTTP/1.1" 200 1810 "http://webmail.iticsl.es/" "Mozilla/5.0 (Windows NT 6.1; Win64; x64) AppleWebKit/537.36 (KHTML, like Gecko) Chrome/77.0.3865.120 Safari/537.36"
82.158.153.208 - - [23/Oct/2019:09:03:07 +0200] "GET /skins/larry/images/listicons.png HTTP/1.1" 200 10808 "http://webmail.iticsl.es/" "Mozilla/5.0 (Windows NT 6.1; Win64; x64) AppleWebKit/537.36 (KHTML, like Gecko) Chrome/77.0.3865.120 Safari/537.36"
82.158.153.208 - - [23/Oct/2019:09:03:07 +0200] "GET /skins/larry/images/ajaxloader.gif HTTP/1.1" 200 1773 "http://webmail.iticsl.es/" "Mozilla/5.0 (Windows NT 6.1; Win64; x64) AppleWebKit/537.36 (KHTML, like Gecko) Chrome/77.0.3865.120 Safari/537.36"
82.158.153.208 - - [23/Oct/2019:09:03:07 +0200] "GET /skins/larry/images/splitter.png HTTP/1.1" 200 593 "http://webmail.iticsl.es/" "Mozilla/5.0 (Windows NT 6.1; Win64; x64) AppleWebKit/537.36 (KHTML, like Gecko) Chrome/77.0.3865.120 Safari/537.36"
82.158.153.208 - - [23/Oct/2019:09:03:07 +0200] "GET /skins/larry/images/selector.png HTTP/1.1" 200 580 "http://webmail.iticsl.es/" "Mozilla/5.0 (Windows NT 6.1; Win64; x64) AppleWebKit/537.36 (KHTML, like Gecko) Chrome/77.0.3865.120 Safari/537.36"
82.158.153.208 - - [23/Oct/2019:09:03:07 +0200] "GET /skins/larry/images/watermark.jpg HTTP/1.1" 200 4923 "http://webmail.iticsl.es/" "Mozilla/5.0 (Windows NT 6.1; Win64; x64) AppleWebKit/537.36 (KHTML, like Gecko) Chrome/77.0.3865.120 Safari/537.36"
213.98.255.162 - - [23/Oct/2019:09:06:12 +0200] "GET /robots.txt HTTP/1.0" 404 372 "-" "Mozilla/5.0 (compatible; heritrix/3.3.0 +http://www.bne.es/es/Colecciones/ArchivoWeb/AvisoWebmasters/index.html)"
213.98.255.162 - - [23/Oct/2019:09:06:14 +0200] "GET / HTTP/1.0" 200 569 "-" "Mozilla/5.0 (compatible; heritrix/3.3.0 +http://www.bne.es/es/Colecciones/ArchivoWeb/AvisoWebmasters/index.html)"
213.98.255.162 - - [23/Oct/2019:09:06:15 +0200] "GET /robots.txt HTTP/1.0" 404 372 "-" "Mozilla/5.0 (compatible; heritrix/3.3.0 +http://www.bne.es/es/Colecciones/ArchivoWeb/AvisoWebmasters/index.html)"
213.98.255.162 - - [23/Oct/2019:09:06:16 +0200] "GET / HTTP/1.0" 200 569 "-" "Mozilla/5.0 (compatible; heritrix/3.3.0 +http://www.bne.es/es/Colecciones/ArchivoWeb/AvisoWebmasters/index.html)"
213.98.255.162 - - [23/Oct/2019:09:06:17 +0200] "GET /favicon.ico HTTP/1.0" 200 5703 "http://www.iticsl.es/" "Mozilla/5.0 (compatible; heritrix/3.3.0 +http://www.bne.es/es/Colecciones/ArchivoWeb/AvisoWebmasters/index.html)"
213.98.255.162 - - [23/Oct/2019:09:06:17 +0200] "GET /J.Prados HTTP/1.0" 404 370 "http://www.iticsl.es/" "Mozilla/5.0 (compatible; heritrix/3.3.0 +http://www.bne.es/es/Colecciones/ArchivoWeb/AvisoWebmasters/index.html)"
213.98.255.162 - - [23/Oct/2019:09:06:18 +0200] "GET /06/06/2019 HTTP/1.0" 404 372 "http://www.iticsl.es/" "Mozilla/5.0 (compatible; heritrix/3.3.0 +http://www.bne.es/es/Colecciones/ArchivoWeb/AvisoWebmasters/index.html)"
213.98.255.162 - - [23/Oct/2019:09:06:18 +0200] "GET /index.php HTTP/1.0" 200 880 "http://www.iticsl.es/" "Mozilla/5.0 (compatible; heritrix/3.3.0 +http://www.bne.es/es/Colecciones/ArchivoWeb/AvisoWebmasters/index.html)"
213.98.255.162 - - [23/Oct/2019:09:06:19 +0200] "GET /index.php HTTP/1.0" 200 880 "http://iticsl.es/" "Mozilla/5.0 (compatible; heritrix/3.3.0 +http://www.bne.es/es/Colecciones/ArchivoWeb/AvisoWebmasters/index.html)"
82.158.153.208 - - [23/Oct/2019:11:48:46 +0200] "GET / HTTP/1.1" 200 2959 "-" "Mozilla/5.0 (Windows NT 6.1; Win64; x64) AppleWebKit/537.36 (KHTML, like Gecko) Chrome/77.0.3865.120 Safari/537.36"
82.158.153.208 - - [23/Oct/2019:11:49:30 +0200] "GET /skins/larry/images/ajaxloader.gif?v=c252.1434 HTTP/1.1" 200 1774 "http://webmail.iticsl.es/skins/larry/styles.min.css?s=1560412643" "Mozilla/5.0 (Windows NT 6.1; Win64; x64) AppleWebKit/537.36 (KHTML, like Gecko) Chrome/77.0.3865.120 Safari/537.36"
82.158.153.208 - - [23/Oct/2019:11:49:30 +0200] "POST /?_task=login HTTP/1.1" 302 843 "http://webmail.iticsl.es/" "Mozilla/5.0 (Windows NT 6.1; Win64; x64) AppleWebKit/537.36 (KHTML, like Gecko) Chrome/77.0.3865.120 Safari/537.36"
82.158.153.208 - - [23/Oct/2019:11:49:30 +0200] "GET /?_task=mail&_token=OQ5Uaep3tRBl2deh5njIWr8RCpYFph20 HTTP/1.1" 200 10171 "http://webmail.iticsl.es/" "Mozilla/5.0 (Windows NT 6.1; Win64; x64) AppleWebKit/537.36 (KHTML, like Gecko) Chrome/77.0.3865.120 Safari/537.36"
82.158.153.208 - - [23/Oct/2019:11:49:30 +0200] "GET /skins/larry/mail.min.css?s=1560412643 HTTP/1.1" 200 5257 "http://webmail.iticsl.es/?_task=mail&_token=OQ5Uaep3tRBl2deh5njIWr8RCpYFph20" "Mozilla/5.0 (Windows NT 6.1; Win64; x64) AppleWebKit/537.36 (KHTML, like Gecko) Chrome/77.0.3865.120 Safari/537.36"
82.158.153.208 - - [23/Oct/2019:11:49:30 +0200] "GET /plugins/markasjunk2/skins/larry/markasjunk2.css?s=1560412643 HTTP/1.1" 200 694 "http://webmail.iticsl.es/?_task=mail&_token=OQ5Uaep3tRBl2deh5njIWr8RCpYFph20" "Mozilla/5.0 (Windows NT 6.1; Win64; x64) AppleWebKit/537.36 (KHTML, like Gecko) Chrome/77.0.3865.120 Safari/537.36"
82.158.153.208 - - [23/Oct/2019:11:49:30 +0200] "GET /program/js/treelist.min.js?s=1560412643 HTTP/1.1" 200 5609 "http://webmail.iticsl.es/?_task=mail&_token=OQ5Uaep3tRBl2deh5njIWr8RCpYFph20" "Mozilla/5.0 (Windows NT 6.1; Win64; x64) AppleWebKit/537.36 (KHTML, like Gecko) Chrome/77.0.3865.120 Safari/537.36"
82.158.153.208 - - [23/Oct/2019:11:49:30 +0200] "GET /plugins/managesieve/managesieve.min.js?s=1560412643 HTTP/1.1" 200 6897 "http://webmail.iticsl.es/?_task=mail&_token=OQ5Uaep3tRBl2deh5njIWr8RCpYFph20" "Mozilla/5.0 (Windows NT 6.1; Win64; x64) AppleWebKit/537.36 (KHTML, like Gecko) Chrome/77.0.3865.120 Safari/537.36"
82.158.153.208 - - [23/Oct/2019:11:49:30 +0200] "GET /program/js/list.min.js?s=1560412643 HTTP/1.1" 200 7933 "http://webmail.iticsl.es/?_task=mail&_token=OQ5Uaep3tRBl2deh5njIWr8RCpYFph20" "Mozilla/5.0 (Windows NT 6.1; Win64; x64) AppleWebKit/537.36 (KHTML, like Gecko) Chrome/77.0.3865.120 Safari/537.36"
82.158.153.208 - - [23/Oct/2019:11:49:30 +0200] "GET /plugins/managesieve/skins/larry/managesieve_mail.min.css?s=1560412643 HTTP/1.1" 200 758 "http://webmail.iticsl.es/?_task=mail&_token=OQ5Uaep3tRBl2deh5njIWr8RCpYFph20" "Mozilla/5.0 (Windows NT 6.1; Win64; x64) AppleWebKit/537.36 (KHTML, like Gecko) Chrome/77.0.3865.120 Safari/537.36"
82.158.153.208 - - [23/Oct/2019:11:49:30 +0200] "GET /plugins/markasjunk2/markasjunk2.js?s=1560412643 HTTP/1.1" 200 2175 "http://webmail.iticsl.es/?_task=mail&_token=OQ5Uaep3tRBl2deh5njIWr8RCpYFph20" "Mozilla/5.0 (Windows NT 6.1; Win64; x64) AppleWebKit/537.36 (KHTML, like Gecko) Chrome/77.0.3865.120 Safari/537.36"
82.158.153.208 - - [23/Oct/2019:11:49:30 +0200] "GET /skins/larry/watermark.html HTTP/1.1" 200 642 "http://webmail.iticsl.es/?_task=mail&_token=OQ5Uaep3tRBl2deh5njIWr8RCpYFph20" "Mozilla/5.0 (Windows NT 6.1; Win64; x64) AppleWebKit/537.36 (KHTML, like Gecko) Chrome/77.0.3865.120 Safari/537.36"
82.158.153.208 - - [23/Oct/2019:11:49:30 +0200] "GET /skins/larry/images/buttons.png?v=d70c.9130 HTTP/1.1" 200 9387 "http://webmail.iticsl.es/skins/larry/styles.min.css?s=1560412643" "Mozilla/5.0 (Windows NT 6.1; Win64; x64) AppleWebKit/537.36 (KHTML, like Gecko) Chrome/77.0.3865.120 Safari/537.36"
82.158.153.208 - - [23/Oct/2019:11:49:30 +0200] "GET /skins/larry/images/quota.png?v=aaa4.1389 HTTP/1.1" 200 1810 "http://webmail.iticsl.es/skins/larry/styles.min.css?s=1560412643" "Mozilla/5.0 (Windows NT 6.1; Win64; x64) AppleWebKit/537.36 (KHTML, like Gecko) Chrome/77.0.3865.120 Safari/537.36"
82.158.153.208 - - [23/Oct/2019:11:49:30 +0200] "GET /skins/larry/images/listicons.png?v=c458.10409 HTTP/1.1" 200 10808 "http://webmail.iticsl.es/skins/larry/styles.min.css?s=1560412643" "Mozilla/5.0 (Windows NT 6.1; Win64; x64) AppleWebKit/537.36 (KHTML, like Gecko) Chrome/77.0.3865.120 Safari/537.36"
82.158.153.208 - - [23/Oct/2019:11:49:31 +0200] "GET /skins/larry/images/selector.png?v=0d5b.118 HTTP/1.1" 200 580 "http://webmail.iticsl.es/skins/larry/styles.min.css?s=1560412643" "Mozilla/5.0 (Windows NT 6.1; Win64; x64) AppleWebKit/537.36 (KHTML, like Gecko) Chrome/77.0.3865.120 Safari/537.36"
82.158.153.208 - - [23/Oct/2019:11:49:31 +0200] "GET /plugins/markasjunk2/skins/larry/images/mail_toolbar.png HTTP/1.1" 200 1469 "http://webmail.iticsl.es/plugins/markasjunk2/skins/larry/markasjunk2.css?s=1560412643" "Mozilla/5.0 (Windows NT 6.1; Win64; x64) AppleWebKit/537.36 (KHTML, like Gecko) Chrome/77.0.3865.120 Safari/537.36"
82.158.153.208 - - [23/Oct/2019:11:49:31 +0200] "GET /skins/larry/images/splitter.png?v=6d32.134 HTTP/1.1" 200 593 "http://webmail.iticsl.es/skins/larry/styles.min.css?s=1560412643" "Mozilla/5.0 (Windows NT 6.1; Win64; x64) AppleWebKit/537.36 (KHTML, like Gecko) Chrome/77.0.3865.120 Safari/537.36"
82.158.153.208 - - [23/Oct/2019:11:49:31 +0200] "GET /skins/larry/images/ajaxloader_dark.gif?v=cf1b.1849 HTTP/1.1" 200 2018 "http://webmail.iticsl.es/skins/larry/styles.min.css?s=1560412643" "Mozilla/5.0 (Windows NT 6.1; Win64; x64) AppleWebKit/537.36 (KHTML, like Gecko) Chrome/77.0.3865.120 Safari/537.36"
82.158.153.208 - - [23/Oct/2019:11:49:31 +0200] "GET /program/resources/blank.tiff HTTP/1.1" 200 615 "http://webmail.iticsl.es/?_task=mail&_mbox=INBOX" "Mozilla/5.0 (Windows NT 6.1; Win64; x64) AppleWebKit/537.36 (KHTML, like Gecko) Chrome/77.0.3865.120 Safari/537.36"
82.158.153.208 - - [23/Oct/2019:11:49:31 +0200] "GET /program/resources/blank.webp HTTP/1.1" 200 545 "http://webmail.iticsl.es/?_task=mail&_mbox=INBOX" "Mozilla/5.0 (Windows NT 6.1; Win64; x64) AppleWebKit/537.36 (KHTML, like Gecko) Chrome/77.0.3865.120 Safari/537.36"
82.158.153.208 - - [23/Oct/2019:11:49:31 +0200] "GET /skins/larry/images/watermark.jpg?v=e784.5000 HTTP/1.1" 200 4923 "http://webmail.iticsl.es/skins/larry/watermark.html" "Mozilla/5.0 (Windows NT 6.1; Win64; x64) AppleWebKit/537.36 (KHTML, like Gecko) Chrome/77.0.3865.120 Safari/537.36"
82.158.153.208 - - [23/Oct/2019:11:49:31 +0200] "GET /?_task=mail&_action=list&_refresh=1&_mbox=INBOX&_remote=1&_unlock=loading1571824173772&_=1571824173346 HTTP/1.1" 200 1546 "http://webmail.iticsl.es/?_task=mail&_token=OQ5Uaep3tRBl2deh5njIWr8RCpYFph20" "Mozilla/5.0 (Windows NT 6.1; Win64; x64) AppleWebKit/537.36 (KHTML, like Gecko) Chrome/77.0.3865.120 Safari/537.36"
82.158.153.208 - - [23/Oct/2019:11:49:31 +0200] "GET /?_task=mail&_action=getunread&_page=1&_remote=1&_unlock=0&_=1571824173347 HTTP/1.1" 200 697 "http://webmail.iticsl.es/?_task=mail&_mbox=INBOX" "Mozilla/5.0 (Windows NT 6.1; Win64; x64) AppleWebKit/537.36 (KHTML, like Gecko) Chrome/77.0.3865.120 Safari/537.36"
82.158.153.208 - - [23/Oct/2019:11:49:38 +0200] "POST /?_task=mail&_action=check-recent HTTP/1.1" 200 758 "http://webmail.iticsl.es/?_task=mail&_mbox=INBOX" "Mozilla/5.0 (Windows NT 6.1; Win64; x64) AppleWebKit/537.36 (KHTML, like Gecko) Chrome/77.0.3865.120 Safari/537.36"
35.157.32.153 - - [23/Oct/2019:12:01:47 +0200] "GET / HTTP/1.1" 200 606 "-" "Mozilla/5.0 (Windows NT 10.0; Win64; x64) AppleWebKit/537.36 (KHTML, like Gecko) Chrome/77.0.3865.120 Safari/537.36"
212.128.104.215 - - [23/Oct/2019:12:01:47 +0200] "GET / HTTP/1.1" 200 606 "https://www.google.com/" "Mozilla/5.0 (Windows NT 10.0; Win64; x64) AppleWebKit/537.36 (KHTML, like Gecko) Chrome/77.0.3865.120 Safari/537.36"
35.157.32.153 - - [23/Oct/2019:12:01:50 +0200] "GET /favicon.ico HTTP/1.1" 200 5740 "-" "Mozilla/5.0 (Windows NT 10.0; Win64; x64) AppleWebKit/537.36 (KHTML, like Gecko) Chrome/77.0.3865.120 Safari/537.36"
212.128.104.215 - - [23/Oct/2019:12:01:50 +0200] "GET /favicon.ico HTTP/1.1" 200 5739 "http://www.iticsl.es/" "Mozilla/5.0 (Windows NT 10.0; Win64; x64) AppleWebKit/537.36 (KHTML, like Gecko) Chrome/77.0.3865.120 Safari/537.36"
35.157.32.153 - - [23/Oct/2019:12:01:52 +0200] "GET /index.php HTTP/1.1" 200 957 "-" "Mozilla/5.0 (Windows NT 10.0; Win64; x64) AppleWebKit/537.36 (KHTML, like Gecko) Chrome/77.0.3865.120 Safari/537.36"
212.128.104.215 - - [23/Oct/2019:12:01:52 +0200] "GET /index.php HTTP/1.1" 200 956 "http://www.iticsl.es/" "Mozilla/5.0 (Windows NT 10.0; Win64; x64) AppleWebKit/537.36 (KHTML, like Gecko) Chrome/77.0.3865.120 Safari/537.36"
82.158.153.208 - - [23/Oct/2019:13:07:00 +0200] "GET / HTTP/1.1" 200 2961 "-" "Mozilla/5.0 (Windows NT 6.1; Win64; x64) AppleWebKit/537.36 (KHTML, like Gecko) Chrome/77.0.3865.120 Safari/537.36"
82.158.153.208 - - [23/Oct/2019:13:07:25 +0200] "POST /?_task=login HTTP/1.1" 302 843 "http://webmail.iticsl.es/" "Mozilla/5.0 (Windows NT 6.1; Win64; x64) AppleWebKit/537.36 (KHTML, like Gecko) Chrome/77.0.3865.120 Safari/537.36"
82.158.153.208 - - [23/Oct/2019:13:07:26 +0200] "GET /?_task=mail&_token=qFp4rBV3KLiIYM63QSCvVkUckg5bnRds HTTP/1.1" 200 10174 "http://webmail.iticsl.es/" "Mozilla/5.0 (Windows NT 6.1; Win64; x64) AppleWebKit/537.36 (KHTML, like Gecko) Chrome/77.0.3865.120 Safari/537.36"
82.158.153.208 - - [23/Oct/2019:13:07:27 +0200] "GET /?_task=mail&_action=list&_refresh=1&_mbox=INBOX&_remote=1&_unlock=loading1571828850099&_=1571828849717 HTTP/1.1" 200 1547 "http://webmail.iticsl.es/?_task=mail&_token=qFp4rBV3KLiIYM63QSCvVkUckg5bnRds" "Mozilla/5.0 (Windows NT 6.1; Win64; x64) AppleWebKit/537.36 (KHTML, like Gecko) Chrome/77.0.3865.120 Safari/537.36"
82.158.153.208 - - [23/Oct/2019:13:07:27 +0200] "GET /?_task=mail&_action=getunread&_page=1&_remote=1&_unlock=0&_=1571828849718 HTTP/1.1" 200 698 "http://webmail.iticsl.es/?_task=mail&_mbox=INBOX" "Mozilla/5.0 (Windows NT 6.1; Win64; x64) AppleWebKit/537.36 (KHTML, like Gecko) Chrome/77.0.3865.120 Safari/537.36"
82.158.153.208 - - [23/Oct/2019:13:07:32 +0200] "POST /?_task=mail&_action=check-recent HTTP/1.1" 200 758 "http://webmail.iticsl.es/?_task=mail&_mbox=INBOX" "Mozilla/5.0 (Windows NT 6.1; Win64; x64) AppleWebKit/537.36 (KHTML, like Gecko) Chrome/77.0.3865.120 Safari/537.36"
66.249.66.55 - - [23/Oct/2019:13:47:36 +0200] "GET / HTTP/1.1" 200 606 "-" "Mozilla/5.0 (Linux; Android 6.0.1; Nexus 5X Build/MMB29P) AppleWebKit/537.36 (KHTML, like Gecko) Chrome/41.0.2272.96 Mobile Safari/537.36 (compatible; Googlebot/2.1; +http://www.google.com/bot.html)"
66.249.66.51 - - [23/Oct/2019:13:47:37 +0200] "GET /index.php HTTP/1.1" 200 957 "-" "Mozilla/5.0 (Linux; Android 6.0.1; Nexus 5X Build/MMB29P) AppleWebKit/537.36 (KHTML, like Gecko) Chrome/41.0.2272.96 Mobile Safari/537.36 (compatible; Googlebot/2.1; +http://www.google.com/bot.html)"
83.54.169.9 - - [23/Oct/2019:15:15:34 +0200] "GET / HTTP/1.1" 200 606 "https://www.google.es/" "Mozilla/5.0 (Windows NT 10.0; Win64; x64) AppleWebKit/537.36 (KHTML, like Gecko) Chrome/77.0.3865.120 Safari/537.36"
83.54.169.9 - - [23/Oct/2019:15:15:37 +0200] "GET /favicon.ico HTTP/1.1" 200 5739 "http://www.iticsl.es/" "Mozilla/5.0 (Windows NT 10.0; Win64; x64) AppleWebKit/537.36 (KHTML, like Gecko) Chrome/77.0.3865.120 Safari/537.36"
83.54.169.9 - - [23/Oct/2019:15:15:39 +0200] "GET /index.php HTTP/1.1" 200 956 "http://www.iticsl.es/" "Mozilla/5.0 (Windows NT 10.0; Win64; x64) AppleWebKit/537.36 (KHTML, like Gecko) Chrome/77.0.3865.120 Safari/537.36"
79.157.80.12 - - [23/Oct/2019:15:18:12 +0200] "GET / HTTP/1.1" 200 606 "https://www.google.es/" "Mozilla/5.0 (Macintosh; Intel Mac OS X 10_14_6) AppleWebKit/537.36 (KHTML, like Gecko) Chrome/77.0.3865.120 Safari/537.36"
79.157.80.12 - - [23/Oct/2019:15:18:28 +0200] "GET /favicon.ico HTTP/1.1" 200 5740 "http://www.iticsl.es/" "Mozilla/5.0 (Macintosh; Intel Mac OS X 10_14_6) AppleWebKit/537.36 (KHTML, like Gecko) Chrome/77.0.3865.120 Safari/537.36"
79.157.80.12 - - [23/Oct/2019:15:18:30 +0200] "GET /index.php HTTP/1.1" 200 956 "http://www.iticsl.es/" "Mozilla/5.0 (Macintosh; Intel Mac OS X 10_14_6) AppleWebKit/537.36 (KHTML, like Gecko) Chrome/77.0.3865.120 Safari/537.36"
213.250.181.100 - - [23/Oct/2019:15:22:09 +0200] "GET / HTTP/1.1" 200 606 "https://www.google.es/" "Mozilla/5.0 (Windows NT 10.0; Win64; x64) AppleWebKit/537.36 (KHTML, like Gecko) Chrome/77.0.3865.120 Safari/537.36"
66.249.93.19 - - [23/Oct/2019:15:43:01 +0200] "GET / HTTP/1.1" 200 606 "http://www.google.com/" "Mozilla/5.0 (Linux; Android 7.0; Moto G (5)) AppleWebKit/537.36 (KHTML, like Gecko) Chrome/77.0.3865.116 Mobile Safari/537.36"
66.249.93.19 - - [23/Oct/2019:15:43:01 +0200] "GET /favicon.ico HTTP/1.1" 200 5739 "http://www.iticsl.es/" "Mozilla/5.0 (Linux; Android 7.0; Moto G (5)) AppleWebKit/537.36 (KHTML, like Gecko) Chrome/77.0.3865.116 Mobile Safari/537.36"
66.249.93.19 - - [23/Oct/2019:15:43:03 +0200] "GET /index.php HTTP/1.1" 200 956 "http://www.iticsl.es/" "Mozilla/5.0 (Linux; Android 7.0; Moto G (5)) AppleWebKit/537.36 (KHTML, like Gecko) Chrome/77.0.3865.116 Mobile Safari/537.36"
66.249.93.17 - - [23/Oct/2019:15:43:41 +0200] "GET /index.php HTTP/1.1" 200 957 "http://www.iticsl.es/" "Mozilla/5.0 (Linux; Android 7.0; Moto G (5)) AppleWebKit/537.36 (KHTML, like Gecko) Chrome/77.0.3865.116 Mobile Safari/537.36"
85.48.184.18 - - [23/Oct/2019:15:43:58 +0200] "GET /index.php HTTP/1.1" 200 957 "-" "WhatsApp/2.19.291 A"
83.35.162.75 - - [23/Oct/2019:19:10:24 +0200] "GET /index.php HTTP/1.1" 200 957 "-" "Mozilla/5.0 (iPhone; CPU iPhone OS 13_1_2 like Mac OS X) AppleWebKit/605.1.15 (KHTML, like Gecko) Version/13.0.1 Mobile/15E148 Safari/604.1"
83.35.162.75 - - [23/Oct/2019:19:10:27 +0200] "GET /favicon.ico HTTP/1.1" 200 5740 "http://www.iticsl.es/index.php" "Mozilla/5.0 (iPhone; CPU iPhone OS 13_1_2 like Mac OS X) AppleWebKit/605.1.15 (KHTML, like Gecko) Version/13.0.1 Mobile/15E148 Safari/604.1"
64.246.165.140 - - [23/Oct/2019:23:07:34 +0200] "GET /robots.txt HTTP/1.0" 404 372 "-" "Mozilla/5.0 (Macintosh; Intel Mac OS X 10.10; rv:59.0) Gecko/20100101 Firefox/59.0"
64.246.165.140 - - [23/Oct/2019:23:07:34 +0200] "GET / HTTP/1.1" 200 569 "-" "Mozilla/5.0 (Macintosh; Intel Mac OS X 10.10; rv:59.0) Gecko/20100101 Firefox/59.0"
64.246.165.140 - - [23/Oct/2019:23:07:35 +0200] "GET /index.php HTTP/1.1" 200 920 "-" "Mozilla/5.0 (Macintosh; Intel Mac OS X 10.10; rv:59.0) Gecko/20100101 Firefox/59.0"
54.189.90.201 - - [24/Oct/2019:05:36:10 +0200] "GET / HTTP/1.1" 200 550 "-" "Go-http-client/1.1"
66.249.66.55 - - [24/Oct/2019:08:22:45 +0200] "GET /robots.txt HTTP/1.1" 404 409 "-" "Mozilla/5.0 (compatible; Googlebot/2.1; +http://www.google.com/bot.html)"
66.249.66.55 - - [24/Oct/2019:08:22:45 +0200] "GET / HTTP/1.1" 200 605 "-" "Mozilla/5.0 (Linux; Android 6.0.1; Nexus 5X Build/MMB29P) AppleWebKit/537.36 (KHTML, like Gecko) Chrome/41.0.2272.96 Mobile Safari/537.36 (compatible; Googlebot/2.1; +http://www.google.com/bot.html)"
66.249.66.51 - - [24/Oct/2019:08:22:46 +0200] "GET /index.php HTTP/1.1" 200 957 "-" "Mozilla/5.0 (Linux; Android 6.0.1; Nexus 5X Build/MMB29P) AppleWebKit/537.36 (KHTML, like Gecko) Chrome/41.0.2272.96 Mobile Safari/537.36 (compatible; Googlebot/2.1; +http://www.google.com/bot.html)"
188.87.215.79 - - [24/Oct/2019:09:00:03 +0200] "GET / HTTP/1.1" 200 606 "https://www.google.com/" "Mozilla/5.0 (Windows NT 6.1; WOW64) AppleWebKit/537.36 (KHTML, like Gecko) Chrome/77.0.3865.75 Safari/537.36"
188.87.215.79 - - [24/Oct/2019:09:00:05 +0200] "GET /favicon.ico HTTP/1.1" 200 5739 "http://www.iticsl.es/" "Mozilla/5.0 (Windows NT 6.1; WOW64) AppleWebKit/537.36 (KHTML, like Gecko) Chrome/77.0.3865.75 Safari/537.36"
188.87.215.79 - - [24/Oct/2019:09:00:07 +0200] "GET /index.php HTTP/1.1" 200 956 "http://www.iticsl.es/" "Mozilla/5.0 (Windows NT 6.1; WOW64) AppleWebKit/537.36 (KHTML, like Gecko) Chrome/77.0.3865.75 Safari/537.36"
188.87.215.79 - - [24/Oct/2019:09:06:14 +0200] "GET /index.php HTTP/1.1" 200 957 "http://www.iticsl.es/" "Mozilla/5.0 (Windows NT 6.1; WOW64) AppleWebKit/537.36 (KHTML, like Gecko) Chrome/77.0.3865.75 Safari/537.36"
80.26.196.34 - - [24/Oct/2019:09:17:52 +0200] "GET /index.php HTTP/1.1" 200 957 "-" "Mozilla/5.0 (iPhone; CPU iPhone OS 12_4 like Mac OS X) AppleWebKit/605.1.15 (KHTML, like Gecko) Version/12.1.2 Mobile/15E148 Safari/604.1"
80.26.196.34 - - [24/Oct/2019:09:17:58 +0200] "GET /favicon.ico HTTP/1.1" 200 5740 "http://www.iticsl.es/index.php" "Mozilla/5.0 (iPhone; CPU iPhone OS 12_4 like Mac OS X) AppleWebKit/605.1.15 (KHTML, like Gecko) Version/12.1.2 Mobile/15E148 Safari/604.1"
212.170.73.153 - - [24/Oct/2019:09:20:16 +0200] "GET /index.php HTTP/1.1" 200 957 "-" "Mozilla/5.0 (Linux; Android 8.0.0; SM-A520F Build/R16NW) AppleWebKit/537.36 (KHTML, like Gecko) Chrome/69.0.3497.128 Mobile Safari/537.36 (Ecosia android@69.0.3497.128)"
212.170.73.153 - - [24/Oct/2019:09:20:20 +0200] "GET /favicon.ico HTTP/1.1" 200 5739 "http://www.iticsl.es/index.php" "Mozilla/5.0 (Linux; Android 8.0.0; SM-A520F Build/R16NW) AppleWebKit/537.36 (KHTML, like Gecko) Chrome/69.0.3497.128 Mobile Safari/537.36 (Ecosia android@69.0.3497.128)"
66.249.93.17 - - [24/Oct/2019:09:49:49 +0200] "GET /index.php HTTP/1.1" 200 957 "-" "Mozilla/5.0 (Linux; Android 7.0; HUAWEI VNS-L31) AppleWebKit/537.36 (KHTML, like Gecko) Chrome/77.0.3865.116 Mobile Safari/537.36"
66.249.93.18 - - [24/Oct/2019:09:49:49 +0200] "GET /favicon.ico HTTP/1.1" 200 5740 "http://www.iticsl.es/index.php" "Mozilla/5.0 (Linux; Android 7.0; HUAWEI VNS-L31) AppleWebKit/537.36 (KHTML, like Gecko) Chrome/77.0.3865.116 Mobile Safari/537.36"
52.71.64.37 - - [24/Oct/2019:10:12:11 +0200] "GET / HTTP/1.1" 200 606 "-" "Mozilla/5.0 (Macintosh; Intel Mac OS X 10_8_3) AppleWebKit/537.31 (KHTML, like Gecko) Chrome/26.0.1410.65 Safari/537.31"
194.224.27.204 - - [24/Oct/2019:10:50:37 +0200] "GET /index.php HTTP/1.1" 200 957 "-" "Mozilla/5.0 (iPhone; CPU iPhone OS 12_4_1 like Mac OS X) AppleWebKit/605.1.15 (KHTML, like Gecko) Version/12.1.2 Mobile/15E148 Safari/604.1"
194.224.27.204 - - [24/Oct/2019:10:51:03 +0200] "GET /favicon.ico HTTP/1.1" 200 5740 "http://www.iticsl.es/index.php" "Mozilla/5.0 (iPhone; CPU iPhone OS 12_4_1 like Mac OS X) AppleWebKit/605.1.15 (KHTML, like Gecko) Version/12.1.2 Mobile/15E148 Safari/604.1"
54.188.81.14 - - [24/Oct/2019:11:05:03 +0200] "GET / HTTP/1.1" 200 606 "-" "Mozilla/5.0 (Windows NT 6.1; WOW64; rv:46.0) Gecko/20100101 Firefox/46.0"
54.188.81.14 - - [24/Oct/2019:11:05:04 +0200] "GET /index.php HTTP/1.1" 200 957 "-" "Mozilla/5.0 (Windows NT 6.1; WOW64; rv:46.0) Gecko/20100101 Firefox/46.0"
94.73.37.58 - - [24/Oct/2019:12:41:25 +0200] "GET / HTTP/1.1" 200 606 "https://www.google.com/" "Mozilla/5.0 (Windows NT 10.0; Win64; x64) AppleWebKit/537.36 (KHTML, like Gecko) Chrome/78.0.3904.70 Safari/537.36"
94.73.37.58 - - [24/Oct/2019:12:41:31 +0200] "GET /favicon.ico HTTP/1.1" 200 5740 "http://www.iticsl.es/" "Mozilla/5.0 (Windows NT 10.0; Win64; x64) AppleWebKit/537.36 (KHTML, like Gecko) Chrome/78.0.3904.70 Safari/537.36"
94.73.37.58 - - [24/Oct/2019:12:41:33 +0200] "GET /index.php HTTP/1.1" 200 956 "http://www.iticsl.es/" "Mozilla/5.0 (Windows NT 10.0; Win64; x64) AppleWebKit/537.36 (KHTML, like Gecko) Chrome/78.0.3904.70 Safari/537.36"
52.125.140.1 - - [24/Oct/2019:14:51:43 +0200] "GET /.well-known/autoconfig/mail/config-v1.1.xml HTTP/1.1" 404 405 "-" "-"
176.83.9.51 - - [24/Oct/2019:14:54:36 +0200] "GET / HTTP/1.1" 200 606 "http://www.google.com/" "Mozilla/5.0 (Linux; U; Android 8.1.0; es-es; Redmi 6A Build/O11019) AppleWebKit/537.36 (KHTML, like Gecko) Version/4.0 Chrome/71.0.3578.141 Mobile Safari/537.36 XiaoMi/MiuiBrowser/11.1.7-g"
176.83.9.51 - - [24/Oct/2019:14:54:36 +0200] "GET /favicon.ico HTTP/1.1" 200 5739 "http://www.iticsl.es/" "Mozilla/5.0 (Linux; U; Android 8.1.0; es-es; Redmi 6A Build/O11019) AppleWebKit/537.36 (KHTML, like Gecko) Version/4.0 Chrome/71.0.3578.141 Mobile Safari/537.36 XiaoMi/MiuiBrowser/11.1.7-g"
176.83.9.51 - - [24/Oct/2019:14:54:38 +0200] "GET /index.php HTTP/1.1" 200 956 "http://www.iticsl.es/" "Mozilla/5.0 (Linux; U; Android 8.1.0; es-es; Redmi 6A Build/O11019) AppleWebKit/537.36 (KHTML, like Gecko) Version/4.0 Chrome/71.0.3578.141 Mobile Safari/537.36 XiaoMi/MiuiBrowser/11.1.7-g"
52.53.177.126 - - [24/Oct/2019:18:09:46 +0200] "GET / HTTP/1.1" 200 569 "-" "Mozilla/5.0 (Macintosh; Intel Mac OS X 10_10_1) AppleWebKit/537.36 (KHTML, like Gecko) Chrome/40.0.2214.93 Safari/537.36"
66.249.66.55 - - [24/Oct/2019:19:36:37 +0200] "GET / HTTP/1.1" 200 606 "-" "Mozilla/5.0 (Linux; Android 6.0.1; Nexus 5X Build/MMB29P) AppleWebKit/537.36 (KHTML, like Gecko) Chrome/41.0.2272.96 Mobile Safari/537.36 (compatible; Googlebot/2.1; +http://www.google.com/bot.html)"
66.249.66.53 - - [24/Oct/2019:19:36:37 +0200] "GET /index.php HTTP/1.1" 200 957 "-" "Mozilla/5.0 (Linux; Android 6.0.1; Nexus 5X Build/MMB29P) AppleWebKit/537.36 (KHTML, like Gecko) Chrome/41.0.2272.96 Mobile Safari/537.36 (compatible; Googlebot/2.1; +http://www.google.com/bot.html)"
66.249.66.53 - - [24/Oct/2019:20:46:47 +0200] "GET /robots.txt HTTP/1.1" 404 409 "-" "Mozilla/5.0 (compatible; Googlebot/2.1; +http://www.google.com/bot.html)"
66.249.66.51 - - [24/Oct/2019:20:46:47 +0200] "GET / HTTP/1.1" 200 606 "-" "Mozilla/5.0 (compatible; Googlebot/2.1; +http://www.google.com/bot.html)"
66.249.66.55 - - [24/Oct/2019:20:46:48 +0200] "GET /index.php HTTP/1.1" 200 957 "-" "Mozilla/5.0 (compatible; Googlebot/2.1; +http://www.google.com/bot.html)"
66.249.66.55 - - [25/Oct/2019:07:38:42 +0200] "GET / HTTP/1.1" 200 606 "-" "Mozilla/5.0 (Linux; Android 6.0.1; Nexus 5X Build/MMB29P) AppleWebKit/537.36 (KHTML, like Gecko) Chrome/41.0.2272.96 Mobile Safari/537.36 (compatible; Googlebot/2.1; +http://www.google.com/bot.html)"
66.249.66.53 - - [25/Oct/2019:07:38:42 +0200] "GET /index.php HTTP/1.1" 200 957 "-" "Mozilla/5.0 (Linux; Android 6.0.1; Nexus 5X Build/MMB29P) AppleWebKit/537.36 (KHTML, like Gecko) Chrome/41.0.2272.96 Mobile Safari/537.36 (compatible; Googlebot/2.1; +http://www.google.com/bot.html)"
66.249.66.53 - - [25/Oct/2019:08:10:46 +0200] "GET / HTTP/1.1" 200 606 "-" "Mozilla/5.0 (compatible; Googlebot/2.1; +http://www.google.com/bot.html)"
66.249.66.51 - - [25/Oct/2019:08:10:46 +0200] "GET /index.php HTTP/1.1" 200 957 "-" "Mozilla/5.0 (compatible; Googlebot/2.1; +http://www.google.com/bot.html)"
188.127.168.25 - - [25/Oct/2019:09:54:17 +0200] "GET / HTTP/1.1" 200 606 "https://www.google.com/" "Mozilla/5.0 (Windows NT 5.1) AppleWebKit/537.36 (KHTML, like Gecko) Chrome/49.0.2623.112 Safari/537.36"
188.127.168.25 - - [25/Oct/2019:09:54:17 +0200] "GET /favicon.ico HTTP/1.1" 200 5739 "http://www.iticsl.es/" "Mozilla/5.0 (Windows NT 5.1) AppleWebKit/537.36 (KHTML, like Gecko) Chrome/49.0.2623.112 Safari/537.36"
188.127.168.25 - - [25/Oct/2019:09:54:19 +0200] "GET /index.php HTTP/1.1" 200 956 "http://www.iticsl.es/" "Mozilla/5.0 (Windows NT 5.1) AppleWebKit/537.36 (KHTML, like Gecko) Chrome/49.0.2623.112 Safari/537.36"
188.127.168.25 - - [25/Oct/2019:09:54:21 +0200] "GET /index.php HTTP/1.1" 200 956 "http://www.iticsl.es/" "Mozilla/5.0 (Windows NT 5.1) AppleWebKit/537.36 (KHTML, like Gecko) Chrome/49.0.2623.112 Safari/537.36"
46.251.253.228 - - [25/Oct/2019:10:57:42 +0200] "GET / HTTP/1.1" 200 606 "https://www.google.com/" "Mozilla/5.0 (Windows NT 10.0; Win64; x64) AppleWebKit/537.36 (KHTML, like Gecko) Chrome/77.0.3865.120 Safari/537.36"
46.251.253.228 - - [25/Oct/2019:11:11:01 +0200] "GET /favicon.ico HTTP/1.1" 200 5740 "http://www.iticsl.es/" "Mozilla/5.0 (Windows NT 10.0; Win64; x64) AppleWebKit/537.36 (KHTML, like Gecko) Chrome/77.0.3865.120 Safari/537.36"
46.251.253.228 - - [25/Oct/2019:11:11:03 +0200] "GET /index.php HTTP/1.1" 200 956 "http://www.iticsl.es/" "Mozilla/5.0 (Windows NT 10.0; Win64; x64) AppleWebKit/537.36 (KHTML, like Gecko) Chrome/77.0.3865.120 Safari/537.36"
79.155.39.196 - - [25/Oct/2019:11:19:42 +0200] "GET /index.php HTTP/1.1" 200 957 "http://www.iticsl.es/" "Mozilla/5.0 (Windows NT 10.0; Win64; x64) AppleWebKit/537.36 (KHTML, like Gecko) Chrome/78.0.3904.70 Safari/537.36"
83.57.7.30 - - [25/Oct/2019:12:05:00 +0200] "GET / HTTP/1.1" 200 606 "http://www.google.es/url?sa=t&rct=j&q=&esrc=s&source=web&cd=1&ved=2ahUKEwi1hdbBlLflAhVMXRoKHY7bCCcQFjAAegQIAxAB&url=http%3A%2F%2Fwww.iticsl.es%2F&usg=AOvVaw0P1Tr25Y4xmH7rC942So08" "Mozilla/5.0 (Windows NT 10.0; WOW64; Trident/7.0; rv:11.0) like Gecko"
83.57.7.30 - - [25/Oct/2019:12:05:02 +0200] "GET /index.php HTTP/1.1" 200 956 "-" "Mozilla/5.0 (Windows NT 10.0; WOW64; Trident/7.0; rv:11.0) like Gecko"
83.57.7.30 - - [25/Oct/2019:12:09:46 +0200] "GET /favicon.ico HTTP/1.1" 200 5740 "-" "Mozilla/5.0 (Windows NT 10.0; Win64; x64; Trident/7.0; rv:11.0) like Gecko"
83.57.7.30 - - [25/Oct/2019:12:09:48 +0200] "GET /index.php HTTP/1.1" 200 956 "-" "Mozilla/5.0 (Windows NT 10.0; WOW64; Trident/7.0; rv:11.0) like Gecko"
88.3.196.220 - - [25/Oct/2019:17:46:20 +0200] "GET / HTTP/1.1" 200 606 "https://www.google.com/" "Mozilla/5.0 (Windows NT 10.0; Win64; x64) AppleWebKit/537.36 (KHTML, like Gecko) Chrome/78.0.3904.70 Safari/537.36"
88.3.196.220 - - [25/Oct/2019:17:46:23 +0200] "GET /favicon.ico HTTP/1.1" 200 5739 "http://www.iticsl.es/" "Mozilla/5.0 (Windows NT 10.0; Win64; x64) AppleWebKit/537.36 (KHTML, like Gecko) Chrome/78.0.3904.70 Safari/537.36"
88.3.196.220 - - [25/Oct/2019:17:46:25 +0200] "GET /index.php HTTP/1.1" 200 956 "http://www.iticsl.es/" "Mozilla/5.0 (Windows NT 10.0; Win64; x64) AppleWebKit/537.36 (KHTML, like Gecko) Chrome/78.0.3904.70 Safari/537.36"
176.83.17.223 - - [25/Oct/2019:20:01:53 +0200] "GET /index.php HTTP/1.1" 200 957 "-" "Mozilla/5.0 (iPhone; CPU iPhone OS 12_4_1 like Mac OS X) AppleWebKit/605.1.15 (KHTML, like Gecko) Version/12.1.2 Mobile/15E148 Safari/604.1"
176.83.17.223 - - [25/Oct/2019:20:01:55 +0200] "GET /favicon.ico HTTP/1.1" 200 5740 "http://www.iticsl.es/index.php" "Mozilla/5.0 (iPhone; CPU iPhone OS 12_4_1 like Mac OS X) AppleWebKit/605.1.15 (KHTML, like Gecko) Version/12.1.2 Mobile/15E148 Safari/604.1"
34.219.132.128 - - [25/Oct/2019:22:50:20 +0200] "GET / HTTP/1.1" 200 569 "-" "Mozilla/5.0 (Macintosh; Intel Mac OS X 10_8_3) AppleWebKit/537.31 (KHTML, like Gecko) Chrome/26.0.1410.65 Safari/537.31"
66.249.93.18 - - [26/Oct/2019:05:50:19 +0200] "GET /index.php HTTP/1.1" 200 957 "-" "Mozilla/5.0 (Linux; Android 7.0; HUAWEI VNS-L31) AppleWebKit/537.36 (KHTML, like Gecko) Chrome/77.0.3865.116 Mobile Safari/537.36"
79.150.231.238 - - [26/Oct/2019:13:42:21 +0200] "GET / HTTP/1.1" 200 606 "-" "Mozilla/5.0 (Windows NT 10.0; Win64; x64; rv:70.0) Gecko/20100101 Firefox/70.0"
79.150.231.238 - - [26/Oct/2019:13:42:21 +0200] "GET /favicon.ico HTTP/1.1" 200 5739 "-" "Mozilla/5.0 (Windows NT 10.0; Win64; x64; rv:70.0) Gecko/20100101 Firefox/70.0"
79.150.231.238 - - [26/Oct/2019:13:42:23 +0200] "GET /index.php HTTP/1.1" 200 956 "-" "Mozilla/5.0 (Windows NT 10.0; Win64; x64; rv:70.0) Gecko/20100101 Firefox/70.0"
66.249.66.51 - - [26/Oct/2019:16:10:16 +0200] "GET /robots.txt HTTP/1.1" 404 409 "-" "Mozilla/5.0 (compatible; Googlebot/2.1; +http://www.google.com/bot.html)"
66.249.66.51 - - [26/Oct/2019:16:10:16 +0200] "GET /test/php/test.php HTTP/1.1" 200 2089 "-" "Mozilla/5.0 (Linux; Android 6.0.1; Nexus 5X Build/MMB29P) AppleWebKit/537.36 (KHTML, like Gecko) Chrome/41.0.2272.96 Mobile Safari/537.36 (compatible; Googlebot/2.1; +http://www.google.com/bot.html)"
184.94.240.92 - - [26/Oct/2019:21:49:42 +0200] "GET / HTTP/1.1" 200 569 "-" "Mozilla/5.0 (Macintosh; Intel Mac OS X 10_14_6) AppleWebKit/537.36 (KHTML, like Gecko) Chrome/76.0.3809.100 Safari/537.36"
66.249.66.55 - - [27/Oct/2019:03:48:09 +0100] "GET /robots.txt HTTP/1.1" 404 409 "-" "Mozilla/5.0 (compatible; Googlebot/2.1; +http://www.google.com/bot.html)"
66.249.66.55 - - [27/Oct/2019:03:48:09 +0100] "GET / HTTP/1.1" 200 605 "-" "Mozilla/5.0 (Linux; Android 6.0.1; Nexus 5X Build/MMB29P) AppleWebKit/537.36 (KHTML, like Gecko) Chrome/41.0.2272.96 Mobile Safari/537.36 (compatible; Googlebot/2.1; +http://www.google.com/bot.html)"
66.249.66.51 - - [27/Oct/2019:03:48:10 +0100] "GET /index.php HTTP/1.1" 200 957 "-" "Mozilla/5.0 (Linux; Android 6.0.1; Nexus 5X Build/MMB29P) AppleWebKit/537.36 (KHTML, like Gecko) Chrome/41.0.2272.96 Mobile Safari/537.36 (compatible; Googlebot/2.1; +http://www.google.com/bot.html)"
54.202.207.236 - - [27/Oct/2019:05:38:10 +0100] "GET / HTTP/1.1" 200 550 "-" "Go-http-client/1.1"
66.249.66.55 - - [27/Oct/2019:06:22:08 +0100] "GET / HTTP/1.1" 200 606 "-" "Mozilla/5.0 (compatible; Googlebot/2.1; +http://www.google.com/bot.html)"
66.249.66.55 - - [27/Oct/2019:06:22:09 +0100] "GET /index.php HTTP/1.1" 200 956 "-" "Mozilla/5.0 (compatible; Googlebot/2.1; +http://www.google.com/bot.html)"
3.120.141.50 - - [27/Oct/2019:10:37:43 +0100] "GET /.well-known/acme-challenge/JmVjGTrcWxjPOVGCM_1tfNoyDV-epQDa1NXGT-hiJUo HTTP/1.1" 200 316 "-" "Mozilla/5.0 (compatible; Let's Encrypt validation server; +https://www.letsencrypt.org)"
34.209.232.166 - - [27/Oct/2019:10:37:43 +0100] "GET /.well-known/acme-challenge/JmVjGTrcWxjPOVGCM_1tfNoyDV-epQDa1NXGT-hiJUo HTTP/1.1" 200 316 "-" "Mozilla/5.0 (compatible; Let's Encrypt validation server; +https://www.letsencrypt.org)"
3.14.255.131 - - [27/Oct/2019:10:37:43 +0100] "GET /.well-known/acme-challenge/JmVjGTrcWxjPOVGCM_1tfNoyDV-epQDa1NXGT-hiJUo HTTP/1.1" 200 316 "-" "Mozilla/5.0 (compatible; Let's Encrypt validation server; +https://www.letsencrypt.org)"
64.78.149.164 - - [27/Oct/2019:10:37:43 +0100] "GET /.well-known/acme-challenge/JmVjGTrcWxjPOVGCM_1tfNoyDV-epQDa1NXGT-hiJUo HTTP/1.1" 200 316 "-" "Mozilla/5.0 (compatible; Let's Encrypt validation server; +https://www.letsencrypt.org)"
79.150.231.238 - - [27/Oct/2019:11:12:11 +0100] "GET /index.php HTTP/1.1" 301 491 "-" "Mozilla/5.0 (Windows NT 10.0; Win64; x64; rv:70.0) Gecko/20100101 Firefox/70.0"
79.150.231.238 - - [27/Oct/2019:11:16:43 +0100] "GET / HTTP/1.1" 200 606 "-" "Mozilla/5.0 (Windows NT 10.0; Win64; x64) AppleWebKit/537.36 (KHTML, like Gecko) Chrome/78.0.3904.70 Safari/537.36 Edg/78.0.276.20"
79.150.231.238 - - [27/Oct/2019:11:16:43 +0100] "GET /favicon.ico HTTP/1.1" 200 5739 "http://www.iticsl.es/" "Mozilla/5.0 (Windows NT 10.0; Win64; x64) AppleWebKit/537.36 (KHTML, like Gecko) Chrome/78.0.3904.70 Safari/537.36 Edg/78.0.276.20"
79.150.231.238 - - [27/Oct/2019:11:16:45 +0100] "GET /index.php HTTP/1.1" 200 956 "http://www.iticsl.es/" "Mozilla/5.0 (Windows NT 10.0; Win64; x64) AppleWebKit/537.36 (KHTML, like Gecko) Chrome/78.0.3904.70 Safari/537.36 Edg/78.0.276.20"
79.150.231.238 - - [27/Oct/2019:11:18:00 +0100] "GET /index.php HTTP/1.1" 301 491 "http://www.iticsl.es/" "Mozilla/5.0 (Windows NT 10.0; Win64; x64) AppleWebKit/537.36 (KHTML, like Gecko) Chrome/78.0.3904.70 Safari/537.36 Edg/78.0.276.20"
66.249.66.55 - - [27/Oct/2019:12:59:40 +0100] "GET / HTTP/1.1" 200 606 "-" "Mozilla/5.0 (Linux; Android 6.0.1; Nexus 5X Build/MMB29P) AppleWebKit/537.36 (KHTML, like Gecko) Chrome/41.0.2272.96 Mobile Safari/537.36 (compatible; Googlebot/2.1; +http://www.google.com/bot.html)"
66.249.66.55 - - [27/Oct/2019:12:59:40 +0100] "GET /index.php HTTP/1.1" 200 956 "-" "Mozilla/5.0 (Linux; Android 6.0.1; Nexus 5X Build/MMB29P) AppleWebKit/537.36 (KHTML, like Gecko) Chrome/41.0.2272.96 Mobile Safari/537.36 (compatible; Googlebot/2.1; +http://www.google.com/bot.html)"
66.249.66.53 - - [27/Oct/2019:17:36:30 +0100] "GET /robots.txt HTTP/1.1" 404 409 "-" "Mozilla/5.0 (compatible; Googlebot/2.1; +http://www.google.com/bot.html)"
66.249.66.51 - - [27/Oct/2019:17:36:34 +0100] "GET / HTTP/1.1" 200 606 "-" "Mozilla/5.0 (compatible; Googlebot/2.1; +http://www.google.com/bot.html)"
66.249.66.53 - - [27/Oct/2019:17:36:36 +0100] "GET /index.php HTTP/1.1" 200 957 "-" "Mozilla/5.0 (compatible; Googlebot/2.1; +http://www.google.com/bot.html)"
66.249.66.55 - - [27/Oct/2019:22:23:15 +0100] "GET / HTTP/1.1" 200 606 "-" "Mozilla/5.0 (Linux; Android 6.0.1; Nexus 5X Build/MMB29P) AppleWebKit/537.36 (KHTML, like Gecko) Chrome/41.0.2272.96 Mobile Safari/537.36 (compatible; Googlebot/2.1; +http://www.google.com/bot.html)"
66.249.66.53 - - [27/Oct/2019:22:23:16 +0100] "GET /index.php HTTP/1.1" 200 957 "-" "Mozilla/5.0 (Linux; Android 6.0.1; Nexus 5X Build/MMB29P) AppleWebKit/537.36 (KHTML, like Gecko) Chrome/41.0.2272.96 Mobile Safari/537.36 (compatible; Googlebot/2.1; +http://www.google.com/bot.html)"
54.77.124.122 - - [28/Oct/2019:03:03:58 +0100] "GET /robots.txt HTTP/1.1" 404 372 "-" "PleskBot"
54.77.124.122 - - [28/Oct/2019:03:03:58 +0100] "GET / HTTP/1.1" 200 569 "-" "PleskBot"
34.221.29.109 - - [28/Oct/2019:05:50:02 +0100] "GET / HTTP/1.1" 200 550 "-" "Go-http-client/1.1"
195.235.165.49 - - [28/Oct/2019:07:40:06 +0100] "GET / HTTP/1.1" 200 606 "-" "Mozilla/5.0 (Windows NT 10.0; Win64; x64) AppleWebKit/537.36 (KHTML, like Gecko) Chrome/77.0.3865.120 Safari/537.36"
195.235.165.49 - - [28/Oct/2019:07:40:06 +0100] "GET /favicon.ico HTTP/1.1" 200 5739 "http://www.iticsl.es/" "Mozilla/5.0 (Windows NT 10.0; Win64; x64) AppleWebKit/537.36 (KHTML, like Gecko) Chrome/77.0.3865.120 Safari/537.36"
195.235.165.49 - - [28/Oct/2019:07:40:08 +0100] "GET /index.php HTTP/1.1" 200 956 "http://www.iticsl.es/" "Mozilla/5.0 (Windows NT 10.0; Win64; x64) AppleWebKit/537.36 (KHTML, like Gecko) Chrome/77.0.3865.120 Safari/537.36"
82.158.153.208 - - [28/Oct/2019:09:43:54 +0100] "GET / HTTP/1.1" 200 2975 "-" "Mozilla/5.0 (Windows NT 6.1; Win64; x64) AppleWebKit/537.36 (KHTML, like Gecko) Chrome/77.0.3865.120 Safari/537.36"
82.158.153.208 - - [28/Oct/2019:09:43:54 +0100] "GET /plugins/jqueryui/themes/larry/jquery-ui.css?s=1571393668 HTTP/1.1" 200 9917 "http://webmail.iticsl.es/" "Mozilla/5.0 (Windows NT 6.1; Win64; x64) AppleWebKit/537.36 (KHTML, like Gecko) Chrome/77.0.3865.120 Safari/537.36"
82.158.153.208 - - [28/Oct/2019:09:43:54 +0100] "GET /skins/larry/ui.min.js?s=1571393669 HTTP/1.1" 200 9128 "http://webmail.iticsl.es/" "Mozilla/5.0 (Windows NT 6.1; Win64; x64) AppleWebKit/537.36 (KHTML, like Gecko) Chrome/77.0.3865.120 Safari/537.36"
