81.202.249.189 - - [11/Feb/2020:10:08:55 +0100] "GET / HTTP/1.1" 200 606 "https://www.google.com/" "Mozilla/5.0 (Macintosh; Intel Mac OS X 10_13_6) AppleWebKit/537.36 (KHTML, like Gecko) Chrome/79.0.3945.130 Safari/537.36"
81.202.249.189 - - [11/Feb/2020:10:08:56 +0100] "GET /favicon.ico HTTP/1.1" 200 5739 "http://www.iticsl.es/" "Mozilla/5.0 (Macintosh; Intel Mac OS X 10_13_6) AppleWebKit/537.36 (KHTML, like Gecko) Chrome/79.0.3945.130 Safari/537.36"
81.202.249.189 - - [11/Feb/2020:10:08:58 +0100] "GET /index.php HTTP/1.1" 200 956 "http://www.iticsl.es/" "Mozilla/5.0 (Macintosh; Intel Mac OS X 10_13_6) AppleWebKit/537.36 (KHTML, like Gecko) Chrome/79.0.3945.130 Safari/537.36"
188.76.57.238 - - [11/Feb/2020:10:21:21 +0100] "GET /index.php HTTP/1.1" 200 957 "-" "Mozilla/5.0 (iPhone; CPU iPhone OS 12_4_4 like Mac OS X) AppleWebKit/605.1.15 (KHTML, like Gecko) Version/12.1.2 Mobile/15E148 Safari/604.1"
188.76.57.238 - - [11/Feb/2020:10:21:51 +0100] "GET /favicon.ico HTTP/1.1" 200 5740 "http://www.iticsl.es/index.php" "Mozilla/5.0 (iPhone; CPU iPhone OS 12_4_4 like Mac OS X) AppleWebKit/605.1.15 (KHTML, like Gecko) Version/12.1.2 Mobile/15E148 Safari/604.1"
157.55.39.114 - - [11/Feb/2020:10:39:32 +0100] "GET / HTTP/1.1" 200 606 "-" "Mozilla/5.0 (compatible; bingbot/2.0; +http://www.bing.com/bingbot.htm)"
188.76.57.238 - - [11/Feb/2020:11:00:59 +0100] "GET /index.php HTTP/1.1" 200 957 "-" "Mozilla/5.0 (Windows NT 6.1; Win64; x64) AppleWebKit/537.36 (KHTML, like Gecko) Chrome/80.0.3987.87 Safari/537.36"
188.76.57.238 - - [11/Feb/2020:11:01:15 +0100] "GET /favicon.ico HTTP/1.1" 200 5740 "http://www.iticsl.es/index.php" "Mozilla/5.0 (Windows NT 6.1; Win64; x64) AppleWebKit/537.36 (KHTML, like Gecko) Chrome/80.0.3987.87 Safari/537.36"
188.76.57.238 - - [11/Feb/2020:11:01:41 +0100] "GET / HTTP/1.1" 200 606 "https://www.google.com/" "Mozilla/5.0 (Windows NT 6.1; Win64; x64) AppleWebKit/537.36 (KHTML, like Gecko) Chrome/80.0.3987.87 Safari/537.36"
188.76.57.238 - - [11/Feb/2020:11:01:48 +0100] "GET /index.php HTTP/1.1" 200 957 "http://www.iticsl.es/" "Mozilla/5.0 (Windows NT 6.1; Win64; x64) AppleWebKit/537.36 (KHTML, like Gecko) Chrome/80.0.3987.87 Safari/537.36"
188.76.57.238 - - [11/Feb/2020:11:20:34 +0100] "GET /index.php HTTP/1.1" 200 957 "http://www.iticsl.es/" "Mozilla/5.0 (Windows NT 6.1; Win64; x64) AppleWebKit/537.36 (KHTML, like Gecko) Chrome/80.0.3987.87 Safari/537.36"
188.76.57.238 - - [11/Feb/2020:11:21:56 +0100] "GET / HTTP/1.1" 200 606 "https://www.google.com/" "Mozilla/5.0 (Windows NT 10.0; Win64; x64) AppleWebKit/537.36 (KHTML, like Gecko) Chrome/80.0.3987.87 Safari/537.36"
37.10.157.164 - - [11/Feb/2020:12:20:21 +0100] "GET /index.php HTTP/1.1" 200 957 "-" "Mozilla/5.0 (iPhone; CPU iPhone OS 12_4_4 like Mac OS X) AppleWebKit/605.1.15 (KHTML, like Gecko) Version/12.1.2 Mobile/15E148 Safari/604.1"
114.119.141.27 - - [11/Feb/2020:16:57:39 +0100] "GET /robots.txt HTTP/1.1" 404 409 "-" "Mozilla/5.0(Linux;Android 5.1.1;OPPO A33 Build/LMY47V;wv) AppleWebKit/537.36(KHTML,link Gecko) Version/4.0 Chrome/42.0.2311.138 Mobile Safari/537.36 Mb2345Browser/9.0"
66.249.64.18 - - [11/Feb/2020:23:56:20 +0100] "GET /robots.txt HTTP/1.1" 404 409 "-" "Mozilla/5.0 (compatible; Googlebot/2.1; +http://www.google.com/bot.html)"
66.249.64.17 - - [11/Feb/2020:23:56:20 +0100] "GET / HTTP/1.1" 200 606 "-" "Mozilla/5.0 (compatible; Googlebot/2.1; +http://www.google.com/bot.html)"
66.249.64.19 - - [11/Feb/2020:23:56:21 +0100] "GET /index.php HTTP/1.1" 200 957 "-" "Mozilla/5.0 (compatible; Googlebot/2.1; +http://www.google.com/bot.html)"
165.22.24.71 - - [12/Feb/2020:03:08:16 +0100] "GET //wp-admin/install.php HTTP/1.1" 404 382 "-" "Python-urllib/2.7"
157.55.39.69 - - [12/Feb/2020:03:51:14 +0100] "GET / HTTP/1.1" 304 165 "-" "Mozilla/5.0 (compatible; bingbot/2.0; +http://www.bing.com/bingbot.htm)"
80.59.199.198 - - [12/Feb/2020:12:55:40 +0100] "GET / HTTP/1.1" 200 606 "https://www.google.com/" "Mozilla/5.0 (Windows NT 10.0; Win64; x64) AppleWebKit/537.36 (KHTML, like Gecko) Chrome/79.0.3945.130 Safari/537.36"
80.59.199.198 - - [12/Feb/2020:12:55:41 +0100] "GET /favicon.ico HTTP/1.1" 200 5739 "http://www.iticsl.es/" "Mozilla/5.0 (Windows NT 10.0; Win64; x64) AppleWebKit/537.36 (KHTML, like Gecko) Chrome/79.0.3945.130 Safari/537.36"
80.59.199.198 - - [12/Feb/2020:12:55:43 +0100] "GET /index.php HTTP/1.1" 200 956 "http://www.iticsl.es/" "Mozilla/5.0 (Windows NT 10.0; Win64; x64) AppleWebKit/537.36 (KHTML, like Gecko) Chrome/79.0.3945.130 Safari/537.36"
157.55.39.69 - - [12/Feb/2020:13:25:03 +0100] "GET / HTTP/1.1" 200 606 "-" "Mozilla/5.0 (compatible; bingbot/2.0; +http://www.bing.com/bingbot.htm)"
157.55.39.69 - - [12/Feb/2020:13:42:44 +0100] "GET / HTTP/1.1" 200 606 "-" "Mozilla/5.0 (compatible; bingbot/2.0; +http://www.bing.com/bingbot.htm)"
78.96.115.79 - - [12/Feb/2020:19:19:36 +0100] "GET / HTTP/1.1" 200 606 "-" "-"
78.96.115.79 - - [12/Feb/2020:19:19:36 +0100] "GET / HTTP/1.1" 200 550 "-" "Mozilla/4.0 (compatible; MSIE 6.0; Windows NT 5.2; .NET CLR 1.0.3705;)"
66.249.64.18 - - [12/Feb/2020:22:55:47 +0100] "GET /robots.txt HTTP/1.1" 404 409 "-" "Mozilla/5.0 (compatible; Googlebot/2.1; +http://www.google.com/bot.html)"
66.249.64.19 - - [12/Feb/2020:22:55:47 +0100] "GET / HTTP/1.1" 200 606 "-" "Mozilla/5.0 (compatible; Googlebot/2.1; +http://www.google.com/bot.html)"
66.249.64.19 - - [12/Feb/2020:22:55:48 +0100] "GET /index.php HTTP/1.1" 200 956 "-" "Mozilla/5.0 (compatible; Googlebot/2.1; +http://www.google.com/bot.html)"
157.55.39.20 - - [13/Feb/2020:00:05:23 +0100] "GET /robots.txt HTTP/1.1" 404 409 "-" "Mozilla/5.0 (compatible; bingbot/2.0; +http://www.bing.com/bingbot.htm)"
157.55.39.69 - - [13/Feb/2020:00:08:23 +0100] "GET / HTTP/1.1" 200 606 "-" "Mozilla/5.0 (compatible; bingbot/2.0; +http://www.bing.com/bingbot.htm)"
157.55.39.69 - - [13/Feb/2020:00:22:11 +0100] "GET / HTTP/1.1" 200 606 "-" "Mozilla/5.0 (compatible; bingbot/2.0; +http://www.bing.com/bingbot.htm)"
66.249.64.18 - - [13/Feb/2020:01:02:02 +0100] "GET / HTTP/1.1" 200 606 "-" "Mozilla/5.0 (Linux; Android 6.0.1; Nexus 5X Build/MMB29P) AppleWebKit/537.36 (KHTML, like Gecko) Chrome/41.0.2272.96 Mobile Safari/537.36 (compatible; Googlebot/2.1; +http://www.google.com/bot.html)"
66.249.64.17 - - [13/Feb/2020:01:02:03 +0100] "GET /index.php HTTP/1.1" 200 957 "-" "Mozilla/5.0 (Linux; Android 6.0.1; Nexus 5X Build/MMB29P) AppleWebKit/537.36 (KHTML, like Gecko) Chrome/41.0.2272.96 Mobile Safari/537.36 (compatible; Googlebot/2.1; +http://www.google.com/bot.html)"
64.202.188.156 - - [13/Feb/2020:13:51:26 +0100] "GET /wp-login.php HTTP/1.1" 404 243 "-" "Mozilla/5.0 (X11; Ubuntu; Linux x86_64; rv:62.0) Gecko/20100101 Firefox/62.0"
64.202.188.156 - - [13/Feb/2020:13:51:26 +0100] "GET /wp-login.php HTTP/1.1" 404 243 "-" "Mozilla/5.0 (X11; Ubuntu; Linux x86_64; rv:62.0) Gecko/20100101 Firefox/62.0"
104.222.43.110 - - [13/Feb/2020:15:25:04 +0100] "GET / HTTP/1.1" 200 606 "-" "Mozilla/5.0 (Windows NT 10.0; Win64; x64; rv:64.0) Gecko/20100101 Firefox/64.0"
95.125.49.212 - - [13/Feb/2020:15:28:02 +0100] "GET / HTTP/1.1" 200 606 "-" "Mozilla/5.0 (Windows NT 10.0; Win64; x64) AppleWebKit/537.36 (KHTML, like Gecko) Chrome/70.0.3538.102 Safari/537.36 Edge/18.18362"
95.125.49.212 - - [13/Feb/2020:15:28:03 +0100] "GET /favicon.ico HTTP/1.1" 200 5740 "-" "Mozilla/5.0 (Windows NT 10.0; Win64; x64) AppleWebKit/537.36 (KHTML, like Gecko) Chrome/70.0.3538.102 Safari/537.36 Edge/18.18362"
95.125.49.212 - - [13/Feb/2020:15:28:05 +0100] "GET /index.php HTTP/1.1" 200 956 "-" "Mozilla/5.0 (Windows NT 10.0; Win64; x64) AppleWebKit/537.36 (KHTML, like Gecko) Chrome/70.0.3538.102 Safari/537.36 Edge/18.18362"
95.125.49.212 - - [13/Feb/2020:15:28:05 +0100] "GET /favicon.ico HTTP/1.1" 200 5739 "-" "Mozilla/5.0 (Windows NT 10.0; Win64; x64) AppleWebKit/537.36 (KHTML, like Gecko) Chrome/70.0.3538.102 Safari/537.36 Edge/18.18362"
66.249.64.18 - - [13/Feb/2020:17:56:24 +0100] "GET /robots.txt HTTP/1.1" 404 409 "-" "Mozilla/5.0 (compatible; Googlebot/2.1; +http://www.google.com/bot.html)"
66.249.64.19 - - [13/Feb/2020:17:56:24 +0100] "GET / HTTP/1.1" 200 606 "-" "Mozilla/5.0 (compatible; Googlebot/2.1; +http://www.google.com/bot.html)"
66.249.64.17 - - [13/Feb/2020:17:56:25 +0100] "GET /index.php HTTP/1.1" 200 957 "-" "Mozilla/5.0 (compatible; Googlebot/2.1; +http://www.google.com/bot.html)"
188.127.168.25 - - [13/Feb/2020:19:16:47 +0100] "GET / HTTP/1.1" 200 606 "https://www.google.com/" "Mozilla/5.0 (Windows NT 10.0; Win64; x64) AppleWebKit/537.36 (KHTML, like Gecko) Chrome/80.0.3987.100 Safari/537.36"
188.127.168.25 - - [13/Feb/2020:19:16:47 +0100] "GET /favicon.ico HTTP/1.1" 200 5739 "http://www.iticsl.es/" "Mozilla/5.0 (Windows NT 10.0; Win64; x64) AppleWebKit/537.36 (KHTML, like Gecko) Chrome/80.0.3987.100 Safari/537.36"
188.127.168.25 - - [13/Feb/2020:19:16:49 +0100] "GET /favicon.ico HTTP/1.1" 200 5740 "http://www.iticsl.es/" "Mozilla/5.0 (Windows NT 10.0; Win64; x64) AppleWebKit/537.36 (KHTML, like Gecko) Chrome/80.0.3987.100 Safari/537.36"
188.127.168.25 - - [13/Feb/2020:19:16:51 +0100] "GET /index.php HTTP/1.1" 200 956 "http://www.iticsl.es/" "Mozilla/5.0 (Windows NT 10.0; Win64; x64) AppleWebKit/537.36 (KHTML, like Gecko) Chrome/80.0.3987.100 Safari/537.36"
90.169.213.197 - - [13/Feb/2020:19:59:55 +0100] "GET / HTTP/1.1" 200 606 "https://www.google.com/" "Mozilla/5.0 (Windows NT 5.1) AppleWebKit/537.36 (KHTML, like Gecko) Chrome/49.0.2623.112 Safari/537.36"
90.169.213.197 - - [13/Feb/2020:19:59:55 +0100] "GET /favicon.ico HTTP/1.1" 200 5739 "http://www.iticsl.es/" "Mozilla/5.0 (Windows NT 5.1) AppleWebKit/537.36 (KHTML, like Gecko) Chrome/49.0.2623.112 Safari/537.36"
90.169.213.197 - - [13/Feb/2020:19:59:57 +0100] "GET /index.php HTTP/1.1" 200 956 "http://www.iticsl.es/" "Mozilla/5.0 (Windows NT 5.1) AppleWebKit/537.36 (KHTML, like Gecko) Chrome/49.0.2623.112 Safari/537.36"
40.77.167.108 - - [13/Feb/2020:20:18:27 +0100] "GET /index.php HTTP/1.1" 200 957 "-" "Mozilla/5.0 (compatible; bingbot/2.0; +http://www.bing.com/bingbot.htm)"
157.55.39.20 - - [13/Feb/2020:20:30:31 +0100] "GET /robots.txt HTTP/1.1" 404 409 "-" "Mozilla/5.0 (compatible; bingbot/2.0; +http://www.bing.com/bingbot.htm)"
40.77.167.166 - - [13/Feb/2020:20:49:48 +0100] "GET / HTTP/1.1" 200 606 "-" "Mozilla/5.0 (compatible; bingbot/2.0; +http://www.bing.com/bingbot.htm)"
40.77.167.166 - - [14/Feb/2020:02:33:46 +0100] "GET / HTTP/1.1" 200 606 "-" "Mozilla/5.0 (compatible; bingbot/2.0; +http://www.bing.com/bingbot.htm)"
35.157.32.153 - - [14/Feb/2020:07:56:11 +0100] "GET /index.php HTTP/1.1" 200 957 "-" "Mozilla/5.0 (Windows NT 6.1; WOW64; Trident/7.0; rv:11.0) like Gecko"
217.130.124.237 - - [14/Feb/2020:07:56:12 +0100] "GET /index.php HTTP/1.1" 200 957 "-" "Mozilla/5.0 (Windows NT 10.0; WOW64; Trident/7.0; Touch; rv:11.0) like Gecko"
217.130.124.237 - - [14/Feb/2020:07:56:15 +0100] "GET /favicon.ico HTTP/1.1" 200 5739 "-" "Mozilla/5.0 (Windows NT 10.0; WOW64; Trident/7.0; Touch; rv:11.0) like Gecko"
81.61.6.109 - - [14/Feb/2020:11:50:35 +0100] "GET / HTTP/1.1" 200 606 "https://www.google.com/" "Mozilla/5.0 (Windows NT 6.1; Win64; x64) AppleWebKit/537.36 (KHTML, like Gecko) Chrome/79.0.3945.130 Safari/537.36"
81.61.6.109 - - [14/Feb/2020:11:50:35 +0100] "GET /robots.txt HTTP/1.1" 404 408 "-" "Mozilla/5.0 (Windows NT 6.1; Win64; x64) AppleWebKit/537.36 (KHTML, like Gecko) Chrome/79.0.3945.130 Safari/537.36"
81.61.6.109 - - [14/Feb/2020:11:50:35 +0100] "GET /favicon.ico HTTP/1.1" 200 5740 "http://www.iticsl.es/" "Mozilla/5.0 (Windows NT 6.1; Win64; x64) AppleWebKit/537.36 (KHTML, like Gecko) Chrome/79.0.3945.130 Safari/537.36"
81.61.6.109 - - [14/Feb/2020:11:50:37 +0100] "GET /favicon.ico HTTP/1.1" 200 5739 "http://www.iticsl.es/" "Mozilla/5.0 (Windows NT 6.1; Win64; x64) AppleWebKit/537.36 (KHTML, like Gecko) Chrome/79.0.3945.130 Safari/537.36"
81.61.6.109 - - [14/Feb/2020:11:50:39 +0100] "GET /index.php HTTP/1.1" 200 956 "http://www.iticsl.es/" "Mozilla/5.0 (Windows NT 6.1; Win64; x64) AppleWebKit/537.36 (KHTML, like Gecko) Chrome/79.0.3945.130 Safari/537.36"
40.77.167.166 - - [14/Feb/2020:12:25:26 +0100] "GET / HTTP/1.1" 200 606 "-" "Mozilla/5.0 (compatible; bingbot/2.0; +http://www.bing.com/bingbot.htm)"
66.249.64.19 - - [14/Feb/2020:12:36:43 +0100] "GET /robots.txt HTTP/1.1" 404 409 "-" "Mozilla/5.0 (compatible; Googlebot/2.1; +http://www.google.com/bot.html)"
66.249.64.18 - - [14/Feb/2020:12:36:44 +0100] "GET / HTTP/1.1" 200 606 "-" "Mozilla/5.0 (Linux; Android 6.0.1; Nexus 5X Build/MMB29P) AppleWebKit/537.36 (KHTML, like Gecko) Chrome/41.0.2272.96 Mobile Safari/537.36 (compatible; Googlebot/2.1; +http://www.google.com/bot.html)"
66.249.64.18 - - [14/Feb/2020:12:36:44 +0100] "GET /index.php HTTP/1.1" 200 956 "-" "Mozilla/5.0 (Linux; Android 6.0.1; Nexus 5X Build/MMB29P) AppleWebKit/537.36 (KHTML, like Gecko) Chrome/41.0.2272.96 Mobile Safari/537.36 (compatible; Googlebot/2.1; +http://www.google.com/bot.html)"
66.249.64.17 - - [14/Feb/2020:14:02:48 +0100] "GET / HTTP/1.1" 200 606 "-" "Mozilla/5.0 (compatible; Googlebot/2.1; +http://www.google.com/bot.html)"
66.249.64.18 - - [14/Feb/2020:14:02:49 +0100] "GET /index.php HTTP/1.1" 200 957 "-" "Mozilla/5.0 (compatible; Googlebot/2.1; +http://www.google.com/bot.html)"
40.77.167.166 - - [14/Feb/2020:20:23:35 +0100] "GET / HTTP/1.1" 200 606 "-" "Mozilla/5.0 (compatible; bingbot/2.0; +http://www.bing.com/bingbot.htm)"
5.255.174.141 - - [14/Feb/2020:21:09:07 +0100] "GET / HTTP/1.1" 200 550 "-" "Mozilla/5.0 (Windows NT 6.1; WOW64) AppleWebKit/537.36 (KHTML, like Gecko) Chrome/48.0.2564.109 Safari/537.36"
157.55.39.248 - - [15/Feb/2020:00:15:37 +0100] "GET / HTTP/1.1" 200 606 "-" "Mozilla/5.0 (compatible; bingbot/2.0; +http://www.bing.com/bingbot.htm)"
66.249.64.17 - - [15/Feb/2020:03:38:10 +0100] "GET /robots.txt HTTP/1.1" 404 409 "-" "Mozilla/5.0 (compatible; Googlebot/2.1; +http://www.google.com/bot.html)"
66.249.64.17 - - [15/Feb/2020:03:38:10 +0100] "GET / HTTP/1.1" 200 605 "-" "Mozilla/5.0 (Linux; Android 6.0.1; Nexus 5X Build/MMB29P) AppleWebKit/537.36 (KHTML, like Gecko) Chrome/41.0.2272.96 Mobile Safari/537.36 (compatible; Googlebot/2.1; +http://www.google.com/bot.html)"
66.249.64.19 - - [15/Feb/2020:03:38:12 +0100] "GET /index.php HTTP/1.1" 200 957 "-" "Mozilla/5.0 (Linux; Android 6.0.1; Nexus 5X Build/MMB29P) AppleWebKit/537.36 (KHTML, like Gecko) Chrome/41.0.2272.96 Mobile Safari/537.36 (compatible; Googlebot/2.1; +http://www.google.com/bot.html)"
66.249.70.3 - - [15/Feb/2020:05:49:04 +0100] "GET /robots.txt HTTP/1.1" 404 409 "-" "Mozilla/5.0 (compatible; Googlebot/2.1; +http://www.google.com/bot.html)"
66.249.70.5 - - [15/Feb/2020:05:49:04 +0100] "GET / HTTP/1.1" 200 606 "-" "Mozilla/5.0 (compatible; Googlebot/2.1; +http://www.google.com/bot.html)"
66.249.64.18 - - [15/Feb/2020:05:49:05 +0100] "GET /index.php HTTP/1.1" 200 957 "-" "Mozilla/5.0 (compatible; Googlebot/2.1; +http://www.google.com/bot.html)"
185.20.117.132 - - [15/Feb/2020:06:06:21 +0100] "GET / HTTP/1.1" 200 606 "-" "Mozilla/5.0 (Windows NT 10.0; Win64; x64) AppleWebKit/537.36 (KHTML, like Gecko) Chrome/79.0.3945.130 Safari/537.36"
52.148.199.3 - - [15/Feb/2020:10:04:27 +0100] "GET / HTTP/1.1" 200 606 "-" "Mozilla/5.0 (Windows NT 10.0; Win64; x64) AppleWebKit/537.36 (KHTML, like Gecko) Chrome/63.0.3239.132 Safari/537.36"
66.249.64.19 - - [15/Feb/2020:10:58:48 +0100] "GET / HTTP/1.1" 200 606 "-" "Mozilla/5.0 (compatible; Googlebot/2.1; +http://www.google.com/bot.html)"
184.94.240.92 - - [15/Feb/2020:12:32:22 +0100] "GET / HTTP/1.1" 200 569 "-" "Mozilla/5.0 (Macintosh; Intel Mac OS X 10_14_6) AppleWebKit/537.36 (KHTML, like Gecko) Chrome/76.0.3809.100 Safari/537.36"
52.148.199.3 - - [15/Feb/2020:13:55:30 +0100] "GET / HTTP/1.1" 200 606 "-" "python-requests/2.22.0"
66.249.68.27 - - [15/Feb/2020:23:01:54 +0100] "GET /robots.txt HTTP/1.1" 404 409 "-" "Mozilla/5.0 (compatible; Googlebot/2.1; +http://www.google.com/bot.html)"
66.249.68.25 - - [15/Feb/2020:23:01:55 +0100] "GET / HTTP/1.1" 200 606 "-" "Mozilla/5.0 (Linux; Android 6.0.1; Nexus 5X Build/MMB29P) AppleWebKit/537.36 (KHTML, like Gecko) Chrome/41.0.2272.96 Mobile Safari/537.36 (compatible; Googlebot/2.1; +http://www.google.com/bot.html)"
66.249.68.25 - - [15/Feb/2020:23:01:55 +0100] "GET /index.php HTTP/1.1" 200 956 "-" "Mozilla/5.0 (Linux; Android 6.0.1; Nexus 5X Build/MMB29P) AppleWebKit/537.36 (KHTML, like Gecko) Chrome/41.0.2272.96 Mobile Safari/537.36 (compatible; Googlebot/2.1; +http://www.google.com/bot.html)"
157.55.39.20 - - [16/Feb/2020:03:15:11 +0100] "GET /robots.txt HTTP/1.1" 404 409 "-" "Mozilla/5.0 (compatible; bingbot/2.0; +http://www.bing.com/bingbot.htm)"
40.77.167.155 - - [16/Feb/2020:03:15:16 +0100] "GET / HTTP/1.1" 200 606 "-" "Mozilla/5.0 (compatible; bingbot/2.0; +http://www.bing.com/bingbot.htm)"
54.36.148.92 - - [16/Feb/2020:07:10:43 +0100] "GET /robots.txt HTTP/1.1" 404 353 "-" "Mozilla/5.0 (compatible; AhrefsBot/6.1; +http://ahrefs.com/robot/)"
40.77.167.173 - - [16/Feb/2020:10:14:21 +0100] "GET / HTTP/1.1" 200 606 "-" "Mozilla/5.0 (compatible; bingbot/2.0; +http://www.bing.com/bingbot.htm)"
85.25.185.196 - - [16/Feb/2020:10:48:44 +0100] "GET /robots.txt HTTP/1.1" 404 409 "-" "Mozilla/5.0 (compatible; adscanner/)/1.1 (http://seocompany.store; spider@seocompany.store)"
85.25.185.196 - - [16/Feb/2020:10:48:44 +0100] "GET / HTTP/1.1" 200 605 "-" "Mozilla/5.0 (compatible; adscanner/)/1.1 (http://seocompany.store; spider@seocompany.store)"
85.25.185.196 - - [16/Feb/2020:12:18:28 +0100] "GET /robots.txt HTTP/1.1" 404 409 "-" "Mozilla/5.0 (compatible; adscanner/)/1.1 (http://seocompany.store; spider@seocompany.store)"
85.25.185.196 - - [16/Feb/2020:12:18:28 +0100] "GET /index.php HTTP/1.1" 200 956 "-" "Mozilla/5.0 (compatible; adscanner/)/1.1 (http://seocompany.store; spider@seocompany.store)"
201.144.206.246 - - [16/Feb/2020:16:53:37 +0100] "GET /wp-login.php HTTP/1.1" 404 243 "-" "Mozilla/5.0 (X11; Ubuntu; Linux x86_64; rv:62.0) Gecko/20100101 Firefox/62.0"
51.77.249.202 - - [16/Feb/2020:20:19:07 +0100] "GET / HTTP/1.1" 200 550 "-" "Mozilla/5.0 (Windows NT 6.1; rv:57.0) Gecko/20100101 Firefox/57.0"
40.77.167.173 - - [16/Feb/2020:20:19:18 +0100] "GET / HTTP/1.1" 200 606 "-" "Mozilla/5.0 (compatible; bingbot/2.0; +http://www.bing.com/bingbot.htm)"
165.22.24.71 - - [16/Feb/2020:20:19:26 +0100] "GET / HTTP/1.1" 200 569 "-" "Python-urllib/2.7"
66.249.64.17 - - [17/Feb/2020:06:09:53 +0100] "GET /robots.txt HTTP/1.1" 404 409 "-" "Mozilla/5.0 (compatible; Googlebot/2.1; +http://www.google.com/bot.html)"
66.249.64.18 - - [17/Feb/2020:06:09:53 +0100] "GET / HTTP/1.1" 200 606 "-" "Mozilla/5.0 (Linux; Android 6.0.1; Nexus 5X Build/MMB29P) AppleWebKit/537.36 (KHTML, like Gecko) Chrome/41.0.2272.96 Mobile Safari/537.36 (compatible; Googlebot/2.1; +http://www.google.com/bot.html)"
66.249.64.19 - - [17/Feb/2020:06:09:54 +0100] "GET /index.php HTTP/1.1" 200 957 "-" "Mozilla/5.0 (Linux; Android 6.0.1; Nexus 5X Build/MMB29P) AppleWebKit/537.36 (KHTML, like Gecko) Chrome/41.0.2272.96 Mobile Safari/537.36 (compatible; Googlebot/2.1; +http://www.google.com/bot.html)"
34.212.99.49 - - [17/Feb/2020:06:38:57 +0100] "GET / HTTP/1.1" 200 550 "-" "Go-http-client/1.1"
165.225.72.96 - - [17/Feb/2020:07:32:30 +0100] "GET / HTTP/1.1" 200 606 "-" "Mozilla/5.0 (Windows NT 10.0; Win64; x64) AppleWebKit/537.36 (KHTML, like Gecko) Chrome/79.0.3945.130 Safari/537.36"
165.225.72.96 - - [17/Feb/2020:07:32:30 +0100] "GET /favicon.ico HTTP/1.1" 200 5739 "http://www.iticsl.es/" "Mozilla/5.0 (Windows NT 10.0; Win64; x64) AppleWebKit/537.36 (KHTML, like Gecko) Chrome/79.0.3945.130 Safari/537.36"
165.225.72.96 - - [17/Feb/2020:07:32:32 +0100] "GET /index.php HTTP/1.1" 200 956 "http://www.iticsl.es/" "Mozilla/5.0 (Windows NT 10.0; Win64; x64) AppleWebKit/537.36 (KHTML, like Gecko) Chrome/79.0.3945.130 Safari/537.36"
51.77.249.202 - - [17/Feb/2020:09:02:14 +0100] "GET /wp-admin/install.php HTTP/1.1" 404 363 "-" "Mozilla/5.0 (Windows NT 6.1; rv:57.0) Gecko/20100101 Firefox/57.0"
51.77.249.202 - - [17/Feb/2020:09:02:14 +0100] "GET /wp-admin/setup-config.php HTTP/1.1" 404 368 "-" "Mozilla/5.0 (Windows NT 6.1; rv:57.0) Gecko/20100101 Firefox/57.0"
51.77.249.202 - - [17/Feb/2020:09:02:14 +0100] "GET /blog/wp-admin/install.php HTTP/1.1" 404 368 "-" "Mozilla/5.0 (Windows NT 6.1; rv:57.0) Gecko/20100101 Firefox/57.0"
51.77.249.202 - - [17/Feb/2020:09:02:14 +0100] "GET /blog/wp-admin/setup-config.php HTTP/1.1" 404 373 "-" "Mozilla/5.0 (Windows NT 6.1; rv:57.0) Gecko/20100101 Firefox/57.0"
51.77.249.202 - - [17/Feb/2020:09:02:14 +0100] "GET /wp/wp-admin/install.php HTTP/1.1" 404 366 "-" "Mozilla/5.0 (Windows NT 6.1; rv:57.0) Gecko/20100101 Firefox/57.0"
51.77.249.202 - - [17/Feb/2020:09:02:14 +0100] "GET /wp/wp-admin/setup-config.php HTTP/1.1" 404 371 "-" "Mozilla/5.0 (Windows NT 6.1; rv:57.0) Gecko/20100101 Firefox/57.0"
51.77.249.202 - - [17/Feb/2020:09:02:14 +0100] "GET /wordpress/wp-admin/install.php HTTP/1.1" 404 373 "-" "Mozilla/5.0 (Windows NT 6.1; rv:57.0) Gecko/20100101 Firefox/57.0"
51.77.249.202 - - [17/Feb/2020:09:02:14 +0100] "GET /wordpress/wp-admin/setup-config.php HTTP/1.1" 404 378 "-" "Mozilla/5.0 (Windows NT 6.1; rv:57.0) Gecko/20100101 Firefox/57.0"
51.77.249.202 - - [17/Feb/2020:09:02:14 +0100] "GET /new/wp-admin/install.php HTTP/1.1" 404 367 "-" "Mozilla/5.0 (Windows NT 6.1; rv:57.0) Gecko/20100101 Firefox/57.0"
51.77.249.202 - - [17/Feb/2020:09:02:14 +0100] "GET /new/wp-admin/setup-config.php HTTP/1.1" 404 372 "-" "Mozilla/5.0 (Windows NT 6.1; rv:57.0) Gecko/20100101 Firefox/57.0"
51.77.249.202 - - [17/Feb/2020:09:02:14 +0100] "GET /old/wp-admin/install.php HTTP/1.1" 404 367 "-" "Mozilla/5.0 (Windows NT 6.1; rv:57.0) Gecko/20100101 Firefox/57.0"
51.77.249.202 - - [17/Feb/2020:09:02:14 +0100] "GET /old/wp-admin/setup-config.php HTTP/1.1" 404 372 "-" "Mozilla/5.0 (Windows NT 6.1; rv:57.0) Gecko/20100101 Firefox/57.0"
51.77.249.202 - - [17/Feb/2020:09:02:14 +0100] "GET /test/wp-admin/install.php HTTP/1.1" 404 368 "-" "Mozilla/5.0 (Windows NT 6.1; rv:57.0) Gecko/20100101 Firefox/57.0"
51.77.249.202 - - [17/Feb/2020:09:02:14 +0100] "GET /test/wp-admin/setup-config.php HTTP/1.1" 404 373 "-" "Mozilla/5.0 (Windows NT 6.1; rv:57.0) Gecko/20100101 Firefox/57.0"
51.77.249.202 - - [17/Feb/2020:09:02:14 +0100] "GET /main/wp-admin/install.php HTTP/1.1" 404 368 "-" "Mozilla/5.0 (Windows NT 6.1; rv:57.0) Gecko/20100101 Firefox/57.0"
51.77.249.202 - - [17/Feb/2020:09:02:14 +0100] "GET /main/wp-admin/setup-config.php HTTP/1.1" 404 373 "-" "Mozilla/5.0 (Windows NT 6.1; rv:57.0) Gecko/20100101 Firefox/57.0"
51.77.249.202 - - [17/Feb/2020:09:02:14 +0100] "GET /site/wp-admin/install.php HTTP/1.1" 404 368 "-" "Mozilla/5.0 (Windows NT 6.1; rv:57.0) Gecko/20100101 Firefox/57.0"
51.77.249.202 - - [17/Feb/2020:09:02:14 +0100] "GET /site/wp-admin/setup-config.php HTTP/1.1" 404 373 "-" "Mozilla/5.0 (Windows NT 6.1; rv:57.0) Gecko/20100101 Firefox/57.0"
51.77.249.202 - - [17/Feb/2020:09:02:14 +0100] "GET /backup/wp-admin/install.php HTTP/1.1" 404 370 "-" "Mozilla/5.0 (Windows NT 6.1; rv:57.0) Gecko/20100101 Firefox/57.0"
51.77.249.202 - - [17/Feb/2020:09:02:14 +0100] "GET /backup/wp-admin/setup-config.php HTTP/1.1" 404 375 "-" "Mozilla/5.0 (Windows NT 6.1; rv:57.0) Gecko/20100101 Firefox/57.0"
51.77.249.202 - - [17/Feb/2020:09:02:14 +0100] "GET /demo/wp-admin/install.php HTTP/1.1" 404 368 "-" "Mozilla/5.0 (Windows NT 6.1; rv:57.0) Gecko/20100101 Firefox/57.0"
51.77.249.202 - - [17/Feb/2020:09:02:14 +0100] "GET /demo/wp-admin/setup-config.php HTTP/1.1" 404 373 "-" "Mozilla/5.0 (Windows NT 6.1; rv:57.0) Gecko/20100101 Firefox/57.0"
51.77.249.202 - - [17/Feb/2020:09:02:14 +0100] "GET /home/wp-admin/install.php HTTP/1.1" 404 368 "-" "Mozilla/5.0 (Windows NT 6.1; rv:57.0) Gecko/20100101 Firefox/57.0"
51.77.249.202 - - [17/Feb/2020:09:02:14 +0100] "GET /home/wp-admin/setup-config.php HTTP/1.1" 404 373 "-" "Mozilla/5.0 (Windows NT 6.1; rv:57.0) Gecko/20100101 Firefox/57.0"
51.77.249.202 - - [17/Feb/2020:09:02:14 +0100] "GET /tmp/wp-admin/install.php HTTP/1.1" 404 367 "-" "Mozilla/5.0 (Windows NT 6.1; rv:57.0) Gecko/20100101 Firefox/57.0"
51.77.249.202 - - [17/Feb/2020:09:02:14 +0100] "GET /tmp/wp-admin/setup-config.php HTTP/1.1" 404 372 "-" "Mozilla/5.0 (Windows NT 6.1; rv:57.0) Gecko/20100101 Firefox/57.0"
51.77.249.202 - - [17/Feb/2020:09:02:14 +0100] "GET /cms/wp-admin/install.php HTTP/1.1" 404 367 "-" "Mozilla/5.0 (Windows NT 6.1; rv:57.0) Gecko/20100101 Firefox/57.0"
51.77.249.202 - - [17/Feb/2020:09:02:14 +0100] "GET /cms/wp-admin/setup-config.php HTTP/1.1" 404 372 "-" "Mozilla/5.0 (Windows NT 6.1; rv:57.0) Gecko/20100101 Firefox/57.0"
51.77.249.202 - - [17/Feb/2020:09:02:15 +0100] "GET /dev/wp-admin/install.php HTTP/1.1" 404 367 "-" "Mozilla/5.0 (Windows NT 6.1; rv:57.0) Gecko/20100101 Firefox/57.0"
51.77.249.202 - - [17/Feb/2020:09:02:15 +0100] "GET /dev/wp-admin/setup-config.php HTTP/1.1" 404 372 "-" "Mozilla/5.0 (Windows NT 6.1; rv:57.0) Gecko/20100101 Firefox/57.0"
51.77.249.202 - - [17/Feb/2020:09:02:15 +0100] "GET /portal/wp-admin/install.php HTTP/1.1" 404 370 "-" "Mozilla/5.0 (Windows NT 6.1; rv:57.0) Gecko/20100101 Firefox/57.0"
51.77.249.202 - - [17/Feb/2020:09:02:15 +0100] "GET /portal/wp-admin/setup-config.php HTTP/1.1" 404 375 "-" "Mozilla/5.0 (Windows NT 6.1; rv:57.0) Gecko/20100101 Firefox/57.0"
51.77.249.202 - - [17/Feb/2020:09:02:15 +0100] "GET /web/wp-admin/install.php HTTP/1.1" 404 367 "-" "Mozilla/5.0 (Windows NT 6.1; rv:57.0) Gecko/20100101 Firefox/57.0"
51.77.249.202 - - [17/Feb/2020:09:02:15 +0100] "GET /web/wp-admin/setup-config.php HTTP/1.1" 404 372 "-" "Mozilla/5.0 (Windows NT 6.1; rv:57.0) Gecko/20100101 Firefox/57.0"
51.77.249.202 - - [17/Feb/2020:09:02:15 +0100] "GET /assets/wp-admin/install.php HTTP/1.1" 404 370 "-" "Mozilla/5.0 (Windows NT 6.1; rv:57.0) Gecko/20100101 Firefox/57.0"
51.77.249.202 - - [17/Feb/2020:09:02:15 +0100] "GET /assets/wp-admin/setup-config.php HTTP/1.1" 404 375 "-" "Mozilla/5.0 (Windows NT 6.1; rv:57.0) Gecko/20100101 Firefox/57.0"
51.77.249.202 - - [17/Feb/2020:09:02:15 +0100] "GET /temp/wp-admin/install.php HTTP/1.1" 404 368 "-" "Mozilla/5.0 (Windows NT 6.1; rv:57.0) Gecko/20100101 Firefox/57.0"
51.77.249.202 - - [17/Feb/2020:09:02:15 +0100] "GET /temp/wp-admin/setup-config.php HTTP/1.1" 404 373 "-" "Mozilla/5.0 (Windows NT 6.1; rv:57.0) Gecko/20100101 Firefox/57.0"
51.77.249.202 - - [17/Feb/2020:09:02:15 +0100] "GET /2018/wp-admin/install.php HTTP/1.1" 404 368 "-" "Mozilla/5.0 (Windows NT 6.1; rv:57.0) Gecko/20100101 Firefox/57.0"
51.77.249.202 - - [17/Feb/2020:09:02:15 +0100] "GET /2018/wp-admin/setup-config.php HTTP/1.1" 404 373 "-" "Mozilla/5.0 (Windows NT 6.1; rv:57.0) Gecko/20100101 Firefox/57.0"
51.77.249.202 - - [17/Feb/2020:09:02:15 +0100] "GET /2019/wp-admin/install.php HTTP/1.1" 404 368 "-" "Mozilla/5.0 (Windows NT 6.1; rv:57.0) Gecko/20100101 Firefox/57.0"
51.77.249.202 - - [17/Feb/2020:09:02:15 +0100] "GET /2019/wp-admin/setup-config.php HTTP/1.1" 404 373 "-" "Mozilla/5.0 (Windows NT 6.1; rv:57.0) Gecko/20100101 Firefox/57.0"
51.77.249.202 - - [17/Feb/2020:09:02:15 +0100] "GET /bk/wp-admin/install.php HTTP/1.1" 404 366 "-" "Mozilla/5.0 (Windows NT 6.1; rv:57.0) Gecko/20100101 Firefox/57.0"
51.77.249.202 - - [17/Feb/2020:09:02:15 +0100] "GET /bk/wp-admin/setup-config.php HTTP/1.1" 404 371 "-" "Mozilla/5.0 (Windows NT 6.1; rv:57.0) Gecko/20100101 Firefox/57.0"
51.77.249.202 - - [17/Feb/2020:09:02:15 +0100] "GET /wp1/wp-admin/install.php HTTP/1.1" 404 367 "-" "Mozilla/5.0 (Windows NT 6.1; rv:57.0) Gecko/20100101 Firefox/57.0"
51.77.249.202 - - [17/Feb/2020:09:02:15 +0100] "GET /wp1/wp-admin/setup-config.php HTTP/1.1" 404 372 "-" "Mozilla/5.0 (Windows NT 6.1; rv:57.0) Gecko/20100101 Firefox/57.0"
51.77.249.202 - - [17/Feb/2020:09:02:15 +0100] "GET /wp2/wp-admin/install.php HTTP/1.1" 404 367 "-" "Mozilla/5.0 (Windows NT 6.1; rv:57.0) Gecko/20100101 Firefox/57.0"
51.77.249.202 - - [17/Feb/2020:09:02:15 +0100] "GET /wp2/wp-admin/setup-config.php HTTP/1.1" 404 372 "-" "Mozilla/5.0 (Windows NT 6.1; rv:57.0) Gecko/20100101 Firefox/57.0"
51.77.249.202 - - [17/Feb/2020:09:02:15 +0100] "GET /v1/wp-admin/install.php HTTP/1.1" 404 366 "-" "Mozilla/5.0 (Windows NT 6.1; rv:57.0) Gecko/20100101 Firefox/57.0"
51.77.249.202 - - [17/Feb/2020:09:02:15 +0100] "GET /v1/wp-admin/setup-config.php HTTP/1.1" 404 371 "-" "Mozilla/5.0 (Windows NT 6.1; rv:57.0) Gecko/20100101 Firefox/57.0"
51.77.249.202 - - [17/Feb/2020:09:02:15 +0100] "GET /v2/wp-admin/install.php HTTP/1.1" 404 366 "-" "Mozilla/5.0 (Windows NT 6.1; rv:57.0) Gecko/20100101 Firefox/57.0"
51.77.249.202 - - [17/Feb/2020:09:02:15 +0100] "GET /v2/wp-admin/setup-config.php HTTP/1.1" 404 371 "-" "Mozilla/5.0 (Windows NT 6.1; rv:57.0) Gecko/20100101 Firefox/57.0"
176.83.218.148 - - [17/Feb/2020:11:09:03 +0100] "GET / HTTP/1.1" 200 606 "http://www.google.com/" "Mozilla/5.0 (Linux; Android 9; SM-A750FN) AppleWebKit/537.36 (KHTML, like Gecko) Chrome/80.0.3987.99 Mobile Safari/537.36"
176.83.218.148 - - [17/Feb/2020:11:09:03 +0100] "GET /favicon.ico HTTP/1.1" 200 5739 "http://www.iticsl.es/" "Mozilla/5.0 (Linux; Android 9; SM-A750FN) AppleWebKit/537.36 (KHTML, like Gecko) Chrome/80.0.3987.99 Mobile Safari/537.36"
176.83.218.148 - - [17/Feb/2020:11:09:05 +0100] "GET /index.php HTTP/1.1" 200 956 "http://www.iticsl.es/" "Mozilla/5.0 (Linux; Android 9; SM-A750FN) AppleWebKit/537.36 (KHTML, like Gecko) Chrome/80.0.3987.99 Mobile Safari/537.36"
157.55.39.20 - - [17/Feb/2020:13:13:03 +0100] "GET /robots.txt HTTP/1.1" 404 409 "-" "Mozilla/5.0 (compatible; bingbot/2.0; +http://www.bing.com/bingbot.htm)"
207.46.13.191 - - [17/Feb/2020:13:13:10 +0100] "GET / HTTP/1.1" 200 606 "-" "Mozilla/5.0 (compatible; bingbot/2.0; +http://www.bing.com/bingbot.htm)"
66.249.64.18 - - [17/Feb/2020:16:04:26 +0100] "GET / HTTP/1.1" 200 606 "-" "Mozilla/5.0 (Linux; Android 6.0.1; Nexus 5X Build/MMB29P) AppleWebKit/537.36 (KHTML, like Gecko) Chrome/41.0.2272.96 Mobile Safari/537.36 (compatible; Googlebot/2.1; +http://www.google.com/bot.html)"
66.249.64.18 - - [17/Feb/2020:16:04:28 +0100] "GET /index.php HTTP/1.1" 200 956 "-" "Mozilla/5.0 (Linux; Android 6.0.1; Nexus 5X Build/MMB29P) AppleWebKit/537.36 (KHTML, like Gecko) Chrome/41.0.2272.96 Mobile Safari/537.36 (compatible; Googlebot/2.1; +http://www.google.com/bot.html)"
3.83.238.169 - - [17/Feb/2020:17:16:54 +0100] "GET / HTTP/1.1" 200 569 "-" "Mozilla/5.0 (Windows NT 10.0; Win64; x64) AppleWebKit/537.36 (KHTML, like Gecko; compatible; BuiltWith/1.0; +http://builtwith.com/biup) Chrome/74.0.3729.131 Safari/537.36"
81.61.6.109 - - [17/Feb/2020:18:01:15 +0100] "GET /index.php HTTP/1.1" 200 957 "http://www.iticsl.es/" "Mozilla/5.0 (Windows NT 6.1; Win64; x64) AppleWebKit/537.36 (KHTML, like Gecko) Chrome/79.0.3945.130 Safari/537.36"
80.224.112.205 - - [17/Feb/2020:18:36:27 +0100] "GET / HTTP/1.1" 200 606 "https://www.google.com/" "Mozilla/5.0 (Linux; Android 9; Redmi Note 8) AppleWebKit/537.36 (KHTML, like Gecko) Chrome/80.0.3987.99 Mobile Safari/537.36"
80.224.112.205 - - [17/Feb/2020:18:36:30 +0100] "GET /favicon.ico HTTP/1.1" 200 5739 "http://www.iticsl.es/" "Mozilla/5.0 (Linux; Android 9; Redmi Note 8) AppleWebKit/537.36 (KHTML, like Gecko) Chrome/80.0.3987.99 Mobile Safari/537.36"
80.224.112.205 - - [17/Feb/2020:18:36:33 +0100] "GET /index.php HTTP/1.1" 200 956 "http://www.iticsl.es/" "Mozilla/5.0 (Linux; Android 9; Redmi Note 8) AppleWebKit/537.36 (KHTML, like Gecko) Chrome/80.0.3987.99 Mobile Safari/537.36"
80.224.112.205 - - [17/Feb/2020:18:36:59 +0100] "GET /index.php HTTP/1.1" 200 957 "http://www.iticsl.es/" "Mozilla/5.0 (Linux; Android 9; Redmi Note 8) AppleWebKit/537.36 (KHTML, like Gecko) Chrome/80.0.3987.99 Mobile Safari/537.36"
80.224.112.205 - - [17/Feb/2020:18:37:20 +0100] "GET /favicon.ico HTTP/1.1" 200 5740 "http://www.iticsl.es/index.php" "Mozilla/5.0 (Linux; Android 9; Redmi Note 8) AppleWebKit/537.36 (KHTML, like Gecko) Chrome/80.0.3987.99 Mobile Safari/537.36"
80.224.112.205 - - [17/Feb/2020:18:39:52 +0100] "GET /index.php HTTP/1.1" 200 957 "http://www.iticsl.es/" "Mozilla/5.0 (Linux; Android 9; Redmi Note 8) AppleWebKit/537.36 (KHTML, like Gecko) Chrome/80.0.3987.99 Mobile Safari/537.36"
80.224.112.205 - - [17/Feb/2020:18:39:53 +0100] "GET /favicon.ico HTTP/1.1" 200 5739 "http://www.iticsl.es/index.php" "Mozilla/5.0 (Linux; Android 9; Redmi Note 8) AppleWebKit/537.36 (KHTML, like Gecko) Chrome/80.0.3987.99 Mobile Safari/537.36"
66.249.64.19 - - [17/Feb/2020:20:53:30 +0100] "GET /robots.txt HTTP/1.1" 404 409 "-" "Mozilla/5.0 (compatible; Googlebot/2.1; +http://www.google.com/bot.html)"
66.249.64.19 - - [17/Feb/2020:20:53:30 +0100] "GET / HTTP/1.1" 200 605 "-" "Mozilla/5.0 (compatible; Googlebot/2.1; +http://www.google.com/bot.html)"
66.249.64.19 - - [17/Feb/2020:20:53:30 +0100] "GET /index.php HTTP/1.1" 200 956 "-" "Mozilla/5.0 (compatible; Googlebot/2.1; +http://www.google.com/bot.html)"
167.71.162.245 - - [18/Feb/2020:02:06:27 +0100] "GET /wp-login.php HTTP/1.1" 404 243 "-" "Mozilla/5.0 (X11; Ubuntu; Linux x86_64; rv:62.0) Gecko/20100101 Firefox/62.0"
80.59.170.34 - - [18/Feb/2020:08:23:41 +0100] "GET / HTTP/1.1" 200 606 "https://www.google.com/" "Mozilla/5.0 (Windows NT 10.0; Win64; x64; rv:73.0) Gecko/20100101 Firefox/73.0"
80.59.170.34 - - [18/Feb/2020:08:23:42 +0100] "GET /favicon.ico HTTP/1.1" 200 5739 "-" "Mozilla/5.0 (Windows NT 10.0; Win64; x64; rv:73.0) Gecko/20100101 Firefox/73.0"
80.59.170.34 - - [18/Feb/2020:08:23:44 +0100] "GET /index.php HTTP/1.1" 200 956 "-" "Mozilla/5.0 (Windows NT 10.0; Win64; x64; rv:73.0) Gecko/20100101 Firefox/73.0"
165.22.24.71 - - [18/Feb/2020:11:30:47 +0100] "GET //wp-admin/install.php HTTP/1.1" 404 382 "-" "Python-urllib/2.7"
165.22.24.71 - - [18/Feb/2020:11:43:14 +0100] "GET //wp-admin/install.php HTTP/1.1" 404 382 "-" "Python-urllib/2.7"
66.249.64.19 - - [18/Feb/2020:12:36:43 +0100] "GET /robots.txt HTTP/1.1" 404 409 "-" "Mozilla/5.0 (compatible; Googlebot/2.1; +http://www.google.com/bot.html)"
66.249.64.18 - - [18/Feb/2020:12:36:44 +0100] "GET / HTTP/1.1" 200 606 "-" "Mozilla/5.0 (Linux; Android 6.0.1; Nexus 5X Build/MMB29P) AppleWebKit/537.36 (KHTML, like Gecko) Chrome/41.0.2272.96 Mobile Safari/537.36 (compatible; Googlebot/2.1; +http://www.google.com/bot.html)"
66.249.64.17 - - [18/Feb/2020:12:36:45 +0100] "GET /index.php HTTP/1.1" 200 957 "-" "Mozilla/5.0 (Linux; Android 6.0.1; Nexus 5X Build/MMB29P) AppleWebKit/537.36 (KHTML, like Gecko) Chrome/41.0.2272.96 Mobile Safari/537.36 (compatible; Googlebot/2.1; +http://www.google.com/bot.html)"
88.5.242.51 - - [18/Feb/2020:12:37:32 +0100] "GET / HTTP/1.1" 200 606 "https://www.google.com/" "Mozilla/5.0 (Linux; Android 8.1.0; Redmi S2) AppleWebKit/537.36 (KHTML, like Gecko) Chrome/80.0.3987.99 Mobile Safari/537.36"
88.5.242.51 - - [18/Feb/2020:12:37:33 +0100] "GET /favicon.ico HTTP/1.1" 200 5739 "http://www.iticsl.es/" "Mozilla/5.0 (Linux; Android 8.1.0; Redmi S2) AppleWebKit/537.36 (KHTML, like Gecko) Chrome/80.0.3987.99 Mobile Safari/537.36"
88.5.242.51 - - [18/Feb/2020:12:37:35 +0100] "GET /index.php HTTP/1.1" 200 956 "http://www.iticsl.es/" "Mozilla/5.0 (Linux; Android 8.1.0; Redmi S2) AppleWebKit/537.36 (KHTML, like Gecko) Chrome/80.0.3987.99 Mobile Safari/537.36"
157.55.39.20 - - [18/Feb/2020:13:10:08 +0100] "GET /robots.txt HTTP/1.1" 404 409 "-" "Mozilla/5.0 (compatible; bingbot/2.0; +http://www.bing.com/bingbot.htm)"
207.46.13.191 - - [18/Feb/2020:13:10:13 +0100] "GET / HTTP/1.1" 200 606 "-" "Mozilla/5.0 (compatible; bingbot/2.0; +http://www.bing.com/bingbot.htm)"
209.17.97.58 - - [18/Feb/2020:14:16:15 +0100] "GET / HTTP/1.1" 200 550 "-" "Mozilla/5.0 (compatible; Nimbostratus-Bot/v1.3.2; http://cloudsystemnetworks.com)"
79.159.213.203 - - [18/Feb/2020:15:13:39 +0100] "GET / HTTP/1.1" 200 606 "https://www.google.com/" "Mozilla/5.0 (Windows NT 10.0; Win64; x64) AppleWebKit/537.36 (KHTML, like Gecko) Chrome/79.0.3945.130 Safari/537.36"
79.159.213.203 - - [18/Feb/2020:15:13:39 +0100] "GET /favicon.ico HTTP/1.1" 200 5739 "http://www.iticsl.es/" "Mozilla/5.0 (Windows NT 10.0; Win64; x64) AppleWebKit/537.36 (KHTML, like Gecko) Chrome/79.0.3945.130 Safari/537.36"
79.159.213.203 - - [18/Feb/2020:15:13:47 +0100] "GET /favicon.ico HTTP/1.1" 200 5740 "http://www.iticsl.es/" "Mozilla/5.0 (Windows NT 10.0; Win64; x64) AppleWebKit/537.36 (KHTML, like Gecko) Chrome/79.0.3945.130 Safari/537.36"
79.159.213.203 - - [18/Feb/2020:15:13:49 +0100] "GET /index.php HTTP/1.1" 200 956 "http://www.iticsl.es/" "Mozilla/5.0 (Windows NT 10.0; Win64; x64) AppleWebKit/537.36 (KHTML, like Gecko) Chrome/79.0.3945.130 Safari/537.36"
51.79.30.167 - - [18/Feb/2020:16:30:28 +0100] "GET / HTTP/1.1" 200 606 "-" "Mozilla/5.0 (Windows NT 10.0; Win64; x64) AppleWebKit/537.36 (KHTML, like Gecko) Chrome/76.0.3809.132 Safari/537.36"
51.79.30.167 - - [18/Feb/2020:16:30:34 +0100] "GET /wp-includes/wlwmanifest.xml HTTP/1.1" 404 426 "-" "Mozilla/5.0 (Windows NT 10.0; Win64; x64) AppleWebKit/537.36 (KHTML, like Gecko) Chrome/76.0.3809.132 Safari/537.36"
51.79.30.167 - - [18/Feb/2020:16:30:40 +0100] "GET /xmlrpc.php?rsd HTTP/1.1" 404 280 "-" "Mozilla/5.0 (Windows NT 10.0; Win64; x64) AppleWebKit/537.36 (KHTML, like Gecko) Chrome/76.0.3809.132 Safari/537.36"
51.79.30.167 - - [18/Feb/2020:16:30:45 +0100] "GET / HTTP/1.1" 200 606 "-" "Mozilla/5.0 (Windows NT 10.0; Win64; x64) AppleWebKit/537.36 (KHTML, like Gecko) Chrome/76.0.3809.132 Safari/537.36"
51.79.30.167 - - [18/Feb/2020:16:30:51 +0100] "GET /blog/wp-includes/wlwmanifest.xml HTTP/1.1" 404 431 "-" "Mozilla/5.0 (Windows NT 10.0; Win64; x64) AppleWebKit/537.36 (KHTML, like Gecko) Chrome/76.0.3809.132 Safari/537.36"
51.79.30.167 - - [18/Feb/2020:16:30:56 +0100] "GET /web/wp-includes/wlwmanifest.xml HTTP/1.1" 404 430 "-" "Mozilla/5.0 (Windows NT 10.0; Win64; x64) AppleWebKit/537.36 (KHTML, like Gecko) Chrome/76.0.3809.132 Safari/537.36"
51.79.30.167 - - [18/Feb/2020:16:31:02 +0100] "GET /wordpress/wp-includes/wlwmanifest.xml HTTP/1.1" 404 436 "-" "Mozilla/5.0 (Windows NT 10.0; Win64; x64) AppleWebKit/537.36 (KHTML, like Gecko) Chrome/76.0.3809.132 Safari/537.36"
51.79.30.167 - - [18/Feb/2020:16:31:07 +0100] "GET /wp/wp-includes/wlwmanifest.xml HTTP/1.1" 404 429 "-" "Mozilla/5.0 (Windows NT 10.0; Win64; x64) AppleWebKit/537.36 (KHTML, like Gecko) Chrome/76.0.3809.132 Safari/537.36"
51.79.30.167 - - [18/Feb/2020:16:31:12 +0100] "GET /news/wp-includes/wlwmanifest.xml HTTP/1.1" 404 431 "-" "Mozilla/5.0 (Windows NT 10.0; Win64; x64) AppleWebKit/537.36 (KHTML, like Gecko) Chrome/76.0.3809.132 Safari/537.36"
51.79.30.167 - - [18/Feb/2020:16:31:18 +0100] "GET /2019/wp-includes/wlwmanifest.xml HTTP/1.1" 404 431 "-" "Mozilla/5.0 (Windows NT 10.0; Win64; x64) AppleWebKit/537.36 (KHTML, like Gecko) Chrome/76.0.3809.132 Safari/537.36"
51.79.30.167 - - [18/Feb/2020:16:31:23 +0100] "GET /shop/wp-includes/wlwmanifest.xml HTTP/1.1" 404 431 "-" "Mozilla/5.0 (Windows NT 10.0; Win64; x64) AppleWebKit/537.36 (KHTML, like Gecko) Chrome/76.0.3809.132 Safari/537.36"
51.79.30.167 - - [18/Feb/2020:16:31:30 +0100] "GET /wp1/wp-includes/wlwmanifest.xml HTTP/1.1" 404 430 "-" "Mozilla/5.0 (Windows NT 10.0; Win64; x64) AppleWebKit/537.36 (KHTML, like Gecko) Chrome/76.0.3809.132 Safari/537.36"
51.79.30.167 - - [18/Feb/2020:16:31:35 +0100] "GET /test/wp-includes/wlwmanifest.xml HTTP/1.1" 404 431 "-" "Mozilla/5.0 (Windows NT 10.0; Win64; x64) AppleWebKit/537.36 (KHTML, like Gecko) Chrome/76.0.3809.132 Safari/537.36"
51.79.30.167 - - [18/Feb/2020:16:31:41 +0100] "GET /media/wp-includes/wlwmanifest.xml HTTP/1.1" 404 432 "-" "Mozilla/5.0 (Windows NT 10.0; Win64; x64) AppleWebKit/537.36 (KHTML, like Gecko) Chrome/76.0.3809.132 Safari/537.36"
51.79.30.167 - - [18/Feb/2020:16:31:46 +0100] "GET /wp2/wp-includes/wlwmanifest.xml HTTP/1.1" 404 430 "-" "Mozilla/5.0 (Windows NT 10.0; Win64; x64) AppleWebKit/537.36 (KHTML, like Gecko) Chrome/76.0.3809.132 Safari/537.36"
51.79.30.167 - - [18/Feb/2020:16:31:53 +0100] "GET /site/wp-includes/wlwmanifest.xml HTTP/1.1" 404 431 "-" "Mozilla/5.0 (Windows NT 10.0; Win64; x64) AppleWebKit/537.36 (KHTML, like Gecko) Chrome/76.0.3809.132 Safari/537.36"
51.79.30.167 - - [18/Feb/2020:16:31:58 +0100] "GET /cms/wp-includes/wlwmanifest.xml HTTP/1.1" 404 430 "-" "Mozilla/5.0 (Windows NT 10.0; Win64; x64) AppleWebKit/537.36 (KHTML, like Gecko) Chrome/76.0.3809.132 Safari/537.36"
51.79.30.167 - - [18/Feb/2020:16:32:04 +0100] "GET /sito/wp-includes/wlwmanifest.xml HTTP/1.1" 404 431 "-" "Mozilla/5.0 (Windows NT 10.0; Win64; x64) AppleWebKit/537.36 (KHTML, like Gecko) Chrome/76.0.3809.132 Safari/537.36"
90.169.213.197 - - [18/Feb/2020:17:26:21 +0100] "GET / HTTP/1.1" 200 606 "-" "Mozilla/5.0 (Windows NT 5.1; rv:52.0) Gecko/20100101 Firefox/52.0"
90.169.213.197 - - [18/Feb/2020:17:26:22 +0100] "GET /favicon.ico HTTP/1.1" 200 5739 "-" "Mozilla/5.0 (Windows NT 5.1; rv:52.0) Gecko/20100101 Firefox/52.0"
90.169.213.197 - - [18/Feb/2020:17:26:25 +0100] "GET /index.php HTTP/1.1" 200 957 "-" "Mozilla/5.0 (Windows NT 5.1; rv:52.0) Gecko/20100101 Firefox/52.0"
90.169.213.197 - - [18/Feb/2020:17:26:32 +0100] "GET /favicon.ico HTTP/1.1" 200 5740 "-" "Mozilla/5.0 (Windows NT 5.1; rv:52.0) Gecko/20100101 Firefox/52.0"
90.169.213.197 - - [18/Feb/2020:17:26:47 +0100] "GET / HTTP/1.1" 200 606 "https://www.google.es/" "Mozilla/5.0 (Windows NT 10.0; Win64; x64; rv:72.0) Gecko/20100101 Firefox/72.0"
90.169.213.197 - - [18/Feb/2020:17:26:47 +0100] "GET /favicon.ico HTTP/1.1" 200 5739 "-" "Mozilla/5.0 (Windows NT 10.0; Win64; x64; rv:72.0) Gecko/20100101 Firefox/72.0"
90.169.213.197 - - [18/Feb/2020:17:26:49 +0100] "GET /index.php HTTP/1.1" 200 956 "-" "Mozilla/5.0 (Windows NT 10.0; Win64; x64; rv:72.0) Gecko/20100101 Firefox/72.0"
40.77.167.107 - - [18/Feb/2020:19:57:49 +0100] "GET /index.php HTTP/1.1" 200 957 "-" "Mozilla/5.0 (compatible; bingbot/2.0; +http://www.bing.com/bingbot.htm)"
66.249.64.18 - - [19/Feb/2020:07:56:31 +0100] "GET /robots.txt HTTP/1.1" 404 409 "-" "Mozilla/5.0 (compatible; Googlebot/2.1; +http://www.google.com/bot.html)"
66.249.64.19 - - [19/Feb/2020:07:56:32 +0100] "GET / HTTP/1.1" 200 606 "-" "Mozilla/5.0 (compatible; Googlebot/2.1; +http://www.google.com/bot.html)"
66.249.64.17 - - [19/Feb/2020:07:56:33 +0100] "GET /index.php HTTP/1.1" 200 957 "-" "Mozilla/5.0 (compatible; Googlebot/2.1; +http://www.google.com/bot.html)"
40.77.167.182 - - [19/Feb/2020:13:13:27 +0100] "GET / HTTP/1.1" 200 606 "-" "Mozilla/5.0 (compatible; bingbot/2.0; +http://www.bing.com/bingbot.htm)"
66.249.64.17 - - [19/Feb/2020:16:56:15 +0100] "GET / HTTP/1.1" 200 606 "-" "Mozilla/5.0 (Linux; Android 6.0.1; Nexus 5X Build/MMB29P) AppleWebKit/537.36 (KHTML, like Gecko) Chrome/41.0.2272.96 Mobile Safari/537.36 (compatible; Googlebot/2.1; +http://www.google.com/bot.html)"
66.249.64.18 - - [19/Feb/2020:16:56:16 +0100] "GET /index.php HTTP/1.1" 200 957 "-" "Mozilla/5.0 (Linux; Android 6.0.1; Nexus 5X Build/MMB29P) AppleWebKit/537.36 (KHTML, like Gecko) Chrome/41.0.2272.96 Mobile Safari/537.36 (compatible; Googlebot/2.1; +http://www.google.com/bot.html)"
77.72.209.253 - - [19/Feb/2020:18:08:52 +0100] "GET / HTTP/1.1" 200 606 "https://www.google.com/" "Mozilla/5.0 (Windows NT 6.1; Win64; x64) AppleWebKit/537.36 (KHTML, like Gecko) Chrome/79.0.3945.130 Safari/537.36"
77.72.209.253 - - [19/Feb/2020:18:08:53 +0100] "GET /favicon.ico HTTP/1.1" 200 5739 "http://www.iticsl.es/" "Mozilla/5.0 (Windows NT 6.1; Win64; x64) AppleWebKit/537.36 (KHTML, like Gecko) Chrome/79.0.3945.130 Safari/537.36"
77.72.209.253 - - [19/Feb/2020:18:08:54 +0100] "GET /index.php HTTP/1.1" 200 956 "http://www.iticsl.es/" "Mozilla/5.0 (Windows NT 6.1; Win64; x64) AppleWebKit/537.36 (KHTML, like Gecko) Chrome/79.0.3945.130 Safari/537.36"
81.45.183.73 - - [19/Feb/2020:19:08:05 +0100] "GET / HTTP/1.1" 200 606 "https://www.google.com/" "Mozilla/5.0 (Windows NT 10.0; Win64; x64) AppleWebKit/537.36 (KHTML, like Gecko) Chrome/80.0.3987.116 Safari/537.36"
81.45.183.73 - - [19/Feb/2020:19:08:06 +0100] "GET /favicon.ico HTTP/1.1" 200 5739 "http://www.iticsl.es/" "Mozilla/5.0 (Windows NT 10.0; Win64; x64) AppleWebKit/537.36 (KHTML, like Gecko) Chrome/80.0.3987.116 Safari/537.36"
81.45.183.73 - - [19/Feb/2020:19:08:08 +0100] "GET /index.php HTTP/1.1" 200 956 "http://www.iticsl.es/" "Mozilla/5.0 (Windows NT 10.0; Win64; x64) AppleWebKit/537.36 (KHTML, like Gecko) Chrome/80.0.3987.116 Safari/537.36"
66.249.69.59 - - [19/Feb/2020:20:35:37 +0100] "GET /robots.txt HTTP/1.1" 404 409 "-" "Mozilla/5.0 (compatible; Googlebot/2.1; +http://www.google.com/bot.html)"
66.249.69.55 - - [19/Feb/2020:20:35:38 +0100] "GET / HTTP/1.1" 200 606 "-" "Mozilla/5.0 (compatible; Googlebot/2.1; +http://www.google.com/bot.html)"
66.249.69.55 - - [19/Feb/2020:20:35:39 +0100] "GET /index.php HTTP/1.1" 200 956 "-" "Mozilla/5.0 (compatible; Googlebot/2.1; +http://www.google.com/bot.html)"
165.22.24.71 - - [19/Feb/2020:20:38:28 +0100] "GET //wp-admin/install.php HTTP/1.1" 404 382 "-" "Python-urllib/2.7"
93.159.230.28 - - [19/Feb/2020:22:36:06 +0100] "GET / HTTP/1.1" 200 550 "-" "Mozilla/5.0 (Windows NT 10.0; Win64; x64) AppleWebKit/537.36 (KHTML, like Gecko) Chrome/71.0.3578.98 Safari/537.36"
77.74.177.113 - - [19/Feb/2020:22:36:07 +0100] "GET / HTTP/1.1" 200 550 "-" "Mozilla/5.0 (Windows NT 10.0; Win64; x64) AppleWebKit/537.36 (KHTML, like Gecko) Chrome/71.0.3578.98 Safari/537.36"
66.249.69.59 - - [20/Feb/2020:09:46:31 +0100] "GET /robots.txt HTTP/1.1" 404 409 "-" "Mozilla/5.0 (compatible; Googlebot/2.1; +http://www.google.com/bot.html)"
66.249.69.59 - - [20/Feb/2020:09:46:31 +0100] "GET / HTTP/1.1" 200 605 "-" "Mozilla/5.0 (Linux; Android 6.0.1; Nexus 5X Build/MMB29P) AppleWebKit/537.36 (KHTML, like Gecko) Chrome/41.0.2272.96 Mobile Safari/537.36 (compatible; Googlebot/2.1; +http://www.google.com/bot.html)"
66.249.69.55 - - [20/Feb/2020:09:46:32 +0100] "GET /index.php HTTP/1.1" 200 957 "-" "Mozilla/5.0 (Linux; Android 6.0.1; Nexus 5X Build/MMB29P) AppleWebKit/537.36 (KHTML, like Gecko) Chrome/41.0.2272.96 Mobile Safari/537.36 (compatible; Googlebot/2.1; +http://www.google.com/bot.html)"
40.77.167.152 - - [20/Feb/2020:13:09:55 +0100] "GET / HTTP/1.1" 200 606 "-" "Mozilla/5.0 (compatible; bingbot/2.0; +http://www.bing.com/bingbot.htm)"
81.42.208.110 - - [20/Feb/2020:18:39:23 +0100] "GET / HTTP/1.1" 200 606 "https://www.google.com/" "Mozilla/5.0 (Windows NT 6.1; Win64; x64) AppleWebKit/537.36 (KHTML, like Gecko) Chrome/79.0.3945.130 Safari/537.36"
81.42.208.110 - - [20/Feb/2020:18:39:23 +0100] "GET /favicon.ico HTTP/1.1" 200 5739 "http://www.iticsl.es/" "Mozilla/5.0 (Windows NT 6.1; Win64; x64) AppleWebKit/537.36 (KHTML, like Gecko) Chrome/79.0.3945.130 Safari/537.36"
81.42.208.110 - - [20/Feb/2020:18:39:24 +0100] "GET /favicon.ico HTTP/1.1" 200 5740 "http://www.iticsl.es/" "Mozilla/5.0 (Windows NT 6.1; Win64; x64) AppleWebKit/537.36 (KHTML, like Gecko) Chrome/79.0.3945.130 Safari/537.36"
81.42.208.110 - - [20/Feb/2020:18:39:29 +0100] "GET /index.php HTTP/1.1" 200 957 "http://www.iticsl.es/" "Mozilla/5.0 (Windows NT 6.1; Win64; x64) AppleWebKit/537.36 (KHTML, like Gecko) Chrome/79.0.3945.130 Safari/537.36"
54.36.148.243 - - [20/Feb/2020:18:39:57 +0100] "GET /robots.txt HTTP/1.1" 404 353 "-" "Mozilla/5.0 (compatible; AhrefsBot/6.1; +http://ahrefs.com/robot/)"
54.36.150.130 - - [20/Feb/2020:18:39:58 +0100] "GET / HTTP/1.1" 200 550 "-" "Mozilla/5.0 (compatible; AhrefsBot/6.1; +http://ahrefs.com/robot/)"
81.42.208.110 - - [20/Feb/2020:18:41:03 +0100] "GET /index.php HTTP/1.1" 200 957 "http://www.iticsl.es/" "Mozilla/5.0 (Windows NT 6.1; Win64; x64) AppleWebKit/537.36 (KHTML, like Gecko) Chrome/79.0.3945.130 Safari/537.36"
91.121.183.15 - - [20/Feb/2020:20:32:23 +0100] "GET /wp-login.php HTTP/1.1" 404 243 "-" "Mozilla/5.0 (Windows NT 10.0; WOW64) AppleWebKit/537.36 (KHTML, like Gecko) Chrome/46.0.2490.80 Safari/537.36"
91.121.183.15 - - [20/Feb/2020:20:32:45 +0100] "GET /robots.txt HTTP/1.1" 404 372 "-" "Mozilla/5.0 (Windows NT 10.0; WOW64) AppleWebKit/537.36 (KHTML, like Gecko) Chrome/46.0.2490.80 Safari/537.36"
66.249.66.61 - - [21/Feb/2020:05:02:20 +0100] "GET /robots.txt HTTP/1.1" 404 409 "-" "Mozilla/5.0 (compatible; Googlebot/2.1; +http://www.google.com/bot.html)"
66.249.66.57 - - [21/Feb/2020:05:02:20 +0100] "GET / HTTP/1.1" 200 606 "-" "Mozilla/5.0 (compatible; Googlebot/2.1; +http://www.google.com/bot.html)"
66.249.66.147 - - [21/Feb/2020:05:02:21 +0100] "GET /robots.txt HTTP/1.1" 404 409 "-" "Mozilla/5.0 (compatible; Googlebot/2.1; +http://www.google.com/bot.html)"
66.249.66.147 - - [21/Feb/2020:05:02:21 +0100] "GET /index.php HTTP/1.1" 200 956 "-" "Mozilla/5.0 (compatible; Googlebot/2.1; +http://www.google.com/bot.html)"
178.23.211.234 - - [21/Feb/2020:08:46:52 +0100] "GET /index.php HTTP/1.1" 200 957 "-" "Mozilla/5.0 (Windows NT 10.0; Win64; x64) AppleWebKit/537.36 (KHTML, like Gecko) Chrome/79.0.3945.130 Safari/537.36"
178.23.211.234 - - [21/Feb/2020:08:46:53 +0100] "GET /favicon.ico HTTP/1.1" 200 5739 "http://www.iticsl.es/index.php" "Mozilla/5.0 (Windows NT 10.0; Win64; x64) AppleWebKit/537.36 (KHTML, like Gecko) Chrome/79.0.3945.130 Safari/537.36"
178.23.211.234 - - [21/Feb/2020:08:47:13 +0100] "GET /index.php HTTP/1.1" 200 957 "-" "Mozilla/5.0 (Windows NT 10.0; Win64; x64) AppleWebKit/537.36 (KHTML, like Gecko) Chrome/79.0.3945.130 Safari/537.36"
66.249.66.145 - - [21/Feb/2020:09:42:37 +0100] "GET /test/fcgi/test.fcgi?1560124800030 HTTP/1.1" 200 1701 "-" "Mozilla/5.0 (Linux; Android 6.0.1; Nexus 5X Build/MMB29P) AppleWebKit/537.36 (KHTML, like Gecko) Chrome/41.0.2272.96 Mobile Safari/537.36 (compatible; Googlebot/2.1; +http://www.google.com/bot.html)"
66.249.66.143 - - [21/Feb/2020:09:42:40 +0100] "GET /css/style.css HTTP/1.1" 200 7786 "http://www.iticsl.es/test/fcgi/test.fcgi?1560124800030" "Mozilla/5.0 (Linux; Android 6.0.1; Nexus 5X Build/MMB29P) AppleWebKit/537.36 (KHTML, like Gecko) Chrome/79.0.3945.120 Mobile Safari/537.36 (compatible; Googlebot/2.1; +http://www.google.com/bot.html)"
92.204.49.86 - - [21/Feb/2020:12:34:32 +0100] "GET / HTTP/1.1" 200 606 "-" "python-requests/2.22.0"
