59.183.46.33 - - [19/Sep/2026:11:26:20 +0200] "POST /xmlrpc.php HTTP/1.1" 200 5884 "-" "Jetpack by WordPress.com (Jetpack 12.5; WordPress 6.1)"
103.129.135.228 - - [19/Sep/2026:11:26:29 +0200] "POST /xmlrpc.php HTTP/1.1" 200 5884 "-" "Jetpack by WordPress.com"
59.183.46.33 - - [19/Sep/2026:11:26:31 +0200] "POST /xmlrpc.php HTTP/1.1" 200 5868 "-" "Jetpack by WordPress.com"
103.129.135.228 - - [19/Sep/2026:11:26:39 +0200] "POST /xmlrpc.php HTTP/1.1" 200 5884 "-" "Jetpack by WordPress.com"
59.183.46.33 - - [19/Sep/2026:11:26:41 +0200] "POST /xmlrpc.php HTTP/1.1" 200 5900 "-" "Jetpack/12.5; WordPress/6.3; http://site55519623.com"
103.129.135.228 - - [19/Sep/2026:11:26:50 +0200] "POST /xmlrpc.php HTTP/1.1" 200 5884 "-" "Jetpack by WordPress.com"
59.183.46.33 - - [19/Sep/2026:11:26:52 +0200] "POST /xmlrpc.php HTTP/1.1" 200 5868 "-" "Jetpack/12.0; WordPress/6.4; http://site95356883.com"
103.129.135.228 - - [19/Sep/2026:11:27:01 +0200] "POST /xmlrpc.php HTTP/1.1" 200 5868 "-" "Jetpack by WordPress.com"
59.183.46.33 - - [19/Sep/2026:11:27:02 +0200] "POST /xmlrpc.php HTTP/1.1" 200 5884 "-" "Jetpack/12.0; WordPress/6.2; http://site25728750.com"
103.129.135.228 - - [19/Sep/2026:11:27:11 +0200] "POST /xmlrpc.php HTTP/1.1" 200 5884 "-" "Jetpack by WordPress.com"
59.183.46.33 - - [19/Sep/2026:11:27:13 +0200] "POST /xmlrpc.php HTTP/1.1" 200 5884 "-" "Jetpack by WordPress.com"
103.129.135.228 - - [19/Sep/2026:11:27:22 +0200] "POST /xmlrpc.php HTTP/1.1" 200 5900 "-" "Jetpack by WordPress.com"
62.83.32.159 - - [19/Sep/2026:11:27:23 +0200] "GET /robots.txt HTTP/1.1" 200 5695 "-" "tphotobot/0.1 (+https://crawler.estidraft.com/bot)"
59.183.46.33 - - [19/Sep/2026:11:27:23 +0200] "POST /xmlrpc.php HTTP/1.1" 200 5868 "-" "WordPress.com; https://wordpress.com"
103.129.135.228 - - [19/Sep/2026:11:27:33 +0200] "POST /xmlrpc.php HTTP/1.1" 200 5884 "-" "Jetpack by WordPress.com (Jetpack 12.1; WordPress 6.3)"
59.183.46.33 - - [19/Sep/2026:11:27:34 +0200] "POST /xmlrpc.php HTTP/1.1" 200 5884 "-" "Jetpack/12.0; WordPress/6.4; http://site61696399.com"
103.129.135.228 - - [19/Sep/2026:11:27:43 +0200] "POST /xmlrpc.php HTTP/1.1" 200 5884 "-" "Jetpack by WordPress.com (Jetpack 13.0; WordPress 6.4)"
59.183.46.33 - - [19/Sep/2026:11:27:45 +0200] "POST /xmlrpc.php HTTP/1.1" 200 5884 "-" "Jetpack/12.1; WordPress/6.1; http://site49419818.com"
103.129.135.228 - - [19/Sep/2026:11:27:54 +0200] "POST /xmlrpc.php HTTP/1.1" 200 5884 "-" "WordPress.com; https://wordpress.com"
59.183.46.33 - - [19/Sep/2026:11:27:55 +0200] "POST /xmlrpc.php HTTP/1.1" 200 5884 "-" "Jetpack/12.5; WordPress/6.1; http://site93981729.com"
103.129.135.228 - - [19/Sep/2026:11:28:04 +0200] "POST /xmlrpc.php HTTP/1.1" 200 5868 "-" "WordPress.com; https://wordpress.com"
59.183.46.33 - - [19/Sep/2026:11:28:06 +0200] "POST /xmlrpc.php HTTP/1.1" 200 5868 "-" "Jetpack/12.5; WordPress/6.2; http://site70142239.com"
103.129.135.228 - - [19/Sep/2026:11:28:15 +0200] "POST /xmlrpc.php HTTP/1.1" 200 5868 "-" "Jetpack by WordPress.com (Jetpack 12.1; WordPress 6.3)"
59.183.46.33 - - [19/Sep/2026:11:28:17 +0200] "POST /xmlrpc.php HTTP/1.1" 200 5884 "-" "Jetpack by WordPress.com"
103.129.135.228 - - [19/Sep/2026:11:28:26 +0200] "POST /xmlrpc.php HTTP/1.1" 200 5884 "-" "Jetpack by WordPress.com"
59.183.46.33 - - [19/Sep/2026:11:28:27 +0200] "POST /xmlrpc.php HTTP/1.1" 200 5900 "-" "Jetpack by WordPress.com (Jetpack 12.5; WordPress 6.4)"
103.129.135.228 - - [19/Sep/2026:11:28:36 +0200] "POST /xmlrpc.php HTTP/1.1" 200 5884 "-" "Jetpack by WordPress.com"
59.183.46.33 - - [19/Sep/2026:11:28:37 +0200] "POST /xmlrpc.php HTTP/1.1" 200 5868 "-" "Jetpack by WordPress.com (Jetpack 12.0; WordPress 6.1)"
103.129.135.228 - - [19/Sep/2026:11:28:47 +0200] "POST /xmlrpc.php HTTP/1.1" 200 5884 "-" "Jetpack by WordPress.com"
59.183.46.33 - - [19/Sep/2026:11:28:48 +0200] "POST /xmlrpc.php HTTP/1.1" 200 5868 "-" "Jetpack/12.1; WordPress/6.4; http://site74975375.com"
51.195.215.180 - - [19/Sep/2026:11:28:50 +0200] "GET /sitemap_index.xml HTTP/1.1" 200 7554 "-" "Mozilla/5.0 (compatible; AhrefsBot/7.0; +http://ahrefs.com/robot/)"
103.129.135.228 - - [19/Sep/2026:11:28:58 +0200] "POST /xmlrpc.php HTTP/1.1" 200 5884 "-" "Jetpack by WordPress.com"
198.244.168.30 - - [19/Sep/2026:11:28:56 +0200] "GET /post-sitemap.xml HTTP/1.1" 200 152623 "-" "Mozilla/5.0 (compatible; AhrefsBot/7.0; +http://ahrefs.com/robot/)"
59.183.46.33 - - [19/Sep/2026:11:28:58 +0200] "POST /xmlrpc.php HTTP/1.1" 200 5868 "-" "Jetpack by WordPress.com"
198.244.242.26 - - [19/Sep/2026:11:28:59 +0200] "GET /post-sitemap2.xml HTTP/1.1" 200 149703 "-" "Mozilla/5.0 (compatible; AhrefsBot/7.0; +http://ahrefs.com/robot/)"
198.244.226.201 - - [19/Sep/2026:11:29:01 +0200] "GET /post-sitemap3.xml HTTP/1.1" 200 149721 "-" "Mozilla/5.0 (compatible; AhrefsBot/7.0; +http://ahrefs.com/robot/)"
198.244.240.218 - - [19/Sep/2026:11:29:03 +0200] "GET /post-sitemap4.xml HTTP/1.1" 200 150148 "-" "Mozilla/5.0 (compatible; AhrefsBot/7.0; +http://ahrefs.com/robot/)"
198.244.183.164 - - [19/Sep/2026:11:29:04 +0200] "GET /category/uncategorized/ HTTP/1.1" 200 36653 "-" "Mozilla/5.0 (compatible; AhrefsBot/7.0; +http://ahrefs.com/robot/)"
198.244.168.111 - - [19/Sep/2026:11:29:05 +0200] "GET /post-sitemap5.xml HTTP/1.1" 200 149694 "-" "Mozilla/5.0 (compatible; AhrefsBot/7.0; +http://ahrefs.com/robot/)"
51.195.183.32 - - [19/Sep/2026:11:29:07 +0200] "GET /post-sitemap6.xml HTTP/1.1" 200 132163 "-" "Mozilla/5.0 (compatible; AhrefsBot/7.0; +http://ahrefs.com/robot/)"
103.129.135.228 - - [19/Sep/2026:11:29:08 +0200] "POST /xmlrpc.php HTTP/1.1" 200 5868 "-" "Jetpack by WordPress.com"
51.195.215.115 - - [19/Sep/2026:11:29:09 +0200] "GET /page-sitemap.xml HTTP/1.1" 200 9786 "-" "Mozilla/5.0 (compatible; AhrefsBot/7.0; +http://ahrefs.com/robot/)"
59.183.46.33 - - [19/Sep/2026:11:29:09 +0200] "POST /xmlrpc.php HTTP/1.1" 200 5868 "-" "Jetpack/13.0; WordPress/6.3; http://site88395371.com"
51.89.129.166 - - [19/Sep/2026:11:29:10 +0200] "GET /jdsportfolio-sitemap.xml HTTP/1.1" 200 9151 "-" "Mozilla/5.0 (compatible; AhrefsBot/7.0; +http://ahrefs.com/robot/)"
198.244.183.249 - - [19/Sep/2026:11:29:11 +0200] "GET /category-sitemap.xml HTTP/1.1" 200 136240 "-" "Mozilla/5.0 (compatible; AhrefsBot/7.0; +http://ahrefs.com/robot/)"
198.244.183.28 - - [19/Sep/2026:11:29:12 +0200] "GET /category-sitemap2.xml HTTP/1.1" 200 136624 "-" "Mozilla/5.0 (compatible; AhrefsBot/7.0; +http://ahrefs.com/robot/)"
54.38.147.206 - - [19/Sep/2026:11:29:14 +0200] "GET /category-sitemap3.xml HTTP/1.1" 200 136677 "-" "Mozilla/5.0 (compatible; AhrefsBot/7.0; +http://ahrefs.com/robot/)"
198.244.183.213 - - [19/Sep/2026:11:29:15 +0200] "GET /category-sitemap4.xml HTTP/1.1" 200 138079 "-" "Mozilla/5.0 (compatible; AhrefsBot/7.0; +http://ahrefs.com/robot/)"
51.89.129.145 - - [19/Sep/2026:11:29:17 +0200] "GET /category-sitemap5.xml HTTP/1.1" 200 98934 "-" "Mozilla/5.0 (compatible; AhrefsBot/7.0; +http://ahrefs.com/robot/)"
198.244.240.251 - - [19/Sep/2026:11:29:18 +0200] "GET /jds_categories-sitemap.xml HTTP/1.1" 200 6302 "-" "Mozilla/5.0 (compatible; AhrefsBot/7.0; +http://ahrefs.com/robot/)"
198.244.183.49 - - [19/Sep/2026:11:29:19 +0200] "GET /author-sitemap.xml HTTP/1.1" 200 6149 "-" "Mozilla/5.0 (compatible; AhrefsBot/7.0; +http://ahrefs.com/robot/)"
103.129.135.228 - - [19/Sep/2026:11:29:19 +0200] "POST /xmlrpc.php HTTP/1.1" 200 5868 "-" "Jetpack/12.1; WordPress/6.2; http://site71125809.com"
59.183.46.33 - - [19/Sep/2026:11:29:19 +0200] "POST /xmlrpc.php HTTP/1.1" 200 5884 "-" "Jetpack by WordPress.com (Jetpack 13.0; WordPress 6.3)"
198.244.168.71 - - [19/Sep/2026:11:29:22 +0200] "GET /category/afroromance-berpr-fung-2/ HTTP/1.1" 200 36846 "-" "Mozilla/5.0 (compatible; AhrefsBot/7.0; +http://ahrefs.com/robot/)"
103.129.135.228 - - [19/Sep/2026:11:29:30 +0200] "POST /xmlrpc.php HTTP/1.1" 200 5884 "-" "Jetpack/12.1; WordPress/6.1; http://site27152225.com"
59.183.46.33 - - [19/Sep/2026:11:29:30 +0200] "POST /xmlrpc.php HTTP/1.1" 200 5884 "-" "Jetpack by WordPress.com (Jetpack 12.5; WordPress 6.4)"
85.208.96.204 - - [19/Sep/2026:11:29:34 +0200] "GET /this-is-the-umich-college-student-yourll-look-for/contacto HTTP/1.1" 301 5570 "-" "Mozilla/5.0 (compatible; SemrushBot/7~bl; +http://www.semrush.com/bot.html)"
198.244.242.186 - - [19/Sep/2026:11:29:38 +0200] "GET /category/be2-meet-2/ HTTP/1.1" 200 36391 "-" "Mozilla/5.0 (compatible; AhrefsBot/7.0; +http://ahrefs.com/robot/)"
103.129.135.228 - - [19/Sep/2026:11:29:40 +0200] "POST /xmlrpc.php HTTP/1.1" 200 5868 "-" "Jetpack by WordPress.com"
59.183.46.33 - - [19/Sep/2026:11:29:41 +0200] "POST /xmlrpc.php HTTP/1.1" 200 5884 "-" "Jetpack by WordPress.com (Jetpack 13.0; WordPress 6.2)"
103.129.135.228 - - [19/Sep/2026:11:29:51 +0200] "POST /xmlrpc.php HTTP/1.1" 200 5884 "-" "Jetpack by WordPress.com"
59.183.46.33 - - [19/Sep/2026:11:29:51 +0200] "POST /xmlrpc.php HTTP/1.1" 200 5884 "-" "Jetpack by WordPress.com"
198.244.242.24 - - [19/Sep/2026:11:29:54 +0200] "GET /category/duchovni-datovani-lokalit-telefonni-cislo-2/ HTTP/1.1" 200 36931 "-" "Mozilla/5.0 (compatible; AhrefsBot/7.0; +http://ahrefs.com/robot/)"
17.166.155.111 - - [19/Sep/2026:11:30:00 +0200] "GET /category/sugar-daddies-usa-oh-sugar-daddy-sites-2/politica-de-cookies HTTP/1.1" 404 36550 "-" "Mozilla/5.0 (Macintosh; Intel Mac OS X 10_15_7) AppleWebKit/605.1.15 (KHTML, like Gecko) Version/17.4 Safari/605.1.15 (Applebot/0.1; +http://www.apple.com/go/applebot)"
103.129.135.228 - - [19/Sep/2026:11:30:01 +0200] "POST /xmlrpc.php HTTP/1.1" 200 5900 "-" "WordPress.com; https://wordpress.com"
59.183.46.33 - - [19/Sep/2026:11:30:02 +0200] "POST /xmlrpc.php HTTP/1.1" 200 5884 "-" "Jetpack by WordPress.com (Jetpack 12.5; WordPress 6.4)"
17.166.154.99 - - [19/Sep/2026:11:30:02 +0200] "GET /category/feabie-servicio-al-cliente-2/nosotros HTTP/1.1" 404 36550 "-" "Mozilla/5.0 (Macintosh; Intel Mac OS X 10_15_7) AppleWebKit/605.1.15 (KHTML, like Gecko) Version/17.4 Safari/605.1.15 (Applebot/0.1; +http://www.apple.com/go/applebot)"
103.129.135.228 - - [19/Sep/2026:11:30:12 +0200] "POST /xmlrpc.php HTTP/1.1" 200 5884 "-" "Jetpack by WordPress.com"
59.183.46.33 - - [19/Sep/2026:11:30:12 +0200] "POST /xmlrpc.php HTTP/1.1" 200 5884 "-" "Jetpack by WordPress.com"
51.89.129.193 - - [19/Sep/2026:11:30:16 +0200] "GET /category/feeld-indir-2/ HTTP/1.1" 200 36504 "-" "Mozilla/5.0 (compatible; AhrefsBot/7.0; +http://ahrefs.com/robot/)"
103.129.135.228 - - [19/Sep/2026:11:30:23 +0200] "POST /xmlrpc.php HTTP/1.1" 200 5884 "-" "WordPress.com; https://wordpress.com"
59.183.46.33 - - [19/Sep/2026:11:30:23 +0200] "POST /xmlrpc.php HTTP/1.1" 200 5884 "-" "Jetpack by WordPress.com (Jetpack 12.0; WordPress 6.4)"
17.166.23.190 - - [19/Sep/2026:11:30:24 +0200] "GET /politica-de-privacidad/ HTTP/1.1" 200 37406 "-" "Mozilla/5.0 (Macintosh; Intel Mac OS X 10_15_7) AppleWebKit/605.1.15 (KHTML, like Gecko) Version/17.4 Safari/605.1.15 (Applebot/0.1; +http://www.apple.com/go/applebot)"
51.89.129.19 - - [19/Sep/2026:11:30:32 +0200] "GET /category/first-title-loans-2/ HTTP/1.1" 200 36628 "-" "Mozilla/5.0 (compatible; AhrefsBot/7.0; +http://ahrefs.com/robot/)"
59.183.46.33 - - [19/Sep/2026:11:30:33 +0200] "POST /xmlrpc.php HTTP/1.1" 200 5884 "-" "Jetpack by WordPress.com (Jetpack 12.0; WordPress 6.3)"
103.129.135.228 - - [19/Sep/2026:11:30:33 +0200] "POST /xmlrpc.php HTTP/1.1" 200 5900 "-" "Jetpack by WordPress.com (Jetpack 13.0; WordPress 6.2)"
59.183.46.33 - - [19/Sep/2026:11:30:44 +0200] "POST /xmlrpc.php HTTP/1.1" 200 5868 "-" "Jetpack/12.5; WordPress/6.4; http://site12510037.com"
103.129.135.228 - - [19/Sep/2026:11:30:44 +0200] "POST /xmlrpc.php HTTP/1.1" 200 5884 "-" "Jetpack/13.0; WordPress/6.1; http://site57963669.com"
51.89.129.36 - - [19/Sep/2026:11:30:47 +0200] "GET /category/installment-loans-bad-credit-2/ HTTP/1.1" 200 36698 "-" "Mozilla/5.0 (compatible; AhrefsBot/7.0; +http://ahrefs.com/robot/)"
59.183.46.33 - - [19/Sep/2026:11:30:54 +0200] "POST /xmlrpc.php HTTP/1.1" 200 5900 "-" "Jetpack by WordPress.com (Jetpack 12.5; WordPress 6.1)"
103.129.135.228 - - [19/Sep/2026:11:30:55 +0200] "POST /xmlrpc.php HTTP/1.1" 200 5900 "-" "Jetpack by WordPress.com"
54.38.147.145 - - [19/Sep/2026:11:31:02 +0200] "GET /category/only-lads-visitors-2/ HTTP/1.1" 200 36521 "-" "Mozilla/5.0 (compatible; AhrefsBot/7.0; +http://ahrefs.com/robot/)"
59.183.46.33 - - [19/Sep/2026:11:31:05 +0200] "POST /xmlrpc.php HTTP/1.1" 200 5884 "-" "Jetpack/13.0; WordPress/6.2; http://site46511070.com"
103.129.135.228 - - [19/Sep/2026:11:31:05 +0200] "POST /xmlrpc.php HTTP/1.1" 200 5884 "-" "WordPress.com; https://wordpress.com"
59.183.46.33 - - [19/Sep/2026:11:31:16 +0200] "POST /xmlrpc.php HTTP/1.1" 200 5900 "-" "Jetpack by WordPress.com (Jetpack 12.5; WordPress 6.4)"
103.129.135.228 - - [19/Sep/2026:11:31:16 +0200] "POST /xmlrpc.php HTTP/1.1" 200 5884 "-" "WordPress.com; https://wordpress.com"
54.38.147.89 - - [19/Sep/2026:11:31:18 +0200] "GET /category/clover-come-funziona/ HTTP/1.1" 200 36609 "-" "Mozilla/5.0 (compatible; AhrefsBot/7.0; +http://ahrefs.com/robot/)"
59.183.46.33 - - [19/Sep/2026:11:31:26 +0200] "POST /xmlrpc.php HTTP/1.1" 200 5884 "-" "Jetpack by WordPress.com (Jetpack 12.5; WordPress 6.2)"
103.129.135.228 - - [19/Sep/2026:11:31:27 +0200] "POST /xmlrpc.php HTTP/1.1" 200 5884 "-" "Jetpack by WordPress.com (Jetpack 12.1; WordPress 6.3)"
198.244.183.136 - - [19/Sep/2026:11:31:35 +0200] "GET /category/thousand-oaks-escort-service-2/ HTTP/1.1" 200 36680 "-" "Mozilla/5.0 (compatible; AhrefsBot/7.0; +http://ahrefs.com/robot/)"
59.183.46.33 - - [19/Sep/2026:11:31:37 +0200] "POST /xmlrpc.php HTTP/1.1" 200 5884 "-" "WordPress.com; https://wordpress.com"
103.129.135.228 - - [19/Sep/2026:11:31:37 +0200] "POST /xmlrpc.php HTTP/1.1" 200 5884 "-" "Jetpack by WordPress.com (Jetpack 13.0; WordPress 6.4)"
59.183.46.33 - - [19/Sep/2026:11:31:47 +0200] "POST /xmlrpc.php HTTP/1.1" 200 5884 "-" "Jetpack/13.0; WordPress/6.3; http://site93995944.com"
103.129.135.228 - - [19/Sep/2026:11:31:48 +0200] "POST /xmlrpc.php HTTP/1.1" 200 5884 "-" "Jetpack by WordPress.com"
17.166.21.9 - - [19/Sep/2026:11:31:53 +0200] "GET /category/2-deposit-online-gambling-2/politica-de-privacidad HTTP/1.1" 404 36566 "-" "Mozilla/5.0 (Macintosh; Intel Mac OS X 10_15_7) AppleWebKit/605.1.15 (KHTML, like Gecko) Version/17.4 Safari/605.1.15 (Applebot/0.1; +http://www.apple.com/go/applebot)"
198.244.168.211 - - [19/Sep/2026:11:31:53 +0200] "GET /category/passion-kortingscode-2/ HTTP/1.1" 200 36834 "-" "Mozilla/5.0 (compatible; AhrefsBot/7.0; +http://ahrefs.com/robot/)"
59.183.46.33 - - [19/Sep/2026:11:31:58 +0200] "POST /xmlrpc.php HTTP/1.1" 200 5884 "-" "WordPress.com; https://wordpress.com"
103.129.135.228 - - [19/Sep/2026:11:31:59 +0200] "POST /xmlrpc.php HTTP/1.1" 200 5868 "-" "Jetpack by WordPress.com"
59.183.46.33 - - [19/Sep/2026:11:32:09 +0200] "POST /xmlrpc.php HTTP/1.1" 200 5868 "-" "Jetpack by WordPress.com (Jetpack 12.5; WordPress 6.2)"
103.129.135.228 - - [19/Sep/2026:11:32:09 +0200] "POST /xmlrpc.php HTTP/1.1" 200 5868 "-" "Jetpack by WordPress.com"
51.195.244.50 - - [19/Sep/2026:11:32:11 +0200] "GET /category/yubo-review-2/ HTTP/1.1" 200 36600 "-" "Mozilla/5.0 (compatible; AhrefsBot/7.0; +http://ahrefs.com/robot/)"
17.166.23.75 - - [19/Sep/2026:11:32:18 +0200] "GET /category/hinge-inceleme-buraya-t-klama-2/adjudicaciones HTTP/1.1" 404 36550 "-" "Mozilla/5.0 (Macintosh; Intel Mac OS X 10_15_7) AppleWebKit/605.1.15 (KHTML, like Gecko) Version/17.4 Safari/605.1.15 (Applebot/0.1; +http://www.apple.com/go/applebot)"
59.183.46.33 - - [19/Sep/2026:11:32:19 +0200] "POST /xmlrpc.php HTTP/1.1" 200 5884 "-" "Jetpack by WordPress.com (Jetpack 12.1; WordPress 6.4)"
103.129.135.228 - - [19/Sep/2026:11:32:20 +0200] "POST /xmlrpc.php HTTP/1.1" 200 5884 "-" "Jetpack/12.5; WordPress/6.2; http://site50098503.com"
51.195.215.223 - - [19/Sep/2026:11:32:29 +0200] "GET /category/321chat-nedir-2/ HTTP/1.1" 200 36435 "-" "Mozilla/5.0 (compatible; AhrefsBot/7.0; +http://ahrefs.com/robot/)"
59.183.46.33 - - [19/Sep/2026:11:32:30 +0200] "POST /xmlrpc.php HTTP/1.1" 200 5884 "-" "Jetpack by WordPress.com"
103.129.135.228 - - [19/Sep/2026:11:32:31 +0200] "POST /xmlrpc.php HTTP/1.1" 200 5884 "-" "WordPress.com; https://wordpress.com"
59.183.46.33 - - [19/Sep/2026:11:32:40 +0200] "POST /xmlrpc.php HTTP/1.1" 200 5884 "-" "Jetpack by WordPress.com (Jetpack 13.0; WordPress 6.4)"
103.129.135.228 - - [19/Sep/2026:11:32:41 +0200] "POST /xmlrpc.php HTTP/1.1" 200 5868 "-" "Jetpack by WordPress.com (Jetpack 12.5; WordPress 6.1)"
51.195.215.173 - - [19/Sep/2026:11:32:46 +0200] "GET /category/myladyboydate-reviews/ HTTP/1.1" 200 36912 "-" "Mozilla/5.0 (compatible; AhrefsBot/7.0; +http://ahrefs.com/robot/)"
216.73.217.126 - - [19/Sep/2026:11:32:51 +0200] "GET /robots.txt HTTP/1.1" 200 5695 "-" "Mozilla/5.0 (Macintosh; Intel Mac OS X 10_15_7) AppleWebKit/537.36 (KHTML, like Gecko) Chrome/131.0.0.0 Safari/537.36; ClaudeBot/1.0; +claudebot@anthropic.com)"
59.183.46.33 - - [19/Sep/2026:11:32:51 +0200] "POST /xmlrpc.php HTTP/1.1" 200 5900 "-" "Jetpack by WordPress.com"
216.73.217.126 - - [19/Sep/2026:11:32:51 +0200] "GET /wallace-of-murrells-inlet-and-you-may-cathy-h-2/ HTTP/1.1" 200 42933 "-" "Mozilla/5.0 (Macintosh; Intel Mac OS X 10_15_7) AppleWebKit/537.36 (KHTML, like Gecko) Chrome/131.0.0.0 Safari/537.36; ClaudeBot/1.0; +claudebot@anthropic.com)"
103.129.135.228 - - [19/Sep/2026:11:32:52 +0200] "POST /xmlrpc.php HTTP/1.1" 200 5868 "-" "Jetpack by WordPress.com"
59.183.46.33 - - [19/Sep/2026:11:33:01 +0200] "POST /xmlrpc.php HTTP/1.1" 200 5868 "-" "Jetpack/12.1; WordPress/6.4; http://site60355861.com"
103.129.135.228 - - [19/Sep/2026:11:33:03 +0200] "POST /xmlrpc.php HTTP/1.1" 200 5884 "-" "Jetpack/13.0; WordPress/6.2; http://site70006732.com"
198.244.183.68 - - [19/Sep/2026:11:33:03 +0200] "GET /category/online-payday-loans-fast/ HTTP/1.1" 200 36685 "-" "Mozilla/5.0 (compatible; AhrefsBot/7.0; +http://ahrefs.com/robot/)"
59.183.46.33 - - [19/Sep/2026:11:33:12 +0200] "POST /xmlrpc.php HTTP/1.1" 200 5868 "-" "Jetpack by WordPress.com"
103.129.135.228 - - [19/Sep/2026:11:33:13 +0200] "POST /xmlrpc.php HTTP/1.1" 200 5868 "-" "Jetpack/13.0; WordPress/6.1; http://site99222191.com"
198.244.242.234 - - [19/Sep/2026:11:33:19 +0200] "GET /category/the-adult-hub-kosten-2/ HTTP/1.1" 200 36597 "-" "Mozilla/5.0 (compatible; AhrefsBot/7.0; +http://ahrefs.com/robot/)"
59.183.46.33 - - [19/Sep/2026:11:33:22 +0200] "POST /xmlrpc.php HTTP/1.1" 200 5884 "-" "WordPress.com; https://wordpress.com"
103.129.135.228 - - [19/Sep/2026:11:33:24 +0200] "POST /xmlrpc.php HTTP/1.1" 200 5900 "-" "Jetpack by WordPress.com (Jetpack 12.1; WordPress 6.3)"
59.183.46.33 - - [19/Sep/2026:11:33:33 +0200] "POST /xmlrpc.php HTTP/1.1" 200 5868 "-" "WordPress.com; https://wordpress.com"
51.195.244.43 - - [19/Sep/2026:11:33:34 +0200] "GET /category/unsecured-installment-loans-2/ HTTP/1.1" 200 37109 "-" "Mozilla/5.0 (compatible; AhrefsBot/7.0; +http://ahrefs.com/robot/)"
103.129.135.228 - - [19/Sep/2026:11:33:34 +0200] "POST /xmlrpc.php HTTP/1.1" 200 5884 "-" "WordPress.com; https://wordpress.com"
77.75.77.36 - - [19/Sep/2026:11:33:38 +0200] "GET /category/vietnamese-free-lesbian-dating-websites-2/ HTTP/1.1" 200 37194 "-" "Mozilla/5.0 (compatible; SeznamBot/4.0; +https://o-seznam.cz/napoveda/vyhledavani/en/seznambot-crawler/)"
17.166.25.30 - - [19/Sep/2026:11:33:41 +0200] "GET /category/meetic-usa-review-2/politica-de-privacidad HTTP/1.1" 404 36534 "-" "Mozilla/5.0 (Macintosh; Intel Mac OS X 10_15_7) AppleWebKit/605.1.15 (KHTML, like Gecko) Version/17.4 Safari/605.1.15 (Applebot/0.1; +http://www.apple.com/go/applebot)"
59.183.46.33 - - [19/Sep/2026:11:33:44 +0200] "POST /xmlrpc.php HTTP/1.1" 200 5900 "-" "Jetpack by WordPress.com (Jetpack 12.5; WordPress 6.3)"
103.129.135.228 - - [19/Sep/2026:11:33:45 +0200] "POST /xmlrpc.php HTTP/1.1" 200 5884 "-" "Jetpack by WordPress.com (Jetpack 12.0; WordPress 6.3)"
51.195.183.0 - - [19/Sep/2026:11:33:48 +0200] "GET /category/writing-a-scientific-research-paper/ HTTP/1.1" 200 36934 "-" "Mozilla/5.0 (compatible; AhrefsBot/7.0; +http://ahrefs.com/robot/)"
59.183.46.33 - - [19/Sep/2026:11:33:54 +0200] "POST /xmlrpc.php HTTP/1.1" 200 5868 "-" "Jetpack/12.0; WordPress/6.2; http://site41126247.com"
103.129.135.228 - - [19/Sep/2026:11:33:56 +0200] "POST /xmlrpc.php HTTP/1.1" 200 5868 "-" "Jetpack/12.0; WordPress/6.4; http://site93127676.com"
54.38.147.186 - - [19/Sep/2026:11:34:02 +0200] "GET /category/ardent-aplicacion-para-ligar-2/ HTTP/1.1" 200 36990 "-" "Mozilla/5.0 (compatible; AhrefsBot/7.0; +http://ahrefs.com/robot/)"
59.183.46.33 - - [19/Sep/2026:11:34:05 +0200] "POST /xmlrpc.php HTTP/1.1" 200 5884 "-" "Jetpack by WordPress.com"
103.129.135.228 - - [19/Sep/2026:11:34:06 +0200] "POST /xmlrpc.php HTTP/1.1" 200 5900 "-" "WordPress.com; https://wordpress.com"
209.141.37.195 - - [19/Sep/2026:11:34:11 +0200] "GET /wp-login.php HTTP/1.1" 200 13783 "-" "Mozilla/5.0 (Windows NT 6.1; WOW64; rv:24.0) Gecko/20100101 Firefox/24.0"
209.141.37.195 - - [19/Sep/2026:11:34:11 +0200] "POST /wp-login.php HTTP/1.1" 200 14196 "-" "Mozilla/5.0 (Windows NT 6.1; WOW64; rv:24.0) Gecko/20100101 Firefox/24.0"
59.183.46.33 - - [19/Sep/2026:11:34:15 +0200] "POST /xmlrpc.php HTTP/1.1" 200 5900 "-" "Jetpack by WordPress.com (Jetpack 12.5; WordPress 6.3)"
103.129.135.228 - - [19/Sep/2026:11:34:17 +0200] "POST /xmlrpc.php HTTP/1.1" 200 5884 "-" "Jetpack by WordPress.com"
198.244.242.143 - - [19/Sep/2026:11:34:17 +0200] "GET /category/bookofmatches-inceleme-yorumlar/ HTTP/1.1" 200 36847 "-" "Mozilla/5.0 (compatible; AhrefsBot/7.0; +http://ahrefs.com/robot/)"
59.183.46.33 - - [19/Sep/2026:11:34:26 +0200] "POST /xmlrpc.php HTTP/1.1" 200 5900 "-" "Jetpack by WordPress.com (Jetpack 12.0; WordPress 6.4)"
103.129.135.228 - - [19/Sep/2026:11:34:28 +0200] "POST /xmlrpc.php HTTP/1.1" 200 5884 "-" "WordPress.com; https://wordpress.com"
62.83.34.236 - - [19/Sep/2026:11:34:35 +0200] "GET /robots.txt HTTP/1.1" 200 5663 "-" "tphotobot/0.1 (+https://crawler.estidraft.com/bot)"
198.244.242.238 - - [19/Sep/2026:11:34:37 +0200] "GET /category/citas-hindu-espa-a/ HTTP/1.1" 200 36815 "-" "Mozilla/5.0 (compatible; AhrefsBot/7.0; +http://ahrefs.com/robot/)"
59.183.46.33 - - [19/Sep/2026:11:34:37 +0200] "POST /xmlrpc.php HTTP/1.1" 200 5884 "-" "Jetpack by WordPress.com"
103.129.135.228 - - [19/Sep/2026:11:34:38 +0200] "POST /xmlrpc.php HTTP/1.1" 200 5884 "-" "WordPress.com; https://wordpress.com"
59.183.46.33 - - [19/Sep/2026:11:34:47 +0200] "POST /xmlrpc.php HTTP/1.1" 200 5884 "-" "Jetpack/12.5; WordPress/6.3; http://site83309396.com"
103.129.135.228 - - [19/Sep/2026:11:34:49 +0200] "POST /xmlrpc.php HTTP/1.1" 200 5884 "-" "Jetpack by WordPress.com (Jetpack 13.0; WordPress 6.1)"
198.244.240.47 - - [19/Sep/2026:11:34:53 +0200] "GET /category/dating-for-seniors-recenze-mobilng-strg%D1%9Enka-118/ HTTP/1.1" 200 37239 "-" "Mozilla/5.0 (compatible; AhrefsBot/7.0; +http://ahrefs.com/robot/)"
216.73.217.135 - - [19/Sep/2026:11:34:57 +0200] "GET /secured-finance-aren-t-dischargeable-if-you-do-not/medio-ambiente HTTP/1.1" 301 5560 "-" "Mozilla/5.0 AppleWebKit/537.36 (KHTML, like Gecko; compatible; ClaudeBot/1.0; +claudebot@anthropic.com)"
216.73.217.135 - - [19/Sep/2026:11:34:57 +0200] "GET /medio-ambiente/ HTTP/1.1" 200 35047 "https://gessing.es/secured-finance-aren-t-dischargeable-if-you-do-not/medio-ambiente" "Mozilla/5.0 AppleWebKit/537.36 (KHTML, like Gecko; compatible; ClaudeBot/1.0; +claudebot@anthropic.com)"
59.183.46.33 - - [19/Sep/2026:11:34:57 +0200] "POST /xmlrpc.php HTTP/1.1" 200 5884 "-" "WordPress.com; https://wordpress.com"
103.129.135.228 - - [19/Sep/2026:11:35:00 +0200] "POST /xmlrpc.php HTTP/1.1" 200 5900 "-" "Jetpack/12.5; WordPress/6.2; http://site74815989.com"
59.183.46.33 - - [19/Sep/2026:11:35:08 +0200] "POST /xmlrpc.php HTTP/1.1" 200 5884 "-" "Jetpack/12.1; WordPress/6.4; http://site58144214.com"
198.244.242.47 - - [19/Sep/2026:11:35:08 +0200] "GET /category/heterosexual-free-transgender-dating-websites-2/ HTTP/1.1" 200 37070 "-" "Mozilla/5.0 (compatible; AhrefsBot/7.0; +http://ahrefs.com/robot/)"
103.129.135.228 - - [19/Sep/2026:11:35:10 +0200] "POST /xmlrpc.php HTTP/1.1" 200 5900 "-" "WordPress.com; https://wordpress.com"
59.183.46.33 - - [19/Sep/2026:11:35:19 +0200] "POST /xmlrpc.php HTTP/1.1" 200 5884 "-" "WordPress.com; https://wordpress.com"
216.73.217.135 - - [19/Sep/2026:11:35:19 +0200] "GET /secured-finance-aren-t-dischargeable-if-you-do-not/nosotros HTTP/1.1" 301 5554 "-" "Mozilla/5.0 AppleWebKit/537.36 (KHTML, like Gecko; compatible; ClaudeBot/1.0; +claudebot@anthropic.com)"
216.73.217.135 - - [19/Sep/2026:11:35:19 +0200] "GET /nosotros/ HTTP/1.1" 200 35908 "https://gessing.es/secured-finance-aren-t-dischargeable-if-you-do-not/nosotros" "Mozilla/5.0 AppleWebKit/537.36 (KHTML, like Gecko; compatible; ClaudeBot/1.0; +claudebot@anthropic.com)"
103.129.135.228 - - [19/Sep/2026:11:35:21 +0200] "POST /xmlrpc.php HTTP/1.1" 200 5900 "-" "Jetpack by WordPress.com"
198.244.240.232 - - [19/Sep/2026:11:35:22 +0200] "GET /category/jaumo-reviews-2/ HTTP/1.1" 200 36501 "-" "Mozilla/5.0 (compatible; AhrefsBot/7.0; +http://ahrefs.com/robot/)"
59.183.46.33 - - [19/Sep/2026:11:35:29 +0200] "POST /xmlrpc.php HTTP/1.1" 200 5884 "-" "WordPress.com; https://wordpress.com"
103.129.135.228 - - [19/Sep/2026:11:35:31 +0200] "POST /xmlrpc.php HTTP/1.1" 200 5868 "-" "Jetpack by WordPress.com"
198.244.226.60 - - [19/Sep/2026:11:35:37 +0200] "GET /category/military-cupid-pc-2/ HTTP/1.1" 200 36733 "-" "Mozilla/5.0 (compatible; AhrefsBot/7.0; +http://ahrefs.com/robot/)"
89.248.107.232 - - [19/Sep/2026:11:35:40 +0200] "POST /wp-cron.php?doing_wp_cron=1789810539.9029419422149658203125 HTTP/1.1" 200 5489 "https://gessing.es/wp-cron.php?doing_wp_cron=1789810539.9029419422149658203125" "WordPress/6.1.13; https://gessing.es"
17.166.21.53 - - [19/Sep/2026:11:35:39 +0200] "GET /you-will-want-to-set-down-everything-worth/politica-de-privacidad HTTP/1.1" 301 5584 "-" "Mozilla/5.0 (Macintosh; Intel Mac OS X 10_15_7) AppleWebKit/605.1.15 (KHTML, like Gecko) Version/17.4 Safari/605.1.15 (Applebot/0.1; +http://www.apple.com/go/applebot)"
59.183.46.33 - - [19/Sep/2026:11:35:40 +0200] "POST /xmlrpc.php HTTP/1.1" 200 5900 "-" "WordPress.com; https://wordpress.com"
17.166.21.53 - - [19/Sep/2026:11:35:40 +0200] "GET /politica-de-privacidad/ HTTP/1.1" 200 37390 "-" "Mozilla/5.0 (Macintosh; Intel Mac OS X 10_15_7) AppleWebKit/605.1.15 (KHTML, like Gecko) Version/17.4 Safari/605.1.15 (Applebot/0.1; +http://www.apple.com/go/applebot)"
103.129.135.228 - - [19/Sep/2026:11:35:42 +0200] "POST /xmlrpc.php HTTP/1.1" 200 5868 "-" "Jetpack/13.0; WordPress/6.1; http://site18153184.com"
216.73.217.135 - - [19/Sep/2026:11:35:47 +0200] "GET /secured-finance-aren-t-dischargeable-if-you-do-not/contacto HTTP/1.1" 301 5554 "-" "Mozilla/5.0 AppleWebKit/537.36 (KHTML, like Gecko; compatible; ClaudeBot/1.0; +claudebot@anthropic.com)"
216.73.217.135 - - [19/Sep/2026:11:35:47 +0200] "GET /contacto/ HTTP/1.1" 200 37701 "https://gessing.es/secured-finance-aren-t-dischargeable-if-you-do-not/contacto" "Mozilla/5.0 AppleWebKit/537.36 (KHTML, like Gecko; compatible; ClaudeBot/1.0; +claudebot@anthropic.com)"
59.183.46.33 - - [19/Sep/2026:11:35:50 +0200] "POST /xmlrpc.php HTTP/1.1" 200 5884 "-" "Jetpack by WordPress.com"
103.129.135.228 - - [19/Sep/2026:11:35:53 +0200] "POST /xmlrpc.php HTTP/1.1" 200 5884 "-" "Jetpack by WordPress.com"
51.195.215.115 - - [19/Sep/2026:11:35:54 +0200] "GET /category/siyah-arkadaslik-siteleri-st-ba-lant-alanlar-2/ HTTP/1.1" 200 37081 "-" "Mozilla/5.0 (compatible; AhrefsBot/7.0; +http://ahrefs.com/robot/)"
59.183.46.33 - - [19/Sep/2026:11:36:01 +0200] "POST /xmlrpc.php HTTP/1.1" 200 5884 "-" "Jetpack by WordPress.com (Jetpack 12.0; WordPress 6.4)"
103.129.135.228 - - [19/Sep/2026:11:36:03 +0200] "POST /xmlrpc.php HTTP/1.1" 200 5868 "-" "WordPress.com; https://wordpress.com"
198.244.168.151 - - [19/Sep/2026:11:36:10 +0200] "GET /category/blackchristianpeoplemeet-chiacchierare-2/ HTTP/1.1" 200 36799 "-" "Mozilla/5.0 (compatible; AhrefsBot/7.0; +http://ahrefs.com/robot/)"
59.183.46.33 - - [19/Sep/2026:11:36:11 +0200] "POST /xmlrpc.php HTTP/1.1" 200 5868 "-" "WordPress.com; https://wordpress.com"
103.129.135.228 - - [19/Sep/2026:11:36:14 +0200] "POST /xmlrpc.php HTTP/1.1" 200 5868 "-" "Jetpack by WordPress.com (Jetpack 13.0; WordPress 6.4)"
59.183.46.33 - - [19/Sep/2026:11:36:22 +0200] "POST /xmlrpc.php HTTP/1.1" 200 5868 "-" "Jetpack by WordPress.com (Jetpack 12.5; WordPress 6.3)"
103.129.135.228 - - [19/Sep/2026:11:36:25 +0200] "POST /xmlrpc.php HTTP/1.1" 200 5884 "-" "WordPress.com; https://wordpress.com"
59.183.46.33 - - [19/Sep/2026:11:36:33 +0200] "POST /xmlrpc.php HTTP/1.1" 200 5884 "-" "Jetpack by WordPress.com"
17.166.150.244 - - [19/Sep/2026:11:36:33 +0200] "GET /category/dallas-eros-escort-2/medio-ambiente HTTP/1.1" 404 36534 "-" "Mozilla/5.0 (Macintosh; Intel Mac OS X 10_15_7) AppleWebKit/605.1.15 (KHTML, like Gecko) Version/17.4 Safari/605.1.15 (Applebot/0.1; +http://www.apple.com/go/applebot)"
103.129.135.228 - - [19/Sep/2026:11:36:35 +0200] "POST /xmlrpc.php HTTP/1.1" 200 5900 "-" "WordPress.com; https://wordpress.com"
220.181.108.113 - - [19/Sep/2026:11:36:43 +0200] "GET /most-useful-crisis-debts-with-worst-credits-full/actividades HTTP/1.1" 301 5557 "-" "Mozilla/5.0 (compatible; Baiduspider/2.0; +http://www.baidu.com/search/spider.html)"
59.183.46.33 - - [19/Sep/2026:11:36:44 +0200] "POST /xmlrpc.php HTTP/1.1" 200 5884 "-" "Jetpack by WordPress.com"
220.181.108.112 - - [19/Sep/2026:11:36:44 +0200] "GET /actividades/ HTTP/1.1" 200 39460 "-" "Mozilla/5.0 (compatible; Baiduspider/2.0; +http://www.baidu.com/search/spider.html)"
216.73.217.135 - - [19/Sep/2026:11:36:46 +0200] "GET /secured-finance-aren-t-dischargeable-if-you-do-not/politica-de-cookies HTTP/1.1" 301 5597 "-" "Mozilla/5.0 AppleWebKit/537.36 (KHTML, like Gecko; compatible; ClaudeBot/1.0; +claudebot@anthropic.com)"
103.129.135.228 - - [19/Sep/2026:11:36:46 +0200] "POST /xmlrpc.php HTTP/1.1" 200 5884 "-" "Jetpack by WordPress.com (Jetpack 12.1; WordPress 6.4)"
216.73.217.135 - - [19/Sep/2026:11:36:46 +0200] "GET /politica-de-cookies/ HTTP/1.1" 200 36167 "https://gessing.es/secured-finance-aren-t-dischargeable-if-you-do-not/politica-de-cookies" "Mozilla/5.0 AppleWebKit/537.36 (KHTML, like Gecko; compatible; ClaudeBot/1.0; +claudebot@anthropic.com)"
59.183.46.33 - - [19/Sep/2026:11:36:54 +0200] "POST /xmlrpc.php HTTP/1.1" 200 5884 "-" "Jetpack by WordPress.com (Jetpack 12.5; WordPress 6.2)"
103.129.135.228 - - [19/Sep/2026:11:36:57 +0200] "POST /xmlrpc.php HTTP/1.1" 200 5868 "-" "Jetpack/13.0; WordPress/6.4; http://site90756775.com"
59.183.46.33 - - [19/Sep/2026:11:37:05 +0200] "POST /xmlrpc.php HTTP/1.1" 200 5900 "-" "Jetpack by WordPress.com (Jetpack 12.1; WordPress 6.1)"
103.129.135.228 - - [19/Sep/2026:11:37:07 +0200] "POST /xmlrpc.php HTTP/1.1" 200 5884 "-" "Jetpack by WordPress.com"
216.73.217.135 - - [19/Sep/2026:11:37:11 +0200] "GET /secured-finance-aren-t-dischargeable-if-you-do-not/adjudicaciones HTTP/1.1" 301 5592 "-" "Mozilla/5.0 AppleWebKit/537.36 (KHTML, like Gecko; compatible; ClaudeBot/1.0; +claudebot@anthropic.com)"
216.73.217.135 - - [19/Sep/2026:11:37:12 +0200] "GET /adjudicaciones/ HTTP/1.1" 200 53241 "https://gessing.es/secured-finance-aren-t-dischargeable-if-you-do-not/adjudicaciones" "Mozilla/5.0 AppleWebKit/537.36 (KHTML, like Gecko; compatible; ClaudeBot/1.0; +claudebot@anthropic.com)"
59.183.46.33 - - [19/Sep/2026:11:37:16 +0200] "POST /xmlrpc.php HTTP/1.1" 200 5884 "-" "Jetpack by WordPress.com"
103.129.135.228 - - [19/Sep/2026:11:37:18 +0200] "POST /xmlrpc.php HTTP/1.1" 200 5884 "-" "Jetpack/12.0; WordPress/6.3; http://site81559622.com"
85.208.96.196 - - [19/Sep/2026:11:37:22 +0200] "GET /can-there-be-an-internet-dating-software-for/ HTTP/1.1" 200 45638 "-" "Mozilla/5.0 (compatible; SemrushBot/7~bl; +http://www.semrush.com/bot.html)"
59.183.46.33 - - [19/Sep/2026:11:37:27 +0200] "POST /xmlrpc.php HTTP/1.1" 200 5884 "-" "Jetpack by WordPress.com"
103.129.135.228 - - [19/Sep/2026:11:37:28 +0200] "POST /xmlrpc.php HTTP/1.1" 200 5900 "-" "Jetpack by WordPress.com"
59.183.46.33 - - [19/Sep/2026:11:37:38 +0200] "POST /xmlrpc.php HTTP/1.1" 200 5868 "-" "Jetpack by WordPress.com"
103.129.135.228 - - [19/Sep/2026:11:37:39 +0200] "POST /xmlrpc.php HTTP/1.1" 200 5884 "-" "WordPress.com; https://wordpress.com"
59.183.46.33 - - [19/Sep/2026:11:37:48 +0200] "POST /xmlrpc.php HTTP/1.1" 200 5900 "-" "Jetpack by WordPress.com (Jetpack 13.0; WordPress 6.1)"
103.129.135.228 - - [19/Sep/2026:11:37:50 +0200] "POST /xmlrpc.php HTTP/1.1" 200 5884 "-" "Jetpack by WordPress.com"
59.183.46.33 - - [19/Sep/2026:11:37:59 +0200] "POST /xmlrpc.php HTTP/1.1" 200 5868 "-" "Jetpack by WordPress.com"
103.129.135.228 - - [19/Sep/2026:11:38:00 +0200] "POST /xmlrpc.php HTTP/1.1" 200 5868 "-" "WordPress.com; https://wordpress.com"
216.73.217.135 - - [19/Sep/2026:11:38:03 +0200] "GET /secured-finance-aren-t-dischargeable-if-you-do-not/politica-de-privacidad HTTP/1.1" 301 5584 "-" "Mozilla/5.0 AppleWebKit/537.36 (KHTML, like Gecko; compatible; ClaudeBot/1.0; +claudebot@anthropic.com)"
216.73.217.135 - - [19/Sep/2026:11:38:04 +0200] "GET /politica-de-privacidad/ HTTP/1.1" 200 37390 "https://gessing.es/secured-finance-aren-t-dischargeable-if-you-do-not/politica-de-privacidad" "Mozilla/5.0 AppleWebKit/537.36 (KHTML, like Gecko; compatible; ClaudeBot/1.0; +claudebot@anthropic.com)"
59.183.46.33 - - [19/Sep/2026:11:38:10 +0200] "POST /xmlrpc.php HTTP/1.1" 200 5884 "-" "Jetpack by WordPress.com (Jetpack 12.5; WordPress 6.1)"
216.73.217.135 - - [19/Sep/2026:11:38:10 +0200] "GET /secured-finance-aren-t-dischargeable-if-you-do-not/actividades HTTP/1.1" 301 5589 "-" "Mozilla/5.0 AppleWebKit/537.36 (KHTML, like Gecko; compatible; ClaudeBot/1.0; +claudebot@anthropic.com)"
216.73.217.135 - - [19/Sep/2026:11:38:10 +0200] "GET /actividades/ HTTP/1.1" 200 39428 "https://gessing.es/secured-finance-aren-t-dischargeable-if-you-do-not/actividades" "Mozilla/5.0 AppleWebKit/537.36 (KHTML, like Gecko; compatible; ClaudeBot/1.0; +claudebot@anthropic.com)"
103.129.135.228 - - [19/Sep/2026:11:38:11 +0200] "POST /xmlrpc.php HTTP/1.1" 200 5868 "-" "WordPress.com; https://wordpress.com"
17.166.154.145 - - [19/Sep/2026:11:38:14 +0200] "GET /category/catholicmatch-com-quizzen-2/politica-de-privacidad HTTP/1.1" 404 36566 "-" "Mozilla/5.0 (Macintosh; Intel Mac OS X 10_15_7) AppleWebKit/605.1.15 (KHTML, like Gecko) Version/17.4 Safari/605.1.15 (Applebot/0.1; +http://www.apple.com/go/applebot)"
17.166.233.113 - - [19/Sep/2026:11:38:14 +0200] "GET /bets10-giri-yapamyorum-problemler-nasl-cozulur-46/politica-de-privacidad HTTP/1.1" 301 5568 "-" "Mozilla/5.0 (Macintosh; Intel Mac OS X 10_15_7) AppleWebKit/605.1.15 (KHTML, like Gecko) Version/17.4 Safari/605.1.15 (Applebot/0.1; +http://www.apple.com/go/applebot)"
216.73.217.135 - - [19/Sep/2026:11:38:10 +0200] "GET /secured-finance-aren-t-dischargeable-if-you-do-not/feed/ HTTP/1.1" 200 6691 "-" "Mozilla/5.0 AppleWebKit/537.36 (KHTML, like Gecko; compatible; ClaudeBot/1.0; +claudebot@anthropic.com)"
17.166.237.83 - - [19/Sep/2026:11:38:15 +0200] "GET /category/white-dating-sites-review-2/politica-de-cookies HTTP/1.1" 404 36550 "-" "Mozilla/5.0 (Macintosh; Intel Mac OS X 10_15_7) AppleWebKit/605.1.15 (KHTML, like Gecko) Version/17.4 Safari/605.1.15 (Applebot/0.1; +http://www.apple.com/go/applebot)"
59.183.46.33 - - [19/Sep/2026:11:38:20 +0200] "POST /xmlrpc.php HTTP/1.1" 200 5868 "-" "Jetpack by WordPress.com"
103.129.135.228 - - [19/Sep/2026:11:38:22 +0200] "POST /xmlrpc.php HTTP/1.1" 200 5884 "-" "Jetpack/12.1; WordPress/6.4; http://site63559358.com"
59.183.46.33 - - [19/Sep/2026:11:38:31 +0200] "POST /xmlrpc.php HTTP/1.1" 200 5868 "-" "Jetpack by WordPress.com (Jetpack 12.5; WordPress 6.1)"
103.129.135.228 - - [19/Sep/2026:11:38:32 +0200] "POST /xmlrpc.php HTTP/1.1" 200 5884 "-" "Jetpack by WordPress.com"
216.73.217.135 - - [19/Sep/2026:11:38:40 +0200] "GET /?p=11083 HTTP/1.1" 301 5546 "-" "Mozilla/5.0 AppleWebKit/537.36 (KHTML, like Gecko; compatible; ClaudeBot/1.0; +claudebot@anthropic.com)"
216.73.217.135 - - [19/Sep/2026:11:38:40 +0200] "GET /secured-finance-aren-t-dischargeable-if-you-do-not/ HTTP/1.1" 200 45777 "https://gessing.es/?p=11083" "Mozilla/5.0 AppleWebKit/537.36 (KHTML, like Gecko; compatible; ClaudeBot/1.0; +claudebot@anthropic.com)"
59.183.46.33 - - [19/Sep/2026:11:38:42 +0200] "POST /xmlrpc.php HTTP/1.1" 200 5900 "-" "Jetpack/12.1; WordPress/6.1; http://site52204457.com"
103.129.135.228 - - [19/Sep/2026:11:38:43 +0200] "POST /xmlrpc.php HTTP/1.1" 200 5900 "-" "Jetpack by WordPress.com (Jetpack 13.0; WordPress 6.1)"
59.183.46.33 - - [19/Sep/2026:11:38:52 +0200] "POST /xmlrpc.php HTTP/1.1" 200 5884 "-" "Jetpack/13.0; WordPress/6.3; http://site25197393.com"
103.129.135.228 - - [19/Sep/2026:11:38:54 +0200] "POST /xmlrpc.php HTTP/1.1" 200 5900 "-" "Jetpack by WordPress.com (Jetpack 12.5; WordPress 6.2)"
17.166.21.145 - - [19/Sep/2026:11:38:57 +0200] "GET /try-an-online-payday-loan-secured-otherwise-2/actividades HTTP/1.1" 301 5573 "-" "Mozilla/5.0 (Macintosh; Intel Mac OS X 10_15_7) AppleWebKit/605.1.15 (KHTML, like Gecko) Version/17.4 Safari/605.1.15 (Applebot/0.1; +http://www.apple.com/go/applebot)"
17.166.21.145 - - [19/Sep/2026:11:38:58 +0200] "GET /actividades/ HTTP/1.1" 200 39428 "-" "Mozilla/5.0 (Macintosh; Intel Mac OS X 10_15_7) AppleWebKit/605.1.15 (KHTML, like Gecko) Version/17.4 Safari/605.1.15 (Applebot/0.1; +http://www.apple.com/go/applebot)"
59.183.46.33 - - [19/Sep/2026:11:39:03 +0200] "POST /xmlrpc.php HTTP/1.1" 200 5884 "-" "Jetpack/12.5; WordPress/6.1; http://site84365013.com"
103.129.135.228 - - [19/Sep/2026:11:39:04 +0200] "POST /xmlrpc.php HTTP/1.1" 200 5900 "-" "Jetpack by WordPress.com (Jetpack 12.5; WordPress 6.3)"
59.183.46.33 - - [19/Sep/2026:11:39:13 +0200] "POST /xmlrpc.php HTTP/1.1" 200 5884 "-" "Jetpack/12.1; WordPress/6.2; http://site70463315.com"
103.129.135.228 - - [19/Sep/2026:11:39:15 +0200] "POST /xmlrpc.php HTTP/1.1" 200 5884 "-" "Jetpack by WordPress.com (Jetpack 12.1; WordPress 6.3)"
59.183.46.33 - - [19/Sep/2026:11:39:25 +0200] "POST /xmlrpc.php HTTP/1.1" 200 5884 "-" "Jetpack by WordPress.com (Jetpack 12.1; WordPress 6.3)"
103.129.135.228 - - [19/Sep/2026:11:39:25 +0200] "POST /xmlrpc.php HTTP/1.1" 200 5868 "-" "Jetpack by WordPress.com (Jetpack 12.1; WordPress 6.1)"
59.183.46.33 - - [19/Sep/2026:11:39:35 +0200] "POST /xmlrpc.php HTTP/1.1" 200 5868 "-" "Jetpack by WordPress.com"
103.129.135.228 - - [19/Sep/2026:11:39:36 +0200] "POST /xmlrpc.php HTTP/1.1" 200 5884 "-" "Jetpack/12.1; WordPress/6.2; http://site95048218.com"
59.183.46.33 - - [19/Sep/2026:11:39:46 +0200] "POST /xmlrpc.php HTTP/1.1" 200 5884 "-" "Jetpack by WordPress.com"
103.129.135.228 - - [19/Sep/2026:11:39:47 +0200] "POST /xmlrpc.php HTTP/1.1" 200 5868 "-" "WordPress.com; https://wordpress.com"
59.183.46.33 - - [19/Sep/2026:11:39:57 +0200] "POST /xmlrpc.php HTTP/1.1" 200 5868 "-" "Jetpack by WordPress.com"
103.129.135.228 - - [19/Sep/2026:11:39:57 +0200] "POST /xmlrpc.php HTTP/1.1" 200 5884 "-" "Jetpack by WordPress.com (Jetpack 13.0; WordPress 6.2)"
59.183.46.33 - - [19/Sep/2026:11:40:08 +0200] "POST /xmlrpc.php HTTP/1.1" 200 5884 "-" "Jetpack by WordPress.com"
103.129.135.228 - - [19/Sep/2026:11:40:08 +0200] "POST /xmlrpc.php HTTP/1.1" 200 5884 "-" "Jetpack by WordPress.com"
59.183.46.33 - - [19/Sep/2026:11:40:18 +0200] "POST /xmlrpc.php HTTP/1.1" 200 5884 "-" "Jetpack/13.0; WordPress/6.1; http://site54676978.com"
103.129.135.228 - - [19/Sep/2026:11:40:19 +0200] "POST /xmlrpc.php HTTP/1.1" 200 5884 "-" "Jetpack by WordPress.com"
59.183.46.33 - - [19/Sep/2026:11:40:29 +0200] "POST /xmlrpc.php HTTP/1.1" 200 5868 "-" "Jetpack by WordPress.com"
103.129.135.228 - - [19/Sep/2026:11:40:29 +0200] "POST /xmlrpc.php HTTP/1.1" 200 5884 "-" "Jetpack by WordPress.com"
17.166.236.234 - - [19/Sep/2026:11:40:32 +0200] "GET /category/megafuckbook-mobile-site-2/medio-ambiente HTTP/1.1" 404 36550 "-" "Mozilla/5.0 (Macintosh; Intel Mac OS X 10_15_7) AppleWebKit/605.1.15 (KHTML, like Gecko) Version/17.4 Safari/605.1.15 (Applebot/0.1; +http://www.apple.com/go/applebot)"
59.183.46.33 - - [19/Sep/2026:11:40:40 +0200] "POST /xmlrpc.php HTTP/1.1" 200 5900 "-" "Jetpack/12.0; WordPress/6.4; http://site36251218.com"
103.129.135.228 - - [19/Sep/2026:11:40:40 +0200] "POST /xmlrpc.php HTTP/1.1" 200 5868 "-" "Jetpack/12.1; WordPress/6.3; http://site55558539.com"
59.183.46.33 - - [19/Sep/2026:11:40:50 +0200] "POST /xmlrpc.php HTTP/1.1" 200 5884 "-" "Jetpack by WordPress.com (Jetpack 12.0; WordPress 6.2)"
59.183.46.33 - - [19/Sep/2026:11:41:01 +0200] "POST /xmlrpc.php HTTP/1.1" 200 5884 "-" "WordPress.com; https://wordpress.com"
17.166.22.66 - - [19/Sep/2026:11:41:04 +0200] "GET /category/good-grief-servicio-al-cliente-2/medio-ambiente HTTP/1.1" 404 36534 "-" "Mozilla/5.0 (Macintosh; Intel Mac OS X 10_15_7) AppleWebKit/605.1.15 (KHTML, like Gecko) Version/17.4 Safari/605.1.15 (Applebot/0.1; +http://www.apple.com/go/applebot)"
59.183.46.33 - - [19/Sep/2026:11:41:11 +0200] "POST /xmlrpc.php HTTP/1.1" 200 5884 "-" "Jetpack by WordPress.com"
59.183.46.33 - - [19/Sep/2026:11:41:22 +0200] "POST /xmlrpc.php HTTP/1.1" 200 5884 "-" "Jetpack by WordPress.com (Jetpack 12.1; WordPress 6.4)"
141.255.164.75 - - [19/Sep/2026:11:41:31 +0200] "GET /wp-login.php HTTP/1.1" 200 13767 "-" "Mozilla/5.0 (Macintosh; Intel Mac OS X 10_15_7) AppleWebKit/537.36 (KHTML, like Gecko) Chrome/120.0.0.0 Safari/537.36"
141.255.164.75 - - [19/Sep/2026:11:41:31 +0200] "GET /wp-login.php HTTP/1.1" 200 13767 "-" "Mozilla/5.0 (Macintosh; Intel Mac OS X 10_15_7) AppleWebKit/537.36 (KHTML, like Gecko) Chrome/120.0.0.0 Safari/537.36"
141.255.164.75 - - [19/Sep/2026:11:41:31 +0200] "POST /wp-login.php HTTP/1.1" 200 14195 "https://gessing.es/wp-login.php" "Mozilla/5.0 (X11; Linux x86_64) AppleWebKit/537.36 (KHTML, like Gecko) Chrome/120.0.0.0 Safari/537.36"
141.255.164.75 - - [19/Sep/2026:11:41:32 +0200] "POST /wp-login.php HTTP/1.1" 200 14108 "https://gessing.es/wp-login.php" "Mozilla/5.0 (X11; Linux x86_64) AppleWebKit/537.36 (KHTML, like Gecko) Chrome/120.0.0.0 Safari/537.36"
141.255.164.75 - - [19/Sep/2026:11:41:32 +0200] "POST /wp-login.php HTTP/1.1" 200 14092 "https://gessing.es/wp-login.php" "Mozilla/5.0 (X11; Linux x86_64) AppleWebKit/537.36 (KHTML, like Gecko) Chrome/120.0.0.0 Safari/537.36"
141.255.164.75 - - [19/Sep/2026:11:41:32 +0200] "GET /wp-login.php HTTP/1.1" 200 13767 "-" "Mozilla/5.0 (Windows NT 10.0; Win64; x64; rv:121.0) Gecko/20100101 Firefox/121.0"
141.255.164.75 - - [19/Sep/2026:11:41:32 +0200] "POST /wp-login.php HTTP/1.1" 200 14207 "https://gessing.es/wp-login.php" "Mozilla/5.0 (Windows NT 10.0; Win64; x64) AppleWebKit/537.36 (KHTML, like Gecko) Chrome/120.0.0.0 Safari/537.36"
141.255.164.75 - - [19/Sep/2026:11:41:32 +0200] "POST /wp-login.php HTTP/1.1" 200 14108 "https://gessing.es/wp-login.php" "Mozilla/5.0 (Windows NT 10.0; Win64; x64) AppleWebKit/537.36 (KHTML, like Gecko) Chrome/120.0.0.0 Safari/537.36"
141.255.164.75 - - [19/Sep/2026:11:41:33 +0200] "POST /wp-login.php HTTP/1.1" 200 14108 "https://gessing.es/wp-login.php" "Mozilla/5.0 (Windows NT 10.0; Win64; x64) AppleWebKit/537.36 (KHTML, like Gecko) Chrome/120.0.0.0 Safari/537.36"
141.255.164.75 - - [19/Sep/2026:11:41:33 +0200] "GET /wp-login.php HTTP/1.1" 200 13783 "-" "Mozilla/5.0 (Windows NT 11.0; Win64; x64) AppleWebKit/537.36 (KHTML, like Gecko) Chrome/121.0.0.0 Safari/537.36"
59.183.46.33 - - [19/Sep/2026:11:41:33 +0200] "POST /xmlrpc.php HTTP/1.1" 200 5884 "-" "Jetpack/12.0; WordPress/6.2; http://site97628112.com"
141.255.164.75 - - [19/Sep/2026:11:41:33 +0200] "POST /wp-login.php HTTP/1.1" 200 14194 "https://gessing.es/wp-login.php" "Mozilla/5.0 (Windows NT 10.0; Win64; x64; rv:121.0) Gecko/20100101 Firefox/121.0"
59.183.46.33 - - [19/Sep/2026:11:41:43 +0200] "POST /xmlrpc.php HTTP/1.1" 200 5884 "-" "Jetpack by WordPress.com"
194.233.71.230 - - [19/Sep/2026:11:41:44 +0200] "POST /xmlrpc.php HTTP/1.1" 200 5882 "-" "Mozilla/5.0 (Macintosh; Intel Mac OS X 10_15_7) AppleWebKit/537.36 (KHTML, like Gecko) Chrome/147.0.0.0 Safari/537.36"
59.183.46.33 - - [19/Sep/2026:11:41:54 +0200] "POST /xmlrpc.php HTTP/1.1" 200 5868 "-" "Jetpack by WordPress.com (Jetpack 12.0; WordPress 6.4)"
17.166.152.215 - - [19/Sep/2026:11:42:04 +0200] "GET /flirt-chat-sofortig-chatten-ohne-anmeldung-dein/medio-ambiente HTTP/1.1" 301 5592 "-" "Mozilla/5.0 (Macintosh; Intel Mac OS X 10_15_7) AppleWebKit/605.1.15 (KHTML, like Gecko) Version/17.4 Safari/605.1.15 (Applebot/0.1; +http://www.apple.com/go/applebot)"
59.183.46.33 - - [19/Sep/2026:11:42:05 +0200] "POST /xmlrpc.php HTTP/1.1" 200 5884 "-" "Jetpack/13.0; WordPress/6.1; http://site25011771.com"
17.166.152.215 - - [19/Sep/2026:11:42:05 +0200] "GET /medio-ambiente/ HTTP/1.1" 200 35063 "-" "Mozilla/5.0 (Macintosh; Intel Mac OS X 10_15_7) AppleWebKit/605.1.15 (KHTML, like Gecko) Version/17.4 Safari/605.1.15 (Applebot/0.1; +http://www.apple.com/go/applebot)"
59.183.46.33 - - [19/Sep/2026:11:42:16 +0200] "POST /xmlrpc.php HTTP/1.1" 200 5884 "-" "WordPress.com; https://wordpress.com"
59.183.46.33 - - [19/Sep/2026:11:42:26 +0200] "POST /xmlrpc.php HTTP/1.1" 200 5884 "-" "Jetpack/12.5; WordPress/6.3; http://site26175798.com"
59.183.46.33 - - [19/Sep/2026:11:42:37 +0200] "POST /xmlrpc.php HTTP/1.1" 200 5884 "-" "Jetpack/13.0; WordPress/6.1; http://site46729212.com"
17.166.237.148 - - [19/Sep/2026:11:42:38 +0200] "GET /category/interracial-cupid-reviews-2/medio-ambiente HTTP/1.1" 404 36550 "-" "Mozilla/5.0 (Macintosh; Intel Mac OS X 10_15_7) AppleWebKit/605.1.15 (KHTML, like Gecko) Version/17.4 Safari/605.1.15 (Applebot/0.1; +http://www.apple.com/go/applebot)"
59.183.46.33 - - [19/Sep/2026:11:42:47 +0200] "POST /xmlrpc.php HTTP/1.1" 200 5884 "-" "Jetpack by WordPress.com"
59.183.46.33 - - [19/Sep/2026:11:42:58 +0200] "POST /xmlrpc.php HTTP/1.1" 200 5884 "-" "Jetpack/13.0; WordPress/6.4; http://site58562307.com"
59.183.46.33 - - [19/Sep/2026:11:43:08 +0200] "POST /xmlrpc.php HTTP/1.1" 200 5884 "-" "Jetpack by WordPress.com"
59.183.46.33 - - [19/Sep/2026:11:43:19 +0200] "POST /xmlrpc.php HTTP/1.1" 200 5884 "-" "Jetpack/12.5; WordPress/6.4; http://site22566628.com"
17.166.24.66 - - [19/Sep/2026:11:43:23 +0200] "GET /category/jaumo-it-review-2/politica-de-cookies HTTP/1.1" 404 36566 "-" "Mozilla/5.0 (Macintosh; Intel Mac OS X 10_15_7) AppleWebKit/605.1.15 (KHTML, like Gecko) Version/17.4 Safari/605.1.15 (Applebot/0.1; +http://www.apple.com/go/applebot)"
59.183.46.33 - - [19/Sep/2026:11:43:30 +0200] "POST /xmlrpc.php HTTP/1.1" 200 5868 "-" "WordPress.com; https://wordpress.com"
17.166.236.131 - - [19/Sep/2026:11:43:38 +0200] "GET /category/passion-kortingscode-2/medio-ambiente HTTP/1.1" 404 36534 "-" "Mozilla/5.0 (Macintosh; Intel Mac OS X 10_15_7) AppleWebKit/605.1.15 (KHTML, like Gecko) Version/17.4 Safari/605.1.15 (Applebot/0.1; +http://www.apple.com/go/applebot)"
59.183.46.33 - - [19/Sep/2026:11:43:40 +0200] "POST /xmlrpc.php HTTP/1.1" 200 5884 "-" "Jetpack/12.0; WordPress/6.2; http://site53506069.com"
17.166.235.15 - - [19/Sep/2026:11:43:46 +0200] "GET /politica-de-privacidad/ HTTP/1.1" 200 37406 "-" "Mozilla/5.0 (Macintosh; Intel Mac OS X 10_15_7) AppleWebKit/605.1.15 (KHTML, like Gecko) Version/17.4 Safari/605.1.15 (Applebot/0.1; +http://www.apple.com/go/applebot)"
59.183.46.33 - - [19/Sep/2026:11:43:51 +0200] "POST /xmlrpc.php HTTP/1.1" 200 5868 "-" "Jetpack by WordPress.com (Jetpack 12.5; WordPress 6.1)"
59.183.46.33 - - [19/Sep/2026:11:44:01 +0200] "POST /xmlrpc.php HTTP/1.1" 200 5884 "-" "Jetpack by WordPress.com (Jetpack 12.5; WordPress 6.3)"
188.213.202.9 - - [19/Sep/2026:11:44:09 +0200] "POST /wp-login.php HTTP/1.1" 200 14198 "-" "Mozilla/5.0 (Windows NT 10.0; Win64; rv:143.0) Gecko/20100101 Firefox/143.0"
188.213.202.4 - - [19/Sep/2026:11:44:09 +0200] "POST /wp-login.php HTTP/1.1" 200 14218 "-" "Mozilla/5.0 (Windows NT 10.0; Win64; rv:143.0) Gecko/20100101 Firefox/143.0"
59.183.46.33 - - [19/Sep/2026:11:44:12 +0200] "POST /xmlrpc.php HTTP/1.1" 200 5900 "-" "Jetpack by WordPress.com (Jetpack 12.1; WordPress 6.3)"
59.183.46.33 - - [19/Sep/2026:11:44:22 +0200] "POST /xmlrpc.php HTTP/1.1" 200 5868 "-" "Jetpack/12.0; WordPress/6.2; http://site74296316.com"
188.213.202.49 - - [19/Sep/2026:11:44:24 +0200] "POST /wp-login.php HTTP/1.1" 200 14186 "-" "Mozilla/5.0 (Windows NT 10.0; Win64; rv:143.0) Gecko/20100101 Firefox/143.0"
59.183.46.33 - - [19/Sep/2026:11:44:33 +0200] "POST /xmlrpc.php HTTP/1.1" 200 5884 "-" "Jetpack/12.5; WordPress/6.2; http://site21332638.com"
59.183.46.33 - - [19/Sep/2026:11:44:43 +0200] "POST /xmlrpc.php HTTP/1.1" 200 5884 "-" "Jetpack by WordPress.com (Jetpack 12.1; WordPress 6.1)"
59.183.46.33 - - [19/Sep/2026:11:44:54 +0200] "POST /xmlrpc.php HTTP/1.1" 200 5900 "-" "WordPress.com; https://wordpress.com"
52.167.144.25 - - [19/Sep/2026:11:44:52 +0200] "GET /by-the-end-of-your-evening-he-had-been-crazy-not/feed/ HTTP/1.1" 200 6694 "-" "Mozilla/5.0 AppleWebKit/537.36 (KHTML, like Gecko; compatible; bingbot/2.0; +http://www.bing.com/bingbot.htm) Chrome/116.0.1938.76 Safari/537.36"
17.166.24.182 - - [19/Sep/2026:11:45:02 +0200] "GET /category/lesbian-dating-hookup-site-2/nosotros HTTP/1.1" 404 36550 "-" "Mozilla/5.0 (Macintosh; Intel Mac OS X 10_15_7) AppleWebKit/605.1.15 (KHTML, like Gecko) Version/17.4 Safari/605.1.15 (Applebot/0.1; +http://www.apple.com/go/applebot)"
17.166.23.140 - - [19/Sep/2026:11:45:04 +0200] "GET /category/highest-payout-online-gambling-2/medio-ambiente HTTP/1.1" 404 36550 "-" "Mozilla/5.0 (Macintosh; Intel Mac OS X 10_15_7) AppleWebKit/605.1.15 (KHTML, like Gecko) Version/17.4 Safari/605.1.15 (Applebot/0.1; +http://www.apple.com/go/applebot)"
59.183.46.33 - - [19/Sep/2026:11:45:05 +0200] "POST /xmlrpc.php HTTP/1.1" 200 5900 "-" "Jetpack/12.0; WordPress/6.4; http://site31707370.com"
