51.195.215.98 - - [19/Sep/2026:10:57:47 +0200] "GET /category/sugar-daddies-usa-ny-buffalo-review-2/ HTTP/1.1" 200 36831 "-" "Mozilla/5.0 (compatible; AhrefsBot/7.0; +http://ahrefs.com/robot/)"
38.134.138.69 - - [19/Sep/2026:10:57:53 +0200] "POST /xmlrpc.php HTTP/1.1" 200 5884 "-" "WordPress.com; https://wordpress.com"
198.244.168.16 - - [19/Sep/2026:10:58:01 +0200] "GET /category/outpersonals-kosten-2/ HTTP/1.1" 200 36541 "-" "Mozilla/5.0 (compatible; AhrefsBot/7.0; +http://ahrefs.com/robot/)"
38.134.138.69 - - [19/Sep/2026:10:58:04 +0200] "POST /xmlrpc.php HTTP/1.1" 200 5868 "-" "Jetpack by WordPress.com"
216.73.217.135 - - [19/Sep/2026:10:58:12 +0200] "GET /robots.txt HTTP/1.1" 200 5695 "-" "Mozilla/5.0 AppleWebKit/537.36 (KHTML, like Gecko; compatible; ClaudeBot/1.0; +claudebot@anthropic.com)"
38.134.138.69 - - [19/Sep/2026:10:58:14 +0200] "POST /xmlrpc.php HTTP/1.1" 200 5884 "-" "Jetpack/12.0; WordPress/6.4; http://site12095605.com"
216.73.217.135 - - [19/Sep/2026:10:58:12 +0200] "GET /3-modi-migliori-verso-pedinare-sui-messaggi-tinder/feed/ HTTP/1.1" 200 6672 "-" "Mozilla/5.0 AppleWebKit/537.36 (KHTML, like Gecko; compatible; ClaudeBot/1.0; +claudebot@anthropic.com)"
51.195.244.42 - - [19/Sep/2026:10:58:16 +0200] "GET /category/advance-america-online-payday-loans-2/ HTTP/1.1" 200 36940 "-" "Mozilla/5.0 (compatible; AhrefsBot/7.0; +http://ahrefs.com/robot/)"
38.134.138.69 - - [19/Sep/2026:10:58:25 +0200] "POST /xmlrpc.php HTTP/1.1" 200 5884 "-" "Jetpack/12.1; WordPress/6.1; http://site35334295.com"
198.244.226.144 - - [19/Sep/2026:10:58:31 +0200] "GET /category/afroromance-review-2/ HTTP/1.1" 200 37127 "-" "Mozilla/5.0 (compatible; AhrefsBot/7.0; +http://ahrefs.com/robot/)"
38.134.138.69 - - [19/Sep/2026:10:58:35 +0200] "POST /xmlrpc.php HTTP/1.1" 200 5868 "-" "WordPress.com; https://wordpress.com"
198.244.242.221 - - [19/Sep/2026:10:58:45 +0200] "GET /category/bbwcupid-aplicacion-para-ligar-2/ HTTP/1.1" 200 36801 "-" "Mozilla/5.0 (compatible; AhrefsBot/7.0; +http://ahrefs.com/robot/)"
38.134.138.69 - - [19/Sep/2026:10:58:46 +0200] "POST /xmlrpc.php HTTP/1.1" 200 5868 "-" "Jetpack by WordPress.com (Jetpack 12.1; WordPress 6.1)"
216.73.217.135 - - [19/Sep/2026:10:58:48 +0200] "GET /sa-che-lei-e-pericolosa-quanto-lui-e-verso-codesto/contacto HTTP/1.1" 301 5586 "-" "Mozilla/5.0 AppleWebKit/537.36 (KHTML, like Gecko; compatible; ClaudeBot/1.0; +claudebot@anthropic.com)"
216.73.217.135 - - [19/Sep/2026:10:58:48 +0200] "GET /contacto/ HTTP/1.1" 200 37685 "https://gessing.es/sa-che-lei-e-pericolosa-quanto-lui-e-verso-codesto/contacto" "Mozilla/5.0 AppleWebKit/537.36 (KHTML, like Gecko; compatible; ClaudeBot/1.0; +claudebot@anthropic.com)"
38.134.138.69 - - [19/Sep/2026:10:58:57 +0200] "POST /xmlrpc.php HTTP/1.1" 200 5900 "-" "WordPress.com; https://wordpress.com"
51.195.215.211 - - [19/Sep/2026:10:58:59 +0200] "GET /category/citas-bautistas-visitors/ HTTP/1.1" 200 36626 "-" "Mozilla/5.0 (compatible; AhrefsBot/7.0; +http://ahrefs.com/robot/)"
38.134.138.69 - - [19/Sep/2026:10:59:07 +0200] "POST /xmlrpc.php HTTP/1.1" 200 5884 "-" "Jetpack by WordPress.com"
198.244.226.53 - - [19/Sep/2026:10:59:13 +0200] "GET /category/friendfinderx-pl-review/ HTTP/1.1" 200 36589 "-" "Mozilla/5.0 (compatible; AhrefsBot/7.0; +http://ahrefs.com/robot/)"
216.73.217.135 - - [19/Sep/2026:10:59:14 +0200] "GET /sa-che-lei-e-pericolosa-quanto-lui-e-verso-codesto/politica-de-privacidad HTTP/1.1" 301 5584 "-" "Mozilla/5.0 AppleWebKit/537.36 (KHTML, like Gecko; compatible; ClaudeBot/1.0; +claudebot@anthropic.com)"
216.73.217.135 - - [19/Sep/2026:10:59:14 +0200] "GET /politica-de-privacidad/ HTTP/1.1" 200 37422 "https://gessing.es/sa-che-lei-e-pericolosa-quanto-lui-e-verso-codesto/politica-de-privacidad" "Mozilla/5.0 AppleWebKit/537.36 (KHTML, like Gecko; compatible; ClaudeBot/1.0; +claudebot@anthropic.com)"
38.134.138.69 - - [19/Sep/2026:10:59:18 +0200] "POST /xmlrpc.php HTTP/1.1" 200 5900 "-" "Jetpack by WordPress.com"
51.195.215.220 - - [19/Sep/2026:10:59:28 +0200] "GET /category/girlfriend-dating-free-online-sites-for-singles-2/ HTTP/1.1" 200 37119 "-" "Mozilla/5.0 (compatible; AhrefsBot/7.0; +http://ahrefs.com/robot/)"
38.134.138.69 - - [19/Sep/2026:10:59:28 +0200] "POST /xmlrpc.php HTTP/1.1" 200 5884 "-" "Jetpack by WordPress.com (Jetpack 12.0; WordPress 6.3)"
38.134.138.69 - - [19/Sep/2026:10:59:39 +0200] "POST /xmlrpc.php HTTP/1.1" 200 5900 "-" "WordPress.com; https://wordpress.com"
198.244.226.84 - - [19/Sep/2026:10:59:43 +0200] "GET /category/gluten-free-dating-real-singles-site-2/ HTTP/1.1" 200 37015 "-" "Mozilla/5.0 (compatible; AhrefsBot/7.0; +http://ahrefs.com/robot/)"
216.73.217.135 - - [19/Sep/2026:10:59:47 +0200] "GET /3-modi-migliori-verso-pedinare-sui-messaggi-tinder/politica-de-privacidad HTTP/1.1" 301 5584 "-" "Mozilla/5.0 AppleWebKit/537.36 (KHTML, like Gecko; compatible; ClaudeBot/1.0; +claudebot@anthropic.com)"
216.73.217.135 - - [19/Sep/2026:10:59:47 +0200] "GET /politica-de-privacidad/ HTTP/1.1" 200 37390 "https://gessing.es/3-modi-migliori-verso-pedinare-sui-messaggi-tinder/politica-de-privacidad" "Mozilla/5.0 AppleWebKit/537.36 (KHTML, like Gecko; compatible; ClaudeBot/1.0; +claudebot@anthropic.com)"
38.134.138.69 - - [19/Sep/2026:10:59:50 +0200] "POST /xmlrpc.php HTTP/1.1" 200 5884 "-" "Jetpack by WordPress.com (Jetpack 13.0; WordPress 6.1)"
198.244.183.213 - - [19/Sep/2026:10:59:57 +0200] "GET /category/lovestruck-dating-site-2/ HTTP/1.1" 200 36719 "-" "Mozilla/5.0 (compatible; AhrefsBot/7.0; +http://ahrefs.com/robot/)"
38.134.138.69 - - [19/Sep/2026:11:00:00 +0200] "POST /xmlrpc.php HTTP/1.1" 200 5884 "-" "WordPress.com; https://wordpress.com"
168.196.175.207 - - [19/Sep/2026:11:00:01 +0200] "GET /category/daddyhunt-review/politica-de-cookies HTTP/1.1" 404 36550 "-" "Mozilla/5.0 (Macintosh; Intel Mac OS X 10_15_7) AppleWebKit/537.36 (KHTML, like Gecko) Chrome/128.0.6613.137 Safari/537.36"
85.208.96.197 - - [19/Sep/2026:11:00:09 +0200] "GET /if-you-are-searching-to-possess-a-highly/medio-ambiente HTTP/1.1" 301 5592 "-" "Mozilla/5.0 (compatible; SemrushBot/7~bl; +http://www.semrush.com/bot.html)"
38.134.138.69 - - [19/Sep/2026:11:00:11 +0200] "POST /xmlrpc.php HTTP/1.1" 200 5884 "-" "Jetpack by WordPress.com (Jetpack 13.0; WordPress 6.2)"
51.195.183.177 - - [19/Sep/2026:11:00:12 +0200] "GET /category/lovestruck-visitors-2/ HTTP/1.1" 200 36693 "-" "Mozilla/5.0 (compatible; AhrefsBot/7.0; +http://ahrefs.com/robot/)"
216.73.217.135 - - [19/Sep/2026:11:00:13 +0200] "GET /sa-che-lei-e-pericolosa-quanto-lui-e-verso-codesto/feed/ HTTP/1.1" 200 6771 "-" "Mozilla/5.0 AppleWebKit/537.36 (KHTML, like Gecko; compatible; ClaudeBot/1.0; +claudebot@anthropic.com)"
38.134.138.69 - - [19/Sep/2026:11:00:21 +0200] "POST /xmlrpc.php HTTP/1.1" 200 5884 "-" "Jetpack by WordPress.com (Jetpack 13.0; WordPress 6.3)"
198.244.242.18 - - [19/Sep/2026:11:00:27 +0200] "GET /category/sugardaddymeet-hoe-werkt-het-2/ HTTP/1.1" 200 36766 "-" "Mozilla/5.0 (compatible; AhrefsBot/7.0; +http://ahrefs.com/robot/)"
38.134.138.69 - - [19/Sep/2026:11:00:32 +0200] "POST /xmlrpc.php HTTP/1.1" 200 5868 "-" "Jetpack by WordPress.com (Jetpack 12.0; WordPress 6.3)"
198.244.226.66 - - [19/Sep/2026:11:00:41 +0200] "GET /category/trans-chodit-s-nekym-peihlg%D1%9Ee%D1%9Eeng-75/ HTTP/1.1" 200 37148 "-" "Mozilla/5.0 (compatible; AhrefsBot/7.0; +http://ahrefs.com/robot/)"
38.134.138.69 - - [19/Sep/2026:11:00:43 +0200] "POST /xmlrpc.php HTTP/1.1" 200 5884 "-" "Jetpack by WordPress.com (Jetpack 12.1; WordPress 6.4)"
38.134.138.69 - - [19/Sep/2026:11:00:53 +0200] "POST /xmlrpc.php HTTP/1.1" 200 5900 "-" "WordPress.com; https://wordpress.com"
198.244.242.3 - - [19/Sep/2026:11:00:55 +0200] "GET /category/hinge-reviews-2/ HTTP/1.1" 200 36719 "-" "Mozilla/5.0 (compatible; AhrefsBot/7.0; +http://ahrefs.com/robot/)"
38.134.138.69 - - [19/Sep/2026:11:01:04 +0200] "POST /xmlrpc.php HTTP/1.1" 200 5884 "-" "WordPress.com; https://wordpress.com"
51.89.129.61 - - [19/Sep/2026:11:01:11 +0200] "GET /category/niepelnosprawnych-randki-aplikacja-2/ HTTP/1.1" 200 36853 "-" "Mozilla/5.0 (compatible; AhrefsBot/7.0; +http://ahrefs.com/robot/)"
38.134.138.69 - - [19/Sep/2026:11:01:14 +0200] "POST /xmlrpc.php HTTP/1.1" 200 5884 "-" "WordPress.com; https://wordpress.com"
38.134.138.69 - - [19/Sep/2026:11:01:25 +0200] "POST /xmlrpc.php HTTP/1.1" 200 5900 "-" "WordPress.com; https://wordpress.com"
198.244.226.120 - - [19/Sep/2026:11:01:26 +0200] "GET /category/roseville-escort-2/ HTTP/1.1" 200 36641 "-" "Mozilla/5.0 (compatible; AhrefsBot/7.0; +http://ahrefs.com/robot/)"
38.134.138.69 - - [19/Sep/2026:11:01:36 +0200] "POST /xmlrpc.php HTTP/1.1" 200 5884 "-" "Jetpack by WordPress.com (Jetpack 12.1; WordPress 6.2)"
198.244.183.141 - - [19/Sep/2026:11:01:42 +0200] "GET /category/clover-app-2/ HTTP/1.1" 200 36424 "-" "Mozilla/5.0 (compatible; AhrefsBot/7.0; +http://ahrefs.com/robot/)"
38.134.138.69 - - [19/Sep/2026:11:01:46 +0200] "POST /xmlrpc.php HTTP/1.1" 200 5884 "-" "WordPress.com; https://wordpress.com"
51.89.129.101 - - [19/Sep/2026:11:01:56 +0200] "GET /category/ebonyflirt-review/ HTTP/1.1" 200 36592 "-" "Mozilla/5.0 (compatible; AhrefsBot/7.0; +http://ahrefs.com/robot/)"
38.134.138.69 - - [19/Sep/2026:11:01:57 +0200] "POST /xmlrpc.php HTTP/1.1" 200 5900 "-" "Jetpack by WordPress.com (Jetpack 13.0; WordPress 6.2)"
220.181.108.112 - - [19/Sep/2026:11:02:00 +0200] "GET /if-you-re-still-in-the-senior-school-you-may-want/adjudicaciones HTTP/1.1" 301 5592 "-" "Mozilla/5.0 (compatible; Baiduspider/2.0; +http://www.baidu.com/search/spider.html)"
220.181.108.147 - - [19/Sep/2026:11:02:01 +0200] "GET /adjudicaciones/ HTTP/1.1" 200 53241 "-" "Mozilla/5.0 (compatible; Baiduspider/2.0; +http://www.baidu.com/search/spider.html)"
38.134.138.69 - - [19/Sep/2026:11:02:07 +0200] "POST /xmlrpc.php HTTP/1.1" 200 5868 "-" "Jetpack by WordPress.com"
198.244.240.3 - - [19/Sep/2026:11:02:10 +0200] "GET /category/ios-hookup-apps-hookuphotties-search/ HTTP/1.1" 200 37072 "-" "Mozilla/5.0 (compatible; AhrefsBot/7.0; +http://ahrefs.com/robot/)"
38.134.138.69 - - [19/Sep/2026:11:02:18 +0200] "POST /xmlrpc.php HTTP/1.1" 200 5900 "-" "Jetpack by WordPress.com"
198.244.240.178 - - [19/Sep/2026:11:02:24 +0200] "GET /category/hairy-women-dating-free-online-sites-for-singles-2/ HTTP/1.1" 200 37062 "-" "Mozilla/5.0 (compatible; AhrefsBot/7.0; +http://ahrefs.com/robot/)"
38.134.138.69 - - [19/Sep/2026:11:02:29 +0200] "POST /xmlrpc.php HTTP/1.1" 200 5900 "-" "WordPress.com; https://wordpress.com"
38.134.138.69 - - [19/Sep/2026:11:02:39 +0200] "POST /xmlrpc.php HTTP/1.1" 200 5868 "-" "Jetpack/13.0; WordPress/6.1; http://site59238483.com"
51.195.244.32 - - [19/Sep/2026:11:02:40 +0200] "GET /category/irklar-arasi-buradaki-yorumum-2/ HTTP/1.1" 200 36802 "-" "Mozilla/5.0 (compatible; AhrefsBot/7.0; +http://ahrefs.com/robot/)"
38.134.138.69 - - [19/Sep/2026:11:02:50 +0200] "POST /xmlrpc.php HTTP/1.1" 200 5900 "-" "Jetpack by WordPress.com (Jetpack 12.1; WordPress 6.3)"
198.244.242.231 - - [19/Sep/2026:11:02:55 +0200] "GET /category/shagle-it-review/ HTTP/1.1" 200 36991 "-" "Mozilla/5.0 (compatible; AhrefsBot/7.0; +http://ahrefs.com/robot/)"
38.134.138.69 - - [19/Sep/2026:11:03:01 +0200] "POST /xmlrpc.php HTTP/1.1" 200 5868 "-" "WordPress.com; https://wordpress.com"
198.244.240.28 - - [19/Sep/2026:11:03:10 +0200] "GET /category/durham-nc-north-carolina-local-hookup-near-me-2/ HTTP/1.1" 200 37014 "-" "Mozilla/5.0 (compatible; AhrefsBot/7.0; +http://ahrefs.com/robot/)"
38.134.138.69 - - [19/Sep/2026:11:03:11 +0200] "POST /xmlrpc.php HTTP/1.1" 200 5884 "-" "Jetpack/13.0; WordPress/6.1; http://site13456096.com"
38.134.138.69 - - [19/Sep/2026:11:03:22 +0200] "POST /xmlrpc.php HTTP/1.1" 200 5884 "-" "WordPress.com; https://wordpress.com"
198.244.240.216 - - [19/Sep/2026:11:03:24 +0200] "GET /category/localhookup-review-2/ HTTP/1.1" 200 36773 "-" "Mozilla/5.0 (compatible; AhrefsBot/7.0; +http://ahrefs.com/robot/)"
38.134.138.69 - - [19/Sep/2026:11:03:32 +0200] "POST /xmlrpc.php HTTP/1.1" 200 5884 "-" "WordPress.com; https://wordpress.com"
198.244.168.142 - - [19/Sep/2026:11:03:40 +0200] "GET /category/christian-connection-chat-2/ HTTP/1.1" 200 36840 "-" "Mozilla/5.0 (compatible; AhrefsBot/7.0; +http://ahrefs.com/robot/)"
85.208.96.200 - - [19/Sep/2026:11:03:40 +0200] "GET /oozing-wound-s-approach-to-thrash-metal-is-a-good/ HTTP/1.1" 200 43113 "-" "Mozilla/5.0 (compatible; SemrushBot/7~bl; +http://www.semrush.com/bot.html)"
38.134.138.69 - - [19/Sep/2026:11:03:43 +0200] "POST /xmlrpc.php HTTP/1.1" 200 5900 "-" "Jetpack/13.0; WordPress/6.3; http://site32655528.com"
38.134.138.69 - - [19/Sep/2026:11:03:54 +0200] "POST /xmlrpc.php HTTP/1.1" 200 5884 "-" "WordPress.com; https://wordpress.com"
54.38.147.177 - - [19/Sep/2026:11:03:57 +0200] "GET /category/girlsdateforfree-cs-review/ HTTP/1.1" 200 36760 "-" "Mozilla/5.0 (compatible; AhrefsBot/7.0; +http://ahrefs.com/robot/)"
38.134.138.69 - - [19/Sep/2026:11:04:04 +0200] "POST /xmlrpc.php HTTP/1.1" 200 5868 "-" "Jetpack by WordPress.com (Jetpack 12.1; WordPress 6.3)"
85.208.96.205 - - [19/Sep/2026:11:04:11 +0200] "GET /interpersonal-sex-sites-that-are-liberated-to-join/ HTTP/1.1" 200 40604 "-" "Mozilla/5.0 (compatible; SemrushBot/7~bl; +http://www.semrush.com/bot.html)"
51.89.129.132 - - [19/Sep/2026:11:04:12 +0200] "GET /category/grizzly-modere-2/ HTTP/1.1" 200 36482 "-" "Mozilla/5.0 (compatible; AhrefsBot/7.0; +http://ahrefs.com/robot/)"
38.134.138.69 - - [19/Sep/2026:11:04:15 +0200] "POST /xmlrpc.php HTTP/1.1" 200 5900 "-" "WordPress.com; https://wordpress.com"
198.244.226.14 - - [19/Sep/2026:11:04:25 +0200] "GET /category/ios-de-review-2/ HTTP/1.1" 200 36531 "-" "Mozilla/5.0 (compatible; AhrefsBot/7.0; +http://ahrefs.com/robot/)"
38.134.138.69 - - [19/Sep/2026:11:04:26 +0200] "POST /xmlrpc.php HTTP/1.1" 200 5884 "-" "WordPress.com; https://wordpress.com"
85.208.96.209 - - [19/Sep/2026:11:04:29 +0200] "GET /je-meclate-i-encore-leurs-stupides-que-les/ HTTP/1.1" 200 44117 "-" "Mozilla/5.0 (compatible; SemrushBot/7~bl; +http://www.semrush.com/bot.html)"
38.134.138.69 - - [19/Sep/2026:11:04:36 +0200] "POST /xmlrpc.php HTTP/1.1" 200 5868 "-" "Jetpack/13.0; WordPress/6.2; http://site40114071.com"
51.195.183.45 - - [19/Sep/2026:11:04:38 +0200] "GET /category/pomona-ca-california-resource-2/ HTTP/1.1" 200 36818 "-" "Mozilla/5.0 (compatible; AhrefsBot/7.0; +http://ahrefs.com/robot/)"
85.208.96.202 - - [19/Sep/2026:11:04:40 +0200] "GET /t-appearing-completing-position-undertaking/adjudicaciones HTTP/1.1" 301 5560 "-" "Mozilla/5.0 (compatible; SemrushBot/7~bl; +http://www.semrush.com/bot.html)"
85.208.96.194 - - [19/Sep/2026:11:04:45 +0200] "GET /russia-won-t-be-allowed-to-qualify-for-the-brand/ HTTP/1.1" 200 43790 "-" "Mozilla/5.0 (compatible; SemrushBot/7~bl; +http://www.semrush.com/bot.html)"
38.134.138.69 - - [19/Sep/2026:11:04:47 +0200] "POST /xmlrpc.php HTTP/1.1" 200 5884 "-" "Jetpack by WordPress.com (Jetpack 12.0; WordPress 6.3)"
85.208.96.200 - - [19/Sep/2026:11:04:49 +0200] "GET /gingers-get-it-into-the-for-hours-on-end/ HTTP/1.1" 200 42582 "-" "Mozilla/5.0 (compatible; SemrushBot/7~bl; +http://www.semrush.com/bot.html)"
54.38.147.170 - - [19/Sep/2026:11:04:51 +0200] "GET /category/salt-lake-city-ut-utah-review/ HTTP/1.1" 200 36680 "-" "Mozilla/5.0 (compatible; AhrefsBot/7.0; +http://ahrefs.com/robot/)"
85.208.96.201 - - [19/Sep/2026:11:04:51 +0200] "GET /catherine-puis-chiaraou-nathalie-alors-laura-meres/nosotros HTTP/1.1" 301 5586 "-" "Mozilla/5.0 (compatible; SemrushBot/7~bl; +http://www.semrush.com/bot.html)"
38.134.138.69 - - [19/Sep/2026:11:04:57 +0200] "POST /xmlrpc.php HTTP/1.1" 200 5868 "-" "Jetpack by WordPress.com"
66.249.64.7 - - [19/Sep/2026:11:04:58 +0200] "GET /category/ardent-reviews/ HTTP/1.1" 200 36472 "-" "Mozilla/5.0 (Linux; Android 6.0.1; Nexus 5X Build/MMB29P) AppleWebKit/537.36 (KHTML, like Gecko) Chrome/153.0.8010.47 Mobile Safari/537.36 (compatible; Googlebot/2.1; +http://www.google.com/bot.html)"
17.166.152.207 - - [19/Sep/2026:11:05:05 +0200] "GET /category/rencontres-tiilt-2/politica-de-privacidad HTTP/1.1" 404 36550 "-" "Mozilla/5.0 (Macintosh; Intel Mac OS X 10_15_7) AppleWebKit/605.1.15 (KHTML, like Gecko) Version/17.4 Safari/605.1.15 (Applebot/0.1; +http://www.apple.com/go/applebot)"
17.166.153.113 - - [19/Sep/2026:11:05:07 +0200] "GET /advarer-mot-investeringsbedrageri-med-kryptovaluta-kryptovaluta/politica-de-privacidad HTTP/1.1" 301 5568 "-" "Mozilla/5.0 (Macintosh; Intel Mac OS X 10_15_7) AppleWebKit/605.1.15 (KHTML, like Gecko) Version/17.4 Safari/605.1.15 (Applebot/0.1; +http://www.apple.com/go/applebot)"
17.166.153.113 - - [19/Sep/2026:11:05:08 +0200] "GET /politica-de-privacidad/ HTTP/1.1" 200 37406 "-" "Mozilla/5.0 (Macintosh; Intel Mac OS X 10_15_7) AppleWebKit/605.1.15 (KHTML, like Gecko) Version/17.4 Safari/605.1.15 (Applebot/0.1; +http://www.apple.com/go/applebot)"
38.134.138.69 - - [19/Sep/2026:11:05:08 +0200] "POST /xmlrpc.php HTTP/1.1" 200 5900 "-" "Jetpack/12.0; WordPress/6.4; http://site80701084.com"
38.134.138.69 - - [19/Sep/2026:11:05:19 +0200] "POST /xmlrpc.php HTTP/1.1" 200 5868 "-" "Jetpack by WordPress.com (Jetpack 12.1; WordPress 6.2)"
77.75.77.36 - - [19/Sep/2026:11:05:24 +0200] "GET /category/paltalk-adult-dating-2/ HTTP/1.1" 200 36793 "-" "Mozilla/5.0 (compatible; SeznamBot/4.0; +https://o-seznam.cz/napoveda/vyhledavani/en/seznambot-crawler/)"
38.134.138.69 - - [19/Sep/2026:11:05:29 +0200] "POST /xmlrpc.php HTTP/1.1" 200 5868 "-" "Jetpack/13.0; WordPress/6.1; http://site75133409.com"
38.134.138.69 - - [19/Sep/2026:11:05:40 +0200] "POST /xmlrpc.php HTTP/1.1" 200 5868 "-" "WordPress.com; https://wordpress.com"
17.166.232.43 - - [19/Sep/2026:11:05:42 +0200] "GET /1-go-to-an-affordable-college-or-university/actividades HTTP/1.1" 301 5573 "-" "Mozilla/5.0 (Macintosh; Intel Mac OS X 10_15_7) AppleWebKit/605.1.15 (KHTML, like Gecko) Version/17.4 Safari/605.1.15 (Applebot/0.1; +http://www.apple.com/go/applebot)"
17.166.232.43 - - [19/Sep/2026:11:05:42 +0200] "GET /actividades/ HTTP/1.1" 200 39460 "-" "Mozilla/5.0 (Macintosh; Intel Mac OS X 10_15_7) AppleWebKit/605.1.15 (KHTML, like Gecko) Version/17.4 Safari/605.1.15 (Applebot/0.1; +http://www.apple.com/go/applebot)"
38.134.138.69 - - [19/Sep/2026:11:05:50 +0200] "POST /xmlrpc.php HTTP/1.1" 200 5868 "-" "WordPress.com; https://wordpress.com"
85.208.96.209 - - [19/Sep/2026:11:05:54 +0200] "GET /meetic-comme-est-ce-lequel-ils-me-acompte/politica-de-cookies HTTP/1.1" 301 5597 "-" "Mozilla/5.0 (compatible; SemrushBot/7~bl; +http://www.semrush.com/bot.html)"
38.134.138.69 - - [19/Sep/2026:11:06:01 +0200] "POST /xmlrpc.php HTTP/1.1" 200 5868 "-" "Jetpack by WordPress.com (Jetpack 12.1; WordPress 6.3)"
38.134.138.69 - - [19/Sep/2026:11:06:12 +0200] "POST /xmlrpc.php HTTP/1.1" 200 5884 "-" "Jetpack/12.5; WordPress/6.4; http://site26782236.com"
38.134.138.69 - - [19/Sep/2026:11:06:22 +0200] "POST /xmlrpc.php HTTP/1.1" 200 5884 "-" "Jetpack by WordPress.com"
38.134.138.69 - - [19/Sep/2026:11:06:33 +0200] "POST /xmlrpc.php HTTP/1.1" 200 5868 "-" "WordPress.com; https://wordpress.com"
38.134.138.69 - - [19/Sep/2026:11:06:43 +0200] "POST /xmlrpc.php HTTP/1.1" 200 5900 "-" "Jetpack/12.1; WordPress/6.3; http://site22193614.com"
38.134.138.69 - - [19/Sep/2026:11:06:54 +0200] "POST /xmlrpc.php HTTP/1.1" 200 5884 "-" "Jetpack by WordPress.com"
38.134.138.69 - - [19/Sep/2026:11:07:05 +0200] "POST /xmlrpc.php HTTP/1.1" 200 5868 "-" "Jetpack by WordPress.com"
38.134.138.69 - - [19/Sep/2026:11:07:15 +0200] "POST /xmlrpc.php HTTP/1.1" 200 5900 "-" "Jetpack by WordPress.com (Jetpack 12.1; WordPress 6.2)"
17.166.234.197 - - [19/Sep/2026:11:07:22 +0200] "GET /category/chatiw-radiometric-dating-2/adjudicaciones HTTP/1.1" 404 36566 "-" "Mozilla/5.0 (Macintosh; Intel Mac OS X 10_15_7) AppleWebKit/605.1.15 (KHTML, like Gecko) Version/17.4 Safari/605.1.15 (Applebot/0.1; +http://www.apple.com/go/applebot)"
38.134.138.69 - - [19/Sep/2026:11:07:26 +0200] "POST /xmlrpc.php HTTP/1.1" 200 5868 "-" "Jetpack/12.5; WordPress/6.4; http://site26790977.com"
17.166.22.11 - - [19/Sep/2026:11:07:35 +0200] "GET /category/honolulu-hi-hawaii-dating-2/politica-de-cookies HTTP/1.1" 404 36550 "-" "Mozilla/5.0 (Macintosh; Intel Mac OS X 10_15_7) AppleWebKit/605.1.15 (KHTML, like Gecko) Version/17.4 Safari/605.1.15 (Applebot/0.1; +http://www.apple.com/go/applebot)"
38.134.138.69 - - [19/Sep/2026:11:07:37 +0200] "POST /xmlrpc.php HTTP/1.1" 200 5884 "-" "Jetpack by WordPress.com"
38.134.138.69 - - [19/Sep/2026:11:07:47 +0200] "POST /xmlrpc.php HTTP/1.1" 200 5884 "-" "Jetpack by WordPress.com (Jetpack 12.0; WordPress 6.4)"
38.134.138.69 - - [19/Sep/2026:11:07:58 +0200] "POST /xmlrpc.php HTTP/1.1" 200 5884 "-" "WordPress.com; https://wordpress.com"
38.134.138.69 - - [19/Sep/2026:11:08:08 +0200] "POST /xmlrpc.php HTTP/1.1" 200 5900 "-" "Jetpack by WordPress.com (Jetpack 13.0; WordPress 6.1)"
38.134.138.69 - - [19/Sep/2026:11:08:19 +0200] "POST /xmlrpc.php HTTP/1.1" 200 5884 "-" "Jetpack/12.5; WordPress/6.2; http://site97425963.com"
38.134.138.69 - - [19/Sep/2026:11:08:29 +0200] "POST /xmlrpc.php HTTP/1.1" 200 5884 "-" "WordPress.com; https://wordpress.com"
38.134.138.69 - - [19/Sep/2026:11:08:40 +0200] "POST /xmlrpc.php HTTP/1.1" 200 5900 "-" "Jetpack/13.0; WordPress/6.4; http://site19642284.com"
17.166.155.10 - - [19/Sep/2026:11:08:41 +0200] "GET /category/gleeden-online-dating-2/actividades HTTP/1.1" 404 36550 "-" "Mozilla/5.0 (Macintosh; Intel Mac OS X 10_15_7) AppleWebKit/605.1.15 (KHTML, like Gecko) Version/17.4 Safari/605.1.15 (Applebot/0.1; +http://www.apple.com/go/applebot)"
38.134.138.69 - - [19/Sep/2026:11:08:51 +0200] "POST /xmlrpc.php HTTP/1.1" 200 5884 "-" "WordPress.com; https://wordpress.com"
38.134.138.69 - - [19/Sep/2026:11:09:01 +0200] "POST /xmlrpc.php HTTP/1.1" 200 5900 "-" "WordPress.com; https://wordpress.com"
38.134.138.69 - - [19/Sep/2026:11:09:12 +0200] "POST /xmlrpc.php HTTP/1.1" 200 5884 "-" "Jetpack by WordPress.com"
70.52.178.40 - - [19/Sep/2026:11:09:20 +0200] "GET /wp-login.php HTTP/1.1" 200 13767 "-" "Mozilla/5.0 (Windows NT 10.0; Win64; x64) AppleWebKit/537.36 (KHTML, like Gecko) Chrome/146.0.0.0 Safari/537.36"
70.52.178.40 - - [19/Sep/2026:11:09:21 +0200] "POST /wp-login.php HTTP/1.1" 200 14203 "https://gessing.es/wp-login.php" "Mozilla/5.0 (Windows NT 10.0; Win64; x64) AppleWebKit/537.36 (KHTML, like Gecko) Chrome/146.0.0.0 Safari/537.36"
38.134.138.69 - - [19/Sep/2026:11:09:23 +0200] "POST /xmlrpc.php HTTP/1.1" 200 5884 "-" "Jetpack by WordPress.com"
38.134.138.69 - - [19/Sep/2026:11:09:33 +0200] "POST /xmlrpc.php HTTP/1.1" 200 5900 "-" "Jetpack/13.0; WordPress/6.3; http://site41727652.com"
38.134.138.69 - - [19/Sep/2026:11:09:44 +0200] "POST /xmlrpc.php HTTP/1.1" 200 5884 "-" "Jetpack/13.0; WordPress/6.1; http://site50860095.com"
38.134.138.69 - - [19/Sep/2026:11:09:55 +0200] "POST /xmlrpc.php HTTP/1.1" 200 5868 "-" "WordPress.com; https://wordpress.com"
85.208.96.204 - - [19/Sep/2026:11:10:03 +0200] "GET /extremely-analysis-from-the-attention-to-thinking/nosotros HTTP/1.1" 301 5586 "-" "Mozilla/5.0 (compatible; SemrushBot/7~bl; +http://www.semrush.com/bot.html)"
38.134.138.69 - - [19/Sep/2026:11:10:05 +0200] "POST /xmlrpc.php HTTP/1.1" 200 5884 "-" "Jetpack by WordPress.com (Jetpack 13.0; WordPress 6.3)"
85.208.96.197 - - [19/Sep/2026:11:10:06 +0200] "GET /bor-jeg-investere-i-kryptovaluta-kryptovaluta-bitcoin-icoer-og-blockchain/contacto HTTP/1.1" 301 5570 "-" "Mozilla/5.0 (compatible; SemrushBot/7~bl; +http://www.semrush.com/bot.html)"
17.166.21.173 - - [19/Sep/2026:11:10:07 +0200] "GET /category/best-online-dating-site-for-free/medio-ambiente HTTP/1.1" 404 36534 "-" "Mozilla/5.0 (Macintosh; Intel Mac OS X 10_15_7) AppleWebKit/605.1.15 (KHTML, like Gecko) Version/17.4 Safari/605.1.15 (Applebot/0.1; +http://www.apple.com/go/applebot)"
38.134.138.69 - - [19/Sep/2026:11:10:16 +0200] "POST /xmlrpc.php HTTP/1.1" 200 5884 "-" "Jetpack/12.5; WordPress/6.3; http://site24725242.com"
38.134.138.69 - - [19/Sep/2026:11:10:26 +0200] "POST /xmlrpc.php HTTP/1.1" 200 5884 "-" "WordPress.com; https://wordpress.com"
38.134.138.69 - - [19/Sep/2026:11:10:37 +0200] "POST /xmlrpc.php HTTP/1.1" 200 5900 "-" "WordPress.com; https://wordpress.com"
17.166.155.114 - - [19/Sep/2026:11:10:40 +0200] "GET /category/cybermen-commenti-2/politica-de-cookies HTTP/1.1" 404 36550 "-" "Mozilla/5.0 (Macintosh; Intel Mac OS X 10_15_7) AppleWebKit/605.1.15 (KHTML, like Gecko) Version/17.4 Safari/605.1.15 (Applebot/0.1; +http://www.apple.com/go/applebot)"
38.134.138.69 - - [19/Sep/2026:11:10:48 +0200] "POST /xmlrpc.php HTTP/1.1" 200 5884 "-" "Jetpack by WordPress.com"
38.134.138.69 - - [19/Sep/2026:11:10:58 +0200] "POST /xmlrpc.php HTTP/1.1" 200 5900 "-" "Jetpack/12.1; WordPress/6.1; http://site94216752.com"
38.134.138.69 - - [19/Sep/2026:11:11:09 +0200] "POST /xmlrpc.php HTTP/1.1" 200 5884 "-" "Jetpack/13.0; WordPress/6.4; http://site59144111.com"
38.134.138.69 - - [19/Sep/2026:11:11:21 +0200] "POST /xmlrpc.php HTTP/1.1" 200 5884 "-" "Jetpack by WordPress.com (Jetpack 12.5; WordPress 6.1)"
38.134.138.69 - - [19/Sep/2026:11:11:30 +0200] "POST /xmlrpc.php HTTP/1.1" 200 5900 "-" "WordPress.com; https://wordpress.com"
38.134.138.69 - - [19/Sep/2026:11:11:41 +0200] "POST /xmlrpc.php HTTP/1.1" 200 5884 "-" "WordPress.com; https://wordpress.com"
38.134.138.69 - - [19/Sep/2026:11:11:52 +0200] "POST /xmlrpc.php HTTP/1.1" 200 5868 "-" "WordPress.com; https://wordpress.com"
38.134.138.69 - - [19/Sep/2026:11:12:02 +0200] "POST /xmlrpc.php HTTP/1.1" 200 5884 "-" "Jetpack by WordPress.com (Jetpack 12.1; WordPress 6.2)"
85.208.96.207 - - [19/Sep/2026:11:12:12 +0200] "GET /30-low-bland-things-to-do-having-a-crush-otherwise/ HTTP/1.1" 200 42706 "-" "Mozilla/5.0 (compatible; SemrushBot/7~bl; +http://www.semrush.com/bot.html)"
38.134.138.69 - - [19/Sep/2026:11:12:13 +0200] "POST /xmlrpc.php HTTP/1.1" 200 5884 "-" "WordPress.com; https://wordpress.com"
85.208.96.198 - - [19/Sep/2026:11:12:15 +0200] "GET /storie-figa-bagnata-sposa-sgualdrina-scopata-2/ HTTP/1.1" 200 44918 "-" "Mozilla/5.0 (compatible; SemrushBot/7~bl; +http://www.semrush.com/bot.html)"
85.208.96.207 - - [19/Sep/2026:11:12:18 +0200] "GET /when-you-yourself-have-numerous-federal-fund-you/ HTTP/1.1" 200 43049 "-" "Mozilla/5.0 (compatible; SemrushBot/7~bl; +http://www.semrush.com/bot.html)"
38.134.138.69 - - [19/Sep/2026:11:12:23 +0200] "POST /xmlrpc.php HTTP/1.1" 200 5884 "-" "Jetpack by WordPress.com (Jetpack 12.5; WordPress 6.4)"
38.134.138.69 - - [19/Sep/2026:11:12:34 +0200] "POST /xmlrpc.php HTTP/1.1" 200 5884 "-" "Jetpack by WordPress.com"
38.134.138.69 - - [19/Sep/2026:11:12:45 +0200] "POST /xmlrpc.php HTTP/1.1" 200 5868 "-" "Jetpack by WordPress.com"
38.134.138.69 - - [19/Sep/2026:11:12:55 +0200] "POST /xmlrpc.php HTTP/1.1" 200 5884 "-" "Jetpack by WordPress.com (Jetpack 13.0; WordPress 6.4)"
38.134.138.69 - - [19/Sep/2026:11:13:06 +0200] "POST /xmlrpc.php HTTP/1.1" 200 5868 "-" "Jetpack/12.5; WordPress/6.2; http://site26592859.com"
38.134.138.69 - - [19/Sep/2026:11:13:17 +0200] "POST /xmlrpc.php HTTP/1.1" 200 5884 "-" "Jetpack by WordPress.com"
38.134.138.69 - - [19/Sep/2026:11:13:27 +0200] "POST /xmlrpc.php HTTP/1.1" 200 5868 "-" "Jetpack/13.0; WordPress/6.3; http://site74751150.com"
38.134.138.69 - - [19/Sep/2026:11:13:38 +0200] "POST /xmlrpc.php HTTP/1.1" 200 5868 "-" "Jetpack by WordPress.com (Jetpack 12.1; WordPress 6.4)"
17.166.152.142 - - [19/Sep/2026:11:13:42 +0200] "GET /category/online-payday-loans-michigan-2/politica-de-cookies HTTP/1.1" 404 36566 "-" "Mozilla/5.0 (Macintosh; Intel Mac OS X 10_15_7) AppleWebKit/605.1.15 (KHTML, like Gecko) Version/17.4 Safari/605.1.15 (Applebot/0.1; +http://www.apple.com/go/applebot)"
38.134.138.69 - - [19/Sep/2026:11:13:48 +0200] "POST /xmlrpc.php HTTP/1.1" 200 5900 "-" "Jetpack by WordPress.com"
38.134.138.69 - - [19/Sep/2026:11:13:59 +0200] "POST /xmlrpc.php HTTP/1.1" 200 5900 "-" "Jetpack/12.0; WordPress/6.3; http://site48399184.com"
38.134.138.69 - - [19/Sep/2026:11:14:09 +0200] "POST /xmlrpc.php HTTP/1.1" 200 5868 "-" "Jetpack/13.0; WordPress/6.3; http://site67908270.com"
85.208.96.193 - - [19/Sep/2026:11:14:16 +0200] "GET /pleasant-goa-escorts-premium-coastline-go-out/contacto HTTP/1.1" 301 5586 "-" "Mozilla/5.0 (compatible; SemrushBot/7~bl; +http://www.semrush.com/bot.html)"
85.208.96.205 - - [19/Sep/2026:11:14:18 +0200] "GET /and-iyards-convinced-one-to-ideology-doesnt/ HTTP/1.1" 200 44558 "-" "Mozilla/5.0 (compatible; SemrushBot/7~bl; +http://www.semrush.com/bot.html)"
38.134.138.69 - - [19/Sep/2026:11:14:20 +0200] "POST /xmlrpc.php HTTP/1.1" 200 5884 "-" "WordPress.com; https://wordpress.com"
38.134.138.69 - - [19/Sep/2026:11:14:31 +0200] "POST /xmlrpc.php HTTP/1.1" 200 5868 "-" "Jetpack by WordPress.com (Jetpack 12.5; WordPress 6.4)"
38.134.138.69 - - [19/Sep/2026:11:14:41 +0200] "POST /xmlrpc.php HTTP/1.1" 200 5884 "-" "Jetpack by WordPress.com (Jetpack 12.1; WordPress 6.2)"
38.134.138.69 - - [19/Sep/2026:11:14:52 +0200] "POST /xmlrpc.php HTTP/1.1" 200 5884 "-" "Jetpack by WordPress.com (Jetpack 13.0; WordPress 6.3)"
38.134.138.69 - - [19/Sep/2026:11:15:03 +0200] "POST /xmlrpc.php HTTP/1.1" 200 5884 "-" "Jetpack/12.1; WordPress/6.4; http://site65207485.com"
103.129.135.228 - - [19/Sep/2026:11:15:08 +0200] "POST /xmlrpc.php HTTP/1.1" 200 5884 "-" "WordPress.com; https://wordpress.com"
38.134.138.69 - - [19/Sep/2026:11:15:13 +0200] "POST /xmlrpc.php HTTP/1.1" 200 5868 "-" "WordPress.com; https://wordpress.com"
103.129.135.228 - - [19/Sep/2026:11:15:18 +0200] "POST /xmlrpc.php HTTP/1.1" 200 5884 "-" "Jetpack by WordPress.com (Jetpack 12.1; WordPress 6.4)"
38.134.138.69 - - [19/Sep/2026:11:15:24 +0200] "POST /xmlrpc.php HTTP/1.1" 200 5900 "-" "Jetpack/12.1; WordPress/6.1; http://site92610160.com"
77.75.77.36 - - [19/Sep/2026:11:15:26 +0200] "GET /category/lonelywifehookups-reviews-2/ HTTP/1.1" 200 29976 "-" "Mozilla/5.0 (compatible; SeznamBot/4.0; +https://o-seznam.cz/napoveda/vyhledavani/en/seznambot-crawler/)"
103.129.135.228 - - [19/Sep/2026:11:15:28 +0200] "POST /xmlrpc.php HTTP/1.1" 200 5884 "-" "Jetpack by WordPress.com (Jetpack 12.1; WordPress 6.1)"
38.134.138.69 - - [19/Sep/2026:11:15:34 +0200] "POST /xmlrpc.php HTTP/1.1" 200 5884 "-" "WordPress.com; https://wordpress.com"
103.129.135.228 - - [19/Sep/2026:11:15:39 +0200] "POST /xmlrpc.php HTTP/1.1" 200 5868 "-" "Jetpack by WordPress.com (Jetpack 12.0; WordPress 6.3)"
38.134.138.69 - - [19/Sep/2026:11:15:45 +0200] "POST /xmlrpc.php HTTP/1.1" 200 5900 "-" "Jetpack/13.0; WordPress/6.4; http://site94844155.com"
103.129.135.228 - - [19/Sep/2026:11:15:50 +0200] "POST /xmlrpc.php HTTP/1.1" 200 5868 "-" "Jetpack by WordPress.com"
38.134.138.69 - - [19/Sep/2026:11:15:56 +0200] "POST /xmlrpc.php HTTP/1.1" 200 5884 "-" "Jetpack by WordPress.com"
103.129.135.228 - - [19/Sep/2026:11:16:00 +0200] "POST /xmlrpc.php HTTP/1.1" 200 5900 "-" "Jetpack/12.5; WordPress/6.2; http://site32398432.com"
38.134.138.69 - - [19/Sep/2026:11:16:06 +0200] "POST /xmlrpc.php HTTP/1.1" 200 5900 "-" "Jetpack by WordPress.com (Jetpack 12.0; WordPress 6.3)"
103.129.135.228 - - [19/Sep/2026:11:16:11 +0200] "POST /xmlrpc.php HTTP/1.1" 200 5900 "-" "Jetpack by WordPress.com"
38.134.138.69 - - [19/Sep/2026:11:16:17 +0200] "POST /xmlrpc.php HTTP/1.1" 200 5868 "-" "Jetpack by WordPress.com"
103.129.135.228 - - [19/Sep/2026:11:16:22 +0200] "POST /xmlrpc.php HTTP/1.1" 200 5884 "-" "WordPress.com; https://wordpress.com"
38.134.138.69 - - [19/Sep/2026:11:16:27 +0200] "POST /xmlrpc.php HTTP/1.1" 200 5884 "-" "WordPress.com; https://wordpress.com"
103.129.135.228 - - [19/Sep/2026:11:16:32 +0200] "POST /xmlrpc.php HTTP/1.1" 200 5884 "-" "Jetpack by WordPress.com"
38.134.138.69 - - [19/Sep/2026:11:16:38 +0200] "POST /xmlrpc.php HTTP/1.1" 200 5884 "-" "Jetpack/12.0; WordPress/6.4; http://site86258832.com"
103.129.135.228 - - [19/Sep/2026:11:16:43 +0200] "POST /xmlrpc.php HTTP/1.1" 200 5884 "-" "Jetpack by WordPress.com"
38.134.138.69 - - [19/Sep/2026:11:16:48 +0200] "POST /xmlrpc.php HTTP/1.1" 200 5884 "-" "Jetpack/12.5; WordPress/6.2; http://site69738678.com"
62.83.35.92 - - [19/Sep/2026:11:16:49 +0200] "GET /robots.txt HTTP/1.1" 200 5679 "-" "tphotobot/0.1 (+https://crawler.estidraft.com/bot)"
103.129.135.228 - - [19/Sep/2026:11:16:54 +0200] "POST /xmlrpc.php HTTP/1.1" 200 5884 "-" "Jetpack/12.5; WordPress/6.4; http://site62460604.com"
38.134.138.69 - - [19/Sep/2026:11:16:59 +0200] "POST /xmlrpc.php HTTP/1.1" 200 5868 "-" "Jetpack by WordPress.com (Jetpack 12.0; WordPress 6.2)"
17.166.154.167 - - [19/Sep/2026:11:17:00 +0200] "GET /category/kasidie-registrati-2/politica-de-privacidad HTTP/1.1" 404 36550 "-" "Mozilla/5.0 (Macintosh; Intel Mac OS X 10_15_7) AppleWebKit/605.1.15 (KHTML, like Gecko) Version/17.4 Safari/605.1.15 (Applebot/0.1; +http://www.apple.com/go/applebot)"
103.129.135.228 - - [19/Sep/2026:11:17:04 +0200] "POST /xmlrpc.php HTTP/1.1" 200 5884 "-" "Jetpack by WordPress.com"
38.134.138.69 - - [19/Sep/2026:11:17:10 +0200] "POST /xmlrpc.php HTTP/1.1" 200 5900 "-" "WordPress.com; https://wordpress.com"
103.129.135.228 - - [19/Sep/2026:11:17:15 +0200] "POST /xmlrpc.php HTTP/1.1" 200 5884 "-" "Jetpack by WordPress.com (Jetpack 13.0; WordPress 6.4)"
38.134.138.69 - - [19/Sep/2026:11:17:20 +0200] "POST /xmlrpc.php HTTP/1.1" 200 5900 "-" "Jetpack/12.5; WordPress/6.2; http://site45422185.com"
103.129.135.228 - - [19/Sep/2026:11:17:26 +0200] "POST /xmlrpc.php HTTP/1.1" 200 5884 "-" "Jetpack by WordPress.com (Jetpack 13.0; WordPress 6.3)"
38.134.138.69 - - [19/Sep/2026:11:17:31 +0200] "POST /xmlrpc.php HTTP/1.1" 200 5900 "-" "WordPress.com; https://wordpress.com"
103.129.135.228 - - [19/Sep/2026:11:17:36 +0200] "POST /xmlrpc.php HTTP/1.1" 200 5884 "-" "WordPress.com; https://wordpress.com"
38.134.138.69 - - [19/Sep/2026:11:17:41 +0200] "POST /xmlrpc.php HTTP/1.1" 200 5884 "-" "WordPress.com; https://wordpress.com"
103.129.135.228 - - [19/Sep/2026:11:17:47 +0200] "POST /xmlrpc.php HTTP/1.1" 200 5868 "-" "Jetpack by WordPress.com (Jetpack 12.0; WordPress 6.2)"
38.134.138.69 - - [19/Sep/2026:11:17:52 +0200] "POST /xmlrpc.php HTTP/1.1" 200 5884 "-" "Jetpack by WordPress.com"
103.129.135.228 - - [19/Sep/2026:11:17:58 +0200] "POST /xmlrpc.php HTTP/1.1" 200 5884 "-" "WordPress.com; https://wordpress.com"
38.134.138.69 - - [19/Sep/2026:11:18:03 +0200] "POST /xmlrpc.php HTTP/1.1" 200 5868 "-" "Jetpack by WordPress.com (Jetpack 12.5; WordPress 6.2)"
216.73.217.135 - - [19/Sep/2026:11:18:06 +0200] "GET /in-reality-into-the-cash-advance-doing-good HTTP/1.1" 301 5555 "-" "Mozilla/5.0 AppleWebKit/537.36 (KHTML, like Gecko; compatible; ClaudeBot/1.0; +claudebot@anthropic.com)"
216.73.217.135 - - [19/Sep/2026:11:18:06 +0200] "GET /in-reality-into-the-cash-advance-doing-good/ HTTP/1.1" 200 43630 "https://gessing.es/in-reality-into-the-cash-advance-doing-good" "Mozilla/5.0 AppleWebKit/537.36 (KHTML, like Gecko; compatible; ClaudeBot/1.0; +claudebot@anthropic.com)"
103.129.135.228 - - [19/Sep/2026:11:18:08 +0200] "POST /xmlrpc.php HTTP/1.1" 200 5884 "-" "Jetpack by WordPress.com (Jetpack 12.5; WordPress 6.3)"
38.134.138.69 - - [19/Sep/2026:11:18:13 +0200] "POST /xmlrpc.php HTTP/1.1" 200 5884 "-" "Jetpack/12.0; WordPress/6.2; http://site52613337.com"
103.129.135.228 - - [19/Sep/2026:11:18:19 +0200] "POST /xmlrpc.php HTTP/1.1" 200 5884 "-" "Jetpack/13.0; WordPress/6.1; http://site59686691.com"
38.134.138.69 - - [19/Sep/2026:11:18:24 +0200] "POST /xmlrpc.php HTTP/1.1" 200 5884 "-" "Jetpack by WordPress.com"
103.129.135.228 - - [19/Sep/2026:11:18:30 +0200] "POST /xmlrpc.php HTTP/1.1" 200 5884 "-" "Jetpack/12.1; WordPress/6.1; http://site88072070.com"
38.134.138.69 - - [19/Sep/2026:11:18:34 +0200] "POST /xmlrpc.php HTTP/1.1" 200 5868 "-" "Jetpack by WordPress.com (Jetpack 12.0; WordPress 6.3)"
103.129.135.228 - - [19/Sep/2026:11:18:40 +0200] "POST /xmlrpc.php HTTP/1.1" 200 5884 "-" "Jetpack by WordPress.com (Jetpack 13.0; WordPress 6.2)"
38.134.138.69 - - [19/Sep/2026:11:18:45 +0200] "POST /xmlrpc.php HTTP/1.1" 200 5884 "-" "Jetpack/13.0; WordPress/6.3; http://site14519228.com"
103.129.135.228 - - [19/Sep/2026:11:18:51 +0200] "POST /xmlrpc.php HTTP/1.1" 200 5884 "-" "Jetpack/12.1; WordPress/6.4; http://site75138765.com"
38.134.138.69 - - [19/Sep/2026:11:18:56 +0200] "POST /xmlrpc.php HTTP/1.1" 200 5868 "-" "Jetpack by WordPress.com"
103.129.135.228 - - [19/Sep/2026:11:19:02 +0200] "POST /xmlrpc.php HTTP/1.1" 200 5868 "-" "WordPress.com; https://wordpress.com"
38.134.138.69 - - [19/Sep/2026:11:19:06 +0200] "POST /xmlrpc.php HTTP/1.1" 200 5868 "-" "Jetpack/12.1; WordPress/6.3; http://site84885455.com"
103.129.135.228 - - [19/Sep/2026:11:19:12 +0200] "POST /xmlrpc.php HTTP/1.1" 200 5868 "-" "Jetpack by WordPress.com (Jetpack 12.1; WordPress 6.2)"
38.134.138.69 - - [19/Sep/2026:11:19:17 +0200] "POST /xmlrpc.php HTTP/1.1" 200 5900 "-" "Jetpack by WordPress.com (Jetpack 12.0; WordPress 6.1)"
116.179.32.99 - - [19/Sep/2026:11:19:21 +0200] "GET /barkbox-how-canine-memes-became-barkbox-s/ HTTP/1.1" 200 42978 "-" "Mozilla/5.0 (compatible; Baiduspider/2.0; +http://www.baidu.com/search/spider.html)"
103.129.135.228 - - [19/Sep/2026:11:19:23 +0200] "POST /xmlrpc.php HTTP/1.1" 200 5884 "-" "Jetpack by WordPress.com (Jetpack 12.1; WordPress 6.4)"
38.134.138.69 - - [19/Sep/2026:11:19:27 +0200] "POST /xmlrpc.php HTTP/1.1" 200 5868 "-" "Jetpack by WordPress.com (Jetpack 12.5; WordPress 6.4)"
103.129.135.228 - - [19/Sep/2026:11:19:34 +0200] "POST /xmlrpc.php HTTP/1.1" 200 5884 "-" "WordPress.com; https://wordpress.com"
38.134.138.69 - - [19/Sep/2026:11:19:38 +0200] "POST /xmlrpc.php HTTP/1.1" 200 5868 "-" "Jetpack by WordPress.com (Jetpack 12.5; WordPress 6.2)"
103.129.135.228 - - [19/Sep/2026:11:19:44 +0200] "POST /xmlrpc.php HTTP/1.1" 200 5884 "-" "Jetpack by WordPress.com"
38.134.138.69 - - [19/Sep/2026:11:19:49 +0200] "POST /xmlrpc.php HTTP/1.1" 200 5884 "-" "Jetpack/13.0; WordPress/6.1; http://site79973986.com"
103.129.135.228 - - [19/Sep/2026:11:19:55 +0200] "POST /xmlrpc.php HTTP/1.1" 200 5900 "-" "Jetpack/13.0; WordPress/6.3; http://site11504674.com"
38.134.138.69 - - [19/Sep/2026:11:19:59 +0200] "POST /xmlrpc.php HTTP/1.1" 200 5884 "-" "Jetpack by WordPress.com"
103.129.135.228 - - [19/Sep/2026:11:20:06 +0200] "POST /xmlrpc.php HTTP/1.1" 200 5900 "-" "Jetpack by WordPress.com"
38.134.138.69 - - [19/Sep/2026:11:20:10 +0200] "POST /xmlrpc.php HTTP/1.1" 200 5884 "-" "Jetpack by WordPress.com (Jetpack 12.1; WordPress 6.1)"
103.129.135.228 - - [19/Sep/2026:11:20:16 +0200] "POST /xmlrpc.php HTTP/1.1" 200 5900 "-" "WordPress.com; https://wordpress.com"
188.213.202.41 - - [19/Sep/2026:11:20:19 +0200] "POST /wp-login.php HTTP/1.1" 200 14202 "-" "Mozilla/5.0 (Windows NT 10.0; Win64; rv:143.0) Gecko/20100101 Firefox/143.0"
188.213.202.27 - - [19/Sep/2026:11:20:19 +0200] "POST /wp-login.php HTTP/1.1" 200 14202 "-" "Mozilla/5.0 (Windows NT 10.0; Win64; rv:143.0) Gecko/20100101 Firefox/143.0"
188.213.202.11 - - [19/Sep/2026:11:20:19 +0200] "POST /wp-login.php HTTP/1.1" 200 14214 "-" "Mozilla/5.0 (Windows NT 10.0; Win64; rv:143.0) Gecko/20100101 Firefox/143.0"
38.134.138.69 - - [19/Sep/2026:11:20:21 +0200] "POST /xmlrpc.php HTTP/1.1" 200 5884 "-" "Jetpack by WordPress.com"
103.129.135.228 - - [19/Sep/2026:11:20:27 +0200] "POST /xmlrpc.php HTTP/1.1" 200 5868 "-" "Jetpack/12.0; WordPress/6.1; http://site89386634.com"
38.134.138.69 - - [19/Sep/2026:11:20:31 +0200] "POST /xmlrpc.php HTTP/1.1" 200 5884 "-" "Jetpack by WordPress.com (Jetpack 12.0; WordPress 6.1)"
103.129.135.228 - - [19/Sep/2026:11:20:38 +0200] "POST /xmlrpc.php HTTP/1.1" 200 5868 "-" "Jetpack by WordPress.com"
38.134.138.69 - - [19/Sep/2026:11:20:42 +0200] "POST /xmlrpc.php HTTP/1.1" 200 5884 "-" "WordPress.com; https://wordpress.com"
103.129.135.228 - - [19/Sep/2026:11:20:48 +0200] "POST /xmlrpc.php HTTP/1.1" 200 5884 "-" "Jetpack/12.1; WordPress/6.3; http://site57852419.com"
38.134.138.69 - - [19/Sep/2026:11:20:52 +0200] "POST /xmlrpc.php HTTP/1.1" 200 5884 "-" "Jetpack by WordPress.com (Jetpack 12.5; WordPress 6.2)"
103.129.135.228 - - [19/Sep/2026:11:20:59 +0200] "POST /xmlrpc.php HTTP/1.1" 200 5884 "-" "WordPress.com; https://wordpress.com"
38.134.138.69 - - [19/Sep/2026:11:21:03 +0200] "POST /xmlrpc.php HTTP/1.1" 200 5884 "-" "Jetpack by WordPress.com"
103.129.135.228 - - [19/Sep/2026:11:21:10 +0200] "POST /xmlrpc.php HTTP/1.1" 200 5884 "-" "Jetpack by WordPress.com"
38.134.138.69 - - [19/Sep/2026:11:21:14 +0200] "POST /xmlrpc.php HTTP/1.1" 200 5868 "-" "Jetpack by WordPress.com (Jetpack 12.0; WordPress 6.4)"
103.129.135.228 - - [19/Sep/2026:11:21:20 +0200] "POST /xmlrpc.php HTTP/1.1" 200 5884 "-" "Jetpack by WordPress.com"
38.134.138.69 - - [19/Sep/2026:11:21:24 +0200] "POST /xmlrpc.php HTTP/1.1" 200 5868 "-" "Jetpack by WordPress.com"
103.129.135.228 - - [19/Sep/2026:11:21:31 +0200] "POST /xmlrpc.php HTTP/1.1" 200 5868 "-" "Jetpack by WordPress.com"
38.134.138.69 - - [19/Sep/2026:11:21:35 +0200] "POST /xmlrpc.php HTTP/1.1" 200 5884 "-" "Jetpack by WordPress.com"
103.129.135.228 - - [19/Sep/2026:11:21:42 +0200] "POST /xmlrpc.php HTTP/1.1" 200 5884 "-" "WordPress.com; https://wordpress.com"
38.134.138.69 - - [19/Sep/2026:11:21:46 +0200] "POST /xmlrpc.php HTTP/1.1" 200 5884 "-" "Jetpack by WordPress.com"
103.129.135.228 - - [19/Sep/2026:11:21:52 +0200] "POST /xmlrpc.php HTTP/1.1" 200 5900 "-" "Jetpack by WordPress.com"
38.134.138.69 - - [19/Sep/2026:11:21:56 +0200] "POST /xmlrpc.php HTTP/1.1" 200 5884 "-" "WordPress.com; https://wordpress.com"
103.129.135.228 - - [19/Sep/2026:11:22:03 +0200] "POST /xmlrpc.php HTTP/1.1" 200 5868 "-" "Jetpack by WordPress.com (Jetpack 12.5; WordPress 6.3)"
38.134.138.69 - - [19/Sep/2026:11:22:07 +0200] "POST /xmlrpc.php HTTP/1.1" 200 5884 "-" "Jetpack by WordPress.com"
103.129.135.228 - - [19/Sep/2026:11:22:14 +0200] "POST /xmlrpc.php HTTP/1.1" 200 5884 "-" "Jetpack/12.0; WordPress/6.3; http://site43396424.com"
38.134.138.69 - - [19/Sep/2026:11:22:17 +0200] "POST /xmlrpc.php HTTP/1.1" 200 5868 "-" "WordPress.com; https://wordpress.com"
103.129.135.228 - - [19/Sep/2026:11:22:24 +0200] "POST /xmlrpc.php HTTP/1.1" 200 5900 "-" "Jetpack by WordPress.com"
38.134.138.69 - - [19/Sep/2026:11:22:28 +0200] "POST /xmlrpc.php HTTP/1.1" 200 5868 "-" "Jetpack by WordPress.com (Jetpack 13.0; WordPress 6.2)"
103.129.135.228 - - [19/Sep/2026:11:22:35 +0200] "POST /xmlrpc.php HTTP/1.1" 200 5884 "-" "WordPress.com; https://wordpress.com"
85.208.96.206 - - [19/Sep/2026:11:22:35 +0200] "GET /cuatro-she-leans-so-you-can-leading-a-healthy/politica-de-privacidad HTTP/1.1" 301 5584 "-" "Mozilla/5.0 (compatible; SemrushBot/7~bl; +http://www.semrush.com/bot.html)"
38.134.138.69 - - [19/Sep/2026:11:22:39 +0200] "POST /xmlrpc.php HTTP/1.1" 200 5868 "-" "Jetpack/12.1; WordPress/6.1; http://site49926413.com"
85.208.96.205 - - [19/Sep/2026:11:22:44 +0200] "GET /and-include-nice-verbs-you-to-love-otherwise-like/medio-ambiente HTTP/1.1" 301 5576 "-" "Mozilla/5.0 (compatible; SemrushBot/7~bl; +http://www.semrush.com/bot.html)"
103.129.135.228 - - [19/Sep/2026:11:22:45 +0200] "POST /xmlrpc.php HTTP/1.1" 200 5868 "-" "Jetpack/12.5; WordPress/6.2; http://site74956228.com"
38.134.138.69 - - [19/Sep/2026:11:22:49 +0200] "POST /xmlrpc.php HTTP/1.1" 200 5884 "-" "Jetpack by WordPress.com"
103.129.135.228 - - [19/Sep/2026:11:22:56 +0200] "POST /xmlrpc.php HTTP/1.1" 200 5900 "-" "Jetpack/13.0; WordPress/6.4; http://site85666708.com"
38.134.138.69 - - [19/Sep/2026:11:23:00 +0200] "POST /xmlrpc.php HTTP/1.1" 200 5900 "-" "Jetpack by WordPress.com"
103.129.135.228 - - [19/Sep/2026:11:23:07 +0200] "POST /xmlrpc.php HTTP/1.1" 200 5868 "-" "WordPress.com; https://wordpress.com"
38.134.138.69 - - [19/Sep/2026:11:23:10 +0200] "POST /xmlrpc.php HTTP/1.1" 200 5868 "-" "Jetpack/12.1; WordPress/6.3; http://site21669238.com"
103.129.135.228 - - [19/Sep/2026:11:23:18 +0200] "POST /xmlrpc.php HTTP/1.1" 200 5868 "-" "Jetpack by WordPress.com (Jetpack 12.1; WordPress 6.3)"
38.134.138.69 - - [19/Sep/2026:11:23:21 +0200] "POST /xmlrpc.php HTTP/1.1" 200 5884 "-" "Jetpack by WordPress.com (Jetpack 12.0; WordPress 6.4)"
103.129.135.228 - - [19/Sep/2026:11:23:28 +0200] "POST /xmlrpc.php HTTP/1.1" 200 5900 "-" "Jetpack by WordPress.com (Jetpack 12.0; WordPress 6.3)"
103.129.135.228 - - [19/Sep/2026:11:23:39 +0200] "POST /xmlrpc.php HTTP/1.1" 200 5900 "-" "Jetpack by WordPress.com"
17.166.232.59 - - [19/Sep/2026:11:23:44 +0200] "GET /category/macedonian-chat-room-review/medio-ambiente HTTP/1.1" 404 36534 "-" "Mozilla/5.0 (Macintosh; Intel Mac OS X 10_15_7) AppleWebKit/605.1.15 (KHTML, like Gecko) Version/17.4 Safari/605.1.15 (Applebot/0.1; +http://www.apple.com/go/applebot)"
103.129.135.228 - - [19/Sep/2026:11:23:49 +0200] "POST /xmlrpc.php HTTP/1.1" 200 5900 "-" "Jetpack by WordPress.com"
103.129.135.228 - - [19/Sep/2026:11:24:00 +0200] "POST /xmlrpc.php HTTP/1.1" 200 5884 "-" "Jetpack by WordPress.com"
16.216.88.0 - - [19/Sep/2026:11:24:06 +0200] "GET /people-nowadays-spend-more-opportunity-online-than/medio-ambiente HTTP/1.1" 301 5592 "-" "Mozilla/5.0 AppleWebKit/537.36 (KHTML, like Gecko; compatible; Reflectionbot/1.0; +https://reflection.ai/bot) Chrome/151.0.0.0 Safari/537.36"
17.166.151.68 - - [19/Sep/2026:11:24:07 +0200] "GET /category/ashley-madison-sign-in-2/adjudicaciones HTTP/1.1" 404 36550 "-" "Mozilla/5.0 (Macintosh; Intel Mac OS X 10_15_7) AppleWebKit/605.1.15 (KHTML, like Gecko) Version/17.4 Safari/605.1.15 (Applebot/0.1; +http://www.apple.com/go/applebot)"
16.216.88.0 - - [19/Sep/2026:11:24:07 +0200] "GET /medio-ambiente/ HTTP/1.1" 200 35047 "-" "Mozilla/5.0 AppleWebKit/537.36 (KHTML, like Gecko; compatible; Reflectionbot/1.0; +https://reflection.ai/bot) Chrome/151.0.0.0 Safari/537.36"
103.129.135.228 - - [19/Sep/2026:11:24:11 +0200] "POST /xmlrpc.php HTTP/1.1" 200 5868 "-" "Jetpack/12.0; WordPress/6.3; http://site96391861.com"
59.183.46.33 - - [19/Sep/2026:11:24:14 +0200] "POST /xmlrpc.php HTTP/1.1" 200 5884 "-" "Jetpack by WordPress.com (Jetpack 12.1; WordPress 6.3)"
103.129.135.228 - - [19/Sep/2026:11:24:21 +0200] "POST /xmlrpc.php HTTP/1.1" 200 5884 "-" "Jetpack by WordPress.com (Jetpack 13.0; WordPress 6.4)"
59.183.46.33 - - [19/Sep/2026:11:24:23 +0200] "POST /xmlrpc.php HTTP/1.1" 200 5868 "-" "Jetpack by WordPress.com (Jetpack 12.0; WordPress 6.2)"
77.75.77.36 - - [19/Sep/2026:11:24:26 +0200] "GET /category/indianapolis-in-indianapolis-my-review-here-2/ HTTP/1.1" 200 37106 "-" "Mozilla/5.0 (compatible; SeznamBot/4.0; +https://o-seznam.cz/napoveda/vyhledavani/en/seznambot-crawler/)"
103.129.135.228 - - [19/Sep/2026:11:24:32 +0200] "POST /xmlrpc.php HTTP/1.1" 200 5884 "-" "Jetpack by WordPress.com"
59.183.46.33 - - [19/Sep/2026:11:24:34 +0200] "POST /xmlrpc.php HTTP/1.1" 200 5868 "-" "Jetpack by WordPress.com"
103.129.135.228 - - [19/Sep/2026:11:24:42 +0200] "POST /xmlrpc.php HTTP/1.1" 200 5868 "-" "Jetpack by WordPress.com"
59.183.46.33 - - [19/Sep/2026:11:24:44 +0200] "POST /xmlrpc.php HTTP/1.1" 200 5900 "-" "Jetpack/13.0; WordPress/6.2; http://site84256126.com"
103.129.135.228 - - [19/Sep/2026:11:24:53 +0200] "POST /xmlrpc.php HTTP/1.1" 200 5868 "-" "WordPress.com; https://wordpress.com"
59.183.46.33 - - [19/Sep/2026:11:24:55 +0200] "POST /xmlrpc.php HTTP/1.1" 200 5884 "-" "WordPress.com; https://wordpress.com"
103.129.135.228 - - [19/Sep/2026:11:25:04 +0200] "POST /xmlrpc.php HTTP/1.1" 200 5884 "-" "Jetpack by WordPress.com"
59.183.46.33 - - [19/Sep/2026:11:25:06 +0200] "POST /xmlrpc.php HTTP/1.1" 200 5884 "-" "Jetpack by WordPress.com"
85.208.96.209 - - [19/Sep/2026:11:25:06 +0200] "GET /exactly-what-are-the-most-common-for-women-inside/ HTTP/1.1" 200 44066 "-" "Mozilla/5.0 (compatible; SemrushBot/7~bl; +http://www.semrush.com/bot.html)"
103.129.135.228 - - [19/Sep/2026:11:25:14 +0200] "POST /xmlrpc.php HTTP/1.1" 200 5868 "-" "Jetpack by WordPress.com (Jetpack 13.0; WordPress 6.3)"
85.208.96.211 - - [19/Sep/2026:11:25:16 +0200] "GET /category/fort-lauderdale-fl-florida-reviews/ HTTP/1.1" 200 36867 "-" "Mozilla/5.0 (compatible; SemrushBot/7~bl; +http://www.semrush.com/bot.html)"
59.183.46.33 - - [19/Sep/2026:11:25:16 +0200] "POST /xmlrpc.php HTTP/1.1" 200 5900 "-" "Jetpack by WordPress.com (Jetpack 12.5; WordPress 6.4)"
103.129.135.228 - - [19/Sep/2026:11:25:25 +0200] "POST /xmlrpc.php HTTP/1.1" 200 5900 "-" "Jetpack/12.1; WordPress/6.2; http://site14316353.com"
59.183.46.33 - - [19/Sep/2026:11:25:27 +0200] "POST /xmlrpc.php HTTP/1.1" 200 5884 "-" "WordPress.com; https://wordpress.com"
103.129.135.228 - - [19/Sep/2026:11:25:36 +0200] "POST /xmlrpc.php HTTP/1.1" 200 5868 "-" "Jetpack/12.1; WordPress/6.4; http://site81218037.com"
59.183.46.33 - - [19/Sep/2026:11:25:37 +0200] "POST /xmlrpc.php HTTP/1.1" 200 5868 "-" "WordPress.com; https://wordpress.com"
103.129.135.228 - - [19/Sep/2026:11:25:46 +0200] "POST /xmlrpc.php HTTP/1.1" 200 5884 "-" "Jetpack by WordPress.com (Jetpack 12.5; WordPress 6.2)"
59.183.46.33 - - [19/Sep/2026:11:25:48 +0200] "POST /xmlrpc.php HTTP/1.1" 200 5900 "-" "Jetpack/12.1; WordPress/6.1; http://site14690342.com"
103.129.135.228 - - [19/Sep/2026:11:25:57 +0200] "POST /xmlrpc.php HTTP/1.1" 200 5884 "-" "Jetpack by WordPress.com"
59.183.46.33 - - [19/Sep/2026:11:25:58 +0200] "POST /xmlrpc.php HTTP/1.1" 200 5884 "-" "Jetpack by WordPress.com (Jetpack 12.0; WordPress 6.2)"
17.166.232.211 - - [19/Sep/2026:11:25:59 +0200] "GET /category/san-diego-dating-review-2/politica-de-privacidad HTTP/1.1" 404 36550 "-" "Mozilla/5.0 (Macintosh; Intel Mac OS X 10_15_7) AppleWebKit/605.1.15 (KHTML, like Gecko) Version/17.4 Safari/605.1.15 (Applebot/0.1; +http://www.apple.com/go/applebot)"
103.129.135.228 - - [19/Sep/2026:11:26:08 +0200] "POST /xmlrpc.php HTTP/1.1" 200 5884 "-" "WordPress.com; https://wordpress.com"
59.183.46.33 - - [19/Sep/2026:11:26:09 +0200] "POST /xmlrpc.php HTTP/1.1" 200 5884 "-" "Jetpack by WordPress.com (Jetpack 12.5; WordPress 6.1)"
103.129.135.228 - - [19/Sep/2026:11:26:18 +0200] "POST /xmlrpc.php HTTP/1.1" 200 5900 "-" "Jetpack by WordPress.com (Jetpack 12.5; WordPress 6.2)"
