93.46.24.112 - - [25/Aug/2026:07:36:46 +0200] "POST /wp-login.php HTTP/1.1" 301 162 "http://grupo-seg.com/wp-login.php" "Mozilla/5.0 (Windows NT 10.0; Win64; x64) AppleWebKit/537.36 (KHTML, like Gecko) Chrome/125.0.0.0 Safari/537.36"
143.244.57.84 - - [25/Aug/2026:07:37:01 +0200] "GET /wp-includes/blocks/ HTTP/1.1" 301 162 "-" "-"
143.244.57.84 - - [25/Aug/2026:07:38:39 +0200] "GET /wp-includes/certificates/ HTTP/1.1" 301 162 "-" "-"
143.244.57.84 - - [25/Aug/2026:07:38:43 +0200] "GET /wp-includes/customize/ HTTP/1.1" 301 162 "-" "-"
143.244.57.84 - - [25/Aug/2026:07:38:48 +0200] "GET /wp-includes/fonts/ HTTP/1.1" 301 162 "-" "-"
143.244.57.84 - - [25/Aug/2026:07:38:54 +0200] "GET /wp-includes/images/ HTTP/1.1" 301 162 "-" "-"
143.244.57.84 - - [25/Aug/2026:07:38:55 +0200] "GET /.well-known/ HTTP/1.1" 301 162 "-" "-"
143.244.57.84 - - [25/Aug/2026:07:38:58 +0200] "GET /ALFA_DATA/ HTTP/1.1" 301 162 "-" "-"
143.244.57.84 - - [25/Aug/2026:07:39:00 +0200] "GET /.well-knownold/ HTTP/1.1" 301 162 "-" "-"
143.244.57.84 - - [25/Aug/2026:07:39:02 +0200] "GET /.well-known/acme-challenge/ HTTP/1.1" 301 162 "-" "-"
143.244.57.84 - - [25/Aug/2026:07:39:03 +0200] "GET /cgi-bin/ HTTP/1.1" 301 162 "-" "-"
143.244.57.84 - - [25/Aug/2026:07:39:06 +0200] "GET /index/ HTTP/1.1" 301 162 "-" "-"
143.244.57.84 - - [25/Aug/2026:07:39:11 +0200] "GET /id/ HTTP/1.1" 301 162 "-" "-"
143.244.57.84 - - [25/Aug/2026:07:39:15 +0200] "GET /www/ HTTP/1.1" 301 162 "-" "-"
143.244.57.84 - - [25/Aug/2026:07:39:26 +0200] "GET /web/ HTTP/1.1" 301 162 "-" "-"
176.31.201.45 - - [25/Aug/2026:07:40:00 +0200] "GET / HTTP/1.1" 301 162 "-" "Mozilla/5.0 (Windows NT 10.0; Win64; x64) AppleWebKit/537.36 (KHTML, like Gecko) Chrome/80.0.3987.149 Safari/537.36"
143.244.57.84 - - [25/Aug/2026:07:41:26 +0200] "GET /uploads/ HTTP/1.1" 301 162 "-" "-"
143.244.57.84 - - [25/Aug/2026:07:42:51 +0200] "GET /upload/ HTTP/1.1" 301 162 "-" "-"
143.244.57.84 - - [25/Aug/2026:07:43:15 +0200] "GET /admin/uploads/ HTTP/1.1" 301 162 "-" "-"
143.244.57.84 - - [25/Aug/2026:07:43:17 +0200] "GET /Admin/uploads/ HTTP/1.1" 301 162 "-" "-"
143.244.57.84 - - [25/Aug/2026:07:43:19 +0200] "GET /admin/ HTTP/1.1" 301 162 "-" "-"
143.244.57.84 - - [25/Aug/2026:07:43:22 +0200] "GET /images/ HTTP/1.1" 301 162 "-" "-"
143.244.57.84 - - [25/Aug/2026:07:43:29 +0200] "GET /assets/ HTTP/1.1" 301 162 "-" "-"
143.244.57.84 - - [25/Aug/2026:07:44:12 +0200] "GET /vendor/phpunit/phpunit/src/Util/PHP/ HTTP/1.1" 301 162 "-" "-"
143.244.57.84 - - [25/Aug/2026:07:45:08 +0200] "GET /upload/image/ HTTP/1.1" 301 162 "-" "-"
143.244.57.84 - - [25/Aug/2026:07:45:16 +0200] "GET /assets/images/ HTTP/1.1" 301 162 "-" "-"
143.244.57.84 - - [25/Aug/2026:07:45:43 +0200] "GET /Public/ HTTP/1.1" 301 162 "-" "-"
143.244.57.84 - - [25/Aug/2026:07:47:23 +0200] "GET /vendor/ HTTP/1.1" 301 162 "-" "-"
143.244.57.84 - - [25/Aug/2026:07:49:09 +0200] "GET /system/ HTTP/1.1" 301 162 "-" "-"
143.244.57.84 - - [25/Aug/2026:07:49:10 +0200] "GET /template/ HTTP/1.1" 301 162 "-" "-"
143.244.57.84 - - [25/Aug/2026:07:50:52 +0200] "GET /shop/ HTTP/1.1" 301 162 "-" "-"
143.244.57.84 - - [25/Aug/2026:07:51:58 +0200] "GET /admin/editor/ HTTP/1.1" 301 162 "-" "-"
143.244.57.84 - - [25/Aug/2026:07:52:46 +0200] "GET /include/ HTTP/1.1" 301 162 "-" "-"
143.244.57.84 - - [25/Aug/2026:07:52:48 +0200] "GET /Assets/ HTTP/1.1" 301 162 "-" "-"
143.244.57.84 - - [25/Aug/2026:07:52:52 +0200] "GET /images/stories/ HTTP/1.1" 301 162 "-" "-"
143.244.57.84 - - [25/Aug/2026:07:52:53 +0200] "GET /plugins/ HTTP/1.1" 301 162 "-" "-"
143.244.57.84 - - [25/Aug/2026:07:52:55 +0200] "GET /php/ HTTP/1.1" 301 162 "-" "-"
143.244.57.84 - - [25/Aug/2026:07:52:56 +0200] "GET /wp-admin/css/ HTTP/1.1" 301 162 "-" "-"
143.244.57.84 - - [25/Aug/2026:07:52:56 +0200] "GET /wp-content/themes/twentytwenty/ HTTP/1.1" 301 162 "-" "-"
143.244.57.84 - - [25/Aug/2026:07:52:57 +0200] "GET /wp-content/cache/ HTTP/1.1" 301 162 "-" "-"
143.244.57.84 - - [25/Aug/2026:07:52:58 +0200] "GET /wp-admin/maint/ HTTP/1.1" 301 162 "-" "-"
143.244.57.84 - - [25/Aug/2026:07:53:00 +0200] "GET /wp-content/plugins/akismet/ HTTP/1.1" 301 162 "-" "-"
143.244.57.84 - - [25/Aug/2026:07:53:00 +0200] "GET /wp-includes/assets/ HTTP/1.1" 301 162 "-" "-"
143.244.57.84 - - [25/Aug/2026:07:53:02 +0200] "GET /wp-includes/block-patterns/ HTTP/1.1" 301 162 "-" "-"
143.244.57.84 - - [25/Aug/2026:07:53:04 +0200] "GET /wp-includes/block-supports/ HTTP/1.1" 301 162 "-" "-"
143.244.57.84 - - [25/Aug/2026:07:53:07 +0200] "GET /wp-includes/html-api/ HTTP/1.1" 301 162 "-" "-"
143.244.57.84 - - [25/Aug/2026:07:53:08 +0200] "GET /wp-includes/js/ HTTP/1.1" 301 162 "-" "-"
143.244.57.84 - - [25/Aug/2026:07:53:09 +0200] "GET /wp-includes/php-compat/ HTTP/1.1" 301 162 "-" "-"
143.244.57.84 - - [25/Aug/2026:07:53:11 +0200] "GET /wp-includes/PHPMailer/ HTTP/1.1" 301 162 "-" "-"
143.244.57.84 - - [25/Aug/2026:07:53:13 +0200] "GET /wp-includes/pomo/ HTTP/1.1" 301 162 "-" "-"
143.244.57.84 - - [25/Aug/2026:07:53:13 +0200] "GET /wp-includes/random_compat/ HTTP/1.1" 301 162 "-" "-"
143.244.57.84 - - [25/Aug/2026:07:53:19 +0200] "GET /wp-includes/rest-api/ HTTP/1.1" 301 162 "-" "-"
143.244.57.84 - - [25/Aug/2026:07:53:25 +0200] "GET /wp-includes/sitemaps/ HTTP/1.1" 301 162 "-" "-"
143.244.57.84 - - [25/Aug/2026:07:53:25 +0200] "GET /wp-includes/sodium_compat/ HTTP/1.1" 301 162 "-" "-"
143.244.57.84 - - [25/Aug/2026:07:53:32 +0200] "GET /wp-includes/style-engine/ HTTP/1.1" 301 162 "-" "-"
143.244.57.84 - - [25/Aug/2026:07:53:33 +0200] "GET /wp-includes/theme-compat/ HTTP/1.1" 301 162 "-" "-"
1.14.110.85 - - [25/Aug/2026:07:53:35 +0200] "GET / HTTP/1.1" 301 162 "-" "Mozilla/5.0 (iPhone; CPU iPhone OS 13_2_3 like Mac OS X) AppleWebKit/605.1.15 (KHTML, like Gecko) Version/13.0.3 Mobile/15E148 Safari/604.1"
143.244.57.84 - - [25/Aug/2026:07:53:45 +0200] "GET /wp-includes/widgets/ HTTP/1.1" 301 162 "-" "-"
143.244.57.84 - - [25/Aug/2026:07:55:26 +0200] "GET /wp-admin/css/colors/ectoplasm/ HTTP/1.1" 301 162 "-" "-"
143.244.57.84 - - [25/Aug/2026:07:55:27 +0200] "GET /wp-admin/css/colors/ HTTP/1.1" 301 162 "-" "-"
143.244.57.84 - - [25/Aug/2026:07:55:34 +0200] "GET /admin/images/slider/ HTTP/1.1" 301 162 "-" "-"
143.244.57.84 - - [25/Aug/2026:07:55:38 +0200] "GET /admin/fckeditor/editor/filemanager/ HTTP/1.1" 301 162 "-" "-"
143.244.57.84 - - [25/Aug/2026:07:55:43 +0200] "GET /sites/default/files/ HTTP/1.1" 301 162 "-" "-"
143.244.57.84 - - [25/Aug/2026:07:57:26 +0200] "GET /admin/controller/extension/extension/ HTTP/1.1" 301 162 "-" "-"
143.244.57.84 - - [25/Aug/2026:07:57:35 +0200] "GET /modules/mod_simplefileuploadv1.3/elements/ HTTP/1.1" 301 162 "-" "-"
143.244.57.84 - - [25/Aug/2026:07:57:55 +0200] "GET /components/ HTTP/1.1" 301 162 "-" "-"
143.244.57.84 - - [25/Aug/2026:07:59:40 +0200] "GET /admin/uploads/images/ HTTP/1.1" 301 162 "-" "-"
143.244.57.84 - - [25/Aug/2026:07:59:42 +0200] "GET /wp-content/plugins/classic-editor/ HTTP/1.1" 301 162 "-" "-"
143.244.57.84 - - [25/Aug/2026:08:00:38 +0200] "GET /wp-content/fonts/ HTTP/1.1" 301 162 "-" "-"
143.244.57.84 - - [25/Aug/2026:08:00:47 +0200] "GET /wp-content/plugins/contact-form-7/admin/js/ HTTP/1.1" 301 162 "-" "-"
143.244.57.84 - - [25/Aug/2026:08:00:48 +0200] "GET /wp-content/plugins/contact-form-7/ HTTP/1.1" 301 162 "-" "-"
143.244.57.84 - - [25/Aug/2026:08:00:48 +0200] "GET /wordpress/ HTTP/1.1" 301 162 "-" "-"
93.46.24.112 - - [25/Aug/2026:08:02:12 +0200] "POST /wp-login.php HTTP/1.1" 301 162 "http://grupo-seg.com/wp-login.php" "Mozilla/5.0 (Windows NT 10.0; Win64; x64) AppleWebKit/537.36 (KHTML, like Gecko) Chrome/125.0.0.0 Safari/537.36"
143.244.57.84 - - [25/Aug/2026:08:02:30 +0200] "GET /wp-admin/images/ HTTP/1.1" 301 162 "-" "-"
143.244.57.84 - - [25/Aug/2026:08:02:32 +0200] "GET /wp-content/plugins/wordpress-seo/js/dist/ HTTP/1.1" 301 162 "-" "-"
143.244.57.84 - - [25/Aug/2026:08:02:35 +0200] "GET /wp-content/plugins/wordpress-seo/ HTTP/1.1" 301 162 "-" "-"
143.244.57.84 - - [25/Aug/2026:08:02:37 +0200] "GET /js/ HTTP/1.1" 301 162 "-" "-"
143.244.57.84 - - [25/Aug/2026:08:03:13 +0200] "GET /wp-content/plugins/woocommerce/assets/js/ HTTP/1.1" 301 162 "-" "-"
143.244.57.84 - - [25/Aug/2026:08:03:15 +0200] "GET /wp-content/plugins/woocommerce/ HTTP/1.1" 301 162 "-" "-"
143.244.57.84 - - [25/Aug/2026:08:03:17 +0200] "GET /wp-admin/meta/ HTTP/1.1" 301 162 "-" "-"
143.244.57.84 - - [25/Aug/2026:08:03:22 +0200] "GET /wp-admin/network/ HTTP/1.1" 301 162 "-" "-"
143.244.57.84 - - [25/Aug/2026:08:03:23 +0200] "GET /wp-admin/user/ HTTP/1.1" 301 162 "-" "-"
143.244.57.84 - - [25/Aug/2026:08:03:45 +0200] "GET /wp-content/ HTTP/1.1" 301 162 "-" "-"
143.244.57.84 - - [25/Aug/2026:08:03:45 +0200] "GET /wp-content/plugins/ HTTP/1.1" 301 162 "-" "-"
143.244.57.84 - - [25/Aug/2026:08:03:47 +0200] "GET /wp-content/themes/ HTTP/1.1" 301 162 "-" "-"
143.244.57.84 - - [25/Aug/2026:08:03:47 +0200] "GET /wp-admin/includes/ HTTP/1.1" 301 162 "-" "-"
143.244.57.84 - - [25/Aug/2026:08:03:48 +0200] "GET /wp-admin/ HTTP/1.1" 301 162 "-" "-"
143.244.57.84 - - [25/Aug/2026:08:03:56 +0200] "GET /wp-content/upgrade/ HTTP/1.1" 301 162 "-" "-"
85.208.98.59 - - [25/Aug/2026:08:04:24 +0200] "GET /robots.txt HTTP/1.1" 301 162 "-" "Mozilla/5.0 (compatible; SemrushBot-SI/0.97; +http://www.semrush.com/bot.html)"
93.46.24.112 - - [25/Aug/2026:08:27:43 +0200] "POST /wp-login.php HTTP/1.1" 301 162 "http://grupo-seg.com/wp-login.php" "Mozilla/5.0 (Windows NT 10.0; Win64; x64) AppleWebKit/537.36 (KHTML, like Gecko) Chrome/125.0.0.0 Safari/537.36"
216.244.66.239 - - [25/Aug/2026:08:30:46 +0200] "GET /robots.txt HTTP/1.1" 301 162 "-" "Mozilla/5.0 (compatible; DotBot/1.2; +https://opensiteexplorer.org/dotbot; help@moz.com)"
216.244.66.239 - - [25/Aug/2026:08:30:46 +0200] "GET /robots.txt HTTP/1.1" 301 162 "-" "Mozilla/5.0 (compatible; DotBot/1.2; +https://opensiteexplorer.org/dotbot; help@moz.com)"
20.48.163.91 - - [25/Aug/2026:08:45:11 +0200] "GET /wp-content/plugins/hellopress/wp_filemanager.php HTTP/1.1" 301 162 "-" "-"
20.48.163.91 - - [25/Aug/2026:08:45:13 +0200] "GET /this_is_a_new_hello_world.php HTTP/1.1" 301 162 "-" "-"
20.48.163.91 - - [25/Aug/2026:08:45:13 +0200] "GET /doti.php HTTP/1.1" 301 162 "-" "-"
20.48.163.91 - - [25/Aug/2026:08:45:14 +0200] "GET /naxc.php HTTP/1.1" 301 162 "-" "-"
20.48.163.91 - - [25/Aug/2026:08:45:14 +0200] "GET /lib.php HTTP/1.1" 301 162 "-" "-"
20.48.163.91 - - [25/Aug/2026:08:45:14 +0200] "GET /LegioN_LeakeRs.php HTTP/1.1" 301 162 "-" "-"
20.48.163.91 - - [25/Aug/2026:08:45:15 +0200] "GET /LOGO/lib.php HTTP/1.1" 301 162 "-" "-"
20.48.163.91 - - [25/Aug/2026:08:45:16 +0200] "GET //LegioN_LeakeRs.php HTTP/1.1" 301 162 "-" "-"
20.48.163.91 - - [25/Aug/2026:08:45:16 +0200] "GET //naxc.php HTTP/1.1" 301 162 "-" "-"
20.48.163.91 - - [25/Aug/2026:08:45:17 +0200] "GET /db.php/new.php HTTP/1.1" 301 162 "-" "-"
104.165.120.135 - - [25/Aug/2026:08:45:30 +0200] "GET / HTTP/1.1" 301 162 "-" "Mozilla/5.0 (Windows NT 10.0; Win64; x64; rv:64.0) Gecko/20100101 Firefox/64.0"
104.222.43.166 - - [25/Aug/2026:08:45:30 +0200] "GET / HTTP/1.1" 301 162 "-" "Mozilla/5.0 (Windows NT 10.0; Win64; x64; rv:64.0) Gecko/20100101 Firefox/64.0"
137.184.48.245 - - [25/Aug/2026:08:46:55 +0200] "GET / HTTP/1.1" 301 162 "-" "Mozilla/5.0 (X11; Linux x86_64) AppleWebKit/537.36 (KHTML, like Gecko) Chrome/142.0.0.0 Safari/537.36"
137.184.48.245 - - [25/Aug/2026:08:46:55 +0200] "GET /favicon.ico HTTP/1.1" 301 162 "http://grupo-seg.com/" "Mozilla/5.0 (X11; Linux x86_64) AppleWebKit/537.36 (KHTML, like Gecko) Chrome/142.0.0.0 Safari/537.36"
93.46.24.112 - - [25/Aug/2026:08:53:30 +0200] "POST /wp-login.php HTTP/1.1" 301 162 "http://grupo-seg.com/wp-login.php" "Mozilla/5.0 (Windows NT 10.0; Win64; x64) AppleWebKit/537.36 (KHTML, like Gecko) Chrome/125.0.0.0 Safari/537.36"
20.48.163.91 - - [25/Aug/2026:08:55:23 +0200] "GET /1.php HTTP/1.1" 301 162 "-" "-"
20.48.163.91 - - [25/Aug/2026:08:55:25 +0200] "GET /aa.php HTTP/1.1" 301 162 "-" "-"
20.48.163.91 - - [25/Aug/2026:08:55:25 +0200] "GET /bolt.php HTTP/1.1" 301 162 "-" "-"
20.48.163.91 - - [25/Aug/2026:08:55:26 +0200] "GET /v2.php HTTP/1.1" 301 162 "-" "-"
20.48.163.91 - - [25/Aug/2026:08:55:26 +0200] "GET /class9.php HTTP/1.1" 301 162 "-" "-"
20.48.163.91 - - [25/Aug/2026:08:55:26 +0200] "GET /abc.php HTTP/1.1" 301 162 "-" "-"
20.48.163.91 - - [25/Aug/2026:08:55:27 +0200] "GET /f6.php HTTP/1.1" 301 162 "-" "-"
9.169.124.5 - - [25/Aug/2026:09:01:51 +0200] "GET / HTTP/1.1" 301 162 "-" "Mozilla/5.0 (Windows NT 10.0; Win64; x64) AppleWebKit/537.36 (KHTML, like Gecko) Chrome/142.0.7444.162 Safari/537.36"
43.133.69.37 - - [25/Aug/2026:09:05:22 +0200] "GET / HTTP/1.1" 301 162 "-" "Mozilla/5.0 (iPhone; CPU iPhone OS 13_2_3 like Mac OS X) AppleWebKit/605.1.15 (KHTML, like Gecko) Version/13.0.3 Mobile/15E148 Safari/604.1"
51.75.129.178 - - [25/Aug/2026:09:15:55 +0200] "GET /robots.txt HTTP/1.1" 301 162 "-" "Mozilla/5.0 (compatible; MJ12bot/v1.4.8; http://mj12bot.com/)"
93.46.24.112 - - [25/Aug/2026:09:19:28 +0200] "POST /wp-login.php HTTP/1.1" 301 162 "http://grupo-seg.com/wp-login.php" "Mozilla/5.0 (Windows NT 10.0; Win64; x64) AppleWebKit/537.36 (KHTML, like Gecko) Chrome/125.0.0.0 Safari/537.36"
112.121.168.90 - - [25/Aug/2026:09:28:45 +0200] "GET / HTTP/1.1" 301 162 "-" "Mozilla/5.0 (Windows NT 10.0; Win64; x64) AppleWebKit/537.36 (KHTML, like Gecko) Chrome/87.0.4280.66 Safari/537.36"
151.242.30.12 - - [25/Aug/2026:09:31:53 +0200] "GET /en/countries/argentina/&ved=2ahUKEwjJo8PDobuWAxVXRP4FHUx8Jf84KBAWegQIHBAB HTTP/1.1" 301 162 "http://grupo-seg.com/" "Mozilla/5.0 (Windows NT 10.0; Win64; x64) AppleWebKit/537.36 (KHTML, like Gecko) Edg/121.0.0.0 Safari/537.36"
151.242.30.12 - - [25/Aug/2026:09:31:54 +0200] "GET /en/countries/argentina/%23:~:text%3DOur%2520journey%2520in%2520Argentina%2520has,of%2520road%2520and%2520rail%2520infrastructure.&ved=2ahUKEwjJo8PDobuWAxVXRP4FHUx8Jf84KBDvuhB6BAgtEAI HTTP/1.1" 301 162 "http://grupo-seg.com/" "Mozilla/5.0 (iPhone; CPU iPhone OS 17_0 like Mac OS X) AppleWebKit/605.1.15 (KHTML, like Gecko) Version/17.0 Mobile/15E148 Safari/604.1"
151.242.30.12 - - [25/Aug/2026:09:31:55 +0200] "GET /en/countries/argentina/&ved=2ahUKEwjJo8PDobuWAxVXRP4FHUx8Jf84KBAWegQIHBAB HTTP/1.1" 301 162 "http://grupo-seg.com/" "Mozilla/5.0 (Windows NT 10.0; Win64; x64) AppleWebKit/537.36 (KHTML, like Gecko) Chrome/119.0.0.0 Safari/537.36 Edg/119.0.0.0"
151.242.30.12 - - [25/Aug/2026:09:31:56 +0200] "GET /en/countries/argentina/%23:~:text%3DOur%2520journey%2520in%2520Argentina%2520has,of%2520road%2520and%2520rail%2520infrastructure.&ved=2ahUKEwjJo8PDobuWAxVXRP4FHUx8Jf84KBDvuhB6BAgtEAI HTTP/1.1" 301 162 "http://grupo-seg.com/" "Mozilla/5.0 (Windows NT 10.0; Win64; x64; rv:120.0) Gecko/20100101 Firefox/120.0"
93.46.24.112 - - [25/Aug/2026:09:45:20 +0200] "POST /wp-login.php HTTP/1.1" 301 162 "http://grupo-seg.com/wp-login.php" "Mozilla/5.0 (Windows NT 10.0; Win64; x64) AppleWebKit/537.36 (KHTML, like Gecko) Chrome/125.0.0.0 Safari/537.36"
62.60.130.247 - - [25/Aug/2026:09:45:58 +0200] "GET /wp-login.php HTTP/1.1" 301 162 "https://duckduckgo.com/" "Mozilla/5.0 (Windows NT 11.0; Win64; x64; rv:120.0) Gecko/20100101 Firefox/120.0"
43.159.128.237 - - [25/Aug/2026:09:55:59 +0200] "GET / HTTP/1.1" 301 162 "-" "Mozilla/5.0 (iPhone; CPU iPhone OS 13_2_3 like Mac OS X) AppleWebKit/605.1.15 (KHTML, like Gecko) Version/13.0.3 Mobile/15E148 Safari/604.1"
93.46.24.112 - - [25/Aug/2026:10:11:16 +0200] "POST /wp-login.php HTTP/1.1" 301 162 "http://grupo-seg.com/wp-login.php" "Mozilla/5.0 (Windows NT 10.0; Win64; x64) AppleWebKit/537.36 (KHTML, like Gecko) Chrome/125.0.0.0 Safari/537.36"
93.46.24.112 - - [25/Aug/2026:10:37:06 +0200] "POST /wp-login.php HTTP/1.1" 301 162 "http://grupo-seg.com/wp-login.php" "Mozilla/5.0 (Windows NT 10.0; Win64; x64) AppleWebKit/537.36 (KHTML, like Gecko) Chrome/125.0.0.0 Safari/537.36"
57.131.49.232 - - [25/Aug/2026:11:02:28 +0200] "GET /images/images/cache.php HTTP/1.1" 301 162 "www.google.com" "Mozlila/5.0 (Linux; Android 7.0; SM-G892A Bulid/NRD90M; wv) AppleWebKit/537.36 (KHTML, like Gecko) Version/4.0 Chrome/60.0.3112.107 Moblie Safari/537.36"
93.46.24.112 - - [25/Aug/2026:11:03:10 +0200] "POST /wp-login.php HTTP/1.1" 301 162 "http://grupo-seg.com/wp-login.php" "Mozilla/5.0 (Windows NT 10.0; Win64; x64) AppleWebKit/537.36 (KHTML, like Gecko) Chrome/125.0.0.0 Safari/537.36"
116.179.32.92 - - [25/Aug/2026:11:27:30 +0200] "GET /en/projects/ HTTP/1.1" 301 162 "-" "Mozilla/5.0 (Linux;u;Android 4.2.2;zh-cn;) AppleWebKit/534.46 (KHTML,like Gecko) Version/5.1 Mobile Safari/10600.6.3 (compatible; Baiduspider/2.0; +http://www.baidu.com/search/spider.html)"
93.46.24.112 - - [25/Aug/2026:11:29:00 +0200] "POST /wp-login.php HTTP/1.1" 301 162 "http://grupo-seg.com/wp-login.php" "Mozilla/5.0 (Windows NT 10.0; Win64; x64) AppleWebKit/537.36 (KHTML, like Gecko) Chrome/125.0.0.0 Safari/537.36"
93.46.24.112 - - [25/Aug/2026:11:54:53 +0200] "POST /wp-login.php HTTP/1.1" 301 162 "http://grupo-seg.com/wp-login.php" "Mozilla/5.0 (Windows NT 10.0; Win64; x64) AppleWebKit/537.36 (KHTML, like Gecko) Chrome/125.0.0.0 Safari/537.36"
151.242.30.12 - - [25/Aug/2026:11:55:34 +0200] "GET /en/countries/argentina/%23:~:text%3DOur%2520group%2520has%2520grown%2520stronger,technical%2520services%2520to%2520other%2520countries.&ved=2ahUKEwieqeTRwbuWAxVCgP0HHcHVKUU4KBDvuhB6BAgqEAI HTTP/1.1" 301 162 "http://grupo-seg.com/" "Mozilla/5.0 (Windows NT 10.0; Win64; x64) AppleWebKit/537.36 (KHTML, like Gecko) Edg/121.0.0.0 Safari/537.36"
151.242.30.12 - - [25/Aug/2026:11:55:34 +0200] "GET /en/countries/argentina/&ved=2ahUKEwieqeTRwbuWAxVCgP0HHcHVKUU4KBAWegQIGRAB HTTP/1.1" 301 162 "http://grupo-seg.com/" "Mozilla/5.0 (Windows NT 10.0; Win64; x64) AppleWebKit/537.36 (KHTML, like Gecko) Chrome/119.0.0.0 Safari/537.36 Edg/119.0.0.0"
151.242.30.12 - - [25/Aug/2026:11:55:36 +0200] "GET /en/countries/argentina/%23:~:text%3DOur%2520group%2520has%2520grown%2520stronger,technical%2520services%2520to%2520other%2520countries.&ved=2ahUKEwieqeTRwbuWAxVCgP0HHcHVKUU4KBDvuhB6BAgqEAI HTTP/1.1" 301 162 "http://grupo-seg.com/" "Mozilla/5.0 (X11; Linux x86_64) AppleWebKit/537.36 (KHTML, like Gecko) Chrome/120.0.0.0 Safari/537.36"
151.242.30.12 - - [25/Aug/2026:11:55:36 +0200] "GET /en/countries/argentina/&ved=2ahUKEwieqeTRwbuWAxVCgP0HHcHVKUU4KBAWegQIGRAB HTTP/1.1" 301 162 "http://grupo-seg.com/" "Mozilla/5.0 (Windows NT 10.0; Win64; x64) AppleWebKit/537.36 (KHTML, like Gecko) Chrome/122.0.0.0 Safari/537.36"
151.242.30.12 - - [25/Aug/2026:11:58:49 +0200] "GET /en/countries/argentina/%23:~:text%3DOur%2520group%2520has%2520grown%2520stronger,technical%2520services%2520to%2520other%2520countries.&ved=2ahUKEwjcqZ6twruWAxV8gP0HHTtQHPw4HhDvuhB6BAgYEAI HTTP/1.1" 301 162 "http://grupo-seg.com/" "Mozilla/5.0 (X11; Linux x86_64) AppleWebKit/537.36 (KHTML, like Gecko) Chrome/119.0.0.0 Safari/537.36"
151.242.30.12 - - [25/Aug/2026:11:58:49 +0200] "GET /en/countries/argentina/&ved=2ahUKEwjcqZ6twruWAxV8gP0HHTtQHPw4HhAWegQIFBAB HTTP/1.1" 301 162 "http://grupo-seg.com/" "Mozilla/5.0 (Windows NT 10.0; Win64; x64; rv:123.0) Gecko/20100101 Firefox/123.0"
151.242.30.12 - - [25/Aug/2026:11:58:50 +0200] "GET /en/countries/argentina/%23:~:text%3DOur%2520group%2520has%2520grown%2520stronger,technical%2520services%2520to%2520other%2520countries.&ved=2ahUKEwjcqZ6twruWAxV8gP0HHTtQHPw4HhDvuhB6BAgYEAI HTTP/1.1" 301 162 "http://grupo-seg.com/" "Mozilla/5.0 (iPhone; CPU iPhone OS 17_0 like Mac OS X) AppleWebKit/605.1.15 (KHTML, like Gecko) Version/17.0 Mobile/15E148 Safari/604.1"
151.242.30.12 - - [25/Aug/2026:11:58:51 +0200] "GET /en/countries/argentina/&ved=2ahUKEwjcqZ6twruWAxV8gP0HHTtQHPw4HhAWegQIFBAB HTTP/1.1" 301 162 "http://grupo-seg.com/" "Mozilla/5.0 (Linux; Android 14; SM-S918B) AppleWebKit/537.36 (KHTML, like Gecko) Chrome/120.0.6099.144 Mobile Safari/537.36"
173.252.69.115 - - [25/Aug/2026:12:07:51 +0200] "GET /robots.txt HTTP/1.1" 301 162 "-" "facebookexternalhit/1.1 (+http://www.facebook.com/externalhit_uatext.php)"
173.252.69.28 - - [25/Aug/2026:12:07:52 +0200] "GET /robots.txt HTTP/1.1" 301 162 "-" "facebookexternalhit/1.1 (+http://www.facebook.com/externalhit_uatext.php)"
173.252.69.19 - - [25/Aug/2026:12:07:52 +0200] "GET / HTTP/1.1" 301 162 "-" "meta-externalagent/1.1 (+https://developers.facebook.com/docs/sharing/webmasters/crawler)"
104.222.43.172 - - [25/Aug/2026:12:15:11 +0200] "GET / HTTP/1.1" 301 162 "-" "Mozilla/5.0 (Windows NT 10.0; Win64; x64; rv:64.0) Gecko/20100101 Firefox/64.0"
104.165.120.4 - - [25/Aug/2026:12:15:17 +0200] "GET / HTTP/1.1" 301 162 "-" "Mozilla/5.0 (Windows NT 10.0; Win64; x64; rv:64.0) Gecko/20100101 Firefox/64.0"
18.185.115.205 - - [25/Aug/2026:12:16:36 +0200] "GET / HTTP/1.0" 301 162 "-" "Mozilla/4.0 (compatible; MSIE 8.0; Windows NT 6.1; WOW64; Trident/4.0; SLCC2; .NET CLR 2.0.50727; .NET CLR 3.5.30729; .NET CLR 3.0.30729)"
93.46.24.112 - - [25/Aug/2026:12:20:53 +0200] "POST /wp-login.php HTTP/1.1" 301 162 "http://grupo-seg.com/wp-login.php" "Mozilla/5.0 (Windows NT 10.0; Win64; x64) AppleWebKit/537.36 (KHTML, like Gecko) Chrome/125.0.0.0 Safari/537.36"
216.244.66.239 - - [25/Aug/2026:12:25:57 +0200] "GET /robots.txt HTTP/1.1" 301 162 "-" "Mozilla/5.0 (compatible; DotBot/1.2; +https://opensiteexplorer.org/dotbot; help@moz.com)"
216.244.66.239 - - [25/Aug/2026:12:25:57 +0200] "GET /robots.txt HTTP/1.1" 301 162 "-" "Mozilla/5.0 (compatible; DotBot/1.2; +https://opensiteexplorer.org/dotbot; help@moz.com)"
124.239.12.125 - - [25/Aug/2026:12:30:01 +0200] "GET /robots.txt HTTP/1.1" 301 162 "-" "YisouSpider"
18.184.203.224 - - [25/Aug/2026:12:31:47 +0200] "GET / HTTP/1.0" 301 162 "-" "Mozilla/4.0 (compatible; MSIE 8.0; Windows NT 6.1; WOW64; Trident/4.0; SLCC2; .NET CLR 2.0.50727; .NET CLR 3.5.30729; .NET CLR 3.0.30729)"
93.46.24.112 - - [25/Aug/2026:12:46:49 +0200] "POST /wp-login.php HTTP/1.1" 301 162 "http://grupo-seg.com/wp-login.php" "Mozilla/5.0 (Windows NT 10.0; Win64; x64) AppleWebKit/537.36 (KHTML, like Gecko) Chrome/125.0.0.0 Safari/537.36"
34.78.184.176 - - [25/Aug/2026:12:47:33 +0200] "GET / HTTP/1.1" 301 162 "-" "Mozilla/5.0 (Windows NT 10.0; Win64; x64) AppleWebKit/537.36 (KHTML, like Gecko) Chrome/84.0.4147.105 Safari/537.36"
93.46.24.112 - - [25/Aug/2026:13:12:43 +0200] "POST /wp-login.php HTTP/1.1" 301 162 "http://grupo-seg.com/wp-login.php" "Mozilla/5.0 (Windows NT 10.0; Win64; x64) AppleWebKit/537.36 (KHTML, like Gecko) Chrome/125.0.0.0 Safari/537.36"
104.252.3.1 - - [25/Aug/2026:13:17:13 +0200] "GET / HTTP/1.1" 301 162 "-" "Mozilla/5.0 (Windows NT 10.0; Win64; x64; rv:64.0) Gecko/20100101 Firefox/64.0"
192.30.83.179 - - [25/Aug/2026:13:17:13 +0200] "GET / HTTP/1.1" 301 162 "-" "Mozilla/5.0 (Windows NT 10.0; Win64; x64; rv:64.0) Gecko/20100101 Firefox/64.0"
43.154.127.188 - - [25/Aug/2026:13:30:16 +0200] "GET / HTTP/1.1" 301 162 "-" "Mozilla/5.0 (iPhone; CPU iPhone OS 13_2_3 like Mac OS X) AppleWebKit/605.1.15 (KHTML, like Gecko) Version/13.0.3 Mobile/15E148 Safari/604.1"
93.46.24.112 - - [25/Aug/2026:13:38:25 +0200] "POST /wp-login.php HTTP/1.1" 301 162 "http://grupo-seg.com/wp-login.php" "Mozilla/5.0 (Windows NT 10.0; Win64; x64) AppleWebKit/537.36 (KHTML, like Gecko) Chrome/125.0.0.0 Safari/537.36"
88.230.234.99 - - [25/Aug/2026:13:52:16 +0200] "GET / HTTP/1.1" 301 162 "-" "Mozilla/5.0 (Windows NT 10.0; Win64; x64) AppleWebKit/537.36 (KHTML, like Gecko) Chrome/125.0.6422.141 Safari/537.36"
93.46.24.112 - - [25/Aug/2026:14:04:05 +0200] "POST /wp-login.php HTTP/1.1" 301 162 "http://grupo-seg.com/wp-login.php" "Mozilla/5.0 (Windows NT 10.0; Win64; x64) AppleWebKit/537.36 (KHTML, like Gecko) Chrome/125.0.0.0 Safari/537.36"
45.131.108.192 - - [25/Aug/2026:14:05:25 +0200] "GET / HTTP/1.1" 301 162 "-" "-"
122.51.236.174 - - [25/Aug/2026:14:15:24 +0200] "GET / HTTP/1.1" 301 162 "-" "Mozilla/5.0 (iPhone; CPU iPhone OS 13_2_3 like Mac OS X) AppleWebKit/605.1.15 (KHTML, like Gecko) Version/13.0.3 Mobile/15E148 Safari/604.1"
43.164.131.148 - - [25/Aug/2026:14:19:39 +0200] "GET / HTTP/1.1" 301 162 "-" "Mozilla/5.0 (iPhone; CPU iPhone OS 13_2_3 like Mac OS X) AppleWebKit/605.1.15 (KHTML, like Gecko) Version/13.0.3 Mobile/15E148 Safari/604.1"
93.46.24.112 - - [25/Aug/2026:14:29:23 +0200] "POST /wp-login.php HTTP/1.1" 301 162 "http://grupo-seg.com/wp-login.php" "Mozilla/5.0 (Windows NT 10.0; Win64; x64) AppleWebKit/537.36 (KHTML, like Gecko) Chrome/125.0.0.0 Safari/537.36"
151.242.30.12 - - [25/Aug/2026:14:37:10 +0200] "GET /en/countries/argentina/%23:~:text%3DOur%2520journey%2520in%2520Argentina%2520has,of%2520road%2520and%2520rail%2520infrastructure.&ved=2ahUKEwjL8c3h5buWAxXugf0HHUcSLLI4ChDvuhB6BAgvEAI HTTP/1.1" 301 162 "http://grupo-seg.com/" "Mozilla/5.0 (iPhone; CPU iPhone OS 17_0 like Mac OS X) AppleWebKit/605.1.15 (KHTML, like Gecko) Version/17.0 Mobile/15E148 Safari/604.1"
151.242.30.12 - - [25/Aug/2026:14:37:10 +0200] "GET /en/countries/argentina/&ved=2ahUKEwjL8c3h5buWAxXugf0HHUcSLLI4ChAWegQIHRAB HTTP/1.1" 301 162 "http://grupo-seg.com/" "Mozilla/5.0 (Macintosh; Intel Mac OS X 10_15_7) AppleWebKit/537.36 (KHTML, like Gecko) Chrome/121.0.0.0 Safari/537.36"
151.242.30.12 - - [25/Aug/2026:14:37:12 +0200] "GET /en/countries/argentina/&ved=2ahUKEwjL8c3h5buWAxXugf0HHUcSLLI4ChAWegQIHRAB HTTP/1.1" 301 162 "http://grupo-seg.com/" "Mozilla/5.0 (X11; Linux x86_64) AppleWebKit/537.36 (KHTML, like Gecko) Chrome/120.0.0.0 Safari/537.36"
151.242.30.12 - - [25/Aug/2026:14:37:12 +0200] "GET /en/countries/argentina/%23:~:text%3DOur%2520journey%2520in%2520Argentina%2520has,of%2520road%2520and%2520rail%2520infrastructure.&ved=2ahUKEwjL8c3h5buWAxXugf0HHUcSLLI4ChDvuhB6BAgvEAI HTTP/1.1" 301 162 "http://grupo-seg.com/" "Mozilla/5.0 (Windows NT 10.0; Win64; x64) AppleWebKit/537.36 (KHTML, like Gecko) Chrome/122.0.0.0 Safari/537.36"
23.234.100.38 - - [25/Aug/2026:14:45:43 +0200] "GET /wp-login.php HTTP/1.1" 301 162 "https://www.facebook.com/" "Mozilla/5.0 (X11; Ubuntu; Linux x86_64) AppleWebKit/537.36 (KHTML, like Gecko) Chrome/119.0.0.0 Safari/537.36"
93.46.24.112 - - [25/Aug/2026:14:54:09 +0200] "POST /wp-login.php HTTP/1.1" 301 162 "http://grupo-seg.com/wp-login.php" "Mozilla/5.0 (Windows NT 10.0; Win64; x64) AppleWebKit/537.36 (KHTML, like Gecko) Chrome/125.0.0.0 Safari/537.36"
168.100.10.68 - - [25/Aug/2026:14:55:50 +0200] "GET /wp-content/plugins/pods/readme.txt HTTP/1.1" 301 162 "-" "Mozilla/5.0 (Windows NT 10.0; Win64; x64; rv:126.0) Gecko/20100101 Firefox/126.0"
168.100.10.68 - - [25/Aug/2026:14:55:50 +0200] "GET /wp-content/plugins/pods/init.php HTTP/1.1" 301 162 "-" "Mozilla/5.0 (Windows NT 10.0; Win64; x64; rv:126.0) Gecko/20100101 Firefox/126.0"
93.46.24.112 - - [25/Aug/2026:15:18:47 +0200] "POST /wp-login.php HTTP/1.1" 301 162 "http://grupo-seg.com/wp-login.php" "Mozilla/5.0 (Windows NT 10.0; Win64; x64) AppleWebKit/537.36 (KHTML, like Gecko) Chrome/125.0.0.0 Safari/537.36"
8.217.145.188 - - [25/Aug/2026:15:26:47 +0200] "GET / HTTP/1.1" 301 162 "-" "Mozilla/5.0 (Windows NT 10.0; Win64; x64) AppleWebKit/537.36 (KHTML, like Gecko) Chrome/120.0.0.0 Safari/537.36"
139.99.222.131 - - [25/Aug/2026:15:31:34 +0200] "GET / HTTP/1.1" 301 162 "-" "Mozilla/5.0 (Windows NT 10.0; Win64; x64) AppleWebKit/537.36 (KHTML, like Gecko) Chrome/80.0.3987.149 Safari/537.36"
216.244.66.239 - - [25/Aug/2026:15:33:16 +0200] "GET /robots.txt HTTP/1.1" 301 162 "-" "Mozilla/5.0 (compatible; DotBot/1.2; +https://opensiteexplorer.org/dotbot; help@moz.com)"
103.131.71.25 - - [25/Aug/2026:15:37:02 +0200] "GET /robots.txt HTTP/1.1" 301 162 "-" "Mozilla/5.0 (compatible; coccocbot-image/1.0; +http://help.coccoc.com/searchengine)"
93.46.24.112 - - [25/Aug/2026:15:43:55 +0200] "POST /wp-login.php HTTP/1.1" 301 162 "http://grupo-seg.com/wp-login.php" "Mozilla/5.0 (Windows NT 10.0; Win64; x64) AppleWebKit/537.36 (KHTML, like Gecko) Chrome/125.0.0.0 Safari/537.36"
40.88.21.235 - - [25/Aug/2026:15:50:15 +0200] "GET / HTTP/1.1" 301 162 "-" "DuckDuckBot/1.1; (+http://duckduckgo.com/duckduckbot.html)"
93.46.24.112 - - [25/Aug/2026:16:09:33 +0200] "POST /wp-login.php HTTP/1.1" 301 162 "http://grupo-seg.com/wp-login.php" "Mozilla/5.0 (Windows NT 10.0; Win64; x64) AppleWebKit/537.36 (KHTML, like Gecko) Chrome/125.0.0.0 Safari/537.36"
216.244.66.239 - - [25/Aug/2026:16:19:36 +0200] "GET /robots.txt HTTP/1.1" 301 162 "-" "Mozilla/5.0 (compatible; DotBot/1.2; +https://opensiteexplorer.org/dotbot; help@moz.com)"
93.46.24.112 - - [25/Aug/2026:16:35:13 +0200] "POST /wp-login.php HTTP/1.1" 301 162 "http://grupo-seg.com/wp-login.php" "Mozilla/5.0 (Windows NT 10.0; Win64; x64) AppleWebKit/537.36 (KHTML, like Gecko) Chrome/125.0.0.0 Safari/537.36"
72.152.84.181 - - [25/Aug/2026:16:40:10 +0200] "GET / HTTP/1.1" 301 162 "-" "Mozilla/5.0 (Windows NT 10.0; Win64; x64) AppleWebKit/537.36 (KHTML, like Gecko) Chrome/142.0.7444.163 Safari/537.36"
93.46.24.112 - - [25/Aug/2026:17:00:40 +0200] "POST /wp-login.php HTTP/1.1" 301 162 "http://grupo-seg.com/wp-login.php" "Mozilla/5.0 (Windows NT 10.0; Win64; x64) AppleWebKit/537.36 (KHTML, like Gecko) Chrome/125.0.0.0 Safari/537.36"
103.85.188.186 - - [25/Aug/2026:17:17:15 +0200] "GET / HTTP/1.1" 301 162 "-" "Mozilla/5.0 (Windows NT 10.0; Win64; x64) AppleWebKit/537.36 (KHTML, like Gecko) Chrome/97.0.4280.67 Safari/537.36 Edg/97.0.664.52"
34.219.14.222 - - [25/Aug/2026:17:20:08 +0200] "GET / HTTP/1.1" 301 162 "-" "Mozilla/5.0 (Windows NT 10.0; Win64; x64) AppleWebKit/537.36 (KHTML, like Gecko) Chrome/113.0.0.0 Safari/537.36"
93.46.24.112 - - [25/Aug/2026:17:25:50 +0200] "POST /wp-login.php HTTP/1.1" 301 162 "http://grupo-seg.com/wp-login.php" "Mozilla/5.0 (Windows NT 10.0; Win64; x64) AppleWebKit/537.36 (KHTML, like Gecko) Chrome/125.0.0.0 Safari/537.36"
158.178.142.174 - - [25/Aug/2026:17:31:03 +0200] "GET /wp-content/plugins/pods/readme.txt HTTP/1.1" 301 162 "-" "Mozilla/5.0 (Macintosh; Intel Mac OS X 10_15_7) AppleWebKit/537.36 (KHTML, like Gecko) Chrome/124.0.0.0 Safari/537.36"
158.178.142.174 - - [25/Aug/2026:17:31:03 +0200] "GET /wp-content/plugins/pods/init.php HTTP/1.1" 301 162 "-" "Mozilla/5.0 (Macintosh; Intel Mac OS X 10_15_7) AppleWebKit/537.36 (KHTML, like Gecko) Chrome/124.0.0.0 Safari/537.36"
43.228.157.148 - - [25/Aug/2026:17:37:27 +0200] "POST /ALFA_DATA/alfacgiapi/perl.alfa HTTP/1.1" 301 162 "www.google.com" "Mozlila/5.0 (Linux; Android 7.0; SM-G892A Bulid/NRD90M; wv) AppleWebKit/537.36 (KHTML, like Gecko) Version/4.0 Chrome/60.0.3112.107 Moblie Safari/537.36"
43.228.157.148 - - [25/Aug/2026:17:37:27 +0200] "GET /wp-content/themes/seotheme/db.php?u HTTP/1.1" 301 162 "www.google.com" "Mozlila/5.0 (Linux; Android 7.0; SM-G892A Bulid/NRD90M; wv) AppleWebKit/537.36 (KHTML, like Gecko) Version/4.0 Chrome/60.0.3112.107 Moblie Safari/537.36"
43.228.157.148 - - [25/Aug/2026:17:37:27 +0200] "POST /wp-plain.php HTTP/1.1" 301 162 "www.google.com" "Mozilla/5.0 (Linux; Android 7.0; SM-G892A Bulid/NRD90M; wv) AppleWebKit/537.36 (KHTML, like Gecko) Version/4.0 Chrome/60.0.3112.107 Moblie Safari/537.36"
43.228.157.148 - - [25/Aug/2026:17:37:27 +0200] "GET /wp-content/plugins/fix/up.php HTTP/1.1" 301 162 "-" "Mozilla/5.0 (Windows NT 10.0; Win64; x64) AppleWebKit/537.36 (KHTML, like Gecko) Chrome/85.0.4183.102 Safari/537.36"
43.228.157.148 - - [25/Aug/2026:17:37:27 +0200] "GET / HTTP/1.1" 301 162 "-" "Mozlila/5.0 (Linux; Android 7.0; SM-G892A Bulid/NRD90M; wv) AppleWebKit/537.36 (KHTML, like Gecko) Version/4.0 Chrome/60.0.3112.107 Moblie Safari/537.36"
43.228.157.148 - - [25/Aug/2026:17:37:28 +0200] "POST /alfacgiapi/perl.alfa HTTP/1.1" 301 162 "www.google.com" "Mozlila/5.0 (Linux; Android 7.0; SM-G892A Bulid/NRD90M; wv) AppleWebKit/537.36 (KHTML, like Gecko) Version/4.0 Chrome/60.0.3112.107 Moblie Safari/537.36"
121.229.156.126 - - [25/Aug/2026:17:44:40 +0200] "GET /robots.txt HTTP/1.1" 301 162 "-" "Sogou web spider/4.0(+http://www.sogou.com/docs/help/webmasters.htm#07)"
43.134.56.214 - - [25/Aug/2026:17:51:00 +0200] "GET / HTTP/1.1" 301 162 "-" "Mozilla/5.0 (iPhone; CPU iPhone OS 13_2_3 like Mac OS X) AppleWebKit/605.1.15 (KHTML, like Gecko) Version/13.0.3 Mobile/15E148 Safari/604.1"
93.46.24.112 - - [25/Aug/2026:17:51:07 +0200] "POST /wp-login.php HTTP/1.1" 301 162 "http://grupo-seg.com/wp-login.php" "Mozilla/5.0 (Windows NT 10.0; Win64; x64) AppleWebKit/537.36 (KHTML, like Gecko) Chrome/125.0.0.0 Safari/537.36"
44.222.23.145 - - [25/Aug/2026:18:03:46 +0200] "HEAD / HTTP/1.1" 301 0 "-" "Mozilla/5.0 (Macintosh; Intel Mac OS X 10_15_7) AppleWebKit/537.36 (KHTML, like Gecko) Chrome/105.0.0.0 Safari/537.36"
93.46.24.112 - - [25/Aug/2026:18:16:45 +0200] "POST /wp-login.php HTTP/1.1" 301 162 "http://grupo-seg.com/wp-login.php" "Mozilla/5.0 (Windows NT 10.0; Win64; x64) AppleWebKit/537.36 (KHTML, like Gecko) Chrome/125.0.0.0 Safari/537.36"
93.46.24.112 - - [25/Aug/2026:18:42:17 +0200] "POST /wp-login.php HTTP/1.1" 301 162 "http://grupo-seg.com/wp-login.php" "Mozilla/5.0 (Windows NT 10.0; Win64; x64) AppleWebKit/537.36 (KHTML, like Gecko) Chrome/125.0.0.0 Safari/537.36"
35.89.80.158 - - [25/Aug/2026:18:43:25 +0200] "GET / HTTP/1.1" 301 162 "-" "Mozilla/5.0 (Windows NT 10.0; Win64; x64) AppleWebKit/537.36 (KHTML, like Gecko) Chrome/113.0.0.0 Safari/537.36"
43.157.46.118 - - [25/Aug/2026:18:57:50 +0200] "GET / HTTP/1.1" 301 162 "-" "Mozilla/5.0 (iPhone; CPU iPhone OS 13_2_3 like Mac OS X) AppleWebKit/605.1.15 (KHTML, like Gecko) Version/13.0.3 Mobile/15E148 Safari/604.1"
93.46.24.112 - - [25/Aug/2026:19:07:48 +0200] "POST /wp-login.php HTTP/1.1" 301 162 "http://grupo-seg.com/wp-login.php" "Mozilla/5.0 (Windows NT 10.0; Win64; x64) AppleWebKit/537.36 (KHTML, like Gecko) Chrome/125.0.0.0 Safari/537.36"
89.187.163.211 - - [25/Aug/2026:19:09:21 +0200] "GET /wp-content/uploads/ HTTP/1.1" 301 162 "-" "-"
89.187.163.211 - - [25/Aug/2026:19:09:29 +0200] "GET /wp-includes/ HTTP/1.1" 301 162 "-" "-"
89.187.163.211 - - [25/Aug/2026:19:09:33 +0200] "GET /wp-includes/css/ HTTP/1.1" 301 162 "-" "-"
89.187.163.211 - - [25/Aug/2026:19:09:41 +0200] "GET /wp-includes/ID3/ HTTP/1.1" 301 162 "-" "-"
89.187.163.211 - - [25/Aug/2026:19:09:42 +0200] "GET /wp-includes/IXR/ HTTP/1.1" 301 162 "-" "-"
89.187.163.211 - - [25/Aug/2026:19:09:43 +0200] "GET /wp-includes/Requests/ HTTP/1.1" 301 162 "-" "-"
89.187.163.211 - - [25/Aug/2026:19:09:45 +0200] "GET /wp-includes/SimplePie/ HTTP/1.1" 301 162 "-" "-"
89.187.163.211 - - [25/Aug/2026:19:09:48 +0200] "GET /wp-includes/Text/ HTTP/1.1" 301 162 "-" "-"
89.187.163.211 - - [25/Aug/2026:19:09:57 +0200] "GET /wp-content/mu-plugins-old/ HTTP/1.1" 301 162 "-" "-"
89.187.163.211 - - [25/Aug/2026:19:11:40 +0200] "GET /wp-content/themes/classic/inc/ HTTP/1.1" 301 162 "-" "-"
89.187.163.211 - - [25/Aug/2026:19:12:33 +0200] "GET /wp-content/plugins/ninja-forms/ HTTP/1.1" 301 162 "-" "-"
89.187.163.211 - - [25/Aug/2026:19:12:39 +0200] "GET /wp-content/mu-plugins/ HTTP/1.1" 301 162 "-" "-"
89.187.163.211 - - [25/Aug/2026:19:14:04 +0200] "GET /wp-includes/Text/Diff/Renderer/ HTTP/1.1" 301 162 "-" "-"
89.187.163.211 - - [25/Aug/2026:19:14:05 +0200] "GET /wp-includes/blocks/ HTTP/1.1" 301 162 "-" "-"
89.187.163.211 - - [25/Aug/2026:19:14:06 +0200] "GET /wp-includes/certificates/ HTTP/1.1" 301 162 "-" "-"
89.187.163.211 - - [25/Aug/2026:19:14:32 +0200] "GET /wp-includes/customize/ HTTP/1.1" 301 162 "-" "-"
89.187.163.211 - - [25/Aug/2026:19:14:33 +0200] "GET /wp-includes/fonts/ HTTP/1.1" 301 162 "-" "-"
89.187.163.211 - - [25/Aug/2026:19:14:35 +0200] "GET /wp-includes/images/ HTTP/1.1" 301 162 "-" "-"
89.187.163.211 - - [25/Aug/2026:19:14:36 +0200] "GET /.well-known/ HTTP/1.1" 301 162 "-" "-"
89.187.163.211 - - [25/Aug/2026:19:14:50 +0200] "GET /ALFA_DATA/ HTTP/1.1" 301 162 "-" "-"
89.187.163.211 - - [25/Aug/2026:19:15:03 +0200] "GET /.well-knownold/ HTTP/1.1" 301 162 "-" "-"
89.187.163.211 - - [25/Aug/2026:19:15:10 +0200] "GET /.well-known/acme-challenge/ HTTP/1.1" 301 162 "-" "-"
89.187.163.211 - - [25/Aug/2026:19:15:12 +0200] "GET /cgi-bin/ HTTP/1.1" 301 162 "-" "-"
89.187.163.211 - - [25/Aug/2026:19:15:13 +0200] "GET /index/ HTTP/1.1" 301 162 "-" "-"
89.187.163.211 - - [25/Aug/2026:19:16:55 +0200] "GET /id/ HTTP/1.1" 301 162 "-" "-"
89.187.163.211 - - [25/Aug/2026:19:17:20 +0200] "GET /www/ HTTP/1.1" 301 162 "-" "-"
89.187.163.211 - - [25/Aug/2026:19:17:26 +0200] "GET /web/ HTTP/1.1" 301 162 "-" "-"
45.148.10.8 - - [25/Aug/2026:19:18:57 +0200] "GET /_profiler/phpinfo HTTP/1.1" 301 162 "-" "Mozilla/5.0 (Macintosh; Intel Mac OS X 10_10_3) AppleWebKit/537.36 (KHTML, like Gecko) Chrome/41.0.2272.105 Safari/537.36 Vivaldi/1.0.162.9"
89.187.163.211 - - [25/Aug/2026:19:19:15 +0200] "GET /upload/ HTTP/1.1" 301 162 "-" "-"
216.244.66.239 - - [25/Aug/2026:19:20:21 +0200] "GET /robots.txt HTTP/1.1" 301 162 "-" "Mozilla/5.0 (compatible; DotBot/1.2; +https://opensiteexplorer.org/dotbot; help@moz.com)"
89.187.163.211 - - [25/Aug/2026:19:20:54 +0200] "GET /Admin/uploads/ HTTP/1.1" 301 162 "-" "-"
89.187.163.211 - - [25/Aug/2026:19:22:07 +0200] "GET /admin/ HTTP/1.1" 301 162 "-" "-"
89.187.163.211 - - [25/Aug/2026:19:22:30 +0200] "GET /images/ HTTP/1.1" 301 162 "-" "-"
89.187.163.211 - - [25/Aug/2026:19:24:15 +0200] "GET /assets/ HTTP/1.1" 301 162 "-" "-"
89.187.163.211 - - [25/Aug/2026:19:24:17 +0200] "GET /vendor/phpunit/phpunit/src/Util/PHP/ HTTP/1.1" 301 162 "-" "-"
89.187.163.211 - - [25/Aug/2026:19:24:20 +0200] "GET /upload/image/ HTTP/1.1" 301 162 "-" "-"
89.187.163.211 - - [25/Aug/2026:19:24:22 +0200] "GET /assets/images/ HTTP/1.1" 301 162 "-" "-"
89.187.163.211 - - [25/Aug/2026:19:24:33 +0200] "GET /Public/ HTTP/1.1" 301 162 "-" "-"
89.187.163.211 - - [25/Aug/2026:19:24:44 +0200] "GET /vendor/ HTTP/1.1" 301 162 "-" "-"
89.187.163.211 - - [25/Aug/2026:19:25:02 +0200] "GET /local/ HTTP/1.1" 301 162 "-" "-"
89.187.163.211 - - [25/Aug/2026:19:26:43 +0200] "GET /Site/ HTTP/1.1" 301 162 "-" "-"
89.187.163.211 - - [25/Aug/2026:19:26:45 +0200] "GET /system/ HTTP/1.1" 301 162 "-" "-"
89.187.163.211 - - [25/Aug/2026:19:26:52 +0200] "GET /template/ HTTP/1.1" 301 162 "-" "-"
89.187.163.211 - - [25/Aug/2026:19:28:41 +0200] "GET /shop/ HTTP/1.1" 301 162 "-" "-"
42.193.171.36 - - [25/Aug/2026:19:29:59 +0200] "HEAD / HTTP/1.1" 301 0 "https://m.baidu.com/s?word=www.qgxsyg.cn" "Mozilla/5.0 (Linux; Android 8.0.0; KNT-AL20 Build/HUAWEIKNT-AL20; wv) AppleWebKit/537.36 (KHTML, like Gecko) Version/4.0 Chrome/63.0.3239.83 Mobile Safari/537.36 T7/11.15 baiduboxapp/11.15.5.10 (Baidu; P1 8.0.0)"
89.187.163.211 - - [25/Aug/2026:19:30:18 +0200] "GET /files/ HTTP/1.1" 301 162 "-" "-"
89.187.163.211 - - [25/Aug/2026:19:30:24 +0200] "GET /admin/editor/ HTTP/1.1" 301 162 "-" "-"
89.187.163.211 - - [25/Aug/2026:19:30:25 +0200] "GET /include/ HTTP/1.1" 301 162 "-" "-"
89.187.163.211 - - [25/Aug/2026:19:30:41 +0200] "GET /Assets/ HTTP/1.1" 301 162 "-" "-"
89.187.163.211 - - [25/Aug/2026:19:30:49 +0200] "GET /images/stories/ HTTP/1.1" 301 162 "-" "-"
89.187.163.211 - - [25/Aug/2026:19:31:05 +0200] "GET /plugins/ HTTP/1.1" 301 162 "-" "-"
89.187.163.211 - - [25/Aug/2026:19:32:17 +0200] "GET /php/ HTTP/1.1" 301 162 "-" "-"
89.187.163.211 - - [25/Aug/2026:19:32:19 +0200] "GET /wp-admin/css/ HTTP/1.1" 301 162 "-" "-"
93.46.24.112 - - [25/Aug/2026:19:33:21 +0200] "POST /wp-login.php HTTP/1.1" 301 162 "http://grupo-seg.com/wp-login.php" "Mozilla/5.0 (Windows NT 10.0; Win64; x64) AppleWebKit/537.36 (KHTML, like Gecko) Chrome/125.0.0.0 Safari/537.36"
89.187.163.211 - - [25/Aug/2026:19:34:14 +0200] "GET /wp-includes/assets/ HTTP/1.1" 301 162 "-" "-"
89.187.163.211 - - [25/Aug/2026:19:34:19 +0200] "GET /wp-includes/block-patterns/ HTTP/1.1" 301 162 "-" "-"
89.187.163.211 - - [25/Aug/2026:19:34:22 +0200] "GET /wp-includes/block-supports/ HTTP/1.1" 301 162 "-" "-"
89.187.163.211 - - [25/Aug/2026:19:34:24 +0200] "GET /wp-includes/html-api/ HTTP/1.1" 301 162 "-" "-"
89.187.163.211 - - [25/Aug/2026:19:34:26 +0200] "GET /wp-includes/js/ HTTP/1.1" 301 162 "-" "-"
89.187.163.211 - - [25/Aug/2026:19:34:27 +0200] "GET /wp-includes/php-compat/ HTTP/1.1" 301 162 "-" "-"
89.187.163.211 - - [25/Aug/2026:19:34:29 +0200] "GET /wp-includes/PHPMailer/ HTTP/1.1" 301 162 "-" "-"
89.187.163.211 - - [25/Aug/2026:19:34:31 +0200] "GET /wp-includes/pomo/ HTTP/1.1" 301 162 "-" "-"
89.187.163.211 - - [25/Aug/2026:19:36:14 +0200] "GET /wp-includes/rest-api/ HTTP/1.1" 301 162 "-" "-"
89.187.163.211 - - [25/Aug/2026:19:36:16 +0200] "GET /wp-includes/sitemaps/ HTTP/1.1" 301 162 "-" "-"
89.187.163.211 - - [25/Aug/2026:19:36:22 +0200] "GET /wp-includes/sodium_compat/ HTTP/1.1" 301 162 "-" "-"
89.187.163.211 - - [25/Aug/2026:19:36:24 +0200] "GET /wp-includes/style-engine/ HTTP/1.1" 301 162 "-" "-"
89.187.163.211 - - [25/Aug/2026:19:36:25 +0200] "GET /wp-includes/theme-compat/ HTTP/1.1" 301 162 "-" "-"
89.187.163.211 - - [25/Aug/2026:19:36:27 +0200] "GET /wp-includes/widgets/ HTTP/1.1" 301 162 "-" "-"
89.187.163.211 - - [25/Aug/2026:19:36:30 +0200] "GET /wp-admin/css/colors/ectoplasm/ HTTP/1.1" 301 162 "-" "-"
89.187.163.211 - - [25/Aug/2026:19:36:40 +0200] "GET /wp-admin/css/colors/ HTTP/1.1" 301 162 "-" "-"
89.187.163.211 - - [25/Aug/2026:19:37:15 +0200] "GET /admin/images/slider/ HTTP/1.1" 301 162 "-" "-"
89.187.163.211 - - [25/Aug/2026:19:37:20 +0200] "GET /admin/fckeditor/editor/filemanager/ HTTP/1.1" 301 162 "-" "-"
89.187.163.211 - - [25/Aug/2026:19:38:58 +0200] "GET /components/ HTTP/1.1" 301 162 "-" "-"
89.187.163.211 - - [25/Aug/2026:19:39:05 +0200] "GET /admin/uploads/images/ HTTP/1.1" 301 162 "-" "-"
89.187.163.211 - - [25/Aug/2026:19:39:12 +0200] "GET /wp-content/plugins/classic-editor/ HTTP/1.1" 301 162 "-" "-"
89.187.163.211 - - [25/Aug/2026:19:39:19 +0200] "GET /wp-content/fonts/ HTTP/1.1" 301 162 "-" "-"
89.187.163.211 - - [25/Aug/2026:19:41:02 +0200] "GET /wp-content/plugins/contact-form-7/admin/js/ HTTP/1.1" 301 162 "-" "-"
89.187.163.211 - - [25/Aug/2026:19:41:12 +0200] "GET /wp-content/plugins/contact-form-7/ HTTP/1.1" 301 162 "-" "-"
89.187.163.211 - - [25/Aug/2026:19:41:13 +0200] "GET /wordpress/ HTTP/1.1" 301 162 "-" "-"
89.187.163.211 - - [25/Aug/2026:19:41:16 +0200] "GET /wp-admin/images/ HTTP/1.1" 301 162 "-" "-"
89.187.163.211 - - [25/Aug/2026:19:41:17 +0200] "GET /wp-content/plugins/wordpress-seo/js/dist/ HTTP/1.1" 301 162 "-" "-"
89.187.163.211 - - [25/Aug/2026:19:43:00 +0200] "GET /wp-content/plugins/wordpress-seo/ HTTP/1.1" 301 162 "-" "-"
89.187.163.211 - - [25/Aug/2026:19:43:24 +0200] "GET /js/ HTTP/1.1" 301 162 "-" "-"
89.187.163.211 - - [25/Aug/2026:19:43:40 +0200] "GET /wp-content/plugins/woocommerce/assets/js/ HTTP/1.1" 301 162 "-" "-"
89.187.163.211 - - [25/Aug/2026:19:43:58 +0200] "GET /wp-content/plugins/woocommerce/ HTTP/1.1" 301 162 "-" "-"
89.187.163.211 - - [25/Aug/2026:19:44:15 +0200] "GET /wp-admin/meta/ HTTP/1.1" 301 162 "-" "-"
89.187.163.211 - - [25/Aug/2026:19:44:31 +0200] "GET /wp-admin/network/ HTTP/1.1" 301 162 "-" "-"
89.187.163.211 - - [25/Aug/2026:19:44:36 +0200] "GET /wp-admin/user/ HTTP/1.1" 301 162 "-" "-"
89.187.163.211 - - [25/Aug/2026:19:44:40 +0200] "GET /wp-content/ HTTP/1.1" 301 162 "-" "-"
89.187.163.211 - - [25/Aug/2026:19:44:50 +0200] "GET /wp-content/plugins/ HTTP/1.1" 301 162 "-" "-"
89.187.163.211 - - [25/Aug/2026:19:45:19 +0200] "GET /wp-content/themes/ HTTP/1.1" 301 162 "-" "-"
89.187.163.211 - - [25/Aug/2026:19:47:04 +0200] "GET /wp-admin/includes/ HTTP/1.1" 301 162 "-" "-"
89.187.163.211 - - [25/Aug/2026:19:47:31 +0200] "GET /wp-admin/ HTTP/1.1" 301 162 "-" "-"
89.187.163.211 - - [25/Aug/2026:19:49:13 +0200] "GET /wp-content/upgrade/ HTTP/1.1" 301 162 "-" "-"
93.46.24.112 - - [25/Aug/2026:19:58:47 +0200] "POST /wp-login.php HTTP/1.1" 301 162 "http://grupo-seg.com/wp-login.php" "Mozilla/5.0 (Windows NT 10.0; Win64; x64) AppleWebKit/537.36 (KHTML, like Gecko) Chrome/125.0.0.0 Safari/537.36"
216.244.66.239 - - [25/Aug/2026:20:06:27 +0200] "GET /robots.txt HTTP/1.1" 301 162 "-" "Mozilla/5.0 (compatible; DotBot/1.2; +https://opensiteexplorer.org/dotbot; help@moz.com)"
159.75.35.32 - - [25/Aug/2026:20:08:17 +0200] "HEAD / HTTP/1.1" 301 0 "https://m.baidu.com/s?word=www.ddddi.cn" "Mozilla/5.0 (Linux; Android 9; Mi Note 3 Build/PKQ1.181007.001; wv) AppleWebKit/537.36 (KHTML, like Gecko) Version/4.0 Chrome/66.0.3359.126 MQQBrowser/6.2 TBS/044904 Mobile Safari/537.36 V1_AND_SQ_8.1.5_1258_YYB_D QQ/8.1.5.4215 NetType/WIFI WebP/0.3.0 Pixel/1080 StatusBarHeight/66 SimpleUISwitch/0"
118.193.38.134 - - [25/Aug/2026:20:09:15 +0200] "GET / HTTP/1.1" 301 162 "-" "curl/7.29.0"
118.193.43.141 - - [25/Aug/2026:20:10:26 +0200] "GET / HTTP/1.1" 301 162 "-" "Mozilla/5.0 (X11; Linux x86_64) AppleWebKit/585.55 (KHTML, like Gecko) Chrome/96.0.1411 Safari/537.36"
93.46.24.112 - - [25/Aug/2026:20:24:16 +0200] "POST /wp-login.php HTTP/1.1" 301 162 "http://grupo-seg.com/wp-login.php" "Mozilla/5.0 (Windows NT 10.0; Win64; x64) AppleWebKit/537.36 (KHTML, like Gecko) Chrome/125.0.0.0 Safari/537.36"
3.238.225.132 - - [25/Aug/2026:20:33:59 +0200] "GET / HTTP/1.1" 301 162 "-" "Mozilla/5.0 (Macintosh; Intel Mac OS X 10_15_7) AppleWebKit/537.36 (KHTML, like Gecko) Chrome/119.0.0.0 Safari/537.36"
3.80.11.68 - - [25/Aug/2026:20:34:03 +0200] "GET / HTTP/1.1" 301 162 "-" "Mozilla/5.0 (Macintosh; Intel Mac OS X 10_15_7) AppleWebKit/537.36 (KHTML, like Gecko) Chrome/119.0.0.0 Safari/537.36"
43.136.167.197 - - [25/Aug/2026:20:40:11 +0200] "GET / HTTP/1.1" 301 162 "-" "Mozilla/5.0 (iPhone; CPU iPhone OS 13_2_3 like Mac OS X) AppleWebKit/605.1.15 (KHTML, like Gecko) Version/13.0.3 Mobile/15E148 Safari/604.1"
93.46.24.112 - - [25/Aug/2026:20:49:38 +0200] "POST /wp-login.php HTTP/1.1" 301 162 "http://grupo-seg.com/wp-login.php" "Mozilla/5.0 (Windows NT 10.0; Win64; x64) AppleWebKit/537.36 (KHTML, like Gecko) Chrome/125.0.0.0 Safari/537.36"
18.210.23.171 - - [25/Aug/2026:21:09:19 +0200] "GET /wp-content/plugins/pods/readme.txt HTTP/1.1" 301 162 "-" "Mozilla/5.0 (Windows NT 10.0; Win64; x64) AppleWebKit/537.36 (KHTML, like Gecko) Chrome/125.0.0.0 Safari/537.36"
18.210.23.171 - - [25/Aug/2026:21:09:19 +0200] "GET /wp-content/plugins/pods/init.php HTTP/1.1" 301 162 "-" "Mozilla/5.0 (Windows NT 10.0; Win64; x64) AppleWebKit/537.36 (KHTML, like Gecko) Chrome/125.0.0.0 Safari/537.36"
93.46.24.112 - - [25/Aug/2026:21:14:58 +0200] "POST /wp-login.php HTTP/1.1" 301 162 "http://grupo-seg.com/wp-login.php" "Mozilla/5.0 (Windows NT 10.0; Win64; x64) AppleWebKit/537.36 (KHTML, like Gecko) Chrome/125.0.0.0 Safari/537.36"
5.39.218.200 - - [25/Aug/2026:21:33:07 +0200] "HEAD /wp-login.php HTTP/1.1" 301 0 "-" "Mozilla/5.0 (Windows NT 10.0; Win64; x64) AppleWebKit/537.36"
111.225.214.209 - - [25/Aug/2026:21:38:27 +0200] "GET /robots.txt HTTP/1.1" 301 162 "-" "Mozilla/5.0 (Windows NT 10.0; WOW64) AppleWebKit/537.36 (KHTML, like Gecko) Chrome/48.0.2564.116 Safari/537.36"
119.249.100.174 - - [25/Aug/2026:21:38:28 +0200] "GET /robots.txt HTTP/1.1" 301 162 "-" "Mozilla/5.0 (Windows NT 10.0; WOW64) AppleWebKit/537.36 (KHTML, like Gecko) Chrome/48.0.2564.116 Safari/537.36"
93.46.24.112 - - [25/Aug/2026:21:40:01 +0200] "POST /wp-login.php HTTP/1.1" 301 162 "http://grupo-seg.com/wp-login.php" "Mozilla/5.0 (Windows NT 10.0; Win64; x64) AppleWebKit/537.36 (KHTML, like Gecko) Chrome/125.0.0.0 Safari/537.36"
5.188.86.234 - - [25/Aug/2026:22:02:14 +0200] "GET /wp-login.php HTTP/1.1" 301 162 "-" "Mozilla/5.0 (Windows NT 10.0; Win64; x64; rv:147.0) Gecko/20100101 Firefox/147.0"
93.46.24.112 - - [25/Aug/2026:22:04:50 +0200] "POST /wp-login.php HTTP/1.1" 301 162 "http://grupo-seg.com/wp-login.php" "Mozilla/5.0 (Windows NT 10.0; Win64; x64) AppleWebKit/537.36 (KHTML, like Gecko) Chrome/125.0.0.0 Safari/537.36"
106.52.171.40 - - [25/Aug/2026:22:14:24 +0200] "HEAD / HTTP/1.1" 301 0 "https://m.baidu.com/s?word=www.jnqye.cn" "Mozilla/5.0 (Linux; Android 4.4.4; SM-A7000 Build/KTU84P; wv) AppleWebKit/537.36 (KHTML, like Gecko) Version/4.0 Chrome/53.0.2785.49 Mobile MQQBrowser/6.2 TBS/043024 Safari/537.36 MicroMessenger/6.5.4.1000 NetType/WIFI Language/zh_CN"
93.46.24.112 - - [25/Aug/2026:22:30:51 +0200] "POST /wp-login.php HTTP/1.1" 301 162 "http://grupo-seg.com/wp-login.php" "Mozilla/5.0 (Windows NT 10.0; Win64; x64) AppleWebKit/537.36 (KHTML, like Gecko) Chrome/125.0.0.0 Safari/537.36"
93.46.24.112 - - [25/Aug/2026:22:56:05 +0200] "POST /wp-login.php HTTP/1.1" 301 162 "http://grupo-seg.com/wp-login.php" "Mozilla/5.0 (Windows NT 10.0; Win64; x64) AppleWebKit/537.36 (KHTML, like Gecko) Chrome/125.0.0.0 Safari/537.36"
103.131.71.91 - - [25/Aug/2026:22:57:21 +0200] "GET /robots.txt HTTP/1.1" 301 162 "-" "Mozilla/5.0 (compatible; coccocbot-web/1.0; +http://help.coccoc.com/searchengine)"
46.151.182.40 - - [25/Aug/2026:23:03:08 +0200] "GET / HTTP/1.1" 301 162 "-" "-"
46.151.182.40 - - [25/Aug/2026:23:03:11 +0200] "GET /wordpress HTTP/1.1" 301 162 "-" "-"
46.151.182.40 - - [25/Aug/2026:23:03:12 +0200] "GET /wp-admin/setup-config.php HTTP/1.1" 301 162 "-" "-"
46.151.182.40 - - [25/Aug/2026:23:03:12 +0200] "GET /wp-admin/install.php HTTP/1.1" 301 162 "-" "-"
46.151.182.40 - - [25/Aug/2026:23:03:12 +0200] "GET /wp HTTP/1.1" 301 162 "-" "-"
46.151.182.40 - - [25/Aug/2026:23:03:13 +0200] "GET /blog HTTP/1.1" 301 162 "-" "-"
46.151.182.40 - - [25/Aug/2026:23:03:15 +0200] "GET /new HTTP/1.1" 301 162 "-" "-"
46.151.182.40 - - [25/Aug/2026:23:03:16 +0200] "GET /old HTTP/1.1" 301 162 "-" "-"
46.151.182.40 - - [25/Aug/2026:23:03:18 +0200] "GET /newsite HTTP/1.1" 301 162 "-" "-"
46.151.182.40 - - [25/Aug/2026:23:03:19 +0200] "GET /test HTTP/1.1" 301 162 "-" "-"
46.151.182.40 - - [25/Aug/2026:23:03:20 +0200] "GET /main HTTP/1.1" 301 162 "-" "-"
46.151.182.40 - - [25/Aug/2026:23:03:22 +0200] "GET /testing HTTP/1.1" 301 162 "-" "-"
46.151.182.40 - - [25/Aug/2026:23:03:23 +0200] "GET /site HTTP/1.1" 301 162 "-" "-"
46.151.182.40 - - [25/Aug/2026:23:03:23 +0200] "GET / HTTP/1.1" 301 162 "-" "-"
46.151.182.40 - - [25/Aug/2026:23:03:24 +0200] "GET /backup HTTP/1.1" 301 162 "-" "-"
46.151.182.40 - - [25/Aug/2026:23:03:25 +0200] "GET /wordpress HTTP/1.1" 301 162 "-" "-"
46.151.182.40 - - [25/Aug/2026:23:03:26 +0200] "GET /demo HTTP/1.1" 301 162 "-" "-"
46.151.182.40 - - [25/Aug/2026:23:03:27 +0200] "GET /wp-admin/setup-config.php HTTP/1.1" 301 162 "-" "-"
