93.46.24.112 - - [26/Aug/2026:22:02:49 +0200] "POST /wp-login.php HTTP/1.1" 301 162 "http://grupo-seg.com/wp-login.php" "Mozilla/5.0 (Windows NT 10.0; Win64; x64) AppleWebKit/537.36 (KHTML, like Gecko) Chrome/125.0.0.0 Safari/537.36"
178.105.183.10 - - [26/Aug/2026:22:04:55 +0200] "GET / HTTP/1.1" 301 162 "-" "2ip bot/1.1 (+https://2ip.io/bot/)"
93.46.24.112 - - [26/Aug/2026:22:27:11 +0200] "POST /wp-login.php HTTP/1.1" 301 162 "http://grupo-seg.com/wp-login.php" "Mozilla/5.0 (Windows NT 10.0; Win64; x64) AppleWebKit/537.36 (KHTML, like Gecko) Chrome/125.0.0.0 Safari/537.36"
20.104.81.161 - - [26/Aug/2026:22:46:13 +0200] "GET /wp-content/plugins/fix/up.php HTTP/1.1" 301 162 "-" "Mozilla/5.0"
93.46.24.112 - - [26/Aug/2026:22:51:25 +0200] "POST /wp-login.php HTTP/1.1" 301 162 "http://grupo-seg.com/wp-login.php" "Mozilla/5.0 (Windows NT 10.0; Win64; x64) AppleWebKit/537.36 (KHTML, like Gecko) Chrome/125.0.0.0 Safari/537.36"
121.29.51.109 - - [26/Aug/2026:23:04:20 +0200] "GET / HTTP/1.1" 301 162 "-" "Dalvik/2.1.0 (Linux; U; Android 9.0; ZTE BA520 Build/MRA58K)"
93.46.24.112 - - [26/Aug/2026:23:16:01 +0200] "POST /wp-login.php HTTP/1.1" 301 162 "http://grupo-seg.com/wp-login.php" "Mozilla/5.0 (Windows NT 10.0; Win64; x64) AppleWebKit/537.36 (KHTML, like Gecko) Chrome/125.0.0.0 Safari/537.36"
93.46.24.112 - - [26/Aug/2026:23:40:18 +0200] "POST /wp-login.php HTTP/1.1" 301 162 "http://grupo-seg.com/wp-login.php" "Mozilla/5.0 (Windows NT 10.0; Win64; x64) AppleWebKit/537.36 (KHTML, like Gecko) Chrome/125.0.0.0 Safari/537.36"
93.46.24.112 - - [27/Aug/2026:00:04:23 +0200] "POST /wp-login.php HTTP/1.1" 301 162 "http://grupo-seg.com/wp-login.php" "Mozilla/5.0 (Windows NT 10.0; Win64; x64) AppleWebKit/537.36 (KHTML, like Gecko) Chrome/125.0.0.0 Safari/537.36"
93.46.24.112 - - [27/Aug/2026:00:28:38 +0200] "POST /wp-login.php HTTP/1.1" 301 162 "http://grupo-seg.com/wp-login.php" "Mozilla/5.0 (Windows NT 10.0; Win64; x64) AppleWebKit/537.36 (KHTML, like Gecko) Chrome/125.0.0.0 Safari/537.36"
105.119.25.22 - - [27/Aug/2026:00:31:03 +0200] "GET / HTTP/1.1" 301 162 "-" "Mozilla/5.0 (Windows NT 10.0; Win64; x64) AppleWebKit/537.36 (KHTML, like Gecko) Chrome/151.0.0.0 Safari/537.36"
52.71.157.13 - - [27/Aug/2026:00:36:25 +0200] "GET / HTTP/1.1" 301 162 "-" "Mozilla/5.0 (Windows NT 10.0; Win64; x64) AppleWebKit/537.36 (KHTML, like Gecko) Chrome/100.0.4896.127 Safari/537.36"
156.245.205.34 - - [27/Aug/2026:00:47:50 +0200] "GET /baker.php/ HTTP/1.1" 301 162 "-" "Mozilla/5.0 (Windows NT 10.0; WOW64; rv:48.0) Gecko/20100101 Firefox/48.0"
156.245.205.34 - - [27/Aug/2026:00:48:08 +0200] "GET /e/install/index.php?enews=setdb&f=4 HTTP/1.1" 301 162 "-" "Mozilla/5.0 (Windows NT 10.0; WOW64; rv:48.0) Gecko/20100101 Firefox/48.0"
93.46.24.112 - - [27/Aug/2026:00:53:12 +0200] "POST /wp-login.php HTTP/1.1" 301 162 "http://grupo-seg.com/wp-login.php" "Mozilla/5.0 (Windows NT 10.0; Win64; x64) AppleWebKit/537.36 (KHTML, like Gecko) Chrome/125.0.0.0 Safari/537.36"
54.39.100.119 - - [27/Aug/2026:01:17:14 +0200] "GET / HTTP/1.1" 301 162 "-" "Mozilla/5.0 (Windows NT 10.0; Win64; x64) AppleWebKit/537.36 (KHTML, like Gecko) Chrome/142.0.0.0 Safari/537.36"
93.46.24.112 - - [27/Aug/2026:01:18:04 +0200] "POST /wp-login.php HTTP/1.1" 301 162 "http://grupo-seg.com/wp-login.php" "Mozilla/5.0 (Windows NT 10.0; Win64; x64) AppleWebKit/537.36 (KHTML, like Gecko) Chrome/125.0.0.0 Safari/537.36"
103.131.71.28 - - [27/Aug/2026:01:21:43 +0200] "GET /robots.txt HTTP/1.1" 301 162 "-" "Mozilla/5.0 (compatible; coccocbot-image/1.0; +http://help.coccoc.com/searchengine)"
103.59.161.65 - - [27/Aug/2026:01:37:54 +0200] "GET /wp-content/plugins/pods/readme.txt HTTP/1.1" 301 162 "-" "Mozilla/5.0 (Windows NT 10.0; Win64; x64; rv:126.0) Gecko/20100101 Firefox/126.0"
103.59.161.65 - - [27/Aug/2026:01:37:54 +0200] "GET /wp-content/plugins/pods/init.php HTTP/1.1" 301 162 "-" "Mozilla/5.0 (Windows NT 10.0; Win64; x64; rv:126.0) Gecko/20100101 Firefox/126.0"
93.46.24.112 - - [27/Aug/2026:01:42:38 +0200] "POST /wp-login.php HTTP/1.1" 301 162 "http://grupo-seg.com/wp-login.php" "Mozilla/5.0 (Windows NT 10.0; Win64; x64) AppleWebKit/537.36 (KHTML, like Gecko) Chrome/125.0.0.0 Safari/537.36"
93.46.24.112 - - [27/Aug/2026:02:07:26 +0200] "POST /wp-login.php HTTP/1.1" 301 162 "http://grupo-seg.com/wp-login.php" "Mozilla/5.0 (Windows NT 10.0; Win64; x64) AppleWebKit/537.36 (KHTML, like Gecko) Chrome/125.0.0.0 Safari/537.36"
20.104.81.161 - - [27/Aug/2026:02:08:24 +0200] "GET //wp-content/plugins/fix/up.php HTTP/1.1" 301 162 "-" "Mozilla/5.0 (Windows NT 10.0; Win64; x64) AppleWebKit/537.36 (KHTML, like Gecko) Chrome/85.0.4183.102 Safari/537.36"
216.244.66.239 - - [27/Aug/2026:02:10:05 +0200] "GET /robots.txt HTTP/1.1" 301 162 "-" "Mozilla/5.0 (compatible; DotBot/1.2; +https://opensiteexplorer.org/dotbot; help@moz.com)"
216.244.66.239 - - [27/Aug/2026:02:10:05 +0200] "GET /robots.txt HTTP/1.1" 301 162 "-" "Mozilla/5.0 (compatible; DotBot/1.2; +https://opensiteexplorer.org/dotbot; help@moz.com)"
43.164.196.244 - - [27/Aug/2026:02:19:41 +0200] "GET / HTTP/1.1" 301 162 "-" "Mozilla/5.0 (iPhone; CPU iPhone OS 13_2_3 like Mac OS X) AppleWebKit/605.1.15 (KHTML, like Gecko) Version/13.0.3 Mobile/15E148 Safari/604.1"
93.46.24.112 - - [27/Aug/2026:02:31:46 +0200] "POST /wp-login.php HTTP/1.1" 301 162 "http://grupo-seg.com/wp-login.php" "Mozilla/5.0 (Windows NT 10.0; Win64; x64) AppleWebKit/537.36 (KHTML, like Gecko) Chrome/125.0.0.0 Safari/537.36"
193.183.77.2 - - [27/Aug/2026:02:44:51 +0200] "GET / HTTP/1.1" 301 162 "-" "Mozilla/5.0 (Macintosh; Intel Mac OS X 10_15_7) AppleWebKit/605.1.15 (KHTML, like Gecko) Version/17.3.1 Safari/605.1.1"
93.46.24.112 - - [27/Aug/2026:02:56:20 +0200] "POST /wp-login.php HTTP/1.1" 301 162 "http://grupo-seg.com/wp-login.php" "Mozilla/5.0 (Windows NT 10.0; Win64; x64) AppleWebKit/537.36 (KHTML, like Gecko) Chrome/125.0.0.0 Safari/537.36"
93.46.24.112 - - [27/Aug/2026:03:21:36 +0200] "POST /wp-login.php HTTP/1.1" 301 162 "http://grupo-seg.com/wp-login.php" "Mozilla/5.0 (Windows NT 10.0; Win64; x64) AppleWebKit/537.36 (KHTML, like Gecko) Chrome/125.0.0.0 Safari/537.36"
43.157.153.236 - - [27/Aug/2026:03:35:08 +0200] "GET / HTTP/1.1" 301 162 "-" "Mozilla/5.0 (iPhone; CPU iPhone OS 13_2_3 like Mac OS X) AppleWebKit/605.1.15 (KHTML, like Gecko) Version/13.0.3 Mobile/15E148 Safari/604.1"
106.52.171.40 - - [27/Aug/2026:03:37:40 +0200] "HEAD / HTTP/1.1" 301 0 "https://m.baidu.com/s?word=www.jnqye.cn" "Mozilla/5.0 (Linux; Android 7.1.1; OPPO A83 Build/N6F26Q; wv) AppleWebKit/537.36 (KHTML, like Gecko) Version/4.0 Chrome/63.0.3239.83 Mobile Safari/537.36 T7/11.16 SP-engine/2.12.5 baiduboxapp/11.16.5.10 (Baidu; P1 7.1.1)"
93.46.24.112 - - [27/Aug/2026:03:46:44 +0200] "POST /wp-login.php HTTP/1.1" 301 162 "http://grupo-seg.com/wp-login.php" "Mozilla/5.0 (Windows NT 10.0; Win64; x64) AppleWebKit/537.36 (KHTML, like Gecko) Chrome/125.0.0.0 Safari/537.36"
106.54.62.156 - - [27/Aug/2026:04:00:15 +0200] "GET / HTTP/1.1" 301 162 "-" "Mozilla/5.0 (iPhone; CPU iPhone OS 13_2_3 like Mac OS X) AppleWebKit/605.1.15 (KHTML, like Gecko) Version/13.0.3 Mobile/15E148 Safari/604.1"
110.249.201.64 - - [27/Aug/2026:04:11:42 +0200] "GET /robots.txt HTTP/1.1" 301 162 "-" "Mozilla/5.0 (Linux; Android 5.0) AppleWebKit/537.36 (KHTML, like Gecko) Mobile Safari/537.36 (compatible; Bytespider; https://zhanzhang.toutiao.com/)"
93.46.24.112 - - [27/Aug/2026:04:11:55 +0200] "POST /wp-login.php HTTP/1.1" 301 162 "http://grupo-seg.com/wp-login.php" "Mozilla/5.0 (Windows NT 10.0; Win64; x64) AppleWebKit/537.36 (KHTML, like Gecko) Chrome/125.0.0.0 Safari/537.36"
110.249.201.25 - - [27/Aug/2026:04:12:39 +0200] "GET /robots.txt HTTP/1.1" 301 162 "-" "Mozilla/5.0 (X11; Linux x86_64) AppleWebKit/537.36 (KHTML, like Gecko) Chrome/120.0.0.0 Safari/537.36 Bytespider;https://zhanzhang.toutiao.com/"
54.70.150.246 - - [27/Aug/2026:04:13:06 +0200] "GET / HTTP/1.1" 301 162 "-" "Mozilla/5.0 (Windows NT 10.0; Win64; x64) AppleWebKit/537.36 (KHTML, like Gecko) Chrome/113.0.0.0 Safari/537.36"
93.46.24.112 - - [27/Aug/2026:04:36:00 +0200] "POST /wp-login.php HTTP/1.1" 301 162 "http://grupo-seg.com/wp-login.php" "Mozilla/5.0 (Windows NT 10.0; Win64; x64) AppleWebKit/537.36 (KHTML, like Gecko) Chrome/125.0.0.0 Safari/537.36"
2.86.220.12 - - [27/Aug/2026:04:46:42 +0200] "GET / HTTP/1.1" 301 162 "-" "Mozilla/5.0 (X11; Linux x86_64; rv:78.0) Gecko/20100101 Firefox/78.0"
93.46.24.112 - - [27/Aug/2026:05:00:38 +0200] "POST /wp-login.php HTTP/1.1" 301 162 "http://grupo-seg.com/wp-login.php" "Mozilla/5.0 (Windows NT 10.0; Win64; x64) AppleWebKit/537.36 (KHTML, like Gecko) Chrome/125.0.0.0 Safari/537.36"
47.88.11.18 - - [27/Aug/2026:05:11:09 +0200] "GET / HTTP/1.1" 301 162 "-" "Mozilla/5.0 (Windows NT 10.0; Win64; x64) AppleWebKit/537.36"
46.105.46.43 - - [27/Aug/2026:05:11:42 +0200] "GET /robots.txt HTTP/1.1" 301 162 "-" "Mozilla/5.0 (compatible; MJ12bot/v2.0.5; http://mj12bot.com/)"
46.105.46.43 - - [27/Aug/2026:05:11:43 +0200] "GET / HTTP/1.1" 301 162 "-" "Mozilla/5.0 (compatible; MJ12bot/v2.0.5; http://mj12bot.com/)"
93.46.24.112 - - [27/Aug/2026:05:25:29 +0200] "POST /wp-login.php HTTP/1.1" 301 162 "http://grupo-seg.com/wp-login.php" "Mozilla/5.0 (Windows NT 10.0; Win64; x64) AppleWebKit/537.36 (KHTML, like Gecko) Chrome/125.0.0.0 Safari/537.36"
34.197.140.5 - - [27/Aug/2026:05:43:19 +0200] "GET / HTTP/1.1" 301 162 "-" "Mozilla/5.0 (Windows NT 10.0; Win64; x64) AppleWebKit/537.36 (KHTML, like Gecko) Chrome/120.0.0.0 Safari/537.36"
69.176.89.34 - - [27/Aug/2026:05:44:44 +0200] "GET /.env HTTP/1.1" 301 162 "-" "Mozilla/5.0 (Macintosh; Intel Mac OS X 10.15; rv:77.0) Gecko/20100101 Firefox/77.0"
93.46.24.112 - - [27/Aug/2026:05:50:08 +0200] "POST /wp-login.php HTTP/1.1" 301 162 "http://grupo-seg.com/wp-login.php" "Mozilla/5.0 (Windows NT 10.0; Win64; x64) AppleWebKit/537.36 (KHTML, like Gecko) Chrome/125.0.0.0 Safari/537.36"
193.34.212.54 - - [27/Aug/2026:06:03:15 +0200] "GET /images/images/cache.php HTTP/1.1" 301 162 "www.google.com" "Mozlila/5.0 (Linux; Android 7.0; SM-G892A Bulid/NRD90M; wv) AppleWebKit/537.36 (KHTML, like Gecko) Version/4.0 Chrome/60.0.3112.107 Moblie Safari/537.36"
93.46.24.112 - - [27/Aug/2026:06:15:02 +0200] "POST /wp-login.php HTTP/1.1" 301 162 "http://grupo-seg.com/wp-login.php" "Mozilla/5.0 (Windows NT 10.0; Win64; x64) AppleWebKit/537.36 (KHTML, like Gecko) Chrome/125.0.0.0 Safari/537.36"
93.46.24.112 - - [27/Aug/2026:06:40:01 +0200] "POST /wp-login.php HTTP/1.1" 301 162 "http://grupo-seg.com/wp-login.php" "Mozilla/5.0 (Windows NT 10.0; Win64; x64) AppleWebKit/537.36 (KHTML, like Gecko) Chrome/125.0.0.0 Safari/537.36"
216.244.66.239 - - [27/Aug/2026:06:56:28 +0200] "GET /robots.txt HTTP/1.1" 301 162 "-" "Mozilla/5.0 (compatible; DotBot/1.2; +https://opensiteexplorer.org/dotbot; help@moz.com)"
216.244.66.239 - - [27/Aug/2026:06:56:28 +0200] "GET /robots.txt HTTP/1.1" 301 162 "-" "Mozilla/5.0 (compatible; DotBot/1.2; +https://opensiteexplorer.org/dotbot; help@moz.com)"
93.46.24.112 - - [27/Aug/2026:07:04:42 +0200] "POST /wp-login.php HTTP/1.1" 301 162 "http://grupo-seg.com/wp-login.php" "Mozilla/5.0 (Windows NT 10.0; Win64; x64) AppleWebKit/537.36 (KHTML, like Gecko) Chrome/125.0.0.0 Safari/537.36"
2.26.172.86 - - [27/Aug/2026:07:11:43 +0200] "GET / HTTP/1.1" 301 162 "-" "Mozilla/4.0 (compatible; MSIE 5.0; Windows ME) Opera 5.11 [en]"
93.46.24.112 - - [27/Aug/2026:07:29:36 +0200] "POST /wp-login.php HTTP/1.1" 301 162 "http://grupo-seg.com/wp-login.php" "Mozilla/5.0 (Windows NT 10.0; Win64; x64) AppleWebKit/537.36 (KHTML, like Gecko) Chrome/125.0.0.0 Safari/537.36"
80.223.200.38 - - [27/Aug/2026:07:44:11 +0200] "GET /administrator/ HTTP/1.1" 301 162 "-" "Mozilla/5.0 (Linux; Android 14; V2144 Build/UP1A.231005.007; wv) AppleWebKit/537.36 (KHTML, like Gecko) Version/4.0 Chrome/132.0.6834.122 Mobile Safari/537.36 Line/15.1.0/IAB"
80.223.200.38 - - [27/Aug/2026:07:44:12 +0200] "GET /administrator/index.php HTTP/1.1" 301 162 "https://grupo-seg.com/administrator/" "Mozilla/5.0 (Linux; Android 14; V2144 Build/UP1A.231005.007; wv) AppleWebKit/537.36 (KHTML, like Gecko) Version/4.0 Chrome/132.0.6834.122 Mobile Safari/537.36 Line/15.1.0/IAB"
80.223.200.38 - - [27/Aug/2026:07:44:15 +0200] "GET /wp-login.php HTTP/1.1" 301 162 "-" "Mozilla/5.0 (Linux; Android 14; V2144 Build/UP1A.231005.007; wv) AppleWebKit/537.36 (KHTML, like Gecko) Version/4.0 Chrome/132.0.6834.122 Mobile Safari/537.36 Line/15.1.0/IAB"
43.157.52.37 - - [27/Aug/2026:07:47:07 +0200] "GET / HTTP/1.1" 301 162 "-" "Mozilla/5.0 (iPhone; CPU iPhone OS 13_2_3 like Mac OS X) AppleWebKit/605.1.15 (KHTML, like Gecko) Version/13.0.3 Mobile/15E148 Safari/604.1"
93.46.24.112 - - [27/Aug/2026:07:54:08 +0200] "POST /wp-login.php HTTP/1.1" 301 162 "http://grupo-seg.com/wp-login.php" "Mozilla/5.0 (Windows NT 10.0; Win64; x64) AppleWebKit/537.36 (KHTML, like Gecko) Chrome/125.0.0.0 Safari/537.36"
104.28.251.195 - - [27/Aug/2026:07:55:53 +0200] "GET / HTTP/1.1" 301 162 "-" "Mozilla/5.0 (Macintosh; Intel Mac OS X 10_15_7) AppleWebKit/605.1.15 (KHTML, like Gecko) Version/17.2.1 Safari/605.1.15"
159.75.35.32 - - [27/Aug/2026:08:17:37 +0200] "HEAD / HTTP/1.1" 301 0 "https://m.baidu.com/s?word=www.ddddi.cn" "Mozilla/5.0 (Linux; U; Android 8.0.0; zh-CN; TA-1054 Build/OPR1.170623.026) AppleWebKit/537.36 (KHTML, like Gecko) Version/4.0 Chrome/57.0.2987.108 UCBrowser/11.8.0.960 UWS/2.12.1.22 Mobile Safari/537.36 AliApp(TB/7.6.4) UCBS/2.11.1.1 WindVane/8.3.0 1080X1794"
93.46.24.112 - - [27/Aug/2026:08:19:20 +0200] "POST /wp-login.php HTTP/1.1" 301 162 "http://grupo-seg.com/wp-login.php" "Mozilla/5.0 (Windows NT 10.0; Win64; x64) AppleWebKit/537.36 (KHTML, like Gecko) Chrome/125.0.0.0 Safari/537.36"
43.156.37.91 - - [27/Aug/2026:08:36:05 +0200] "GET / HTTP/1.1" 301 162 "-" "Mozilla/5.0 (iPhone; CPU iPhone OS 13_2_3 like Mac OS X) AppleWebKit/605.1.15 (KHTML, like Gecko) Version/13.0.3 Mobile/15E148 Safari/604.1"
93.46.24.112 - - [27/Aug/2026:08:43:57 +0200] "POST /wp-login.php HTTP/1.1" 301 162 "http://grupo-seg.com/wp-login.php" "Mozilla/5.0 (Windows NT 10.0; Win64; x64) AppleWebKit/537.36 (KHTML, like Gecko) Chrome/125.0.0.0 Safari/537.36"
35.87.152.151 - - [27/Aug/2026:08:58:07 +0200] "GET / HTTP/1.1" 301 162 "-" "Mozilla/5.0 (Windows NT 10.0; Win64; x64) AppleWebKit/537.36 (KHTML, like Gecko) Chrome/113.0.0.0 Safari/537.36"
93.46.24.112 - - [27/Aug/2026:09:08:48 +0200] "POST /wp-login.php HTTP/1.1" 301 162 "http://grupo-seg.com/wp-login.php" "Mozilla/5.0 (Windows NT 10.0; Win64; x64) AppleWebKit/537.36 (KHTML, like Gecko) Chrome/125.0.0.0 Safari/537.36"
93.46.24.112 - - [27/Aug/2026:09:34:09 +0200] "POST /wp-login.php HTTP/1.1" 301 162 "http://grupo-seg.com/wp-login.php" "Mozilla/5.0 (Windows NT 10.0; Win64; x64) AppleWebKit/537.36 (KHTML, like Gecko) Chrome/125.0.0.0 Safari/537.36"
165.22.34.239 - - [27/Aug/2026:09:37:01 +0200] "GET / HTTP/1.1" 301 162 "-" "Mozilla/5.0 (X11; Linux x86_64) AppleWebKit/537.36 (KHTML, like Gecko) Chrome/142.0.0.0 Safari/537.36"
165.22.34.239 - - [27/Aug/2026:09:37:01 +0200] "GET /favicon.ico HTTP/1.1" 301 162 "http://grupo-seg.com/" "Mozilla/5.0 (X11; Linux x86_64) AppleWebKit/537.36 (KHTML, like Gecko) Chrome/142.0.0.0 Safari/537.36"
93.46.24.112 - - [27/Aug/2026:09:58:39 +0200] "POST /wp-login.php HTTP/1.1" 301 162 "http://grupo-seg.com/wp-login.php" "Mozilla/5.0 (Windows NT 10.0; Win64; x64) AppleWebKit/537.36 (KHTML, like Gecko) Chrome/125.0.0.0 Safari/537.36"
146.56.229.214 - - [27/Aug/2026:10:14:10 +0200] "GET / HTTP/1.1" 301 162 "-" "Mozilla/5.0 (iPhone; CPU iPhone OS 13_2_3 like Mac OS X) AppleWebKit/605.1.15 (KHTML, like Gecko) Version/13.0.3 Mobile/15E148 Safari/604.1"
93.46.24.112 - - [27/Aug/2026:10:23:47 +0200] "POST /wp-login.php HTTP/1.1" 301 162 "http://grupo-seg.com/wp-login.php" "Mozilla/5.0 (Windows NT 10.0; Win64; x64) AppleWebKit/537.36 (KHTML, like Gecko) Chrome/125.0.0.0 Safari/537.36"
42.193.171.36 - - [27/Aug/2026:10:42:40 +0200] "HEAD / HTTP/1.1" 301 0 "https://m.baidu.com/s?word=www.qgxsyg.cn" "Mozilla/5.0 (Linux; Android 10; PCRM00 Build/QKQ1.191222.002; wv) AppleWebKit/537.36 (KHTML, like Gecko) Version/4.0 Chrome/76.0.3809.89 Mobile Safari/537.36 T7/11.19 SP-engine/2.15.0 baiduboxapp/11.19.5.10 (Baidu; P1 10)"
93.46.24.112 - - [27/Aug/2026:10:48:51 +0200] "POST /wp-login.php HTTP/1.1" 301 162 "http://grupo-seg.com/wp-login.php" "Mozilla/5.0 (Windows NT 10.0; Win64; x64) AppleWebKit/537.36 (KHTML, like Gecko) Chrome/125.0.0.0 Safari/537.36"
20.48.179.39 - - [27/Aug/2026:10:53:45 +0200] "GET /wp-content/plugins/hellopress/wp_filemanager.php HTTP/1.1" 301 162 "-" "-"
20.48.179.39 - - [27/Aug/2026:10:53:47 +0200] "GET /this_is_a_new_hello_world.php HTTP/1.1" 301 162 "-" "-"
20.48.179.39 - - [27/Aug/2026:10:53:47 +0200] "GET /nail.php HTTP/1.1" 301 162 "-" "-"
20.48.179.39 - - [27/Aug/2026:10:53:47 +0200] "GET /or.php HTTP/1.1" 301 162 "-" "-"
20.48.179.39 - - [27/Aug/2026:10:53:47 +0200] "GET /verox.php HTTP/1.1" 301 162 "-" "-"
20.48.179.39 - - [27/Aug/2026:10:53:48 +0200] "GET /ba.php?p= HTTP/1.1" 301 162 "-" "-"
20.48.179.39 - - [27/Aug/2026:10:53:48 +0200] "GET /G.php HTTP/1.1" 301 162 "-" "-"
20.48.179.39 - - [27/Aug/2026:10:53:48 +0200] "GET /great.php HTTP/1.1" 301 162 "-" "-"
216.244.66.239 - - [27/Aug/2026:11:00:23 +0200] "GET /robots.txt HTTP/1.1" 301 162 "-" "Mozilla/5.0 (compatible; DotBot/1.2; +https://opensiteexplorer.org/dotbot; help@moz.com)"
20.48.179.39 - - [27/Aug/2026:11:03:54 +0200] "GET /222.php HTTP/1.1" 301 162 "-" "-"
20.48.179.39 - - [27/Aug/2026:11:03:55 +0200] "GET /BDKR28WP.php HTTP/1.1" 301 162 "-" "-"
20.48.179.39 - - [27/Aug/2026:11:03:55 +0200] "GET /wp.php HTTP/1.1" 301 162 "-" "-"
20.48.179.39 - - [27/Aug/2026:11:03:56 +0200] "GET /i.php HTTP/1.1" 301 162 "-" "-"
20.48.179.39 - - [27/Aug/2026:11:03:56 +0200] "GET //abcd.php HTTP/1.1" 301 162 "-" "-"
20.48.179.39 - - [27/Aug/2026:11:03:56 +0200] "GET /simple.php HTTP/1.1" 301 162 "-" "-"
85.203.23.30 - - [27/Aug/2026:11:07:36 +0200] "GET /wp-content/plugins/pods/readme.txt HTTP/1.1" 301 162 "-" "Mozilla/5.0 (Windows NT 10.0; Win64; x64; rv:126.0) Gecko/20100101 Firefox/126.0"
85.203.23.30 - - [27/Aug/2026:11:07:36 +0200] "GET /wp-content/plugins/pods/init.php HTTP/1.1" 301 162 "-" "Mozilla/5.0 (Windows NT 10.0; Win64; x64; rv:126.0) Gecko/20100101 Firefox/126.0"
20.48.179.39 - - [27/Aug/2026:11:14:02 +0200] "GET /btyuio.php HTTP/1.1" 301 162 "-" "-"
20.48.179.39 - - [27/Aug/2026:11:14:03 +0200] "GET /00zip.php HTTP/1.1" 301 162 "-" "-"
20.48.179.39 - - [27/Aug/2026:11:14:03 +0200] "GET /silver.php HTTP/1.1" 301 162 "-" "-"
20.48.179.39 - - [27/Aug/2026:11:14:03 +0200] "GET /wp-mails.php HTTP/1.1" 301 162 "-" "-"
20.48.179.39 - - [27/Aug/2026:11:14:04 +0200] "GET /new.php HTTP/1.1" 301 162 "-" "-"
20.48.179.39 - - [27/Aug/2026:11:14:04 +0200] "GET /run.php HTTP/1.1" 301 162 "-" "-"
20.48.179.39 - - [27/Aug/2026:11:14:04 +0200] "GET /sm.php HTTP/1.1" 301 162 "-" "-"
93.46.24.112 - - [27/Aug/2026:11:14:18 +0200] "POST /wp-login.php HTTP/1.1" 301 162 "http://grupo-seg.com/wp-login.php" "Mozilla/5.0 (Windows NT 10.0; Win64; x64) AppleWebKit/537.36 (KHTML, like Gecko) Chrome/125.0.0.0 Safari/537.36"
20.48.179.39 - - [27/Aug/2026:11:24:10 +0200] "GET /qazwsx.php HTTP/1.1" 301 162 "-" "-"
20.48.179.39 - - [27/Aug/2026:11:24:11 +0200] "GET //elp.php?p= HTTP/1.1" 301 162 "-" "-"
20.48.179.39 - - [27/Aug/2026:11:24:11 +0200] "GET /wp-content/uploads/ HTTP/1.1" 301 162 "-" "-"
93.46.24.112 - - [27/Aug/2026:11:39:19 +0200] "POST /wp-login.php HTTP/1.1" 301 162 "http://grupo-seg.com/wp-login.php" "Mozilla/5.0 (Windows NT 10.0; Win64; x64) AppleWebKit/537.36 (KHTML, like Gecko) Chrome/125.0.0.0 Safari/537.36"
134.199.175.172 - - [27/Aug/2026:11:56:32 +0200] "GET /wp-admin/install.php HTTP/1.1" 301 162 "-" "Mozilla/5.0 (Macintosh; Intel Mac OS X 10_10_1) AppleWebKit/537.36 (KHTML, like Gecko) Chrome/39.0.2171.95 Safari/537.36"
134.199.175.172 - - [27/Aug/2026:11:56:34 +0200] "GET /wp/wp-admin/install.php HTTP/1.1" 301 162 "-" "Mozilla/5.0 (Macintosh; Intel Mac OS X 10_10_1) AppleWebKit/537.36 (KHTML, like Gecko) Chrome/39.0.2171.95 Safari/537.36"
134.199.175.172 - - [27/Aug/2026:11:56:36 +0200] "GET /new/wp-admin/install.php HTTP/1.1" 301 162 "-" "Mozilla/5.0 (Macintosh; Intel Mac OS X 10_10_1) AppleWebKit/537.36 (KHTML, like Gecko) Chrome/39.0.2171.95 Safari/537.36"
134.199.175.172 - - [27/Aug/2026:11:56:38 +0200] "GET /old/wp-admin/install.php HTTP/1.1" 301 162 "-" "Mozilla/5.0 (Macintosh; Intel Mac OS X 10_10_1) AppleWebKit/537.36 (KHTML, like Gecko) Chrome/39.0.2171.95 Safari/537.36"
134.199.175.172 - - [27/Aug/2026:11:56:40 +0200] "GET /wordpress/wp-admin/install.php HTTP/1.1" 301 162 "-" "Mozilla/5.0 (Macintosh; Intel Mac OS X 10_10_1) AppleWebKit/537.36 (KHTML, like Gecko) Chrome/39.0.2171.95 Safari/537.36"
134.199.175.172 - - [27/Aug/2026:11:56:42 +0200] "GET /test/wp-admin/install.php HTTP/1.1" 301 162 "-" "Mozilla/5.0 (Macintosh; Intel Mac OS X 10_10_1) AppleWebKit/537.36 (KHTML, like Gecko) Chrome/39.0.2171.95 Safari/537.36"
134.199.175.172 - - [27/Aug/2026:11:56:43 +0200] "GET /blog/wp-admin/install.php HTTP/1.1" 301 162 "-" "Mozilla/5.0 (Macintosh; Intel Mac OS X 10_10_1) AppleWebKit/537.36 (KHTML, like Gecko) Chrome/39.0.2171.95 Safari/537.36"
134.199.175.172 - - [27/Aug/2026:11:56:45 +0200] "GET /cms/wp-admin/install.php HTTP/1.1" 301 162 "-" "Mozilla/5.0 (Macintosh; Intel Mac OS X 10_10_1) AppleWebKit/537.36 (KHTML, like Gecko) Chrome/39.0.2171.95 Safari/537.36"
134.199.175.172 - - [27/Aug/2026:11:56:47 +0200] "GET /web/wp-admin/install.php HTTP/1.1" 301 162 "-" "Mozilla/5.0 (Macintosh; Intel Mac OS X 10_10_1) AppleWebKit/537.36 (KHTML, like Gecko) Chrome/39.0.2171.95 Safari/537.36"
134.199.175.172 - - [27/Aug/2026:11:56:49 +0200] "GET /backup/wp-admin/install.php HTTP/1.1" 301 162 "-" "Mozilla/5.0 (Macintosh; Intel Mac OS X 10_10_1) AppleWebKit/537.36 (KHTML, like Gecko) Chrome/39.0.2171.95 Safari/537.36"
134.199.175.172 - - [27/Aug/2026:11:56:50 +0200] "GET /site/wp-admin/install.php HTTP/1.1" 301 162 "-" "Mozilla/5.0 (Macintosh; Intel Mac OS X 10_10_1) AppleWebKit/537.36 (KHTML, like Gecko) Chrome/39.0.2171.95 Safari/537.36"
134.199.175.172 - - [27/Aug/2026:11:56:52 +0200] "GET /oldsite/wp-admin/install.php HTTP/1.1" 301 162 "-" "Mozilla/5.0 (Macintosh; Intel Mac OS X 10_10_1) AppleWebKit/537.36 (KHTML, like Gecko) Chrome/39.0.2171.95 Safari/537.36"
134.199.175.172 - - [27/Aug/2026:11:56:54 +0200] "GET /shop/wp-admin/install.php HTTP/1.1" 301 162 "-" "Mozilla/5.0 (Macintosh; Intel Mac OS X 10_10_1) AppleWebKit/537.36 (KHTML, like Gecko) Chrome/39.0.2171.95 Safari/537.36"
188.40.85.195 - - [27/Aug/2026:12:03:59 +0200] "GET /robots.txt HTTP/1.1" 301 162 "-" "AwarioSmartBot/1.0 (+https://awario.com/bots.html; bots@awario.com)"
93.46.24.112 - - [27/Aug/2026:12:04:16 +0200] "POST /wp-login.php HTTP/1.1" 301 162 "http://grupo-seg.com/wp-login.php" "Mozilla/5.0 (Windows NT 10.0; Win64; x64) AppleWebKit/537.36 (KHTML, like Gecko) Chrome/125.0.0.0 Safari/537.36"
48.209.223.68 - - [27/Aug/2026:12:10:03 +0200] "GET /?subject=fbyvdvgb_cbwb_fzbvy HTTP/1.1" 301 162 "-" "Mozilla/5.0 (Windows NT 10.0; Win64; x64) AppleWebKit/537.36 (KHTML, like Gecko) Chrome/141.0.7390.0 Safari/537.36"
48.209.223.68 - - [27/Aug/2026:12:10:03 +0200] "GET / HTTP/1.1" 301 162 "-" "Mozilla/5.0 (Windows NT 10.0; Win64; x64) AppleWebKit/537.36 (KHTML, like Gecko) Chrome/141.0.7390.0 Safari/537.36"
72.145.83.73 - - [27/Aug/2026:12:10:27 +0200] "GET / HTTP/1.1" 301 162 "-" "Mozilla/5.0 (Windows NT 10.0; Win64; x64) AppleWebKit/537.36 (KHTML, like Gecko) Chrome/142.0.7444.162 Safari/537.36"
199.45.154.67 - - [27/Aug/2026:12:18:52 +0200] "GET / HTTP/1.1" 301 162 "-" "Mozilla/5.0 (compatible; CensysInspect/1.1; +https://about.censys.io/)"
104.165.120.244 - - [27/Aug/2026:12:22:55 +0200] "GET / HTTP/1.1" 301 162 "-" "Mozilla/5.0 (Windows NT 10.0; Win64; x64; rv:64.0) Gecko/20100101 Firefox/64.0"
104.222.43.40 - - [27/Aug/2026:12:22:56 +0200] "GET / HTTP/1.1" 301 162 "-" "Mozilla/5.0 (Windows NT 10.0; Win64; x64; rv:64.0) Gecko/20100101 Firefox/64.0"
93.46.24.112 - - [27/Aug/2026:12:29:06 +0200] "POST /wp-login.php HTTP/1.1" 301 162 "http://grupo-seg.com/wp-login.php" "Mozilla/5.0 (Windows NT 10.0; Win64; x64) AppleWebKit/537.36 (KHTML, like Gecko) Chrome/125.0.0.0 Safari/537.36"
43.165.174.53 - - [27/Aug/2026:12:38:19 +0200] "GET / HTTP/1.1" 301 162 "-" "Mozilla/5.0 (iPhone; CPU iPhone OS 13_2_3 like Mac OS X) AppleWebKit/605.1.15 (KHTML, like Gecko) Version/13.0.3 Mobile/15E148 Safari/604.1"
8.217.145.188 - - [27/Aug/2026:12:52:08 +0200] "GET / HTTP/1.1" 301 162 "-" "Mozilla/5.0 (Windows NT 10.0; Win64; x64) AppleWebKit/537.36 (KHTML, like Gecko) Chrome/120.0.0.0 Safari/537.36"
93.46.24.112 - - [27/Aug/2026:12:53:55 +0200] "POST /wp-login.php HTTP/1.1" 301 162 "http://grupo-seg.com/wp-login.php" "Mozilla/5.0 (Windows NT 10.0; Win64; x64) AppleWebKit/537.36 (KHTML, like Gecko) Chrome/125.0.0.0 Safari/537.36"
93.46.24.112 - - [27/Aug/2026:13:19:03 +0200] "POST /wp-login.php HTTP/1.1" 301 162 "http://grupo-seg.com/wp-login.php" "Mozilla/5.0 (Windows NT 10.0; Win64; x64) AppleWebKit/537.36 (KHTML, like Gecko) Chrome/125.0.0.0 Safari/537.36"
220.181.108.156 - - [27/Aug/2026:13:20:40 +0200] "GET /wp-content/uploads/2025/01/ER-GRUPO-1491-2002-COMPLETO.pdf HTTP/1.1" 301 162 "-" "Mozilla/5.0 (compatible; Baiduspider/2.0; +http://www.baidu.com/search/spider.html)"
43.135.145.117 - - [27/Aug/2026:13:29:15 +0200] "GET / HTTP/1.1" 301 162 "-" "Mozilla/5.0 (iPhone; CPU iPhone OS 13_2_3 like Mac OS X) AppleWebKit/605.1.15 (KHTML, like Gecko) Version/13.0.3 Mobile/15E148 Safari/604.1"
195.3.220.7 - - [27/Aug/2026:13:36:47 +0200] "GET /.tmb/ HTTP/1.1" 301 162 "https://google.com/" "Mozilla/5.0 (Linux; Android 7.0; SM-G892A Build/NRD90M; wv) AppleWebKit/537.36 (KHTML, Gecko) Version/4.0 Chrome/60.0.3112.107 Mobile Safari/537.36"
195.3.220.7 - - [27/Aug/2026:13:36:48 +0200] "GET /.tmb/ HTTP/1.1" 301 162 "https://google.com/" "Mozilla/5.0 (Linux; Android 7.0; SM-G892A Build/NRD90M; wv) AppleWebKit/537.36 (KHTML, Gecko) Version/4.0 Chrome/60.0.3112.107 Mobile Safari/537.36"
195.3.220.7 - - [27/Aug/2026:13:36:48 +0200] "GET /.well-known/ HTTP/1.1" 301 162 "https://google.com/" "Mozilla/5.0 (Linux; Android 7.0; SM-G892A Build/NRD90M; wv) AppleWebKit/537.36 (KHTML, Gecko) Version/4.0 Chrome/60.0.3112.107 Mobile Safari/537.36"
195.3.220.7 - - [27/Aug/2026:13:36:48 +0200] "GET /.well-known/ HTTP/1.1" 301 162 "https://google.com/" "Mozilla/5.0 (Linux; Android 7.0; SM-G892A Build/NRD90M; wv) AppleWebKit/537.36 (KHTML, Gecko) Version/4.0 Chrome/60.0.3112.107 Mobile Safari/537.36"
195.3.220.7 - - [27/Aug/2026:13:36:48 +0200] "GET /wp-content/updraft/ HTTP/1.1" 301 162 "https://google.com/" "Mozilla/5.0 (Linux; Android 7.0; SM-G892A Build/NRD90M; wv) AppleWebKit/537.36 (KHTML, Gecko) Version/4.0 Chrome/60.0.3112.107 Mobile Safari/537.36"
195.3.220.7 - - [27/Aug/2026:13:36:49 +0200] "GET /wp-content/updraft/ HTTP/1.1" 301 162 "https://google.com/" "Mozilla/5.0 (Linux; Android 7.0; SM-G892A Build/NRD90M; wv) AppleWebKit/537.36 (KHTML, Gecko) Version/4.0 Chrome/60.0.3112.107 Mobile Safari/537.36"
195.3.220.7 - - [27/Aug/2026:13:36:49 +0200] "GET /wp-content/plugins/ HTTP/1.1" 301 162 "https://google.com/" "Mozilla/5.0 (Linux; Android 7.0; SM-G892A Build/NRD90M; wv) AppleWebKit/537.36 (KHTML, Gecko) Version/4.0 Chrome/60.0.3112.107 Mobile Safari/537.36"
195.3.220.7 - - [27/Aug/2026:13:36:49 +0200] "GET /wp-content/plugins/ HTTP/1.1" 301 162 "https://google.com/" "Mozilla/5.0 (Linux; Android 7.0; SM-G892A Build/NRD90M; wv) AppleWebKit/537.36 (KHTML, Gecko) Version/4.0 Chrome/60.0.3112.107 Mobile Safari/537.36"
195.3.220.7 - - [27/Aug/2026:13:36:49 +0200] "GET /wp-content/uploads/ HTTP/1.1" 301 162 "https://google.com/" "Mozilla/5.0 (Linux; Android 7.0; SM-G892A Build/NRD90M; wv) AppleWebKit/537.36 (KHTML, Gecko) Version/4.0 Chrome/60.0.3112.107 Mobile Safari/537.36"
195.3.220.7 - - [27/Aug/2026:13:36:49 +0200] "GET /wp-content/uploads/ HTTP/1.1" 301 162 "https://google.com/" "Mozilla/5.0 (Linux; Android 7.0; SM-G892A Build/NRD90M; wv) AppleWebKit/537.36 (KHTML, Gecko) Version/4.0 Chrome/60.0.3112.107 Mobile Safari/537.36"
195.3.220.7 - - [27/Aug/2026:13:36:50 +0200] "GET /wp-content/upgrade/ HTTP/1.1" 301 162 "https://google.com/" "Mozilla/5.0 (Linux; Android 7.0; SM-G892A Build/NRD90M; wv) AppleWebKit/537.36 (KHTML, Gecko) Version/4.0 Chrome/60.0.3112.107 Mobile Safari/537.36"
195.3.220.7 - - [27/Aug/2026:13:36:50 +0200] "GET /wp-content/upgrade/ HTTP/1.1" 301 162 "https://google.com/" "Mozilla/5.0 (Linux; Android 7.0; SM-G892A Build/NRD90M; wv) AppleWebKit/537.36 (KHTML, Gecko) Version/4.0 Chrome/60.0.3112.107 Mobile Safari/537.36"
195.3.220.7 - - [27/Aug/2026:13:36:50 +0200] "GET /wp-content/themes/ HTTP/1.1" 301 162 "https://google.com/" "Mozilla/5.0 (Linux; Android 7.0; SM-G892A Build/NRD90M; wv) AppleWebKit/537.36 (KHTML, Gecko) Version/4.0 Chrome/60.0.3112.107 Mobile Safari/537.36"
195.3.220.7 - - [27/Aug/2026:13:36:50 +0200] "GET /wp-content/themes/ HTTP/1.1" 301 162 "https://google.com/" "Mozilla/5.0 (Linux; Android 7.0; SM-G892A Build/NRD90M; wv) AppleWebKit/537.36 (KHTML, Gecko) Version/4.0 Chrome/60.0.3112.107 Mobile Safari/537.36"
195.3.220.7 - - [27/Aug/2026:13:36:50 +0200] "GET /wp-content/languages/ HTTP/1.1" 301 162 "https://google.com/" "Mozilla/5.0 (Linux; Android 7.0; SM-G892A Build/NRD90M; wv) AppleWebKit/537.36 (KHTML, Gecko) Version/4.0 Chrome/60.0.3112.107 Mobile Safari/537.36"
195.3.220.7 - - [27/Aug/2026:13:36:51 +0200] "GET /wp-content/languages/ HTTP/1.1" 301 162 "https://google.com/" "Mozilla/5.0 (Linux; Android 7.0; SM-G892A Build/NRD90M; wv) AppleWebKit/537.36 (KHTML, Gecko) Version/4.0 Chrome/60.0.3112.107 Mobile Safari/537.36"
195.3.220.7 - - [27/Aug/2026:13:36:51 +0200] "GET /wp-content/cache/ HTTP/1.1" 301 162 "https://google.com/" "Mozilla/5.0 (Linux; Android 7.0; SM-G892A Build/NRD90M; wv) AppleWebKit/537.36 (KHTML, Gecko) Version/4.0 Chrome/60.0.3112.107 Mobile Safari/537.36"
195.3.220.7 - - [27/Aug/2026:13:36:51 +0200] "GET /wp-content/cache/ HTTP/1.1" 301 162 "https://google.com/" "Mozilla/5.0 (Linux; Android 7.0; SM-G892A Build/NRD90M; wv) AppleWebKit/537.36 (KHTML, Gecko) Version/4.0 Chrome/60.0.3112.107 Mobile Safari/537.36"
93.46.24.112 - - [27/Aug/2026:13:44:07 +0200] "POST /wp-login.php HTTP/1.1" 301 162 "http://grupo-seg.com/wp-login.php" "Mozilla/5.0 (Windows NT 10.0; Win64; x64) AppleWebKit/537.36 (KHTML, like Gecko) Chrome/125.0.0.0 Safari/537.36"
93.46.24.112 - - [27/Aug/2026:14:09:14 +0200] "POST /wp-login.php HTTP/1.1" 301 162 "http://grupo-seg.com/wp-login.php" "Mozilla/5.0 (Windows NT 10.0; Win64; x64) AppleWebKit/537.36 (KHTML, like Gecko) Chrome/125.0.0.0 Safari/537.36"
93.46.24.112 - - [27/Aug/2026:14:34:37 +0200] "POST /wp-login.php HTTP/1.1" 301 162 "http://grupo-seg.com/wp-login.php" "Mozilla/5.0 (Windows NT 10.0; Win64; x64) AppleWebKit/537.36 (KHTML, like Gecko) Chrome/125.0.0.0 Safari/537.36"
93.46.24.112 - - [27/Aug/2026:14:59:28 +0200] "POST /wp-login.php HTTP/1.1" 301 162 "http://grupo-seg.com/wp-login.php" "Mozilla/5.0 (Windows NT 10.0; Win64; x64) AppleWebKit/537.36 (KHTML, like Gecko) Chrome/125.0.0.0 Safari/537.36"
216.244.66.239 - - [27/Aug/2026:15:10:57 +0200] "GET /robots.txt HTTP/1.1" 301 162 "-" "Mozilla/5.0 (compatible; DotBot/1.2; +https://opensiteexplorer.org/dotbot; help@moz.com)"
109.207.47.111 - - [27/Aug/2026:15:18:01 +0200] "GET /robots.txt HTTP/1.1" 301 162 "-" "Mozilla/5.0 (compatible; PisarBot/1.0)"
109.207.47.111 - - [27/Aug/2026:15:18:03 +0200] "GET / HTTP/1.1" 301 162 "-" "Mozilla/5.0 (compatible; PisarBot/1.0)"
93.46.24.112 - - [27/Aug/2026:15:24:40 +0200] "POST /wp-login.php HTTP/1.1" 301 162 "http://grupo-seg.com/wp-login.php" "Mozilla/5.0 (Windows NT 10.0; Win64; x64) AppleWebKit/537.36 (KHTML, like Gecko) Chrome/125.0.0.0 Safari/537.36"
103.131.71.45 - - [27/Aug/2026:15:39:05 +0200] "GET /robots.txt HTTP/1.1" 301 162 "-" "Mozilla/5.0 (compatible; coccocbot-image/1.0; +http://help.coccoc.com/searchengine)"
74.179.70.50 - - [27/Aug/2026:15:46:04 +0200] "GET / HTTP/1.1" 301 162 "-" "Mozilla/5.0 (Windows NT 10.0; Win64; x64) AppleWebKit/537.36 (KHTML, like Gecko) Chrome/142.0.7444.163 Safari/537.36"
93.46.24.112 - - [27/Aug/2026:15:49:56 +0200] "POST /wp-login.php HTTP/1.1" 301 162 "http://grupo-seg.com/wp-login.php" "Mozilla/5.0 (Windows NT 10.0; Win64; x64) AppleWebKit/537.36 (KHTML, like Gecko) Chrome/125.0.0.0 Safari/537.36"
93.46.24.112 - - [27/Aug/2026:16:14:11 +0200] "POST /wp-login.php HTTP/1.1" 301 162 "http://grupo-seg.com/wp-login.php" "Mozilla/5.0 (Windows NT 10.0; Win64; x64) AppleWebKit/537.36 (KHTML, like Gecko) Chrome/125.0.0.0 Safari/537.36"
173.252.87.37 - - [27/Aug/2026:16:21:36 +0200] "GET /robots.txt HTTP/1.1" 301 162 "-" "facebookexternalhit/1.1 (+http://www.facebook.com/externalhit_uatext.php)"
173.252.87.55 - - [27/Aug/2026:16:21:38 +0200] "GET /robots.txt HTTP/1.1" 301 162 "-" "facebookexternalhit/1.1 (+http://www.facebook.com/externalhit_uatext.php)"
20.48.250.41 - - [27/Aug/2026:16:26:47 +0200] "GET /wp-content/plugins/hellopress/wp_filemanager.php HTTP/1.1" 301 162 "-" "-"
20.48.250.41 - - [27/Aug/2026:16:26:50 +0200] "GET /this_is_a_new_hello_world.php HTTP/1.1" 301 162 "-" "-"
20.48.250.41 - - [27/Aug/2026:16:26:50 +0200] "GET /Jcrop.php HTTP/1.1" 301 162 "-" "-"
20.48.250.41 - - [27/Aug/2026:16:26:50 +0200] "GET /gettest.php HTTP/1.1" 301 162 "-" "-"
20.48.250.41 - - [27/Aug/2026:16:26:51 +0200] "GET /menu.php HTTP/1.1" 301 162 "-" "-"
20.48.250.41 - - [27/Aug/2026:16:26:52 +0200] "GET /wp-style.php HTTP/1.1" 301 162 "-" "-"
20.48.250.41 - - [27/Aug/2026:16:26:53 +0200] "GET /67.php HTTP/1.1" 301 162 "-" "-"
20.48.250.41 - - [27/Aug/2026:16:26:53 +0200] "GET /wtiiy.php HTTP/1.1" 301 162 "-" "-"
20.48.250.41 - - [27/Aug/2026:16:26:53 +0200] "GET /file61.php HTTP/1.1" 301 162 "-" "-"
20.48.250.41 - - [27/Aug/2026:16:36:53 +0200] "GET /wp-admin/css/bolt.php HTTP/1.1" 301 162 "-" "-"
20.48.250.41 - - [27/Aug/2026:16:36:54 +0200] "GET /public/wp-blog.php HTTP/1.1" 301 162 "-" "-"
20.48.250.41 - - [27/Aug/2026:16:36:57 +0200] "GET /browse.php HTTP/1.1" 301 162 "-" "-"
20.48.250.41 - - [27/Aug/2026:16:36:58 +0200] "GET /jga.php HTTP/1.1" 301 162 "-" "-"
20.48.250.41 - - [27/Aug/2026:16:36:58 +0200] "GET /ws78.php HTTP/1.1" 301 162 "-" "-"
20.48.250.41 - - [27/Aug/2026:16:36:58 +0200] "GET /a4.php HTTP/1.1" 301 162 "-" "-"
20.48.250.41 - - [27/Aug/2026:16:36:59 +0200] "GET /solo1.php HTTP/1.1" 301 162 "-" "-"
20.48.250.41 - - [27/Aug/2026:16:36:59 +0200] "GET /wen.php HTTP/1.1" 301 162 "-" "-"
93.46.24.112 - - [27/Aug/2026:16:37:57 +0200] "POST /wp-login.php HTTP/1.1" 301 162 "http://grupo-seg.com/wp-login.php" "Mozilla/5.0 (Windows NT 10.0; Win64; x64) AppleWebKit/537.36 (KHTML, like Gecko) Chrome/125.0.0.0 Safari/537.36"
43.154.250.181 - - [27/Aug/2026:16:47:05 +0200] "GET / HTTP/1.1" 301 162 "-" "Mozilla/5.0 (iPhone; CPU iPhone OS 13_2_3 like Mac OS X) AppleWebKit/605.1.15 (KHTML, like Gecko) Version/13.0.3 Mobile/15E148 Safari/604.1"
124.221.163.189 - - [27/Aug/2026:16:48:28 +0200] "GET / HTTP/1.1" 301 162 "-" "Mozilla/5.0 (iPhone; CPU iPhone OS 13_2_3 like Mac OS X) AppleWebKit/605.1.15 (KHTML, like Gecko) Version/13.0.3 Mobile/15E148 Safari/604.1"
216.244.66.239 - - [27/Aug/2026:16:49:02 +0200] "GET /robots.txt HTTP/1.1" 301 162 "-" "Mozilla/5.0 (compatible; DotBot/1.2; +https://opensiteexplorer.org/dotbot; help@moz.com)"
18.218.199.155 - - [27/Aug/2026:16:51:55 +0200] "GET / HTTP/1.1" 301 162 "-" "Mozilla/5.0 (Windows NT 10.0; Win64; x64) AppleWebKit/537.36 (KHTML, like Gecko) Chrome/146.0.7423.12 Safari/537.36"
18.218.199.155 - - [27/Aug/2026:16:52:01 +0200] "GET /contacto HTTP/1.1" 301 162 "-" "Mozilla/5.0 (Windows NT 10.0; Win64; x64) AppleWebKit/537.36 (KHTML, like Gecko) Chrome/146.0.7423.12 Safari/537.36"
18.218.199.155 - - [27/Aug/2026:16:52:04 +0200] "GET /aviso-legal/ HTTP/1.1" 301 162 "-" "Mozilla/5.0 (Windows NT 10.0; Win64; x64) AppleWebKit/537.36 (KHTML, like Gecko) Chrome/146.0.7423.12 Safari/537.36"
93.46.24.112 - - [27/Aug/2026:17:02:05 +0200] "POST /wp-login.php HTTP/1.1" 301 162 "http://grupo-seg.com/wp-login.php" "Mozilla/5.0 (Windows NT 10.0; Win64; x64) AppleWebKit/537.36 (KHTML, like Gecko) Chrome/125.0.0.0 Safari/537.36"
80.28.203.133 - - [27/Aug/2026:17:09:03 +0200] "GET / HTTP/1.1" 301 162 "-" "Mozilla/5.0 (Windows NT 10.0; Win64; x64) AppleWebKit/537.36 (KHTML, like Gecko) Chrome/152.0.0.0 Safari/537.36"
34.78.186.176 - - [27/Aug/2026:17:10:49 +0200] "GET / HTTP/1.1" 301 162 "-" "Mozilla/5.0 (Windows NT 10.0; Win64; x64) AppleWebKit/537.36 (KHTML, like Gecko) Chrome/84.0.4147.105 Safari/537.36"
20.191.45.212 - - [27/Aug/2026:17:14:49 +0200] "GET / HTTP/1.1" 301 162 "-" "DuckDuckBot/1.1; (+http://duckduckgo.com/duckduckbot.html)"
173.252.95.51 - - [27/Aug/2026:17:15:37 +0200] "GET / HTTP/1.1" 301 162 "-" "meta-externalagent/1.1 (+https://developers.facebook.com/docs/sharing/webmasters/crawler)"
93.46.24.112 - - [27/Aug/2026:17:26:17 +0200] "POST /wp-login.php HTTP/1.1" 301 162 "http://grupo-seg.com/wp-login.php" "Mozilla/5.0 (Windows NT 10.0; Win64; x64) AppleWebKit/537.36 (KHTML, like Gecko) Chrome/125.0.0.0 Safari/537.36"
192.178.4.100 - - [27/Aug/2026:17:34:11 +0200] "GET /robots.txt HTTP/1.1" 301 162 "-" "Mozilla/5.0 (compatible; Googlebot/2.1; +http://www.google.com/bot.html)"
192.178.4.100 - - [27/Aug/2026:17:34:13 +0200] "GET / HTTP/1.1" 301 162 "-" "Mozilla/5.0 (Linux; Android 6.0.1; Nexus 5X Build/MMB29P) AppleWebKit/537.36 (KHTML, like Gecko) Chrome/151.0.7922.173 Mobile Safari/537.36 (compatible; Googlebot/2.1; +http://www.google.com/bot.html)"
43.164.3.182 - - [27/Aug/2026:17:42:23 +0200] "GET / HTTP/1.1" 301 162 "-" "Mozilla/5.0 (iPhone; CPU iPhone OS 13_2_3 like Mac OS X) AppleWebKit/605.1.15 (KHTML, like Gecko) Version/13.0.3 Mobile/15E148 Safari/604.1"
13.217.197.71 - - [27/Aug/2026:17:43:36 +0200] "GET /wp-content/plugins/pods/readme.txt HTTP/1.1" 301 162 "-" "Mozilla/5.0 (Macintosh; Intel Mac OS X 10_15_7) AppleWebKit/537.36 (KHTML, like Gecko) Chrome/124.0.0.0 Safari/537.36"
13.217.197.71 - - [27/Aug/2026:17:43:36 +0200] "GET /wp-content/plugins/pods/init.php HTTP/1.1" 301 162 "-" "Mozilla/5.0 (Macintosh; Intel Mac OS X 10_15_7) AppleWebKit/537.36 (KHTML, like Gecko) Chrome/124.0.0.0 Safari/537.36"
66.132.224.232 - - [27/Aug/2026:17:44:13 +0200] "GET / HTTP/1.1" 301 162 "-" "Mozilla/5.0 (compatible; CensysInspect/1.1; +https://about.censys.io/)"
93.46.24.112 - - [27/Aug/2026:17:50:26 +0200] "POST /wp-login.php HTTP/1.1" 301 162 "http://grupo-seg.com/wp-login.php" "Mozilla/5.0 (Windows NT 10.0; Win64; x64) AppleWebKit/537.36 (KHTML, like Gecko) Chrome/125.0.0.0 Safari/537.36"
93.46.24.112 - - [27/Aug/2026:18:14:33 +0200] "POST /wp-login.php HTTP/1.1" 301 162 "http://grupo-seg.com/wp-login.php" "Mozilla/5.0 (Windows NT 10.0; Win64; x64) AppleWebKit/537.36 (KHTML, like Gecko) Chrome/125.0.0.0 Safari/537.36"
216.244.66.239 - - [27/Aug/2026:18:28:53 +0200] "GET /robots.txt HTTP/1.1" 301 162 "-" "Mozilla/5.0 (compatible; DotBot/1.2; +https://opensiteexplorer.org/dotbot; help@moz.com)"
103.85.188.186 - - [27/Aug/2026:18:29:05 +0200] "GET / HTTP/1.1" 301 162 "-" "Mozilla/5.0 (Windows NT 10.0; Win64; x64) AppleWebKit/537.36 (KHTML, like Gecko) Chrome/97.0.4280.67 Safari/537.36 Edg/97.0.664.52"
93.46.24.112 - - [27/Aug/2026:18:38:42 +0200] "POST /wp-login.php HTTP/1.1" 301 162 "http://grupo-seg.com/wp-login.php" "Mozilla/5.0 (Windows NT 10.0; Win64; x64) AppleWebKit/537.36 (KHTML, like Gecko) Chrome/125.0.0.0 Safari/537.36"
93.46.24.112 - - [27/Aug/2026:19:03:32 +0200] "POST /wp-login.php HTTP/1.1" 301 162 "http://grupo-seg.com/wp-login.php" "Mozilla/5.0 (Windows NT 10.0; Win64; x64) AppleWebKit/537.36 (KHTML, like Gecko) Chrome/125.0.0.0 Safari/537.36"
93.46.24.112 - - [27/Aug/2026:19:28:21 +0200] "POST /wp-login.php HTTP/1.1" 301 162 "http://grupo-seg.com/wp-login.php" "Mozilla/5.0 (Windows NT 10.0; Win64; x64) AppleWebKit/537.36 (KHTML, like Gecko) Chrome/125.0.0.0 Safari/537.36"
93.46.24.112 - - [27/Aug/2026:19:53:24 +0200] "POST /wp-login.php HTTP/1.1" 301 162 "http://grupo-seg.com/wp-login.php" "Mozilla/5.0 (Windows NT 10.0; Win64; x64) AppleWebKit/537.36 (KHTML, like Gecko) Chrome/125.0.0.0 Safari/537.36"
54.205.47.14 - - [27/Aug/2026:19:56:52 +0200] "GET / HTTP/1.1" 301 162 "-" "Mozilla/5.0 (Windows NT 10.0; Win64; x64) AppleWebKit/537.36 (KHTML, like Gecko) Chrome/122.0.0.0 Safari/537.36"
93.46.24.112 - - [27/Aug/2026:20:18:51 +0200] "POST /wp-login.php HTTP/1.1" 301 162 "http://grupo-seg.com/wp-login.php" "Mozilla/5.0 (Windows NT 10.0; Win64; x64) AppleWebKit/537.36 (KHTML, like Gecko) Chrome/125.0.0.0 Safari/537.36"
198.235.24.24 - - [27/Aug/2026:20:25:09 +0200] "GET / HTTP/1.1" 301 162 "-" "Hello from Palo Alto Networks, find out more about our scans in https://docs-cortex.paloaltonetworks.com/r/1/Cortex-Xpanse/Scanning-activity"
93.46.24.112 - - [27/Aug/2026:20:43:50 +0200] "POST /wp-login.php HTTP/1.1" 301 162 "http://grupo-seg.com/wp-login.php" "Mozilla/5.0 (Windows NT 10.0; Win64; x64) AppleWebKit/537.36 (KHTML, like Gecko) Chrome/125.0.0.0 Safari/537.36"
93.46.24.112 - - [27/Aug/2026:21:08:56 +0200] "POST /wp-login.php HTTP/1.1" 301 162 "http://grupo-seg.com/wp-login.php" "Mozilla/5.0 (Windows NT 10.0; Win64; x64) AppleWebKit/537.36 (KHTML, like Gecko) Chrome/125.0.0.0 Safari/537.36"
51.68.236.73 - - [27/Aug/2026:21:26:56 +0200] "GET /robots.txt HTTP/1.1" 301 162 "-" "Mozilla/5.0 (compatible; MJ12bot/v2.0.5; http://mj12bot.com/)"
51.68.236.73 - - [27/Aug/2026:21:26:56 +0200] "GET / HTTP/1.1" 301 162 "-" "Mozilla/5.0 (compatible; MJ12bot/v2.0.5; http://mj12bot.com/)"
79.127.252.35 - - [27/Aug/2026:21:32:19 +0200] "GET / HTTP/1.1" 301 162 "-" "Mozilla/5.0 (Windows NT 10.0; Win64; x64; rv:109.0) Gecko/20100101 Firefox/111.0"
93.46.24.112 - - [27/Aug/2026:21:34:05 +0200] "POST /wp-login.php HTTP/1.1" 301 162 "http://grupo-seg.com/wp-login.php" "Mozilla/5.0 (Windows NT 10.0; Win64; x64) AppleWebKit/537.36 (KHTML, like Gecko) Chrome/125.0.0.0 Safari/537.36"
216.244.66.239 - - [27/Aug/2026:21:44:56 +0200] "GET /robots.txt HTTP/1.1" 301 162 "-" "Mozilla/5.0 (compatible; DotBot/1.2; +https://opensiteexplorer.org/dotbot; help@moz.com)"
216.244.66.239 - - [27/Aug/2026:21:44:56 +0200] "GET /robots.txt HTTP/1.1" 301 162 "-" "Mozilla/5.0 (compatible; DotBot/1.2; +https://opensiteexplorer.org/dotbot; help@moz.com)"
93.46.24.112 - - [27/Aug/2026:21:59:15 +0200] "POST /wp-login.php HTTP/1.1" 301 162 "http://grupo-seg.com/wp-login.php" "Mozilla/5.0 (Windows NT 10.0; Win64; x64) AppleWebKit/537.36 (KHTML, like Gecko) Chrome/125.0.0.0 Safari/537.36"
193.183.103.251 - - [27/Aug/2026:22:04:10 +0200] "GET / HTTP/1.1" 301 162 "-" "Mozilla/5.0 (Windows NT 6.3; Win64; x64; rv:109.0) Gecko/20100101 Firefox/115"
48.209.223.128 - - [27/Aug/2026:22:18:37 +0200] "GET / HTTP/1.1" 301 162 "-" "Mozilla/5.0 (Windows NT 10.0; Win64; x64) AppleWebKit/537.36 (KHTML, like Gecko) Chrome/142.0.7444.162 Safari/537.36"
93.46.24.112 - - [27/Aug/2026:22:24:26 +0200] "POST /wp-login.php HTTP/1.1" 301 162 "http://grupo-seg.com/wp-login.php" "Mozilla/5.0 (Windows NT 10.0; Win64; x64) AppleWebKit/537.36 (KHTML, like Gecko) Chrome/125.0.0.0 Safari/537.36"
93.46.24.112 - - [27/Aug/2026:22:49:29 +0200] "POST /wp-login.php HTTP/1.1" 301 162 "http://grupo-seg.com/wp-login.php" "Mozilla/5.0 (Windows NT 10.0; Win64; x64) AppleWebKit/537.36 (KHTML, like Gecko) Chrome/125.0.0.0 Safari/537.36"
118.24.135.34 - - [27/Aug/2026:22:54:36 +0200] "GET / HTTP/1.1" 301 162 "-" "Mozilla/5.0 (iPhone; CPU iPhone OS 13_2_3 like Mac OS X) AppleWebKit/605.1.15 (KHTML, like Gecko) Version/13.0.3 Mobile/15E148 Safari/604.1"
93.46.24.112 - - [27/Aug/2026:23:14:50 +0200] "POST /wp-login.php HTTP/1.1" 301 162 "http://grupo-seg.com/wp-login.php" "Mozilla/5.0 (Windows NT 10.0; Win64; x64) AppleWebKit/537.36 (KHTML, like Gecko) Chrome/125.0.0.0 Safari/537.36"
43.130.32.245 - - [27/Aug/2026:23:28:58 +0200] "GET / HTTP/1.1" 301 162 "-" "Mozilla/5.0 (iPhone; CPU iPhone OS 13_2_3 like Mac OS X) AppleWebKit/605.1.15 (KHTML, like Gecko) Version/13.0.3 Mobile/15E148 Safari/604.1"
195.63.4.115 - - [27/Aug/2026:23:38:32 +0200] "HEAD http://www.grupo-seg.com/ HTTP/1.1" 301 0 "-" "Mozilla/5.0 (Windows 8) AppleWebKit/534.30 (KHTML, like Gecko) Chrome/12.0.742.112 Safari/534.30"
195.178.110.132 - - [27/Aug/2026:23:49:57 +0200] "POST /?rest_route=/batch/v1 HTTP/1.1" 301 162 "-" "Mozilla/5.0 (Windows NT 10.0; Win64; x64) AppleWebKit/537.36 (KHTML, like Gecko) Chrome/120.0.0.0 Safari/537.36"
195.178.110.132 - - [27/Aug/2026:23:49:59 +0200] "POST /index.php?rest_route=/batch/v1 HTTP/1.1" 301 162 "-" "Mozilla/5.0 (Windows NT 10.0; Win64; x64) AppleWebKit/537.36 (KHTML, like Gecko) Chrome/120.0.0.0 Safari/537.36"
195.178.110.132 - - [27/Aug/2026:23:49:59 +0200] "POST /index.php?rest_route=%2Fbatch%2Fv1 HTTP/1.1" 301 162 "-" "Mozilla/5.0 (Windows NT 10.0; Win64; x64) AppleWebKit/537.36 (KHTML, like Gecko) Chrome/120.0.0.0 Safari/537.36"
195.178.110.132 - - [27/Aug/2026:23:50:00 +0200] "POST /?rest_route=%2Fbatch%2Fv1 HTTP/1.1" 301 162 "-" "Mozilla/5.0 (Windows NT 10.0; Win64; x64) AppleWebKit/537.36 (KHTML, like Gecko) Chrome/120.0.0.0 Safari/537.36"
195.178.110.132 - - [27/Aug/2026:23:50:00 +0200] "POST /?rest_route=/batch%2Fv1 HTTP/1.1" 301 162 "-" "Mozilla/5.0 (Windows NT 10.0; Win64; x64) AppleWebKit/537.36 (KHTML, like Gecko) Chrome/120.0.0.0 Safari/537.36"
195.178.110.132 - - [27/Aug/2026:23:50:00 +0200] "POST /?rest_route=/batch/v1 HTTP/1.1" 301 162 "-" "Mozilla/5.0 (Windows NT 10.0; Win64; x64) AppleWebKit/537.36 (KHTML, like Gecko) Chrome/120.0.0.0 Safari/537.36"
195.178.110.132 - - [27/Aug/2026:23:50:00 +0200] "POST /wp-json/batch/v1 HTTP/1.1" 301 162 "-" "Mozilla/5.0 (Windows NT 10.0; Win64; x64) AppleWebKit/537.36 (KHTML, like Gecko) Chrome/120.0.0.0 Safari/537.36"
195.178.110.132 - - [27/Aug/2026:23:50:00 +0200] "POST /wp-json/Batch/v1 HTTP/1.1" 301 162 "-" "Mozilla/5.0 (Windows NT 10.0; Win64; x64) AppleWebKit/537.36 (KHTML, like Gecko) Chrome/120.0.0.0 Safari/537.36"
195.178.110.132 - - [27/Aug/2026:23:50:00 +0200] "POST //wp-json/batch/v1 HTTP/1.1" 301 162 "-" "Mozilla/5.0 (Windows NT 10.0; Win64; x64) AppleWebKit/537.36 (KHTML, like Gecko) Chrome/120.0.0.0 Safari/537.36"
195.178.110.132 - - [27/Aug/2026:23:50:02 +0200] "POST /wp-json/batch/v1/ HTTP/1.1" 301 162 "-" "Mozilla/5.0 (Windows NT 10.0; Win64; x64) AppleWebKit/537.36 (KHTML, like Gecko) Chrome/120.0.0.0 Safari/537.36"
195.178.110.132 - - [27/Aug/2026:23:50:02 +0200] "POST /blog/wp-json/batch/v1 HTTP/1.1" 301 162 "-" "Mozilla/5.0 (Windows NT 10.0; Win64; x64) AppleWebKit/537.36 (KHTML, like Gecko) Chrome/120.0.0.0 Safari/537.36"
195.178.110.132 - - [27/Aug/2026:23:50:03 +0200] "POST /wordpress/wp-json/batch/v1 HTTP/1.1" 301 162 "-" "Mozilla/5.0 (Windows NT 10.0; Win64; x64) AppleWebKit/537.36 (KHTML, like Gecko) Chrome/120.0.0.0 Safari/537.36"
195.178.110.132 - - [27/Aug/2026:23:50:03 +0200] "POST /index.php?rest_route=/batch/v1 HTTP/1.1" 301 162 "http://grupo-seg.com/wp-admin/" "Mozilla/5.0 (Windows NT 10.0; Win64; x64) AppleWebKit/537.36 (KHTML, like Gecko) Chrome/120.0.0.0 Safari/537.36"
195.178.110.132 - - [27/Aug/2026:23:50:03 +0200] "POST /index.php?rest_route=%2Fbatch%2Fv1 HTTP/1.1" 301 162 "http://grupo-seg.com/wp-admin/" "Mozilla/5.0 (Windows NT 10.0; Win64; x64) AppleWebKit/537.36 (KHTML, like Gecko) Chrome/120.0.0.0 Safari/537.36"
195.178.110.132 - - [27/Aug/2026:23:50:03 +0200] "POST /?rest_route=%2Fbatch%2Fv1 HTTP/1.1" 301 162 "http://grupo-seg.com/wp-admin/" "Mozilla/5.0 (Windows NT 10.0; Win64; x64) AppleWebKit/537.36 (KHTML, like Gecko) Chrome/120.0.0.0 Safari/537.36"
195.178.110.132 - - [27/Aug/2026:23:50:03 +0200] "POST /?rest_route=/batch%2Fv1 HTTP/1.1" 301 162 "http://grupo-seg.com/wp-admin/" "Mozilla/5.0 (Windows NT 10.0; Win64; x64) AppleWebKit/537.36 (KHTML, like Gecko) Chrome/120.0.0.0 Safari/537.36"
195.178.110.132 - - [27/Aug/2026:23:50:04 +0200] "POST /?rest_route=/batch/v1 HTTP/1.1" 301 162 "http://grupo-seg.com/wp-admin/" "Mozilla/5.0 (Windows NT 10.0; Win64; x64) AppleWebKit/537.36 (KHTML, like Gecko) Chrome/120.0.0.0 Safari/537.36"
195.178.110.132 - - [27/Aug/2026:23:50:04 +0200] "POST /wp-json/batch/v1 HTTP/1.1" 301 162 "http://grupo-seg.com/wp-admin/" "Mozilla/5.0 (Windows NT 10.0; Win64; x64) AppleWebKit/537.36 (KHTML, like Gecko) Chrome/120.0.0.0 Safari/537.36"
195.178.110.132 - - [27/Aug/2026:23:50:04 +0200] "POST /wp-json/Batch/v1 HTTP/1.1" 301 162 "http://grupo-seg.com/wp-admin/" "Mozilla/5.0 (Windows NT 10.0; Win64; x64) AppleWebKit/537.36 (KHTML, like Gecko) Chrome/120.0.0.0 Safari/537.36"
195.178.110.132 - - [27/Aug/2026:23:50:04 +0200] "POST //wp-json/batch/v1 HTTP/1.1" 301 162 "http://grupo-seg.com/wp-admin/" "Mozilla/5.0 (Windows NT 10.0; Win64; x64) AppleWebKit/537.36 (KHTML, like Gecko) Chrome/120.0.0.0 Safari/537.36"
195.178.110.132 - - [27/Aug/2026:23:50:06 +0200] "POST /wp-json/batch/v1/ HTTP/1.1" 301 162 "http://grupo-seg.com/wp-admin/" "Mozilla/5.0 (Windows NT 10.0; Win64; x64) AppleWebKit/537.36 (KHTML, like Gecko) Chrome/120.0.0.0 Safari/537.36"
195.178.110.132 - - [27/Aug/2026:23:50:06 +0200] "POST /blog/wp-json/batch/v1 HTTP/1.1" 301 162 "http://grupo-seg.com/wp-admin/" "Mozilla/5.0 (Windows NT 10.0; Win64; x64) AppleWebKit/537.36 (KHTML, like Gecko) Chrome/120.0.0.0 Safari/537.36"
195.178.110.132 - - [27/Aug/2026:23:50:07 +0200] "POST /wordpress/wp-json/batch/v1 HTTP/1.1" 301 162 "http://grupo-seg.com/wp-admin/" "Mozilla/5.0 (Windows NT 10.0; Win64; x64) AppleWebKit/537.36 (KHTML, like Gecko) Chrome/120.0.0.0 Safari/537.36"
195.178.110.132 - - [27/Aug/2026:23:50:11 +0200] "POST /index.php?rest_route=/batch/v1 HTTP/1.1" 301 162 "http://grupo-seg.com/wp-admin/" "Mozilla/5.0 (Windows NT 10.0; Win64; x64) AppleWebKit/537.36 (KHTML, like Gecko) Chrome/120.0.0.0 Safari/537.36"
