185.231.154.128 - - [20/Sep/2026:19:26:55 +0200] "GET /contactanos/?chronoform=contacto_espana&event=submit&Nombre=Bnuolopics&Apellidos=&Empresa=&Correo=&Asunto=Romanticality+<a+href%3Dhttps%3A%2F%2F1xbetbonuses.com%2F HTTP/1.1" 301 5821 "https://www.grupo-seg.com/contactanos/?chronoform=contacto_espana&event=submit&Nombre=Bnuolopics&Apellidos=&Empresa=&Correo=&Asunto=Romanticality+<a+href%3Dhttps%3A%2F%2F1xbetbonuses.com%2F" "Mozilla/5.0 (Windows NT 10.0; Win64; x64) AppleWebKit/537.36 (KHTML, like Gecko) Chrome/130.0.0.0 Safari/537.36"
185.231.154.128 - - [20/Sep/2026:19:26:55 +0200] "GET /contactanos/?chronoform=contacto_espana&event=submit&Nombre=Bnuolopics&Apellidos=&Empresa=&Correo=&Asunto=Romanticality+a+href%3Dhttps%3A%2F%2F1xbetbonuses.com%2F HTTP/1.1" 404 97421 "https://grupo-seg.com/contactanos/?chronoform=contacto_espana&event=submit&Nombre=Bnuolopics&Apellidos=&Empresa=&Correo=&Asunto=Romanticality+a+href%3Dhttps%3A%2F%2F1xbetbonuses.com%2F" "Mozilla/5.0 (Windows NT 10.0; Win64; x64) AppleWebKit/537.36 (KHTML, like Gecko) Chrome/130.0.0.0 Safari/537.36"
181.42.198.132 - - [20/Sep/2026:19:26:57 +0200] "POST /wp-content/plugins/litespeed-cache/guest.vary.php HTTP/1.1" 403 6501 "https://grupo-seg.com/en/the-engineering-works-on-the-santiago-batuco-section-are-completed/" "Mozilla/5.0 (Macintosh; Intel Mac OS X 10_15_7) AppleWebKit/537.36 (KHTML, like Gecko) Chrome/153.0.0.0 Safari/537.36"
181.42.198.132 - - [20/Sep/2026:19:27:00 +0200] "GET /wp-content/uploads/2022/12/Imagen8.jpg HTTP/2.0" 200 89767 "https://grupo-seg.com/en/the-engineering-works-on-the-santiago-batuco-section-are-completed/" "Mozilla/5.0 (Macintosh; Intel Mac OS X 10_15_7) AppleWebKit/537.36 (KHTML, like Gecko) Chrome/153.0.0.0 Safari/537.36"
181.42.198.132 - - [20/Sep/2026:19:27:01 +0200] "GET /wp-content/uploads/2022/12/A1T3.jpg HTTP/2.0" 200 449311 "https://grupo-seg.com/en/the-engineering-works-on-the-santiago-batuco-section-are-completed/" "Mozilla/5.0 (Macintosh; Intel Mac OS X 10_15_7) AppleWebKit/537.36 (KHTML, like Gecko) Chrome/153.0.0.0 Safari/537.36"
181.42.198.132 - - [20/Sep/2026:19:27:01 +0200] "GET /wp-content/uploads/2022/12/Post-batuco-santiago4.jpg HTTP/2.0" 200 382658 "https://grupo-seg.com/en/the-engineering-works-on-the-santiago-batuco-section-are-completed/" "Mozilla/5.0 (Macintosh; Intel Mac OS X 10_15_7) AppleWebKit/537.36 (KHTML, like Gecko) Chrome/153.0.0.0 Safari/537.36"
181.42.198.132 - - [20/Sep/2026:19:27:01 +0200] "GET /wp-content/plugins/sitepress-multilingual-cms%207/res/js/cookies/language-cookie.js HTTP/2.0" 200 127 "https://grupo-seg.com/en/the-engineering-works-on-the-santiago-batuco-section-are-completed/" "Mozilla/5.0 (Macintosh; Intel Mac OS X 10_15_7) AppleWebKit/537.36 (KHTML, like Gecko) Chrome/153.0.0.0 Safari/537.36"
181.42.198.132 - - [20/Sep/2026:19:27:01 +0200] "GET /wp-content/uploads/2021/07/SED_logo.png HTTP/2.0" 200 28729 "https://grupo-seg.com/en/the-engineering-works-on-the-santiago-batuco-section-are-completed/" "Mozilla/5.0 (Macintosh; Intel Mac OS X 10_15_7) AppleWebKit/537.36 (KHTML, like Gecko) Chrome/153.0.0.0 Safari/537.36"
89.248.107.232 - - [20/Sep/2026:19:27:01 +0200] "POST /wp-cron.php?doing_wp_cron=1789925220.9624519348144531250000 HTTP/1.1" 200 5512 "-" "WordPress/6.6.2; https://grupo-seg.com"
185.231.154.128 - - [20/Sep/2026:19:27:00 +0200] "GET /contacto/ HTTP/1.1" 200 199540 "https://grupo-seg.com/contacto/" "Mozilla/5.0 (Windows NT 10.0; Win64; x64) AppleWebKit/537.36 (KHTML, like Gecko) Chrome/130.0.0.0 Safari/537.36"
181.42.198.132 - - [20/Sep/2026:19:27:05 +0200] "GET /wp-includes/js/jquery/jquery.min.js HTTP/2.0" 200 29597 "https://grupo-seg.com/en/the-engineering-works-on-the-santiago-batuco-section-are-completed/" "Mozilla/5.0 (Macintosh; Intel Mac OS X 10_15_7) AppleWebKit/537.36 (KHTML, like Gecko) Chrome/153.0.0.0 Safari/537.36"
181.42.198.132 - - [20/Sep/2026:19:27:09 +0200] "GET /wp-content/litespeed/js/12d56326ff276a6fa381461afb0552eb.js?ver=04cf4 HTTP/2.0" 200 147007 "https://grupo-seg.com/en/the-engineering-works-on-the-santiago-batuco-section-are-completed/" "Mozilla/5.0 (Macintosh; Intel Mac OS X 10_15_7) AppleWebKit/537.36 (KHTML, like Gecko) Chrome/153.0.0.0 Safari/537.36"
181.42.198.132 - - [20/Sep/2026:19:27:16 +0200] "GET /wp-content/uploads/2022/12/IMG20221102110753.jpg HTTP/2.0" 200 1916928 "https://grupo-seg.com/en/the-engineering-works-on-the-santiago-batuco-section-are-completed/" "Mozilla/5.0 (Macintosh; Intel Mac OS X 10_15_7) AppleWebKit/537.36 (KHTML, like Gecko) Chrome/153.0.0.0 Safari/537.36"
89.248.107.232 - - [20/Sep/2026:19:33:20 +0200] "POST /wp-cron.php?doing_wp_cron=1789925600.1615259647369384765625 HTTP/1.1" 200 5512 "-" "WordPress/6.6.2; https://grupo-seg.com"
43.130.9.111 - - [20/Sep/2026:19:33:19 +0200] "GET /wp-json/oembed/1.0/embed?url=https%3A%2F%2Fgrupo-seg.com%2Fsobre-nosotros%2F HTTP/1.1" 200 7861 "-" "Mozilla/5.0 (iPhone; CPU iPhone OS 13_2_3 like Mac OS X) AppleWebKit/605.1.15 (KHTML, like Gecko) Version/13.0.3 Mobile/15E148 Safari/604.1"
89.248.107.232 - - [20/Sep/2026:19:33:20 +0200] "POST /wp-admin/admin-ajax.php?action=async_litespeed&nonce=16c258032d&litespeed_type=imgoptm HTTP/1.1" 200 5698 "-" "WordPress/6.6.2; https://grupo-seg.com"
173.252.87.10 - - [20/Sep/2026:19:34:13 +0200] "GET / HTTP/1.1" 301 5612 "-" "meta-externalagent/1.1 (+https://developers.facebook.com/docs/sharing/webmasters/crawler)"
89.248.107.232 - - [20/Sep/2026:19:34:13 +0200] "POST /wp-cron.php?doing_wp_cron=1789925653.5859489440917968750000 HTTP/1.1" 200 5512 "-" "WordPress/6.6.2; https://grupo-seg.com"
173.252.87.10 - - [20/Sep/2026:19:34:13 +0200] "GET /robots.txt HTTP/1.1" 301 5576 "-" "facebookexternalhit/1.1 (+http://www.facebook.com/externalhit_uatext.php)"
89.248.107.232 - - [20/Sep/2026:19:34:14 +0200] "POST /wp-admin/admin-ajax.php?action=async_litespeed&nonce=16c258032d&litespeed_type=imgoptm HTTP/1.1" 200 5698 "-" "WordPress/6.6.2; https://grupo-seg.com"
173.252.87.42 - - [20/Sep/2026:19:34:14 +0200] "GET /robots.txt HTTP/1.1" 200 5679 "-" "facebookexternalhit/1.1 (+http://www.facebook.com/externalhit_uatext.php)"
89.248.107.232 - - [20/Sep/2026:19:35:08 +0200] "POST /wp-cron.php?doing_wp_cron=1789925708.5456190109252929687500 HTTP/1.1" 200 5512 "-" "WordPress/6.6.2; https://grupo-seg.com"
162.120.188.42 - - [20/Sep/2026:19:35:08 +0200] "GET / HTTP/1.1" 200 165847 "https://www.google.com/" "Mozilla/5.0 (Windows NT 10.0; Win64; x64) AppleWebKit/537.36 (KHTML, like Gecko) Chrome/152.0.0.0 Safari/537.36"
89.248.107.232 - - [20/Sep/2026:19:35:09 +0200] "POST /wp-admin/admin-ajax.php?action=async_litespeed&nonce=16c258032d&litespeed_type=imgoptm HTTP/1.1" 200 5698 "-" "WordPress/6.6.2; https://grupo-seg.com"
47.63.209.200 - - [20/Sep/2026:19:35:22 +0200] "POST /wp-content/plugins/litespeed-cache/guest.vary.php HTTP/1.1" 403 6501 "https://grupo-seg.com/" "Mozilla/5.0 (Windows NT 10.0; Win64; x64) AppleWebKit/537.36 (KHTML, like Gecko) Chrome/152.0.0.0 Safari/537.36"
47.63.209.200 - - [20/Sep/2026:19:35:22 +0200] "GET /wp-content/litespeed/css/e39920cfd035054e8d060ade4400a9bc.css?ver=04cf4 HTTP/2.0" 200 114608 "https://grupo-seg.com/" "Mozilla/5.0 (Windows NT 10.0; Win64; x64) AppleWebKit/537.36 (KHTML, like Gecko) Chrome/152.0.0.0 Safari/537.36"
47.63.209.200 - - [20/Sep/2026:19:35:22 +0200] "GET /wp-content/plugins/sitepress-multilingual-cms%207/dist/css/blocks/styles.css HTTP/2.0" 200 6360 "https://grupo-seg.com/" "Mozilla/5.0 (Windows NT 10.0; Win64; x64) AppleWebKit/537.36 (KHTML, like Gecko) Chrome/152.0.0.0 Safari/537.36"
47.63.209.200 - - [20/Sep/2026:19:35:22 +0200] "GET /wp-content/plugins/sitepress-multilingual-cms%207/templates/language-switchers/legacy-list-horizontal/style.min.css HTTP/2.0" 200 236 "https://grupo-seg.com/" "Mozilla/5.0 (Windows NT 10.0; Win64; x64) AppleWebKit/537.36 (KHTML, like Gecko) Chrome/152.0.0.0 Safari/537.36"
47.63.209.200 - - [20/Sep/2026:19:35:22 +0200] "GET /wp-content/plugins/sitepress-multilingual-cms%207/templates/language-switchers/menu-item/style.min.css HTTP/2.0" 200 100 "https://grupo-seg.com/" "Mozilla/5.0 (Windows NT 10.0; Win64; x64) AppleWebKit/537.36 (KHTML, like Gecko) Chrome/152.0.0.0 Safari/537.36"
47.63.209.200 - - [20/Sep/2026:19:35:22 +0200] "GET /wp-content/themes/salient/css/build/style-non-critical.css HTTP/2.0" 200 4553 "https://grupo-seg.com/" "Mozilla/5.0 (Windows NT 10.0; Win64; x64) AppleWebKit/537.36 (KHTML, like Gecko) Chrome/152.0.0.0 Safari/537.36"
47.63.209.200 - - [20/Sep/2026:19:35:22 +0200] "GET /wp-content/uploads/2021/07/SED_logo_blanco_retina-1.png HTTP/2.0" 200 60381 "https://grupo-seg.com/" "Mozilla/5.0 (Windows NT 10.0; Win64; x64) AppleWebKit/537.36 (KHTML, like Gecko) Chrome/152.0.0.0 Safari/537.36"
47.63.209.200 - - [20/Sep/2026:19:35:22 +0200] "GET /wp-content/uploads/2021/07/SED_logo_retina-1.png HTTP/2.0" 200 65442 "https://grupo-seg.com/" "Mozilla/5.0 (Windows NT 10.0; Win64; x64) AppleWebKit/537.36 (KHTML, like Gecko) Chrome/152.0.0.0 Safari/537.36"
47.63.209.200 - - [20/Sep/2026:19:35:22 +0200] "GET /wp-content/uploads/2022/09/SEG_Quotes_Team-64.jpg HTTP/2.0" 200 170765 "https://grupo-seg.com/" "Mozilla/5.0 (Windows NT 10.0; Win64; x64) AppleWebKit/537.36 (KHTML, like Gecko) Chrome/152.0.0.0 Safari/537.36"
47.63.209.200 - - [20/Sep/2026:19:35:22 +0200] "GET /wp-content/themes/salient/css/build/plugins/jquery.fancybox.css HTTP/2.0" 200 3131 "https://grupo-seg.com/" "Mozilla/5.0 (Windows NT 10.0; Win64; x64) AppleWebKit/537.36 (KHTML, like Gecko) Chrome/152.0.0.0 Safari/537.36"
47.63.209.200 - - [20/Sep/2026:19:35:22 +0200] "GET /wp-content/themes/salient/css/build/off-canvas/core.css HTTP/2.0" 200 3164 "https://grupo-seg.com/" "Mozilla/5.0 (Windows NT 10.0; Win64; x64) AppleWebKit/537.36 (KHTML, like Gecko) Chrome/152.0.0.0 Safari/537.36"
47.63.209.200 - - [20/Sep/2026:19:35:22 +0200] "GET /wp-content/themes/salient/css/build/off-canvas/fullscreen-legacy.css HTTP/2.0" 200 1425 "https://grupo-seg.com/" "Mozilla/5.0 (Windows NT 10.0; Win64; x64) AppleWebKit/537.36 (KHTML, like Gecko) Chrome/152.0.0.0 Safari/537.36"
47.63.209.200 - - [20/Sep/2026:19:35:22 +0200] "GET /wp-content/uploads/2022/12/SEG_Icon_Next-Section.png HTTP/2.0" 200 1337 "https://grupo-seg.com/" "Mozilla/5.0 (Windows NT 10.0; Win64; x64) AppleWebKit/537.36 (KHTML, like Gecko) Chrome/152.0.0.0 Safari/537.36"
47.63.209.200 - - [20/Sep/2026:19:35:22 +0200] "GET /wp-content/uploads/2021/07/SED_logo-1.png HTTP/2.0" 200 28729 "https://grupo-seg.com/" "Mozilla/5.0 (Windows NT 10.0; Win64; x64) AppleWebKit/537.36 (KHTML, like Gecko) Chrome/152.0.0.0 Safari/537.36"
47.63.209.200 - - [20/Sep/2026:19:35:22 +0200] "GET /wp-content/uploads/2021/07/SED_logo_blanco-1.png HTTP/2.0" 200 26352 "https://grupo-seg.com/" "Mozilla/5.0 (Windows NT 10.0; Win64; x64) AppleWebKit/537.36 (KHTML, like Gecko) Chrome/152.0.0.0 Safari/537.36"
47.63.209.200 - - [20/Sep/2026:19:35:22 +0200] "GET /wp-content/uploads/2022/09/SEG_Quotes_00_A.png HTTP/2.0" 200 7694 "https://grupo-seg.com/" "Mozilla/5.0 (Windows NT 10.0; Win64; x64) AppleWebKit/537.36 (KHTML, like Gecko) Chrome/152.0.0.0 Safari/537.36"
47.63.209.200 - - [20/Sep/2026:19:35:22 +0200] "GET /wp-content/uploads/2021/07/SEG_Video_Portada_low-1.mp4 HTTP/2.0" 206 4325376 "https://grupo-seg.com/" "Mozilla/5.0 (Windows NT 10.0; Win64; x64) AppleWebKit/537.36 (KHTML, like Gecko) Chrome/152.0.0.0 Safari/537.36"
47.63.209.200 - - [20/Sep/2026:19:35:22 +0200] "GET /wp-content/uploads/useanyfont/3503Graphik-Regular.woff2 HTTP/2.0" 200 34332 "https://grupo-seg.com/wp-content/litespeed/css/e39920cfd035054e8d060ade4400a9bc.css?ver=04cf4" "Mozilla/5.0 (Windows NT 10.0; Win64; x64) AppleWebKit/537.36 (KHTML, like Gecko) Chrome/152.0.0.0 Safari/537.36"
47.63.209.200 - - [20/Sep/2026:19:35:22 +0200] "GET /wp-content/themes/salient/css/fonts/icomoon.woff?v=1.3 HTTP/2.0" 200 21132 "https://grupo-seg.com/wp-content/litespeed/css/e39920cfd035054e8d060ade4400a9bc.css?ver=04cf4" "Mozilla/5.0 (Windows NT 10.0; Win64; x64) AppleWebKit/537.36 (KHTML, like Gecko) Chrome/152.0.0.0 Safari/537.36"
47.63.209.200 - - [20/Sep/2026:19:35:22 +0200] "GET /wp-content/uploads/useanyfont/3325Graphik-Medium.woff2 HTTP/2.0" 200 37020 "https://grupo-seg.com/wp-content/litespeed/css/e39920cfd035054e8d060ade4400a9bc.css?ver=04cf4" "Mozilla/5.0 (Windows NT 10.0; Win64; x64) AppleWebKit/537.36 (KHTML, like Gecko) Chrome/152.0.0.0 Safari/537.36"
47.63.209.200 - - [20/Sep/2026:19:35:22 +0200] "GET /wp-content/uploads/useanyfont/9325Graphik-Semibold.woff2 HTTP/2.0" 200 37036 "https://grupo-seg.com/wp-content/litespeed/css/e39920cfd035054e8d060ade4400a9bc.css?ver=04cf4" "Mozilla/5.0 (Windows NT 10.0; Win64; x64) AppleWebKit/537.36 (KHTML, like Gecko) Chrome/152.0.0.0 Safari/537.36"
47.63.209.200 - - [20/Sep/2026:19:35:22 +0200] "GET /wp-content/uploads/2022/11/SEG_Paises_Portada.jpg HTTP/2.0" 200 147795 "https://grupo-seg.com/" "Mozilla/5.0 (Windows NT 10.0; Win64; x64) AppleWebKit/537.36 (KHTML, like Gecko) Chrome/152.0.0.0 Safari/537.36"
47.63.209.200 - - [20/Sep/2026:19:35:22 +0200] "GET /wp-content/uploads/2021/07/SEG_Video_Portada_low-1.mp4 HTTP/2.0" 206 196608 "https://grupo-seg.com/" "Mozilla/5.0 (Windows NT 10.0; Win64; x64) AppleWebKit/537.36 (KHTML, like Gecko) Chrome/152.0.0.0 Safari/537.36"
47.63.209.200 - - [20/Sep/2026:19:35:22 +0200] "GET /wp-content/uploads/2021/10/SEG_Portfolio_Header_Transporte.jpg HTTP/2.0" 200 1360521 "https://grupo-seg.com/" "Mozilla/5.0 (Windows NT 10.0; Win64; x64) AppleWebKit/537.36 (KHTML, like Gecko) Chrome/152.0.0.0 Safari/537.36"
47.63.209.200 - - [20/Sep/2026:19:35:22 +0200] "GET /wp-content/uploads/2021/07/SEG_Video_Portada_low-1.mp4 HTTP/2.0" 206 75199 "https://grupo-seg.com/" "Mozilla/5.0 (Windows NT 10.0; Win64; x64) AppleWebKit/537.36 (KHTML, like Gecko) Chrome/152.0.0.0 Safari/537.36"
47.63.209.200 - - [20/Sep/2026:19:35:22 +0200] "GET /wp-content/uploads/2021/09/SEG_Servicios_portada-2.jpg HTTP/2.0" 200 1340324 "https://grupo-seg.com/" "Mozilla/5.0 (Windows NT 10.0; Win64; x64) AppleWebKit/537.36 (KHTML, like Gecko) Chrome/152.0.0.0 Safari/537.36"
47.63.209.200 - - [20/Sep/2026:19:35:22 +0200] "GET /wp-content/uploads/2021/09/SEG_Quienessomos_02b.jpg HTTP/2.0" 200 1152169 "https://grupo-seg.com/" "Mozilla/5.0 (Windows NT 10.0; Win64; x64) AppleWebKit/537.36 (KHTML, like Gecko) Chrome/152.0.0.0 Safari/537.36"
47.63.209.200 - - [20/Sep/2026:19:35:23 +0200] "GET /wp-content/uploads/2021/07/cropped-SED_FAV-32x32.png HTTP/2.0" 200 199 "https://grupo-seg.com/" "Mozilla/5.0 (Windows NT 10.0; Win64; x64) AppleWebKit/537.36 (KHTML, like Gecko) Chrome/152.0.0.0 Safari/537.36"
47.63.209.200 - - [20/Sep/2026:19:35:23 +0200] "GET /wp-content/plugins/sitepress-multilingual-cms%207/res/js/cookies/language-cookie.js HTTP/2.0" 200 127 "https://grupo-seg.com/" "Mozilla/5.0 (Windows NT 10.0; Win64; x64) AppleWebKit/537.36 (KHTML, like Gecko) Chrome/152.0.0.0 Safari/537.36"
47.63.209.200 - - [20/Sep/2026:19:35:23 +0200] "GET /wp-includes/js/jquery/jquery.min.js HTTP/2.0" 200 29597 "https://grupo-seg.com/" "Mozilla/5.0 (Windows NT 10.0; Win64; x64) AppleWebKit/537.36 (KHTML, like Gecko) Chrome/152.0.0.0 Safari/537.36"
47.63.209.200 - - [20/Sep/2026:19:35:23 +0200] "GET /wp-content/litespeed/js/6d6320907ddc3a1971a904f89423d12d.js?ver=04cf4 HTTP/2.0" 200 158605 "https://grupo-seg.com/" "Mozilla/5.0 (Windows NT 10.0; Win64; x64) AppleWebKit/537.36 (KHTML, like Gecko) Chrome/152.0.0.0 Safari/537.36"
47.63.209.200 - - [20/Sep/2026:19:35:25 +0200] "GET /wp-content/uploads/2021/07/SED_logo.png HTTP/2.0" 200 28729 "https://grupo-seg.com/" "Mozilla/5.0 (Windows NT 10.0; Win64; x64) AppleWebKit/537.36 (KHTML, like Gecko) Chrome/152.0.0.0 Safari/537.36"
47.63.209.200 - - [20/Sep/2026:19:35:46 +0200] "GET /wp-content/uploads/2021/07/SEG_Video_Portada_low-1.mp4 HTTP/2.0" 206 2949120 "https://grupo-seg.com/" "Mozilla/5.0 (Windows NT 10.0; Win64; x64) AppleWebKit/537.36 (KHTML, like Gecko) Chrome/152.0.0.0 Safari/537.36"
47.63.209.200 - - [20/Sep/2026:19:35:46 +0200] "GET /wp-content/uploads/2021/07/SEG_Video_Portada_low-1.mp4 HTTP/2.0" 206 75199 "https://grupo-seg.com/" "Mozilla/5.0 (Windows NT 10.0; Win64; x64) AppleWebKit/537.36 (KHTML, like Gecko) Chrome/152.0.0.0 Safari/537.36"
47.63.209.200 - - [20/Sep/2026:19:35:46 +0200] "POST /wp-content/plugins/litespeed-cache/guest.vary.php HTTP/1.1" 403 6501 "https://grupo-seg.com/" "Mozilla/5.0 (Windows NT 10.0; Win64; x64) AppleWebKit/537.36 (KHTML, like Gecko) Chrome/152.0.0.0 Safari/537.36"
47.63.209.200 - - [20/Sep/2026:19:35:47 +0200] "GET /wp-content/uploads/2021/07/SEG_Video_Portada_low-1.mp4 HTTP/2.0" 206 3047424 "https://grupo-seg.com/" "Mozilla/5.0 (Windows NT 10.0; Win64; x64) AppleWebKit/537.36 (KHTML, like Gecko) Chrome/152.0.0.0 Safari/537.36"
47.63.209.200 - - [20/Sep/2026:19:35:47 +0200] "GET /wp-content/uploads/2022/09/SEG_Menu_Img_03B-1024x638.jpg HTTP/2.0" 200 83505 "https://grupo-seg.com/" "Mozilla/5.0 (Windows NT 10.0; Win64; x64) AppleWebKit/537.36 (KHTML, like Gecko) Chrome/152.0.0.0 Safari/537.36"
47.63.209.200 - - [20/Sep/2026:19:35:47 +0200] "GET /wp-content/uploads/2022/12/SEG_Servicios_menu-1024x638.jpg HTTP/2.0" 200 89376 "https://grupo-seg.com/" "Mozilla/5.0 (Windows NT 10.0; Win64; x64) AppleWebKit/537.36 (KHTML, like Gecko) Chrome/152.0.0.0 Safari/537.36"
47.63.209.200 - - [20/Sep/2026:19:35:48 +0200] "GET /wp-content/uploads/2022/09/SEG_Menu_Img_01.jpg HTTP/2.0" 200 305618 "https://grupo-seg.com/" "Mozilla/5.0 (Windows NT 10.0; Win64; x64) AppleWebKit/537.36 (KHTML, like Gecko) Chrome/152.0.0.0 Safari/537.36"
47.63.209.200 - - [20/Sep/2026:19:35:52 +0200] "GET /wp-content/uploads/2021/07/SEG_Video_Portada_low-1.mp4 HTTP/2.0" 206 15744916 "https://grupo-seg.com/" "Mozilla/5.0 (Windows NT 10.0; Win64; x64) AppleWebKit/537.36 (KHTML, like Gecko) Chrome/152.0.0.0 Safari/537.36"
89.248.107.232 - - [20/Sep/2026:19:36:27 +0200] "POST /wp-cron.php?doing_wp_cron=1789925787.5985610485076904296875 HTTP/1.1" 200 5512 "-" "WordPress/6.6.2; https://grupo-seg.com/en/"
220.181.108.114 - - [20/Sep/2026:19:36:27 +0200] "GET /en/wp-json/oembed/1.0/embed?url=https%3A%2F%2Fgrupo-seg.com%2Fen%2F&format=xml HTTP/1.1" 200 7985 "-" "Mozilla/5.0 (compatible; Baiduspider/2.0; +http://www.baidu.com/search/spider.html)"
89.248.107.232 - - [20/Sep/2026:19:36:28 +0200] "POST /wp-admin/admin-ajax.php?action=async_litespeed&nonce=16c258032d&litespeed_type=imgoptm HTTP/1.1" 200 5698 "-" "WordPress/6.6.2; https://grupo-seg.com"
34.78.184.176 - - [20/Sep/2026:19:36:28 +0200] "GET / HTTP/1.1" 301 5612 "-" "Mozilla/5.0 (Windows NT 10.0; Win64; x64) AppleWebKit/537.36 (KHTML, like Gecko) Chrome/84.0.4147.105 Safari/537.36"
34.78.184.176 - - [20/Sep/2026:19:36:35 +0200] "GET / HTTP/1.1" 200 165817 "-" "Mozilla/5.0 (Windows NT 10.0; Win64; x64) AppleWebKit/537.36 (KHTML, like Gecko) Chrome/84.0.4147.105 Safari/537.36"
89.248.107.232 - - [20/Sep/2026:19:37:07 +0200] "POST /wp-cron.php?doing_wp_cron=1789925827.7206718921661376953125 HTTP/1.1" 200 5512 "-" "WordPress/6.6.2; https://grupo-seg.com"
167.99.178.255 - - [20/Sep/2026:19:37:07 +0200] "HEAD /new/ HTTP/1.1" 301 5644 "http://alben4000.com/new/" "Mozilla/5.0 (Windows NT 11.0; Win64; x64) AppleWebKit/537.36 (KHTML, like Gecko) Chrome/128.0.6540.18 Safari/537.36"
167.99.178.255 - - [20/Sep/2026:19:37:08 +0200] "HEAD /new/ HTTP/1.1" 404 5625 "https://www.grupo-seg.com/new/" "Mozilla/5.0 (Windows NT 11.0; Win64; x64) AppleWebKit/537.36 (KHTML, like Gecko) Chrome/128.0.6540.18 Safari/537.36"
167.99.178.255 - - [20/Sep/2026:19:37:08 +0200] "HEAD / HTTP/1.1" 301 5593 "http://alben4000.com/" "Mozilla/5.0 (iPhone; CPU iPhone OS 16_7 like Mac OS X) AppleWebKit/605.1.15 (KHTML, like Gecko) Version/16.7 Mobile/15E148 Safari/604.1"
167.99.178.255 - - [20/Sep/2026:19:37:09 +0200] "HEAD / HTTP/1.1" 200 5715 "https://www.grupo-seg.com/" "Mozilla/5.0 (iPhone; CPU iPhone OS 16_7 like Mac OS X) AppleWebKit/605.1.15 (KHTML, like Gecko) Version/16.7 Mobile/15E148 Safari/604.1"
167.99.178.255 - - [20/Sep/2026:19:37:10 +0200] "HEAD /wordpress/ HTTP/1.1" 301 5650 "http://alben4000.com/wordpress/" "Mozilla/5.0 (Linux; Android 12; Redmi Note 11) AppleWebKit/537.36 (KHTML, like Gecko) Chrome/123.0.6312.112 Mobile Safari/537.36"
167.99.178.255 - - [20/Sep/2026:19:37:10 +0200] "HEAD /wordpress/ HTTP/1.1" 404 5625 "https://www.grupo-seg.com/wordpress/" "Mozilla/5.0 (Linux; Android 12; Redmi Note 11) AppleWebKit/537.36 (KHTML, like Gecko) Chrome/123.0.6312.112 Mobile Safari/537.36"
167.99.178.255 - - [20/Sep/2026:19:37:11 +0200] "HEAD /old/ HTTP/1.1" 301 5644 "http://alben4000.com/old/" "Mozilla/5.0 (Macintosh; Intel Mac OS X 13_5) AppleWebKit/605.1.15 (KHTML, like Gecko) Version/16.5 Safari/605.1.15"
167.99.178.255 - - [20/Sep/2026:19:37:11 +0200] "HEAD /old/ HTTP/1.1" 404 5625 "https://www.grupo-seg.com/old/" "Mozilla/5.0 (Macintosh; Intel Mac OS X 13_5) AppleWebKit/605.1.15 (KHTML, like Gecko) Version/16.5 Safari/605.1.15"
167.99.178.255 - - [20/Sep/2026:19:37:12 +0200] "HEAD /blog/ HTTP/1.1" 301 5645 "http://alben4000.com/blog/" "Mozilla/5.0 (Windows NT 10.0; Win64; x64) AppleWebKit/537.36 (KHTML, like Gecko) Chrome/126.0.6478.70 Safari/537.36 Vivaldi/6.7.3200.25"
167.99.178.255 - - [20/Sep/2026:19:37:13 +0200] "HEAD /blog/ HTTP/1.1" 404 5625 "https://www.grupo-seg.com/blog/" "Mozilla/5.0 (Windows NT 10.0; Win64; x64) AppleWebKit/537.36 (KHTML, like Gecko) Chrome/126.0.6478.70 Safari/537.36 Vivaldi/6.7.3200.25"
167.99.178.255 - - [20/Sep/2026:19:37:13 +0200] "HEAD /backup/ HTTP/1.1" 301 5647 "http://alben4000.com/backup/" "Mozilla/5.0 (Macintosh; Intel Mac OS X 14_5) AppleWebKit/605.1.15 (KHTML, like Gecko) Version/17.5 Safari/605.1.15"
167.99.178.255 - - [20/Sep/2026:19:37:14 +0200] "HEAD /backup/ HTTP/1.1" 404 5625 "https://www.grupo-seg.com/backup/" "Mozilla/5.0 (Macintosh; Intel Mac OS X 14_5) AppleWebKit/605.1.15 (KHTML, like Gecko) Version/17.5 Safari/605.1.15"
167.99.178.255 - - [20/Sep/2026:19:37:14 +0200] "HEAD /wp/ HTTP/1.1" 301 5643 "http://alben4000.com/wp/" "Mozilla/5.0 (Macintosh; Intel Mac OS X 14_5) AppleWebKit/605.1.15 (KHTML, like Gecko) Version/17.5 Safari/605.1.15"
167.99.178.255 - - [20/Sep/2026:19:37:15 +0200] "HEAD /wp/ HTTP/1.1" 404 5625 "https://www.grupo-seg.com/wp/" "Mozilla/5.0 (Macintosh; Intel Mac OS X 14_5) AppleWebKit/605.1.15 (KHTML, like Gecko) Version/17.5 Safari/605.1.15"
89.248.107.232 - - [20/Sep/2026:19:38:32 +0200] "POST /wp-cron.php?doing_wp_cron=1789925912.3610789775848388671875 HTTP/1.1" 200 5512 "-" "WordPress/6.6.2; https://grupo-seg.com"
52.167.144.150 - - [20/Sep/2026:19:38:31 +0200] "GET /ahcd204847idstt/mepsois HTTP/1.1" 301 5682 "-" "Mozilla/5.0 AppleWebKit/537.36 (KHTML, like Gecko; compatible; bingbot/2.0; +http://www.bing.com/bingbot.htm) Chrome/116.0.1938.76 Safari/537.36"
173.239.240.234 - - [20/Sep/2026:19:38:31 +0200] "POST /wp-login.php HTTP/1.1" 503 25298 "-" "Mozilla/5.0 (Windows NT 10.0; Win64; rv:143.0) Gecko/20100101 Firefox/143.0"
89.248.107.232 - - [20/Sep/2026:19:38:33 +0200] "POST /wp-admin/admin-ajax.php?action=async_litespeed&nonce=16c258032d&litespeed_type=imgoptm HTTP/1.1" 200 5698 "-" "WordPress/6.6.2; https://grupo-seg.com"
89.248.107.232 - - [20/Sep/2026:19:38:50 +0200] "POST /wp-cron.php?doing_wp_cron=1789925930.2331309318542480468750 HTTP/1.1" 200 5512 "-" "WordPress/6.6.2; https://grupo-seg.com"
40.77.167.40 - - [20/Sep/2026:19:38:49 +0200] "GET /rmsy229021ostmd/iiestps.htm HTTP/1.1" 404 97436 "-" "Mozilla/5.0 AppleWebKit/537.36 (KHTML, like Gecko; compatible; bingbot/2.0; +http://www.bing.com/bingbot.htm) Chrome/116.0.1938.76 Safari/537.36"
34.236.135.14 - - [20/Sep/2026:19:38:52 +0200] "GET /informacion-general/ HTTP/1.1" 200 120017 "-" "Mozilla/5.0 AppleWebKit/537.36 (KHTML, like Gecko; compatible; Amazonbot/0.1; +https://developer.amazon.com/support/amazonbot) Chrome/119.0.6045.214 Safari/537.36"
89.248.107.232 - - [20/Sep/2026:19:38:56 +0200] "POST /wp-cron.php?doing_wp_cron=1789925936.6476049423217773437500 HTTP/1.1" 200 5512 "-" "WordPress/6.6.2; https://grupo-seg.com"
190.26.9.23 - - [20/Sep/2026:19:38:56 +0200] "POST /AutoDiscover/autodiscover.xml HTTP/1.1" 404 92217 "-" "Microsoft Office/16.0 (Windows NT 10.0; Microsoft Excel 16.0.15330; Pro)"
100.28.44.58 - - [20/Sep/2026:19:38:56 +0200] "GET /en/project-type/%C2%B7-various/ HTTP/1.1" 200 116876 "-" "Mozilla/5.0 AppleWebKit/537.36 (KHTML, like Gecko; compatible; Amazonbot/0.1; +https://developer.amazon.com/support/amazonbot) Chrome/119.0.6045.214 Safari/537.36"
89.248.107.232 - - [20/Sep/2026:19:40:11 +0200] "POST /wp-cron.php?doing_wp_cron=1789926011.5584280490875244140625 HTTP/1.1" 200 5512 "-" "WordPress/6.6.2; https://grupo-seg.com"
52.167.144.199 - - [20/Sep/2026:19:40:11 +0200] "GET /abqk1856985od97s480215t6p3si.htm HTTP/1.1" 404 97421 "-" "Mozilla/5.0 AppleWebKit/537.36 (KHTML, like Gecko; compatible; bingbot/2.0; +http://www.bing.com/bingbot.htm) Chrome/116.0.1938.76 Safari/537.36"
89.248.107.232 - - [20/Sep/2026:19:40:12 +0200] "POST /wp-admin/admin-ajax.php?action=async_litespeed&nonce=16c258032d&litespeed_type=imgoptm HTTP/1.1" 200 5698 "-" "WordPress/6.6.2; https://grupo-seg.com"
89.248.107.232 - - [20/Sep/2026:19:40:51 +0200] "POST /wp-cron.php?doing_wp_cron=1789926051.5503020286560058593750 HTTP/1.1" 200 5512 "-" "WordPress/6.6.2; https://grupo-seg.com"
52.167.144.147 - - [20/Sep/2026:19:40:51 +0200] "GET /boml304071megidotoidss.htm HTTP/1.1" 404 97436 "-" "Mozilla/5.0 AppleWebKit/537.36 (KHTML, like Gecko; compatible; bingbot/2.0; +http://www.bing.com/bingbot.htm) Chrome/116.0.1938.76 Safari/537.36"
89.248.107.232 - - [20/Sep/2026:19:40:52 +0200] "POST /wp-admin/admin-ajax.php?action=async_litespeed&nonce=16c258032d&litespeed_type=imgoptm HTTP/1.1" 200 5698 "-" "WordPress/6.6.2; https://grupo-seg.com"
89.248.107.232 - - [20/Sep/2026:19:42:13 +0200] "POST /wp-cron.php?doing_wp_cron=1789926133.8055529594421386718750 HTTP/1.1" 200 5512 "-" "WordPress/6.6.2; https://grupo-seg.com"
52.167.144.150 - - [20/Sep/2026:19:42:13 +0200] "GET /ymioclassarfy/107 HTTP/1.1" 301 5676 "-" "Mozilla/5.0 AppleWebKit/537.36 (KHTML, like Gecko; compatible; bingbot/2.0; +http://www.bing.com/bingbot.htm) Chrome/116.0.1938.76 Safari/537.36"
89.248.107.232 - - [20/Sep/2026:19:42:14 +0200] "POST /wp-admin/admin-ajax.php?action=async_litespeed&nonce=16c258032d&litespeed_type=imgoptm HTTP/1.1" 200 5698 "-" "WordPress/6.6.2; https://grupo-seg.com"
89.248.107.232 - - [20/Sep/2026:19:43:19 +0200] "POST /wp-cron.php?doing_wp_cron=1789926199.7482221126556396484375 HTTP/1.1" 200 5512 "-" "WordPress/6.6.2; https://grupo-seg.com"
77.133.40.146 - - [20/Sep/2026:19:43:19 +0200] "GET /supervision-de-la-obra-de-la-reparacion-definitiva-de-la-bocatoma-del-sistema-huachipa HTTP/1.1" 301 5645 "https://grupo-seg.com/" "Mozilla/5.0 (Windows NT 6.2; Win64; x64) AppleWebKit/537.36 (KHTML, like Gecko) Chrome/70.0.3443.185 Safari/537.36"
89.248.107.232 - - [20/Sep/2026:19:43:20 +0200] "POST /wp-admin/admin-ajax.php?action=async_litespeed&nonce=16c258032d&litespeed_type=imgoptm HTTP/1.1" 200 5698 "-" "WordPress/6.6.2; https://grupo-seg.com"
77.133.40.146 - - [20/Sep/2026:19:43:20 +0200] "GET /portfolio/supervision-de-la-obra-de-la-reparacion-definitiva-de-la-bocatoma-del-sistema-huachipa/ HTTP/1.1" 200 117249 "https://grupo-seg.com/" "Mozilla/5.0 (Windows NT 6.2; Win64; x64) AppleWebKit/537.36 (KHTML, like Gecko) Chrome/70.0.3443.185 Safari/537.36"
95.23.253.20 - - [20/Sep/2026:19:43:23 +0200] "GET /wp-content/uploads/2023/06/SEG_Proyectos_Aeropuertos_Dest_12.jpg HTTP/2.0" 200 75419 "https://www.bing.com/" "Mozilla/5.0 (Windows NT 10.0; Win64; x64) AppleWebKit/537.36 (KHTML, like Gecko) Chrome/153.0.0.0 Safari/537.36 Edg/153.0.0.0"
89.248.107.232 - - [20/Sep/2026:19:44:20 +0200] "POST /wp-cron.php?doing_wp_cron=1789926260.3490710258483886718750 HTTP/1.1" 200 5512 "-" "WordPress/6.6.2; https://grupo-seg.com"
104.207.61.237 - - [20/Sep/2026:19:44:19 +0200] "GET / HTTP/1.1" 200 165847 "-" "Mozilla/5.0 (Windows NT 10.0; Win64; x64) AppleWebKit/537.36 (KHTML, like Gecko) Chrome/126.0.0.0 Safari/537.36"
89.248.107.232 - - [20/Sep/2026:19:44:21 +0200] "POST /wp-admin/admin-ajax.php?action=async_litespeed&nonce=16c258032d&litespeed_type=imgoptm HTTP/1.1" 200 5698 "-" "WordPress/6.6.2; https://grupo-seg.com"
89.248.107.232 - - [20/Sep/2026:19:44:42 +0200] "POST /wp-cron.php?doing_wp_cron=1789926282.4639821052551269531250 HTTP/1.1" 200 5512 "-" "WordPress/6.6.2; https://grupo-seg.com"
43.162.95.192 - - [20/Sep/2026:19:44:42 +0200] "GET /paises/bolivia/ HTTP/1.1" 200 156670 "-" "Mozilla/5.0 (iPhone; CPU iPhone OS 13_2_3 like Mac OS X) AppleWebKit/605.1.15 (KHTML, like Gecko) Version/13.0.3 Mobile/15E148 Safari/604.1"
89.248.107.232 - - [20/Sep/2026:19:44:43 +0200] "POST /wp-admin/admin-ajax.php?action=async_litespeed&nonce=16c258032d&litespeed_type=imgoptm HTTP/1.1" 200 5698 "-" "WordPress/6.6.2; https://grupo-seg.com"
89.248.107.232 - - [20/Sep/2026:19:44:58 +0200] "POST /wp-cron.php?doing_wp_cron=1789926298.4698920249938964843750 HTTP/1.1" 200 5512 "-" "WordPress/6.6.2; https://grupo-seg.com"
52.167.144.147 - - [20/Sep/2026:19:44:58 +0200] "GET /bentsuburakuenbu/ HTTP/1.1" 404 97436 "-" "Mozilla/5.0 AppleWebKit/537.36 (KHTML, like Gecko; compatible; bingbot/2.0; +http://www.bing.com/bingbot.htm) Chrome/116.0.1938.76 Safari/537.36"
89.248.107.232 - - [20/Sep/2026:19:45:32 +0200] "POST /wp-cron.php?doing_wp_cron=1789926332.2993419170379638671875 HTTP/1.1" 200 5512 "-" "WordPress/6.6.2; https://grupo-seg.com"
52.167.144.169 - - [20/Sep/2026:19:45:31 +0200] "GET /irve1425007esiip/empleo.html HTTP/1.1" 404 97436 "-" "Mozilla/5.0 AppleWebKit/537.36 (KHTML, like Gecko; compatible; bingbot/2.0; +http://www.bing.com/bingbot.htm) Chrome/116.0.1938.76 Safari/537.36"
89.248.107.232 - - [20/Sep/2026:19:45:33 +0200] "POST /wp-admin/admin-ajax.php?action=async_litespeed&nonce=16c258032d&litespeed_type=imgoptm HTTP/1.1" 200 5698 "-" "WordPress/6.6.2; https://grupo-seg.com"
89.248.107.232 - - [20/Sep/2026:19:46:07 +0200] "POST /wp-cron.php?doing_wp_cron=1789926367.5637509822845458984375 HTTP/1.1" 200 5512 "-" "WordPress/6.6.2; https://grupo-seg.com"
52.167.144.23 - - [20/Sep/2026:19:46:07 +0200] "GET /xylenol56-sy5klyuu.html HTTP/1.1" 404 97421 "-" "Mozilla/5.0 AppleWebKit/537.36 (KHTML, like Gecko; compatible; bingbot/2.0; +http://www.bing.com/bingbot.htm) Chrome/116.0.1938.76 Safari/537.36"
52.167.144.169 - - [20/Sep/2026:19:46:11 +0200] "GET /gqsh408117iisstgedmood.htm HTTP/1.1" 404 97436 "-" "Mozilla/5.0 AppleWebKit/537.36 (KHTML, like Gecko; compatible; bingbot/2.0; +http://www.bing.com/bingbot.htm) Chrome/116.0.1938.76 Safari/537.36"
89.248.107.232 - - [20/Sep/2026:19:46:31 +0200] "POST /wp-cron.php?doing_wp_cron=1789926391.1430509090423583984375 HTTP/1.1" 200 5512 "-" "WordPress/6.6.2; https://grupo-seg.com"
207.46.13.229 - - [20/Sep/2026:19:46:30 +0200] "GET /robots.txt HTTP/1.1" 200 5679 "-" "Mozilla/5.0 AppleWebKit/537.36 (KHTML, like Gecko; compatible; bingbot/2.0; +http://www.bing.com/bingbot.htm) Chrome/116.0.1938.76 Safari/537.36"
89.248.107.232 - - [20/Sep/2026:19:46:31 +0200] "POST /wp-admin/admin-ajax.php?action=async_litespeed&nonce=16c258032d&litespeed_type=imgoptm HTTP/1.1" 200 5698 "-" "WordPress/6.6.2; https://grupo-seg.com"
89.248.107.232 - - [20/Sep/2026:19:47:05 +0200] "POST /wp-cron.php?doing_wp_cron=1789926425.4730799198150634765625 HTTP/1.1" 200 5512 "-" "WordPress/6.6.2; https://grupo-seg.com"
52.167.144.23 - - [20/Sep/2026:19:47:04 +0200] "GET /flowing21/buzon-sugerencias.html HTTP/1.1" 404 97436 "-" "Mozilla/5.0 AppleWebKit/537.36 (KHTML, like Gecko; compatible; bingbot/2.0; +http://www.bing.com/bingbot.htm) Chrome/116.0.1938.76 Safari/537.36"
89.248.107.232 - - [20/Sep/2026:19:47:56 +0200] "POST /wp-cron.php?doing_wp_cron=1789926476.4676470756530761718750 HTTP/1.1" 200 5512 "-" "WordPress/6.6.2; https://grupo-seg.com"
52.167.144.147 - - [20/Sep/2026:19:47:56 +0200] "GET /dubbing196/ltx7bnun1.html HTTP/1.1" 404 97436 "-" "Mozilla/5.0 AppleWebKit/537.36 (KHTML, like Gecko; compatible; bingbot/2.0; +http://www.bing.com/bingbot.htm) Chrome/116.0.1938.76 Safari/537.36"
89.248.107.232 - - [20/Sep/2026:19:47:57 +0200] "POST /wp-admin/admin-ajax.php?action=async_litespeed&nonce=16c258032d&litespeed_type=imgoptm HTTP/1.1" 200 5698 "-" "WordPress/6.6.2; https://grupo-seg.com"
52.167.144.147 - - [20/Sep/2026:19:47:59 +0200] "GET /ibgf518912sogitseoddim HTTP/1.1" 404 97421 "-" "Mozilla/5.0 AppleWebKit/537.36 (KHTML, like Gecko; compatible; bingbot/2.0; +http://www.bing.com/bingbot.htm) Chrome/116.0.1938.76 Safari/537.36"
89.248.107.232 - - [20/Sep/2026:19:48:01 +0200] "POST /wp-cron.php?doing_wp_cron=1789926481.4287960529327392578125 HTTP/1.1" 200 5512 "-" "WordPress/6.6.2; https://grupo-seg.com"
146.247.123.100 - - [20/Sep/2026:19:48:00 +0200] "GET /wp-content/plugins/bbpress/file5.php HTTP/1.1" 301 5695 "http://serynco.es/wp-content/plugins/bbpress/file5.php" "Go-http-client/2.0"
146.247.123.100 - - [20/Sep/2026:19:48:02 +0200] "GET /wp-includes/core.php HTTP/1.1" 403 6501 "http://serynco.es/wp-includes/core.php" "Go-http-client/2.0"
89.248.107.232 - - [20/Sep/2026:19:48:03 +0200] "POST /wp-cron.php?doing_wp_cron=1789926483.6635980606079101562500 HTTP/1.1" 200 5512 "-" "WordPress/6.6.2; https://grupo-seg.com"
146.247.123.100 - - [20/Sep/2026:19:48:03 +0200] "GET /wpx/index.php HTTP/1.1" 301 5663 "http://serynco.es/wpx/index.php" "Go-http-client/2.0"
146.247.123.100 - - [20/Sep/2026:19:48:05 +0200] "GET /wp-includes/cookie.php HTTP/1.1" 403 6501 "http://serynco.es/wp-includes/cookie.php" "Go-http-client/2.0"
146.247.123.100 - - [20/Sep/2026:19:48:05 +0200] "GET /wp-content/plugins/buddypress/alfa.php HTTP/1.1" 301 5697 "http://serynco.es/wp-content/plugins/buddypress/alfa.php" "Go-http-client/2.0"
146.247.123.100 - - [20/Sep/2026:19:48:06 +0200] "GET /wp-includes/woocommerce-call.php HTTP/1.1" 403 6501 "http://serynco.es/wp-includes/woocommerce-call.php" "Go-http-client/2.0"
146.247.123.100 - - [20/Sep/2026:19:48:07 +0200] "GET /wp-content/plugins/enhanced-text-widget/analyst/src/403x.php HTTP/1.1" 301 5719 "http://serynco.es/wp-content/plugins/enhanced-text-widget/analyst/src/403x.php" "Go-http-client/2.0"
146.247.123.100 - - [20/Sep/2026:19:48:08 +0200] "GET /wp-content/plugins/enhanced-text-widget/analyst/src/403x.php HTTP/1.1" 404 97626 "https://www.grupo-seg.com/wp-content/plugins/enhanced-text-widget/analyst/src/403x.php" "Go-http-client/2.0"
146.247.123.100 - - [20/Sep/2026:19:48:10 +0200] "GET /wp-content/themes/news-portal/error.php HTTP/1.1" 301 5698 "http://serynco.es/wp-content/themes/news-portal/error.php" "Go-http-client/2.0"
146.247.123.100 - - [20/Sep/2026:19:48:11 +0200] "GET /wp-content/themes/news-portal/error.php HTTP/1.1" 404 97626 "https://www.grupo-seg.com/wp-content/themes/news-portal/error.php" "Go-http-client/2.0"
146.247.123.100 - - [20/Sep/2026:19:48:13 +0200] "GET /wp-content/themes/fukasawa/inc/classes/403.php HTTP/1.1" 301 5705 "http://serynco.es/wp-content/themes/fukasawa/inc/classes/403.php" "Go-http-client/2.0"
146.247.123.100 - - [20/Sep/2026:19:48:13 +0200] "GET /wp-content/themes/fukasawa/inc/classes/403.php HTTP/1.1" 404 97626 "https://www.grupo-seg.com/wp-content/themes/fukasawa/inc/classes/403.php" "Go-http-client/2.0"
146.247.123.100 - - [20/Sep/2026:19:48:15 +0200] "GET /wp-content/plugins/hello-plus/classes/ehp-sarang.php HTTP/1.1" 301 5711 "http://serynco.es/wp-content/plugins/hello-plus/classes/ehp-sarang.php" "Go-http-client/2.0"
146.247.123.100 - - [20/Sep/2026:19:48:15 +0200] "GET /wp-content/plugins/hello-plus/classes/ehp-sarang.php HTTP/1.1" 404 97611 "https://www.grupo-seg.com/wp-content/plugins/hello-plus/classes/ehp-sarang.php" "Go-http-client/2.0"
146.247.123.100 - - [20/Sep/2026:19:48:17 +0200] "GET /wp-content/plugins/so-pinyin-slugs/inc/main_json.php HTTP/1.1" 301 5711 "http://serynco.es/wp-content/plugins/so-pinyin-slugs/inc/main_json.php" "Go-http-client/2.0"
146.247.123.100 - - [20/Sep/2026:19:48:17 +0200] "GET /wp-content/plugins/so-pinyin-slugs/inc/main_json.php HTTP/1.1" 404 97611 "https://www.grupo-seg.com/wp-content/plugins/so-pinyin-slugs/inc/main_json.php" "Go-http-client/2.0"
194.68.113.248 - - [20/Sep/2026:19:48:18 +0200] "GET /robots.txt HTTP/1.1" 200 5679 "http://grupo-seg.com/robots.txt" "Mozilla/5.0 (Windows NT 10.0; Win64; x64) AppleWebKit/537.36 (KHTML, like Gecko) Chrome/120.0.0.0 Safari/537.36 Viewer/99.9.8853.8"
146.247.123.100 - - [20/Sep/2026:19:48:19 +0200] "GET /wp-content/themes/theme-check/main.php HTTP/1.1" 301 5697 "http://serynco.es/wp-content/themes/theme-check/main.php" "Go-http-client/2.0"
193.183.77.2 - - [20/Sep/2026:19:48:19 +0200] "GET /llms.txt HTTP/1.1" 404 99365 "http://grupo-seg.com/llms.txt" "Mozilla/5.0 (Windows NT 10.0; Win64; x64) AppleWebKit/537.36 (KHTML, like Gecko) Chrome/120.0.0.0 Safari/537.36 Viewer/99.9.8853.8"
146.247.123.100 - - [20/Sep/2026:19:48:19 +0200] "GET /wp-content/themes/theme-check/main.php HTTP/1.1" 404 99384 "https://www.grupo-seg.com/wp-content/themes/theme-check/main.php" "Go-http-client/2.0"
146.247.123.100 - - [20/Sep/2026:19:48:21 +0200] "GET /wp-content/plugins/wp-cache-sys/index.php HTTP/1.1" 301 5691 "http://serynco.es/wp-content/plugins/wp-cache-sys/index.php" "Go-http-client/2.0"
83.140.157.28 - - [20/Sep/2026:19:48:21 +0200] "GET / HTTP/1.1" 200 165847 "http://grupo-seg.com/" "Mozilla/5.0 (Windows NT 10.0; Win64; x64) AppleWebKit/537.36 (KHTML, like Gecko) Chrome/120.0.0.0 Safari/537.36 Viewer/99.9.8853.8"
146.247.123.100 - - [20/Sep/2026:19:48:23 +0200] "GET /wp-content/plugins/wp-cache-sys/ HTTP/1.1" 404 97611 "https://www.grupo-seg.com/wp-content/plugins/wp-cache-sys/index.php" "Go-http-client/2.0"
89.248.107.232 - - [20/Sep/2026:19:48:26 +0200] "POST /wp-cron.php?doing_wp_cron=1789926506.1470720767974853515625 HTTP/1.1" 200 5512 "-" "WordPress/6.6.2; https://grupo-seg.com"
146.247.123.100 - - [20/Sep/2026:19:48:25 +0200] "GET /wp-content/themes/theme-check/theme-check.php HTTP/1.1" 301 5704 "http://serynco.es/wp-content/themes/theme-check/theme-check.php" "Go-http-client/2.0"
89.248.107.232 - - [20/Sep/2026:19:48:26 +0200] "POST /wp-admin/admin-ajax.php?action=async_litespeed&nonce=16c258032d&litespeed_type=imgoptm HTTP/1.1" 200 5698 "-" "WordPress/6.6.2; https://grupo-seg.com"
146.247.123.100 - - [20/Sep/2026:19:48:26 +0200] "GET /wp-content/themes/theme-check/theme-check.php HTTP/1.1" 404 97626 "https://www.grupo-seg.com/wp-content/themes/theme-check/theme-check.php" "Go-http-client/2.0"
146.247.123.100 - - [20/Sep/2026:19:48:28 +0200] "GET /wp-admin/fmadmin.php HTTP/1.1" 403 6501 "http://serynco.es/wp-admin/fmadmin.php" "Go-http-client/2.0"
146.247.123.100 - - [20/Sep/2026:19:48:28 +0200] "GET /modules/mod_simplefileuploadv1.3/elements/filemanager.php HTTP/1.1" 301 5716 "http://serynco.es/modules/mod_simplefileuploadv1.3/elements/filemanager.php" "Go-http-client/2.0"
146.247.123.100 - - [20/Sep/2026:19:48:29 +0200] "GET /modules/mod_simplefileuploadv1.3/elements/filemanager.php HTTP/1.1" 404 97626 "https://www.grupo-seg.com/modules/mod_simplefileuploadv1.3/elements/filemanager.php" "Go-http-client/2.0"
146.247.123.100 - - [20/Sep/2026:19:48:31 +0200] "GET /wp-content/plugins/Nxploited/Nx.php HTTP/1.1" 301 5694 "http://serynco.es/wp-content/plugins/Nxploited/Nx.php" "Go-http-client/2.0"
146.247.123.100 - - [20/Sep/2026:19:48:31 +0200] "GET /wp-content/plugins/Nxploited/Nx.php HTTP/1.1" 404 97626 "https://www.grupo-seg.com/wp-content/plugins/Nxploited/Nx.php" "Go-http-client/2.0"
146.247.123.100 - - [20/Sep/2026:19:48:33 +0200] "GET /wp-includes/core/SrHD3odefault.php HTTP/1.1" 301 5693 "http://serynco.es/wp-includes/core/SrHD3odefault.php" "Go-http-client/2.0"
146.247.123.100 - - [20/Sep/2026:19:48:34 +0200] "GET /wp-includes/core/SrHD3odefault.php HTTP/1.1" 404 97626 "https://www.grupo-seg.com/wp-includes/core/SrHD3odefault.php" "Go-http-client/2.0"
89.248.107.232 - - [20/Sep/2026:19:49:01 +0200] "POST /wp-cron.php?doing_wp_cron=1789926541.3079419136047363281250 HTTP/1.1" 200 5512 "-" "WordPress/6.6.2; https://grupo-seg.com"
85.208.96.201 - - [20/Sep/2026:19:49:00 +0200] "GET /robots.txt HTTP/1.1" 200 5679 "-" "Mozilla/5.0 (compatible; SemrushBot/7~bl; +http://www.semrush.com/bot.html)"
89.248.107.232 - - [20/Sep/2026:19:49:18 +0200] "POST /wp-cron.php?doing_wp_cron=1789926558.0870900154113769531250 HTTP/1.1" 200 5512 "-" "WordPress/6.6.2; https://grupo-seg.com"
43.166.128.187 - - [20/Sep/2026:19:49:17 +0200] "GET /renovacion-linea-9-de-metro-de-madrid/ HTTP/1.1" 200 121836 "-" "Mozilla/5.0 (iPhone; CPU iPhone OS 13_2_3 like Mac OS X) AppleWebKit/605.1.15 (KHTML, like Gecko) Version/13.0.3 Mobile/15E148 Safari/604.1"
89.248.107.232 - - [20/Sep/2026:19:49:26 +0200] "POST /wp-cron.php?doing_wp_cron=1789926566.1239690780639648437500 HTTP/1.1" 200 5512 "-" "WordPress/6.6.2; https://grupo-seg.com"
198.244.226.230 - - [20/Sep/2026:19:49:25 +0200] "GET /wp-sitemap.xml HTTP/1.1" 200 6217 "-" "Mozilla/5.0 (compatible; AhrefsBot/7.0; +http://ahrefs.com/robot/)"
89.248.107.232 - - [20/Sep/2026:19:49:26 +0200] "POST /wp-admin/admin-ajax.php?action=async_litespeed&nonce=16c258032d&litespeed_type=imgoptm HTTP/1.1" 200 5698 "-" "WordPress/6.6.2; https://grupo-seg.com"
198.244.240.115 - - [20/Sep/2026:19:49:26 +0200] "GET /wp-sitemap-posts-post-1.xml HTTP/1.1" 200 8170 "-" "Mozilla/5.0 (compatible; AhrefsBot/7.0; +http://ahrefs.com/robot/)"
51.195.244.133 - - [20/Sep/2026:19:49:28 +0200] "GET /wp-sitemap-posts-page-1.xml HTTP/1.1" 200 9189 "-" "Mozilla/5.0 (compatible; AhrefsBot/7.0; +http://ahrefs.com/robot/)"
198.244.183.126 - - [20/Sep/2026:19:49:29 +0200] "GET /wp-sitemap-posts-portfolio-1.xml HTTP/1.1" 200 17286 "-" "Mozilla/5.0 (compatible; AhrefsBot/7.0; +http://ahrefs.com/robot/)"
198.244.168.187 - - [20/Sep/2026:19:49:30 +0200] "GET /wp-sitemap-posts-mgeo_map-1.xml HTTP/1.1" 200 6011 "-" "Mozilla/5.0 (compatible; AhrefsBot/7.0; +http://ahrefs.com/robot/)"
51.195.183.56 - - [20/Sep/2026:19:49:31 +0200] "GET /wp-sitemap-taxonomies-category-1.xml HTTP/1.1" 200 6256 "-" "Mozilla/5.0 (compatible; AhrefsBot/7.0; +http://ahrefs.com/robot/)"
51.195.215.172 - - [20/Sep/2026:19:49:33 +0200] "GET /wp-sitemap-taxonomies-project-type-1.xml HTTP/1.1" 200 6924 "-" "Mozilla/5.0 (compatible; AhrefsBot/7.0; +http://ahrefs.com/robot/)"
89.248.107.232 - - [20/Sep/2026:19:50:35 +0200] "POST /wp-cron.php?doing_wp_cron=1789926635.0483729839324951171875 HTTP/1.1" 200 5512 "-" "WordPress/6.6.2; https://grupo-seg.com"
52.167.144.23 - - [20/Sep/2026:19:50:34 +0200] "GET /hkuw517833smpsitotdi.htm HTTP/1.1" 404 97436 "-" "Mozilla/5.0 AppleWebKit/537.36 (KHTML, like Gecko; compatible; bingbot/2.0; +http://www.bing.com/bingbot.htm) Chrome/116.0.1938.76 Safari/537.36"
89.248.107.232 - - [20/Sep/2026:19:50:35 +0200] "POST /wp-admin/admin-ajax.php?action=async_litespeed&nonce=16c258032d&litespeed_type=imgoptm HTTP/1.1" 200 5698 "-" "WordPress/6.6.2; https://grupo-seg.com"
52.167.144.23 - - [20/Sep/2026:19:50:36 +0200] "GET /elsr239291srdpe/tiuioctmd.html HTTP/1.1" 404 97421 "-" "Mozilla/5.0 AppleWebKit/537.36 (KHTML, like Gecko; compatible; bingbot/2.0; +http://www.bing.com/bingbot.htm) Chrome/116.0.1938.76 Safari/537.36"
52.167.144.23 - - [20/Sep/2026:19:50:37 +0200] "GET /?ws6=1x9j79fm8qpa0 HTTP/1.1" 200 165847 "-" "Mozilla/5.0 AppleWebKit/537.36 (KHTML, like Gecko; compatible; bingbot/2.0; +http://www.bing.com/bingbot.htm) Chrome/116.0.1938.76 Safari/537.36"
89.248.107.232 - - [20/Sep/2026:19:51:22 +0200] "POST /wp-cron.php?doing_wp_cron=1789926682.8390800952911376953125 HTTP/1.1" 200 5512 "-" "WordPress/6.6.2; https://grupo-seg.com"
52.167.144.204 - - [20/Sep/2026:19:51:22 +0200] "GET /project-type/costa-rica/ HTTP/1.1" 200 100678 "-" "Mozilla/5.0 AppleWebKit/537.36 (KHTML, like Gecko; compatible; bingbot/2.0; +http://www.bing.com/bingbot.htm) Chrome/116.0.1938.76 Safari/537.36"
89.248.107.232 - - [20/Sep/2026:19:52:29 +0200] "POST /wp-cron.php?doing_wp_cron=1789926749.5165519714355468750000 HTTP/1.1" 200 5512 "-" "WordPress/6.6.2; https://grupo-seg.com"
74.7.242.140 - - [20/Sep/2026:19:52:29 +0200] "GET /paises/espana/ HTTP/1.1" 200 160970 "-" "Mozilla/5.0 (Macintosh; Intel Mac OS X 10_15_7) AppleWebKit/537.36 (KHTML, like Gecko) Chrome/131.0.0.0 Safari/537.36; compatible; OAI-SearchBot/1.4; +https://openai.com/searchbot"
89.248.107.232 - - [20/Sep/2026:19:52:30 +0200] "POST /wp-admin/admin-ajax.php?action=async_litespeed&nonce=16c258032d&litespeed_type=imgoptm HTTP/1.1" 200 5698 "-" "WordPress/6.6.2; https://grupo-seg.com"
74.7.229.102 - - [20/Sep/2026:19:52:32 +0200] "GET /?p=1873 HTTP/1.1" 301 5673 "https://grupo-seg.com/paises/espana/" "Mozilla/5.0 (Macintosh; Intel Mac OS X 10_15_7) AppleWebKit/537.36 (KHTML, like Gecko) Chrome/131.0.0.0 Safari/537.36; compatible; OAI-SearchBot/1.4; +https://openai.com/searchbot"
89.248.107.232 - - [20/Sep/2026:19:53:44 +0200] "POST /wp-cron.php?doing_wp_cron=1789926824.1056120395660400390625 HTTP/1.1" 200 5512 "-" "WordPress/6.6.2; https://grupo-seg.com"
52.167.144.23 - - [20/Sep/2026:19:53:43 +0200] "GET /rmsy1270500sstitodmpi HTTP/1.1" 404 97436 "-" "Mozilla/5.0 AppleWebKit/537.36 (KHTML, like Gecko; compatible; bingbot/2.0; +http://www.bing.com/bingbot.htm) Chrome/116.0.1938.76 Safari/537.36"
89.248.107.232 - - [20/Sep/2026:19:53:44 +0200] "POST /wp-admin/admin-ajax.php?action=async_litespeed&nonce=16c258032d&litespeed_type=imgoptm HTTP/1.1" 200 5698 "-" "WordPress/6.6.2; https://grupo-seg.com"
89.248.107.232 - - [20/Sep/2026:19:59:52 +0200] "POST /wp-cron.php?doing_wp_cron=1789927192.8571081161499023437500 HTTP/1.1" 200 5512 "-" "WordPress/6.6.2; https://grupo-seg.com"
173.239.240.231 - - [20/Sep/2026:19:59:52 +0200] "POST /wp-login.php HTTP/1.1" 503 25298 "-" "Mozilla/5.0 (Windows NT 10.0; Win64; rv:143.0) Gecko/20100101 Firefox/143.0"
89.248.107.232 - - [20/Sep/2026:19:59:53 +0200] "POST /wp-admin/admin-ajax.php?action=async_litespeed&nonce=16c258032d&litespeed_type=imgoptm HTTP/1.1" 200 5698 "-" "WordPress/6.6.2; https://grupo-seg.com"
89.248.107.232 - - [20/Sep/2026:20:00:41 +0200] "POST /wp-cron.php?doing_wp_cron=1789927241.4955520629882812500000 HTTP/1.1" 200 5512 "-" "WordPress/6.6.2; https://grupo-seg.com"
185.33.86.18 - - [20/Sep/2026:20:00:41 +0200] "GET /webmail/ HTTP/1.1" 404 97436 "-" "Mozilla/5.0 (Windows NT 10.0; WOW64; rv:47.0) Gecko/20100101 Firefox/47.0"
89.248.107.232 - - [20/Sep/2026:20:00:42 +0200] "POST /wp-admin/admin-ajax.php?action=async_litespeed&nonce=16c258032d&litespeed_type=imgoptm HTTP/1.1" 200 5698 "-" "WordPress/6.6.2; https://grupo-seg.com"
185.33.86.18 - - [20/Sep/2026:20:00:41 +0200] "GET /webmail/ HTTP/1.1" 404 97436 "-" "Mozilla/5.0 (Windows NT 10.0; WOW64; rv:47.0) Gecko/20100101 Firefox/47.0"
185.33.86.18 - - [20/Sep/2026:20:00:45 +0200] "GET /webmail/ HTTP/1.1" 404 97421 "-" "Mozilla/5.0 (Windows NT 10.0; WOW64; rv:47.0) Gecko/20100101 Firefox/47.0"
185.33.86.18 - - [20/Sep/2026:20:00:45 +0200] "GET /webmail/ HTTP/1.1" 404 97421 "-" "Mozilla/5.0 (Windows NT 10.0; WOW64; rv:47.0) Gecko/20100101 Firefox/47.0"
89.248.107.232 - - [20/Sep/2026:20:01:48 +0200] "POST /wp-cron.php?doing_wp_cron=1789927307.8603758811950683593750 HTTP/1.1" 200 5512 "-" "WordPress/6.6.2; https://grupo-seg.com"
49.51.166.228 - - [20/Sep/2026:20:01:47 +0200] "GET /avances-en-el-corredor-verde-de-la-septima-en-bogota/ HTTP/1.1" 200 113788 "-" "Mozilla/5.0 (iPhone; CPU iPhone OS 13_2_3 like Mac OS X) AppleWebKit/605.1.15 (KHTML, like Gecko) Version/13.0.3 Mobile/15E148 Safari/604.1"
89.248.107.232 - - [20/Sep/2026:20:01:48 +0200] "POST /wp-admin/admin-ajax.php?action=async_litespeed&nonce=16c258032d&litespeed_type=imgoptm HTTP/1.1" 200 5698 "-" "WordPress/6.6.2; https://grupo-seg.com"
89.248.107.232 - - [20/Sep/2026:20:03:23 +0200] "POST /wp-cron.php?doing_wp_cron=1789927403.5138769149780273437500 HTTP/1.1" 200 5512 "-" "WordPress/6.6.2; https://grupo-seg.com"
119.91.20.139 - - [20/Sep/2026:20:03:23 +0200] "GET / HTTP/1.1" 301 5612 "http://serynco.es" "Mozilla/5.0 (iPhone; CPU iPhone OS 13_2_3 like Mac OS X) AppleWebKit/605.1.15 (KHTML, like Gecko) Version/13.0.3 Mobile/15E148 Safari/604.1"
89.248.107.232 - - [20/Sep/2026:20:03:24 +0200] "POST /wp-admin/admin-ajax.php?action=async_litespeed&nonce=16c258032d&litespeed_type=imgoptm HTTP/1.1" 200 5698 "-" "WordPress/6.6.2; https://grupo-seg.com"
89.248.107.232 - - [20/Sep/2026:20:04:51 +0200] "POST /wp-cron.php?doing_wp_cron=1789927490.9624950885772705078125 HTTP/1.1" 200 5512 "-" "WordPress/6.6.2; https://grupo-seg.com"
66.249.88.102 - - [20/Sep/2026:20:04:50 +0200] "GET /.well-known/traffic-advice HTTP/1.1" 404 97436 "-" "Chrome Privacy Preserving Prefetch Proxy"
89.248.107.232 - - [20/Sep/2026:20:04:52 +0200] "POST /wp-admin/admin-ajax.php?action=async_litespeed&nonce=16c258032d&litespeed_type=imgoptm HTTP/1.1" 200 5698 "-" "WordPress/6.6.2; https://grupo-seg.com"
89.248.107.232 - - [20/Sep/2026:20:06:09 +0200] "POST /wp-cron.php?doing_wp_cron=1789927569.3924889564514160156250 HTTP/1.1" 200 5512 "-" "WordPress/6.6.2; https://grupo-seg.com"
185.33.86.18 - - [20/Sep/2026:20:06:08 +0200] "GET /webmail/ HTTP/1.1" 404 97436 "-" "Mozilla/5.0 (Windows NT 10.0; WOW64; rv:47.0) Gecko/20100101 Firefox/47.0"
89.248.107.232 - - [20/Sep/2026:20:06:10 +0200] "POST /wp-admin/admin-ajax.php?action=async_litespeed&nonce=16c258032d&litespeed_type=imgoptm HTTP/1.1" 200 5698 "-" "WordPress/6.6.2; https://grupo-seg.com"
185.33.86.18 - - [20/Sep/2026:20:06:12 +0200] "GET /webmail/ HTTP/1.1" 404 97421 "-" "Mozilla/5.0 (Windows NT 10.0; WOW64; rv:47.0) Gecko/20100101 Firefox/47.0"
89.248.107.232 - - [20/Sep/2026:20:09:49 +0200] "POST /wp-cron.php?doing_wp_cron=1789927789.8868989944458007812500 HTTP/1.1" 200 5512 "-" "WordPress/6.6.2; https://grupo-seg.com"
108.165.76.119 - - [20/Sep/2026:20:09:49 +0200] "GET /robots.txt HTTP/1.1" 200 5679 "-" "Mozilla/5.0 (Windows NT 10.0; Win64; x64) AppleWebKit/537.36 (KHTML, like Gecko) Chrome/94.0.4606.81 Safari/537.36"
