89.248.107.232 - - [20/Sep/2026:20:09:50 +0200] "POST /wp-admin/admin-ajax.php?action=async_litespeed&nonce=16c258032d&litespeed_type=imgoptm HTTP/1.1" 200 5698 "-" "WordPress/6.6.2; https://grupo-seg.com"
108.165.76.119 - - [20/Sep/2026:20:09:50 +0200] "GET / HTTP/1.1" 200 165817 "-" "Mozilla/5.0 (Windows NT 10.0; Win64; x64) AppleWebKit/537.36 (KHTML, like Gecko) Chrome/94.0.4606.81 Safari/537.36"
108.165.76.119 - - [20/Sep/2026:20:09:51 +0200] "GET / HTTP/1.1" 200 157019 "-" "Mozilla/5.0 (iPhone; CPU iPhone OS 6_0 like Mac OS X) AppleWebKit/536.26 (KHTML, like Gecko)                     Version/6.0 Mobile/10A5376e Safari/8536.25"
89.248.107.232 - - [20/Sep/2026:20:10:02 +0200] "POST /wp-cron.php?doing_wp_cron=1789927802.5969231128692626953125 HTTP/1.1" 200 5512 "-" "WordPress/6.6.2; https://grupo-seg.com"
34.239.33.204 - - [20/Sep/2026:20:10:02 +0200] "GET /robots.txt HTTP/1.1" 301 5576 "-" "Mozilla/5.0 (Macintosh; Intel Mac OS X 10_10_1) AppleWebKit/600.2.5 (KHTML, like Gecko) Version/8.0.2 Safari/600.2.5 (Gort)"
44.208.247.48 - - [20/Sep/2026:20:10:03 +0200] "GET /robots.txt HTTP/1.1" 200 5679 "-" "Mozilla/5.0 (Macintosh; Intel Mac OS X 10_10_1) AppleWebKit/600.2.5 (KHTML, like Gecko) Version/8.0.2 Safari/600.2.5 (Gort)"
89.248.107.232 - - [20/Sep/2026:20:10:50 +0200] "POST /wp-cron.php?doing_wp_cron=1789927850.9132668972015380859375 HTTP/1.1" 200 5512 "-" "WordPress/6.6.2; https://grupo-seg.com/en/"
67.102.173.221 - - [20/Sep/2026:20:10:50 +0200] "GET /en/ HTTP/1.1" 200 165995 "-" "Mozilla/5.0 (Macintosh; Intel Mac OS X 10_15_7) AppleWebKit/537.36 (KHTML, like Gecko) Chrome/142.0.0.0 Safari/537.36"
89.248.107.232 - - [20/Sep/2026:20:10:51 +0200] "POST /wp-admin/admin-ajax.php?action=async_litespeed&nonce=16c258032d&litespeed_type=imgoptm HTTP/1.1" 200 5698 "-" "WordPress/6.6.2; https://grupo-seg.com"
67.102.173.221 - - [20/Sep/2026:20:10:53 +0200] "GET /wp-content/litespeed/css/e39920cfd035054e8d060ade4400a9bc.css?ver=04cf4 HTTP/2.0" 200 114608 "https://www.google.com/" "Mozilla/5.0 (Macintosh; Intel Mac OS X 10_15_7) AppleWebKit/537.36 (KHTML, like Gecko) Chrome/142.0.0.0 Safari/537.36"
67.102.173.221 - - [20/Sep/2026:20:10:53 +0200] "GET /wp-content/plugins/sitepress-multilingual-cms%207/dist/css/blocks/styles.css HTTP/2.0" 200 6360 "https://www.google.com/" "Mozilla/5.0 (Macintosh; Intel Mac OS X 10_15_7) AppleWebKit/537.36 (KHTML, like Gecko) Chrome/142.0.0.0 Safari/537.36"
67.102.173.221 - - [20/Sep/2026:20:10:53 +0200] "GET /wp-content/plugins/sitepress-multilingual-cms%207/templates/language-switchers/legacy-list-horizontal/style.min.css HTTP/2.0" 200 236 "https://www.google.com/" "Mozilla/5.0 (Macintosh; Intel Mac OS X 10_15_7) AppleWebKit/537.36 (KHTML, like Gecko) Chrome/142.0.0.0 Safari/537.36"
67.102.173.221 - - [20/Sep/2026:20:10:53 +0200] "GET /wp-content/plugins/sitepress-multilingual-cms%207/templates/language-switchers/menu-item/style.min.css HTTP/2.0" 200 100 "https://www.google.com/" "Mozilla/5.0 (Macintosh; Intel Mac OS X 10_15_7) AppleWebKit/537.36 (KHTML, like Gecko) Chrome/142.0.0.0 Safari/537.36"
67.102.173.221 - - [20/Sep/2026:20:10:53 +0200] "GET /wp-content/themes/salient/css/build/style-non-critical.css HTTP/2.0" 200 4553 "https://www.google.com/" "Mozilla/5.0 (Macintosh; Intel Mac OS X 10_15_7) AppleWebKit/537.36 (KHTML, like Gecko) Chrome/142.0.0.0 Safari/537.36"
67.102.173.221 - - [20/Sep/2026:20:10:53 +0200] "GET /wp-content/themes/salient/css/build/plugins/jquery.fancybox.css HTTP/2.0" 200 3131 "https://www.google.com/" "Mozilla/5.0 (Macintosh; Intel Mac OS X 10_15_7) AppleWebKit/537.36 (KHTML, like Gecko) Chrome/142.0.0.0 Safari/537.36"
67.102.173.221 - - [20/Sep/2026:20:10:53 +0200] "GET /wp-content/themes/salient/css/build/off-canvas/core.css HTTP/2.0" 200 3164 "https://www.google.com/" "Mozilla/5.0 (Macintosh; Intel Mac OS X 10_15_7) AppleWebKit/537.36 (KHTML, like Gecko) Chrome/142.0.0.0 Safari/537.36"
67.102.173.221 - - [20/Sep/2026:20:10:53 +0200] "GET /wp-content/themes/salient/css/build/off-canvas/fullscreen-legacy.css HTTP/2.0" 200 1425 "https://www.google.com/" "Mozilla/5.0 (Macintosh; Intel Mac OS X 10_15_7) AppleWebKit/537.36 (KHTML, like Gecko) Chrome/142.0.0.0 Safari/537.36"
67.102.173.221 - - [20/Sep/2026:20:10:57 +0200] "POST /wp-content/plugins/litespeed-cache/guest.vary.php HTTP/1.1" 403 6501 "https://www.google.com/" "Mozilla/5.0 (Macintosh; Intel Mac OS X 10_15_7) AppleWebKit/537.36 (KHTML, like Gecko) Chrome/142.0.0.0 Safari/537.36"
89.248.107.232 - - [20/Sep/2026:20:11:00 +0200] "POST /wp-cron.php?doing_wp_cron=1789927860.3604888916015625000000 HTTP/1.1" 200 5512 "-" "WordPress/6.6.2; https://grupo-seg.com"
108.165.76.119 - - [20/Sep/2026:20:10:59 +0200] "GET /ads.txt HTTP/1.1" 404 97421 "-" "Mozilla/5.0 (Windows NT 10.0; Win64; x64) AppleWebKit/537.36 (KHTML, like Gecko) Chrome/94.0.4606.81 Safari/537.36"
108.165.76.119 - - [20/Sep/2026:20:11:01 +0200] "GET /politica-de-privacidad/ HTTP/1.1" 200 132340 "-" "Mozilla/5.0 (iPhone; CPU iPhone OS 6_0 like Mac OS X) AppleWebKit/536.26 (KHTML, like Gecko)                     Version/6.0 Mobile/10A5376e Safari/8536.25"
108.165.76.119 - - [20/Sep/2026:20:11:01 +0200] "GET /renovacion-de-la-linea-9-de-metro-de-madrid/ HTTP/1.1" 200 106984 "-" "Mozilla/5.0 (iPhone; CPU iPhone OS 6_0 like Mac OS X) AppleWebKit/536.26 (KHTML, like Gecko)                     Version/6.0 Mobile/10A5376e Safari/8536.25"
108.165.76.119 - - [20/Sep/2026:20:11:01 +0200] "GET /en/ HTTP/1.1" 200 157132 "-" "Mozilla/5.0 (iPhone; CPU iPhone OS 6_0 like Mac OS X) AppleWebKit/536.26 (KHTML, like Gecko)                     Version/6.0 Mobile/10A5376e Safari/8536.25"
89.248.107.232 - - [20/Sep/2026:20:11:03 +0200] "POST /wp-cron.php?doing_wp_cron=1789927863.2890949249267578125000 HTTP/1.1" 200 5512 "-" "WordPress/6.6.2; https://grupo-seg.com"
108.165.76.119 - - [20/Sep/2026:20:11:01 +0200] "GET /politica-de-cookies/ HTTP/1.1" 200 112813 "-" "Mozilla/5.0 (iPhone; CPU iPhone OS 6_0 like Mac OS X) AppleWebKit/536.26 (KHTML, like Gecko)                     Version/6.0 Mobile/10A5376e Safari/8536.25"
108.165.76.119 - - [20/Sep/2026:20:11:05 +0200] "GET /politica-de-cookies/ HTTP/1.1" 200 121642 "-" "Mozilla/5.0 (Windows NT 10.0; Win64; x64) AppleWebKit/537.36 (KHTML, like Gecko) Chrome/94.0.4606.81 Safari/537.36"
108.165.76.119 - - [20/Sep/2026:20:11:05 +0200] "GET /politica-de-privacidad/ HTTP/1.1" 200 141175 "-" "Mozilla/5.0 (Windows NT 10.0; Win64; x64) AppleWebKit/537.36 (KHTML, like Gecko) Chrome/94.0.4606.81 Safari/537.36"
108.165.76.119 - - [20/Sep/2026:20:11:05 +0200] "GET /paises/ HTTP/1.1" 200 152346 "-" "Mozilla/5.0 (Windows NT 10.0; Win64; x64) AppleWebKit/537.36 (KHTML, like Gecko) Chrome/94.0.4606.81 Safari/537.36"
108.165.76.119 - - [20/Sep/2026:20:11:05 +0200] "GET /sobre-nosotros/ HTTP/1.1" 200 257609 "-" "Mozilla/5.0 (Windows NT 10.0; Win64; x64) AppleWebKit/537.36 (KHTML, like Gecko) Chrome/94.0.4606.81 Safari/537.36"
108.165.76.119 - - [20/Sep/2026:20:11:05 +0200] "GET /proyectos/ HTTP/1.1" 200 975474 "-" "Mozilla/5.0 (Windows NT 10.0; Win64; x64) AppleWebKit/537.36 (KHTML, like Gecko) Chrome/94.0.4606.81 Safari/537.36"
108.165.76.119 - - [20/Sep/2026:20:11:05 +0200] "GET /en/privacy-policy/ HTTP/1.1" 200 140617 "-" "Mozilla/5.0 (Windows NT 10.0; Win64; x64) AppleWebKit/537.36 (KHTML, like Gecko) Chrome/94.0.4606.81 Safari/537.36"
108.165.76.119 - - [20/Sep/2026:20:11:05 +0200] "GET /en/ HTTP/1.1" 200 165995 "-" "Mozilla/5.0 (Windows NT 10.0; Win64; x64) AppleWebKit/537.36 (KHTML, like Gecko) Chrome/94.0.4606.81 Safari/537.36"
108.165.76.119 - - [20/Sep/2026:20:11:05 +0200] "GET /renovacion-linea-9-de-metro-de-madrid/ HTTP/1.1" 200 130972 "-" "Mozilla/5.0 (Windows NT 10.0; Win64; x64) AppleWebKit/537.36 (KHTML, like Gecko) Chrome/94.0.4606.81 Safari/537.36"
108.165.76.119 - - [20/Sep/2026:20:11:05 +0200] "GET /servicios/ HTTP/1.1" 200 202626 "-" "Mozilla/5.0 (Windows NT 10.0; Win64; x64) AppleWebKit/537.36 (KHTML, like Gecko) Chrome/94.0.4606.81 Safari/537.36"
108.165.76.119 - - [20/Sep/2026:20:11:05 +0200] "GET /renovacion-de-la-linea-9-de-metro-de-madrid/ HTTP/1.1" 200 116140 "-" "Mozilla/5.0 (Windows NT 10.0; Win64; x64) AppleWebKit/537.36 (KHTML, like Gecko) Chrome/94.0.4606.81 Safari/537.36"
108.165.76.119 - - [20/Sep/2026:20:11:15 +0200] "GET /informacion-general/ HTTP/1.1" 200 120017 "-" "Mozilla/5.0 (Windows NT 10.0; Win64; x64) AppleWebKit/537.36 (KHTML, like Gecko) Chrome/94.0.4606.81 Safari/537.36"
108.165.76.119 - - [20/Sep/2026:20:11:15 +0200] "GET /project-type/argentina/ HTTP/1.1" 200 102281 "-" "Mozilla/5.0 (Windows NT 10.0; Win64; x64) AppleWebKit/537.36 (KHTML, like Gecko) Chrome/94.0.4606.81 Safari/537.36"
108.165.76.119 - - [20/Sep/2026:20:11:15 +0200] "GET /continua-la-ejecucion-del-tunel-tres-bocas-en-paraguay/ HTTP/1.1" 200 122710 "-" "Mozilla/5.0 (Windows NT 10.0; Win64; x64) AppleWebKit/537.36 (KHTML, like Gecko) Chrome/94.0.4606.81 Safari/537.36"
108.165.76.119 - - [20/Sep/2026:20:11:15 +0200] "GET /portfolio/fiscalizacion-de-las-obras-de-renovacion-del-belgrano-sur-entre-estaciones-tapiales-y-marinos-del-crucero-general-belgrano/ HTTP/1.1" 200 117961 "-" "Mozilla/5.0 (Windows NT 10.0; Win64; x64) AppleWebKit/537.36 (KHTML, like Gecko) Chrome/94.0.4606.81 Safari/537.36"
108.165.76.119 - - [20/Sep/2026:20:11:15 +0200] "GET /author/roberto/ HTTP/1.1" 200 109159 "-" "Mozilla/5.0 (Windows NT 10.0; Win64; x64) AppleWebKit/537.36 (KHTML, like Gecko) Chrome/94.0.4606.81 Safari/537.36"
108.165.76.119 - - [20/Sep/2026:20:11:15 +0200] "GET /aviso-legal/ HTTP/1.1" 200 122790 "-" "Mozilla/5.0 (Windows NT 10.0; Win64; x64) AppleWebKit/537.36 (KHTML, like Gecko) Chrome/94.0.4606.81 Safari/537.36"
108.165.76.119 - - [20/Sep/2026:20:11:15 +0200] "GET /contacto/ HTTP/1.1" 200 199540 "-" "Mozilla/5.0 (Windows NT 10.0; Win64; x64) AppleWebKit/537.36 (KHTML, like Gecko) Chrome/94.0.4606.81 Safari/537.36"
108.165.76.119 - - [20/Sep/2026:20:11:15 +0200] "GET /actualidad/ HTTP/1.1" 200 149333 "-" "Mozilla/5.0 (Windows NT 10.0; Win64; x64) AppleWebKit/537.36 (KHTML, like Gecko) Chrome/94.0.4606.81 Safari/537.36"
108.165.76.119 - - [20/Sep/2026:20:11:15 +0200] "GET /category/actualidad/noticias/ HTTP/1.1" 200 116739 "-" "Mozilla/5.0 (Windows NT 10.0; Win64; x64) AppleWebKit/537.36 (KHTML, like Gecko) Chrome/94.0.4606.81 Safari/537.36"
108.165.76.119 - - [20/Sep/2026:20:11:15 +0200] "GET /interventoria-integral-al-contrato-de-concesion-del-corredor-sabana-de-torres-curumani-troncal-del-magdalena-2-colombia/ HTTP/1.1" 200 120341 "-" "Mozilla/5.0 (Windows NT 10.0; Win64; x64) AppleWebKit/537.36 (KHTML, like Gecko) Chrome/94.0.4606.81 Safari/537.36"
108.165.76.119 - - [20/Sep/2026:20:11:25 +0200] "GET /avanzan-las-obras-de-restitucion-del-ferrocarril-en-la-linea-madrid-hendaya-gabiria-espana/ HTTP/1.1" 200 122931 "-" "Mozilla/5.0 (Windows NT 10.0; Win64; x64) AppleWebKit/537.36 (KHTML, like Gecko) Chrome/94.0.4606.81 Safari/537.36"
108.165.76.119 - - [20/Sep/2026:20:11:25 +0200] "GET /fiscalizacion-de-las-obras-de-renovacion-del-belgrano-sur-entre-estaciones-tapiales-y-marinos-del-crucero-general-belgrano/ HTTP/1.1" 200 129142 "-" "Mozilla/5.0 (Windows NT 10.0; Win64; x64) AppleWebKit/537.36 (KHTML, like Gecko) Chrome/94.0.4606.81 Safari/537.36"
108.165.76.119 - - [20/Sep/2026:20:11:25 +0200] "GET /supervision-de-la-construccion-del-centro-tecnologico-para-el-tratamiento-de-la-informacion-sunat-lima-peru/ HTTP/1.1" 200 120991 "-" "Mozilla/5.0 (Windows NT 10.0; Win64; x64) AppleWebKit/537.36 (KHTML, like Gecko) Chrome/94.0.4606.81 Safari/537.36"
108.165.76.119 - - [20/Sep/2026:20:11:25 +0200] "GET /paises/nicaragua/ HTTP/1.1" 200 171216 "-" "Mozilla/5.0 (Windows NT 10.0; Win64; x64) AppleWebKit/537.36 (KHTML, like Gecko) Chrome/94.0.4606.81 Safari/537.36"
108.165.76.119 - - [20/Sep/2026:20:11:25 +0200] "GET /avances-en-el-corredor-verde-de-la-septima-en-bogota/ HTTP/1.1" 200 122944 "-" "Mozilla/5.0 (Windows NT 10.0; Win64; x64) AppleWebKit/537.36 (KHTML, like Gecko) Chrome/94.0.4606.81 Safari/537.36"
108.165.76.119 - - [20/Sep/2026:20:11:25 +0200] "GET /canal-interno-de-informacion/ HTTP/1.1" 200 124404 "-" "Mozilla/5.0 (Windows NT 10.0; Win64; x64) AppleWebKit/537.36 (KHTML, like Gecko) Chrome/94.0.4606.81 Safari/537.36"
89.248.107.232 - - [20/Sep/2026:20:11:25 +0200] "POST /wp-cron.php?doing_wp_cron=1789927885.8932130336761474609375 HTTP/1.1" 200 5512 "-" "WordPress/6.6.2; https://grupo-seg.com"
108.165.76.119 - - [20/Sep/2026:20:11:25 +0200] "GET /se-presentan-los-primeros-estudios-tecnicos-para-el-mejoramiento-de-la-ruta-py01/ HTTP/1.1" 200 122614 "-" "Mozilla/5.0 (Windows NT 10.0; Win64; x64) AppleWebKit/537.36 (KHTML, like Gecko) Chrome/94.0.4606.81 Safari/537.36"
108.165.76.119 - - [20/Sep/2026:20:11:25 +0200] "GET /paises/bolivia/ HTTP/1.1" 200 174032 "-" "Mozilla/5.0 (Windows NT 10.0; Win64; x64) AppleWebKit/537.36 (KHTML, like Gecko) Chrome/94.0.4606.81 Safari/537.36"
108.165.76.119 - - [20/Sep/2026:20:11:25 +0200] "GET /paises/paraguay/ HTTP/1.1" 200 169934 "-" "Mozilla/5.0 (Windows NT 10.0; Win64; x64) AppleWebKit/537.36 (KHTML, like Gecko) Chrome/94.0.4606.81 Safari/537.36"
108.165.76.119 - - [20/Sep/2026:20:11:25 +0200] "GET /se-completan-los-trabajos-de-ingenieria-en-el-tramo-santiago-batuco/ HTTP/1.1" 200 120817 "-" "Mozilla/5.0 (Windows NT 10.0; Win64; x64) AppleWebKit/537.36 (KHTML, like Gecko) Chrome/94.0.4606.81 Safari/537.36"
89.248.107.232 - - [20/Sep/2026:20:11:30 +0200] "POST /wp-admin/admin-ajax.php?action=async_litespeed&nonce=16c258032d&litespeed_type=imgoptm HTTP/1.1" 200 5698 "-" "WordPress/6.6.2; https://grupo-seg.com"
108.165.76.119 - - [20/Sep/2026:20:11:35 +0200] "GET /contacto HTTP/1.1" 301 5575 "-" "Mozilla/5.0 (Windows NT 10.0; Win64; x64) AppleWebKit/537.36 (KHTML, like Gecko) Chrome/94.0.4606.81 Safari/537.36"
108.165.76.119 - - [20/Sep/2026:20:11:35 +0200] "GET /grupo-seg-en-las-obras-de-renovacion-de-la-linea-ferroviaria-belgrano-sur/ HTTP/1.1" 200 122876 "-" "Mozilla/5.0 (Windows NT 10.0; Win64; x64) AppleWebKit/537.36 (KHTML, like Gecko) Chrome/94.0.4606.81 Safari/537.36"
108.165.76.119 - - [20/Sep/2026:20:11:35 +0200] "GET /paises/colombia/ HTTP/1.1" 200 176056 "-" "Mozilla/5.0 (Windows NT 10.0; Win64; x64) AppleWebKit/537.36 (KHTML, like Gecko) Chrome/94.0.4606.81 Safari/537.36"
108.165.76.119 - - [20/Sep/2026:20:11:35 +0200] "GET /paises/panama/ HTTP/1.1" 200 155077 "-" "Mozilla/5.0 (Windows NT 10.0; Win64; x64) AppleWebKit/537.36 (KHTML, like Gecko) Chrome/94.0.4606.81 Safari/537.36"
108.165.76.119 - - [20/Sep/2026:20:11:35 +0200] "GET /paises/peru/ HTTP/1.1" 200 166718 "-" "Mozilla/5.0 (Windows NT 10.0; Win64; x64) AppleWebKit/537.36 (KHTML, like Gecko) Chrome/94.0.4606.81 Safari/537.36"
108.165.76.119 - - [20/Sep/2026:20:11:35 +0200] "GET /paises/espana/ HTTP/1.1" 200 161000 "-" "Mozilla/5.0 (Windows NT 10.0; Win64; x64) AppleWebKit/537.36 (KHTML, like Gecko) Chrome/94.0.4606.81 Safari/537.36"
108.165.76.119 - - [20/Sep/2026:20:11:35 +0200] "GET /grupo-seg-en-la-asamblea-anual-de-socio-del-pacto-mundial-de-naciones-unidas/ HTTP/1.1" 200 123049 "-" "Mozilla/5.0 (Windows NT 10.0; Win64; x64) AppleWebKit/537.36 (KHTML, like Gecko) Chrome/94.0.4606.81 Safari/537.36"
89.248.107.232 - - [20/Sep/2026:20:11:40 +0200] "POST /wp-cron.php?doing_wp_cron=1789927900.2058730125427246093750 HTTP/1.1" 200 5512 "-" "WordPress/6.6.2; https://grupo-seg.com"
108.165.76.119 - - [20/Sep/2026:20:11:35 +0200] "GET /paises/ecuador/ HTTP/1.1" 200 156635 "-" "Mozilla/5.0 (Windows NT 10.0; Win64; x64) AppleWebKit/537.36 (KHTML, like Gecko) Chrome/94.0.4606.81 Safari/537.36"
108.165.76.119 - - [20/Sep/2026:20:11:35 +0200] "GET /paises/argentina/ HTTP/1.1" 200 158944 "-" "Mozilla/5.0 (Windows NT 10.0; Win64; x64) AppleWebKit/537.36 (KHTML, like Gecko) Chrome/94.0.4606.81 Safari/537.36"
108.165.76.119 - - [20/Sep/2026:20:11:35 +0200] "GET /paises/chile/ HTTP/1.1" 200 156795 "-" "Mozilla/5.0 (Windows NT 10.0; Win64; x64) AppleWebKit/537.36 (KHTML, like Gecko) Chrome/94.0.4606.81 Safari/537.36"
108.165.76.119 - - [20/Sep/2026:20:11:36 +0200] "GET /contacto/ HTTP/1.1" 200 199540 "-" "Mozilla/5.0 (Windows NT 10.0; Win64; x64) AppleWebKit/537.36 (KHTML, like Gecko) Chrome/94.0.4606.81 Safari/537.36"
89.248.107.232 - - [20/Sep/2026:20:11:43 +0200] "POST /wp-cron.php?doing_wp_cron=1789927903.3531630039215087890625 HTTP/1.1" 200 5512 "-" "WordPress/6.6.2; https://grupo-seg.com"
43.153.74.75 - - [20/Sep/2026:20:11:42 +0200] "GET /?p=3341 HTTP/1.1" 301 5657 "-" "Mozilla/5.0 (iPhone; CPU iPhone OS 13_2_3 like Mac OS X) AppleWebKit/605.1.15 (KHTML, like Gecko) Version/13.0.3 Mobile/15E148 Safari/604.1"
108.165.76.119 - - [20/Sep/2026:20:11:45 +0200] "GET /presentacion-publica-del-plan-maestro-de-seguridad-vial-2030/ HTTP/1.1" 200 122359 "-" "Mozilla/5.0 (Windows NT 10.0; Win64; x64) AppleWebKit/537.36 (KHTML, like Gecko) Chrome/94.0.4606.81 Safari/537.36"
108.165.76.119 - - [20/Sep/2026:20:11:45 +0200] "GET /disfrutamos-de-los-parques-de-madrid/ HTTP/1.1" 200 121319 "-" "Mozilla/5.0 (Windows NT 10.0; Win64; x64) AppleWebKit/537.36 (KHTML, like Gecko) Chrome/94.0.4606.81 Safari/537.36"
108.165.76.119 - - [20/Sep/2026:20:11:45 +0200] "GET /grupo-seg-participa-en-la-colocacion-de-la-primera-piedra-de-un-proyecto-de-la-universidad-nacional-agraria-la-molina-en-lima/ HTTP/1.1" 200 122136 "-" "Mozilla/5.0 (Windows NT 10.0; Win64; x64) AppleWebKit/537.36 (KHTML, like Gecko) Chrome/94.0.4606.81 Safari/537.36"
43.153.74.75 - - [20/Sep/2026:20:11:48 +0200] "GET /avanzan-las-obras-de-restitucion-del-ferrocarril-en-la-linea-madrid-hendaya-gabiria-espana/ HTTP/1.1" 200 113790 "https://grupo-seg.com/?p=3341" "Mozilla/5.0 (iPhone; CPU iPhone OS 13_2_3 like Mac OS X) AppleWebKit/605.1.15 (KHTML, like Gecko) Version/13.0.3 Mobile/15E148 Safari/604.1"
89.248.107.232 - - [20/Sep/2026:20:12:35 +0200] "POST /wp-cron.php?doing_wp_cron=1789927955.7967610359191894531250 HTTP/1.1" 200 5512 "-" "WordPress/6.6.2; https://grupo-seg.com"
216.244.66.239 - - [20/Sep/2026:20:12:35 +0200] "GET /images/actividad/instalaciones_energia/257/257_07.jpg HTTP/1.1" 404 97626 "-" "Mozilla/5.0 (compatible; DotBot/1.2; +https://opensiteexplorer.org/dotbot; help@moz.com)"
89.248.107.232 - - [20/Sep/2026:20:12:36 +0200] "POST /wp-admin/admin-ajax.php?action=async_litespeed&nonce=16c258032d&litespeed_type=imgoptm HTTP/1.1" 200 5698 "-" "WordPress/6.6.2; https://grupo-seg.com"
89.248.107.232 - - [20/Sep/2026:20:12:41 +0200] "POST /wp-cron.php?doing_wp_cron=1789927961.8013479709625244140625 HTTP/1.1" 200 5512 "-" "WordPress/6.6.2; https://grupo-seg.com"
216.244.66.239 - - [20/Sep/2026:20:12:41 +0200] "GET /images/actividad/instalaciones_energia/262/262_09.png HTTP/1.1" 404 97611 "-" "Mozilla/5.0 (compatible; DotBot/1.2; +https://opensiteexplorer.org/dotbot; help@moz.com)"
89.248.107.232 - - [20/Sep/2026:20:13:52 +0200] "POST /wp-cron.php?doing_wp_cron=1789928032.4077250957489013671875 HTTP/1.1" 200 5512 "-" "WordPress/6.6.2; https://grupo-seg.com"
54.223.17.51 - - [20/Sep/2026:20:13:51 +0200] "GET / HTTP/1.1" 200 156989 "-" "Mozilla/5.0 (iPhone; CPU iPhone OS 18_2 like Mac OS X) AppleWebKit/605.1.15 (KHTML, like Gecko) CriOS/149.0.0.0 Mobile/15E148 Safari/604.1"
89.248.107.232 - - [20/Sep/2026:20:13:53 +0200] "POST /wp-admin/admin-ajax.php?action=async_litespeed&nonce=16c258032d&litespeed_type=imgoptm HTTP/1.1" 200 5698 "-" "WordPress/6.6.2; https://grupo-seg.com"
54.223.17.51 - - [20/Sep/2026:20:13:53 +0200] "POST /wp-content/plugins/litespeed-cache/guest.vary.php HTTP/1.1" 403 6501 "https://grupo-seg.com/" "Mozilla/5.0 (iPhone; CPU iPhone OS 18_2 like Mac OS X) AppleWebKit/605.1.15 (KHTML, like Gecko) CriOS/149.0.0.0 Mobile/15E148 Safari/604.1"
89.248.107.232 - - [20/Sep/2026:20:14:17 +0200] "POST /wp-cron.php?doing_wp_cron=1789928057.7702670097351074218750 HTTP/1.1" 200 5512 "-" "WordPress/6.6.2; https://grupo-seg.com"
54.223.19.117 - - [20/Sep/2026:20:14:17 +0200] "GET /wp-sitemap-taxonomies-project-type-1.xml HTTP/1.1" 200 6924 "-" "Mozilla/5.0 (Linux; Android 15; Pixel 9) AppleWebKit/537.36 (KHTML, like Gecko) Chrome/151.0.0.0 Mobile Safari/537.36"
54.223.19.117 - - [20/Sep/2026:20:14:18 +0200] "GET /wp-sitemap.xsl HTTP/1.1" 200 9027 "https://grupo-seg.com/wp-sitemap-taxonomies-project-type-1.xml" "Mozilla/5.0 (Linux; Android 15; Pixel 9) AppleWebKit/537.36 (KHTML, like Gecko) Chrome/151.0.0.0 Mobile Safari/537.36"
89.248.107.232 - - [20/Sep/2026:20:14:41 +0200] "POST /wp-cron.php?doing_wp_cron=1789928081.9331150054931640625000 HTTP/1.1" 200 5512 "-" "WordPress/6.6.2; https://grupo-seg.com/en/"
54.222.147.98 - - [20/Sep/2026:20:14:41 +0200] "GET /en/countries/ HTTP/1.1" 200 144883 "-" "Mozilla/5.0 (iPhone; CPU iPhone OS 18_2 like Mac OS X) AppleWebKit/605.1.15 (KHTML, like Gecko) CriOS/149.0.0.0 Mobile/15E148 Safari/604.1"
89.248.107.232 - - [20/Sep/2026:20:14:42 +0200] "POST /wp-admin/admin-ajax.php?action=async_litespeed&nonce=16c258032d&litespeed_type=imgoptm HTTP/1.1" 200 5698 "-" "WordPress/6.6.2; https://grupo-seg.com"
54.222.147.98 - - [20/Sep/2026:20:14:43 +0200] "POST /wp-content/plugins/litespeed-cache/guest.vary.php HTTP/1.1" 403 6501 "https://grupo-seg.com/en/countries/" "Mozilla/5.0 (iPhone; CPU iPhone OS 18_2 like Mac OS X) AppleWebKit/605.1.15 (KHTML, like Gecko) CriOS/149.0.0.0 Mobile/15E148 Safari/604.1"
89.248.107.232 - - [20/Sep/2026:20:15:05 +0200] "POST /wp-cron.php?doing_wp_cron=1789928105.8640971183776855468750 HTTP/1.1" 200 5512 "-" "WordPress/6.6.2; https://grupo-seg.com/en/"
52.80.183.178 - - [20/Sep/2026:20:15:05 +0200] "GET /en/contact/ HTTP/1.1" 200 190893 "-" "Mozilla/5.0 (iPhone; CPU iPhone OS 18_6 like Mac OS X) AppleWebKit/605.1.15 (KHTML, like Gecko) CriOS/150.0.0.0 Mobile/15E148 Safari/604.1"
52.80.183.178 - - [20/Sep/2026:20:15:07 +0200] "POST /wp-content/plugins/litespeed-cache/guest.vary.php HTTP/1.1" 403 6501 "https://grupo-seg.com/en/contact/" "Mozilla/5.0 (iPhone; CPU iPhone OS 18_6 like Mac OS X) AppleWebKit/605.1.15 (KHTML, like Gecko) CriOS/150.0.0.0 Mobile/15E148 Safari/604.1"
137.131.43.163 - - [20/Sep/2026:20:15:20 +0200] "GET //wp-includes/wlwmanifest.xml HTTP/1.1" 301 5686 "-" "Mozilla/5.0 (Windows NT 10.0; Win64; x64) AppleWebKit/537.36 (KHTML, like Gecko) Chrome/80.0.3987.149 Safari/537.36"
137.131.43.163 - - [20/Sep/2026:20:15:20 +0200] "GET //xmlrpc.php?rsd HTTP/1.1" 200 6259 "-" "Mozilla/5.0 (Windows NT 10.0; Win64; x64) AppleWebKit/537.36 (KHTML, like Gecko) Chrome/80.0.3987.149 Safari/537.36"
137.131.43.163 - - [20/Sep/2026:20:15:21 +0200] "GET //?author=1 HTTP/1.1" 404 73801 "-" "Mozilla/5.0 (Windows NT 10.0; Win64; x64) AppleWebKit/537.36 (KHTML, like Gecko) Chrome/80.0.3987.149 Safari/537.36"
137.131.43.163 - - [20/Sep/2026:20:15:22 +0200] "GET //?author=2 HTTP/1.1" 404 73801 "-" "Mozilla/5.0 (Windows NT 10.0; Win64; x64) AppleWebKit/537.36 (KHTML, like Gecko) Chrome/80.0.3987.149 Safari/537.36"
137.131.43.163 - - [20/Sep/2026:20:15:23 +0200] "GET //wp-json/wp/v2/users/ HTTP/1.1" 401 5951 "-" "Mozilla/5.0 (Windows NT 10.0; Win64; x64) AppleWebKit/537.36 (KHTML, like Gecko) Chrome/80.0.3987.149 Safari/537.36"
137.131.43.163 - - [20/Sep/2026:20:15:24 +0200] "GET //wp-json/oembed/1.0/embed?url=https://grupo-seg.com/ HTTP/1.1" 200 7829 "-" "Mozilla/5.0 (Windows NT 10.0; Win64; x64) AppleWebKit/537.36 (KHTML, like Gecko) Chrome/80.0.3987.149 Safari/537.36"
89.248.107.232 - - [20/Sep/2026:20:15:25 +0200] "POST /wp-cron.php?doing_wp_cron=1789928125.1430571079254150390625 HTTP/1.1" 200 5512 "-" "WordPress/6.6.2; https://grupo-seg.com"
137.131.43.163 - - [20/Sep/2026:20:15:24 +0200] "POST //xmlrpc.php HTTP/1.1" 200 5891 "-" "Mozilla/5.0 (Windows NT 10.0; Win64; x64) AppleWebKit/537.36 (KHTML, like Gecko) Chrome/80.0.3987.149 Safari/537.36"
89.248.107.232 - - [20/Sep/2026:20:15:25 +0200] "POST /wp-admin/admin-ajax.php?action=async_litespeed&nonce=16c258032d&litespeed_type=imgoptm HTTP/1.1" 200 5698 "-" "WordPress/6.6.2; https://grupo-seg.com"
137.131.43.163 - - [20/Sep/2026:20:15:25 +0200] "POST //xmlrpc.php HTTP/1.1" 503 25081 "-" "Mozilla/5.0 (Windows NT 10.0; Win64; x64) AppleWebKit/537.36 (KHTML, like Gecko) Chrome/80.0.3987.149 Safari/537.36"
89.248.107.232 - - [20/Sep/2026:20:15:31 +0200] "POST /wp-cron.php?doing_wp_cron=1789928131.2460279464721679687500 HTTP/1.1" 200 5512 "-" "WordPress/6.6.2; https://grupo-seg.com"
54.223.197.183 - - [20/Sep/2026:20:15:30 +0200] "GET /servicios/ HTTP/1.1" 200 193769 "-" "Mozilla/5.0 (Linux; Android 15; Pixel 9) AppleWebKit/537.36 (KHTML, like Gecko) Chrome/151.0.0.0 Mobile Safari/537.36"
89.248.107.232 - - [20/Sep/2026:20:15:31 +0200] "POST /wp-admin/admin-ajax.php?action=async_litespeed&nonce=16c258032d&litespeed_type=imgoptm HTTP/1.1" 200 5698 "-" "WordPress/6.6.2; https://grupo-seg.com"
54.223.197.183 - - [20/Sep/2026:20:15:32 +0200] "POST /wp-content/plugins/litespeed-cache/guest.vary.php HTTP/1.1" 403 6501 "https://grupo-seg.com/servicios/" "Mozilla/5.0 (Linux; Android 15; Pixel 9) AppleWebKit/537.36 (KHTML, like Gecko) Chrome/151.0.0.0 Mobile Safari/537.36"
89.248.107.232 - - [20/Sep/2026:20:15:55 +0200] "POST /wp-cron.php?doing_wp_cron=1789928155.8234009742736816406250 HTTP/1.1" 200 5512 "-" "WordPress/6.6.2; https://grupo-seg.com/en/"
54.222.131.82 - - [20/Sep/2026:20:15:55 +0200] "GET /en/nowadays/ HTTP/1.1" 200 137794 "-" "Mozilla/5.0 (iPhone; CPU iPhone OS 18_6 like Mac OS X) AppleWebKit/605.1.15 (KHTML, like Gecko) CriOS/150.0.0.0 Mobile/15E148 Safari/604.1"
54.222.131.82 - - [20/Sep/2026:20:15:57 +0200] "POST /wp-content/plugins/litespeed-cache/guest.vary.php HTTP/1.1" 403 6501 "https://grupo-seg.com/en/nowadays/" "Mozilla/5.0 (iPhone; CPU iPhone OS 18_6 like Mac OS X) AppleWebKit/605.1.15 (KHTML, like Gecko) CriOS/150.0.0.0 Mobile/15E148 Safari/604.1"
89.248.107.232 - - [20/Sep/2026:20:16:05 +0200] "POST /wp-cron.php?doing_wp_cron=1789928165.7222659587860107421875 HTTP/1.1" 200 5512 "-" "WordPress/6.6.2; https://grupo-seg.com"
54.245.165.42 - - [20/Sep/2026:20:16:05 +0200] "GET / HTTP/1.1" 200 165817 "-" "Mozilla/5.0 (Windows NT 10.0; Win64; x64) AppleWebKit/537.36 (KHTML, like Gecko) Chrome/85.0.4183.0 Safari/537.36 Some Company. inc admin.contact@gmail.com"
54.245.165.42 - - [20/Sep/2026:20:16:08 +0200] "GET /favicon.ico HTTP/1.1" 302 5672 "-" "Mozilla/5.0 (Windows NT 10.0; Win64; x64) AppleWebKit/537.36 (KHTML, like Gecko) Chrome/85.0.4183.0 Safari/537.36 Some Company. inc admin.contact@gmail.com"
54.245.165.42 - - [20/Sep/2026:20:16:08 +0200] "GET /wp-content/uploads/2021/07/cropped-SED_FAV-192x192.png HTTP/1.1" 200 646 "-" "Mozilla/5.0 (Windows NT 10.0; Win64; x64) AppleWebKit/537.36 (KHTML, like Gecko) Chrome/85.0.4183.0 Safari/537.36 Some Company. inc admin.contact@gmail.com"
54.245.165.42 - - [20/Sep/2026:20:16:08 +0200] "GET /wp-content/uploads/2021/07/cropped-SED_FAV-180x180.png HTTP/1.1" 200 609 "-" "Mozilla/5.0 (Windows NT 10.0; Win64; x64) AppleWebKit/537.36 (KHTML, like Gecko) Chrome/85.0.4183.0 Safari/537.36 Some Company. inc admin.contact@gmail.com"
54.245.165.42 - - [20/Sep/2026:20:16:09 +0200] "GET /wp-content/uploads/2021/07/cropped-SED_FAV-32x32.png HTTP/1.1" 200 199 "-" "Mozilla/5.0 (Windows NT 10.0; Win64; x64) AppleWebKit/537.36 (KHTML, like Gecko) Chrome/85.0.4183.0 Safari/537.36 Some Company. inc admin.contact@gmail.com"
54.245.165.42 - - [20/Sep/2026:20:16:09 +0200] "GET /wp-content/uploads/2021/07/cropped-SED_FAV-32x32.png HTTP/1.1" 200 199 "-" "Mozilla/5.0 (Windows NT 10.0; Win64; x64) AppleWebKit/537.36 (KHTML, like Gecko) Chrome/85.0.4183.0 Safari/537.36 Some Company. inc admin.contact@gmail.com"
54.222.237.251 - - [20/Sep/2026:20:16:20 +0200] "GET /wp-content/uploads/2025/01/SST-GRUPO-0013-2016-COMPLETO.pdf HTTP/2.0" 200 131072 "-" "Mozilla/5.0 (iPhone; CPU iPhone OS 18_3 like Mac OS X) AppleWebKit/605.1.15 (KHTML, like Gecko) CriOS/148.0.0.0 Mobile/15E148 Safari/604.1"
89.248.107.232 - - [20/Sep/2026:20:17:11 +0200] "POST /wp-cron.php?doing_wp_cron=1789928231.7752358913421630859375 HTTP/1.1" 200 5512 "-" "WordPress/6.6.2; https://grupo-seg.com/en/"
41.90.185.17 - - [20/Sep/2026:20:17:11 +0200] "GET /en HTTP/1.1" 301 5615 "https://alben4000.com/" "Mozilla/5.0 (X11; Linux x86_64; rv:121.0) Gecko/20100101 Firefox/121.0"
89.248.107.232 - - [20/Sep/2026:20:17:12 +0200] "POST /wp-admin/admin-ajax.php?action=async_litespeed&nonce=16c258032d&litespeed_type=imgoptm HTTP/1.1" 200 5698 "-" "WordPress/6.6.2; https://grupo-seg.com"
193.124.248.236 - - [20/Sep/2026:20:17:14 +0200] "GET /en/ HTTP/1.1" 200 165995 "https://alben4000.com/" "Mozilla/5.0 (X11; Linux x86_64; rv:121.0) Gecko/20100101 Firefox/121.0"
216.244.66.239 - - [20/Sep/2026:20:17:19 +0200] "GET /es/areas-de-actividad/edificacion-y-urbanismo/2-uncategorised/150-ofertas-de-empleo HTTP/1.1" 404 97611 "-" "Mozilla/5.0 (compatible; DotBot/1.2; +https://opensiteexplorer.org/dotbot; help@moz.com)"
89.248.107.232 - - [20/Sep/2026:20:18:30 +0200] "POST /wp-cron.php?doing_wp_cron=1789928310.8569419384002685546875 HTTP/1.1" 200 5512 "-" "WordPress/6.6.2; https://grupo-seg.com"
52.167.144.212 - - [20/Sep/2026:20:18:30 +0200] "GET /enfoque/ HTTP/1.1" 200 156923 "-" "Mozilla/5.0 AppleWebKit/537.36 (KHTML, like Gecko; compatible; bingbot/2.0; +http://www.bing.com/bingbot.htm) Chrome/116.0.1938.76 Safari/537.36"
89.248.107.232 - - [20/Sep/2026:20:18:31 +0200] "POST /wp-admin/admin-ajax.php?action=async_litespeed&nonce=16c258032d&litespeed_type=imgoptm HTTP/1.1" 200 5698 "-" "WordPress/6.6.2; https://grupo-seg.com"
89.248.107.232 - - [20/Sep/2026:20:18:56 +0200] "POST /wp-cron.php?doing_wp_cron=1789928336.4996740818023681640625 HTTP/1.1" 200 5512 "-" "WordPress/6.6.2; https://grupo-seg.com/en/"
51.195.183.181 - - [20/Sep/2026:20:18:56 +0200] "GET /en/author/javier/ HTTP/1.1" 200 116320 "-" "Mozilla/5.0 (compatible; AhrefsBot/7.0; +http://ahrefs.com/robot/)"
89.248.107.232 - - [20/Sep/2026:20:20:05 +0200] "POST /wp-cron.php?doing_wp_cron=1789928405.7203640937805175781250 HTTP/1.1" 200 5512 "-" "WordPress/6.6.2; https://grupo-seg.com/en/"
116.179.32.176 - - [20/Sep/2026:20:20:05 +0200] "GET /en/wp-json/oembed/1.0/embed?url=https%3A%2F%2Fgrupo-seg.com%2Fen%2Fcountries%2Fchile%2F&format=xml HTTP/1.1" 200 7987 "-" "Mozilla/5.0 (compatible; Baiduspider/2.0; +http://www.baidu.com/search/spider.html)"
89.248.107.232 - - [20/Sep/2026:20:20:06 +0200] "POST /wp-admin/admin-ajax.php?action=async_litespeed&nonce=16c258032d&litespeed_type=imgoptm HTTP/1.1" 200 5698 "-" "WordPress/6.6.2; https://grupo-seg.com"
64.89.161.90 - - [20/Sep/2026:20:20:56 +0200] "GET /filemanager/php/connector.php HTTP/1.1" 403 22902 "-" "ALittle Client"
89.248.107.232 - - [20/Sep/2026:20:21:15 +0200] "POST /?wordfence_syncAttackData=1789928475.2094 HTTP/1.1" 200 5452 "-" "WordPress/6.6.2; https://grupo-seg.com"
89.248.107.232 - - [20/Sep/2026:20:21:15 +0200] "POST /wp-cron.php?doing_wp_cron=1789928475.8728439807891845703125 HTTP/1.1" 200 5512 "-" "WordPress/6.6.2; https://grupo-seg.com"
173.239.240.251 - - [20/Sep/2026:20:21:14 +0200] "POST /wp-login.php HTTP/1.1" 503 25298 "-" "Mozilla/5.0 (Windows NT 10.0; Win64; rv:143.0) Gecko/20100101 Firefox/143.0"
89.248.107.232 - - [20/Sep/2026:20:21:16 +0200] "POST /wp-admin/admin-ajax.php?action=async_litespeed&nonce=16c258032d&litespeed_type=imgoptm HTTP/1.1" 200 5698 "-" "WordPress/6.6.2; https://grupo-seg.com"
43.158.91.71 - - [20/Sep/2026:20:21:20 +0200] "GET /wp-json/oembed/1.0/embed?url=https%3A%2F%2Fgrupo-seg.com%2Fproyectos%2F HTTP/1.1" 200 7836 "-" "Mozilla/5.0 (iPhone; CPU iPhone OS 13_2_3 like Mac OS X) AppleWebKit/605.1.15 (KHTML, like Gecko) Version/13.0.3 Mobile/15E148 Safari/604.1"
89.248.107.232 - - [20/Sep/2026:20:21:40 +0200] "POST /wp-cron.php?doing_wp_cron=1789928499.9535930156707763671875 HTTP/1.1" 200 5512 "-" "WordPress/6.6.2; https://grupo-seg.com"
45.74.3.160 - - [20/Sep/2026:20:21:39 +0200] "GET /es/nuestros-clientes/ HTTP/1.1" 404 97421 "https://grupo-seg.com/" "Mozilla/5.0 (Windows NT 10.0; Win64; x64) AppleWebKit/537.36 (KHTML, like Gecko) Chrome/132.0.0.0 Safari/537.36 OPR/117.0.0.0"
89.248.107.232 - - [20/Sep/2026:20:21:40 +0200] "POST /wp-admin/admin-ajax.php?action=async_litespeed&nonce=16c258032d&litespeed_type=imgoptm HTTP/1.1" 200 5698 "-" "WordPress/6.6.2; https://grupo-seg.com"
89.248.107.232 - - [20/Sep/2026:20:21:42 +0200] "POST /wp-cron.php?doing_wp_cron=1789928502.4168341159820556640625 HTTP/1.1" 200 5512 "-" "WordPress/6.6.2; https://grupo-seg.com"
45.74.3.160 - - [20/Sep/2026:20:21:42 +0200] "GET / HTTP/1.1" 200 165847 "-" "Mozilla/5.0 (Windows NT 10.0; Win64; x64) AppleWebKit/537.36 (KHTML, like Gecko) Chrome/132.0.0.0 Safari/537.36 OPR/117.0.0.0"
45.74.3.160 - - [20/Sep/2026:20:21:45 +0200] "GET /wp-login.php?action=register HTTP/1.1" 302 5790 "https://grupo-seg.com" "Mozilla/5.0 (Windows NT 6.3; Win64; x64) AppleWebKit/537.36 (KHTML, like Gecko) Chrome/103.0.0.0 Safari/537.36"
45.74.3.160 - - [20/Sep/2026:20:21:46 +0200] "GET /wp-login.php?registration=disabled HTTP/1.1" 200 13840 "https://grupo-seg.com/wp-login.php?action=register" "Mozilla/5.0 (Windows NT 6.3; Win64; x64) AppleWebKit/537.36 (KHTML, like Gecko) Chrome/103.0.0.0 Safari/537.36"
54.37.252.229 - - [20/Sep/2026:20:21:47 +0200] "GET /robots.txt HTTP/1.1" 301 5576 "-" "Mozilla/5.0 (compatible; MJ12bot/v1.4.8; http://mj12bot.com/)"
54.37.252.229 - - [20/Sep/2026:20:21:48 +0200] "GET /robots.txt HTTP/1.1" 200 5679 "-" "Mozilla/5.0 (compatible; MJ12bot/v1.4.8; http://mj12bot.com/)"
52.167.144.25 - - [20/Sep/2026:20:21:50 +0200] "GET /spiteful10/parj1ffn.html HTTP/1.1" 301 5683 "-" "Mozilla/5.0 AppleWebKit/537.36 (KHTML, like Gecko; compatible; bingbot/2.0; +http://www.bing.com/bingbot.htm) Chrome/116.0.1938.76 Safari/537.36"
54.37.252.229 - - [20/Sep/2026:20:21:51 +0200] "GET /controlsimultaneidad.html HTTP/1.1" 301 5684 "-" "Mozilla/5.0 (compatible; MJ12bot/v1.4.8; http://mj12bot.com/)"
89.248.107.232 - - [20/Sep/2026:20:21:54 +0200] "POST /wp-cron.php?doing_wp_cron=1789928514.0157210826873779296875 HTTP/1.1" 200 5512 "-" "WordPress/6.6.2; https://grupo-seg.com"
52.167.144.212 - - [20/Sep/2026:20:21:53 +0200] "GET /jrst527607sspdicduiorotdtp.htm HTTP/1.1" 404 99365 "-" "Mozilla/5.0 AppleWebKit/537.36 (KHTML, like Gecko; compatible; bingbot/2.0; +http://www.bing.com/bingbot.htm) Chrome/116.0.1938.76 Safari/537.36"
54.37.252.229 - - [20/Sep/2026:20:21:53 +0200] "GET /controlsimultaneidad.html HTTP/1.1" 404 99010 "-" "Mozilla/5.0 (compatible; MJ12bot/v1.4.8; http://mj12bot.com/)"
54.37.252.229 - - [20/Sep/2026:20:21:57 +0200] "GET /medio-ambiente.html HTTP/1.1" 301 5678 "-" "Mozilla/5.0 (compatible; MJ12bot/v1.4.8; http://mj12bot.com/)"
89.248.107.232 - - [20/Sep/2026:20:22:00 +0200] "POST /wp-cron.php?doing_wp_cron=1789928520.0612189769744873046875 HTTP/1.1" 200 5512 "-" "WordPress/6.6.2; https://grupo-seg.com"
54.37.252.229 - - [20/Sep/2026:20:21:59 +0200] "GET /medio-ambiente.html HTTP/1.1" 404 97436 "-" "Mozilla/5.0 (compatible; MJ12bot/v1.4.8; http://mj12bot.com/)"
89.248.107.232 - - [20/Sep/2026:20:22:56 +0200] "POST /wp-cron.php?doing_wp_cron=1789928576.8657569885253906250000 HTTP/1.1" 200 5512 "-" "WordPress/6.6.2; https://grupo-seg.com"
178.62.205.194 - - [20/Sep/2026:20:22:56 +0200] "GET / HTTP/1.1" 200 165847 "-" "Mozilla/5.0 (compatible; ForestEngine/1.0; +https://forestengine.net/)"
89.248.107.232 - - [20/Sep/2026:20:22:57 +0200] "POST /wp-admin/admin-ajax.php?action=async_litespeed&nonce=16c258032d&litespeed_type=imgoptm HTTP/1.1" 200 5698 "-" "WordPress/6.6.2; https://grupo-seg.com"
89.248.107.232 - - [20/Sep/2026:20:25:17 +0200] "POST /wp-cron.php?doing_wp_cron=1789928717.8437469005584716796875 HTTP/1.1" 200 5512 "-" "WordPress/6.6.2; https://grupo-seg.com"
34.65.60.212 - - [20/Sep/2026:20:25:17 +0200] "GET / HTTP/1.1" 301 5612 "-" "Mozilla/5.0 (X11; Linux x86_64) AppleWebKit/537.36 (KHTML, like Gecko) Chrome/131.0.0.0 Safari/537.36"
89.248.107.232 - - [20/Sep/2026:20:25:18 +0200] "POST /wp-admin/admin-ajax.php?action=async_litespeed&nonce=16c258032d&litespeed_type=imgoptm HTTP/1.1" 200 5698 "-" "WordPress/6.6.2; https://grupo-seg.com"
34.65.60.212 - - [20/Sep/2026:20:25:18 +0200] "GET / HTTP/1.1" 200 165847 "-" "Mozilla/5.0 (X11; Linux x86_64) AppleWebKit/537.36 (KHTML, like Gecko) Chrome/131.0.0.0 Safari/537.36"
176.123.9.124 - - [20/Sep/2026:20:25:20 +0200] "GET /wp-login.php HTTP/1.1" 200 13732 "-" "Mozilla/5.0 (Windows NT 10.0; Win64; x64; rv:119.0) Gecko/20100101 Firefox/119.0"
176.123.9.124 - - [20/Sep/2026:20:25:21 +0200] "GET /?author=1 HTTP/1.1" 404 73801 "https://www.google.com/" "Mozilla/5.0 (Macintosh; Intel Mac OS X 13_6_1) AppleWebKit/605.1.15 (KHTML, like Gecko) Version/16.6 Safari/605.1.15"
176.123.9.124 - - [20/Sep/2026:20:25:23 +0200] "GET /?author=2 HTTP/1.1" 404 73801 "https://t.co/" "Mozilla/5.0 (Windows NT 11.0; Win64; x64) AppleWebKit/537.36 (KHTML, like Gecko) Chrome/120.0.0.0 Safari/537.36"
176.123.9.124 - - [20/Sep/2026:20:25:24 +0200] "GET /?author=3 HTTP/1.1" 404 73801 "-" "Mozilla/5.0 (X11; Ubuntu; Linux x86_64) AppleWebKit/537.36 (KHTML, like Gecko) Chrome/118.0.0.0 Safari/537.36"
89.248.107.232 - - [20/Sep/2026:20:25:26 +0200] "POST /wp-cron.php?doing_wp_cron=1789928726.0362479686737060546875 HTTP/1.1" 200 5512 "-" "WordPress/6.6.2; https://grupo-seg.com"
176.123.9.124 - - [20/Sep/2026:20:25:25 +0200] "GET /?author=4 HTTP/1.1" 404 73801 "https://www.facebook.com/" "Mozilla/5.0 (X11; Ubuntu; Linux x86_64) AppleWebKit/537.36 (KHTML, like Gecko) Chrome/120.0.0.0 Safari/537.36"
89.248.107.232 - - [20/Sep/2026:20:25:26 +0200] "POST /wp-admin/admin-ajax.php?action=async_litespeed&nonce=16c258032d&litespeed_type=imgoptm HTTP/1.1" 200 5698 "-" "WordPress/6.6.2; https://grupo-seg.com"
176.123.9.124 - - [20/Sep/2026:20:25:26 +0200] "GET /?author=5 HTTP/1.1" 404 73801 "https://wordpress.org/" "Mozilla/5.0 (Macintosh; Intel Mac OS X 13_6_1; rv:121.0) Gecko/20100101 Firefox/121.0"
176.123.9.124 - - [20/Sep/2026:20:25:27 +0200] "GET /wp-json/wp/v2/users HTTP/1.1" 401 5951 "-" "Mozilla/5.0 (Macintosh; Intel Mac OS X 13_6_1) AppleWebKit/605.1.15 (KHTML, like Gecko) Version/17.2 Safari/605.1.15"
176.123.9.124 - - [20/Sep/2026:20:25:28 +0200] "GET /wp-admin/index.php HTTP/1.1" 302 5690 "https://seg-sa.es/wp-login.php" "Mozilla/5.0 (Macintosh; Intel Mac OS X 10_15_7) AppleWebKit/537.36 (KHTML, like Gecko) Chrome/120.0.0.0 Safari/537.36"
176.123.9.124 - - [20/Sep/2026:20:25:29 +0200] "GET /wp-login.php?redirect_to=https%3A%2F%2Fgrupo-seg.com%2Fwp-admin%2Findex.php&reauth=1 HTTP/1.1" 200 15705 "https://seg-sa.es/wp-login.php" "Mozilla/5.0 (Macintosh; Intel Mac OS X 10_15_7) AppleWebKit/537.36 (KHTML, like Gecko) Chrome/120.0.0.0 Safari/537.36"
176.123.9.124 - - [20/Sep/2026:20:25:30 +0200] "GET /wp-admin/index.php HTTP/1.1" 302 5690 "https://seg-sa.es/wp-login.php" "Mozilla/5.0 (Windows NT 11.0; Win64; x64; rv:118.0) Gecko/20100101 Firefox/118.0"
176.123.9.124 - - [20/Sep/2026:20:25:32 +0200] "GET /wp-login.php?redirect_to=https%3A%2F%2Fgrupo-seg.com%2Fwp-admin%2Findex.php&reauth=1 HTTP/1.1" 200 15705 "https://seg-sa.es/wp-login.php" "Mozilla/5.0 (Windows NT 11.0; Win64; x64; rv:118.0) Gecko/20100101 Firefox/118.0"
176.123.9.124 - - [20/Sep/2026:20:25:33 +0200] "GET /wp-admin/index.php HTTP/1.1" 302 5690 "https://seg-sa.es/wp-login.php" "Mozilla/5.0 (Macintosh; Intel Mac OS X 13_6_1; rv:121.0) Gecko/20100101 Firefox/121.0"
176.123.9.124 - - [20/Sep/2026:20:25:34 +0200] "GET /wp-login.php?redirect_to=https%3A%2F%2Fgrupo-seg.com%2Fwp-admin%2Findex.php&reauth=1 HTTP/1.1" 200 15705 "https://seg-sa.es/wp-login.php" "Mozilla/5.0 (Macintosh; Intel Mac OS X 13_6_1; rv:121.0) Gecko/20100101 Firefox/121.0"
176.123.9.124 - - [20/Sep/2026:20:25:35 +0200] "GET /wp-admin/index.php HTTP/1.1" 302 5690 "https://seg-sa.es/wp-login.php" "Mozilla/5.0 (Macintosh; Intel Mac OS X 10_15_7; rv:120.0) Gecko/20100101 Firefox/120.0"
176.123.9.124 - - [20/Sep/2026:20:25:36 +0200] "GET /wp-login.php?redirect_to=https%3A%2F%2Fgrupo-seg.com%2Fwp-admin%2Findex.php&reauth=1 HTTP/1.1" 200 15705 "https://seg-sa.es/wp-login.php" "Mozilla/5.0 (Macintosh; Intel Mac OS X 10_15_7; rv:120.0) Gecko/20100101 Firefox/120.0"
176.123.9.124 - - [20/Sep/2026:20:25:37 +0200] "GET /wp-admin/index.php HTTP/1.1" 302 5690 "https://seg-sa.es/wp-login.php" "Mozilla/5.0 (Macintosh; Intel Mac OS X 10_15_7; rv:120.0) Gecko/20100101 Firefox/120.0"
176.123.9.124 - - [20/Sep/2026:20:25:38 +0200] "GET /wp-login.php?redirect_to=https%3A%2F%2Fgrupo-seg.com%2Fwp-admin%2Findex.php&reauth=1 HTTP/1.1" 200 15705 "https://seg-sa.es/wp-login.php" "Mozilla/5.0 (Macintosh; Intel Mac OS X 10_15_7; rv:120.0) Gecko/20100101 Firefox/120.0"
89.248.107.232 - - [20/Sep/2026:20:25:40 +0200] "POST /wp-cron.php?doing_wp_cron=1789928740.7629890441894531250000 HTTP/1.1" 200 5512 "-" "WordPress/6.6.2; https://grupo-seg.com"
176.123.9.124 - - [20/Sep/2026:20:25:39 +0200] "GET /wp-admin/index.php HTTP/1.1" 302 5690 "https://seg-sa.es/wp-login.php" "Mozilla/5.0 (Macintosh; Intel Mac OS X 13_6_1) AppleWebKit/537.36 (KHTML, like Gecko) Chrome/121.0.0.0 Safari/537.36"
176.123.9.124 - - [20/Sep/2026:20:25:41 +0200] "GET /wp-login.php?redirect_to=https%3A%2F%2Fgrupo-seg.com%2Fwp-admin%2Findex.php&reauth=1 HTTP/1.1" 200 15705 "https://seg-sa.es/wp-login.php" "Mozilla/5.0 (Macintosh; Intel Mac OS X 13_6_1) AppleWebKit/537.36 (KHTML, like Gecko) Chrome/121.0.0.0 Safari/537.36"
89.248.107.232 - - [20/Sep/2026:20:25:43 +0200] "POST /wp-cron.php?doing_wp_cron=1789928743.0027821063995361328125 HTTP/1.1" 200 5512 "-" "WordPress/6.6.2; https://grupo-seg.com"
176.123.9.124 - - [20/Sep/2026:20:25:42 +0200] "GET /wp-admin/index.php HTTP/1.1" 302 5690 "https://seg-sa.es/wp-login.php" "Mozilla/5.0 (Macintosh; Intel Mac OS X 13_6_1) AppleWebKit/605.1.15 (KHTML, like Gecko) Version/17.2 Safari/605.1.15"
176.123.9.124 - - [20/Sep/2026:20:25:43 +0200] "GET /wp-login.php?redirect_to=https%3A%2F%2Fgrupo-seg.com%2Fwp-admin%2Findex.php&reauth=1 HTTP/1.1" 200 15705 "https://seg-sa.es/wp-login.php" "Mozilla/5.0 (Macintosh; Intel Mac OS X 13_6_1) AppleWebKit/605.1.15 (KHTML, like Gecko) Version/17.2 Safari/605.1.15"
176.123.9.124 - - [20/Sep/2026:20:25:44 +0200] "GET /wp-admin/index.php HTTP/1.1" 302 5690 "https://seg-sa.es/wp-login.php" "Mozilla/5.0 (Macintosh; Intel Mac OS X 13_6_1; rv:119.0) Gecko/20100101 Firefox/119.0"
176.123.9.124 - - [20/Sep/2026:20:25:45 +0200] "GET /wp-login.php?redirect_to=https%3A%2F%2Fgrupo-seg.com%2Fwp-admin%2Findex.php&reauth=1 HTTP/1.1" 200 15705 "https://seg-sa.es/wp-login.php" "Mozilla/5.0 (Macintosh; Intel Mac OS X 13_6_1; rv:119.0) Gecko/20100101 Firefox/119.0"
176.123.9.124 - - [20/Sep/2026:20:25:46 +0200] "GET /wp-admin/index.php HTTP/1.1" 302 5690 "https://seg-sa.es/wp-login.php" "Mozilla/5.0 (Macintosh; Intel Mac OS X 13_6_1; rv:120.0) Gecko/20100101 Firefox/120.0"
176.123.9.124 - - [20/Sep/2026:20:25:47 +0200] "GET /wp-login.php?redirect_to=https%3A%2F%2Fgrupo-seg.com%2Fwp-admin%2Findex.php&reauth=1 HTTP/1.1" 200 15705 "https://seg-sa.es/wp-login.php" "Mozilla/5.0 (Macintosh; Intel Mac OS X 13_6_1; rv:120.0) Gecko/20100101 Firefox/120.0"
176.123.9.124 - - [20/Sep/2026:20:25:48 +0200] "GET /wp-admin/index.php HTTP/1.1" 302 5690 "https://seg-sa.es/wp-login.php" "Mozilla/5.0 (Windows NT 11.0; Win64; x64) AppleWebKit/537.36 (KHTML, like Gecko) Chrome/118.0.0.0 Safari/537.36"
176.123.9.124 - - [20/Sep/2026:20:25:49 +0200] "GET /wp-login.php?redirect_to=https%3A%2F%2Fgrupo-seg.com%2Fwp-admin%2Findex.php&reauth=1 HTTP/1.1" 200 15705 "https://seg-sa.es/wp-login.php" "Mozilla/5.0 (Windows NT 11.0; Win64; x64) AppleWebKit/537.36 (KHTML, like Gecko) Chrome/118.0.0.0 Safari/537.36"
176.123.9.124 - - [20/Sep/2026:20:25:50 +0200] "GET /wp-admin/index.php HTTP/1.1" 302 5690 "https://seg-sa.es/wp-login.php" "Mozilla/5.0 (Windows NT 10.0; Win64; x64) AppleWebKit/537.36 (KHTML, like Gecko) Chrome/120.0.0.0 Safari/537.36"
176.123.9.124 - - [20/Sep/2026:20:25:51 +0200] "GET /wp-login.php?redirect_to=https%3A%2F%2Fgrupo-seg.com%2Fwp-admin%2Findex.php&reauth=1 HTTP/1.1" 200 15705 "https://seg-sa.es/wp-login.php" "Mozilla/5.0 (Windows NT 10.0; Win64; x64) AppleWebKit/537.36 (KHTML, like Gecko) Chrome/120.0.0.0 Safari/537.36"
176.123.9.124 - - [20/Sep/2026:20:25:52 +0200] "GET /wp-admin/index.php HTTP/1.1" 302 5690 "https://seg-sa.es/wp-login.php" "Mozilla/5.0 (Macintosh; Intel Mac OS X 13_6_1; rv:121.0) Gecko/20100101 Firefox/121.0"
89.248.107.232 - - [20/Sep/2026:20:25:54 +0200] "POST /wp-cron.php?doing_wp_cron=1789928754.1948130130767822265625 HTTP/1.1" 200 5512 "-" "WordPress/6.6.2; https://grupo-seg.com"
176.123.9.124 - - [20/Sep/2026:20:25:53 +0200] "GET /wp-login.php?redirect_to=https%3A%2F%2Fgrupo-seg.com%2Fwp-admin%2Findex.php&reauth=1 HTTP/1.1" 200 15705 "https://seg-sa.es/wp-login.php" "Mozilla/5.0 (Macintosh; Intel Mac OS X 13_6_1; rv:121.0) Gecko/20100101 Firefox/121.0"
176.123.9.124 - - [20/Sep/2026:20:25:54 +0200] "GET /wp-admin/index.php HTTP/1.1" 302 5690 "https://seg-sa.es/wp-login.php" "Mozilla/5.0 (Windows NT 10.0; Win64; x64; rv:120.0) Gecko/20100101 Firefox/120.0"
176.123.9.124 - - [20/Sep/2026:20:25:55 +0200] "GET /wp-login.php?redirect_to=https%3A%2F%2Fgrupo-seg.com%2Fwp-admin%2Findex.php&reauth=1 HTTP/1.1" 200 15705 "https://seg-sa.es/wp-login.php" "Mozilla/5.0 (Windows NT 10.0; Win64; x64; rv:120.0) Gecko/20100101 Firefox/120.0"
176.123.9.124 - - [20/Sep/2026:20:25:56 +0200] "GET /wp-admin/index.php HTTP/1.1" 302 5690 "https://seg-sa.es/wp-login.php" "Mozilla/5.0 (Macintosh; Intel Mac OS X 13_6_1; rv:121.0) Gecko/20100101 Firefox/121.0"
176.123.9.124 - - [20/Sep/2026:20:25:58 +0200] "GET /wp-login.php?redirect_to=https%3A%2F%2Fgrupo-seg.com%2Fwp-admin%2Findex.php&reauth=1 HTTP/1.1" 200 15705 "https://seg-sa.es/wp-login.php" "Mozilla/5.0 (Macintosh; Intel Mac OS X 13_6_1; rv:121.0) Gecko/20100101 Firefox/121.0"
89.248.107.232 - - [20/Sep/2026:20:26:00 +0200] "POST /wp-cron.php?doing_wp_cron=1789928760.0378301143646240234375 HTTP/1.1" 200 5512 "-" "WordPress/6.6.2; https://grupo-seg.com"
176.123.9.124 - - [20/Sep/2026:20:25:59 +0200] "GET /wp-admin/index.php HTTP/1.1" 302 5690 "https://seg-sa.es/wp-login.php" "Mozilla/5.0 (Macintosh; Intel Mac OS X 13_6_1) AppleWebKit/605.1.15 (KHTML, like Gecko) Version/17.1 Safari/605.1.15"
176.123.9.124 - - [20/Sep/2026:20:26:00 +0200] "GET /wp-login.php?redirect_to=https%3A%2F%2Fgrupo-seg.com%2Fwp-admin%2Findex.php&reauth=1 HTTP/1.1" 200 15705 "https://seg-sa.es/wp-login.php" "Mozilla/5.0 (Macintosh; Intel Mac OS X 13_6_1) AppleWebKit/605.1.15 (KHTML, like Gecko) Version/17.1 Safari/605.1.15"
176.123.9.124 - - [20/Sep/2026:20:26:01 +0200] "GET /wp-admin/index.php HTTP/1.1" 302 5690 "https://seg-sa.es/wp-login.php" "Mozilla/5.0 (Macintosh; Intel Mac OS X 10_15_7) AppleWebKit/605.1.15 (KHTML, like Gecko) Version/16.6 Safari/605.1.15"
89.248.107.232 - - [20/Sep/2026:20:26:03 +0200] "POST /wp-cron.php?doing_wp_cron=1789928763.0093750953674316406250 HTTP/1.1" 200 5512 "-" "WordPress/6.6.2; https://grupo-seg.com"
176.123.9.124 - - [20/Sep/2026:20:26:02 +0200] "GET /wp-login.php?redirect_to=https%3A%2F%2Fgrupo-seg.com%2Fwp-admin%2Findex.php&reauth=1 HTTP/1.1" 200 15705 "https://seg-sa.es/wp-login.php" "Mozilla/5.0 (Macintosh; Intel Mac OS X 10_15_7) AppleWebKit/605.1.15 (KHTML, like Gecko) Version/16.6 Safari/605.1.15"
176.123.9.124 - - [20/Sep/2026:20:26:03 +0200] "GET /wp-admin/index.php HTTP/1.1" 302 5690 "https://seg-sa.es/wp-login.php" "Mozilla/5.0 (Macintosh; Intel Mac OS X 13_6_1) AppleWebKit/605.1.15 (KHTML, like Gecko) Version/17.0 Safari/605.1.15"
176.123.9.124 - - [20/Sep/2026:20:26:04 +0200] "GET /wp-login.php?redirect_to=https%3A%2F%2Fgrupo-seg.com%2Fwp-admin%2Findex.php&reauth=1 HTTP/1.1" 200 15705 "https://seg-sa.es/wp-login.php" "Mozilla/5.0 (Macintosh; Intel Mac OS X 13_6_1) AppleWebKit/605.1.15 (KHTML, like Gecko) Version/17.0 Safari/605.1.15"
176.123.9.124 - - [20/Sep/2026:20:26:05 +0200] "GET /wp-admin/index.php HTTP/1.1" 302 5690 "https://seg-sa.es/wp-login.php" "Mozilla/5.0 (X11; Linux x86_64) AppleWebKit/537.36 (KHTML, like Gecko) Chrome/118.0.0.0 Safari/537.36"
176.123.9.124 - - [20/Sep/2026:20:26:07 +0200] "GET /wp-login.php?redirect_to=https%3A%2F%2Fgrupo-seg.com%2Fwp-admin%2Findex.php&reauth=1 HTTP/1.1" 200 15705 "https://seg-sa.es/wp-login.php" "Mozilla/5.0 (X11; Linux x86_64) AppleWebKit/537.36 (KHTML, like Gecko) Chrome/118.0.0.0 Safari/537.36"
176.123.9.124 - - [20/Sep/2026:20:26:08 +0200] "GET /wp-admin/index.php HTTP/1.1" 302 5690 "https://seg-sa.es/wp-login.php" "Mozilla/5.0 (Windows NT 10.0; Win64; x64; rv:119.0) Gecko/20100101 Firefox/119.0"
176.123.9.124 - - [20/Sep/2026:20:26:09 +0200] "GET /wp-login.php?redirect_to=https%3A%2F%2Fgrupo-seg.com%2Fwp-admin%2Findex.php&reauth=1 HTTP/1.1" 200 15705 "https://seg-sa.es/wp-login.php" "Mozilla/5.0 (Windows NT 10.0; Win64; x64; rv:119.0) Gecko/20100101 Firefox/119.0"
176.123.9.124 - - [20/Sep/2026:20:26:10 +0200] "GET /wp-admin/index.php HTTP/1.1" 302 5690 "https://seg-sa.es/wp-login.php" "Mozilla/5.0 (Macintosh; Intel Mac OS X 10_15_7) AppleWebKit/537.36 (KHTML, like Gecko) Chrome/118.0.0.0 Safari/537.36"
176.123.9.124 - - [20/Sep/2026:20:26:11 +0200] "GET /wp-login.php?redirect_to=https%3A%2F%2Fgrupo-seg.com%2Fwp-admin%2Findex.php&reauth=1 HTTP/1.1" 200 15705 "https://seg-sa.es/wp-login.php" "Mozilla/5.0 (Macintosh; Intel Mac OS X 10_15_7) AppleWebKit/537.36 (KHTML, like Gecko) Chrome/118.0.0.0 Safari/537.36"
176.123.9.124 - - [20/Sep/2026:20:26:12 +0200] "GET /wp-admin/index.php HTTP/1.1" 302 5690 "https://seg-sa.es/wp-login.php" "Mozilla/5.0 (Macintosh; Intel Mac OS X 13_6_1; rv:121.0) Gecko/20100101 Firefox/121.0"
176.123.9.124 - - [20/Sep/2026:20:26:13 +0200] "GET /wp-login.php?redirect_to=https%3A%2F%2Fgrupo-seg.com%2Fwp-admin%2Findex.php&reauth=1 HTTP/1.1" 200 15705 "https://seg-sa.es/wp-login.php" "Mozilla/5.0 (Macintosh; Intel Mac OS X 13_6_1; rv:121.0) Gecko/20100101 Firefox/121.0"
89.248.107.232 - - [20/Sep/2026:20:26:15 +0200] "POST /wp-cron.php?doing_wp_cron=1789928775.8739190101623535156250 HTTP/1.1" 200 5512 "-" "WordPress/6.6.2; https://grupo-seg.com"
