89.248.107.232 - - [21/Sep/2026:00:08:51 +0200] "POST /wp-cron.php?doing_wp_cron=1789942131.5214400291442871093750 HTTP/1.1" 200 5512 "-" "WordPress/6.6.2; https://grupo-seg.com"
129.146.188.65 - - [21/Sep/2026:00:08:51 +0200] "GET / HTTP/1.1" 200 165817 "-" "Go-http-client/1.1"
89.248.107.232 - - [21/Sep/2026:00:08:52 +0200] "POST /wp-admin/admin-ajax.php?action=async_litespeed&nonce=16c258032d&litespeed_type=imgoptm HTTP/1.1" 200 5698 "-" "WordPress/6.6.2; https://grupo-seg.com"
129.146.188.65 - - [21/Sep/2026:00:08:53 +0200] "GET /inputs.php HTTP/1.1" 404 97421 "http://grupo-seg.com/inputs.php" "Go-http-client/2.0"
89.248.107.232 - - [21/Sep/2026:00:08:55 +0200] "POST /wp-cron.php?doing_wp_cron=1789942134.9608910083770751953125 HTTP/1.1" 200 5512 "-" "WordPress/6.6.2; https://grupo-seg.com"
129.146.188.65 - - [21/Sep/2026:00:08:54 +0200] "GET /.well-known/core.php HTTP/1.1" 404 97421 "http://grupo-seg.com/.well-known/core.php" "Go-http-client/2.0"
129.146.188.65 - - [21/Sep/2026:00:08:56 +0200] "GET /wp-content/users.php HTTP/1.1" 404 97436 "http://grupo-seg.com/wp-content/users.php" "Go-http-client/2.0"
129.146.188.65 - - [21/Sep/2026:00:08:57 +0200] "GET /wp-content/wp-activate.php HTTP/1.1" 404 97436 "http://grupo-seg.com/wp-content/wp-activate.php" "Go-http-client/2.0"
129.146.188.65 - - [21/Sep/2026:00:08:58 +0200] "GET /num.php HTTP/1.1" 403 6501 "http://grupo-seg.com/num.php" "Go-http-client/2.0"
129.146.188.65 - - [21/Sep/2026:00:08:59 +0200] "GET /app.php HTTP/1.1" 403 6501 "http://grupo-seg.com/app.php" "Go-http-client/2.0"
129.146.188.65 - - [21/Sep/2026:00:08:59 +0200] "GET /wp-includes/php-compat/ HTTP/1.1" 403 6501 "http://grupo-seg.com/wp-includes/php-compat/" "Go-http-client/2.0"
129.146.188.65 - - [21/Sep/2026:00:08:59 +0200] "GET /wp-includes/js/codemirror/config.php HTTP/1.1" 403 6501 "http://grupo-seg.com/wp-includes/js/codemirror/config.php" "Go-http-client/2.0"
129.146.188.65 - - [21/Sep/2026:00:09:00 +0200] "GET /wp-content/test.php HTTP/1.1" 403 6501 "http://grupo-seg.com/wp-content/test.php" "Go-http-client/2.0"
129.146.188.65 - - [21/Sep/2026:00:09:00 +0200] "GET /wp-includes/header.php HTTP/1.1" 403 6501 "http://grupo-seg.com/wp-includes/header.php" "Go-http-client/2.0"
129.146.188.65 - - [21/Sep/2026:00:09:00 +0200] "GET /wp-includes/block-bindings/system_core.php HTTP/1.1" 403 6501 "http://grupo-seg.com/wp-includes/block-bindings/system_core.php" "Go-http-client/2.0"
129.146.188.65 - - [21/Sep/2026:00:09:00 +0200] "GET /system_core.php HTTP/1.1" 403 6501 "http://grupo-seg.com/system_core.php" "Go-http-client/2.0"
89.248.107.232 - - [21/Sep/2026:00:10:33 +0200] "POST /wp-cron.php?doing_wp_cron=1789942233.0809090137481689453125 HTTP/1.1" 200 5512 "-" "WordPress/6.6.2; https://grupo-seg.com"
9.129.24.10 - - [21/Sep/2026:00:10:32 +0200] "GET / HTTP/1.1" 200 165817 "-" "Mozilla/5.0 AppleWebKit/537.36 (KHTML, like Gecko); compatible; ChatGPT-User/1.0; +https://openai.com/bot"
89.248.107.232 - - [21/Sep/2026:00:10:33 +0200] "POST /wp-admin/admin-ajax.php?action=async_litespeed&nonce=16c258032d&litespeed_type=imgoptm HTTP/1.1" 200 5698 "-" "WordPress/6.6.2; https://grupo-seg.com"
89.248.107.232 - - [21/Sep/2026:00:10:42 +0200] "POST /wp-cron.php?doing_wp_cron=1789942242.2085440158843994140625 HTTP/1.1" 200 5512 "-" "WordPress/6.6.2; https://grupo-seg.com"
43.132.214.228 - - [21/Sep/2026:00:10:41 +0200] "GET /contacto/ HTTP/1.1" 200 190803 "-" "Mozilla/5.0 (iPhone; CPU iPhone OS 13_2_3 like Mac OS X) AppleWebKit/605.1.15 (KHTML, like Gecko) Version/13.0.3 Mobile/15E148 Safari/604.1"
116.179.32.200 - - [21/Sep/2026:00:11:26 +0200] "GET /wp-content/uploads/2024/01/IMG_0377-800x800.jpg HTTP/2.0" 200 133382 "-" "Baiduspider-image+(+http://www.baidu.com/search/spider.htm)"
89.248.107.232 - - [21/Sep/2026:00:12:19 +0200] "POST /wp-cron.php?doing_wp_cron=1789942339.8588500022888183593750 HTTP/1.1" 200 5512 "-" "WordPress/6.6.2; https://grupo-seg.com"
173.239.240.236 - - [21/Sep/2026:00:12:19 +0200] "POST /wp-login.php HTTP/1.1" 503 25298 "-" "Mozilla/5.0 (Macintosh; Intel Mac OS X 10_15_7) AppleWebKit/605.1.15 Version/17.0 Safari/605.1.15"
89.248.107.232 - - [21/Sep/2026:00:12:20 +0200] "POST /wp-admin/admin-ajax.php?action=async_litespeed&nonce=16c258032d&litespeed_type=imgoptm HTTP/1.1" 200 5698 "-" "WordPress/6.6.2; https://grupo-seg.com"
80.102.241.145 - - [21/Sep/2026:00:13:46 +0200] "POST /wp-content/plugins/litespeed-cache/guest.vary.php HTTP/1.1" 403 6501 "https://grupo-seg.com/informacion-general/" "Mozilla/5.0 (iPhone; CPU iPhone OS 18_7 like Mac OS X) AppleWebKit/605.1.15 (KHTML, like Gecko) Version/26.6.1 Mobile/15E148 Safari/604.1"
129.146.188.65 - - [21/Sep/2026:00:19:02 +0200] "GET /wp-content/themes/twentytwentyone/template-parts/ HTTP/1.1" 403 6501 "http://grupo-seg.com/wp-content/themes/twentytwentyone/template-parts/" "Go-http-client/2.0"
89.248.107.232 - - [21/Sep/2026:00:19:02 +0200] "POST /wp-cron.php?doing_wp_cron=1789942742.7574460506439208984375 HTTP/1.1" 200 5512 "-" "WordPress/6.6.2; https://grupo-seg.com"
129.146.188.65 - - [21/Sep/2026:00:19:02 +0200] "GET /wp-includes/PHPMailer/widgets/ HTTP/1.1" 404 97626 "http://grupo-seg.com/wp-includes/PHPMailer/widgets/" "Go-http-client/2.0"
89.248.107.232 - - [21/Sep/2026:00:19:03 +0200] "POST /wp-admin/admin-ajax.php?action=async_litespeed&nonce=16c258032d&litespeed_type=imgoptm HTTP/1.1" 200 5698 "-" "WordPress/6.6.2; https://grupo-seg.com"
129.146.188.65 - - [21/Sep/2026:00:19:04 +0200] "GET /wp-includes/blocks/social-links/ HTTP/1.1" 403 6501 "http://grupo-seg.com/wp-includes/blocks/social-links/" "Go-http-client/2.0"
129.146.188.65 - - [21/Sep/2026:00:19:04 +0200] "GET /ab.php HTTP/1.1" 403 6501 "http://grupo-seg.com/ab.php" "Go-http-client/2.0"
129.146.188.65 - - [21/Sep/2026:00:19:04 +0200] "GET /wp-includes/blocks/navigation-submenu/ HTTP/1.1" 403 6501 "http://grupo-seg.com/wp-includes/blocks/navigation-submenu/" "Go-http-client/2.0"
129.146.188.65 - - [21/Sep/2026:00:19:04 +0200] "GET /wp-includes/blocks/paragraph/ HTTP/1.1" 403 6501 "http://grupo-seg.com/wp-includes/blocks/paragraph/" "Go-http-client/2.0"
129.146.188.65 - - [21/Sep/2026:00:19:05 +0200] "GET /aa.php HTTP/1.1" 403 6501 "http://grupo-seg.com/aa.php" "Go-http-client/2.0"
129.146.188.65 - - [21/Sep/2026:00:19:05 +0200] "GET /wp-includes/blocks/video/ HTTP/1.1" 403 6501 "http://grupo-seg.com/wp-includes/blocks/video/" "Go-http-client/2.0"
129.146.188.65 - - [21/Sep/2026:00:19:05 +0200] "GET /wp-content/packed.php HTTP/1.1" 403 6501 "http://grupo-seg.com/wp-content/packed.php" "Go-http-client/2.0"
129.146.188.65 - - [21/Sep/2026:00:19:06 +0200] "GET /wp-good.php HTTP/1.1" 403 6501 "http://grupo-seg.com/wp-good.php" "Go-http-client/2.0"
129.146.188.65 - - [21/Sep/2026:00:19:06 +0200] "GET /wp-includes/IXR/ HTTP/1.1" 403 6501 "http://grupo-seg.com/wp-includes/IXR/" "Go-http-client/2.0"
129.146.188.65 - - [21/Sep/2026:00:19:06 +0200] "GET /wp-includes/Text/Diff/Engine/ HTTP/1.1" 403 6501 "http://grupo-seg.com/wp-includes/Text/Diff/Engine/" "Go-http-client/2.0"
129.146.188.65 - - [21/Sep/2026:00:19:07 +0200] "GET /wp-content/languages/ HTTP/1.1" 403 6501 "http://grupo-seg.com/wp-content/languages/" "Go-http-client/2.0"
129.146.188.65 - - [21/Sep/2026:00:19:07 +0200] "GET /wp-admin/about.php HTTP/1.1" 403 6501 "http://grupo-seg.com/wp-admin/about.php" "Go-http-client/2.0"
129.146.188.65 - - [21/Sep/2026:00:19:07 +0200] "GET /wp-includes/rest-api/ HTTP/1.1" 403 6501 "http://grupo-seg.com/wp-includes/rest-api/" "Go-http-client/2.0"
129.146.188.65 - - [21/Sep/2026:00:19:08 +0200] "GET /wp-includes/blocks/group/ HTTP/1.1" 403 6501 "http://grupo-seg.com/wp-includes/blocks/group/" "Go-http-client/2.0"
89.248.107.232 - - [21/Sep/2026:00:19:59 +0200] "POST /wp-cron.php?doing_wp_cron=1789942799.2381539344787597656250 HTTP/1.1" 200 5512 "-" "WordPress/6.6.2; https://grupo-seg.com"
43.152.72.247 - - [21/Sep/2026:00:19:58 +0200] "GET / HTTP/1.1" 200 156989 "https://seg-sa.es/" "Mozilla/5.0 (iPhone; CPU iPhone OS 13_2_3 like Mac OS X) AppleWebKit/605.1.15 (KHTML, like Gecko) Version/13.0.3 Mobile/15E148 Safari/604.1"
89.248.107.232 - - [21/Sep/2026:00:20:00 +0200] "POST /wp-admin/admin-ajax.php?action=async_litespeed&nonce=16c258032d&litespeed_type=imgoptm HTTP/1.1" 200 5698 "-" "WordPress/6.6.2; https://grupo-seg.com"
89.248.107.232 - - [21/Sep/2026:00:20:25 +0200] "POST /wp-cron.php?doing_wp_cron=1789942825.6287920475006103515625 HTTP/1.1" 200 5512 "-" "WordPress/6.6.2; https://grupo-seg.com"
57.128.181.231 - - [21/Sep/2026:00:20:25 +0200] "GET / HTTP/1.1" 200 165817 "-" "Mozilla/5.0 (Macintosh; Intel Mac OS X 10_15_7) AppleWebKit/537.36 (KHTML, like Gecko) Chrome/124.0 Safari/537.36"
89.248.107.232 - - [21/Sep/2026:00:20:26 +0200] "POST /wp-admin/admin-ajax.php?action=async_litespeed&nonce=16c258032d&litespeed_type=imgoptm HTTP/1.1" 200 5698 "-" "WordPress/6.6.2; https://grupo-seg.com"
57.128.181.231 - - [21/Sep/2026:00:20:26 +0200] "GET /sobre-nosotros/ HTTP/1.1" 200 257564 "-" "Mozilla/5.0 (Macintosh; Intel Mac OS X 10_15_7) AppleWebKit/537.36 (KHTML, like Gecko) Chrome/124.0 Safari/537.36"
57.128.181.231 - - [21/Sep/2026:00:20:28 +0200] "GET /servicios/ HTTP/1.1" 200 202602 "-" "Mozilla/5.0 (Macintosh; Intel Mac OS X 10_15_7) AppleWebKit/537.36 (KHTML, like Gecko) Chrome/124.0 Safari/537.36"
57.128.181.231 - - [21/Sep/2026:00:20:29 +0200] "GET /proyectos/ HTTP/1.1" 200 975279 "-" "Mozilla/5.0 (Macintosh; Intel Mac OS X 10_15_7) AppleWebKit/537.36 (KHTML, like Gecko) Chrome/124.0 Safari/537.36"
89.248.107.232 - - [21/Sep/2026:00:21:09 +0200] "POST /wp-cron.php?doing_wp_cron=1789942869.1800680160522460937500 HTTP/1.1" 200 5512 "-" "WordPress/6.6.2; https://grupo-seg.com"
34.96.41.75 - - [21/Sep/2026:00:21:08 +0200] "HEAD / HTTP/1.1" 200 5715 "-" "Mozilla/5.0 (Windows NT 10.0; Win64; x64) AppleWebKit/537.36 (KHTML, like Gecko) Chrome/110.0.0.0 Safari/537.36"
89.248.107.232 - - [21/Sep/2026:00:23:00 +0200] "POST /wp-cron.php?doing_wp_cron=1789942980.3203530311584472656250 HTTP/1.1" 200 5512 "-" "WordPress/6.6.2; https://grupo-seg.com"
40.77.167.116 - - [21/Sep/2026:00:22:59 +0200] "GET /ihve124009dsgtioo/buzon-sugerencias.html HTTP/1.1" 404 97436 "-" "Mozilla/5.0 AppleWebKit/537.36 (KHTML, like Gecko; compatible; bingbot/2.0; +http://www.bing.com/bingbot.htm) Chrome/116.0.1938.76 Safari/537.36"
89.248.107.232 - - [21/Sep/2026:00:23:01 +0200] "POST /wp-admin/admin-ajax.php?action=async_litespeed&nonce=16c258032d&litespeed_type=imgoptm HTTP/1.1" 200 5698 "-" "WordPress/6.6.2; https://grupo-seg.com"
89.248.107.232 - - [21/Sep/2026:00:23:42 +0200] "POST /wp-cron.php?doing_wp_cron=1789943022.3364019393920898437500 HTTP/1.1" 200 5512 "-" "WordPress/6.6.2; https://grupo-seg.com"
40.77.167.158 - - [21/Sep/2026:00:23:41 +0200] "GET /kurosusupesushito/0007007560.html HTTP/1.1" 301 5692 "-" "Mozilla/5.0 AppleWebKit/537.36 (KHTML, like Gecko; compatible; bingbot/2.0; +http://www.bing.com/bingbot.htm) Chrome/116.0.1938.76 Safari/537.36"
89.248.107.232 - - [21/Sep/2026:00:23:42 +0200] "POST /wp-admin/admin-ajax.php?action=async_litespeed&nonce=16c258032d&litespeed_type=imgoptm HTTP/1.1" 200 5698 "-" "WordPress/6.6.2; https://grupo-seg.com"
89.248.107.232 - - [21/Sep/2026:00:25:12 +0200] "POST /wp-cron.php?doing_wp_cron=1789943112.3874149322509765625000 HTTP/1.1" 200 5512 "-" "WordPress/6.6.2; https://grupo-seg.com"
109.92.89.238 - - [21/Sep/2026:00:25:11 +0200] "GET /wp-login.php HTTP/1.1" 200 13732 "-" "Mozilla/5.0 (Macintosh; Intel Mac OS X 10_15_7) AppleWebKit/537.36 (KHTML, like Gecko) Chrome/150.0.0.0 Safari/537.36"
89.248.107.232 - - [21/Sep/2026:00:25:13 +0200] "POST /wp-admin/admin-ajax.php?action=async_litespeed&nonce=16c258032d&litespeed_type=imgoptm HTTP/1.1" 200 5698 "-" "WordPress/6.6.2; https://grupo-seg.com"
109.92.89.238 - - [21/Sep/2026:00:25:12 +0200] "POST /wp-login.php HTTP/1.1" 200 14224 "https://grupo-seg.com/wp-login.php" "Mozilla/5.0 (Macintosh; Intel Mac OS X 10_15_7) AppleWebKit/537.36 (KHTML, like Gecko) Chrome/150.0.0.0 Safari/537.36"
89.248.107.232 - - [21/Sep/2026:00:25:46 +0200] "POST /wp-cron.php?doing_wp_cron=1789943146.8204560279846191406250 HTTP/1.1" 200 5512 "-" "WordPress/6.6.2; https://grupo-seg.com"
66.249.88.102 - - [21/Sep/2026:00:25:46 +0200] "GET /.well-known/traffic-advice HTTP/1.1" 404 97421 "-" "Chrome Privacy Preserving Prefetch Proxy"
193.186.4.248 - - [21/Sep/2026:00:25:46 +0200] "GET /category/peru/ HTTP/1.1" 200 97835 "https://www.google.com/" "Mozilla/5.0 (Linux; Android 10; K) AppleWebKit/537.36 (KHTML, like Gecko) Chrome/153.0.0.0 Mobile Safari/537.36"
89.248.107.232 - - [21/Sep/2026:00:25:47 +0200] "POST /wp-admin/admin-ajax.php?action=async_litespeed&nonce=16c258032d&litespeed_type=imgoptm HTTP/1.1" 200 5698 "-" "WordPress/6.6.2; https://grupo-seg.com"
179.7.64.78 - - [21/Sep/2026:00:25:51 +0200] "GET /wp-content/litespeed/css/148f00718b207a356fd8747b488eab3f.css?ver=04cf4 HTTP/2.0" 200 93298 "https://grupo-seg.com/category/peru/" "Mozilla/5.0 (Linux; Android 10; K) AppleWebKit/537.36 (KHTML, like Gecko) Chrome/153.0.0.0 Mobile Safari/537.36"
179.7.64.78 - - [21/Sep/2026:00:25:51 +0200] "GET /wp-content/plugins/sitepress-multilingual-cms%207/templates/language-switchers/menu-item/style.min.css HTTP/2.0" 200 100 "https://grupo-seg.com/category/peru/" "Mozilla/5.0 (Linux; Android 10; K) AppleWebKit/537.36 (KHTML, like Gecko) Chrome/153.0.0.0 Mobile Safari/537.36"
179.7.64.78 - - [21/Sep/2026:00:25:51 +0200] "GET /wp-content/plugins/sitepress-multilingual-cms%207/templates/language-switchers/legacy-list-horizontal/style.min.css HTTP/2.0" 200 236 "https://grupo-seg.com/category/peru/" "Mozilla/5.0 (Linux; Android 10; K) AppleWebKit/537.36 (KHTML, like Gecko) Chrome/153.0.0.0 Mobile Safari/537.36"
179.7.64.78 - - [21/Sep/2026:00:25:51 +0200] "GET /wp-content/themes/salient/css/build/style-non-critical.css HTTP/2.0" 200 4553 "https://grupo-seg.com/category/peru/" "Mozilla/5.0 (Linux; Android 10; K) AppleWebKit/537.36 (KHTML, like Gecko) Chrome/153.0.0.0 Mobile Safari/537.36"
179.7.64.78 - - [21/Sep/2026:00:25:51 +0200] "GET /wp-content/plugins/sitepress-multilingual-cms%207/dist/css/blocks/styles.css HTTP/2.0" 200 6360 "https://grupo-seg.com/category/peru/" "Mozilla/5.0 (Linux; Android 10; K) AppleWebKit/537.36 (KHTML, like Gecko) Chrome/153.0.0.0 Mobile Safari/537.36"
179.7.64.78 - - [21/Sep/2026:00:25:51 +0200] "GET /wp-content/uploads/2021/07/SED_logo_retina-1.png HTTP/2.0" 200 65442 "https://grupo-seg.com/category/peru/" "Mozilla/5.0 (Linux; Android 10; K) AppleWebKit/537.36 (KHTML, like Gecko) Chrome/153.0.0.0 Mobile Safari/537.36"
179.7.64.78 - - [21/Sep/2026:00:25:52 +0200] "GET /wp-content/uploads/2021/07/SED_logo_blanco_retina-1.png HTTP/2.0" 200 60381 "https://grupo-seg.com/category/peru/" "Mozilla/5.0 (Linux; Android 10; K) AppleWebKit/537.36 (KHTML, like Gecko) Chrome/153.0.0.0 Mobile Safari/537.36"
179.7.64.78 - - [21/Sep/2026:00:25:52 +0200] "GET /wp-content/uploads/2024/01/IMG_0377-800x800.jpg HTTP/2.0" 200 133382 "https://grupo-seg.com/category/peru/" "Mozilla/5.0 (Linux; Android 10; K) AppleWebKit/537.36 (KHTML, like Gecko) Chrome/153.0.0.0 Mobile Safari/537.36"
179.7.64.78 - - [21/Sep/2026:00:25:52 +0200] "GET /wp-content/uploads/2022/10/1655916554827-800x800.jpeg HTTP/2.0" 200 102996 "https://grupo-seg.com/category/peru/" "Mozilla/5.0 (Linux; Android 10; K) AppleWebKit/537.36 (KHTML, like Gecko) Chrome/153.0.0.0 Mobile Safari/537.36"
179.7.64.78 - - [21/Sep/2026:00:25:52 +0200] "GET /wp-content/themes/salient/css/build/plugins/jquery.fancybox.css HTTP/2.0" 200 3131 "https://grupo-seg.com/category/peru/" "Mozilla/5.0 (Linux; Android 10; K) AppleWebKit/537.36 (KHTML, like Gecko) Chrome/153.0.0.0 Mobile Safari/537.36"
179.7.64.78 - - [21/Sep/2026:00:25:52 +0200] "GET /wp-content/themes/salient/css/build/off-canvas/core.css HTTP/2.0" 200 3164 "https://grupo-seg.com/category/peru/" "Mozilla/5.0 (Linux; Android 10; K) AppleWebKit/537.36 (KHTML, like Gecko) Chrome/153.0.0.0 Mobile Safari/537.36"
179.7.64.78 - - [21/Sep/2026:00:25:52 +0200] "GET /wp-content/themes/salient/css/build/off-canvas/fullscreen-legacy.css HTTP/2.0" 200 1425 "https://grupo-seg.com/category/peru/" "Mozilla/5.0 (Linux; Android 10; K) AppleWebKit/537.36 (KHTML, like Gecko) Chrome/153.0.0.0 Mobile Safari/537.36"
179.7.64.78 - - [21/Sep/2026:00:25:52 +0200] "GET /wp-content/uploads/2021/06/Foto05-800x800.jpeg HTTP/2.0" 200 88031 "https://grupo-seg.com/category/peru/" "Mozilla/5.0 (Linux; Android 10; K) AppleWebKit/537.36 (KHTML, like Gecko) Chrome/153.0.0.0 Mobile Safari/537.36"
179.7.64.78 - - [21/Sep/2026:00:25:52 +0200] "GET /wp-content/plugins/sitepress-multilingual-cms%207/res/flags/en.svg HTTP/2.0" 200 1290 "https://grupo-seg.com/category/peru/" "Mozilla/5.0 (Linux; Android 10; K) AppleWebKit/537.36 (KHTML, like Gecko) Chrome/153.0.0.0 Mobile Safari/537.36"
179.7.64.78 - - [21/Sep/2026:00:25:52 +0200] "GET /wp-content/plugins/sitepress-multilingual-cms%207/res/flags/es.svg HTTP/2.0" 200 714 "https://grupo-seg.com/category/peru/" "Mozilla/5.0 (Linux; Android 10; K) AppleWebKit/537.36 (KHTML, like Gecko) Chrome/153.0.0.0 Mobile Safari/537.36"
179.7.64.78 - - [21/Sep/2026:00:25:52 +0200] "GET /wp-content/uploads/useanyfont/3503Graphik-Regular.woff2 HTTP/2.0" 200 34332 "https://grupo-seg.com/wp-content/litespeed/css/148f00718b207a356fd8747b488eab3f.css?ver=04cf4" "Mozilla/5.0 (Linux; Android 10; K) AppleWebKit/537.36 (KHTML, like Gecko) Chrome/153.0.0.0 Mobile Safari/537.36"
179.7.64.78 - - [21/Sep/2026:00:25:52 +0200] "GET /wp-content/uploads/useanyfont/9325Graphik-Semibold.woff2 HTTP/2.0" 200 37036 "https://grupo-seg.com/wp-content/litespeed/css/148f00718b207a356fd8747b488eab3f.css?ver=04cf4" "Mozilla/5.0 (Linux; Android 10; K) AppleWebKit/537.36 (KHTML, like Gecko) Chrome/153.0.0.0 Mobile Safari/537.36"
179.7.64.78 - - [21/Sep/2026:00:25:52 +0200] "GET /wp-content/uploads/useanyfont/3325Graphik-Medium.woff2 HTTP/2.0" 200 37020 "https://grupo-seg.com/wp-content/litespeed/css/148f00718b207a356fd8747b488eab3f.css?ver=04cf4" "Mozilla/5.0 (Linux; Android 10; K) AppleWebKit/537.36 (KHTML, like Gecko) Chrome/153.0.0.0 Mobile Safari/537.36"
179.7.64.78 - - [21/Sep/2026:00:25:52 +0200] "GET /wp-content/themes/salient/css/fonts/icomoon.woff?v=1.3 HTTP/2.0" 200 21132 "https://grupo-seg.com/wp-content/litespeed/css/148f00718b207a356fd8747b488eab3f.css?ver=04cf4" "Mozilla/5.0 (Linux; Android 10; K) AppleWebKit/537.36 (KHTML, like Gecko) Chrome/153.0.0.0 Mobile Safari/537.36"
179.7.64.78 - - [21/Sep/2026:00:25:52 +0200] "GET /wp-content/uploads/2021/07/cropped-SED_FAV-192x192.png HTTP/2.0" 200 646 "https://grupo-seg.com/category/peru/" "Mozilla/5.0 (Linux; Android 10; K) AppleWebKit/537.36 (KHTML, like Gecko) Chrome/153.0.0.0 Mobile Safari/537.36"
179.7.64.78 - - [21/Sep/2026:00:25:52 +0200] "GET /wp-content/uploads/2021/07/cropped-SED_FAV-180x180.png HTTP/2.0" 200 609 "https://grupo-seg.com/category/peru/" "Mozilla/5.0 (Linux; Android 10; K) AppleWebKit/537.36 (KHTML, like Gecko) Chrome/153.0.0.0 Mobile Safari/537.36"
179.7.64.78 - - [21/Sep/2026:00:25:52 +0200] "POST /wp-content/plugins/litespeed-cache/guest.vary.php HTTP/1.1" 403 6501 "https://grupo-seg.com/category/peru/" "Mozilla/5.0 (Linux; Android 10; K) AppleWebKit/537.36 (KHTML, like Gecko) Chrome/153.0.0.0 Mobile Safari/537.36"
89.248.107.232 - - [21/Sep/2026:00:26:27 +0200] "POST /wp-cron.php?doing_wp_cron=1789943187.4094190597534179687500 HTTP/1.1" 200 5512 "-" "WordPress/6.6.2; https://grupo-seg.com"
66.116.209.181 - - [21/Sep/2026:00:26:27 +0200] "GET /wp-login.php HTTP/1.1" 200 13732 "-" "Mozilla/5.0 (X11; Linux x86_64) AppleWebKit/537.36 (KHTML, like Gecko) Chrome/146.0.0.0 Safari/537.36"
89.248.107.232 - - [21/Sep/2026:00:26:28 +0200] "POST /wp-admin/admin-ajax.php?action=async_litespeed&nonce=16c258032d&litespeed_type=imgoptm HTTP/1.1" 200 5698 "-" "WordPress/6.6.2; https://grupo-seg.com"
66.116.209.181 - - [21/Sep/2026:00:26:27 +0200] "POST /wp-login.php HTTP/1.1" 503 25298 "https://grupo-seg.com/wp-login.php" "Mozilla/5.0 (X11; Linux x86_64) AppleWebKit/537.36 (KHTML, like Gecko) Chrome/146.0.0.0 Safari/537.36"
66.116.209.181 - - [21/Sep/2026:00:26:29 +0200] "POST /wp-login.php HTTP/1.1" 503 24035 "https://grupo-seg.com/wp-login.php" "Mozilla/5.0 (X11; Linux x86_64) AppleWebKit/537.36 (KHTML, like Gecko) Chrome/146.0.0.0 Safari/537.36"
66.116.209.181 - - [21/Sep/2026:00:26:31 +0200] "POST /wp-login.php HTTP/1.1" 503 24035 "https://grupo-seg.com/wp-login.php" "Mozilla/5.0 (X11; Linux x86_64) AppleWebKit/537.36 (KHTML, like Gecko) Chrome/146.0.0.0 Safari/537.36"
66.116.209.181 - - [21/Sep/2026:00:26:31 +0200] "GET /wp-json/wp/v2/users/me HTTP/1.1" 503 24035 "-" "Mozilla/5.0 (X11; Linux x86_64) AppleWebKit/537.36 (KHTML, like Gecko) Chrome/146.0.0.0 Safari/537.36"
66.116.209.181 - - [21/Sep/2026:00:26:32 +0200] "GET /wp-json/wp/v2/users/me HTTP/1.1" 503 24035 "-" "Mozilla/5.0 (X11; Linux x86_64) AppleWebKit/537.36 (KHTML, like Gecko) Chrome/146.0.0.0 Safari/537.36"
66.116.209.181 - - [21/Sep/2026:00:26:34 +0200] "GET /wp-json/wp/v2/users/me HTTP/1.1" 503 24035 "-" "Mozilla/5.0 (X11; Linux x86_64) AppleWebKit/537.36 (KHTML, like Gecko) Chrome/146.0.0.0 Safari/537.36"
89.248.107.232 - - [21/Sep/2026:00:26:50 +0200] "POST /?wordfence_syncAttackData=1789943210.7994 HTTP/1.1" 200 5452 "-" "WordPress/6.6.2; https://grupo-seg.com"
89.248.107.232 - - [21/Sep/2026:00:26:51 +0200] "POST /wp-cron.php?doing_wp_cron=1789943211.4351339340209960937500 HTTP/1.1" 200 5512 "-" "WordPress/6.6.2; https://grupo-seg.com"
34.197.23.26 - - [21/Sep/2026:00:26:50 +0200] "GET /robots.txt HTTP/1.1" 301 5576 "-" "Mozilla/5.0 (Macintosh; Intel Mac OS X 10_10_1) AppleWebKit/600.2.5 (KHTML, like Gecko) Version/8.0.2 Safari/600.2.5 (Gort)"
52.206.61.49 - - [21/Sep/2026:00:26:51 +0200] "GET /robots.txt HTTP/1.1" 200 5679 "-" "Mozilla/5.0 (Macintosh; Intel Mac OS X 10_10_1) AppleWebKit/600.2.5 (KHTML, like Gecko) Version/8.0.2 Safari/600.2.5 (Gort)"
89.248.107.232 - - [21/Sep/2026:00:26:52 +0200] "POST /wp-admin/admin-ajax.php?action=async_litespeed&nonce=16c258032d&litespeed_type=imgoptm HTTP/1.1" 200 5698 "-" "WordPress/6.6.2; https://grupo-seg.com"
89.248.107.232 - - [21/Sep/2026:00:27:40 +0200] "POST /wp-cron.php?doing_wp_cron=1789943260.8171100616455078125000 HTTP/1.1" 200 5512 "-" "WordPress/6.6.2; https://grupo-seg.com"
43.130.53.252 - - [21/Sep/2026:00:27:40 +0200] "GET / HTTP/1.1" 200 156989 "https://www.seg-sa.es/" "Mozilla/5.0 (iPhone; CPU iPhone OS 13_2_3 like Mac OS X) AppleWebKit/605.1.15 (KHTML, like Gecko) Version/13.0.3 Mobile/15E148 Safari/604.1"
89.248.107.232 - - [21/Sep/2026:00:27:42 +0200] "POST /wp-admin/admin-ajax.php?action=async_litespeed&nonce=16c258032d&litespeed_type=imgoptm HTTP/1.1" 200 5698 "-" "WordPress/6.6.2; https://grupo-seg.com"
89.248.107.232 - - [21/Sep/2026:00:27:52 +0200] "POST /wp-cron.php?doing_wp_cron=1789943272.5087559223175048828125 HTTP/1.1" 200 5512 "-" "WordPress/6.6.2; https://grupo-seg.com"
201.111.167.114 - - [21/Sep/2026:00:27:52 +0200] "GET /supervision-de-la-obra-de-la-reparacion-definitiva-de-la-bocatoma-del-sistema-huachipa/ HTTP/1.1" 301 5645 "-" "Mozilla/5.0 (Macintosh; Intel Mac OS X 10_15_7) AppleWebKit/537.36 (KHTML, like Gecko) Chrome/134.0.6998.45 Safari/537.36"
201.111.167.114 - - [21/Sep/2026:00:27:52 +0200] "GET /portfolio/supervision-de-la-obra-de-la-reparacion-definitiva-de-la-bocatoma-del-sistema-huachipa/ HTTP/1.1" 200 117249 "-" "Mozilla/5.0 (Macintosh; Intel Mac OS X 10_15_7) AppleWebKit/537.36 (KHTML, like Gecko) Chrome/134.0.6998.45 Safari/537.36"
89.248.107.232 - - [21/Sep/2026:00:28:47 +0200] "POST /wp-cron.php?doing_wp_cron=1789943327.5887699127197265625000 HTTP/1.1" 200 5512 "-" "WordPress/6.6.2; https://grupo-seg.com/en/"
220.181.108.113 - - [21/Sep/2026:00:28:47 +0200] "GET /en/wp-json/oembed/1.0/embed?url=https%3A%2F%2Fgrupo-seg.com%2Fen%2Fsupervision-of-the-construction-of-the-sunat-technology-center-for-information-processing-lima-peru%2F&format=xml HTTP/1.1" 200 8623 "-" "Mozilla/5.0 (compatible; Baiduspider/2.0; +http://www.baidu.com/search/spider.html)"
89.248.107.232 - - [21/Sep/2026:00:28:48 +0200] "POST /wp-admin/admin-ajax.php?action=async_litespeed&nonce=16c258032d&litespeed_type=imgoptm HTTP/1.1" 200 5698 "-" "WordPress/6.6.2; https://grupo-seg.com"
89.248.107.232 - - [21/Sep/2026:00:29:09 +0200] "POST /wp-cron.php?doing_wp_cron=1789943349.4391450881958007812500 HTTP/1.1" 200 5512 "-" "WordPress/6.6.2; https://grupo-seg.com"
129.146.188.65 - - [21/Sep/2026:00:29:08 +0200] "GET /wp-content/themes/theme-check/theme-check.php HTTP/1.1" 404 97611 "http://grupo-seg.com/wp-content/themes/theme-check/theme-check.php" "Go-http-client/2.0"
129.146.188.65 - - [21/Sep/2026:00:29:10 +0200] "GET /wp-content/themes/theme-check/joker.php HTTP/1.1" 404 97611 "http://grupo-seg.com/wp-content/themes/theme-check/joker.php" "Go-http-client/2.0"
129.146.188.65 - - [21/Sep/2026:00:29:12 +0200] "GET /wp-includes/blocks/comment-date/ HTTP/1.1" 403 6501 "http://grupo-seg.com/wp-includes/blocks/comment-date/" "Go-http-client/2.0"
129.146.188.65 - - [21/Sep/2026:00:29:12 +0200] "GET /wp-includes/js/crop/joker.php HTTP/1.1" 403 6501 "http://grupo-seg.com/wp-includes/js/crop/joker.php" "Go-http-client/2.0"
129.146.188.65 - - [21/Sep/2026:00:29:12 +0200] "GET /wp-content/themes/news-portal/content- HTTP/1.1" 404 97611 "http://grupo-seg.com/wp-content/themes/news-portal/content-" "Go-http-client/2.0"
129.146.188.65 - - [21/Sep/2026:00:29:14 +0200] "GET /wp-content/themes/news-portal/user-install.php HTTP/1.1" 404 97611 "http://grupo-seg.com/wp-content/themes/news-portal/user-install.php" "Go-http-client/2.0"
129.146.188.65 - - [21/Sep/2026:00:29:15 +0200] "GET /wp-admin/js/chosen.php HTTP/1.1" 403 6501 "http://grupo-seg.com/wp-admin/js/chosen.php" "Go-http-client/2.0"
129.146.188.65 - - [21/Sep/2026:00:29:15 +0200] "GET /wp-admin/maint/joker.php HTTP/1.1" 403 6501 "http://grupo-seg.com/wp-admin/maint/joker.php" "Go-http-client/2.0"
129.146.188.65 - - [21/Sep/2026:00:29:16 +0200] "GET /wp-content/plugins/elementor/core/files/about.php HTTP/1.1" 404 97611 "http://grupo-seg.com/wp-content/plugins/elementor/core/files/about.php" "Go-http-client/2.0"
129.146.188.65 - - [21/Sep/2026:00:29:17 +0200] "GET /wp-content/plugins/elementor/includes/interfaces/about.php HTTP/1.1" 404 97611 "http://grupo-seg.com/wp-content/plugins/elementor/includes/interfaces/about.php" "Go-http-client/2.0"
129.146.188.65 - - [21/Sep/2026:00:29:18 +0200] "GET /wp-content/plugins/waspthemes-yellow-pencil/images/list/about.php HTTP/1.1" 404 97611 "http://grupo-seg.com/wp-content/plugins/waspthemes-yellow-pencil/images/list/about.php" "Go-http-client/2.0"
129.146.188.65 - - [21/Sep/2026:00:29:20 +0200] "GET /wp-content/plugins/woocommerce/includes/import/about.php HTTP/1.1" 404 97626 "http://grupo-seg.com/wp-content/plugins/woocommerce/includes/import/about.php" "Go-http-client/2.0"
129.146.188.65 - - [21/Sep/2026:00:29:21 +0200] "GET /wp-content/plugins/miniorange-malware-protection/handler/about.php HTTP/1.1" 404 97611 "http://grupo-seg.com/wp-content/plugins/miniorange-malware-protection/handler/about.php" "Go-http-client/2.0"
129.146.188.65 - - [21/Sep/2026:00:29:23 +0200] "GET /wp-content/text.php HTTP/1.1" 403 6501 "http://grupo-seg.com/wp-content/text.php" "Go-http-client/2.0"
129.146.188.65 - - [21/Sep/2026:00:29:23 +0200] "GET /wp-includes/SimplePie/src/Decode/HTML/sitemaps.php HTTP/1.1" 404 97626 "http://grupo-seg.com/wp-includes/SimplePie/src/Decode/HTML/sitemaps.php" "Go-http-client/2.0"
129.146.188.65 - - [21/Sep/2026:00:29:24 +0200] "GET /wp-includes/mer_gagal.php HTTP/1.1" 403 6501 "http://grupo-seg.com/wp-includes/mer_gagal.php" "Go-http-client/2.0"
129.146.188.65 - - [21/Sep/2026:00:29:25 +0200] "GET /wp-admin/css/colors/lock.php HTTP/1.1" 403 6501 "http://grupo-seg.com/wp-admin/css/colors/lock.php" "Go-http-client/2.0"
89.248.107.232 - - [21/Sep/2026:00:29:52 +0200] "POST /wp-cron.php?doing_wp_cron=1789943391.9999639987945556640625 HTTP/1.1" 200 5512 "-" "WordPress/6.6.2; https://grupo-seg.com/en/"
23.20.178.124 - - [21/Sep/2026:00:29:51 +0200] "GET /en/sello-aenor-recycled_plastic_content95_15343_in_tz-2/ HTTP/1.1" 200 104066 "-" "Mozilla/5.0 AppleWebKit/537.36 (KHTML, like Gecko; compatible; Amazonbot/0.1; +https://developer.amazon.com/support/amazonbot) Chrome/119.0.6045.214 Safari/537.36"
89.248.107.232 - - [21/Sep/2026:00:29:52 +0200] "POST /wp-admin/admin-ajax.php?action=async_litespeed&nonce=16c258032d&litespeed_type=imgoptm HTTP/1.1" 200 5698 "-" "WordPress/6.6.2; https://grupo-seg.com"
89.248.107.232 - - [21/Sep/2026:00:30:22 +0200] "POST /wp-cron.php?doing_wp_cron=1789943422.4446430206298828125000 HTTP/1.1" 200 5512 "-" "WordPress/6.6.2; https://grupo-seg.com"
40.77.167.38 - - [21/Sep/2026:00:30:22 +0200] "GET /furikohabuinchi/clientes.html HTTP/1.1" 301 5688 "-" "Mozilla/5.0 AppleWebKit/537.36 (KHTML, like Gecko; compatible; bingbot/2.0; +http://www.bing.com/bingbot.htm) Chrome/116.0.1938.76 Safari/537.36"
89.248.107.232 - - [21/Sep/2026:00:30:54 +0200] "POST /wp-cron.php?doing_wp_cron=1789943454.2075328826904296875000 HTTP/1.1" 200 5512 "-" "WordPress/6.6.2; https://grupo-seg.com"
77.79.177.96 - - [21/Sep/2026:00:30:53 +0200] "GET /fiscalizacion-de-las-obras-de-renovacion-del-belgrano-sur-entre-estaciones-tapiales-y-marinos-del-crucero-general-belgrano HTTP/1.1" 301 5689 "https://grupo-seg.com/" "Mozilla/5.0 (Windows NT 6.1; Win64; x64) AppleWebKit/537.36 (KHTML, like Gecko) Chrome/65.0.2799.178 Safari/537.36"
89.248.107.232 - - [21/Sep/2026:00:30:54 +0200] "POST /wp-admin/admin-ajax.php?action=async_litespeed&nonce=16c258032d&litespeed_type=imgoptm HTTP/1.1" 200 5698 "-" "WordPress/6.6.2; https://grupo-seg.com"
77.79.177.96 - - [21/Sep/2026:00:30:54 +0200] "GET /fiscalizacion-de-las-obras-de-renovacion-del-belgrano-sur-entre-estaciones-tapiales-y-marinos-del-crucero-general-belgrano/ HTTP/1.1" 200 129151 "https://grupo-seg.com/" "Mozilla/5.0 (Windows NT 6.1; Win64; x64) AppleWebKit/537.36 (KHTML, like Gecko) Chrome/65.0.2799.178 Safari/537.36"
89.248.107.232 - - [21/Sep/2026:00:31:38 +0200] "POST /wp-cron.php?doing_wp_cron=1789943498.0003750324249267578125 HTTP/1.1" 200 5512 "-" "WordPress/6.6.2; https://grupo-seg.com"
193.186.4.246 - - [21/Sep/2026:00:31:37 +0200] "GET /paises/colombia/ HTTP/1.1" 200 176080 "https://www.google.com/" "Mozilla/5.0 (Windows NT 10.0; Win64; x64) AppleWebKit/537.36 (KHTML, like Gecko) Chrome/153.0.0.0 Safari/537.36"
89.248.107.232 - - [21/Sep/2026:00:31:38 +0200] "POST /wp-admin/admin-ajax.php?action=async_litespeed&nonce=16c258032d&litespeed_type=imgoptm HTTP/1.1" 200 5698 "-" "WordPress/6.6.2; https://grupo-seg.com"
89.248.107.232 - - [21/Sep/2026:00:32:46 +0200] "POST /wp-cron.php?doing_wp_cron=1789943566.3920459747314453125000 HTTP/1.1" 200 5512 "-" "WordPress/6.6.2; https://grupo-seg.com"
119.231.58.147 - - [21/Sep/2026:00:32:45 +0200] "GET /wp-login.php HTTP/1.1" 200 13732 "https://serynco.es/" "Mozilla/5.0 (X11; Linux x86_64) AppleWebKit/537.36 (KHTML, like Gecko) Chrome/149.0.0.0 Safari/537.36"
89.248.107.232 - - [21/Sep/2026:00:32:47 +0200] "POST /wp-admin/admin-ajax.php?action=async_litespeed&nonce=16c258032d&litespeed_type=imgoptm HTTP/1.1" 200 5698 "-" "WordPress/6.6.2; https://grupo-seg.com"
89.248.107.232 - - [21/Sep/2026:00:32:56 +0200] "POST /wp-cron.php?doing_wp_cron=1789943576.8187839984893798828125 HTTP/1.1" 200 5512 "-" "WordPress/6.6.2; https://grupo-seg.com"
121.92.18.96 - - [21/Sep/2026:00:32:56 +0200] "POST /wp-login.php HTTP/1.1" 503 25298 "https://serynco.es/wp-login.php" "Mozilla/5.0 (X11; Linux x86_64) AppleWebKit/537.36 (KHTML, like Gecko) Chrome/149.0.0.0 Safari/537.36"
121.92.18.96 - - [21/Sep/2026:00:33:01 +0200] "POST /wp-login.php HTTP/1.1" 503 24035 "https://serynco.es/wp-login.php" "Mozilla/5.0 (X11; Linux x86_64) AppleWebKit/537.36 (KHTML, like Gecko) Chrome/149.0.0.0 Safari/537.36"
89.248.107.232 - - [21/Sep/2026:00:33:02 +0200] "POST /?wordfence_syncAttackData=1789943582.4985 HTTP/1.1" 200 5452 "-" "WordPress/6.6.2; https://grupo-seg.com"
89.248.107.232 - - [21/Sep/2026:00:33:03 +0200] "POST /wp-cron.php?doing_wp_cron=1789943583.0391550064086914062500 HTTP/1.1" 200 5512 "-" "WordPress/6.6.2; https://grupo-seg.com"
109.105.210.65 - - [21/Sep/2026:00:33:02 +0200] "GET / HTTP/1.1" 301 5612 "https://serynco.es/" "Mozilla/5.0 AppleWebKit/537.36 (KHTML, like Gecko) Chrome/123.0.6312.86 Safari/537.36"
109.105.210.65 - - [21/Sep/2026:00:33:03 +0200] "GET / HTTP/1.1" 200 165817 "https://www.grupo-seg.com/" "Mozilla/5.0 AppleWebKit/537.36 (KHTML, like Gecko) Chrome/123.0.6312.86 Safari/537.36"
121.92.18.96 - - [21/Sep/2026:00:33:05 +0200] "POST /wp-login.php HTTP/1.1" 503 24035 "https://serynco.es/wp-login.php" "Mozilla/5.0 (X11; Linux x86_64) AppleWebKit/537.36 (KHTML, like Gecko) Chrome/149.0.0.0 Safari/537.36"
89.248.107.232 - - [21/Sep/2026:00:33:19 +0200] "POST /?wordfence_syncAttackData=1789943599.8897 HTTP/1.1" 200 5452 "-" "WordPress/6.6.2; https://grupo-seg.com"
109.105.210.62 - - [21/Sep/2026:00:33:19 +0200] "POST /mcp HTTP/1.1" 404 92202 "-" "python-httpx/0.28.1"
109.105.210.62 - - [21/Sep/2026:00:33:21 +0200] "GET /sse HTTP/1.1" 404 97421 "-" "python-httpx/0.28.1"
109.105.210.62 - - [21/Sep/2026:00:33:24 +0200] "GET /favicon.ico HTTP/1.1" 302 5672 "https://serynco.es/favicon.ico" "Mozilla/5.0 AppleWebKit/537.36 (KHTML, like Gecko) Chrome/123.0.6312.86 Safari/537.36"
109.105.210.65 - - [21/Sep/2026:00:33:26 +0200] "GET /wp-content/uploads/2021/07/cropped-SED_FAV-32x32.png HTTP/1.1" 200 199 "https://www.grupo-seg.com/favicon.ico" "Mozilla/5.0 AppleWebKit/537.36 (KHTML, like Gecko) Chrome/123.0.6312.86 Safari/537.36"
89.248.107.232 - - [21/Sep/2026:00:33:32 +0200] "POST /wp-cron.php?doing_wp_cron=1789943612.4690608978271484375000 HTTP/1.1" 200 5512 "-" "WordPress/6.6.2; https://grupo-seg.com"
52.167.144.139 - - [21/Sep/2026:00:33:32 +0200] "GET /lzmq207834sipsesdotmti HTTP/1.1" 404 97436 "-" "Mozilla/5.0 AppleWebKit/537.36 (KHTML, like Gecko; compatible; bingbot/2.0; +http://www.bing.com/bingbot.htm) Chrome/116.0.1938.76 Safari/537.36"
89.248.107.232 - - [21/Sep/2026:00:33:33 +0200] "POST /wp-admin/admin-ajax.php?action=async_litespeed&nonce=16c258032d&litespeed_type=imgoptm HTTP/1.1" 200 5698 "-" "WordPress/6.6.2; https://grupo-seg.com"
89.248.107.232 - - [21/Sep/2026:00:33:42 +0200] "POST /wp-cron.php?doing_wp_cron=1789943622.4895870685577392578125 HTTP/1.1" 200 5512 "-" "WordPress/6.6.2; https://grupo-seg.com"
2.57.168.4 - - [21/Sep/2026:00:33:41 +0200] "POST /wp-login.php HTTP/1.1" 503 25298 "-" "Mozilla/5.0 (Windows NT 10.0; Win64; rv:143.0) Gecko/20100101 Firefox/143.0"
89.248.107.232 - - [21/Sep/2026:00:34:17 +0200] "POST /wp-cron.php?doing_wp_cron=1789943657.4740788936614990234375 HTTP/1.1" 200 5512 "-" "WordPress/6.6.2; https://grupo-seg.com"
119.94.3.107 - - [21/Sep/2026:00:34:17 +0200] "GET /asistencia-tecnica-revision-del-plan-director-y-propuesta-de-establecimiento-de-ssaa-del-aeropuerto-internacional-de-la-region-de-murcia HTTP/1.1" 301 5695 "https://grupo-seg.com/" "Mozilla/5.0 (Windows NT 6.0; Win64; x64) AppleWebKit/537.36 (KHTML, like Gecko) Chrome/68.0.2538.29 Safari/537.36"
119.94.3.107 - - [21/Sep/2026:00:34:17 +0200] "GET /portfolio/asistencia-tecnica-revision-del-plan-director-y-propuesta-de-establecimiento-de-ssaa-del-aeropuerto-internacional-de-la-region-de-murcia/ HTTP/1.1" 200 118020 "https://grupo-seg.com/" "Mozilla/5.0 (Windows NT 6.0; Win64; x64) AppleWebKit/537.36 (KHTML, like Gecko) Chrome/68.0.2538.29 Safari/537.36"
89.248.107.232 - - [21/Sep/2026:00:35:23 +0200] "POST /wp-cron.php?doing_wp_cron=1789943723.0798020362854003906250 HTTP/1.1" 200 5512 "-" "WordPress/6.6.2; https://grupo-seg.com"
52.167.144.166 - - [21/Sep/2026:00:35:22 +0200] "GET /project-type/%C2%B7-brasil/feed/ HTTP/1.1" 200 7739 "-" "Mozilla/5.0 AppleWebKit/537.36 (KHTML, like Gecko; compatible; bingbot/2.0; +http://www.bing.com/bingbot.htm) Chrome/116.0.1938.76 Safari/537.36"
89.248.107.232 - - [21/Sep/2026:00:35:23 +0200] "POST /wp-admin/admin-ajax.php?action=async_litespeed&nonce=16c258032d&litespeed_type=imgoptm HTTP/1.1" 200 5698 "-" "WordPress/6.6.2; https://grupo-seg.com"
89.248.107.232 - - [21/Sep/2026:00:35:29 +0200] "POST /wp-cron.php?doing_wp_cron=1789943729.2637360095977783203125 HTTP/1.1" 200 5512 "-" "WordPress/6.6.2; https://grupo-seg.com"
52.167.144.139 - - [21/Sep/2026:00:35:28 +0200] "GET /mimesis971/empleo.html HTTP/1.1" 404 97421 "-" "Mozilla/5.0 AppleWebKit/537.36 (KHTML, like Gecko; compatible; bingbot/2.0; +http://www.bing.com/bingbot.htm) Chrome/116.0.1938.76 Safari/537.36"
89.248.107.232 - - [21/Sep/2026:00:35:30 +0200] "POST /wp-admin/admin-ajax.php?action=async_litespeed&nonce=16c258032d&litespeed_type=imgoptm HTTP/1.1" 200 5698 "-" "WordPress/6.6.2; https://grupo-seg.com"
198.244.183.119 - - [21/Sep/2026:00:35:32 +0200] "GET /en/consultancy-for-the-updating-complementing-and-generation-of-the-environmental-viability-for-the-expansion-works-of-the-chingaza-system/ HTTP/1.1" 301 5697 "-" "Mozilla/5.0 (compatible; AhrefsBot/7.0; +http://ahrefs.com/robot/)"
89.248.107.232 - - [21/Sep/2026:00:36:14 +0200] "POST /wp-cron.php?doing_wp_cron=1789943774.5895481109619140625000 HTTP/1.1" 200 5512 "-" "WordPress/6.6.2; https://grupo-seg.com"
162.158.216.80 - - [21/Sep/2026:00:36:14 +0200] "GET /robots.txt HTTP/1.1" 200 5679 "-" "CloudflareBrowserRenderingCrawler/1.0"
141.101.99.219 - - [21/Sep/2026:00:36:14 +0200] "HEAD / HTTP/1.1" 200 5715 "-" "CloudflareBrowserRenderingCrawler/1.0"
141.101.99.219 - - [21/Sep/2026:00:36:15 +0200] "GET /wp-sitemap.xml HTTP/1.1" 200 6217 "-" "CloudflareBrowserRenderingCrawler/1.0"
141.101.99.219 - - [21/Sep/2026:00:36:15 +0200] "GET /wp-sitemap-posts-post-1.xml HTTP/1.1" 200 8170 "-" "CloudflareBrowserRenderingCrawler/1.0"
141.101.99.219 - - [21/Sep/2026:00:36:16 +0200] "GET /wp-sitemap-posts-page-1.xml HTTP/1.1" 200 9189 "-" "CloudflareBrowserRenderingCrawler/1.0"
172.70.90.9 - - [21/Sep/2026:00:36:16 +0200] "GET /wp-sitemap.xml HTTP/1.1" 200 6217 "-" "CloudflareBrowserRenderingCrawler/1.0"
141.101.99.219 - - [21/Sep/2026:00:36:16 +0200] "GET /wp-sitemap-posts-portfolio-1.xml HTTP/1.1" 200 17286 "-" "CloudflareBrowserRenderingCrawler/1.0"
172.70.90.9 - - [21/Sep/2026:00:36:16 +0200] "GET /wp-sitemap-posts-post-1.xml HTTP/1.1" 200 8170 "-" "CloudflareBrowserRenderingCrawler/1.0"
141.101.99.219 - - [21/Sep/2026:00:36:17 +0200] "GET /wp-sitemap-posts-mgeo_map-1.xml HTTP/1.1" 200 6011 "-" "CloudflareBrowserRenderingCrawler/1.0"
172.70.90.9 - - [21/Sep/2026:00:36:17 +0200] "GET /wp-sitemap-posts-page-1.xml HTTP/1.1" 200 9189 "-" "CloudflareBrowserRenderingCrawler/1.0"
141.101.99.219 - - [21/Sep/2026:00:36:17 +0200] "GET /wp-sitemap-taxonomies-category-1.xml HTTP/1.1" 200 6256 "-" "CloudflareBrowserRenderingCrawler/1.0"
172.70.90.9 - - [21/Sep/2026:00:36:17 +0200] "GET /wp-sitemap-posts-portfolio-1.xml HTTP/1.1" 200 17286 "-" "CloudflareBrowserRenderingCrawler/1.0"
141.101.99.219 - - [21/Sep/2026:00:36:18 +0200] "GET /wp-sitemap-taxonomies-project-type-1.xml HTTP/1.1" 200 6924 "-" "CloudflareBrowserRenderingCrawler/1.0"
172.70.90.9 - - [21/Sep/2026:00:36:18 +0200] "GET /wp-sitemap-posts-mgeo_map-1.xml HTTP/1.1" 200 6011 "-" "CloudflareBrowserRenderingCrawler/1.0"
172.70.90.9 - - [21/Sep/2026:00:36:18 +0200] "GET /wp-sitemap-taxonomies-category-1.xml HTTP/1.1" 200 6256 "-" "CloudflareBrowserRenderingCrawler/1.0"
172.70.90.9 - - [21/Sep/2026:00:36:19 +0200] "GET /wp-sitemap-taxonomies-project-type-1.xml HTTP/1.1" 200 6924 "-" "CloudflareBrowserRenderingCrawler/1.0"
172.70.90.9 - - [21/Sep/2026:00:36:20 +0200] "GET / HTTP/1.1" 200 165847 "-" "CloudflareBrowserRenderingCrawler/1.0"
62.60.130.247 - - [21/Sep/2026:00:36:22 +0200] "GET /images/images/cache.php HTTP/1.1" 403 22902 "www.google.com" "Mozlila/5.0 (Linux; Android 7.0; SM-G892A Bulid/NRD90M; wv) AppleWebKit/537.36 (KHTML, like Gecko) Version/4.0 Chrome/60.0.3112.107 Moblie Safari/537.36"
89.248.107.232 - - [21/Sep/2026:00:36:22 +0200] "POST /?wordfence_syncAttackData=1789943782.4483 HTTP/1.1" 200 5452 "-" "WordPress/6.6.2; https://grupo-seg.com"
172.70.90.9 - - [21/Sep/2026:00:36:22 +0200] "GET /presentacion-publica-del-plan-maestro-de-seguridad-vial-2030/ HTTP/1.1" 200 122359 "-" "CloudflareBrowserRenderingCrawler/1.0"
172.70.90.9 - - [21/Sep/2026:00:36:24 +0200] "GET /grupo-seg-participa-en-la-colocacion-de-la-primera-piedra-de-un-proyecto-de-la-universidad-nacional-agraria-la-molina-en-lima/ HTTP/1.1" 200 122055 "-" "CloudflareBrowserRenderingCrawler/1.0"
89.248.107.232 - - [21/Sep/2026:00:36:26 +0200] "POST /wp-cron.php?doing_wp_cron=1789943786.5335240364074707031250 HTTP/1.1" 200 5512 "-" "WordPress/6.6.2; https://grupo-seg.com"
172.70.90.9 - - [21/Sep/2026:00:36:26 +0200] "GET /disfrutamos-de-los-parques-de-madrid/ HTTP/1.1" 200 121319 "-" "CloudflareBrowserRenderingCrawler/1.0"
89.248.107.232 - - [21/Sep/2026:00:36:27 +0200] "POST /wp-admin/admin-ajax.php?action=async_litespeed&nonce=16c258032d&litespeed_type=imgoptm HTTP/1.1" 200 5698 "-" "WordPress/6.6.2; https://grupo-seg.com"
172.70.90.9 - - [21/Sep/2026:00:36:27 +0200] "GET /se-presentan-los-primeros-estudios-tecnicos-para-el-mejoramiento-de-la-ruta-py01/ HTTP/1.1" 200 122614 "-" "CloudflareBrowserRenderingCrawler/1.0"
172.70.90.9 - - [21/Sep/2026:00:36:29 +0200] "GET /avances-en-el-corredor-verde-de-la-septima-en-bogota/ HTTP/1.1" 200 122863 "-" "CloudflareBrowserRenderingCrawler/1.0"
172.70.90.9 - - [21/Sep/2026:00:36:31 +0200] "GET /grupo-seg-en-la-asamblea-anual-de-socio-del-pacto-mundial-de-naciones-unidas/ HTTP/1.1" 200 123115 "-" "CloudflareBrowserRenderingCrawler/1.0"
172.70.90.9 - - [21/Sep/2026:00:36:33 +0200] "GET /grupo-seg-en-las-obras-de-renovacion-de-la-linea-ferroviaria-belgrano-sur/ HTTP/1.1" 200 122876 "-" "CloudflareBrowserRenderingCrawler/1.0"
172.70.90.9 - - [21/Sep/2026:00:36:34 +0200] "GET /avanzan-las-obras-de-restitucion-del-ferrocarril-en-la-linea-madrid-hendaya-gabiria-espana/ HTTP/1.1" 200 122931 "-" "CloudflareBrowserRenderingCrawler/1.0"
172.70.90.9 - - [21/Sep/2026:00:36:36 +0200] "GET /se-completan-los-trabajos-de-ingenieria-en-el-tramo-santiago-batuco/ HTTP/1.1" 200 120808 "-" "CloudflareBrowserRenderingCrawler/1.0"
172.70.90.9 - - [21/Sep/2026:00:36:38 +0200] "GET /continua-la-ejecucion-del-tunel-tres-bocas-en-paraguay/ HTTP/1.1" 200 122710 "-" "CloudflareBrowserRenderingCrawler/1.0"
89.248.107.232 - - [21/Sep/2026:00:36:40 +0200] "POST /wp-cron.php?doing_wp_cron=1789943800.4669690132141113281250 HTTP/1.1" 200 5512 "-" "WordPress/6.6.2; https://grupo-seg.com"
172.70.90.9 - - [21/Sep/2026:00:36:40 +0200] "GET /renovacion-linea-9-de-metro-de-madrid/ HTTP/1.1" 200 130972 "-" "CloudflareBrowserRenderingCrawler/1.0"
89.248.107.232 - - [21/Sep/2026:00:36:42 +0200] "POST /wp-cron.php?doing_wp_cron=1789943802.2738571166992187500000 HTTP/1.1" 200 5512 "-" "WordPress/6.6.2; https://grupo-seg.com"
172.70.90.9 - - [21/Sep/2026:00:36:41 +0200] "GET /renovacion-de-la-linea-9-de-metro-de-madrid/ HTTP/1.1" 200 116140 "-" "CloudflareBrowserRenderingCrawler/1.0"
172.70.90.9 - - [21/Sep/2026:00:36:43 +0200] "GET /interventoria-integral-al-contrato-de-concesion-del-corredor-sabana-de-torres-curumani-troncal-del-magdalena-2-colombia/ HTTP/1.1" 200 120341 "-" "CloudflareBrowserRenderingCrawler/1.0"
172.70.90.9 - - [21/Sep/2026:00:36:45 +0200] "GET /fiscalizacion-de-las-obras-de-renovacion-del-belgrano-sur-entre-estaciones-tapiales-y-marinos-del-crucero-general-belgrano/ HTTP/1.1" 200 129142 "-" "CloudflareBrowserRenderingCrawler/1.0"
172.70.90.9 - - [21/Sep/2026:00:36:47 +0200] "GET /supervision-de-la-construccion-del-centro-tecnologico-para-el-tratamiento-de-la-informacion-sunat-lima-peru/ HTTP/1.1" 200 121000 "-" "CloudflareBrowserRenderingCrawler/1.0"
172.70.90.9 - - [21/Sep/2026:00:36:49 +0200] "GET /sobre-nosotros/ HTTP/1.1" 200 257609 "-" "CloudflareBrowserRenderingCrawler/1.0"
172.70.90.9 - - [21/Sep/2026:00:36:52 +0200] "GET /enfoque/ HTTP/1.1" 200 156923 "-" "CloudflareBrowserRenderingCrawler/1.0"
89.248.107.232 - - [21/Sep/2026:00:36:54 +0200] "POST /wp-cron.php?doing_wp_cron=1789943814.7333250045776367187500 HTTP/1.1" 200 5512 "-" "WordPress/6.6.2; https://grupo-seg.com"
172.70.90.9 - - [21/Sep/2026:00:36:54 +0200] "GET /servicios/ HTTP/1.1" 200 202602 "-" "CloudflareBrowserRenderingCrawler/1.0"
172.70.90.9 - - [21/Sep/2026:00:36:57 +0200] "GET /sistema-de-gestion-integrado/ HTTP/1.1" 200 147172 "-" "CloudflareBrowserRenderingCrawler/1.0"
89.248.107.232 - - [21/Sep/2026:00:37:52 +0200] "POST /wp-cron.php?doing_wp_cron=1789943872.3554589748382568359375 HTTP/1.1" 200 5512 "-" "WordPress/6.6.2; https://grupo-seg.com"
52.167.144.182 - - [21/Sep/2026:00:37:51 +0200] "GET /twuk1346565siptisdomste.htm HTTP/1.1" 404 97421 "-" "Mozilla/5.0 AppleWebKit/537.36 (KHTML, like Gecko; compatible; bingbot/2.0; +http://www.bing.com/bingbot.htm) Chrome/116.0.1938.76 Safari/537.36"
89.248.107.232 - - [21/Sep/2026:00:37:53 +0200] "POST /wp-admin/admin-ajax.php?action=async_litespeed&nonce=16c258032d&litespeed_type=imgoptm HTTP/1.1" 200 5698 "-" "WordPress/6.6.2; https://grupo-seg.com"
89.248.107.232 - - [21/Sep/2026:00:37:58 +0200] "POST /wp-cron.php?doing_wp_cron=1789943878.6852920055389404296875 HTTP/1.1" 200 5512 "-" "WordPress/6.6.2; https://grupo-seg.com"
52.167.144.139 - - [21/Sep/2026:00:37:58 +0200] "GET /elegant8fv/oug4qapq.html HTTP/1.1" 404 97436 "-" "Mozilla/5.0 AppleWebKit/537.36 (KHTML, like Gecko; compatible; bingbot/2.0; +http://www.bing.com/bingbot.htm) Chrome/116.0.1938.76 Safari/537.36"
89.248.107.232 - - [21/Sep/2026:00:38:08 +0200] "POST /wp-cron.php?doing_wp_cron=1789943888.2348320484161376953125 HTTP/1.1" 200 5512 "-" "WordPress/6.6.2; https://grupo-seg.com"
188.163.70.20 - - [21/Sep/2026:00:38:07 +0200] "GET /wp-login.php HTTP/1.1" 200 13732 "https://seg-sa.es/" "Mozilla/5.0 (Windows NT 10.0; Win64; x64) AppleWebKit/537.36 (KHTML, like Gecko) Chrome/147.0.0.0 Safari/537.36"
188.163.70.20 - - [21/Sep/2026:00:38:08 +0200] "POST /wp-login.php HTTP/1.1" 200 14224 "https://seg-sa.es/wp-login.php" "Mozilla/5.0 (Windows NT 10.0; Win64; x64) AppleWebKit/537.36 (KHTML, like Gecko) Chrome/147.0.0.0 Safari/537.36"
129.146.188.65 - - [21/Sep/2026:00:39:26 +0200] "GET /wp-includes/blocks/search.php HTTP/1.1" 403 6501 "http://grupo-seg.com/wp-includes/blocks/search.php" "Go-http-client/2.0"
129.146.188.65 - - [21/Sep/2026:00:39:26 +0200] "GET /wp-includes/blocks/post-comments.php HTTP/1.1" 403 6501 "http://grupo-seg.com/wp-includes/blocks/post-comments.php" "Go-http-client/2.0"
89.248.107.232 - - [21/Sep/2026:00:39:27 +0200] "POST /wp-cron.php?doing_wp_cron=1789943967.3098719120025634765625 HTTP/1.1" 200 5512 "-" "WordPress/6.6.2; https://grupo-seg.com"
129.146.188.65 - - [21/Sep/2026:00:39:26 +0200] "GET /templates/system/core.php HTTP/1.1" 404 97626 "http://grupo-seg.com/templates/system/core.php" "Go-http-client/2.0"
89.248.107.232 - - [21/Sep/2026:00:39:28 +0200] "POST /wp-admin/admin-ajax.php?action=async_litespeed&nonce=16c258032d&litespeed_type=imgoptm HTTP/1.1" 200 5698 "-" "WordPress/6.6.2; https://grupo-seg.com"
129.146.188.65 - - [21/Sep/2026:00:39:28 +0200] "GET /administrator/components/com_ajax/ajax.php HTTP/1.1" 404 97611 "http://grupo-seg.com/administrator/components/com_ajax/ajax.php" "Go-http-client/2.0"
129.146.188.65 - - [21/Sep/2026:00:39:30 +0200] "GET /components/com_fields/models/fields.php HTTP/1.1" 404 97626 "http://grupo-seg.com/components/com_fields/models/fields.php" "Go-http-client/2.0"
129.146.188.65 - - [21/Sep/2026:00:39:31 +0200] "GET /modules/mod_login/tmpl/default.php HTTP/1.1" 404 97611 "http://grupo-seg.com/modules/mod_login/tmpl/default.php" "Go-http-client/2.0"
129.146.188.65 - - [21/Sep/2026:00:39:33 +0200] "GET /plugins/system/shell.php HTTP/1.1" 404 97611 "http://grupo-seg.com/plugins/system/shell.php" "Go-http-client/2.0"
129.146.188.65 - - [21/Sep/2026:00:39:34 +0200] "GET /tmp/core.php HTTP/1.1" 404 97436 "http://grupo-seg.com/tmp/core.php" "Go-http-client/2.0"
129.146.188.65 - - [21/Sep/2026:00:39:36 +0200] "GET /images/core.php HTTP/1.1" 404 97421 "http://grupo-seg.com/images/core.php" "Go-http-client/2.0"
129.146.188.65 - - [21/Sep/2026:00:39:37 +0200] "GET /language/overrides/system.php HTTP/1.1" 404 97611 "http://grupo-seg.com/language/overrides/system.php" "Go-http-client/2.0"
89.248.107.232 - - [21/Sep/2026:00:39:40 +0200] "POST /wp-cron.php?doing_wp_cron=1789943980.0443110466003417968750 HTTP/1.1" 200 5512 "-" "WordPress/6.6.2; https://grupo-seg.com"
129.146.188.65 - - [21/Sep/2026:00:39:39 +0200] "GET /components/com_media/controller.php HTTP/1.1" 404 97611 "http://grupo-seg.com/components/com_media/controller.php" "Go-http-client/2.0"
129.146.188.65 - - [21/Sep/2026:00:39:41 +0200] "GET /templates/template/error.php HTTP/1.1" 404 97626 "http://grupo-seg.com/templates/template/error.php" "Go-http-client/2.0"
89.248.107.232 - - [21/Sep/2026:00:39:43 +0200] "POST /wp-cron.php?doing_wp_cron=1789943983.2074360847473144531250 HTTP/1.1" 200 5512 "-" "WordPress/6.6.2; https://grupo-seg.com"
129.146.188.65 - - [21/Sep/2026:00:39:42 +0200] "GET /administrator/modules/mod_login/core.php HTTP/1.1" 404 97611 "http://grupo-seg.com/administrator/modules/mod_login/core.php" "Go-http-client/2.0"
154.58.229.19 - - [21/Sep/2026:00:39:43 +0200] "GET / HTTP/1.1" 301 5612 "https://alben4000.com" "Mozilla/5.0 (compatible; ClaudeBot/1.0; +claudebot@anthropic.com)"
154.58.229.19 - - [21/Sep/2026:00:39:44 +0200] "GET /.git/HEAD HTTP/1.1" 301 5668 "https://alben4000.com/.git/HEAD" "Mozilla/5.0 (compatible; xAI-SearchBot/1.0; +https://x.ai)"
129.146.188.65 - - [21/Sep/2026:00:39:44 +0200] "GET /plugins/user/profile/core.php HTTP/1.1" 404 97611 "http://grupo-seg.com/plugins/user/profile/core.php" "Go-http-client/2.0"
154.58.229.19 - - [21/Sep/2026:00:39:45 +0200] "GET /.git/config HTTP/1.1" 301 5670 "https://alben4000.com/.git/config" "Mozilla/5.0 (compatible; Google-CloudVertexBot; +https://cloud.google.com/vertex-ai-bot)"
