89.248.107.232 - - [20/Sep/2026:18:08:30 +0200] "POST /wp-cron.php?doing_wp_cron=1789920510.5558710098266601562500 HTTP/1.1" 200 5512 "-" "WordPress/6.6.2; https://grupo-seg.com"
217.21.158.126 - - [20/Sep/2026:18:08:30 +0200] "GET /portfolio/supervision-del-servicio-del-corredor-vial-no-9 HTTP/1.1" 301 5624 "https://grupo-seg.com/project-type/carreteras" "Mozilla/5.0 (iPhone; CPU iPhone OS 17_1 like Mac OS X) AppleWebKit/605.1.15 (KHTML, like Gecko) Version/17.1 Mobile/15E148 Safari/604.1"
89.248.107.232 - - [20/Sep/2026:18:08:31 +0200] "POST /wp-admin/admin-ajax.php?action=async_litespeed&nonce=16c258032d&litespeed_type=imgoptm HTTP/1.1" 200 5698 "-" "WordPress/6.6.2; https://grupo-seg.com"
85.29.228.101 - - [20/Sep/2026:18:08:32 +0200] "GET /portfolio/supervision-del-servicio-del-corredor-vial-no-9/ HTTP/1.1" 200 107597 "https://grupo-seg.com/project-type/carreteras" "Mozilla/5.0 (iPhone; CPU iPhone OS 17_1 like Mac OS X) AppleWebKit/605.1.15 (KHTML, like Gecko) Version/17.1 Mobile/15E148 Safari/604.1"
89.248.107.232 - - [20/Sep/2026:18:08:52 +0200] "POST /wp-cron.php?doing_wp_cron=1789920532.0686490535736083984375 HTTP/1.1" 200 5512 "-" "WordPress/6.6.2; https://grupo-seg.com/en/"
189.28.75.31 - - [20/Sep/2026:18:08:51 +0200] "GET /en/project-type/%C2%B7-roads HTTP/1.1" 301 5595 "https://grupo-seg.com/project-type/carreteras" "Mozilla/5.0 (Macintosh; Intel Mac OS X 10_15_7) AppleWebKit/537.36 (KHTML, like Gecko) Chrome/126.0.6478.127 Safari/537.36"
89.248.107.232 - - [20/Sep/2026:18:08:55 +0200] "POST /wp-cron.php?doing_wp_cron=1789920535.8048720359802246093750 HTTP/1.1" 200 5512 "-" "WordPress/6.6.2; https://grupo-seg.com/en/"
179.1.240.6 - - [20/Sep/2026:18:08:55 +0200] "GET /en/project-type/%C2%B7-roads/ HTTP/1.1" 200 117194 "https://grupo-seg.com/project-type/carreteras" "Mozilla/5.0 (Macintosh; Intel Mac OS X 10_15_7) AppleWebKit/537.36 (KHTML, like Gecko) Chrome/126.0.6478.127 Safari/537.36"
89.248.107.232 - - [20/Sep/2026:18:09:11 +0200] "POST /wp-cron.php?doing_wp_cron=1789920551.2636570930480957031250 HTTP/1.1" 200 5512 "-" "WordPress/6.6.2; https://grupo-seg.com/en/"
220.181.108.145 - - [20/Sep/2026:18:09:10 +0200] "GET /en/wp-json/oembed/1.0/embed?url=https%3A%2F%2Fgrupo-seg.com%2Fen%2Fcountries%2F&format=xml HTTP/1.1" 200 7987 "-" "Mozilla/5.0 (compatible; Baiduspider/2.0; +http://www.baidu.com/search/spider.html)"
89.248.107.232 - - [20/Sep/2026:18:09:42 +0200] "POST /wp-cron.php?doing_wp_cron=1789920582.4210829734802246093750 HTTP/1.1" 200 5512 "-" "WordPress/6.6.2; https://grupo-seg.com"
37.114.154.125 - - [20/Sep/2026:18:09:41 +0200] "GET /portfolio/interventoria-de-los-contratos-de-concesion-portuaria HTTP/1.1" 301 5630 "https://grupo-seg.com/portfolio/asistencia-tecnica-y-estudio-para-la-mejora-del-puerto-de-pasaia" "Mozilla/5.0 (X11; Linux x86_64; rv:121.0) Gecko/20100101 Firefox/121.0"
89.248.107.232 - - [20/Sep/2026:18:09:43 +0200] "POST /wp-admin/admin-ajax.php?action=async_litespeed&nonce=16c258032d&litespeed_type=imgoptm HTTP/1.1" 200 5698 "-" "WordPress/6.6.2; https://grupo-seg.com"
196.179.15.115 - - [20/Sep/2026:18:09:45 +0200] "GET /portfolio/interventoria-de-los-contratos-de-concesion-portuaria/ HTTP/1.1" 200 116800 "https://grupo-seg.com/portfolio/asistencia-tecnica-y-estudio-para-la-mejora-del-puerto-de-pasaia" "Mozilla/5.0 (X11; Linux x86_64; rv:121.0) Gecko/20100101 Firefox/121.0"
89.248.107.232 - - [20/Sep/2026:18:10:52 +0200] "POST /wp-cron.php?doing_wp_cron=1789920652.4696331024169921875000 HTTP/1.1" 200 5512 "-" "WordPress/6.6.2; https://grupo-seg.com"
124.156.179.141 - - [20/Sep/2026:18:10:52 +0200] "GET / HTTP/1.1" 200 157019 "-" "Mozilla/5.0 (iPhone; CPU iPhone OS 13_2_3 like Mac OS X) AppleWebKit/605.1.15 (KHTML, like Gecko) Version/13.0.3 Mobile/15E148 Safari/604.1"
89.248.107.232 - - [20/Sep/2026:18:10:53 +0200] "POST /wp-admin/admin-ajax.php?action=async_litespeed&nonce=16c258032d&litespeed_type=imgoptm HTTP/1.1" 200 5698 "-" "WordPress/6.6.2; https://grupo-seg.com"
89.248.107.232 - - [20/Sep/2026:18:11:56 +0200] "POST /wp-cron.php?doing_wp_cron=1789920716.1701729297637939453125 HTTP/1.1" 200 5512 "-" "WordPress/6.6.2; https://grupo-seg.com"
173.252.69.27 - - [20/Sep/2026:18:11:55 +0200] "GET / HTTP/1.1" 301 5612 "-" "meta-externalagent/1.1 (+https://developers.facebook.com/docs/sharing/webmasters/crawler)"
89.248.107.232 - - [20/Sep/2026:18:11:56 +0200] "POST /wp-admin/admin-ajax.php?action=async_litespeed&nonce=16c258032d&litespeed_type=imgoptm HTTP/1.1" 200 5698 "-" "WordPress/6.6.2; https://grupo-seg.com"
173.252.69.112 - - [20/Sep/2026:18:11:56 +0200] "GET / HTTP/1.1" 200 165847 "-" "meta-externalagent/1.1 (+https://developers.facebook.com/docs/sharing/webmasters/crawler)"
89.248.107.232 - - [20/Sep/2026:18:12:21 +0200] "POST /wp-cron.php?doing_wp_cron=1789920741.4975559711456298828125 HTTP/1.1" 200 5512 "-" "WordPress/6.6.2; https://grupo-seg.com"
216.244.66.239 - - [20/Sep/2026:18:12:21 +0200] "GET /images/actividad/instalaciones_energia/262/262_06.jpg HTTP/1.1" 404 97611 "-" "Mozilla/5.0 (compatible; DotBot/1.2; +https://opensiteexplorer.org/dotbot; help@moz.com)"
89.248.107.232 - - [20/Sep/2026:18:12:48 +0200] "POST /wp-cron.php?doing_wp_cron=1789920768.1561861038208007812500 HTTP/1.1" 200 5512 "-" "WordPress/6.6.2; https://grupo-seg.com"
2.57.168.5 - - [20/Sep/2026:18:12:47 +0200] "POST /wp-login.php HTTP/1.1" 503 25298 "-" "Mozilla/5.0 (Windows NT 10.0; Win64; rv:143.0) Gecko/20100101 Firefox/143.0"
89.248.107.232 - - [20/Sep/2026:18:12:48 +0200] "POST /wp-admin/admin-ajax.php?action=async_litespeed&nonce=16c258032d&litespeed_type=imgoptm HTTP/1.1" 200 5698 "-" "WordPress/6.6.2; https://grupo-seg.com"
89.248.107.232 - - [20/Sep/2026:18:14:48 +0200] "POST /wp-cron.php?doing_wp_cron=1789920888.8776249885559082031250 HTTP/1.1" 200 5512 "-" "WordPress/6.6.2; https://grupo-seg.com"
103.87.251.85 - - [20/Sep/2026:18:14:48 +0200] "GET /portfolio/asesoria-para-concesion-longitudinal-de-la-sierra-tramo-4 HTTP/1.1" 301 5634 "https://grupo-seg.com/project-type/carreteras" "Mozilla/5.0 (Macintosh; Intel Mac OS X 10_15_7) AppleWebKit/605.1.15 (KHTML, like Gecko) Version/17.2 Safari/605.1.15"
89.248.107.232 - - [20/Sep/2026:18:14:49 +0200] "POST /wp-admin/admin-ajax.php?action=async_litespeed&nonce=16c258032d&litespeed_type=imgoptm HTTP/1.1" 200 5698 "-" "WordPress/6.6.2; https://grupo-seg.com"
223.123.73.216 - - [20/Sep/2026:18:14:50 +0200] "GET /portfolio/asesoria-para-concesion-longitudinal-de-la-sierra-tramo-4/ HTTP/1.1" 200 116888 "https://grupo-seg.com/project-type/carreteras" "Mozilla/5.0 (Macintosh; Intel Mac OS X 10_15_7) AppleWebKit/605.1.15 (KHTML, like Gecko) Version/17.2 Safari/605.1.15"
89.248.107.232 - - [20/Sep/2026:18:15:56 +0200] "POST /wp-cron.php?doing_wp_cron=1789920956.1295258998870849609375 HTTP/1.1" 200 5512 "-" "WordPress/6.6.2; https://grupo-seg.com"
216.244.66.239 - - [20/Sep/2026:18:15:55 +0200] "GET /es/servicios/proyectos-disenos-y-estudios/29-footer?format=feed&type=rss HTTP/1.1" 404 97626 "-" "Mozilla/5.0 (compatible; DotBot/1.2; +https://opensiteexplorer.org/dotbot; help@moz.com)"
89.248.107.232 - - [20/Sep/2026:18:15:56 +0200] "POST /wp-admin/admin-ajax.php?action=async_litespeed&nonce=16c258032d&litespeed_type=imgoptm HTTP/1.1" 200 5698 "-" "WordPress/6.6.2; https://grupo-seg.com"
89.248.107.232 - - [20/Sep/2026:18:17:12 +0200] "POST /wp-cron.php?doing_wp_cron=1789921032.8219559192657470703125 HTTP/1.1" 200 5512 "-" "WordPress/6.6.2; https://grupo-seg.com"
34.79.246.102 - - [20/Sep/2026:18:17:12 +0200] "GET / HTTP/1.1" 200 165817 "-" "Mozilla/5.0 (Windows NT 10.0; Win64; x64) AppleWebKit/537.36 (KHTML, like Gecko) Chrome/84.0.4147.105 Safari/537.36"
89.248.107.232 - - [20/Sep/2026:18:17:13 +0200] "POST /wp-admin/admin-ajax.php?action=async_litespeed&nonce=16c258032d&litespeed_type=imgoptm HTTP/1.1" 200 5698 "-" "WordPress/6.6.2; https://grupo-seg.com"
89.248.107.232 - - [20/Sep/2026:18:18:13 +0200] "POST /wp-cron.php?doing_wp_cron=1789921093.1246740818023681640625 HTTP/1.1" 200 5512 "-" "WordPress/6.6.2; https://grupo-seg.com"
51.81.105.20 - - [20/Sep/2026:18:18:12 +0200] "GET /robots.txt HTTP/1.1" 200 5679 "-" "Mozilla/5.0 (compatible; AhrefsBot/7.0; +http://ahrefs.com/robot/)"
89.248.107.232 - - [20/Sep/2026:18:18:13 +0200] "POST /wp-admin/admin-ajax.php?action=async_litespeed&nonce=16c258032d&litespeed_type=imgoptm HTTP/1.1" 200 5698 "-" "WordPress/6.6.2; https://grupo-seg.com"
51.89.129.42 - - [20/Sep/2026:18:18:13 +0200] "GET /wp-sitemap.xml HTTP/1.1" 200 6217 "-" "Mozilla/5.0 (compatible; AhrefsBot/7.0; +http://ahrefs.com/robot/)"
198.244.183.131 - - [20/Sep/2026:18:18:14 +0200] "GET /wp-sitemap-posts-post-1.xml HTTP/1.1" 200 8170 "-" "Mozilla/5.0 (compatible; AhrefsBot/7.0; +http://ahrefs.com/robot/)"
198.244.240.84 - - [20/Sep/2026:18:18:15 +0200] "GET /wp-sitemap-posts-page-1.xml HTTP/1.1" 200 9189 "-" "Mozilla/5.0 (compatible; AhrefsBot/7.0; +http://ahrefs.com/robot/)"
51.195.183.201 - - [20/Sep/2026:18:18:16 +0200] "GET /wp-sitemap-posts-portfolio-1.xml HTTP/1.1" 200 17286 "-" "Mozilla/5.0 (compatible; AhrefsBot/7.0; +http://ahrefs.com/robot/)"
198.244.240.146 - - [20/Sep/2026:18:18:18 +0200] "GET /wp-sitemap-posts-mgeo_map-1.xml HTTP/1.1" 200 6011 "-" "Mozilla/5.0 (compatible; AhrefsBot/7.0; +http://ahrefs.com/robot/)"
198.244.168.71 - - [20/Sep/2026:18:18:19 +0200] "GET /wp-sitemap-taxonomies-category-1.xml HTTP/1.1" 200 6256 "-" "Mozilla/5.0 (compatible; AhrefsBot/7.0; +http://ahrefs.com/robot/)"
54.38.147.130 - - [20/Sep/2026:18:18:20 +0200] "GET /wp-sitemap-taxonomies-project-type-1.xml HTTP/1.1" 200 6924 "-" "Mozilla/5.0 (compatible; AhrefsBot/7.0; +http://ahrefs.com/robot/)"
89.248.107.232 - - [20/Sep/2026:18:18:36 +0200] "POST /wp-cron.php?doing_wp_cron=1789921116.3985219001770019531250 HTTP/1.1" 200 5512 "-" "WordPress/6.6.2; https://grupo-seg.com"
120.48.93.232 - - [20/Sep/2026:18:18:35 +0200] "GET /?rest_route=/wp/v2/posts&per_page=1 HTTP/1.1" 200 15665 "https://www.serynco.es/?rest_route=/wp/v2/posts&per_page=1" "Mozilla/5.0 (compatible; WordPressPostChecker/1.0)"
120.48.93.232 - - [20/Sep/2026:18:18:36 +0200] "GET / HTTP/1.1" 301 5612 "https://www.serynco.es/" "Mozilla/5.0 (compatible; WordPressPostChecker/1.0)"
89.248.107.232 - - [20/Sep/2026:18:18:36 +0200] "POST /wp-admin/admin-ajax.php?action=async_litespeed&nonce=16c258032d&litespeed_type=imgoptm HTTP/1.1" 200 5698 "-" "WordPress/6.6.2; https://grupo-seg.com"
120.48.93.232 - - [20/Sep/2026:18:18:39 +0200] "GET / HTTP/1.1" 200 13454 "https://www.grupo-seg.com/" "Mozilla/5.0 (compatible; WordPressPostChecker/1.0)"
89.248.107.232 - - [20/Sep/2026:18:18:41 +0200] "POST /wp-cron.php?doing_wp_cron=1789921120.9617838859558105468750 HTTP/1.1" 200 5512 "-" "WordPress/6.6.2; https://grupo-seg.com"
120.48.93.232 - - [20/Sep/2026:18:18:40 +0200] "GET /feed/ HTTP/1.1" 301 5669 "https://www.serynco.es/feed/" "Mozilla/5.0 (compatible; WordPressPostChecker/1.0)"
120.48.93.232 - - [20/Sep/2026:18:18:41 +0200] "GET /feed/ HTTP/1.1" 200 100998 "https://www.grupo-seg.com/feed/" "Mozilla/5.0 (compatible; WordPressPostChecker/1.0)"
89.248.107.232 - - [20/Sep/2026:18:21:14 +0200] "POST /wp-cron.php?doing_wp_cron=1789921274.0047590732574462890625 HTTP/1.1" 200 5512 "-" "WordPress/6.6.2; https://grupo-seg.com"
45.156.129.68 - - [20/Sep/2026:18:21:13 +0200] "GET / HTTP/1.1" 301 5612 "https://alben4000.com/" "Mozilla/5.0 AppleWebKit/537.36 (KHTML, like Gecko) Chrome/123.0.6312.86 Safari/537.36"
89.248.107.232 - - [20/Sep/2026:18:21:14 +0200] "POST /wp-admin/admin-ajax.php?action=async_litespeed&nonce=16c258032d&litespeed_type=imgoptm HTTP/1.1" 200 5698 "-" "WordPress/6.6.2; https://grupo-seg.com"
45.156.129.65 - - [20/Sep/2026:18:21:14 +0200] "GET / HTTP/1.1" 200 165847 "https://www.grupo-seg.com/" "Mozilla/5.0 AppleWebKit/537.36 (KHTML, like Gecko) Chrome/123.0.6312.86 Safari/537.36"
89.248.107.232 - - [20/Sep/2026:18:21:28 +0200] "POST /wp-cron.php?doing_wp_cron=1789921288.3831050395965576171875 HTTP/1.1" 200 5512 "-" "WordPress/6.6.2; https://grupo-seg.com"
45.156.129.65 - - [20/Sep/2026:18:21:28 +0200] "POST /mcp HTTP/1.1" 404 92217 "-" "python-httpx/0.28.1"
89.248.107.232 - - [20/Sep/2026:18:21:28 +0200] "POST /wp-admin/admin-ajax.php?action=async_litespeed&nonce=16c258032d&litespeed_type=imgoptm HTTP/1.1" 200 5698 "-" "WordPress/6.6.2; https://grupo-seg.com"
45.156.129.65 - - [20/Sep/2026:18:21:29 +0200] "GET /sse HTTP/1.1" 404 97421 "-" "python-httpx/0.28.1"
45.156.129.65 - - [20/Sep/2026:18:21:32 +0200] "GET /favicon.ico HTTP/1.1" 302 5672 "https://alben4000.com/favicon.ico" "Mozilla/5.0 AppleWebKit/537.36 (KHTML, like Gecko) Chrome/123.0.6312.86 Safari/537.36"
45.156.129.68 - - [20/Sep/2026:18:21:33 +0200] "GET /wp-content/uploads/2021/07/cropped-SED_FAV-32x32.png HTTP/1.1" 200 199 "https://www.grupo-seg.com/favicon.ico" "Mozilla/5.0 AppleWebKit/537.36 (KHTML, like Gecko) Chrome/123.0.6312.86 Safari/537.36"
43.167.236.228 - - [20/Sep/2026:18:21:36 +0200] "GET /proyectos/ HTTP/1.1" 200 938711 "-" "Mozilla/5.0 (iPhone; CPU iPhone OS 13_2_3 like Mac OS X) AppleWebKit/605.1.15 (KHTML, like Gecko) Version/13.0.3 Mobile/15E148 Safari/604.1"
89.248.107.232 - - [20/Sep/2026:18:22:13 +0200] "POST /wp-cron.php?doing_wp_cron=1789921333.1933350563049316406250 HTTP/1.1" 200 5512 "-" "WordPress/6.6.2; https://grupo-seg.com"
170.9.239.112 - - [20/Sep/2026:18:22:12 +0200] "GET / HTTP/1.1" 200 165817 "https://seg-sa.es/" "Go-http-client/1.1"
170.9.239.112 - - [20/Sep/2026:18:22:14 +0200] "GET /wp-includes/css/buttons.css HTTP/1.1" 200 9830 "https://seg-sa.es/wp-includes/css/buttons.css" "Go-http-client/1.1"
89.248.107.232 - - [20/Sep/2026:18:23:12 +0200] "POST /wp-cron.php?doing_wp_cron=1789921392.8288459777832031250000 HTTP/1.1" 200 5512 "-" "WordPress/6.6.2; https://grupo-seg.com"
91.244.197.105 - - [20/Sep/2026:18:23:12 +0200] "GET /wp-login.php HTTP/1.1" 200 13732 "https://seg-sa.es/" "Mozilla/5.0 (Macintosh; Intel Mac OS X 10_15_7) AppleWebKit/537.36 (KHTML, like Gecko) Chrome/147.0.0.0 Safari/537.36"
89.248.107.232 - - [20/Sep/2026:18:23:13 +0200] "POST /wp-admin/admin-ajax.php?action=async_litespeed&nonce=16c258032d&litespeed_type=imgoptm HTTP/1.1" 200 5698 "-" "WordPress/6.6.2; https://grupo-seg.com"
91.244.197.105 - - [20/Sep/2026:18:23:12 +0200] "POST /wp-login.php HTTP/1.1" 503 25298 "https://seg-sa.es/wp-login.php" "Mozilla/5.0 (Macintosh; Intel Mac OS X 10_15_7) AppleWebKit/537.36 (KHTML, like Gecko) Chrome/147.0.0.0 Safari/537.36"
91.244.197.105 - - [20/Sep/2026:18:23:14 +0200] "POST /wp-login.php HTTP/1.1" 503 24035 "https://seg-sa.es/wp-login.php" "Mozilla/5.0 (Macintosh; Intel Mac OS X 10_15_7) AppleWebKit/537.36 (KHTML, like Gecko) Chrome/147.0.0.0 Safari/537.36"
91.244.197.105 - - [20/Sep/2026:18:23:15 +0200] "POST /wp-login.php HTTP/1.1" 503 24035 "https://seg-sa.es/wp-login.php" "Mozilla/5.0 (Macintosh; Intel Mac OS X 10_15_7) AppleWebKit/537.36 (KHTML, like Gecko) Chrome/147.0.0.0 Safari/537.36"
91.244.197.105 - - [20/Sep/2026:18:23:16 +0200] "GET /wp-json/wp/v2/users/me HTTP/1.1" 503 24035 "https://seg-sa.es/" "Mozilla/5.0 (Macintosh; Intel Mac OS X 10_15_7) AppleWebKit/537.36 (KHTML, like Gecko) Chrome/147.0.0.0 Safari/537.36"
91.244.197.105 - - [20/Sep/2026:18:23:16 +0200] "GET /wp-json/wp/v2/users/me HTTP/1.1" 503 24035 "https://seg-sa.es/" "Mozilla/5.0 (Macintosh; Intel Mac OS X 10_15_7) AppleWebKit/537.36 (KHTML, like Gecko) Chrome/147.0.0.0 Safari/537.36"
91.244.197.105 - - [20/Sep/2026:18:23:18 +0200] "GET /wp-json/wp/v2/users/me HTTP/1.1" 503 24035 "https://seg-sa.es/" "Mozilla/5.0 (Macintosh; Intel Mac OS X 10_15_7) AppleWebKit/537.36 (KHTML, like Gecko) Chrome/147.0.0.0 Safari/537.36"
89.248.107.232 - - [20/Sep/2026:18:23:24 +0200] "POST /?wordfence_syncAttackData=1789921404.4461 HTTP/1.1" 200 5452 "-" "WordPress/6.6.2; https://grupo-seg.com"
89.248.107.232 - - [20/Sep/2026:18:23:25 +0200] "POST /wp-cron.php?doing_wp_cron=1789921405.0158801078796386718750 HTTP/1.1" 200 5512 "-" "WordPress/6.6.2; https://grupo-seg.com"
217.181.93.6 - - [20/Sep/2026:18:23:24 +0200] "HEAD / HTTP/1.1" 301 5593 "-" "Mozilla/5.0 (X11; U; OpenBSD i386; en-US; rv:1.9.2.20) Gecko/20110803 Firefox/3.6.20"
89.248.107.232 - - [20/Sep/2026:18:23:25 +0200] "POST /wp-admin/admin-ajax.php?action=async_litespeed&nonce=16c258032d&litespeed_type=imgoptm HTTP/1.1" 200 5698 "-" "WordPress/6.6.2; https://grupo-seg.com"
217.181.89.179 - - [20/Sep/2026:18:23:25 +0200] "HEAD / HTTP/1.1" 200 5715 "-" "Mozilla/5.0 (Windows NT 6.1; WOW64) AppleWebKit/534.24 (KHTML, like Gecko) Chrome/12.0.702.0 Safari/534.24"
89.248.107.232 - - [20/Sep/2026:18:24:00 +0200] "POST /wp-cron.php?doing_wp_cron=1789921440.4623260498046875000000 HTTP/1.1" 200 5512 "-" "WordPress/6.6.2; https://grupo-seg.com"
178.105.183.10 - - [20/Sep/2026:18:24:00 +0200] "GET / HTTP/1.1" 200 165847 "http://grupo-seg.com" "2ip bot/1.1 (+https://2ip.io/bot/)"
89.248.107.232 - - [20/Sep/2026:18:24:17 +0200] "POST /wp-cron.php?doing_wp_cron=1789921456.9849100112915039062500 HTTP/1.1" 200 5512 "-" "WordPress/6.6.2; https://grupo-seg.com"
51.8.102.203 - - [20/Sep/2026:18:24:16 +0200] "GET /robots.txt HTTP/1.1" 200 5679 "-" "Mozilla/5.0 (Macintosh; Intel Mac OS X 10_15_7) AppleWebKit/537.36 (KHTML, like Gecko) Chrome/131.0.0.0 Safari/537.36; compatible; OAI-SearchBot/1.0; +https://openai.com/searchbot"
89.248.107.232 - - [20/Sep/2026:18:27:28 +0200] "POST /wp-cron.php?doing_wp_cron=1789921648.9468948841094970703125 HTTP/1.1" 200 5512 "-" "WordPress/6.6.2; https://grupo-seg.com"
23.26.238.182 - - [20/Sep/2026:18:27:28 +0200] "GET /robots.txt HTTP/1.1" 200 5679 "-" "Mozilla/5.0 AppleWebKit/537.36 (KHTML, like Gecko); compatible; SEOJuice-SearchBot/1.0; +https://seojuice.io/bot"
23.26.238.182 - - [20/Sep/2026:18:27:29 +0200] "GET /llms.txt HTTP/1.1" 404 97421 "-" "Mozilla/5.0 AppleWebKit/537.36 (KHTML, like Gecko); compatible; SEOJuice-SearchBot/1.0; +https://seojuice.io/bot"
89.248.107.232 - - [20/Sep/2026:18:27:29 +0200] "POST /wp-admin/admin-ajax.php?action=async_litespeed&nonce=16c258032d&litespeed_type=imgoptm HTTP/1.1" 200 5698 "-" "WordPress/6.6.2; https://grupo-seg.com"
23.26.238.182 - - [20/Sep/2026:18:27:30 +0200] "GET /ai.txt HTTP/1.1" 404 97421 "-" "Mozilla/5.0 AppleWebKit/537.36 (KHTML, like Gecko); compatible; SEOJuice-SearchBot/1.0; +https://seojuice.io/bot"
23.26.238.182 - - [20/Sep/2026:18:27:31 +0200] "GET / HTTP/1.1" 200 165847 "-" "Mozilla/5.0 AppleWebKit/537.36 (KHTML, like Gecko); compatible; SEOJuice-SearchBot/1.0; +https://seojuice.io/bot"
89.248.107.232 - - [20/Sep/2026:18:28:59 +0200] "POST /wp-cron.php?doing_wp_cron=1789921739.7178559303283691406250 HTTP/1.1" 200 5512 "-" "WordPress/6.6.2; https://grupo-seg.com"
131.239.58.233 - - [20/Sep/2026:18:28:59 +0200] "GET /category/argentina HTTP/1.1" 301 5585 "https://grupo-seg.com/" "Mozilla/5.0 (Windows NT 6.2; Win64; x64) AppleWebKit/537.36 (KHTML, like Gecko) Chrome/73.0.2847.119 Safari/537.36"
131.239.58.233 - - [20/Sep/2026:18:29:00 +0200] "GET /category/argentina/ HTTP/1.1" 200 104305 "https://grupo-seg.com/" "Mozilla/5.0 (Windows NT 6.2; Win64; x64) AppleWebKit/537.36 (KHTML, like Gecko) Chrome/73.0.2847.119 Safari/537.36"
89.248.107.232 - - [20/Sep/2026:18:29:01 +0200] "POST /wp-admin/admin-ajax.php?action=async_litespeed&nonce=16c258032d&litespeed_type=imgoptm HTTP/1.1" 200 5698 "-" "WordPress/6.6.2; https://grupo-seg.com"
89.248.107.232 - - [20/Sep/2026:18:31:03 +0200] "POST /wp-cron.php?doing_wp_cron=1789921863.2204039096832275390625 HTTP/1.1" 200 5512 "-" "WordPress/6.6.2; https://grupo-seg.com"
178.105.183.10 - - [20/Sep/2026:18:31:02 +0200] "GET / HTTP/1.1" 200 165817 "https://www.seg-sa.es/" "2ip bot/1.1 (+https://2ip.io/bot/)"
89.248.107.232 - - [20/Sep/2026:18:31:03 +0200] "POST /wp-admin/admin-ajax.php?action=async_litespeed&nonce=16c258032d&litespeed_type=imgoptm HTTP/1.1" 200 5698 "-" "WordPress/6.6.2; https://grupo-seg.com"
89.248.107.232 - - [20/Sep/2026:18:31:32 +0200] "POST /wp-cron.php?doing_wp_cron=1789921892.0284349918365478515625 HTTP/1.1" 200 5512 "-" "WordPress/6.6.2; https://grupo-seg.com"
163.172.52.49 - - [20/Sep/2026:18:31:31 +0200] "GET /es/noticias HTTP/1.1" 404 97436 "-" "Mozilla/5.0 (Macintosh; Intel Mac OS X 14.7; rv:128.0) Gecko/20100101 Firefox/128.0"
89.248.107.232 - - [20/Sep/2026:18:31:32 +0200] "POST /wp-admin/admin-ajax.php?action=async_litespeed&nonce=16c258032d&litespeed_type=imgoptm HTTP/1.1" 200 5698 "-" "WordPress/6.6.2; https://grupo-seg.com"
163.172.52.49 - - [20/Sep/2026:18:31:33 +0200] "GET /es/noticias HTTP/1.1" 404 97421 "-" "Mozilla/5.0 (Macintosh; Intel Mac OS X 14.7; rv:128.0) Gecko/20100101 Firefox/128.0"
89.248.107.232 - - [20/Sep/2026:18:32:15 +0200] "POST /wp-cron.php?doing_wp_cron=1789921935.1330709457397460937500 HTTP/1.1" 200 5512 "-" "WordPress/6.6.2; https://grupo-seg.com"
112.204.164.70 - - [20/Sep/2026:18:32:14 +0200] "GET /paises/colombia HTTP/1.1" 301 5582 "https://grupo-seg.com/" "Mozilla/5.0 (Windows NT 10.0; Win64; x64) AppleWebKit/537.36 (KHTML, like Gecko) Chrome/70.0.3975.32 Safari/537.36"
112.204.164.70 - - [20/Sep/2026:18:32:16 +0200] "GET /paises/colombia/ HTTP/1.1" 200 176080 "https://grupo-seg.com/" "Mozilla/5.0 (Windows NT 10.0; Win64; x64) AppleWebKit/537.36 (KHTML, like Gecko) Chrome/70.0.3975.32 Safari/537.36"
89.248.107.232 - - [20/Sep/2026:18:32:33 +0200] "POST /wp-cron.php?doing_wp_cron=1789921953.0558071136474609375000 HTTP/1.1" 200 5512 "-" "WordPress/6.6.2; https://grupo-seg.com"
43.165.126.130 - - [20/Sep/2026:18:32:32 +0200] "GET /sobre-nosotros/ HTTP/1.1" 200 247083 "-" "Mozilla/5.0 (iPhone; CPU iPhone OS 13_2_3 like Mac OS X) AppleWebKit/605.1.15 (KHTML, like Gecko) Version/13.0.3 Mobile/15E148 Safari/604.1"
89.248.107.232 - - [20/Sep/2026:18:32:33 +0200] "POST /wp-admin/admin-ajax.php?action=async_litespeed&nonce=16c258032d&litespeed_type=imgoptm HTTP/1.1" 200 5698 "-" "WordPress/6.6.2; https://grupo-seg.com"
89.248.107.232 - - [20/Sep/2026:18:33:19 +0200] "POST /wp-cron.php?doing_wp_cron=1789921999.4431619644165039062500 HTTP/1.1" 200 5512 "-" "WordPress/6.6.2; https://grupo-seg.com"
45.247.163.170 - - [20/Sep/2026:18:33:19 +0200] "GET /informacion-general HTTP/1.1" 301 5586 "https://grupo-seg.com/" "Mozilla/5.0 (Windows NT 6.2; Win64; x64) AppleWebKit/537.36 (KHTML, like Gecko) Chrome/78.0.3205.133 Safari/537.36"
45.247.163.170 - - [20/Sep/2026:18:33:20 +0200] "GET /informacion-general/ HTTP/1.1" 200 120017 "https://grupo-seg.com/" "Mozilla/5.0 (Windows NT 6.2; Win64; x64) AppleWebKit/537.36 (KHTML, like Gecko) Chrome/78.0.3205.133 Safari/537.36"
89.248.107.232 - - [20/Sep/2026:18:34:16 +0200] "POST /wp-cron.php?doing_wp_cron=1789922056.6371560096740722656250 HTTP/1.1" 200 5512 "-" "WordPress/6.6.2; https://grupo-seg.com"
173.239.240.237 - - [20/Sep/2026:18:34:16 +0200] "POST /wp-login.php HTTP/1.1" 503 25298 "-" "Mozilla/5.0 (Windows NT 10.0; Win64; rv:143.0) Gecko/20100101 Firefox/143.0"
89.248.107.232 - - [20/Sep/2026:18:34:17 +0200] "POST /wp-admin/admin-ajax.php?action=async_litespeed&nonce=16c258032d&litespeed_type=imgoptm HTTP/1.1" 200 5698 "-" "WordPress/6.6.2; https://grupo-seg.com"
89.248.107.232 - - [20/Sep/2026:18:35:48 +0200] "POST /wp-cron.php?doing_wp_cron=1789922148.0260949134826660156250 HTTP/1.1" 200 5512 "-" "WordPress/6.6.2; https://grupo-seg.com/en/"
52.167.144.147 - - [20/Sep/2026:18:35:47 +0200] "GET /en/?s= HTTP/1.1" 200 97544 "-" "Mozilla/5.0 AppleWebKit/537.36 (KHTML, like Gecko; compatible; bingbot/2.0; +http://www.bing.com/bingbot.htm) Chrome/116.0.1938.76 Safari/537.36"
89.248.107.232 - - [20/Sep/2026:18:35:48 +0200] "POST /wp-admin/admin-ajax.php?action=async_litespeed&nonce=16c258032d&litespeed_type=imgoptm HTTP/1.1" 200 5698 "-" "WordPress/6.6.2; https://grupo-seg.com"
89.248.107.232 - - [20/Sep/2026:18:37:28 +0200] "POST /wp-cron.php?doing_wp_cron=1789922248.7999420166015625000000 HTTP/1.1" 200 5512 "-" "WordPress/6.6.2; https://grupo-seg.com"
52.167.144.147 - - [20/Sep/2026:18:37:28 +0200] "GET /?s=2026 HTTP/1.1" 200 88580 "-" "Mozilla/5.0 AppleWebKit/537.36 (KHTML, like Gecko; compatible; bingbot/2.0; +http://www.bing.com/bingbot.htm) Chrome/116.0.1938.76 Safari/537.36"
89.248.107.232 - - [20/Sep/2026:18:37:29 +0200] "POST /wp-admin/admin-ajax.php?action=async_litespeed&nonce=16c258032d&litespeed_type=imgoptm HTTP/1.1" 200 5698 "-" "WordPress/6.6.2; https://grupo-seg.com"
89.248.107.232 - - [20/Sep/2026:18:38:21 +0200] "POST /wp-cron.php?doing_wp_cron=1789922301.7853291034698486328125 HTTP/1.1" 200 5512 "-" "WordPress/6.6.2; https://grupo-seg.com/en/"
198.244.168.9 - - [20/Sep/2026:18:38:21 +0200] "GET /en/category/paraguay-en/ HTTP/1.1" 200 107550 "-" "Mozilla/5.0 (compatible; AhrefsBot/7.0; +http://ahrefs.com/robot/)"
89.248.107.232 - - [20/Sep/2026:18:38:31 +0200] "POST /wp-cron.php?doing_wp_cron=1789922311.4991509914398193359375 HTTP/1.1" 200 5512 "-" "WordPress/6.6.2; https://grupo-seg.com"
40.77.167.4 - - [20/Sep/2026:18:38:31 +0200] "GET /?s= HTTP/1.1" 200 97053 "-" "Mozilla/5.0 AppleWebKit/537.36 (KHTML, like Gecko; compatible; bingbot/2.0; +http://www.bing.com/bingbot.htm) Chrome/116.0.1938.76 Safari/537.36"
89.248.107.232 - - [20/Sep/2026:18:38:32 +0200] "POST /wp-admin/admin-ajax.php?action=async_litespeed&nonce=16c258032d&litespeed_type=imgoptm HTTP/1.1" 200 5698 "-" "WordPress/6.6.2; https://grupo-seg.com"
89.248.107.232 - - [20/Sep/2026:18:40:37 +0200] "POST /wp-cron.php?doing_wp_cron=1789922437.2696530818939208984375 HTTP/1.1" 200 5512 "-" "WordPress/6.6.2; https://grupo-seg.com/en/"
198.244.168.51 - - [20/Sep/2026:18:40:36 +0200] "GET /en/category/paraguay-en/ HTTP/1.1" 200 107565 "-" "Mozilla/5.0 (compatible; AhrefsBot/7.0; +http://ahrefs.com/robot/)"
89.248.107.232 - - [20/Sep/2026:18:40:38 +0200] "POST /wp-admin/admin-ajax.php?action=async_litespeed&nonce=16c258032d&litespeed_type=imgoptm HTTP/1.1" 200 5698 "-" "WordPress/6.6.2; https://grupo-seg.com"
89.248.107.232 - - [20/Sep/2026:18:41:45 +0200] "POST /wp-cron.php?doing_wp_cron=1789922505.7834129333496093750000 HTTP/1.1" 200 5512 "-" "WordPress/6.6.2; https://grupo-seg.com"
43.134.62.67 - - [20/Sep/2026:18:41:45 +0200] "GET /paises/bolivia/ HTTP/1.1" 200 156670 "-" "Mozilla/5.0 (iPhone; CPU iPhone OS 13_2_3 like Mac OS X) AppleWebKit/605.1.15 (KHTML, like Gecko) Version/13.0.3 Mobile/15E148 Safari/604.1"
89.248.107.232 - - [20/Sep/2026:18:41:46 +0200] "POST /wp-admin/admin-ajax.php?action=async_litespeed&nonce=16c258032d&litespeed_type=imgoptm HTTP/1.1" 200 5698 "-" "WordPress/6.6.2; https://grupo-seg.com"
89.248.107.232 - - [20/Sep/2026:18:43:48 +0200] "POST /wp-cron.php?doing_wp_cron=1789922628.3699040412902832031250 HTTP/1.1" 200 5512 "-" "WordPress/6.6.2; https://grupo-seg.com"
74.7.175.137 - - [20/Sep/2026:18:43:47 +0200] "GET /robots.txt HTTP/1.1" 200 5679 "-" "Mozilla/5.0 (Macintosh; Intel Mac OS X 10_15_7) AppleWebKit/537.36 (KHTML, like Gecko) Chrome/131.0.0.0 Safari/537.36; compatible; OAI-SearchBot/1.4; robots.txt; +https://openai.com/searchbot"
89.248.107.232 - - [20/Sep/2026:18:43:49 +0200] "POST /wp-admin/admin-ajax.php?action=async_litespeed&nonce=16c258032d&litespeed_type=imgoptm HTTP/1.1" 200 5698 "-" "WordPress/6.6.2; https://grupo-seg.com"
89.248.107.232 - - [20/Sep/2026:18:44:04 +0200] "POST /wp-cron.php?doing_wp_cron=1789922644.5664160251617431640625 HTTP/1.1" 200 5512 "-" "WordPress/6.6.2; https://grupo-seg.com"
216.73.216.65 - - [20/Sep/2026:18:44:04 +0200] "GET /robots.txt HTTP/1.1" 200 5679 "-" "Mozilla/5.0 AppleWebKit/537.36 (KHTML, like Gecko; compatible; ClaudeBot/1.0; +claudebot@anthropic.com)"
216.73.216.65 - - [20/Sep/2026:18:44:05 +0200] "GET /wp-sitemap.xml HTTP/1.1" 200 6217 "-" "Mozilla/5.0 AppleWebKit/537.36 (KHTML, like Gecko; compatible; ClaudeBot/1.0; +claudebot@anthropic.com)"
123.20.22.240 - - [20/Sep/2026:18:44:08 +0200] "GET /en/author/roberto HTTP/1.1" 301 5584 "https://grupo-seg.com/" "Mozilla/5.0 (Windows NT 6.0; Win64; x64) AppleWebKit/537.36 (KHTML, like Gecko) Chrome/67.0.2158.78 Safari/537.36"
123.20.22.240 - - [20/Sep/2026:18:44:08 +0200] "GET /en/author/roberto/ HTTP/1.1" 200 109346 "https://grupo-seg.com/" "Mozilla/5.0 (Windows NT 6.0; Win64; x64) AppleWebKit/537.36 (KHTML, like Gecko) Chrome/67.0.2158.78 Safari/537.36"
62.60.130.142 - - [20/Sep/2026:18:44:23 +0200] "GET /images/images/cache.php HTTP/1.1" 403 22902 "www.google.com" "Mozlila/5.0 (Linux; Android 7.0; SM-G892A Bulid/NRD90M; wv) AppleWebKit/537.36 (KHTML, like Gecko) Version/4.0 Chrome/60.0.3112.107 Moblie Safari/537.36"
89.248.107.232 - - [20/Sep/2026:18:44:47 +0200] "POST /?wordfence_syncAttackData=1789922687.4488 HTTP/1.1" 200 5452 "-" "WordPress/6.6.2; https://grupo-seg.com"
89.248.107.232 - - [20/Sep/2026:18:44:48 +0200] "POST /wp-cron.php?doing_wp_cron=1789922688.0683279037475585937500 HTTP/1.1" 200 5512 "-" "WordPress/6.6.2; https://grupo-seg.com"
42.83.147.53 - - [20/Sep/2026:18:44:47 +0200] "GET / HTTP/1.1" 200 165847 "-" "Mozilla/5.0 (Windows NT 6.1; Win64; x64) AppleWebKit/537.36 (KHTML, like Gecko)Chrome/74.0.3729.169 Safari/537.36"
89.248.107.232 - - [20/Sep/2026:18:44:48 +0200] "POST /wp-admin/admin-ajax.php?action=async_litespeed&nonce=16c258032d&litespeed_type=imgoptm HTTP/1.1" 200 5698 "-" "WordPress/6.6.2; https://grupo-seg.com"
42.83.147.53 - - [20/Sep/2026:18:44:49 +0200] "GET / HTTP/1.1" 200 165817 "-" "Mozilla/5.0 (Windows NT 6.1; Win64; x64) AppleWebKit/537.36 (KHTML, like Gecko)Chrome/74.0.3729.169 Safari/537.36"
89.248.107.232 - - [20/Sep/2026:18:49:58 +0200] "POST /wp-cron.php?doing_wp_cron=1789922998.3920660018920898437500 HTTP/1.1" 200 5512 "-" "WordPress/6.6.2; https://grupo-seg.com/en/"
175.110.11.99 - - [20/Sep/2026:18:49:57 +0200] "GET /en/portfolio/project-for-the-renovation-and-adaptation-of-the-pavement-on-taxiways-s-t-and-apron-slabs-2-of-barcelona-airport HTTP/1.1" 301 5692 "https://grupo-seg.com/" "Mozilla/5.0 (Windows NT 6.1; Win64; x64) AppleWebKit/537.36 (KHTML, like Gecko) Chrome/60.0.2835.67 Safari/537.36"
89.248.107.232 - - [20/Sep/2026:18:49:59 +0200] "POST /wp-admin/admin-ajax.php?action=async_litespeed&nonce=16c258032d&litespeed_type=imgoptm HTTP/1.1" 200 5698 "-" "WordPress/6.6.2; https://grupo-seg.com"
175.110.11.99 - - [20/Sep/2026:18:50:00 +0200] "GET /en/portfolio/project-for-the-renovation-and-adaptation-of-the-pavement-on-taxiways-s-t-and-apron-slabs-2-of-barcelona-airport/ HTTP/1.1" 200 117991 "https://grupo-seg.com/" "Mozilla/5.0 (Windows NT 6.1; Win64; x64) AppleWebKit/537.36 (KHTML, like Gecko) Chrome/60.0.2835.67 Safari/537.36"
89.248.107.232 - - [20/Sep/2026:18:50:11 +0200] "POST /wp-cron.php?doing_wp_cron=1789923011.7240779399871826171875 HTTP/1.1" 200 5512 "-" "WordPress/6.6.2; https://grupo-seg.com"
43.153.71.12 - - [20/Sep/2026:18:50:11 +0200] "GET /actualidad/ HTTP/1.1" 200 137610 "-" "Mozilla/5.0 (iPhone; CPU iPhone OS 13_2_3 like Mac OS X) AppleWebKit/605.1.15 (KHTML, like Gecko) Version/13.0.3 Mobile/15E148 Safari/604.1"
89.248.107.232 - - [20/Sep/2026:18:50:47 +0200] "POST /wp-cron.php?doing_wp_cron=1789923047.4660699367523193359375 HTTP/1.1" 200 5512 "-" "WordPress/6.6.2; https://grupo-seg.com"
179.51.247.218 - - [20/Sep/2026:18:50:47 +0200] "GET / HTTP/1.1" 301 5612 "https://domainmetricschecker.online/dir/backlinks-for-websites-5743" "Mozilla/5.0 (Macintosh; Intel Mac OS X 10_15_7) AppleWebKit/537.36 (KHTML, like Gecko) Chrome/126.0.6478.127 Safari/537.36"
89.248.107.232 - - [20/Sep/2026:18:50:48 +0200] "POST /wp-admin/admin-ajax.php?action=async_litespeed&nonce=16c258032d&litespeed_type=imgoptm HTTP/1.1" 200 5698 "-" "WordPress/6.6.2; https://grupo-seg.com"
5.62.149.192 - - [20/Sep/2026:18:50:50 +0200] "GET / HTTP/1.1" 200 165847 "https://domainmetricschecker.online/dir/backlinks-for-websites-5743" "Mozilla/5.0 (Macintosh; Intel Mac OS X 10_15_7) AppleWebKit/537.36 (KHTML, like Gecko) Chrome/126.0.6478.127 Safari/537.36"
89.248.107.232 - - [20/Sep/2026:18:51:25 +0200] "POST /wp-cron.php?doing_wp_cron=1789923084.9872589111328125000000 HTTP/1.1" 200 5512 "-" "WordPress/6.6.2; https://grupo-seg.com"
66.249.88.104 - - [20/Sep/2026:18:51:24 +0200] "GET /.well-known/traffic-advice HTTP/1.1" 404 97421 "-" "Chrome Privacy Preserving Prefetch Proxy"
193.186.4.220 - - [20/Sep/2026:18:51:25 +0200] "GET /category/peru/ HTTP/1.1" 200 106648 "https://www.google.com/" "Mozilla/5.0 (Windows NT 10.0; Win64; x64) AppleWebKit/537.36 (KHTML, like Gecko) Chrome/153.0.0.0 Safari/537.36"
89.248.107.232 - - [20/Sep/2026:18:51:26 +0200] "POST /wp-admin/admin-ajax.php?action=async_litespeed&nonce=16c258032d&litespeed_type=imgoptm HTTP/1.1" 200 5698 "-" "WordPress/6.6.2; https://grupo-seg.com"
89.248.107.232 - - [20/Sep/2026:18:52:02 +0200] "POST /wp-cron.php?doing_wp_cron=1789923122.1135129928588867187500 HTTP/1.1" 200 5512 "-" "WordPress/6.6.2; https://grupo-seg.com"
54.196.35.103 - - [20/Sep/2026:18:52:01 +0200] "GET / HTTP/1.1" 200 165817 "-" "ELinks (0.4pre5; Linux 2.6.10-ac7 i686; 80x33)"
89.248.107.232 - - [20/Sep/2026:18:52:49 +0200] "POST /wp-cron.php?doing_wp_cron=1789923169.0772159099578857421875 HTTP/1.1" 200 5512 "-" "WordPress/6.6.2; https://grupo-seg.com/en/"
116.179.32.164 - - [20/Sep/2026:18:52:48 +0200] "GET /en/wp-json/wp/v2/pages/5674 HTTP/1.1" 200 56365 "-" "Mozilla/5.0 (compatible; Baiduspider/2.0; +http://www.baidu.com/search/spider.html)"
89.248.107.232 - - [20/Sep/2026:18:52:49 +0200] "POST /wp-admin/admin-ajax.php?action=async_litespeed&nonce=16c258032d&litespeed_type=imgoptm HTTP/1.1" 200 5698 "-" "WordPress/6.6.2; https://grupo-seg.com"
173.252.95.37 - - [20/Sep/2026:18:53:30 +0200] "GET /wp-content/uploads/2022/10/Ruta_PY01_KM_65-813x1024.jpg HTTP/2.0" 200 193817 "-" "facebookexternalhit/1.1 (+http://www.facebook.com/externalhit_uatext.php)"
89.248.107.232 - - [20/Sep/2026:18:53:38 +0200] "POST /wp-cron.php?doing_wp_cron=1789923218.4868988990783691406250 HTTP/1.1" 200 5512 "-" "WordPress/6.6.2; https://grupo-seg.com"
52.167.144.217 - - [20/Sep/2026:18:53:38 +0200] "GET /elsr163534sspimti/oesdt HTTP/1.1" 301 5682 "-" "Mozilla/5.0 AppleWebKit/537.36 (KHTML, like Gecko; compatible; bingbot/2.0; +http://www.bing.com/bingbot.htm) Chrome/116.0.1938.76 Safari/537.36"
89.248.107.232 - - [20/Sep/2026:18:53:39 +0200] "POST /wp-admin/admin-ajax.php?action=async_litespeed&nonce=16c258032d&litespeed_type=imgoptm HTTP/1.1" 200 5698 "-" "WordPress/6.6.2; https://grupo-seg.com"
89.248.107.232 - - [20/Sep/2026:18:54:40 +0200] "POST /wp-cron.php?doing_wp_cron=1789923280.2875769138336181640625 HTTP/1.1" 200 5512 "-" "WordPress/6.6.2; https://grupo-seg.com"
47.128.38.125 - - [20/Sep/2026:18:54:39 +0200] "GET / HTTP/1.1" 200 156989 "-" "Mozilla/5.0 (Linux; Android 5.0) AppleWebKit/537.36 (KHTML, like Gecko) Mobile Safari/537.36 (compatible; Bytespider; spider-feedback@bytedance.com)"
89.248.107.232 - - [20/Sep/2026:18:54:40 +0200] "POST /wp-admin/admin-ajax.php?action=async_litespeed&nonce=16c258032d&litespeed_type=imgoptm HTTP/1.1" 200 5698 "-" "WordPress/6.6.2; https://grupo-seg.com"
47.128.38.125 - - [20/Sep/2026:18:54:41 +0200] "POST /wp-content/plugins/litespeed-cache/guest.vary.php HTTP/1.1" 403 6501 "https://grupo-seg.com/" "Mozilla/5.0 (Linux; Android 5.0) AppleWebKit/537.36 (KHTML, like Gecko) Mobile Safari/537.36 (compatible; Bytespider; spider-feedback@bytedance.com)"
89.248.107.232 - - [20/Sep/2026:18:55:05 +0200] "POST /wp-cron.php?doing_wp_cron=1789923305.0127789974212646484375 HTTP/1.1" 200 5512 "-" "WordPress/6.6.2; https://grupo-seg.com"
52.167.144.213 - - [20/Sep/2026:18:55:04 +0200] "GET /ahjv14736omiisstdoegd.html HTTP/1.1" 404 97421 "-" "Mozilla/5.0 AppleWebKit/537.36 (KHTML, like Gecko; compatible; bingbot/2.0; +http://www.bing.com/bingbot.htm) Chrome/116.0.1938.76 Safari/537.36"
173.239.240.246 - - [20/Sep/2026:18:55:19 +0200] "POST /wp-login.php HTTP/1.1" 503 25298 "-" "Mozilla/5.0 (Windows NT 10.0; Win64; x64) AppleWebKit/537.36 Chrome/129.0.0.0 Safari/537.36"
89.248.107.232 - - [20/Sep/2026:18:55:38 +0200] "POST /wp-cron.php?doing_wp_cron=1789923337.9521069526672363281250 HTTP/1.1" 200 5512 "-" "WordPress/6.6.2; https://grupo-seg.com"
52.167.144.211 - - [20/Sep/2026:18:55:37 +0200] "GET /ihkj794381oittd/sepimss.html HTTP/1.1" 301 5687 "-" "Mozilla/5.0 AppleWebKit/537.36 (KHTML, like Gecko; compatible; bingbot/2.0; +http://www.bing.com/bingbot.htm) Chrome/116.0.1938.76 Safari/537.36"
89.248.107.232 - - [20/Sep/2026:18:55:38 +0200] "POST /wp-admin/admin-ajax.php?action=async_litespeed&nonce=16c258032d&litespeed_type=imgoptm HTTP/1.1" 200 5698 "-" "WordPress/6.6.2; https://grupo-seg.com"
89.248.107.232 - - [20/Sep/2026:18:56:06 +0200] "POST /wp-cron.php?doing_wp_cron=1789923366.6857678890228271484375 HTTP/1.1" 200 5512 "-" "WordPress/6.6.2; https://grupo-seg.com"
47.128.37.77 - - [20/Sep/2026:18:56:06 +0200] "GET / HTTP/1.1" 200 157019 "-" "Mozilla/5.0 (Linux; Android 5.0) AppleWebKit/537.36 (KHTML, like Gecko) Mobile Safari/537.36 (compatible; Bytespider; spider-feedback@bytedance.com)"
47.128.37.77 - - [20/Sep/2026:18:56:08 +0200] "POST /wp-content/plugins/litespeed-cache/guest.vary.php HTTP/1.1" 403 6501 "https://grupo-seg.com/" "Mozilla/5.0 (Linux; Android 5.0) AppleWebKit/537.36 (KHTML, like Gecko) Mobile Safari/537.36 (compatible; Bytespider; spider-feedback@bytedance.com)"
52.167.144.233 - - [20/Sep/2026:18:56:09 +0200] "GET /kfue1880874osiddptssioogd HTTP/1.1" 404 97436 "-" "Mozilla/5.0 AppleWebKit/537.36 (KHTML, like Gecko; compatible; bingbot/2.0; +http://www.bing.com/bingbot.htm) Chrome/116.0.1938.76 Safari/537.36"
89.248.107.232 - - [20/Sep/2026:18:57:23 +0200] "POST /wp-cron.php?doing_wp_cron=1789923443.5714330673217773437500 HTTP/1.1" 200 5512 "-" "WordPress/6.6.2; https://grupo-seg.com"
52.167.144.159 - - [20/Sep/2026:18:57:23 +0200] "GET /es/buscando-mujeres-solteras-en-guatemala HTTP/1.1" 404 97421 "-" "Mozilla/5.0 AppleWebKit/537.36 (KHTML, like Gecko; compatible; bingbot/2.0; +http://www.bing.com/bingbot.htm) Chrome/116.0.1938.76 Safari/537.36"
89.248.107.232 - - [20/Sep/2026:18:57:24 +0200] "POST /wp-admin/admin-ajax.php?action=async_litespeed&nonce=16c258032d&litespeed_type=imgoptm HTTP/1.1" 200 5698 "-" "WordPress/6.6.2; https://grupo-seg.com"
89.248.107.232 - - [20/Sep/2026:18:58:17 +0200] "POST /wp-cron.php?doing_wp_cron=1789923497.1135020256042480468750 HTTP/1.1" 200 5512 "-" "WordPress/6.6.2; https://grupo-seg.com"
52.167.144.233 - - [20/Sep/2026:18:58:16 +0200] "GET /rmsy672098oeismoisdtgd.html HTTP/1.1" 404 97436 "-" "Mozilla/5.0 AppleWebKit/537.36 (KHTML, like Gecko; compatible; bingbot/2.0; +http://www.bing.com/bingbot.htm) Chrome/116.0.1938.76 Safari/537.36"
89.248.107.232 - - [20/Sep/2026:18:58:17 +0200] "POST /wp-admin/admin-ajax.php?action=async_litespeed&nonce=16c258032d&litespeed_type=imgoptm HTTP/1.1" 200 5698 "-" "WordPress/6.6.2; https://grupo-seg.com"
52.167.144.233 - - [20/Sep/2026:18:58:18 +0200] "GET /lzmq206781dsoptsidroctidpu.htm HTTP/1.1" 404 97436 "-" "Mozilla/5.0 AppleWebKit/537.36 (KHTML, like Gecko; compatible; bingbot/2.0; +http://www.bing.com/bingbot.htm) Chrome/116.0.1938.76 Safari/537.36"
52.167.144.233 - - [20/Sep/2026:18:58:19 +0200] "GET /comfort7zl/2aeaxcvs.html HTTP/1.1" 404 97421 "-" "Mozilla/5.0 AppleWebKit/537.36 (KHTML, like Gecko; compatible; bingbot/2.0; +http://www.bing.com/bingbot.htm) Chrome/116.0.1938.76 Safari/537.36"
89.248.107.232 - - [20/Sep/2026:18:58:28 +0200] "POST /wp-cron.php?doing_wp_cron=1789923508.5975360870361328125000 HTTP/1.1" 200 5512 "-" "WordPress/6.6.2; https://grupo-seg.com"
52.167.144.199 - - [20/Sep/2026:18:58:28 +0200] "GET /iruw230656odsii/contacto.html HTTP/1.1" 301 5688 "-" "Mozilla/5.0 AppleWebKit/537.36 (KHTML, like Gecko; compatible; bingbot/2.0; +http://www.bing.com/bingbot.htm) Chrome/116.0.1938.76 Safari/537.36"
89.248.107.232 - - [20/Sep/2026:18:58:29 +0200] "POST /wp-admin/admin-ajax.php?action=async_litespeed&nonce=16c258032d&litespeed_type=imgoptm HTTP/1.1" 200 5698 "-" "WordPress/6.6.2; https://grupo-seg.com"
89.248.107.232 - - [20/Sep/2026:19:00:19 +0200] "POST /wp-cron.php?doing_wp_cron=1789923619.1415350437164306640625 HTTP/1.1" 200 5512 "-" "WordPress/6.6.2; https://grupo-seg.com"
52.167.144.159 - - [20/Sep/2026:19:00:18 +0200] "GET /htsr694443z8si36do1o4d79g205.htm HTTP/1.1" 404 97436 "-" "Mozilla/5.0 AppleWebKit/537.36 (KHTML, like Gecko; compatible; bingbot/2.0; +http://www.bing.com/bingbot.htm) Chrome/116.0.1938.76 Safari/537.36"
89.248.107.232 - - [20/Sep/2026:19:00:19 +0200] "POST /wp-admin/admin-ajax.php?action=async_litespeed&nonce=16c258032d&litespeed_type=imgoptm HTTP/1.1" 200 5698 "-" "WordPress/6.6.2; https://grupo-seg.com"
52.167.144.159 - - [20/Sep/2026:19:00:21 +0200] "GET /vjcl1616990isiputddocsrptod.html HTTP/1.1" 404 97436 "-" "Mozilla/5.0 AppleWebKit/537.36 (KHTML, like Gecko; compatible; bingbot/2.0; +http://www.bing.com/bingbot.htm) Chrome/116.0.1938.76 Safari/537.36"
89.248.107.232 - - [20/Sep/2026:19:00:27 +0200] "POST /wp-cron.php?doing_wp_cron=1789923626.9834339618682861328125 HTTP/1.1" 200 5512 "-" "WordPress/6.6.2; https://grupo-seg.com"
40.77.167.219 - - [20/Sep/2026:19:00:26 +0200] "GET /robots.txt HTTP/1.1" 200 5679 "-" "Mozilla/5.0 AppleWebKit/537.36 (KHTML, like Gecko; compatible; bingbot/2.0; +http://www.bing.com/bingbot.htm) Chrome/116.0.1938.76 Safari/537.36"
40.77.167.219 - - [20/Sep/2026:19:00:27 +0200] "GET /robots.txt HTTP/1.1" 200 5679 "-" "Mozilla/5.0 AppleWebKit/537.36 (KHTML, like Gecko; compatible; bingbot/2.0; +http://www.bing.com/bingbot.htm) Chrome/116.0.1938.76 Safari/537.36"
89.248.107.232 - - [20/Sep/2026:19:00:27 +0200] "POST /wp-admin/admin-ajax.php?action=async_litespeed&nonce=16c258032d&litespeed_type=imgoptm HTTP/1.1" 200 5698 "-" "WordPress/6.6.2; https://grupo-seg.com"
89.248.107.232 - - [20/Sep/2026:19:00:51 +0200] "POST /wp-cron.php?doing_wp_cron=1789923651.7043740749359130859375 HTTP/1.1" 200 5512 "-" "WordPress/6.6.2; https://grupo-seg.com"
43.165.197.116 - - [20/Sep/2026:19:00:51 +0200] "GET / HTTP/1.1" 200 156989 "https://www.seg-sa.es/" "Mozilla/5.0 (iPhone; CPU iPhone OS 13_2_3 like Mac OS X) AppleWebKit/605.1.15 (KHTML, like Gecko) Version/13.0.3 Mobile/15E148 Safari/604.1"
89.248.107.232 - - [20/Sep/2026:19:00:59 +0200] "POST /wp-cron.php?doing_wp_cron=1789923659.1748769283294677734375 HTTP/1.1" 200 5512 "-" "WordPress/6.6.2; https://grupo-seg.com"
129.226.146.146 - - [20/Sep/2026:19:00:58 +0200] "GET /wp-json/ HTTP/1.1" 200 285994 "-" "Mozilla/5.0 (iPhone; CPU iPhone OS 13_2_3 like Mac OS X) AppleWebKit/605.1.15 (KHTML, like Gecko) Version/13.0.3 Mobile/15E148 Safari/604.1"
89.248.107.232 - - [20/Sep/2026:19:01:07 +0200] "POST /wp-cron.php?doing_wp_cron=1789923667.9013791084289550781250 HTTP/1.1" 200 5512 "-" "WordPress/6.6.2; https://grupo-seg.com"
52.167.144.168 - - [20/Sep/2026:19:01:07 +0200] "GET /rentarusetonoren/empleo.html HTTP/1.1" 404 97436 "-" "Mozilla/5.0 AppleWebKit/537.36 (KHTML, like Gecko; compatible; bingbot/2.0; +http://www.bing.com/bingbot.htm) Chrome/116.0.1938.76 Safari/537.36"
52.167.144.159 - - [20/Sep/2026:19:01:11 +0200] "GET /collie2t/owqd24k62.html HTTP/1.1" 404 97436 "-" "Mozilla/5.0 AppleWebKit/537.36 (KHTML, like Gecko; compatible; bingbot/2.0; +http://www.bing.com/bingbot.htm) Chrome/116.0.1938.76 Safari/537.36"
52.167.144.159 - - [20/Sep/2026:19:01:14 +0200] "GET /es/bogota-conocer-chicas HTTP/1.1" 404 97436 "-" "Mozilla/5.0 AppleWebKit/537.36 (KHTML, like Gecko; compatible; bingbot/2.0; +http://www.bing.com/bingbot.htm) Chrome/116.0.1938.76 Safari/537.36"
89.248.107.232 - - [20/Sep/2026:19:01:30 +0200] "POST /wp-cron.php?doing_wp_cron=1789923690.7130680084228515625000 HTTP/1.1" 200 5512 "-" "WordPress/6.6.2; https://grupo-seg.com"
52.167.144.233 - - [20/Sep/2026:19:01:30 +0200] "GET /npsi1181376isipmcdttoerud HTTP/1.1" 404 97436 "-" "Mozilla/5.0 AppleWebKit/537.36 (KHTML, like Gecko; compatible; bingbot/2.0; +http://www.bing.com/bingbot.htm) Chrome/116.0.1938.76 Safari/537.36"
89.248.107.232 - - [20/Sep/2026:19:01:31 +0200] "POST /wp-admin/admin-ajax.php?action=async_litespeed&nonce=16c258032d&litespeed_type=imgoptm HTTP/1.1" 200 5698 "-" "WordPress/6.6.2; https://grupo-seg.com"
52.167.144.233 - - [20/Sep/2026:19:01:33 +0200] "GET /kfue331154mogdesioisdt.html HTTP/1.1" 404 97421 "-" "Mozilla/5.0 AppleWebKit/537.36 (KHTML, like Gecko; compatible; bingbot/2.0; +http://www.bing.com/bingbot.htm) Chrome/116.0.1938.76 Safari/537.36"
52.167.144.233 - - [20/Sep/2026:19:01:34 +0200] "GET /htsr1034487oisidstmpest.htm HTTP/1.1" 404 97421 "-" "Mozilla/5.0 AppleWebKit/537.36 (KHTML, like Gecko; compatible; bingbot/2.0; +http://www.bing.com/bingbot.htm) Chrome/116.0.1938.76 Safari/537.36"
52.167.144.233 - - [20/Sep/2026:19:01:35 +0200] "GET /ihdm700477sopdmii/clientes.html HTTP/1.1" 404 97436 "-" "Mozilla/5.0 AppleWebKit/537.36 (KHTML, like Gecko; compatible; bingbot/2.0; +http://www.bing.com/bingbot.htm) Chrome/116.0.1938.76 Safari/537.36"
52.167.144.233 - - [20/Sep/2026:19:01:36 +0200] "GET /ihve891255rsipuotiptsdoddc.htm HTTP/1.1" 404 97421 "-" "Mozilla/5.0 AppleWebKit/537.36 (KHTML, like Gecko; compatible; bingbot/2.0; +http://www.bing.com/bingbot.htm) Chrome/116.0.1938.76 Safari/537.36"
89.248.107.232 - - [20/Sep/2026:19:01:53 +0200] "POST /wp-cron.php?doing_wp_cron=1789923713.3085520267486572265625 HTTP/1.1" 200 5512 "-" "WordPress/6.6.2; https://grupo-seg.com"
52.167.144.199 - - [20/Sep/2026:19:01:52 +0200] "GET /ahjv923260tmiti/servicios.html HTTP/1.1" 301 5689 "-" "Mozilla/5.0 AppleWebKit/537.36 (KHTML, like Gecko; compatible; bingbot/2.0; +http://www.bing.com/bingbot.htm) Chrome/116.0.1938.76 Safari/537.36"
89.248.107.232 - - [20/Sep/2026:19:03:01 +0200] "POST /wp-cron.php?doing_wp_cron=1789923781.4448149204254150390625 HTTP/1.1" 200 5512 "-" "WordPress/6.6.2; https://grupo-seg.com"
20.15.133.164 - - [20/Sep/2026:19:03:01 +0200] "GET /robots.txt HTTP/1.1" 200 5679 "-" "Mozilla/5.0 AppleWebKit/537.36 (KHTML, like Gecko; compatible; bingbot/2.0; +http://www.bing.com/bingbot.htm) Chrome/116.0.1938.76 Safari/537.36"
89.248.107.232 - - [20/Sep/2026:19:03:02 +0200] "POST /wp-admin/admin-ajax.php?action=async_litespeed&nonce=16c258032d&litespeed_type=imgoptm HTTP/1.1" 200 5698 "-" "WordPress/6.6.2; https://grupo-seg.com"
89.248.107.232 - - [20/Sep/2026:19:03:05 +0200] "POST /wp-cron.php?doing_wp_cron=1789923785.3973491191864013671875 HTTP/1.1" 200 5512 "-" "WordPress/6.6.2; https://grupo-seg.com"
20.15.133.160 - - [20/Sep/2026:19:03:05 +0200] "GET /irve217717sogdtme/clientes.html HTTP/1.1" 404 97436 "-" "Mozilla/5.0 AppleWebKit/537.36 (KHTML, like Gecko; compatible; bingbot/2.0; +http://www.bing.com/bingbot.htm) Chrome/116.0.1938.76 Safari/537.36"
89.248.107.232 - - [20/Sep/2026:19:03:33 +0200] "POST /wp-cron.php?doing_wp_cron=1789923813.3889269828796386718750 HTTP/1.1" 200 5512 "-" "WordPress/6.6.2; https://grupo-seg.com/en/"
118.101.205.170 - - [20/Sep/2026:19:03:32 +0200] "GET /en/portfolio/supervision-of-the-work-for-the-final-repair-of-the-intake-structure-of-the-huachipa-system HTTP/1.1" 301 5671 "https://grupo-seg.com/" "Mozilla/5.0 (Windows NT 6.0; Win64; x64) AppleWebKit/537.36 (KHTML, like Gecko) Chrome/77.0.3344.199 Safari/537.36"
89.248.107.232 - - [20/Sep/2026:19:03:33 +0200] "POST /wp-admin/admin-ajax.php?action=async_litespeed&nonce=16c258032d&litespeed_type=imgoptm HTTP/1.1" 200 5698 "-" "WordPress/6.6.2; https://grupo-seg.com"
118.101.205.170 - - [20/Sep/2026:19:03:34 +0200] "GET /en/portfolio/supervision-of-the-work-for-the-final-repair-of-the-intake-structure-of-the-huachipa-system/ HTTP/1.1" 200 117566 "https://grupo-seg.com/" "Mozilla/5.0 (Windows NT 6.0; Win64; x64) AppleWebKit/537.36 (KHTML, like Gecko) Chrome/77.0.3344.199 Safari/537.36"
89.248.107.232 - - [20/Sep/2026:19:03:48 +0200] "POST /wp-cron.php?doing_wp_cron=1789923828.8723320960998535156250 HTTP/1.1" 200 5512 "-" "WordPress/6.6.2; https://grupo-seg.com"
52.167.144.199 - - [20/Sep/2026:19:03:48 +0200] "GET /soldered6l/empresa.html HTTP/1.1" 301 5682 "-" "Mozilla/5.0 AppleWebKit/537.36 (KHTML, like Gecko; compatible; bingbot/2.0; +http://www.bing.com/bingbot.htm) Chrome/116.0.1938.76 Safari/537.36"
52.167.144.199 - - [20/Sep/2026:19:03:51 +0200] "GET /kfue916789rscpuii/buzon-sugerencias.html HTTP/1.1" 301 5699 "-" "Mozilla/5.0 AppleWebKit/537.36 (KHTML, like Gecko; compatible; bingbot/2.0; +http://www.bing.com/bingbot.htm) Chrome/116.0.1938.76 Safari/537.36"
52.167.144.168 - - [20/Sep/2026:19:03:52 +0200] "GET /abex1331187sdpsitomit.htm HTTP/1.1" 404 97421 "-" "Mozilla/5.0 AppleWebKit/537.36 (KHTML, like Gecko; compatible; bingbot/2.0; +http://www.bing.com/bingbot.htm) Chrome/116.0.1938.76 Safari/537.36"
89.248.107.232 - - [20/Sep/2026:19:03:54 +0200] "POST /wp-cron.php?doing_wp_cron=1789923834.1619141101837158203125 HTTP/1.1" 200 5512 "-" "WordPress/6.6.2; https://grupo-seg.com"
52.167.144.199 - - [20/Sep/2026:19:03:53 +0200] "GET /burekirainshisute/0007007362.html HTTP/1.1" 301 5692 "-" "Mozilla/5.0 AppleWebKit/537.36 (KHTML, like Gecko; compatible; bingbot/2.0; +http://www.bing.com/bingbot.htm) Chrome/116.0.1938.76 Safari/537.36"
89.248.107.232 - - [20/Sep/2026:19:04:23 +0200] "POST /wp-cron.php?doing_wp_cron=1789923863.2648530006408691406250 HTTP/1.1" 200 5512 "-" "WordPress/6.6.2; https://grupo-seg.com"
52.167.144.233 - - [20/Sep/2026:19:04:22 +0200] "GET /shikensamitsubishi/0004876083.html HTTP/1.1" 404 97436 "-" "Mozilla/5.0 AppleWebKit/537.36 (KHTML, like Gecko; compatible; bingbot/2.0; +http://www.bing.com/bingbot.htm) Chrome/116.0.1938.76 Safari/537.36"
52.167.144.196 - - [20/Sep/2026:19:04:24 +0200] "GET /peru7lz/servicios.html HTTP/1.1" 301 5681 "-" "Mozilla/5.0 AppleWebKit/537.36 (KHTML, like Gecko; compatible; bingbot/2.0; +http://www.bing.com/bingbot.htm) Chrome/116.0.1938.76 Safari/537.36"
89.248.107.232 - - [20/Sep/2026:19:04:37 +0200] "POST /wp-cron.php?doing_wp_cron=1789923877.6413769721984863281250 HTTP/1.1" 200 5512 "-" "WordPress/6.6.2; https://grupo-seg.com"
35.205.49.123 - - [20/Sep/2026:19:04:37 +0200] "GET /pagina-ejemplo/feed/ HTTP/1.1" 200 6619 "-" "okhttp/4.12.0"
35.205.49.123 - - [20/Sep/2026:19:04:37 +0200] "GET /feed/ HTTP/1.1" 200 100983 "-" "okhttp/4.12.0"
