185.129.62.62 - - [20/Sep/2026:12:41:02 +0200] "GET /servicios/ HTTP/1.1" 200 202626 "-" "\"Mozilla/5.0 (Macintosh; Intel Mac OS X 10_15_7) AppleWebKit/537.36 (KHTML, like Gecko) Chrome/142.0.0.0 Safari/537.36\""
106.214.8.17 - - [20/Sep/2026:12:41:04 +0200] "POST /xmlrpc.php HTTP/1.1" 503 24035 "-" "WordPress.com; https://wordpress.com"
106.214.8.17 - - [20/Sep/2026:12:41:14 +0200] "POST /xmlrpc.php HTTP/1.1" 503 24035 "-" "Jetpack/12.0; WordPress/6.1; http://site50734786.com"
106.214.8.17 - - [20/Sep/2026:12:41:25 +0200] "POST /xmlrpc.php HTTP/1.1" 503 24035 "-" "Jetpack by WordPress.com (Jetpack 12.5; WordPress 6.4)"
106.214.8.17 - - [20/Sep/2026:12:41:35 +0200] "POST /xmlrpc.php HTTP/1.1" 503 24035 "-" "Jetpack by WordPress.com (Jetpack 13.0; WordPress 6.4)"
106.214.8.17 - - [20/Sep/2026:12:41:46 +0200] "POST /xmlrpc.php HTTP/1.1" 503 24035 "-" "Jetpack by WordPress.com (Jetpack 12.0; WordPress 6.1)"
106.214.8.17 - - [20/Sep/2026:12:41:56 +0200] "POST /xmlrpc.php HTTP/1.1" 503 24035 "-" "WordPress.com; https://wordpress.com"
106.214.8.17 - - [20/Sep/2026:12:42:07 +0200] "POST /xmlrpc.php HTTP/1.1" 503 24035 "-" "WordPress.com; https://wordpress.com"
106.214.8.17 - - [20/Sep/2026:12:42:17 +0200] "POST /xmlrpc.php HTTP/1.1" 503 24035 "-" "Jetpack by WordPress.com (Jetpack 12.1; WordPress 6.3)"
106.214.8.17 - - [20/Sep/2026:12:42:28 +0200] "POST /xmlrpc.php HTTP/1.1" 503 24035 "-" "WordPress.com; https://wordpress.com"
106.214.8.17 - - [20/Sep/2026:12:42:38 +0200] "POST /xmlrpc.php HTTP/1.1" 503 24035 "-" "Jetpack by WordPress.com"
106.214.8.17 - - [20/Sep/2026:12:42:49 +0200] "POST /xmlrpc.php HTTP/1.1" 503 24035 "-" "Jetpack by WordPress.com"
129.226.146.146 - - [20/Sep/2026:12:42:59 +0200] "GET /wp-content/plugins/sitepress-multilingual-cms HTTP/1.1" 301 5771 "-" "Mozilla/5.0 (iPhone; CPU iPhone OS 13_2_3 like Mac OS X) AppleWebKit/605.1.15 (KHTML, like Gecko) Version/13.0.3 Mobile/15E148 Safari/604.1"
106.214.8.17 - - [20/Sep/2026:12:42:59 +0200] "POST /xmlrpc.php HTTP/1.1" 503 24035 "-" "WordPress.com; https://wordpress.com"
129.226.146.146 - - [20/Sep/2026:12:43:03 +0200] "GET /wp-content/plugins/sitepress-multilingual-cms/ HTTP/1.1" 403 6501 "https://grupo-seg.com/wp-content/plugins/sitepress-multilingual-cms" "Mozilla/5.0 (iPhone; CPU iPhone OS 13_2_3 like Mac OS X) AppleWebKit/605.1.15 (KHTML, like Gecko) Version/13.0.3 Mobile/15E148 Safari/604.1"
106.214.8.17 - - [20/Sep/2026:12:43:11 +0200] "POST /xmlrpc.php HTTP/1.1" 503 24035 "-" "Jetpack by WordPress.com"
89.248.107.232 - - [20/Sep/2026:12:43:19 +0200] "POST /?wordfence_syncAttackData=1789900999.1349 HTTP/1.1" 200 5452 "-" "WordPress/6.6.2; https://grupo-seg.com"
89.248.107.232 - - [20/Sep/2026:12:43:19 +0200] "POST /wp-cron.php?doing_wp_cron=1789900999.7617659568786621093750 HTTP/1.1" 200 5512 "-" "WordPress/6.6.2; https://grupo-seg.com"
52.167.144.219 - - [20/Sep/2026:12:43:18 +0200] "GET /berutsuwaiyasuto/empresa.html HTTP/1.1" 301 5688 "-" "Mozilla/5.0 AppleWebKit/537.36 (KHTML, like Gecko; compatible; bingbot/2.0; +http://www.bing.com/bingbot.htm) Chrome/116.0.1938.76 Safari/537.36"
89.248.107.232 - - [20/Sep/2026:12:43:20 +0200] "POST /wp-admin/admin-ajax.php?action=async_litespeed&nonce=c23640a689&litespeed_type=imgoptm HTTP/1.1" 200 5698 "-" "WordPress/6.6.2; https://grupo-seg.com"
52.167.144.219 - - [20/Sep/2026:12:43:21 +0200] "GET /aguz1035802ogiim/dtsoesd HTTP/1.1" 301 5683 "-" "Mozilla/5.0 AppleWebKit/537.36 (KHTML, like Gecko; compatible; bingbot/2.0; +http://www.bing.com/bingbot.htm) Chrome/116.0.1938.76 Safari/537.36"
106.214.8.17 - - [20/Sep/2026:12:43:22 +0200] "POST /xmlrpc.php HTTP/1.1" 503 25081 "-" "WordPress.com; https://wordpress.com"
106.214.8.17 - - [20/Sep/2026:12:43:32 +0200] "POST /xmlrpc.php HTTP/1.1" 503 24035 "-" "WordPress.com; https://wordpress.com"
89.248.107.232 - - [20/Sep/2026:12:43:33 +0200] "POST /?wordfence_syncAttackData=1789901013.4254 HTTP/1.1" 200 5452 "-" "WordPress/6.6.2; https://grupo-seg.com"
89.248.107.232 - - [20/Sep/2026:12:43:34 +0200] "POST /wp-cron.php?doing_wp_cron=1789901014.0544750690460205078125 HTTP/1.1" 200 5512 "-" "WordPress/6.6.2; https://grupo-seg.com"
40.77.167.32 - - [20/Sep/2026:12:43:33 +0200] "GET /ahcd213188dsgitooidm HTTP/1.1" 404 97436 "-" "Mozilla/5.0 AppleWebKit/537.36 (KHTML, like Gecko; compatible; bingbot/2.0; +http://www.bing.com/bingbot.htm) Chrome/116.0.1938.76 Safari/537.36"
89.248.107.232 - - [20/Sep/2026:12:43:35 +0200] "POST /wp-admin/admin-ajax.php?action=async_litespeed&nonce=c23640a689&litespeed_type=imgoptm HTTP/1.1" 200 5698 "-" "WordPress/6.6.2; https://grupo-seg.com"
40.77.167.32 - - [20/Sep/2026:12:43:35 +0200] "GET /accidentality20/gqd0a0yg1.html HTTP/1.1" 404 97436 "-" "Mozilla/5.0 AppleWebKit/537.36 (KHTML, like Gecko; compatible; bingbot/2.0; +http://www.bing.com/bingbot.htm) Chrome/116.0.1938.76 Safari/537.36"
106.214.8.17 - - [20/Sep/2026:12:43:42 +0200] "POST /xmlrpc.php HTTP/1.1" 503 24035 "-" "Jetpack by WordPress.com (Jetpack 12.0; WordPress 6.3)"
106.214.8.17 - - [20/Sep/2026:12:43:53 +0200] "POST /xmlrpc.php HTTP/1.1" 503 24035 "-" "Jetpack by WordPress.com (Jetpack 12.1; WordPress 6.1)"
89.248.107.232 - - [20/Sep/2026:12:44:00 +0200] "POST /?wordfence_syncAttackData=1789901040.6854 HTTP/1.1" 200 5452 "-" "WordPress/6.6.2; https://grupo-seg.com"
89.248.107.232 - - [20/Sep/2026:12:44:01 +0200] "POST /wp-cron.php?doing_wp_cron=1789901041.2736771106719970703125 HTTP/1.1" 200 5512 "-" "WordPress/6.6.2; https://grupo-seg.com"
52.167.144.219 - - [20/Sep/2026:12:44:00 +0200] "GET /doramasukuea/ HTTP/1.1" 301 5672 "-" "Mozilla/5.0 AppleWebKit/537.36 (KHTML, like Gecko; compatible; bingbot/2.0; +http://www.bing.com/bingbot.htm) Chrome/116.0.1938.76 Safari/537.36"
106.214.8.17 - - [20/Sep/2026:12:44:03 +0200] "POST /xmlrpc.php HTTP/1.1" 503 24035 "-" "Jetpack by WordPress.com"
106.214.8.17 - - [20/Sep/2026:12:44:14 +0200] "POST /xmlrpc.php HTTP/1.1" 503 24035 "-" "Jetpack/13.0; WordPress/6.2; http://site65448208.com"
106.214.8.17 - - [20/Sep/2026:12:44:24 +0200] "POST /xmlrpc.php HTTP/1.1" 503 24035 "-" "Jetpack by WordPress.com (Jetpack 12.5; WordPress 6.3)"
106.214.8.17 - - [20/Sep/2026:12:44:35 +0200] "POST /xmlrpc.php HTTP/1.1" 503 24035 "-" "Jetpack/13.0; WordPress/6.1; http://site85358199.com"
106.214.8.17 - - [20/Sep/2026:12:44:45 +0200] "POST /xmlrpc.php HTTP/1.1" 503 24035 "-" "Jetpack/12.0; WordPress/6.4; http://site17598179.com"
106.214.8.17 - - [20/Sep/2026:12:44:56 +0200] "POST /xmlrpc.php HTTP/1.1" 503 24035 "-" "WordPress.com; https://wordpress.com"
106.214.8.17 - - [20/Sep/2026:12:45:06 +0200] "POST /xmlrpc.php HTTP/1.1" 503 24035 "-" "Jetpack by WordPress.com (Jetpack 12.5; WordPress 6.2)"
106.214.8.17 - - [20/Sep/2026:12:45:17 +0200] "POST /xmlrpc.php HTTP/1.1" 503 24035 "-" "Jetpack by WordPress.com"
106.214.8.17 - - [20/Sep/2026:12:45:28 +0200] "POST /xmlrpc.php HTTP/1.1" 503 24035 "-" "Jetpack by WordPress.com"
106.214.8.17 - - [20/Sep/2026:12:45:42 +0200] "POST /xmlrpc.php HTTP/1.1" 503 24035 "-" "Jetpack by WordPress.com (Jetpack 12.5; WordPress 6.2)"
106.214.8.17 - - [20/Sep/2026:12:45:53 +0200] "POST /xmlrpc.php HTTP/1.1" 503 24035 "-" "WordPress.com; https://wordpress.com"
106.214.8.17 - - [20/Sep/2026:12:46:02 +0200] "POST /xmlrpc.php HTTP/1.1" 503 24035 "-" "Jetpack by WordPress.com (Jetpack 12.0; WordPress 6.4)"
106.214.8.17 - - [20/Sep/2026:12:46:13 +0200] "POST /xmlrpc.php HTTP/1.1" 503 24035 "-" "Jetpack by WordPress.com"
106.214.8.17 - - [20/Sep/2026:12:46:23 +0200] "POST /xmlrpc.php HTTP/1.1" 503 24035 "-" "Jetpack by WordPress.com (Jetpack 13.0; WordPress 6.3)"
106.214.8.17 - - [20/Sep/2026:12:46:34 +0200] "POST /xmlrpc.php HTTP/1.1" 503 24035 "-" "Jetpack/12.0; WordPress/6.2; http://site30527450.com"
89.248.107.232 - - [20/Sep/2026:12:46:35 +0200] "POST /?wordfence_syncAttackData=1789901195.2581 HTTP/1.1" 200 5452 "-" "WordPress/6.6.2; https://grupo-seg.com"
89.248.107.232 - - [20/Sep/2026:12:46:35 +0200] "POST /wp-cron.php?doing_wp_cron=1789901195.8866739273071289062500 HTTP/1.1" 200 5512 "-" "WordPress/6.6.2; https://grupo-seg.com"
94.54.241.156 - - [20/Sep/2026:12:46:35 +0200] "GET /portfolio/regeneracion-de-pavimento-en-pista-en-el-aeropuerto-adolfo-suarez-madrid-barajas/ HTTP/1.1" 200 117259 "-" "Mozilla/5.0 (Macintosh; Intel Mac OS X 10.15; rv:135.0) Gecko/20100101 Firefox/135.0"
89.248.107.232 - - [20/Sep/2026:12:46:37 +0200] "POST /wp-admin/admin-ajax.php?action=async_litespeed&nonce=c23640a689&litespeed_type=imgoptm HTTP/1.1" 200 5698 "-" "WordPress/6.6.2; https://grupo-seg.com"
106.214.8.17 - - [20/Sep/2026:12:46:44 +0200] "POST /xmlrpc.php HTTP/1.1" 503 24035 "-" "WordPress.com; https://wordpress.com"
106.214.8.17 - - [20/Sep/2026:12:46:55 +0200] "POST /xmlrpc.php HTTP/1.1" 503 24035 "-" "Jetpack by WordPress.com"
106.214.8.17 - - [20/Sep/2026:12:47:06 +0200] "POST /xmlrpc.php HTTP/1.1" 503 24035 "-" "WordPress.com; https://wordpress.com"
106.214.8.17 - - [20/Sep/2026:12:47:16 +0200] "POST /xmlrpc.php HTTP/1.1" 503 24035 "-" "Jetpack/12.5; WordPress/6.2; http://site15895439.com"
106.214.8.17 - - [20/Sep/2026:12:47:27 +0200] "POST /xmlrpc.php HTTP/1.1" 503 24035 "-" "WordPress.com; https://wordpress.com"
106.214.8.17 - - [20/Sep/2026:12:47:37 +0200] "POST /xmlrpc.php HTTP/1.1" 503 24035 "-" "Jetpack/12.5; WordPress/6.2; http://site52099858.com"
106.214.8.17 - - [20/Sep/2026:12:47:48 +0200] "POST /xmlrpc.php HTTP/1.1" 503 24035 "-" "Jetpack/12.0; WordPress/6.4; http://site56193569.com"
106.214.8.17 - - [20/Sep/2026:12:47:58 +0200] "POST /xmlrpc.php HTTP/1.1" 503 24035 "-" "WordPress.com; https://wordpress.com"
89.248.107.232 - - [20/Sep/2026:12:48:00 +0200] "POST /?wordfence_syncAttackData=1789901279.9681 HTTP/1.1" 200 5452 "-" "WordPress/6.6.2; https://grupo-seg.com"
89.248.107.232 - - [20/Sep/2026:12:48:00 +0200] "POST /wp-cron.php?doing_wp_cron=1789901280.6782240867614746093750 HTTP/1.1" 200 5512 "-" "WordPress/6.6.2; https://grupo-seg.com"
34.203.50.75 - - [20/Sep/2026:12:47:59 +0200] "GET / HTTP/1.1" 200 165817 "-" "Mozilla/5.0 (Macintosh; Intel Mac OS X 10_15_7) AppleWebKit/537.36 (KHTML, like Gecko) Chrome/124.0.0.0 Safari/537.36"
89.248.107.232 - - [20/Sep/2026:12:48:02 +0200] "POST /wp-admin/admin-ajax.php?action=async_litespeed&nonce=c23640a689&litespeed_type=imgoptm HTTP/1.1" 200 5698 "-" "WordPress/6.6.2; https://grupo-seg.com"
89.248.107.232 - - [20/Sep/2026:12:48:04 +0200] "POST /wp-cron.php?doing_wp_cron=1789901284.5435039997100830078125 HTTP/1.1" 200 5512 "-" "WordPress/6.6.2; https://grupo-seg.com"
34.203.50.75 - - [20/Sep/2026:12:48:03 +0200] "GET / HTTP/1.1" 200 165847 "-" "Mozilla/5.0 (Macintosh; Intel Mac OS X 10_15_7) AppleWebKit/537.36 (KHTML, like Gecko) Chrome/124.0.0.0 Safari/537.36"
106.214.8.17 - - [20/Sep/2026:12:48:13 +0200] "POST /xmlrpc.php HTTP/1.1" 503 24035 "-" "Jetpack/12.5; WordPress/6.2; http://site70033341.com"
106.214.8.17 - - [20/Sep/2026:12:48:24 +0200] "POST /xmlrpc.php HTTP/1.1" 503 24035 "-" "Jetpack/12.0; WordPress/6.1; http://site42228259.com"
106.214.8.17 - - [20/Sep/2026:12:48:34 +0200] "POST /xmlrpc.php HTTP/1.1" 503 24035 "-" "WordPress.com; https://wordpress.com"
106.214.8.17 - - [20/Sep/2026:12:48:45 +0200] "POST /xmlrpc.php HTTP/1.1" 503 24035 "-" "Jetpack by WordPress.com"
89.248.107.232 - - [20/Sep/2026:12:48:52 +0200] "POST /?wordfence_syncAttackData=1789901332.6318 HTTP/1.1" 200 5452 "-" "WordPress/6.6.2; https://grupo-seg.com"
89.248.107.232 - - [20/Sep/2026:12:48:53 +0200] "POST /wp-cron.php?doing_wp_cron=1789901333.2157540321350097656250 HTTP/1.1" 200 5512 "-" "WordPress/6.6.2; https://grupo-seg.com"
52.167.144.176 - - [20/Sep/2026:12:48:52 +0200] "GET /rmsy1670615gdisdpt/empleo.html HTTP/1.1" 301 5689 "-" "Mozilla/5.0 AppleWebKit/537.36 (KHTML, like Gecko; compatible; bingbot/2.0; +http://www.bing.com/bingbot.htm) Chrome/116.0.1938.76 Safari/537.36"
89.248.107.232 - - [20/Sep/2026:12:48:53 +0200] "POST /wp-admin/admin-ajax.php?action=async_litespeed&nonce=c23640a689&litespeed_type=imgoptm HTTP/1.1" 200 5698 "-" "WordPress/6.6.2; https://grupo-seg.com"
106.214.8.17 - - [20/Sep/2026:12:48:55 +0200] "POST /xmlrpc.php HTTP/1.1" 503 24035 "-" "Jetpack by WordPress.com (Jetpack 12.0; WordPress 6.1)"
89.248.107.232 - - [20/Sep/2026:12:49:01 +0200] "POST /wp-cron.php?doing_wp_cron=1789901341.7654840946197509765625 HTTP/1.1" 200 5512 "-" "WordPress/6.6.2; https://grupo-seg.com"
40.77.167.74 - - [20/Sep/2026:12:49:01 +0200] "GET /iruw1755760odste/simitps.htm HTTP/1.1" 301 5687 "-" "Mozilla/5.0 AppleWebKit/537.36 (KHTML, like Gecko; compatible; bingbot/2.0; +http://www.bing.com/bingbot.htm) Chrome/116.0.1938.76 Safari/537.36"
89.248.107.232 - - [20/Sep/2026:12:49:02 +0200] "POST /?wordfence_syncAttackData=1789901342.0585 HTTP/1.1" 200 5452 "-" "WordPress/6.6.2; https://grupo-seg.com"
106.214.8.17 - - [20/Sep/2026:12:49:06 +0200] "POST /xmlrpc.php HTTP/1.1" 503 24035 "-" "Jetpack/12.0; WordPress/6.1; http://site47563315.com"
106.214.8.17 - - [20/Sep/2026:12:49:16 +0200] "POST /xmlrpc.php HTTP/1.1" 503 24035 "-" "Jetpack by WordPress.com"
106.214.8.17 - - [20/Sep/2026:12:49:27 +0200] "POST /xmlrpc.php HTTP/1.1" 503 24035 "-" "WordPress.com; https://wordpress.com"
106.214.8.17 - - [20/Sep/2026:12:49:37 +0200] "POST /xmlrpc.php HTTP/1.1" 503 24035 "-" "Jetpack by WordPress.com (Jetpack 12.0; WordPress 6.1)"
106.214.8.17 - - [20/Sep/2026:12:49:48 +0200] "POST /xmlrpc.php HTTP/1.1" 503 24035 "-" "Jetpack/12.5; WordPress/6.2; http://site17906866.com"
89.248.107.232 - - [20/Sep/2026:12:49:52 +0200] "POST /?wordfence_syncAttackData=1789901392.0676 HTTP/1.1" 200 5452 "-" "WordPress/6.6.2; https://grupo-seg.com"
89.248.107.232 - - [20/Sep/2026:12:49:52 +0200] "POST /wp-cron.php?doing_wp_cron=1789901392.6412301063537597656250 HTTP/1.1" 200 5512 "-" "WordPress/6.6.2; https://grupo-seg.com"
43.138.68.113 - - [20/Sep/2026:12:49:51 +0200] "GET / HTTP/1.1" 301 5612 "http://www.grupo-seg.com" "Mozilla/5.0 (iPhone; CPU iPhone OS 13_2_3 like Mac OS X) AppleWebKit/605.1.15 (KHTML, like Gecko) Version/13.0.3 Mobile/15E148 Safari/604.1"
89.248.107.232 - - [20/Sep/2026:12:49:53 +0200] "POST /wp-admin/admin-ajax.php?action=async_litespeed&nonce=c23640a689&litespeed_type=imgoptm HTTP/1.1" 200 5698 "-" "WordPress/6.6.2; https://grupo-seg.com"
89.248.107.232 - - [20/Sep/2026:12:49:54 +0200] "POST /wp-cron.php?doing_wp_cron=1789901394.2786810398101806640625 HTTP/1.1" 200 5512 "-" "WordPress/6.6.2; https://grupo-seg.com"
43.138.68.113 - - [20/Sep/2026:12:49:53 +0200] "GET / HTTP/1.1" 200 157019 "https://www.grupo-seg.com/" "Mozilla/5.0 (iPhone; CPU iPhone OS 13_2_3 like Mac OS X) AppleWebKit/605.1.15 (KHTML, like Gecko) Version/13.0.3 Mobile/15E148 Safari/604.1"
89.248.107.232 - - [20/Sep/2026:12:50:38 +0200] "POST /wp-cron.php?doing_wp_cron=1789901438.8663649559020996093750 HTTP/1.1" 200 5512 "-" "WordPress/6.6.2; https://grupo-seg.com"
35.198.113.100 - - [20/Sep/2026:12:50:38 +0200] "GET /robots.txt HTTP/1.1" 200 5679 "-" "LinkupBot/1.0 (LinkupBot for web indexing; https://linkup.so/bot; bot@linkup.so)"
35.198.113.100 - - [20/Sep/2026:12:50:39 +0200] "GET /portfolio/auditorias-adif-zona-norte/ HTTP/1.1" 200 116488 "-" "LinkupBot/1.0 (LinkupBot for web indexing; https://linkup.so/bot; bot@linkup.so)"
89.248.107.232 - - [20/Sep/2026:12:50:40 +0200] "POST /wp-admin/admin-ajax.php?action=async_litespeed&nonce=c23640a689&litespeed_type=imgoptm HTTP/1.1" 200 5698 "-" "WordPress/6.6.2; https://grupo-seg.com"
89.248.107.232 - - [20/Sep/2026:12:51:15 +0200] "POST /wp-cron.php?doing_wp_cron=1789901475.0720739364624023437500 HTTP/1.1" 200 5512 "-" "WordPress/6.6.2; https://grupo-seg.com/en/"
35.198.113.100 - - [20/Sep/2026:12:51:14 +0200] "GET /en/project-type/%C2%B7-spain/ HTTP/1.1" 200 117278 "-" "LinkupBot/1.0 (LinkupBot for web indexing; https://linkup.so/bot; bot@linkup.so)"
35.198.113.100 - - [20/Sep/2026:12:51:19 +0200] "GET /project-type/argentina/ HTTP/1.1" 200 102296 "-" "LinkupBot/1.0 (LinkupBot for web indexing; https://linkup.so/bot; bot@linkup.so)"
35.198.113.100 - - [20/Sep/2026:12:51:24 +0200] "GET /paises/peru/ HTTP/1.1" 200 166718 "-" "LinkupBot/1.0 (LinkupBot for web indexing; https://linkup.so/bot; bot@linkup.so)"
89.248.107.232 - - [20/Sep/2026:12:52:23 +0200] "POST /wp-cron.php?doing_wp_cron=1789901543.4759590625762939453125 HTTP/1.1" 200 5512 "-" "WordPress/6.6.2; https://grupo-seg.com"
35.198.113.100 - - [20/Sep/2026:12:52:23 +0200] "GET /project-type/aeropuertos/page/2/ HTTP/1.1" 200 104421 "-" "LinkupBot/1.0 (LinkupBot for web indexing; https://linkup.so/bot; bot@linkup.so)"
89.248.107.232 - - [20/Sep/2026:12:52:24 +0200] "POST /wp-admin/admin-ajax.php?action=async_litespeed&nonce=c23640a689&litespeed_type=imgoptm HTTP/1.1" 200 5698 "-" "WordPress/6.6.2; https://grupo-seg.com"
89.248.107.232 - - [20/Sep/2026:12:52:26 +0200] "POST /wp-cron.php?doing_wp_cron=1789901546.7532169818878173828125 HTTP/1.1" 200 5512 "-" "WordPress/6.6.2; https://grupo-seg.com/en/"
35.198.113.100 - - [20/Sep/2026:12:52:26 +0200] "GET /en/portfolio/supervision-of-the-renovation-works-of-the-belgrano-sur-railway-line-between-tapiales-and-marinos-del-crucero-general-belgrano-stations/ HTTP/1.1" 200 118396 "-" "LinkupBot/1.0 (LinkupBot for web indexing; https://linkup.so/bot; bot@linkup.so)"
89.248.107.232 - - [20/Sep/2026:12:52:27 +0200] "POST /wp-admin/admin-ajax.php?action=async_litespeed&nonce=c23640a689&litespeed_type=imgoptm HTTP/1.1" 200 5698 "-" "WordPress/6.6.2; https://grupo-seg.com"
52.167.144.180 - - [20/Sep/2026:12:52:27 +0200] "GET /iesj506328dsomioidgt HTTP/1.1" 404 97421 "-" "Mozilla/5.0 AppleWebKit/537.36 (KHTML, like Gecko; compatible; bingbot/2.0; +http://www.bing.com/bingbot.htm) Chrome/116.0.1938.76 Safari/537.36"
35.198.113.100 - - [20/Sep/2026:12:52:30 +0200] "GET /portfolio/lorem-ipsum/ HTTP/1.1" 200 116845 "-" "LinkupBot/1.0 (LinkupBot for web indexing; https://linkup.so/bot; bot@linkup.so)"
35.198.113.100 - - [20/Sep/2026:12:52:33 +0200] "GET /en/portfolio/technical-assistance-for-the-review-of-the-master-plan-and-proposal-for-the-establishment-of-ans-services-at-the-murcia-region-international-airport/ HTTP/1.1" 200 118391 "-" "LinkupBot/1.0 (LinkupBot for web indexing; https://linkup.so/bot; bot@linkup.so)"
43.153.113.127 - - [20/Sep/2026:12:53:21 +0200] "GET /wp-content/plugins/litespeed-cache/guest.vary.php HTTP/1.1" 403 6501 "-" "Mozilla/5.0 (iPhone; CPU iPhone OS 13_2_3 like Mac OS X) AppleWebKit/605.1.15 (KHTML, like Gecko) Version/13.0.3 Mobile/15E148 Safari/604.1"
44.200.59.226 - - [20/Sep/2026:12:54:08 +0200] "GET /wp-admin/css/ HTTP/1.1" 403 6501 "binance.com" "Mozilla/5.0 (Windows NT 10.0; Win64; x64) AppleWebKit/537.36 (KHTML, like Gecko) Chrome/90.0.4430.85 Safari/537.36"
89.248.107.232 - - [20/Sep/2026:12:54:35 +0200] "POST /wp-cron.php?doing_wp_cron=1789901675.9360189437866210937500 HTTP/1.1" 200 5512 "-" "WordPress/6.6.2; https://grupo-seg.com/en/"
34.234.206.30 - - [20/Sep/2026:12:54:35 +0200] "GET /en/oversight-of-the-concession-contract-for-the-sabana-de-torres-curumani-corridor-magdalena-2-main-line/ HTTP/1.1" 200 120546 "-" "Mozilla/5.0 AppleWebKit/537.36 (KHTML, like Gecko; compatible; Amazonbot/0.1; +https://developer.amazon.com/support/amazonbot) Chrome/119.0.6045.214 Safari/537.36"
89.248.107.232 - - [20/Sep/2026:12:54:37 +0200] "POST /wp-admin/admin-ajax.php?action=async_litespeed&nonce=c23640a689&litespeed_type=imgoptm HTTP/1.1" 200 5698 "-" "WordPress/6.6.2; https://grupo-seg.com"
34.194.14.255 - - [20/Sep/2026:12:54:39 +0200] "GET /proyectos/transporte/embed/ HTTP/1.1" 200 25243 "-" "Mozilla/5.0 AppleWebKit/537.36 (KHTML, like Gecko; compatible; Amazonbot/0.1; +https://developer.amazon.com/support/amazonbot) Chrome/119.0.6045.214 Safari/537.36"
89.248.107.232 - - [20/Sep/2026:12:55:01 +0200] "POST /wp-cron.php?doing_wp_cron=1789901701.6744909286499023437500 HTTP/1.1" 200 5512 "-" "WordPress/6.6.2; https://grupo-seg.com"
57.141.22.112 - - [20/Sep/2026:12:55:01 +0200] "GET /SiteMap.aspx HTTP/1.1" 404 97421 "-" "Mozilla/5.0 (Windows NT 10.0; Win64; x64) AppleWebKit/537.36 (KHTML, like Gecko) Chrome/145.0.0.0 Safari/537.36 (compatible; meta-externalagent/1.1 (+https://developers.facebook.com/docs/sharing/webmasters/crawler))"
89.248.107.232 - - [20/Sep/2026:12:56:43 +0200] "POST /wp-cron.php?doing_wp_cron=1789901803.5620040893554687500000 HTTP/1.1" 200 5512 "-" "WordPress/6.6.2; https://grupo-seg.com"
52.167.144.180 - - [20/Sep/2026:12:56:43 +0200] "GET /ibxl111987issdostoigddpo.htm HTTP/1.1" 404 97421 "-" "Mozilla/5.0 AppleWebKit/537.36 (KHTML, like Gecko; compatible; bingbot/2.0; +http://www.bing.com/bingbot.htm) Chrome/116.0.1938.76 Safari/537.36"
89.248.107.232 - - [20/Sep/2026:12:56:44 +0200] "POST /wp-admin/admin-ajax.php?action=async_litespeed&nonce=c23640a689&litespeed_type=imgoptm HTTP/1.1" 200 5698 "-" "WordPress/6.6.2; https://grupo-seg.com"
52.167.144.221 - - [20/Sep/2026:12:56:48 +0200] "GET /ahws581649doditoisgm.htm HTTP/1.1" 404 97436 "-" "Mozilla/5.0 AppleWebKit/537.36 (KHTML, like Gecko; compatible; bingbot/2.0; +http://www.bing.com/bingbot.htm) Chrome/116.0.1938.76 Safari/537.36"
89.248.107.232 - - [20/Sep/2026:12:57:35 +0200] "POST /wp-cron.php?doing_wp_cron=1789901855.7257199287414550781250 HTTP/1.1" 200 5512 "-" "WordPress/6.6.2; https://grupo-seg.com"
69.63.189.116 - - [20/Sep/2026:12:57:35 +0200] "GET /robots.txt HTTP/1.1" 301 5576 "-" "facebookexternalhit/1.1 (+http://www.facebook.com/externalhit_uatext.php)"
89.248.107.232 - - [20/Sep/2026:12:57:36 +0200] "POST /wp-admin/admin-ajax.php?action=async_litespeed&nonce=c23640a689&litespeed_type=imgoptm HTTP/1.1" 200 5698 "-" "WordPress/6.6.2; https://grupo-seg.com"
69.63.189.49 - - [20/Sep/2026:12:57:36 +0200] "GET /robots.txt HTTP/1.1" 301 5576 "-" "facebookexternalhit/1.1 (+http://www.facebook.com/externalhit_uatext.php)"
69.63.189.49 - - [20/Sep/2026:12:57:37 +0200] "GET /robots.txt HTTP/1.1" 200 5679 "-" "facebookexternalhit/1.1 (+http://www.facebook.com/externalhit_uatext.php)"
89.248.107.232 - - [20/Sep/2026:12:57:42 +0200] "POST /wp-cron.php?doing_wp_cron=1789901862.1810290813446044921875 HTTP/1.1" 200 5512 "-" "WordPress/6.6.2; https://grupo-seg.com"
40.77.167.14 - - [20/Sep/2026:12:57:41 +0200] "GET /furudopaku/empleo.html HTTP/1.1" 301 5681 "-" "Mozilla/5.0 AppleWebKit/537.36 (KHTML, like Gecko; compatible; bingbot/2.0; +http://www.bing.com/bingbot.htm) Chrome/116.0.1938.76 Safari/537.36"
89.248.107.232 - - [20/Sep/2026:12:58:39 +0200] "POST /wp-cron.php?doing_wp_cron=1789901919.8760800361633300781250 HTTP/1.1" 200 5512 "-" "WordPress/6.6.2; https://grupo-seg.com/en/"
52.203.152.231 - - [20/Sep/2026:12:58:39 +0200] "GET /en/focus/ HTTP/1.1" 200 157004 "-" "Mozilla/5.0 AppleWebKit/537.36 (KHTML, like Gecko; compatible; Amazonbot/0.1; +https://developer.amazon.com/support/amazonbot) Chrome/119.0.6045.214 Safari/537.36"
89.248.107.232 - - [20/Sep/2026:12:58:41 +0200] "POST /wp-admin/admin-ajax.php?action=async_litespeed&nonce=c23640a689&litespeed_type=imgoptm HTTP/1.1" 200 5698 "-" "WordPress/6.6.2; https://grupo-seg.com"
89.248.107.232 - - [20/Sep/2026:12:59:42 +0200] "POST /wp-cron.php?doing_wp_cron=1789901982.1592590808868408203125 HTTP/1.1" 200 5512 "-" "WordPress/6.6.2; https://grupo-seg.com"
79.230.226.237 - - [20/Sep/2026:12:59:41 +0200] "GET /robots.txt HTTP/1.1" 200 5679 "-" "NumberCrawler/9.0.0 (local career indexer)"
89.248.107.232 - - [20/Sep/2026:12:59:42 +0200] "POST /wp-admin/admin-ajax.php?action=async_litespeed&nonce=c23640a689&litespeed_type=imgoptm HTTP/1.1" 200 5698 "-" "WordPress/6.6.2; https://grupo-seg.com"
79.230.226.237 - - [20/Sep/2026:12:59:42 +0200] "GET /contacto/ HTTP/1.1" 200 199636 "-" "NumberCrawler/9.0.0 (local career indexer)"
89.248.107.232 - - [20/Sep/2026:12:59:59 +0200] "POST /wp-cron.php?doing_wp_cron=1789901999.6496739387512207031250 HTTP/1.1" 200 5512 "-" "WordPress/6.6.2; https://grupo-seg.com"
52.167.144.206 - - [20/Sep/2026:12:59:58 +0200] "GET /rimoderutankuresu/0004186319.html HTTP/1.1" 301 5692 "-" "Mozilla/5.0 AppleWebKit/537.36 (KHTML, like Gecko; compatible; bingbot/2.0; +http://www.bing.com/bingbot.htm) Chrome/116.0.1938.76 Safari/537.36"
89.248.107.232 - - [20/Sep/2026:13:04:46 +0200] "POST /wp-cron.php?doing_wp_cron=1789902286.2596819400787353515625 HTTP/1.1" 200 5512 "-" "WordPress/6.6.2; https://grupo-seg.com"
216.244.66.239 - - [20/Sep/2026:13:04:45 +0200] "GET /es/areas-de-actividad/edificacion-y-urbanismo/referencias-destacadas-en-edificacion-y-urbanismo?format=feed&type=atom HTTP/1.1" 404 97626 "-" "Mozilla/5.0 (compatible; DotBot/1.2; +https://opensiteexplorer.org/dotbot; help@moz.com)"
89.248.107.232 - - [20/Sep/2026:13:04:46 +0200] "POST /wp-admin/admin-ajax.php?action=async_litespeed&nonce=c23640a689&litespeed_type=imgoptm HTTP/1.1" 200 5698 "-" "WordPress/6.6.2; https://grupo-seg.com"
89.248.107.232 - - [20/Sep/2026:13:06:20 +0200] "POST /wp-cron.php?doing_wp_cron=1789902380.2358160018920898437500 HTTP/1.1" 200 5512 "-" "WordPress/6.6.2; https://grupo-seg.com"
3.15.207.211 - - [20/Sep/2026:13:06:19 +0200] "GET / HTTP/1.1" 301 5612 "-" "Mozilla/5.0 (Macintosh; Intel Mac OS X 10_15_7) AppleWebKit/537.36 (KHTML, like Gecko) Chrome/126.0 Safari/537.36"
89.248.107.232 - - [20/Sep/2026:13:06:20 +0200] "POST /wp-admin/admin-ajax.php?action=async_litespeed&nonce=c23640a689&litespeed_type=imgoptm HTTP/1.1" 200 5698 "-" "WordPress/6.6.2; https://grupo-seg.com"
3.15.207.211 - - [20/Sep/2026:13:06:20 +0200] "GET / HTTP/1.1" 200 165847 "-" "Mozilla/5.0 (Macintosh; Intel Mac OS X 10_15_7) AppleWebKit/537.36 (KHTML, like Gecko) Chrome/126.0 Safari/537.36"
3.15.207.211 - - [20/Sep/2026:13:06:22 +0200] "GET /robots.txt HTTP/1.1" 301 5576 "-" "Mozilla/5.0 (Macintosh; Intel Mac OS X 10_15_7) AppleWebKit/537.36 (KHTML, like Gecko) Chrome/126.0 Safari/537.36"
3.15.207.211 - - [20/Sep/2026:13:06:22 +0200] "GET /robots.txt HTTP/1.1" 200 5679 "-" "Mozilla/5.0 (Macintosh; Intel Mac OS X 10_15_7) AppleWebKit/537.36 (KHTML, like Gecko) Chrome/126.0 Safari/537.36"
3.15.207.211 - - [20/Sep/2026:13:06:22 +0200] "GET /sitemap.xml HTTP/1.1" 302 5555 "-" "Mozilla/5.0 (Macintosh; Intel Mac OS X 10_15_7) AppleWebKit/537.36 (KHTML, like Gecko) Chrome/126.0 Safari/537.36"
3.15.207.211 - - [20/Sep/2026:13:06:22 +0200] "GET /llms.txt HTTP/1.1" 301 5667 "-" "Mozilla/5.0 (Macintosh; Intel Mac OS X 10_15_7) AppleWebKit/537.36 (KHTML, like Gecko) Chrome/126.0 Safari/537.36"
3.15.207.211 - - [20/Sep/2026:13:06:23 +0200] "GET /wp-sitemap.xml HTTP/1.1" 200 6217 "-" "Mozilla/5.0 (Macintosh; Intel Mac OS X 10_15_7) AppleWebKit/537.36 (KHTML, like Gecko) Chrome/126.0 Safari/537.36"
3.15.207.211 - - [20/Sep/2026:13:06:23 +0200] "GET /llms.txt HTTP/1.1" 404 97421 "-" "Mozilla/5.0 (Macintosh; Intel Mac OS X 10_15_7) AppleWebKit/537.36 (KHTML, like Gecko) Chrome/126.0 Safari/537.36"
89.248.107.232 - - [20/Sep/2026:13:06:25 +0200] "POST /wp-cron.php?doing_wp_cron=1789902385.1344509124755859375000 HTTP/1.1" 200 5512 "-" "WordPress/6.6.2; https://grupo-seg.com"
3.15.207.211 - - [20/Sep/2026:13:06:24 +0200] "GET /sobre-nosotros/ HTTP/1.1" 200 257609 "-" "Mozilla/5.0 (Macintosh; Intel Mac OS X 10_15_7) AppleWebKit/537.36 (KHTML, like Gecko) Chrome/126.0 Safari/537.36"
89.248.107.232 - - [20/Sep/2026:13:06:25 +0200] "POST /wp-admin/admin-ajax.php?action=async_litespeed&nonce=c23640a689&litespeed_type=imgoptm HTTP/1.1" 200 5698 "-" "WordPress/6.6.2; https://grupo-seg.com"
3.15.207.211 - - [20/Sep/2026:13:06:26 +0200] "GET /contacto/ HTTP/1.1" 200 199540 "-" "Mozilla/5.0 (Macintosh; Intel Mac OS X 10_15_7) AppleWebKit/537.36 (KHTML, like Gecko) Chrome/126.0 Safari/537.36"
89.248.107.232 - - [20/Sep/2026:13:07:36 +0200] "POST /wp-cron.php?doing_wp_cron=1789902456.4275710582733154296875 HTTP/1.1" 200 5512 "-" "WordPress/6.6.2; https://grupo-seg.com/en/"
51.89.129.158 - - [20/Sep/2026:13:07:35 +0200] "GET /en/guadalupe-interchange-underpass/ HTTP/1.1" 301 5593 "-" "Mozilla/5.0 (compatible; AhrefsBot/7.0; +http://ahrefs.com/robot/)"
89.248.107.232 - - [20/Sep/2026:13:07:37 +0200] "POST /wp-admin/admin-ajax.php?action=async_litespeed&nonce=c23640a689&litespeed_type=imgoptm HTTP/1.1" 200 5698 "-" "WordPress/6.6.2; https://grupo-seg.com"
89.248.107.232 - - [20/Sep/2026:13:09:10 +0200] "POST /wp-cron.php?doing_wp_cron=1789902550.8484780788421630859375 HTTP/1.1" 200 5512 "-" "WordPress/6.6.2; https://grupo-seg.com"
40.77.167.63 - - [20/Sep/2026:13:09:10 +0200] "GET /portfolio/consultoria-para-realizacion-de-estudio-de-factibilidad-y-diseno-para-la-construccion-de-la-carretera-litoral-del-pacifico/ HTTP/1.1" 200 117581 "-" "Mozilla/5.0 AppleWebKit/537.36 (KHTML, like Gecko; compatible; bingbot/2.0; +http://www.bing.com/bingbot.htm) Chrome/116.0.1938.76 Safari/537.36"
89.248.107.232 - - [20/Sep/2026:13:09:12 +0200] "POST /wp-admin/admin-ajax.php?action=async_litespeed&nonce=c23640a689&litespeed_type=imgoptm HTTP/1.1" 200 5698 "-" "WordPress/6.6.2; https://grupo-seg.com"
89.248.107.232 - - [20/Sep/2026:13:10:58 +0200] "POST /wp-cron.php?doing_wp_cron=1789902658.6418650150299072265625 HTTP/1.1" 200 5512 "-" "WordPress/6.6.2; https://grupo-seg.com"
40.77.167.63 - - [20/Sep/2026:13:10:58 +0200] "GET /rmsy725252dcruetitipomsd.html HTTP/1.1" 404 97421 "-" "Mozilla/5.0 AppleWebKit/537.36 (KHTML, like Gecko; compatible; bingbot/2.0; +http://www.bing.com/bingbot.htm) Chrome/116.0.1938.76 Safari/537.36"
89.248.107.232 - - [20/Sep/2026:13:10:59 +0200] "POST /wp-admin/admin-ajax.php?action=async_litespeed&nonce=c23640a689&litespeed_type=imgoptm HTTP/1.1" 200 5698 "-" "WordPress/6.6.2; https://grupo-seg.com"
89.248.107.232 - - [20/Sep/2026:13:11:58 +0200] "POST /wp-cron.php?doing_wp_cron=1789902718.4440000057220458984375 HTTP/1.1" 200 5512 "-" "WordPress/6.6.2; https://grupo-seg.com"
185.33.86.18 - - [20/Sep/2026:13:11:58 +0200] "GET /webmail/ HTTP/1.1" 404 97421 "-" "Mozilla/5.0 (Windows NT 10.0; WOW64; rv:47.0) Gecko/20100101 Firefox/47.0"
89.248.107.232 - - [20/Sep/2026:13:11:59 +0200] "POST /wp-admin/admin-ajax.php?action=async_litespeed&nonce=c23640a689&litespeed_type=imgoptm HTTP/1.1" 200 5698 "-" "WordPress/6.6.2; https://grupo-seg.com"
89.248.107.232 - - [20/Sep/2026:13:12:00 +0200] "POST /wp-cron.php?doing_wp_cron=1789902720.0265710353851318359375 HTTP/1.1" 200 5512 "-" "WordPress/6.6.2; https://grupo-seg.com"
185.33.86.18 - - [20/Sep/2026:13:11:59 +0200] "GET /webmail/ HTTP/1.1" 404 97421 "-" "Mozilla/5.0 (Windows NT 10.0; WOW64; rv:47.0) Gecko/20100101 Firefox/47.0"
40.77.167.136 - - [20/Sep/2026:13:12:01 +0200] "GET /contacto/ HTTP/1.1" 200 199636 "-" "Mozilla/5.0 AppleWebKit/537.36 (KHTML, like Gecko; compatible; bingbot/2.0; +http://www.bing.com/bingbot.htm) Chrome/116.0.1938.76 Safari/537.36"
89.248.107.232 - - [20/Sep/2026:13:12:57 +0200] "POST /wp-cron.php?doing_wp_cron=1789902776.9640610218048095703125 HTTP/1.1" 200 5512 "-" "WordPress/6.6.2; https://grupo-seg.com"
35.198.113.100 - - [20/Sep/2026:13:12:56 +0200] "GET /robots.txt HTTP/1.1" 200 5679 "-" "LinkupBot/1.0 (LinkupBot for web indexing; https://linkup.so/bot; bot@linkup.so)"
35.198.113.100 - - [20/Sep/2026:13:12:57 +0200] "GET /politica-de-privacidad/ HTTP/1.1" 200 141271 "-" "LinkupBot/1.0 (LinkupBot for web indexing; https://linkup.so/bot; bot@linkup.so)"
89.248.107.232 - - [20/Sep/2026:13:12:57 +0200] "POST /wp-admin/admin-ajax.php?action=async_litespeed&nonce=c23640a689&litespeed_type=imgoptm HTTP/1.1" 200 5698 "-" "WordPress/6.6.2; https://grupo-seg.com"
89.248.107.232 - - [20/Sep/2026:13:13:00 +0200] "POST /wp-cron.php?doing_wp_cron=1789902780.6996159553527832031250 HTTP/1.1" 200 5512 "-" "WordPress/6.6.2; https://grupo-seg.com/en/"
35.198.113.100 - - [20/Sep/2026:13:13:00 +0200] "GET /en/category/news/page/2/ HTTP/1.1" 200 108091 "-" "LinkupBot/1.0 (LinkupBot for web indexing; https://linkup.so/bot; bot@linkup.so)"
89.248.107.232 - - [20/Sep/2026:13:13:03 +0200] "POST /wp-cron.php?doing_wp_cron=1789902783.2634210586547851562500 HTTP/1.1" 200 5512 "-" "WordPress/6.6.2; https://grupo-seg.com/en/"
35.198.113.100 - - [20/Sep/2026:13:13:02 +0200] "GET /en/portfolio/high-speed-rail-tunnels-on-the-prado-porto-and-prado-left-track-sections/ HTTP/1.1" 200 117439 "-" "LinkupBot/1.0 (LinkupBot for web indexing; https://linkup.so/bot; bot@linkup.so)"
35.198.113.100 - - [20/Sep/2026:13:13:05 +0200] "GET /category/actualidad/page/2/ HTTP/1.1" 200 109159 "-" "LinkupBot/1.0 (LinkupBot for web indexing; https://linkup.so/bot; bot@linkup.so)"
35.198.113.100 - - [20/Sep/2026:13:13:07 +0200] "GET /portfolio/supervision-del-servicio-del-corredor-vial-no-9/ HTTP/1.1" 200 116697 "-" "LinkupBot/1.0 (LinkupBot for web indexing; https://linkup.so/bot; bot@linkup.so)"
35.198.113.100 - - [20/Sep/2026:13:13:09 +0200] "GET /en/portfolio/supervision-of-the-improvement-of-the-tumaco-pasto-mocoa-corridor/ HTTP/1.1" 200 117224 "-" "LinkupBot/1.0 (LinkupBot for web indexing; https://linkup.so/bot; bot@linkup.so)"
35.198.113.100 - - [20/Sep/2026:13:13:12 +0200] "GET /en/portfolio/advisory-services-for-the-longitudinal-de-la-sierra-concession-section-4/ HTTP/1.1" 200 117301 "-" "LinkupBot/1.0 (LinkupBot for web indexing; https://linkup.so/bot; bot@linkup.so)"
35.198.113.100 - - [20/Sep/2026:13:13:15 +0200] "GET /robots.txt HTTP/1.1" 200 5679 "-" "LinkupBot/1.0 (LinkupBot for web indexing; https://linkup.so/bot; bot@linkup.so)"
35.198.113.100 - - [20/Sep/2026:13:13:15 +0200] "GET /en/advances-in-the-green-corridor-of-the-seventh-in-bogota/ HTTP/1.1" 200 123099 "-" "LinkupBot/1.0 (LinkupBot for web indexing; https://linkup.so/bot; bot@linkup.so)"
89.248.107.232 - - [20/Sep/2026:13:13:50 +0200] "POST /wp-cron.php?doing_wp_cron=1789902830.0974030494689941406250 HTTP/1.1" 200 5512 "-" "WordPress/6.6.2; https://grupo-seg.com"
82.23.124.2 - - [20/Sep/2026:13:13:49 +0200] "HEAD / HTTP/1.1" 200 5715 "-" "Mozilla/5.0 (Windows NT 10.0; Win64; x64; rv:135.0) Gecko/20100101 Firefox/135.0"
89.248.107.232 - - [20/Sep/2026:13:13:50 +0200] "POST /wp-admin/admin-ajax.php?action=async_litespeed&nonce=c23640a689&litespeed_type=imgoptm HTTP/1.1" 200 5698 "-" "WordPress/6.6.2; https://grupo-seg.com"
89.248.107.232 - - [20/Sep/2026:13:14:38 +0200] "POST /wp-cron.php?doing_wp_cron=1789902878.1362791061401367187500 HTTP/1.1" 200 5512 "-" "WordPress/6.6.2; https://grupo-seg.com"
52.167.144.177 - - [20/Sep/2026:13:14:37 +0200] "GET /boml295279sidtm/tiueocprd.htm HTTP/1.1" 301 5688 "-" "Mozilla/5.0 AppleWebKit/537.36 (KHTML, like Gecko; compatible; bingbot/2.0; +http://www.bing.com/bingbot.htm) Chrome/116.0.1938.76 Safari/537.36"
89.248.107.232 - - [20/Sep/2026:13:14:38 +0200] "POST /wp-admin/admin-ajax.php?action=async_litespeed&nonce=c23640a689&litespeed_type=imgoptm HTTP/1.1" 200 5698 "-" "WordPress/6.6.2; https://grupo-seg.com"
89.248.107.232 - - [20/Sep/2026:13:14:47 +0200] "POST /wp-cron.php?doing_wp_cron=1789902887.2166790962219238281250 HTTP/1.1" 200 5512 "-" "WordPress/6.6.2; https://grupo-seg.com"
52.167.144.177 - - [20/Sep/2026:13:14:46 +0200] "GET /ozuy931984sspseti/empleo.html HTTP/1.1" 301 5688 "-" "Mozilla/5.0 AppleWebKit/537.36 (KHTML, like Gecko; compatible; bingbot/2.0; +http://www.bing.com/bingbot.htm) Chrome/116.0.1938.76 Safari/537.36"
89.248.107.232 - - [20/Sep/2026:13:16:03 +0200] "POST /wp-cron.php?doing_wp_cron=1789902963.7760889530181884765625 HTTP/1.1" 200 5512 "-" "WordPress/6.6.2; https://grupo-seg.com"
185.33.86.18 - - [20/Sep/2026:13:16:03 +0200] "GET /webmail/ HTTP/1.1" 404 97421 "-" "Mozilla/5.0 (Windows NT 10.0; WOW64; rv:47.0) Gecko/20100101 Firefox/47.0"
89.248.107.232 - - [20/Sep/2026:13:16:04 +0200] "POST /wp-admin/admin-ajax.php?action=async_litespeed&nonce=c23640a689&litespeed_type=imgoptm HTTP/1.1" 200 5698 "-" "WordPress/6.6.2; https://grupo-seg.com"
185.33.86.18 - - [20/Sep/2026:13:16:05 +0200] "GET /webmail/ HTTP/1.1" 404 97421 "-" "Mozilla/5.0 (Windows NT 10.0; WOW64; rv:47.0) Gecko/20100101 Firefox/47.0"
185.33.86.18 - - [20/Sep/2026:13:16:16 +0200] "GET /webmail/ HTTP/1.1" 404 97436 "-" "Mozilla/5.0 (Windows NT 10.0; WOW64; rv:47.0) Gecko/20100101 Firefox/47.0"
185.33.86.18 - - [20/Sep/2026:13:16:18 +0200] "GET /webmail/ HTTP/1.1" 404 97436 "-" "Mozilla/5.0 (Windows NT 10.0; WOW64; rv:47.0) Gecko/20100101 Firefox/47.0"
89.248.107.232 - - [20/Sep/2026:13:16:37 +0200] "POST /wp-cron.php?doing_wp_cron=1789902996.9664680957794189453125 HTTP/1.1" 200 5512 "-" "WordPress/6.6.2; https://grupo-seg.com"
52.167.144.206 - - [20/Sep/2026:13:16:36 +0200] "GET /ptse501574mdgdsoe/servicios.html HTTP/1.1" 301 5691 "-" "Mozilla/5.0 AppleWebKit/537.36 (KHTML, like Gecko; compatible; bingbot/2.0; +http://www.bing.com/bingbot.htm) Chrome/116.0.1938.76 Safari/537.36"
89.248.107.232 - - [20/Sep/2026:13:16:37 +0200] "POST /wp-admin/admin-ajax.php?action=async_litespeed&nonce=c23640a689&litespeed_type=imgoptm HTTP/1.1" 200 5698 "-" "WordPress/6.6.2; https://grupo-seg.com"
89.248.107.232 - - [20/Sep/2026:13:16:56 +0200] "POST /wp-cron.php?doing_wp_cron=1789903016.3071830272674560546875 HTTP/1.1" 200 5512 "-" "WordPress/6.6.2; https://grupo-seg.com"
40.77.167.63 - - [20/Sep/2026:13:16:55 +0200] "GET /kyua1709605tspmdoi/stesi.htm HTTP/1.1" 404 97436 "-" "Mozilla/5.0 AppleWebKit/537.36 (KHTML, like Gecko; compatible; bingbot/2.0; +http://www.bing.com/bingbot.htm) Chrome/116.0.1938.76 Safari/537.36"
89.248.107.232 - - [20/Sep/2026:13:17:00 +0200] "POST /wp-cron.php?doing_wp_cron=1789903020.1445279121398925781250 HTTP/1.1" 200 5512 "-" "WordPress/6.6.2; https://grupo-seg.com"
40.77.167.105 - - [20/Sep/2026:13:16:59 +0200] "GET /robots.txt HTTP/1.1" 301 5576 "-" "Mozilla/5.0 AppleWebKit/537.36 (KHTML, like Gecko; compatible; bingbot/2.0; +http://www.bing.com/bingbot.htm) Chrome/116.0.1938.76 Safari/537.36"
40.77.167.105 - - [20/Sep/2026:13:17:00 +0200] "GET /robots.txt HTTP/1.1" 200 5679 "-" "Mozilla/5.0 AppleWebKit/537.36 (KHTML, like Gecko; compatible; bingbot/2.0; +http://www.bing.com/bingbot.htm) Chrome/116.0.1938.76 Safari/537.36"
40.77.167.105 - - [20/Sep/2026:13:17:01 +0200] "GET /robots.txt HTTP/1.1" 301 5576 "-" "Mozilla/5.0 AppleWebKit/537.36 (KHTML, like Gecko; compatible; bingbot/2.0; +http://www.bing.com/bingbot.htm) Chrome/116.0.1938.76 Safari/537.36"
40.77.167.105 - - [20/Sep/2026:13:17:02 +0200] "GET /robots.txt HTTP/1.1" 200 5679 "-" "Mozilla/5.0 AppleWebKit/537.36 (KHTML, like Gecko; compatible; bingbot/2.0; +http://www.bing.com/bingbot.htm) Chrome/116.0.1938.76 Safari/537.36"
89.248.107.232 - - [20/Sep/2026:13:17:07 +0200] "POST /wp-cron.php?doing_wp_cron=1789903027.4047610759735107421875 HTTP/1.1" 200 5512 "-" "WordPress/6.6.2; https://grupo-seg.com"
51.79.83.213 - - [20/Sep/2026:13:17:07 +0200] "GET /_hcms/diagnostics HTTP/1.1" 301 5676 "-" "Mozilla/5.0 (Macintosh; Intel Mac OS X 10_15_7) AppleWebKit/605.1.15 (KHTML, like Gecko) Version/17.6 Safari/605.1.15"
51.79.83.213 - - [20/Sep/2026:13:17:08 +0200] "GET /_hcms/diagnostics HTTP/1.1" 404 13454 "-" "Mozilla/5.0 (Macintosh; Intel Mac OS X 10_15_7) AppleWebKit/605.1.15 (KHTML, like Gecko) Version/17.6 Safari/605.1.15"
89.248.107.232 - - [20/Sep/2026:13:18:49 +0200] "POST /wp-cron.php?doing_wp_cron=1789903129.4062728881835937500000 HTTP/1.1" 200 5512 "-" "WordPress/6.6.2; https://grupo-seg.com"
34.79.148.39 - - [20/Sep/2026:13:18:48 +0200] "GET /wp-sitemap.xml HTTP/1.1" 200 6217 "-" "okhttp/4.12.0"
34.79.148.39 - - [20/Sep/2026:13:18:49 +0200] "GET /wp-sitemap-posts-post-1.xml HTTP/1.1" 200 8170 "-" "okhttp/4.12.0"
34.79.148.39 - - [20/Sep/2026:13:18:50 +0200] "GET /wp-sitemap-posts-page-1.xml HTTP/1.1" 200 9189 "-" "okhttp/4.12.0"
89.248.107.232 - - [20/Sep/2026:13:18:50 +0200] "POST /wp-admin/admin-ajax.php?action=async_litespeed&nonce=c23640a689&litespeed_type=imgoptm HTTP/1.1" 200 5698 "-" "WordPress/6.6.2; https://grupo-seg.com"
34.79.148.39 - - [20/Sep/2026:13:18:50 +0200] "GET /wp-sitemap-posts-portfolio-1.xml HTTP/1.1" 200 17286 "-" "okhttp/4.12.0"
34.79.148.39 - - [20/Sep/2026:13:18:51 +0200] "GET /wp-sitemap-posts-mgeo_map-1.xml HTTP/1.1" 200 6011 "-" "okhttp/4.12.0"
34.79.148.39 - - [20/Sep/2026:13:18:51 +0200] "GET /wp-sitemap-taxonomies-category-1.xml HTTP/1.1" 200 6256 "-" "okhttp/4.12.0"
34.79.148.39 - - [20/Sep/2026:13:18:51 +0200] "GET /wp-sitemap-taxonomies-project-type-1.xml HTTP/1.1" 200 6924 "-" "okhttp/4.12.0"
34.79.148.39 - - [20/Sep/2026:13:18:52 +0200] "GET /feed/ HTTP/1.1" 200 100983 "-" "okhttp/4.12.0"
34.79.148.39 - - [20/Sep/2026:13:18:53 +0200] "GET /pagina-ejemplo/feed/ HTTP/1.1" 200 6619 "-" "okhttp/4.12.0"
89.248.107.232 - - [20/Sep/2026:13:19:07 +0200] "POST /wp-cron.php?doing_wp_cron=1789903147.0519640445709228515625 HTTP/1.1" 200 5512 "-" "WordPress/6.6.2; https://grupo-seg.com"
52.167.144.206 - - [20/Sep/2026:13:19:06 +0200] "GET /lzmq1667176omise/oisdtgd HTTP/1.1" 301 5683 "-" "Mozilla/5.0 AppleWebKit/537.36 (KHTML, like Gecko; compatible; bingbot/2.0; +http://www.bing.com/bingbot.htm) Chrome/116.0.1938.76 Safari/537.36"
89.248.107.232 - - [20/Sep/2026:13:24:06 +0200] "POST /wp-cron.php?doing_wp_cron=1789903446.9006700515747070312500 HTTP/1.1" 200 5512 "-" "WordPress/6.6.2; https://grupo-seg.com"
205.169.39.8 - - [20/Sep/2026:13:24:06 +0200] "GET / HTTP/1.1" 200 165847 "https://seg-sa.es" "Mozilla/5.0 (Windows NT 10.0) AppleWebKit/537.36 (KHTML, like Gecko) Chrome/106.0.0.0 Safari/537.36"
89.248.107.232 - - [20/Sep/2026:13:24:07 +0200] "POST /wp-admin/admin-ajax.php?action=async_litespeed&nonce=c23640a689&litespeed_type=imgoptm HTTP/1.1" 200 5698 "-" "WordPress/6.6.2; https://grupo-seg.com"
89.248.107.232 - - [20/Sep/2026:13:24:08 +0200] "POST /wp-admin/admin-ajax.php?action=as_async_request_queue_runner&nonce=0dd969b6f6 HTTP/1.1" 200 5678 "-" "WordPress/6.6.2; https://grupo-seg.com"
89.248.107.232 - - [20/Sep/2026:13:24:34 +0200] "POST /wp-cron.php?doing_wp_cron=1789903474.8645479679107666015625 HTTP/1.1" 200 5512 "-" "WordPress/6.6.2; https://grupo-seg.com"
173.252.82.25 - - [20/Sep/2026:13:24:34 +0200] "GET / HTTP/1.1" 301 5612 "-" "Mozilla/5.0 (Macintosh; Intel Mac OS X 10_15_7) AppleWebKit/537.36 (KHTML, like Gecko) Chrome/145.0.0.0 Safari/537.36 (compatible; meta-webindexer/1.1 (+https://developers.facebook.com/docs/sharing/webmasters/crawler))"
89.248.107.232 - - [20/Sep/2026:13:24:35 +0200] "POST /wp-admin/admin-ajax.php?action=async_litespeed&nonce=c23640a689&litespeed_type=imgoptm HTTP/1.1" 200 5698 "-" "WordPress/6.6.2; https://grupo-seg.com"
173.252.95.38 - - [20/Sep/2026:13:24:36 +0200] "GET / HTTP/1.1" 200 165847 "-" "Mozilla/5.0 (Macintosh; Intel Mac OS X 10_15_7) AppleWebKit/537.36 (KHTML, like Gecko) Chrome/145.0.0.0 Safari/537.36 (compatible; meta-webindexer/1.1 (+https://developers.facebook.com/docs/sharing/webmasters/crawler))"
173.252.82.36 - - [20/Sep/2026:13:24:39 +0200] "GET /wp-content/uploads/2022/09/SEG_Quotes_Team-64.jpg HTTP/2.0" 200 170765 "https://grupo-seg.com/" "Mozilla/5.0 (Macintosh; Intel Mac OS X 10_15_7) AppleWebKit/537.36 (KHTML, like Gecko) Chrome/145.0.0.0 Safari/537.36 (compatible; meta-webindexer/1.1 (+https://developers.facebook.com/docs/sharing/webmasters/crawler))"
173.252.87.43 - - [20/Sep/2026:13:24:40 +0200] "GET /wp-content/themes/salient/css/build/off-canvas/core.css HTTP/2.0" 200 22606 "https://grupo-seg.com/" "Mozilla/5.0 (Macintosh; Intel Mac OS X 10_15_7) AppleWebKit/537.36 (KHTML, like Gecko) Chrome/145.0.0.0 Safari/537.36 (compatible; meta-webindexer/1.1 (+https://developers.facebook.com/docs/sharing/webmasters/crawler))"
173.252.70.42 - - [20/Sep/2026:13:24:41 +0200] "GET /wp-content/uploads/2021/07/SEG_Video_Portada_low-1.mp4 HTTP/2.0" 206 827392 "https://grupo-seg.com/" "Mozilla/5.0 (Macintosh; Intel Mac OS X 10_15_7) AppleWebKit/537.36 (KHTML, like Gecko) Chrome/145.0.0.0 Safari/537.36 (compatible; meta-webindexer/1.1 (+https://developers.facebook.com/docs/sharing/webmasters/crawler))"
69.63.184.22 - - [20/Sep/2026:13:24:41 +0200] "GET /wp-content/uploads/2021/09/SEG_Servicios_portada-2.jpg HTTP/2.0" 200 1340324 "https://grupo-seg.com/" "Mozilla/5.0 (Macintosh; Intel Mac OS X 10_15_7) AppleWebKit/537.36 (KHTML, like Gecko) Chrome/145.0.0.0 Safari/537.36 (compatible; meta-webindexer/1.1 (+https://developers.facebook.com/docs/sharing/webmasters/crawler))"
173.252.70.42 - - [20/Sep/2026:13:24:41 +0200] "GET /wp-content/uploads/2021/07/SEG_Video_Portada_low-1.mp4 HTTP/2.0" 206 491520 "https://grupo-seg.com/" "Mozilla/5.0 (Macintosh; Intel Mac OS X 10_15_7) AppleWebKit/537.36 (KHTML, like Gecko) Chrome/145.0.0.0 Safari/537.36 (compatible; meta-webindexer/1.1 (+https://developers.facebook.com/docs/sharing/webmasters/crawler))"
173.252.70.42 - - [20/Sep/2026:13:24:41 +0200] "GET /wp-content/uploads/2021/07/SEG_Video_Portada_low-1.mp4 HTTP/2.0" 206 75199 "https://grupo-seg.com/" "Mozilla/5.0 (Macintosh; Intel Mac OS X 10_15_7) AppleWebKit/537.36 (KHTML, like Gecko) Chrome/145.0.0.0 Safari/537.36 (compatible; meta-webindexer/1.1 (+https://developers.facebook.com/docs/sharing/webmasters/crawler))"
173.252.87.5 - - [20/Sep/2026:13:24:41 +0200] "GET /wp-content/uploads/useanyfont/9325Graphik-Semibold.woff2 HTTP/2.0" 200 37036 "https://grupo-seg.com/wp-content/litespeed/css/e39920cfd035054e8d060ade4400a9bc.css?ver=04cf4" "Mozilla/5.0 (Macintosh; Intel Mac OS X 10_15_7) AppleWebKit/537.36 (KHTML, like Gecko) Chrome/145.0.0.0 Safari/537.36 (compatible; meta-webindexer/1.1 (+https://developers.facebook.com/docs/sharing/webmasters/crawler))"
69.171.234.4 - - [20/Sep/2026:13:24:41 +0200] "POST /wp-content/plugins/litespeed-cache/guest.vary.php HTTP/1.1" 403 6501 "https://grupo-seg.com/" "Mozilla/5.0 (Macintosh; Intel Mac OS X 10_15_7) AppleWebKit/537.36 (KHTML, like Gecko) Chrome/145.0.0.0 Safari/537.36 (compatible; meta-webindexer/1.1 (+https://developers.facebook.com/docs/sharing/webmasters/crawler))"
173.252.82.1 - - [20/Sep/2026:13:24:44 +0200] "GET /wp-content/uploads/2022/11/SEG_Quotes-186-300x300.jpg HTTP/2.0" 200 8106 "https://grupo-seg.com/" "Mozilla/5.0 (Macintosh; Intel Mac OS X 10_15_7) AppleWebKit/537.36 (KHTML, like Gecko) Chrome/145.0.0.0 Safari/537.36 (compatible; meta-webindexer/1.1 (+https://developers.facebook.com/docs/sharing/webmasters/crawler))"
173.252.70.30 - - [20/Sep/2026:13:24:44 +0200] "GET /wp-content/uploads/2021/07/SEG_Video_Portada_low-1.mp4 HTTP/2.0" 206 19529728 "https://grupo-seg.com/" "Mozilla/5.0 (Macintosh; Intel Mac OS X 10_15_7) AppleWebKit/537.36 (KHTML, like Gecko) Chrome/145.0.0.0 Safari/537.36 (compatible; meta-webindexer/1.1 (+https://developers.facebook.com/docs/sharing/webmasters/crawler))"
89.248.107.232 - - [20/Sep/2026:13:27:11 +0200] "POST /wp-cron.php?doing_wp_cron=1789903631.5396699905395507812500 HTTP/1.1" 200 5512 "-" "WordPress/6.6.2; https://grupo-seg.com"
52.167.144.233 - - [20/Sep/2026:13:27:11 +0200] "GET /zenhaizaopunhedo/0005299113.html HTTP/1.1" 301 5691 "-" "Mozilla/5.0 AppleWebKit/537.36 (KHTML, like Gecko; compatible; bingbot/2.0; +http://www.bing.com/bingbot.htm) Chrome/116.0.1938.76 Safari/537.36"
89.248.107.232 - - [20/Sep/2026:13:27:12 +0200] "POST /wp-admin/admin-ajax.php?action=async_litespeed&nonce=c23640a689&litespeed_type=imgoptm HTTP/1.1" 200 5698 "-" "WordPress/6.6.2; https://grupo-seg.com"
51.68.107.137 - - [20/Sep/2026:13:27:23 +0200] "GET /robots.txt HTTP/1.1" 200 5679 "-" "Mozilla/5.0 (compatible; MJ12bot/v2.0.5; http://mj12bot.com/)"
51.68.107.137 - - [20/Sep/2026:13:27:23 +0200] "GET /sobre-nosotros/ HTTP/1.1" 200 257573 "-" "Mozilla/5.0 (compatible; MJ12bot/v2.0.5; http://mj12bot.com/)"
89.248.107.232 - - [20/Sep/2026:13:30:15 +0200] "POST /wp-cron.php?doing_wp_cron=1789903815.9273700714111328125000 HTTP/1.1" 200 5512 "-" "WordPress/6.6.2; https://grupo-seg.com"
3.220.151.36 - - [20/Sep/2026:13:30:15 +0200] "GET / HTTP/1.1" 200 165817 "-" "Mozilla/5.0 (X11; Linux x86_64; rv:109.0) Gecko/20100101 Firefox/115.0"
89.248.107.232 - - [20/Sep/2026:13:30:16 +0200] "POST /wp-admin/admin-ajax.php?action=async_litespeed&nonce=c23640a689&litespeed_type=imgoptm HTTP/1.1" 200 5698 "-" "WordPress/6.6.2; https://grupo-seg.com"
89.248.107.232 - - [20/Sep/2026:13:30:56 +0200] "POST /wp-cron.php?doing_wp_cron=1789903856.0685300827026367187500 HTTP/1.1" 200 5512 "-" "WordPress/6.6.2; https://grupo-seg.com"
40.77.167.7 - - [20/Sep/2026:13:30:55 +0200] "GET /kyua1565438rsdtuctipdpoodsi.html HTTP/1.1" 404 97421 "-" "Mozilla/5.0 AppleWebKit/537.36 (KHTML, like Gecko; compatible; bingbot/2.0; +http://www.bing.com/bingbot.htm) Chrome/116.0.1938.76 Safari/537.36"
89.248.107.232 - - [20/Sep/2026:13:30:56 +0200] "POST /wp-admin/admin-ajax.php?action=async_litespeed&nonce=c23640a689&litespeed_type=imgoptm HTTP/1.1" 200 5698 "-" "WordPress/6.6.2; https://grupo-seg.com"
89.248.107.232 - - [20/Sep/2026:13:32:06 +0200] "POST /wp-cron.php?doing_wp_cron=1789903926.6254780292510986328125 HTTP/1.1" 200 5512 "-" "WordPress/6.6.2; https://grupo-seg.com"
79.117.195.60 - - [20/Sep/2026:13:32:06 +0200] "GET / HTTP/1.1" 301 5612 "-" "Mozilla/5.0 (X11; Linux x86_64) AppleWebKit/537.36 (KHTML, like Gecko) Chrome/124.0.0.0 Safari/537.36"
79.117.195.60 - - [20/Sep/2026:13:32:06 +0200] "GET / HTTP/1.1" 200 165847 "-" "Mozilla/5.0 (X11; Linux x86_64) AppleWebKit/537.36 (KHTML, like Gecko) Chrome/124.0.0.0 Safari/537.36"
89.248.107.232 - - [20/Sep/2026:13:32:07 +0200] "POST /wp-admin/admin-ajax.php?action=async_litespeed&nonce=c23640a689&litespeed_type=imgoptm HTTP/1.1" 200 5698 "-" "WordPress/6.6.2; https://grupo-seg.com"
79.117.195.60 - - [20/Sep/2026:13:32:08 +0200] "GET /aviso-legal/ HTTP/1.1" 301 5578 "-" "Mozilla/5.0 (X11; Linux x86_64) AppleWebKit/537.36 (KHTML, like Gecko) Chrome/124.0.0.0 Safari/537.36"
79.117.195.60 - - [20/Sep/2026:13:32:09 +0200] "GET /aviso-legal/ HTTP/1.1" 200 122709 "-" "Mozilla/5.0 (X11; Linux x86_64) AppleWebKit/537.36 (KHTML, like Gecko) Chrome/124.0.0.0 Safari/537.36"
79.117.195.60 - - [20/Sep/2026:13:32:10 +0200] "GET /contacto/ HTTP/1.1" 200 199540 "-" "Mozilla/5.0 (X11; Linux x86_64) AppleWebKit/537.36 (KHTML, like Gecko) Chrome/124.0.0.0 Safari/537.36"
79.117.195.60 - - [20/Sep/2026:13:32:12 +0200] "GET / HTTP/1.1" 301 5612 "-" "Mozilla/5.0 (X11; Linux x86_64) AppleWebKit/537.36 (KHTML, like Gecko) Chrome/124.0.0.0 Safari/537.36"
