89.248.107.232 - - [20/Sep/2026:06:30:29 +0200] "POST /wp-cron.php?doing_wp_cron=1789878629.4458549022674560546875 HTTP/1.1" 200 5512 "-" "WordPress/6.6.2; https://grupo-seg.com/en/"
104.28.233.73 - - [20/Sep/2026:06:30:29 +0200] "GET /en/contact HTTP/1.1" 301 5577 "-" "Mozilla/5.0 (X11; Linux x86_64) AppleWebKit/537.36 (KHTML, like Gecko) Chrome/150.0.0.0 Safari/537.36"
89.248.107.232 - - [20/Sep/2026:06:30:30 +0200] "POST /wp-admin/admin-ajax.php?action=async_litespeed&nonce=c23640a689&litespeed_type=imgoptm HTTP/1.1" 200 5698 "-" "WordPress/6.6.2; https://grupo-seg.com"
104.28.233.73 - - [20/Sep/2026:06:30:29 +0200] "GET /en/contact/ HTTP/1.1" 200 199721 "-" "Mozilla/5.0 (X11; Linux x86_64) AppleWebKit/537.36 (KHTML, like Gecko) Chrome/150.0.0.0 Safari/537.36"
104.28.233.73 - - [20/Sep/2026:06:30:31 +0200] "GET /wp-content/plugins/sitepress-multilingual-cms%207/dist/css/blocks/styles.css HTTP/2.0" 200 6360 "https://grupo-seg.com/en/contact/" "Mozilla/5.0 (X11; Linux x86_64) AppleWebKit/537.36 (KHTML, like Gecko) Chrome/150.0.0.0 Safari/537.36"
104.28.233.73 - - [20/Sep/2026:06:30:31 +0200] "GET /wp-content/litespeed/css/240d5dcec7b435680e4e38653a8caf7f.css?ver=04cf4 HTTP/2.0" 200 90952 "https://grupo-seg.com/en/contact/" "Mozilla/5.0 (X11; Linux x86_64) AppleWebKit/537.36 (KHTML, like Gecko) Chrome/150.0.0.0 Safari/537.36"
104.28.233.73 - - [20/Sep/2026:06:30:31 +0200] "GET /wp-content/plugins/sitepress-multilingual-cms%207/templates/language-switchers/legacy-list-horizontal/style.min.css HTTP/2.0" 200 236 "https://grupo-seg.com/en/contact/" "Mozilla/5.0 (X11; Linux x86_64) AppleWebKit/537.36 (KHTML, like Gecko) Chrome/150.0.0.0 Safari/537.36"
104.28.233.73 - - [20/Sep/2026:06:30:32 +0200] "GET /wp-content/plugins/sitepress-multilingual-cms%207/templates/language-switchers/menu-item/style.min.css HTTP/2.0" 200 100 "https://grupo-seg.com/en/contact/" "Mozilla/5.0 (X11; Linux x86_64) AppleWebKit/537.36 (KHTML, like Gecko) Chrome/150.0.0.0 Safari/537.36"
104.28.233.73 - - [20/Sep/2026:06:30:32 +0200] "GET /wp-content/themes/salient/css/build/style-non-critical.css HTTP/2.0" 200 4553 "https://grupo-seg.com/en/contact/" "Mozilla/5.0 (X11; Linux x86_64) AppleWebKit/537.36 (KHTML, like Gecko) Chrome/150.0.0.0 Safari/537.36"
104.28.233.73 - - [20/Sep/2026:06:30:32 +0200] "GET /wp-content/themes/salient/css/build/plugins/jquery.fancybox.css HTTP/2.0" 200 3131 "https://grupo-seg.com/en/contact/" "Mozilla/5.0 (X11; Linux x86_64) AppleWebKit/537.36 (KHTML, like Gecko) Chrome/150.0.0.0 Safari/537.36"
104.28.233.73 - - [20/Sep/2026:06:30:32 +0200] "GET /wp-content/themes/salient/css/build/off-canvas/core.css HTTP/2.0" 200 3164 "https://grupo-seg.com/en/contact/" "Mozilla/5.0 (X11; Linux x86_64) AppleWebKit/537.36 (KHTML, like Gecko) Chrome/150.0.0.0 Safari/537.36"
104.28.233.73 - - [20/Sep/2026:06:30:33 +0200] "GET /wp-content/themes/salient/css/build/off-canvas/fullscreen-legacy.css HTTP/2.0" 200 1425 "https://grupo-seg.com/en/contact/" "Mozilla/5.0 (X11; Linux x86_64) AppleWebKit/537.36 (KHTML, like Gecko) Chrome/150.0.0.0 Safari/537.36"
104.28.233.73 - - [20/Sep/2026:06:30:33 +0200] "GET /wp-content/themes/salient/css/fonts/icomoon.woff?v=1.3 HTTP/2.0" 200 21132 "https://grupo-seg.com/wp-content/litespeed/css/240d5dcec7b435680e4e38653a8caf7f.css?ver=04cf4" "Mozilla/5.0 (X11; Linux x86_64) AppleWebKit/537.36 (KHTML, like Gecko) Chrome/150.0.0.0 Safari/537.36"
104.28.233.73 - - [20/Sep/2026:06:30:33 +0200] "GET /wp-content/uploads/useanyfont/3503Graphik-Regular.woff2 HTTP/2.0" 200 34332 "https://grupo-seg.com/wp-content/litespeed/css/240d5dcec7b435680e4e38653a8caf7f.css?ver=04cf4" "Mozilla/5.0 (X11; Linux x86_64) AppleWebKit/537.36 (KHTML, like Gecko) Chrome/150.0.0.0 Safari/537.36"
104.28.233.73 - - [20/Sep/2026:06:30:33 +0200] "GET /wp-content/uploads/useanyfont/3325Graphik-Medium.woff2 HTTP/2.0" 200 37020 "https://grupo-seg.com/wp-content/litespeed/css/240d5dcec7b435680e4e38653a8caf7f.css?ver=04cf4" "Mozilla/5.0 (X11; Linux x86_64) AppleWebKit/537.36 (KHTML, like Gecko) Chrome/150.0.0.0 Safari/537.36"
104.28.233.73 - - [20/Sep/2026:06:30:33 +0200] "POST /wp-content/plugins/litespeed-cache/guest.vary.php HTTP/1.1" 403 6501 "https://grupo-seg.com/en/contact/" "Mozilla/5.0 (X11; Linux x86_64) AppleWebKit/537.36 (KHTML, like Gecko) Chrome/150.0.0.0 Safari/537.36"
104.28.233.73 - - [20/Sep/2026:06:30:34 +0200] "GET /wp-content/uploads/useanyfont/9325Graphik-Semibold.woff2 HTTP/2.0" 200 37036 "https://grupo-seg.com/wp-content/litespeed/css/240d5dcec7b435680e4e38653a8caf7f.css?ver=04cf4" "Mozilla/5.0 (X11; Linux x86_64) AppleWebKit/537.36 (KHTML, like Gecko) Chrome/150.0.0.0 Safari/537.36"
104.28.233.73 - - [20/Sep/2026:06:30:34 +0200] "GET /wp-content/uploads/2021/07/cropped-SED_FAV-32x32.png HTTP/2.0" 200 199 "https://grupo-seg.com/en/contact/" "Mozilla/5.0 (X11; Linux x86_64) AppleWebKit/537.36 (KHTML, like Gecko) Chrome/150.0.0.0 Safari/537.36"
89.248.107.232 - - [20/Sep/2026:06:30:44 +0200] "POST /wp-cron.php?doing_wp_cron=1789878644.0846490859985351562500 HTTP/1.1" 200 5512 "-" "WordPress/6.6.2; https://grupo-seg.com"
192.178.4.2 - - [20/Sep/2026:06:30:43 +0200] "GET /news/zyxniforprepsihwteribrtsi-25928.html HTTP/1.1" 404 88592 "-" "Mozilla/5.0 (Linux; Android 6.0.1; Nexus 5X Build/MMB29P) AppleWebKit/537.36 (KHTML, like Gecko) Chrome/153.0.8010.47 Mobile Safari/537.36 (compatible; GoogleOther)"
43.173.180.118 - - [20/Sep/2026:06:30:53 +0200] "GET /en/contact HTTP/1.1" 301 5577 "-" "Mozilla/5.0 (Windows NT 10.0; Win64; x64) AppleWebKit/537.36 (KHTML, like Gecko) Chrome/110.0.0.0 Safari/537.36"
89.248.107.232 - - [20/Sep/2026:06:30:54 +0200] "POST /wp-cron.php?doing_wp_cron=1789878654.5827779769897460937500 HTTP/1.1" 200 5512 "-" "WordPress/6.6.2; https://grupo-seg.com/en/"
43.173.173.244 - - [20/Sep/2026:06:30:54 +0200] "GET /en/contact/ HTTP/1.1" 200 199625 "-" "Mozilla/5.0 (Windows NT 10.0; Win64; x64) AppleWebKit/537.36 (KHTML, like Gecko) Chrome/110.0.0.0 Safari/537.36"
43.172.195.234 - - [20/Sep/2026:06:30:57 +0200] "GET /wp-content/litespeed/css/240d5dcec7b435680e4e38653a8caf7f.css?ver=04cf4 HTTP/1.1" 200 693062 "https://grupo-seg.com/en/contact/" "Mozilla/5.0 (Windows NT 10.0; Win64; x64) AppleWebKit/537.36 (KHTML, like Gecko) Chrome/110.0.0.0 Safari/537.36"
43.172.195.192 - - [20/Sep/2026:06:30:59 +0200] "POST /wp-content/plugins/litespeed-cache/guest.vary.php HTTP/1.1" 403 6501 "https://grupo-seg.com/en/contact/" "Mozilla/5.0 (Windows NT 10.0; Win64; x64) AppleWebKit/537.36 (KHTML, like Gecko) Chrome/110.0.0.0 Safari/537.36"
89.248.107.232 - - [20/Sep/2026:06:32:09 +0200] "POST /wp-cron.php?doing_wp_cron=1789878729.7363588809967041015625 HTTP/1.1" 200 5512 "-" "WordPress/6.6.2; https://grupo-seg.com"
80.79.5.250 - - [20/Sep/2026:06:32:09 +0200] "GET / HTTP/1.1" 200 165847 "https://seg-sa.es" "Mozilla/5.0 (Macintosh; Intel Mac OS X 10_15_6) AppleWebKit/605.1.15 (KHTML, like Gecko) Version/15.6.6 Safari/605.1.15"
89.248.107.232 - - [20/Sep/2026:06:32:10 +0200] "POST /wp-admin/admin-ajax.php?action=async_litespeed&nonce=c23640a689&litespeed_type=imgoptm HTTP/1.1" 200 5698 "-" "WordPress/6.6.2; https://grupo-seg.com"
89.248.107.232 - - [20/Sep/2026:06:33:44 +0200] "POST /wp-cron.php?doing_wp_cron=1789878824.8170599937438964843750 HTTP/1.1" 200 5512 "-" "WordPress/6.6.2; https://grupo-seg.com"
51.8.102.166 - - [20/Sep/2026:06:33:44 +0200] "GET /robots.txt HTTP/1.1" 200 5679 "-" "Mozilla/5.0 (Macintosh; Intel Mac OS X 10_15_7) AppleWebKit/537.36 (KHTML, like Gecko) Chrome/131.0.0.0 Safari/537.36; compatible; OAI-SearchBot/1.0; +https://openai.com/searchbot"
89.248.107.232 - - [20/Sep/2026:06:33:45 +0200] "POST /wp-admin/admin-ajax.php?action=async_litespeed&nonce=c23640a689&litespeed_type=imgoptm HTTP/1.1" 200 5698 "-" "WordPress/6.6.2; https://grupo-seg.com"
89.248.107.232 - - [20/Sep/2026:06:34:26 +0200] "POST /wp-cron.php?doing_wp_cron=1789878866.7258179187774658203125 HTTP/1.1" 200 5512 "-" "WordPress/6.6.2; https://grupo-seg.com"
35.198.113.100 - - [20/Sep/2026:06:34:26 +0200] "GET /robots.txt HTTP/1.1" 200 5679 "-" "LinkupBot/1.0 (LinkupBot for web indexing; https://linkup.so/bot; bot@linkup.so)"
35.198.113.100 - - [20/Sep/2026:06:34:26 +0200] "GET /portfolio/paso-a-desnivel-enlace-de-guadalupe/ HTTP/1.1" 200 116600 "-" "LinkupBot/1.0 (LinkupBot for web indexing; https://linkup.so/bot; bot@linkup.so)"
89.248.107.232 - - [20/Sep/2026:06:34:27 +0200] "POST /wp-admin/admin-ajax.php?action=async_litespeed&nonce=c23640a689&litespeed_type=imgoptm HTTP/1.1" 200 5698 "-" "WordPress/6.6.2; https://grupo-seg.com"
35.198.113.100 - - [20/Sep/2026:06:34:29 +0200] "GET /en/portfolio/technical-file-for-the-construction-investment-at-the-mayor-general-fap-armando-revoredo-iglesias-airport-in-cajamarca/ HTTP/1.1" 200 118071 "-" "LinkupBot/1.0 (LinkupBot for web indexing; https://linkup.so/bot; bot@linkup.so)"
35.198.113.100 - - [20/Sep/2026:06:34:31 +0200] "GET /category/argentina/ HTTP/1.1" 200 104305 "-" "LinkupBot/1.0 (LinkupBot for web indexing; https://linkup.so/bot; bot@linkup.so)"
35.198.113.100 - - [20/Sep/2026:06:34:33 +0200] "GET /en/author/roberto/ HTTP/1.1" 200 109346 "-" "LinkupBot/1.0 (LinkupBot for web indexing; https://linkup.so/bot; bot@linkup.so)"
35.198.113.100 - - [20/Sep/2026:06:34:36 +0200] "GET /en/countries/nicaragua/ HTTP/1.1" 200 171335 "-" "LinkupBot/1.0 (LinkupBot for web indexing; https://linkup.so/bot; bot@linkup.so)"
35.198.113.100 - - [20/Sep/2026:06:34:38 +0200] "GET /portfolio/ampliacion-desarenadores-en-hidroabanico/ HTTP/1.1" 200 116687 "-" "LinkupBot/1.0 (LinkupBot for web indexing; https://linkup.so/bot; bot@linkup.so)"
89.248.107.232 - - [20/Sep/2026:06:34:53 +0200] "POST /wp-cron.php?doing_wp_cron=1789878893.3787300586700439453125 HTTP/1.1" 200 5512 "-" "WordPress/6.6.2; https://grupo-seg.com"
80.79.5.250 - - [20/Sep/2026:06:34:52 +0200] "GET / HTTP/1.1" 301 5612 "https://serynco.es" "Mozilla/5.0 (Windows NT 10.0; Win64; x64; rv:109.0) Gecko/20100101 Firefox/113.0"
80.79.5.250 - - [20/Sep/2026:06:34:53 +0200] "GET / HTTP/1.1" 200 165847 "https://www.grupo-seg.com/" "Mozilla/5.0 (Windows NT 10.0; Win64; x64; rv:109.0) Gecko/20100101 Firefox/113.0"
89.248.107.232 - - [20/Sep/2026:06:35:20 +0200] "POST /wp-cron.php?doing_wp_cron=1789878920.6599669456481933593750 HTTP/1.1" 200 5512 "-" "WordPress/6.6.2; https://grupo-seg.com"
193.186.4.246 - - [20/Sep/2026:06:35:20 +0200] "GET /paises/colombia/ HTTP/1.1" 200 176050 "https://www.google.com/" "Mozilla/5.0 (Macintosh; Intel Mac OS X 10_15_7) AppleWebKit/537.36 (KHTML, like Gecko) Chrome/153.0.0.0 Safari/537.36"
89.248.107.232 - - [20/Sep/2026:06:36:38 +0200] "POST /wp-cron.php?doing_wp_cron=1789878998.0506789684295654296875 HTTP/1.1" 200 5512 "-" "WordPress/6.6.2; https://grupo-seg.com"
157.55.39.58 - - [20/Sep/2026:06:36:37 +0200] "GET /dotonoritonarume/ HTTP/1.1" 404 97436 "-" "Mozilla/5.0 AppleWebKit/537.36 (KHTML, like Gecko; compatible; bingbot/2.0; +http://www.bing.com/bingbot.htm) Chrome/116.0.1938.76 Safari/537.36"
89.248.107.232 - - [20/Sep/2026:06:36:38 +0200] "POST /wp-admin/admin-ajax.php?action=async_litespeed&nonce=c23640a689&litespeed_type=imgoptm HTTP/1.1" 200 5698 "-" "WordPress/6.6.2; https://grupo-seg.com"
89.248.107.232 - - [20/Sep/2026:06:36:45 +0200] "POST /wp-cron.php?doing_wp_cron=1789879005.2902259826660156250000 HTTP/1.1" 200 5512 "-" "WordPress/6.6.2; https://grupo-seg.com"
20.191.45.212 - - [20/Sep/2026:06:36:44 +0200] "GET / HTTP/1.1" 200 165847 "http://grupo-seg.com" "DuckDuckBot/1.1; (+http://duckduckgo.com/duckduckbot.html)"
20.191.45.212 - - [20/Sep/2026:06:36:46 +0200] "GET /wp-content/uploads/2021/07/cropped-SED_FAV-32x32.png HTTP/1.1" 200 199 "-" "DuckDuckBot/1.1; (+http://duckduckgo.com/duckduckbot.html)"
89.248.107.232 - - [20/Sep/2026:06:37:12 +0200] "POST /wp-cron.php?doing_wp_cron=1789879032.3479650020599365234375 HTTP/1.1" 200 5512 "-" "WordPress/6.6.2; https://grupo-seg.com"
192.178.4.2 - - [20/Sep/2026:06:37:11 +0200] "GET /contacto/ HTTP/1.1" 200 190803 "-" "Mozilla/5.0 (Linux; Android 6.0.1; Nexus 5X Build/MMB29P) AppleWebKit/537.36 (KHTML, like Gecko) Chrome/153.0.8010.47 Mobile Safari/537.36 (compatible; Googlebot/2.1; +http://www.google.com/bot.html)"
40.77.167.27 - - [20/Sep/2026:06:37:22 +0200] "GET /ihve1823779imtem/contacto.html HTTP/1.1" 404 97421 "-" "Mozilla/5.0 AppleWebKit/537.36 (KHTML, like Gecko; compatible; bingbot/2.0; +http://www.bing.com/bingbot.htm) Chrome/116.0.1938.76 Safari/537.36"
89.248.107.232 - - [20/Sep/2026:06:37:46 +0200] "POST /wp-cron.php?doing_wp_cron=1789879066.2694220542907714843750 HTTP/1.1" 200 5512 "-" "WordPress/6.6.2; https://grupo-seg.com"
207.46.13.52 - - [20/Sep/2026:06:37:45 +0200] "GET /fukusutepetoshoru/0004980130.html HTTP/1.1" 404 97436 "-" "Mozilla/5.0 AppleWebKit/537.36 (KHTML, like Gecko; compatible; bingbot/2.0; +http://www.bing.com/bingbot.htm) Chrome/116.0.1938.76 Safari/537.36"
89.248.107.232 - - [20/Sep/2026:06:37:46 +0200] "POST /wp-admin/admin-ajax.php?action=async_litespeed&nonce=c23640a689&litespeed_type=imgoptm HTTP/1.1" 200 5698 "-" "WordPress/6.6.2; https://grupo-seg.com"
90.189.174.255 - - [20/Sep/2026:06:37:51 +0200] "GET /acuerdo-marco-de-control-de-calidad-y-supervision-de-obra-de-centros-educativos-en-la-comunidad-de-madrid HTTP/1.1" 301 5664 "https://grupo-seg.com/" "Mozilla/5.0 (Windows NT 6.0; Win64; x64) AppleWebKit/537.36 (KHTML, like Gecko) Chrome/79.0.2616.168 Safari/537.36"
207.46.13.52 - - [20/Sep/2026:06:37:51 +0200] "GET /abqk212992dspitds/crdoutipo.htm HTTP/1.1" 404 97421 "-" "Mozilla/5.0 AppleWebKit/537.36 (KHTML, like Gecko; compatible; bingbot/2.0; +http://www.bing.com/bingbot.htm) Chrome/116.0.1938.76 Safari/537.36"
90.189.174.255 - - [20/Sep/2026:06:37:52 +0200] "GET /portfolio/acuerdo-marco-de-control-de-calidad-y-supervision-de-obra-de-centros-educativos-en-la-comunidad-de-madrid/ HTTP/1.1" 200 117664 "https://grupo-seg.com/" "Mozilla/5.0 (Windows NT 6.0; Win64; x64) AppleWebKit/537.36 (KHTML, like Gecko) Chrome/79.0.2616.168 Safari/537.36"
89.248.107.232 - - [20/Sep/2026:06:37:55 +0200] "POST /wp-cron.php?doing_wp_cron=1789879075.4411098957061767578125 HTTP/1.1" 200 5512 "-" "WordPress/6.6.2; https://grupo-seg.com"
216.73.216.58 - - [20/Sep/2026:06:37:54 +0200] "GET /robots.txt HTTP/1.1" 200 5679 "-" "Mozilla/5.0 AppleWebKit/537.36 (KHTML, like Gecko; compatible; ClaudeBot/1.0; +claudebot@anthropic.com)"
192.36.121.203 - - [20/Sep/2026:06:37:56 +0200] "GET /robots.txt HTTP/1.1" 301 5576 "http://alben4000.com/robots.txt" "Mozilla/5.0 (Windows NT 10.0; Win64; x64) AppleWebKit/537.36 (KHTML, like Gecko) Chrome/121.0.0.0 Safari/537.3"
193.183.170.49 - - [20/Sep/2026:06:37:56 +0200] "GET /robots.txt HTTP/1.1" 200 5679 "https://www.grupo-seg.com/robots.txt" "Mozilla/5.0 (Windows NT 10.0; Win64; x64) AppleWebKit/537.36 (KHTML, like Gecko) Chrome/121.0.0.0 Safari/537.3"
192.121.122.165 - - [20/Sep/2026:06:37:57 +0200] "GET /llms.txt HTTP/1.1" 301 5667 "http://alben4000.com/llms.txt" "Mozilla/5.0 (Windows NT 10.0; Win64; x64) AppleWebKit/537.36 (KHTML, like Gecko) Chrome/121.0.0.0 Safari/537.3"
192.36.119.53 - - [20/Sep/2026:06:37:57 +0200] "GET /llms.txt HTTP/1.1" 404 97436 "https://www.grupo-seg.com/llms.txt" "Mozilla/5.0 (Windows NT 10.0; Win64; x64) AppleWebKit/537.36 (KHTML, like Gecko) Chrome/121.0.0.0 Safari/537.3"
216.73.216.58 - - [20/Sep/2026:06:37:58 +0200] "GET /wp-sitemap.xml HTTP/1.1" 200 6217 "-" "Mozilla/5.0 AppleWebKit/537.36 (KHTML, like Gecko; compatible; ClaudeBot/1.0; +claudebot@anthropic.com)"
192.36.136.21 - - [20/Sep/2026:06:37:59 +0200] "GET / HTTP/1.1" 301 5612 "http://alben4000.com/" "Mozilla/5.0 (Windows NT 10.0; Win64; x64) AppleWebKit/537.36 (KHTML, like Gecko) Chrome/121.0.0.0 Safari/537.3"
89.248.107.232 - - [20/Sep/2026:06:38:00 +0200] "POST /wp-cron.php?doing_wp_cron=1789879080.3724880218505859375000 HTTP/1.1" 200 5512 "-" "WordPress/6.6.2; https://grupo-seg.com"
192.36.109.166 - - [20/Sep/2026:06:37:59 +0200] "GET / HTTP/1.1" 200 165847 "https://www.grupo-seg.com/" "Mozilla/5.0 (Windows NT 10.0; Win64; x64) AppleWebKit/537.36 (KHTML, like Gecko) Chrome/121.0.0.0 Safari/537.3"
89.248.107.232 - - [20/Sep/2026:06:38:04 +0200] "POST /wp-cron.php?doing_wp_cron=1789879084.8994529247283935546875 HTTP/1.1" 200 5512 "-" "WordPress/6.6.2; https://grupo-seg.com"
23.95.197.220 - - [20/Sep/2026:06:38:04 +0200] "GET /wp-login.php HTTP/1.1" 200 13732 "http://serynco.es/wp-admin/" "Mozilla/5.0 (Windows NT 10.0; Win64; x64) AppleWebKit/537.36 (KHTML, like Gecko) Chrome/90.0.4430.85 Safari/537.36"
23.95.197.220 - - [20/Sep/2026:06:38:05 +0200] "POST /wp-login.php HTTP/1.1" 503 25291 "http://serynco.es/wp-admin/" "Mozilla/5.0 (Windows NT 10.0; Win64; x64) AppleWebKit/537.36 (KHTML, like Gecko) Chrome/90.0.4430.85 Safari/537.36"
23.95.197.220 - - [20/Sep/2026:06:38:06 +0200] "GET /wp-admin/ HTTP/1.1" 503 24987 "http://serynco.es/wp-admin/" "Mozilla/5.0 (Windows NT 10.0; Win64; x64) AppleWebKit/537.36 (KHTML, like Gecko) Chrome/90.0.4430.85 Safari/537.36"
23.95.197.220 - - [20/Sep/2026:06:38:07 +0200] "POST /wp-login.php HTTP/1.1" 503 24038 "https://www.grupo-seg.com/wp-admin/" "Mozilla/5.0 (Windows NT 10.0; Win64; x64) AppleWebKit/537.36 (KHTML, like Gecko) Chrome/90.0.4430.85 Safari/537.36"
89.248.107.232 - - [20/Sep/2026:06:38:08 +0200] "POST /?wordfence_syncAttackData=1789879088.3059 HTTP/1.1" 200 5452 "-" "WordPress/6.6.2; https://grupo-seg.com"
23.95.197.220 - - [20/Sep/2026:06:38:08 +0200] "GET /wp-admin/ HTTP/1.1" 503 24987 "https://www.grupo-seg.com/wp-admin/" "Mozilla/5.0 (Windows NT 10.0; Win64; x64) AppleWebKit/537.36 (KHTML, like Gecko) Chrome/90.0.4430.85 Safari/537.36"
23.95.197.220 - - [20/Sep/2026:06:38:09 +0200] "POST /wp-login.php HTTP/1.1" 403 6501 "https://www.grupo-seg.com/wp-admin/" "Mozilla/5.0 (Windows NT 10.0; Win64; x64) AppleWebKit/537.36 (KHTML, like Gecko) Chrome/90.0.4430.85 Safari/537.36"
23.95.197.220 - - [20/Sep/2026:06:38:09 +0200] "GET /wp-admin/ HTTP/1.1" 503 24987 "https://www.grupo-seg.com/wp-admin/" "Mozilla/5.0 (Windows NT 10.0; Win64; x64) AppleWebKit/537.36 (KHTML, like Gecko) Chrome/90.0.4430.85 Safari/537.36"
157.55.39.6 - - [20/Sep/2026:06:38:19 +0200] "GET /kyua1681405sgodotm/legal.html HTTP/1.1" 301 5688 "-" "Mozilla/5.0 AppleWebKit/537.36 (KHTML, like Gecko; compatible; bingbot/2.0; +http://www.bing.com/bingbot.htm) Chrome/116.0.1938.76 Safari/537.36"
192.178.4.2 - - [20/Sep/2026:06:41:04 +0200] "GET /wp-content/litespeed/css/240d5dcec7b435680e4e38653a8caf7f.css?ver=04cf4 HTTP/1.1" 200 90966 "https://grupo-seg.com/contacto/" "Mozilla/5.0 (Linux; Android 6.0.1; Nexus 5X Build/MMB29P) AppleWebKit/537.36 (KHTML, like Gecko) Chrome/153.0.8010.47 Mobile Safari/537.36 (compatible; Googlebot/2.1; +http://www.google.com/bot.html)"
192.178.4.3 - - [20/Sep/2026:06:41:05 +0200] "POST /wp-content/plugins/litespeed-cache/guest.vary.php HTTP/1.1" 403 6501 "https://grupo-seg.com/contacto/" "Mozilla/5.0 (Linux; Android 6.0.1; Nexus 5X Build/MMB29P) AppleWebKit/537.36 (KHTML, like Gecko) Chrome/153.0.8010.47 Mobile Safari/537.36 (compatible; Googlebot/2.1; +http://www.google.com/bot.html)"
89.248.107.232 - - [20/Sep/2026:06:41:22 +0200] "POST /wp-cron.php?doing_wp_cron=1789879282.1655590534210205078125 HTTP/1.1" 200 5512 "-" "WordPress/6.6.2; https://grupo-seg.com"
207.46.13.154 - - [20/Sep/2026:06:41:21 +0200] "GET /ozuy1073844oisidstmpest HTTP/1.1" 404 97421 "-" "Mozilla/5.0 AppleWebKit/537.36 (KHTML, like Gecko; compatible; bingbot/2.0; +http://www.bing.com/bingbot.htm) Chrome/116.0.1938.76 Safari/537.36"
89.248.107.232 - - [20/Sep/2026:06:41:22 +0200] "POST /wp-admin/admin-ajax.php?action=async_litespeed&nonce=c23640a689&litespeed_type=imgoptm HTTP/1.1" 200 5698 "-" "WordPress/6.6.2; https://grupo-seg.com"
207.46.13.154 - - [20/Sep/2026:06:41:23 +0200] "GET /ihve1769338disoopg/itdosds.htm HTTP/1.1" 404 97421 "-" "Mozilla/5.0 AppleWebKit/537.36 (KHTML, like Gecko; compatible; bingbot/2.0; +http://www.bing.com/bingbot.htm) Chrome/116.0.1938.76 Safari/537.36"
89.248.107.232 - - [20/Sep/2026:06:42:01 +0200] "POST /wp-cron.php?doing_wp_cron=1789879321.7535619735717773437500 HTTP/1.1" 200 5512 "-" "WordPress/6.6.2; https://grupo-seg.com"
23.23.62.233 - - [20/Sep/2026:06:42:01 +0200] "GET /robots.txt HTTP/1.1" 200 5679 "-" "Mozilla/5.0 (compatible; getdomaindata/1.0; +https://getdomaindata.com/bot)"
23.23.62.233 - - [20/Sep/2026:06:42:01 +0200] "GET /wp-json/?_fields=name,description,url,home,timezone_string,gmt_offset,namespaces,site_icon_url,page_on_front,show_on_front HTTP/1.1" 200 6608 "-" "Mozilla/5.0 (compatible; getdomaindata/1.0; +https://getdomaindata.com/bot)"
89.248.107.232 - - [20/Sep/2026:06:42:02 +0200] "POST /wp-admin/admin-ajax.php?action=async_litespeed&nonce=c23640a689&litespeed_type=imgoptm HTTP/1.1" 200 5698 "-" "WordPress/6.6.2; https://grupo-seg.com"
89.248.107.232 - - [20/Sep/2026:06:42:21 +0200] "POST /wp-cron.php?doing_wp_cron=1789879341.9171009063720703125000 HTTP/1.1" 200 5512 "-" "WordPress/6.6.2; https://grupo-seg.com"
52.202.232.123 - - [20/Sep/2026:06:42:21 +0200] "GET /robots.txt HTTP/1.1" 301 5576 "-" "Mozilla/5.0 (Macintosh; Intel Mac OS X 10_10_1) AppleWebKit/600.2.5 (KHTML, like Gecko) Version/8.0.2 Safari/600.2.5 (Gort)"
13.223.141.79 - - [20/Sep/2026:06:42:22 +0200] "GET /robots.txt HTTP/1.1" 200 5679 "-" "Mozilla/5.0 (Macintosh; Intel Mac OS X 10_10_1) AppleWebKit/600.2.5 (KHTML, like Gecko) Version/8.0.2 Safari/600.2.5 (Gort)"
89.248.107.232 - - [20/Sep/2026:06:44:12 +0200] "POST /wp-cron.php?doing_wp_cron=1789879452.1830449104309082031250 HTTP/1.1" 200 5512 "-" "WordPress/6.6.2; https://grupo-seg.com"
204.217.130.200 - - [20/Sep/2026:06:44:11 +0200] "HEAD /proyectos/ HTTP/1.1" 200 5679 "https://grupo-seg.com" "Mozilla/5.0 (Windows NT 10.0; Win64; x64) AppleWebKit/537.36 (KHTML, like Gecko) Chrome/96.0.4664.45 Safari/537.36"
89.248.107.232 - - [20/Sep/2026:06:44:12 +0200] "POST /wp-admin/admin-ajax.php?action=async_litespeed&nonce=c23640a689&litespeed_type=imgoptm HTTP/1.1" 200 5698 "-" "WordPress/6.6.2; https://grupo-seg.com"
204.217.130.200 - - [20/Sep/2026:06:44:13 +0200] "GET /proyectos/ HTTP/1.1" 200 975489 "https://grupo-seg.com" "Mozilla/5.0 (Windows NT 10.0; Win64; x64) AppleWebKit/537.36 (KHTML, like Gecko) Chrome/96.0.4664.45 Safari/537.36"
207.46.13.154 - - [20/Sep/2026:06:44:22 +0200] "GET /?ws6=eb1b2x58425sq HTTP/1.1" 200 165847 "-" "Mozilla/5.0 AppleWebKit/537.36 (KHTML, like Gecko; compatible; bingbot/2.0; +http://www.bing.com/bingbot.htm) Chrome/116.0.1938.76 Safari/537.36"
89.248.107.232 - - [20/Sep/2026:06:44:36 +0200] "POST /wp-cron.php?doing_wp_cron=1789879476.5485289096832275390625 HTTP/1.1" 200 5512 "-" "WordPress/6.6.2; https://grupo-seg.com"
35.198.113.100 - - [20/Sep/2026:06:44:35 +0200] "GET /robots.txt HTTP/1.1" 200 5679 "-" "LinkupBot/1.0 (LinkupBot for web indexing; https://linkup.so/bot; bot@linkup.so)"
89.248.107.232 - - [20/Sep/2026:06:44:37 +0200] "POST /wp-admin/admin-ajax.php?action=async_litespeed&nonce=c23640a689&litespeed_type=imgoptm HTTP/1.1" 200 5698 "-" "WordPress/6.6.2; https://grupo-seg.com"
35.198.113.100 - - [20/Sep/2026:06:44:36 +0200] "GET /en/portfolio/supervision-of-the-rehabilitation-of-the-maritime-facade-of-gandia-beach/ HTTP/1.1" 200 117465 "-" "LinkupBot/1.0 (LinkupBot for web indexing; https://linkup.so/bot; bot@linkup.so)"
89.248.107.232 - - [20/Sep/2026:06:44:40 +0200] "POST /wp-cron.php?doing_wp_cron=1789879480.6082530021667480468750 HTTP/1.1" 200 5512 "-" "WordPress/6.6.2; https://grupo-seg.com/en/"
35.198.113.100 - - [20/Sep/2026:06:44:40 +0200] "GET /en/portfolio/supervision-of-various-actions-within-the-framework-of-the-celebration-of-the-32nd-edition-of-the-americas-cup-in-valencia/ HTTP/1.1" 200 118001 "-" "LinkupBot/1.0 (LinkupBot for web indexing; https://linkup.so/bot; bot@linkup.so)"
89.248.107.232 - - [20/Sep/2026:06:44:43 +0200] "POST /wp-cron.php?doing_wp_cron=1789879483.3041119575500488281250 HTTP/1.1" 200 5512 "-" "WordPress/6.6.2; https://grupo-seg.com"
35.198.113.100 - - [20/Sep/2026:06:44:42 +0200] "GET /project-type/carreteras/page/2/ HTTP/1.1" 200 100627 "-" "LinkupBot/1.0 (LinkupBot for web indexing; https://linkup.so/bot; bot@linkup.so)"
35.198.113.100 - - [20/Sep/2026:06:44:44 +0200] "GET /paises/colombia/ HTTP/1.1" 200 176080 "-" "LinkupBot/1.0 (LinkupBot for web indexing; https://linkup.so/bot; bot@linkup.so)"
35.198.113.100 - - [20/Sep/2026:06:44:47 +0200] "GET /portfolio/expediente-tecnico-de-la-inversion-construccion-en-el-aeropuerto-mayor-general-fap-armando-revoredo-iglesias-de-cajamarca/ HTTP/1.1" 200 117480 "-" "LinkupBot/1.0 (LinkupBot for web indexing; https://linkup.so/bot; bot@linkup.so)"
35.198.113.100 - - [20/Sep/2026:06:44:49 +0200] "GET /avances-en-el-corredor-verde-de-la-septima-en-bogota/ HTTP/1.1" 200 122944 "-" "LinkupBot/1.0 (LinkupBot for web indexing; https://linkup.so/bot; bot@linkup.so)"
89.248.107.232 - - [20/Sep/2026:06:45:14 +0200] "POST /wp-cron.php?doing_wp_cron=1789879514.6583580970764160156250 HTTP/1.1" 200 5512 "-" "WordPress/6.6.2; https://grupo-seg.com"
157.55.39.195 - - [20/Sep/2026:06:45:14 +0200] "GET /htsr1039367sopsemd/titis.html HTTP/1.1" 301 5688 "-" "Mozilla/5.0 AppleWebKit/537.36 (KHTML, like Gecko; compatible; bingbot/2.0; +http://www.bing.com/bingbot.htm) Chrome/116.0.1938.76 Safari/537.36"
89.248.107.232 - - [20/Sep/2026:06:45:43 +0200] "POST /wp-cron.php?doing_wp_cron=1789879543.8523530960083007812500 HTTP/1.1" 200 5512 "-" "WordPress/6.6.2; https://grupo-seg.com"
207.46.13.155 - - [20/Sep/2026:06:45:43 +0200] "GET /chankirofusutora/0004350257.html HTTP/1.1" 301 5691 "-" "Mozilla/5.0 AppleWebKit/537.36 (KHTML, like Gecko; compatible; bingbot/2.0; +http://www.bing.com/bingbot.htm) Chrome/116.0.1938.76 Safari/537.36"
89.248.107.232 - - [20/Sep/2026:06:45:44 +0200] "POST /wp-admin/admin-ajax.php?action=async_litespeed&nonce=c23640a689&litespeed_type=imgoptm HTTP/1.1" 200 5698 "-" "WordPress/6.6.2; https://grupo-seg.com"
157.55.39.195 - - [20/Sep/2026:06:45:49 +0200] "GET /rmsy222544ptiduri/docspstdo HTTP/1.1" 301 5686 "-" "Mozilla/5.0 AppleWebKit/537.36 (KHTML, like Gecko; compatible; bingbot/2.0; +http://www.bing.com/bingbot.htm) Chrome/116.0.1938.76 Safari/537.36"
89.248.107.232 - - [20/Sep/2026:06:47:40 +0200] "POST /wp-cron.php?doing_wp_cron=1789879660.3964309692382812500000 HTTP/1.1" 200 5512 "-" "WordPress/6.6.2; https://grupo-seg.com"
51.8.102.135 - - [20/Sep/2026:06:47:39 +0200] "GET /robots.txt HTTP/1.1" 301 5576 "-" "Mozilla/5.0 (Macintosh; Intel Mac OS X 10_15_7) AppleWebKit/537.36 (KHTML, like Gecko) Chrome/131.0.0.0 Safari/537.36; compatible; OAI-SearchBot/1.0; +https://openai.com/searchbot"
91.244.197.105 - - [20/Sep/2026:06:47:40 +0200] "GET /wp-login.php HTTP/1.1" 200 13732 "https://seg-sa.es/" "Mozilla/5.0 (X11; Linux x86_64) AppleWebKit/537.36 (KHTML, like Gecko) Chrome/146.0.0.0 Safari/537.36"
51.8.102.139 - - [20/Sep/2026:06:47:41 +0200] "GET /robots.txt HTTP/1.1" 200 5679 "-" "Mozilla/5.0 (Macintosh; Intel Mac OS X 10_15_7) AppleWebKit/537.36 (KHTML, like Gecko) Chrome/131.0.0.0 Safari/537.36; compatible; OAI-SearchBot/1.0; +https://openai.com/searchbot"
89.248.107.232 - - [20/Sep/2026:06:47:41 +0200] "POST /wp-admin/admin-ajax.php?action=async_litespeed&nonce=c23640a689&litespeed_type=imgoptm HTTP/1.1" 200 5698 "-" "WordPress/6.6.2; https://grupo-seg.com"
40.77.167.157 - - [20/Sep/2026:06:47:41 +0200] "GET /couk1171461z7dsid80265349oog1.htm HTTP/1.1" 404 97436 "-" "Mozilla/5.0 AppleWebKit/537.36 (KHTML, like Gecko; compatible; bingbot/2.0; +http://www.bing.com/bingbot.htm) Chrome/116.0.1938.76 Safari/537.36"
91.244.197.105 - - [20/Sep/2026:06:47:41 +0200] "POST /wp-login.php HTTP/1.1" 503 25291 "https://seg-sa.es/wp-login.php" "Mozilla/5.0 (X11; Linux x86_64) AppleWebKit/537.36 (KHTML, like Gecko) Chrome/146.0.0.0 Safari/537.36"
207.46.13.52 - - [20/Sep/2026:06:47:42 +0200] "GET /ahjv352952ruidmptdecsoti HTTP/1.1" 404 97421 "-" "Mozilla/5.0 AppleWebKit/537.36 (KHTML, like Gecko; compatible; bingbot/2.0; +http://www.bing.com/bingbot.htm) Chrome/116.0.1938.76 Safari/537.36"
91.244.197.105 - - [20/Sep/2026:06:47:43 +0200] "POST /wp-login.php HTTP/1.1" 503 24038 "https://seg-sa.es/wp-login.php" "Mozilla/5.0 (X11; Linux x86_64) AppleWebKit/537.36 (KHTML, like Gecko) Chrome/146.0.0.0 Safari/537.36"
89.248.107.232 - - [20/Sep/2026:06:47:43 +0200] "POST /?wordfence_syncAttackData=1789879663.7492 HTTP/1.1" 200 5452 "-" "WordPress/6.6.2; https://grupo-seg.com"
89.248.107.232 - - [20/Sep/2026:06:47:44 +0200] "POST /wp-cron.php?doing_wp_cron=1789879664.4055058956146240234375 HTTP/1.1" 200 5512 "-" "WordPress/6.6.2; https://grupo-seg.com"
91.244.197.105 - - [20/Sep/2026:06:47:44 +0200] "POST /wp-login.php HTTP/1.1" 503 24038 "https://seg-sa.es/wp-login.php" "Mozilla/5.0 (X11; Linux x86_64) AppleWebKit/537.36 (KHTML, like Gecko) Chrome/146.0.0.0 Safari/537.36"
40.77.167.157 - - [20/Sep/2026:06:47:43 +0200] "GET /elsr1620986odsmdoigstei.html HTTP/1.1" 404 97436 "-" "Mozilla/5.0 AppleWebKit/537.36 (KHTML, like Gecko; compatible; bingbot/2.0; +http://www.bing.com/bingbot.htm) Chrome/116.0.1938.76 Safari/537.36"
91.244.197.105 - - [20/Sep/2026:06:47:45 +0200] "GET /wp-json/wp/v2/users/me HTTP/1.1" 503 24038 "https://seg-sa.es/" "Mozilla/5.0 (X11; Linux x86_64) AppleWebKit/537.36 (KHTML, like Gecko) Chrome/146.0.0.0 Safari/537.36"
91.244.197.105 - - [20/Sep/2026:06:47:45 +0200] "GET /wp-json/wp/v2/users/me HTTP/1.1" 503 24038 "https://seg-sa.es/" "Mozilla/5.0 (X11; Linux x86_64) AppleWebKit/537.36 (KHTML, like Gecko) Chrome/146.0.0.0 Safari/537.36"
40.77.167.157 - - [20/Sep/2026:06:47:45 +0200] "GET /boml329296didsopi/sodsogt HTTP/1.1" 404 97436 "-" "Mozilla/5.0 AppleWebKit/537.36 (KHTML, like Gecko; compatible; bingbot/2.0; +http://www.bing.com/bingbot.htm) Chrome/116.0.1938.76 Safari/537.36"
91.244.197.105 - - [20/Sep/2026:06:47:47 +0200] "GET /wp-json/wp/v2/users/me HTTP/1.1" 503 24038 "https://seg-sa.es/" "Mozilla/5.0 (X11; Linux x86_64) AppleWebKit/537.36 (KHTML, like Gecko) Chrome/146.0.0.0 Safari/537.36"
207.46.13.52 - - [20/Sep/2026:06:47:48 +0200] "GET /ygsw970826oeismoisdtgd.html HTTP/1.1" 404 97421 "-" "Mozilla/5.0 AppleWebKit/537.36 (KHTML, like Gecko; compatible; bingbot/2.0; +http://www.bing.com/bingbot.htm) Chrome/116.0.1938.76 Safari/537.36"
89.248.107.232 - - [20/Sep/2026:06:51:00 +0200] "POST /?wordfence_syncAttackData=1789879860.7344 HTTP/1.1" 200 5452 "-" "WordPress/6.6.2; https://grupo-seg.com"
89.248.107.232 - - [20/Sep/2026:06:51:01 +0200] "POST /wp-cron.php?doing_wp_cron=1789879861.3458769321441650390625 HTTP/1.1" 200 5512 "-" "WordPress/6.6.2; https://grupo-seg.com"
40.77.167.51 - - [20/Sep/2026:06:51:00 +0200] "GET /matomeshinkohanga/0006758145.html HTTP/1.1" 301 5692 "-" "Mozilla/5.0 AppleWebKit/537.36 (KHTML, like Gecko; compatible; bingbot/2.0; +http://www.bing.com/bingbot.htm) Chrome/116.0.1938.76 Safari/537.36"
40.77.167.51 - - [20/Sep/2026:06:51:01 +0200] "GET /kyua45835riits/eudmdpoct.htm HTTP/1.1" 301 5687 "-" "Mozilla/5.0 AppleWebKit/537.36 (KHTML, like Gecko; compatible; bingbot/2.0; +http://www.bing.com/bingbot.htm) Chrome/116.0.1938.76 Safari/537.36"
89.248.107.232 - - [20/Sep/2026:06:51:02 +0200] "POST /wp-admin/admin-ajax.php?action=async_litespeed&nonce=c23640a689&litespeed_type=imgoptm HTTP/1.1" 200 5698 "-" "WordPress/6.6.2; https://grupo-seg.com"
89.248.107.232 - - [20/Sep/2026:06:51:38 +0200] "POST /wp-cron.php?doing_wp_cron=1789879898.2215108871459960937500 HTTP/1.1" 200 5512 "-" "WordPress/6.6.2; https://grupo-seg.com"
52.167.144.177 - - [20/Sep/2026:06:51:37 +0200] "GET /trouse5320/2c4ci55w.html HTTP/1.1" 404 97436 "-" "Mozilla/5.0 AppleWebKit/537.36 (KHTML, like Gecko; compatible; bingbot/2.0; +http://www.bing.com/bingbot.htm) Chrome/116.0.1938.76 Safari/537.36"
89.248.107.232 - - [20/Sep/2026:06:51:38 +0200] "POST /wp-admin/admin-ajax.php?action=async_litespeed&nonce=c23640a689&litespeed_type=imgoptm HTTP/1.1" 200 5698 "-" "WordPress/6.6.2; https://grupo-seg.com"
89.248.107.232 - - [20/Sep/2026:06:53:10 +0200] "POST /wp-cron.php?doing_wp_cron=1789879990.8865261077880859375000 HTTP/1.1" 200 5512 "-" "WordPress/6.6.2; https://grupo-seg.com"
149.57.176.230 - - [20/Sep/2026:06:53:10 +0200] "GET /politica-de-cookies HTTP/1.1" 301 5586 "-" "Mozilla/5.0 (X11; Linux x86_64) AppleWebKit/537.36 (KHTML, like Gecko) Chrome/148.0.0.0 Safari/537.36"
89.248.107.232 - - [20/Sep/2026:06:53:11 +0200] "POST /wp-admin/admin-ajax.php?action=async_litespeed&nonce=c23640a689&litespeed_type=imgoptm HTTP/1.1" 200 5698 "-" "WordPress/6.6.2; https://grupo-seg.com"
149.57.176.230 - - [20/Sep/2026:06:53:11 +0200] "GET /politica-de-cookies/ HTTP/1.1" 200 121642 "-" "Mozilla/5.0 (X11; Linux x86_64) AppleWebKit/537.36 (KHTML, like Gecko) Chrome/148.0.0.0 Safari/537.36"
149.57.176.230 - - [20/Sep/2026:06:53:12 +0200] "GET /wp-content/litespeed/css/6f21b93e59e6d9cf7c08c20430addd9b.css?ver=04cf4 HTTP/2.0" 200 88480 "https://grupo-seg.com/politica-de-cookies/" "Mozilla/5.0 (X11; Linux x86_64) AppleWebKit/537.36 (KHTML, like Gecko) Chrome/148.0.0.0 Safari/537.36"
149.57.176.230 - - [20/Sep/2026:06:53:12 +0200] "GET /wp-content/plugins/sitepress-multilingual-cms%207/dist/css/blocks/styles.css HTTP/2.0" 200 6360 "https://grupo-seg.com/politica-de-cookies/" "Mozilla/5.0 (X11; Linux x86_64) AppleWebKit/537.36 (KHTML, like Gecko) Chrome/148.0.0.0 Safari/537.36"
149.57.176.230 - - [20/Sep/2026:06:53:12 +0200] "GET /wp-content/plugins/sitepress-multilingual-cms%207/templates/language-switchers/legacy-list-horizontal/style.min.css HTTP/2.0" 200 236 "https://grupo-seg.com/politica-de-cookies/" "Mozilla/5.0 (X11; Linux x86_64) AppleWebKit/537.36 (KHTML, like Gecko) Chrome/148.0.0.0 Safari/537.36"
149.57.176.230 - - [20/Sep/2026:06:53:12 +0200] "GET /wp-content/plugins/sitepress-multilingual-cms%207/templates/language-switchers/menu-item/style.min.css HTTP/2.0" 200 100 "https://grupo-seg.com/politica-de-cookies/" "Mozilla/5.0 (X11; Linux x86_64) AppleWebKit/537.36 (KHTML, like Gecko) Chrome/148.0.0.0 Safari/537.36"
149.57.176.230 - - [20/Sep/2026:06:53:12 +0200] "GET /wp-content/themes/salient/css/build/style-non-critical.css HTTP/2.0" 200 4553 "https://grupo-seg.com/politica-de-cookies/" "Mozilla/5.0 (X11; Linux x86_64) AppleWebKit/537.36 (KHTML, like Gecko) Chrome/148.0.0.0 Safari/537.36"
149.57.176.230 - - [20/Sep/2026:06:53:12 +0200] "GET /wp-content/themes/salient/css/build/plugins/jquery.fancybox.css HTTP/2.0" 200 3131 "https://grupo-seg.com/politica-de-cookies/" "Mozilla/5.0 (X11; Linux x86_64) AppleWebKit/537.36 (KHTML, like Gecko) Chrome/148.0.0.0 Safari/537.36"
149.57.176.230 - - [20/Sep/2026:06:53:12 +0200] "GET /wp-content/themes/salient/css/build/off-canvas/core.css HTTP/2.0" 200 3164 "https://grupo-seg.com/politica-de-cookies/" "Mozilla/5.0 (X11; Linux x86_64) AppleWebKit/537.36 (KHTML, like Gecko) Chrome/148.0.0.0 Safari/537.36"
149.57.176.230 - - [20/Sep/2026:06:53:12 +0200] "GET /wp-content/themes/salient/css/build/off-canvas/fullscreen-legacy.css HTTP/2.0" 200 1425 "https://grupo-seg.com/politica-de-cookies/" "Mozilla/5.0 (X11; Linux x86_64) AppleWebKit/537.36 (KHTML, like Gecko) Chrome/148.0.0.0 Safari/537.36"
149.57.176.230 - - [20/Sep/2026:06:53:14 +0200] "GET /wp-content/uploads/useanyfont/3503Graphik-Regular.woff2 HTTP/2.0" 200 34332 "https://grupo-seg.com/wp-content/litespeed/css/6f21b93e59e6d9cf7c08c20430addd9b.css?ver=04cf4" "Mozilla/5.0 (X11; Linux x86_64) AppleWebKit/537.36 (KHTML, like Gecko) Chrome/148.0.0.0 Safari/537.36"
149.57.176.230 - - [20/Sep/2026:06:53:14 +0200] "GET /wp-content/themes/salient/css/fonts/icomoon.woff?v=1.3 HTTP/2.0" 200 21132 "https://grupo-seg.com/wp-content/litespeed/css/6f21b93e59e6d9cf7c08c20430addd9b.css?ver=04cf4" "Mozilla/5.0 (X11; Linux x86_64) AppleWebKit/537.36 (KHTML, like Gecko) Chrome/148.0.0.0 Safari/537.36"
149.57.176.230 - - [20/Sep/2026:06:53:14 +0200] "GET /wp-content/uploads/useanyfont/3325Graphik-Medium.woff2 HTTP/2.0" 200 37020 "https://grupo-seg.com/wp-content/litespeed/css/6f21b93e59e6d9cf7c08c20430addd9b.css?ver=04cf4" "Mozilla/5.0 (X11; Linux x86_64) AppleWebKit/537.36 (KHTML, like Gecko) Chrome/148.0.0.0 Safari/537.36"
149.57.176.230 - - [20/Sep/2026:06:53:14 +0200] "GET /wp-content/uploads/useanyfont/9325Graphik-Semibold.woff2 HTTP/2.0" 200 37036 "https://grupo-seg.com/wp-content/litespeed/css/6f21b93e59e6d9cf7c08c20430addd9b.css?ver=04cf4" "Mozilla/5.0 (X11; Linux x86_64) AppleWebKit/537.36 (KHTML, like Gecko) Chrome/148.0.0.0 Safari/537.36"
149.57.176.230 - - [20/Sep/2026:06:53:14 +0200] "GET /wp-content/uploads/2021/07/cropped-SED_FAV-32x32.png HTTP/2.0" 200 199 "https://grupo-seg.com/politica-de-cookies/" "Mozilla/5.0 (X11; Linux x86_64) AppleWebKit/537.36 (KHTML, like Gecko) Chrome/148.0.0.0 Safari/537.36"
149.57.176.230 - - [20/Sep/2026:06:53:14 +0200] "POST /wp-content/plugins/litespeed-cache/guest.vary.php HTTP/1.1" 403 6501 "https://grupo-seg.com/politica-de-cookies/" "Mozilla/5.0 (X11; Linux x86_64) AppleWebKit/537.36 (KHTML, like Gecko) Chrome/148.0.0.0 Safari/537.36"
89.248.107.232 - - [20/Sep/2026:06:55:22 +0200] "POST /wp-cron.php?doing_wp_cron=1789880122.3577959537506103515625 HTTP/1.1" 200 5512 "-" "WordPress/6.6.2; https://grupo-seg.com"
52.167.144.23 - - [20/Sep/2026:06:55:21 +0200] "GET /gris95/xhfut46o.html HTTP/1.1" 301 5679 "-" "Mozilla/5.0 AppleWebKit/537.36 (KHTML, like Gecko; compatible; bingbot/2.0; +http://www.bing.com/bingbot.htm) Chrome/116.0.1938.76 Safari/537.36"
89.248.107.232 - - [20/Sep/2026:06:55:22 +0200] "POST /wp-admin/admin-ajax.php?action=async_litespeed&nonce=c23640a689&litespeed_type=imgoptm HTTP/1.1" 200 5698 "-" "WordPress/6.6.2; https://grupo-seg.com"
89.248.107.232 - - [20/Sep/2026:06:56:31 +0200] "POST /wp-cron.php?doing_wp_cron=1789880191.7324569225311279296875 HTTP/1.1" 200 5512 "-" "WordPress/6.6.2; https://grupo-seg.com"
149.57.191.7 - - [20/Sep/2026:06:56:31 +0200] "GET /politica-de-privacidad HTTP/1.1" 301 5589 "-" "Mozilla/5.0 (X11; Linux x86_64) AppleWebKit/537.36 (KHTML, like Gecko) Chrome/148.0.0.0 Safari/537.36"
89.248.107.232 - - [20/Sep/2026:06:56:32 +0200] "POST /wp-admin/admin-ajax.php?action=async_litespeed&nonce=c23640a689&litespeed_type=imgoptm HTTP/1.1" 200 5698 "-" "WordPress/6.6.2; https://grupo-seg.com"
149.57.191.7 - - [20/Sep/2026:06:56:32 +0200] "GET /politica-de-privacidad/ HTTP/1.1" 200 141271 "-" "Mozilla/5.0 (X11; Linux x86_64) AppleWebKit/537.36 (KHTML, like Gecko) Chrome/148.0.0.0 Safari/537.36"
149.57.191.7 - - [20/Sep/2026:06:56:33 +0200] "GET /wp-content/litespeed/css/6f21b93e59e6d9cf7c08c20430addd9b.css?ver=04cf4 HTTP/2.0" 200 88480 "https://grupo-seg.com/politica-de-privacidad/" "Mozilla/5.0 (X11; Linux x86_64) AppleWebKit/537.36 (KHTML, like Gecko) Chrome/148.0.0.0 Safari/537.36"
149.57.191.7 - - [20/Sep/2026:06:56:33 +0200] "GET /wp-content/plugins/sitepress-multilingual-cms%207/dist/css/blocks/styles.css HTTP/2.0" 200 6360 "https://grupo-seg.com/politica-de-privacidad/" "Mozilla/5.0 (X11; Linux x86_64) AppleWebKit/537.36 (KHTML, like Gecko) Chrome/148.0.0.0 Safari/537.36"
149.57.191.7 - - [20/Sep/2026:06:56:33 +0200] "GET /wp-content/plugins/sitepress-multilingual-cms%207/templates/language-switchers/legacy-list-horizontal/style.min.css HTTP/2.0" 200 236 "https://grupo-seg.com/politica-de-privacidad/" "Mozilla/5.0 (X11; Linux x86_64) AppleWebKit/537.36 (KHTML, like Gecko) Chrome/148.0.0.0 Safari/537.36"
149.57.191.7 - - [20/Sep/2026:06:56:33 +0200] "GET /wp-content/plugins/sitepress-multilingual-cms%207/templates/language-switchers/menu-item/style.min.css HTTP/2.0" 200 100 "https://grupo-seg.com/politica-de-privacidad/" "Mozilla/5.0 (X11; Linux x86_64) AppleWebKit/537.36 (KHTML, like Gecko) Chrome/148.0.0.0 Safari/537.36"
149.57.191.7 - - [20/Sep/2026:06:56:33 +0200] "GET /wp-content/themes/salient/css/build/style-non-critical.css HTTP/2.0" 200 4553 "https://grupo-seg.com/politica-de-privacidad/" "Mozilla/5.0 (X11; Linux x86_64) AppleWebKit/537.36 (KHTML, like Gecko) Chrome/148.0.0.0 Safari/537.36"
149.57.191.7 - - [20/Sep/2026:06:56:33 +0200] "GET /wp-content/themes/salient/css/build/plugins/jquery.fancybox.css HTTP/2.0" 200 3131 "https://grupo-seg.com/politica-de-privacidad/" "Mozilla/5.0 (X11; Linux x86_64) AppleWebKit/537.36 (KHTML, like Gecko) Chrome/148.0.0.0 Safari/537.36"
149.57.191.7 - - [20/Sep/2026:06:56:33 +0200] "GET /wp-content/themes/salient/css/build/off-canvas/core.css HTTP/2.0" 200 3164 "https://grupo-seg.com/politica-de-privacidad/" "Mozilla/5.0 (X11; Linux x86_64) AppleWebKit/537.36 (KHTML, like Gecko) Chrome/148.0.0.0 Safari/537.36"
149.57.191.7 - - [20/Sep/2026:06:56:33 +0200] "GET /wp-content/themes/salient/css/build/off-canvas/fullscreen-legacy.css HTTP/2.0" 200 1425 "https://grupo-seg.com/politica-de-privacidad/" "Mozilla/5.0 (X11; Linux x86_64) AppleWebKit/537.36 (KHTML, like Gecko) Chrome/148.0.0.0 Safari/537.36"
149.57.191.7 - - [20/Sep/2026:06:56:34 +0200] "GET /wp-content/themes/salient/css/fonts/icomoon.woff?v=1.3 HTTP/2.0" 200 21132 "https://grupo-seg.com/wp-content/litespeed/css/6f21b93e59e6d9cf7c08c20430addd9b.css?ver=04cf4" "Mozilla/5.0 (X11; Linux x86_64) AppleWebKit/537.36 (KHTML, like Gecko) Chrome/148.0.0.0 Safari/537.36"
149.57.191.7 - - [20/Sep/2026:06:56:34 +0200] "GET /wp-content/uploads/useanyfont/3503Graphik-Regular.woff2 HTTP/2.0" 200 34332 "https://grupo-seg.com/wp-content/litespeed/css/6f21b93e59e6d9cf7c08c20430addd9b.css?ver=04cf4" "Mozilla/5.0 (X11; Linux x86_64) AppleWebKit/537.36 (KHTML, like Gecko) Chrome/148.0.0.0 Safari/537.36"
149.57.191.7 - - [20/Sep/2026:06:56:34 +0200] "GET /wp-content/uploads/useanyfont/3325Graphik-Medium.woff2 HTTP/2.0" 200 37020 "https://grupo-seg.com/wp-content/litespeed/css/6f21b93e59e6d9cf7c08c20430addd9b.css?ver=04cf4" "Mozilla/5.0 (X11; Linux x86_64) AppleWebKit/537.36 (KHTML, like Gecko) Chrome/148.0.0.0 Safari/537.36"
149.57.191.7 - - [20/Sep/2026:06:56:34 +0200] "GET /wp-content/uploads/useanyfont/9325Graphik-Semibold.woff2 HTTP/2.0" 200 37036 "https://grupo-seg.com/wp-content/litespeed/css/6f21b93e59e6d9cf7c08c20430addd9b.css?ver=04cf4" "Mozilla/5.0 (X11; Linux x86_64) AppleWebKit/537.36 (KHTML, like Gecko) Chrome/148.0.0.0 Safari/537.36"
149.57.191.7 - - [20/Sep/2026:06:56:34 +0200] "POST /wp-content/plugins/litespeed-cache/guest.vary.php HTTP/1.1" 403 6501 "https://grupo-seg.com/politica-de-privacidad/" "Mozilla/5.0 (X11; Linux x86_64) AppleWebKit/537.36 (KHTML, like Gecko) Chrome/148.0.0.0 Safari/537.36"
149.57.191.7 - - [20/Sep/2026:06:56:35 +0200] "GET /wp-content/uploads/2021/07/cropped-SED_FAV-32x32.png HTTP/2.0" 200 199 "https://grupo-seg.com/politica-de-privacidad/" "Mozilla/5.0 (X11; Linux x86_64) AppleWebKit/537.36 (KHTML, like Gecko) Chrome/148.0.0.0 Safari/537.36"
89.248.107.232 - - [20/Sep/2026:06:56:46 +0200] "POST /wp-cron.php?doing_wp_cron=1789880206.4290330410003662109375 HTTP/1.1" 200 5512 "-" "WordPress/6.6.2; https://grupo-seg.com"
74.220.219.26 - - [20/Sep/2026:06:56:45 +0200] "GET /wp-login.php HTTP/1.1" 200 13732 "https://serynco.es/" "Mozilla/5.0 (Macintosh; Intel Mac OS X 10_15_7) AppleWebKit/537.36 (KHTML, like Gecko) Chrome/149.0.0.0 Safari/537.36"
74.220.219.26 - - [20/Sep/2026:06:56:47 +0200] "POST /wp-login.php HTTP/1.1" 503 25291 "https://serynco.es/wp-login.php" "Mozilla/5.0 (Macintosh; Intel Mac OS X 10_15_7) AppleWebKit/537.36 (KHTML, like Gecko) Chrome/149.0.0.0 Safari/537.36"
74.220.219.26 - - [20/Sep/2026:06:56:49 +0200] "POST /wp-login.php HTTP/1.1" 503 24038 "https://serynco.es/wp-login.php" "Mozilla/5.0 (Macintosh; Intel Mac OS X 10_15_7) AppleWebKit/537.36 (KHTML, like Gecko) Chrome/149.0.0.0 Safari/537.36"
74.220.219.26 - - [20/Sep/2026:06:56:50 +0200] "POST /wp-login.php HTTP/1.1" 503 24038 "https://serynco.es/wp-login.php" "Mozilla/5.0 (Macintosh; Intel Mac OS X 10_15_7) AppleWebKit/537.36 (KHTML, like Gecko) Chrome/149.0.0.0 Safari/537.36"
74.220.219.26 - - [20/Sep/2026:06:56:51 +0200] "GET /wp-json/wp/v2/users/me HTTP/1.1" 503 24038 "https://serynco.es/" "Mozilla/5.0 (Macintosh; Intel Mac OS X 10_15_7) AppleWebKit/537.36 (KHTML, like Gecko) Chrome/149.0.0.0 Safari/537.36"
74.220.219.26 - - [20/Sep/2026:06:56:52 +0200] "GET /wp-json/wp/v2/users/me HTTP/1.1" 503 24038 "https://serynco.es/" "Mozilla/5.0 (Macintosh; Intel Mac OS X 10_15_7) AppleWebKit/537.36 (KHTML, like Gecko) Chrome/149.0.0.0 Safari/537.36"
74.220.219.26 - - [20/Sep/2026:06:56:53 +0200] "GET /wp-json/wp/v2/users/me HTTP/1.1" 503 24038 "https://serynco.es/" "Mozilla/5.0 (Macintosh; Intel Mac OS X 10_15_7) AppleWebKit/537.36 (KHTML, like Gecko) Chrome/149.0.0.0 Safari/537.36"
89.248.107.232 - - [20/Sep/2026:06:57:31 +0200] "POST /?wordfence_syncAttackData=1789880251.2061 HTTP/1.1" 200 5452 "-" "WordPress/6.6.2; https://grupo-seg.com"
89.248.107.232 - - [20/Sep/2026:06:57:31 +0200] "POST /wp-cron.php?doing_wp_cron=1789880251.7769689559936523437500 HTTP/1.1" 200 5512 "-" "WordPress/6.6.2; https://grupo-seg.com"
178.20.45.159 - - [20/Sep/2026:06:57:30 +0200] "GET /es/nuestros-clientes/ HTTP/1.1" 404 97421 "https://grupo-seg.com/es/nuestros-clientes/" "Mozilla/5.0 (Windows NT 10.0; Win64; x64) AppleWebKit/537.36 (KHTML, like Gecko) Chrome/131.0.0.0 Safari/537.36"
89.248.107.232 - - [20/Sep/2026:06:57:32 +0200] "POST /wp-admin/admin-ajax.php?action=async_litespeed&nonce=c23640a689&litespeed_type=imgoptm HTTP/1.1" 200 5698 "-" "WordPress/6.6.2; https://grupo-seg.com"
178.20.45.159 - - [20/Sep/2026:06:57:32 +0200] "GET /contacto/ HTTP/1.1" 200 199540 "https://grupo-seg.com/contacto/" "Mozilla/5.0 (Windows NT 10.0; Win64; x64) AppleWebKit/537.36 (KHTML, like Gecko) Chrome/131.0.0.0 Safari/537.36"
89.248.107.232 - - [20/Sep/2026:06:58:50 +0200] "POST /wp-cron.php?doing_wp_cron=1789880330.8394958972930908203125 HTTP/1.1" 200 5512 "-" "WordPress/6.6.2; https://grupo-seg.com"
178.151.245.162 - - [20/Sep/2026:06:58:50 +0200] "GET /robots.txt HTTP/1.1" 200 5679 "-" "Mozilla/5.0 (compatible; MJ12bot/v1.4.8; http://mj12bot.com/)"
89.248.107.232 - - [20/Sep/2026:06:58:52 +0200] "POST /wp-admin/admin-ajax.php?action=async_litespeed&nonce=c23640a689&litespeed_type=imgoptm HTTP/1.1" 200 5698 "-" "WordPress/6.6.2; https://grupo-seg.com"
178.151.245.162 - - [20/Sep/2026:06:58:52 +0200] "GET /en/project-type/%C2%B7-bolivia-en/feed/ HTTP/1.1" 200 8736 "-" "Mozilla/5.0 (compatible; MJ12bot/v1.4.8; http://mj12bot.com/)"
89.248.107.232 - - [20/Sep/2026:06:58:56 +0200] "POST /wp-cron.php?doing_wp_cron=1789880336.8577220439910888671875 HTTP/1.1" 200 5512 "-" "WordPress/6.6.2; https://grupo-seg.com/en/"
192.178.4.2 - - [20/Sep/2026:06:58:56 +0200] "GET /en/comments/feed/ HTTP/1.1" 200 6419 "-" "Mozilla/5.0 (Linux; Android 6.0.1; Nexus 5X Build/MMB29P) AppleWebKit/537.36 (KHTML, like Gecko) Chrome/153.0.8010.47 Mobile Safari/537.36 (compatible; Googlebot/2.1; +http://www.google.com/bot.html)"
89.248.107.232 - - [20/Sep/2026:07:03:09 +0200] "POST /wp-cron.php?doing_wp_cron=1789880589.3259611129760742187500 HTTP/1.1" 200 5512 "-" "WordPress/6.6.2; https://grupo-seg.com"
2.28.229.35 - - [20/Sep/2026:07:03:08 +0200] "GET / HTTP/1.1" 200 165847 "https://seg-sa.es" "Mozilla/5.0 (Windows NT 10.0; Win64; x64) AppleWebKit/537.36 (KHTML, like Gecko) Chrome/109.0.0.0 Safari/537.36 Edg/109.0.1518.14"
89.248.107.232 - - [20/Sep/2026:07:03:09 +0200] "POST /wp-admin/admin-ajax.php?action=async_litespeed&nonce=c23640a689&litespeed_type=imgoptm HTTP/1.1" 200 5698 "-" "WordPress/6.6.2; https://grupo-seg.com"
89.248.107.232 - - [20/Sep/2026:07:03:41 +0200] "POST /wp-cron.php?doing_wp_cron=1789880621.1169331073760986328125 HTTP/1.1" 200 5512 "-" "WordPress/6.6.2; https://grupo-seg.com"
185.33.86.18 - - [20/Sep/2026:07:03:40 +0200] "GET /webmail/ HTTP/1.1" 404 97436 "-" "Mozilla/5.0 (Windows NT 10.0; WOW64; rv:47.0) Gecko/20100101 Firefox/47.0"
89.248.107.232 - - [20/Sep/2026:07:03:41 +0200] "POST /wp-admin/admin-ajax.php?action=async_litespeed&nonce=c23640a689&litespeed_type=imgoptm HTTP/1.1" 200 5698 "-" "WordPress/6.6.2; https://grupo-seg.com"
89.248.107.232 - - [20/Sep/2026:07:03:42 +0200] "POST /wp-cron.php?doing_wp_cron=1789880622.6647560596466064453125 HTTP/1.1" 200 5512 "-" "WordPress/6.6.2; https://grupo-seg.com"
185.33.86.18 - - [20/Sep/2026:07:03:42 +0200] "GET /webmail/ HTTP/1.1" 404 97421 "-" "Mozilla/5.0 (Windows NT 10.0; WOW64; rv:47.0) Gecko/20100101 Firefox/47.0"
89.248.107.232 - - [20/Sep/2026:07:06:51 +0200] "POST /wp-cron.php?doing_wp_cron=1789880811.1574420928955078125000 HTTP/1.1" 200 5512 "-" "WordPress/6.6.2; https://grupo-seg.com"
43.157.175.122 - - [20/Sep/2026:07:06:50 +0200] "GET / HTTP/1.1" 301 5612 "http://alben4000.com" "Mozilla/5.0 (iPhone; CPU iPhone OS 13_2_3 like Mac OS X) AppleWebKit/605.1.15 (KHTML, like Gecko) Version/13.0.3 Mobile/15E148 Safari/604.1"
89.248.107.232 - - [20/Sep/2026:07:06:51 +0200] "POST /wp-admin/admin-ajax.php?action=async_litespeed&nonce=c23640a689&litespeed_type=imgoptm HTTP/1.1" 200 5698 "-" "WordPress/6.6.2; https://grupo-seg.com"
43.157.175.122 - - [20/Sep/2026:07:06:52 +0200] "GET / HTTP/1.1" 200 156989 "https://www.grupo-seg.com/" "Mozilla/5.0 (iPhone; CPU iPhone OS 13_2_3 like Mac OS X) AppleWebKit/605.1.15 (KHTML, like Gecko) Version/13.0.3 Mobile/15E148 Safari/604.1"
89.248.107.232 - - [20/Sep/2026:07:08:15 +0200] "POST /wp-cron.php?doing_wp_cron=1789880895.1188030242919921875000 HTTP/1.1" 200 5512 "-" "WordPress/6.6.2; https://grupo-seg.com"
52.167.144.234 - - [20/Sep/2026:07:08:14 +0200] "GET /ihdm706688sdtptsimoi HTTP/1.1" 404 97436 "-" "Mozilla/5.0 AppleWebKit/537.36 (KHTML, like Gecko; compatible; bingbot/2.0; +http://www.bing.com/bingbot.htm) Chrome/116.0.1938.76 Safari/537.36"
89.248.107.232 - - [20/Sep/2026:07:08:15 +0200] "POST /wp-admin/admin-ajax.php?action=async_litespeed&nonce=c23640a689&litespeed_type=imgoptm HTTP/1.1" 200 5698 "-" "WordPress/6.6.2; https://grupo-seg.com"
89.248.107.232 - - [20/Sep/2026:07:09:08 +0200] "POST /wp-cron.php?doing_wp_cron=1789880948.1784510612487792968750 HTTP/1.1" 200 5512 "-" "WordPress/6.6.2; https://grupo-seg.com"
