89.248.107.232 - - [20/Sep/2026:09:26:05 +0200] "POST /wp-cron.php?doing_wp_cron=1789889165.8164460659027099609375 HTTP/1.1" 200 5512 "-" "WordPress/6.6.2; https://grupo-seg.com"
52.167.144.139 - - [20/Sep/2026:09:26:05 +0200] "GET /htsr707622sipsesdotmti HTTP/1.1" 404 97421 "-" "Mozilla/5.0 AppleWebKit/537.36 (KHTML, like Gecko; compatible; bingbot/2.0; +http://www.bing.com/bingbot.htm) Chrome/116.0.1938.76 Safari/537.36"
89.248.107.232 - - [20/Sep/2026:09:27:30 +0200] "POST /wp-cron.php?doing_wp_cron=1789889250.3026371002197265625000 HTTP/1.1" 200 5512 "-" "WordPress/6.6.2; https://grupo-seg.com"
43.156.228.27 - - [20/Sep/2026:09:27:29 +0200] "GET / HTTP/1.1" 200 157019 "https://www.seg-sa.es/" "Mozilla/5.0 (iPhone; CPU iPhone OS 13_2_3 like Mac OS X) AppleWebKit/605.1.15 (KHTML, like Gecko) Version/13.0.3 Mobile/15E148 Safari/604.1"
89.248.107.232 - - [20/Sep/2026:09:27:30 +0200] "POST /wp-admin/admin-ajax.php?action=async_litespeed&nonce=c23640a689&litespeed_type=imgoptm HTTP/1.1" 200 5698 "-" "WordPress/6.6.2; https://grupo-seg.com"
89.248.107.232 - - [20/Sep/2026:09:36:35 +0200] "POST /wp-cron.php?doing_wp_cron=1789889795.0085859298706054687500 HTTP/1.1" 200 5512 "-" "WordPress/6.6.2; https://grupo-seg.com"
204.44.93.69 - - [20/Sep/2026:09:36:34 +0200] "GET / HTTP/1.1" 200 165817 "-" "Mozilla/5.0 (Windows NT 10.0; Win64; x64) AppleWebKit/537.36 (KHTML, like Gecko) Chrome/124.0 Safari/537.36"
89.248.107.232 - - [20/Sep/2026:09:36:35 +0200] "POST /wp-admin/admin-ajax.php?action=async_litespeed&nonce=c23640a689&litespeed_type=imgoptm HTTP/1.1" 200 5698 "-" "WordPress/6.6.2; https://grupo-seg.com"
208.127.43.247 - - [20/Sep/2026:09:37:10 +0200] "GET /wp-content/uploads/2023/06/SEG_Proyectos_Varios_Dest_10.jpg HTTP/2.0" 200 187600 "https://grupo-seg.com/proyectos/" "Mozilla/5.0 (Windows NT 10.0; Win64; x64) AppleWebKit/537.36 (KHTML, like Gecko) Chrome/153.0.0.0 Safari/537.36 Edg/153.0.0.0"
208.127.43.247 - - [20/Sep/2026:09:37:10 +0200] "GET /wp-content/uploads/2023/06/Canal-de-panama.jpeg HTTP/2.0" 200 162863 "https://grupo-seg.com/proyectos/" "Mozilla/5.0 (Windows NT 10.0; Win64; x64) AppleWebKit/537.36 (KHTML, like Gecko) Chrome/153.0.0.0 Safari/537.36 Edg/153.0.0.0"
208.127.43.247 - - [20/Sep/2026:09:37:10 +0200] "GET /wp-content/uploads/2023/06/SEG_Proyectos_Varios_Dest_11.jpg HTTP/2.0" 200 103708 "https://grupo-seg.com/proyectos/" "Mozilla/5.0 (Windows NT 10.0; Win64; x64) AppleWebKit/537.36 (KHTML, like Gecko) Chrome/153.0.0.0 Safari/537.36 Edg/153.0.0.0"
208.127.43.247 - - [20/Sep/2026:09:37:10 +0200] "GET /wp-content/uploads/2023/12/Imagen19.png HTTP/2.0" 200 571954 "https://grupo-seg.com/proyectos/" "Mozilla/5.0 (Windows NT 10.0; Win64; x64) AppleWebKit/537.36 (KHTML, like Gecko) Chrome/153.0.0.0 Safari/537.36 Edg/153.0.0.0"
208.127.43.247 - - [20/Sep/2026:09:37:12 +0200] "GET /wp-content/uploads/2023/06/SEG_Proyectos_Varios_Dest_09.jpg HTTP/2.0" 200 118877 "https://grupo-seg.com/proyectos/" "Mozilla/5.0 (Windows NT 10.0; Win64; x64) AppleWebKit/537.36 (KHTML, like Gecko) Chrome/153.0.0.0 Safari/537.36 Edg/153.0.0.0"
208.127.43.247 - - [20/Sep/2026:09:37:12 +0200] "GET /wp-content/uploads/2023/06/SEG_Proyectos_Varios_Dest_08.jpg HTTP/2.0" 200 112270 "https://grupo-seg.com/proyectos/" "Mozilla/5.0 (Windows NT 10.0; Win64; x64) AppleWebKit/537.36 (KHTML, like Gecko) Chrome/153.0.0.0 Safari/537.36 Edg/153.0.0.0"
208.127.43.247 - - [20/Sep/2026:09:37:12 +0200] "GET /wp-content/uploads/2023/06/SEG_Proyectos_Varios_Dest_07.jpg HTTP/2.0" 200 118758 "https://grupo-seg.com/proyectos/" "Mozilla/5.0 (Windows NT 10.0; Win64; x64) AppleWebKit/537.36 (KHTML, like Gecko) Chrome/153.0.0.0 Safari/537.36 Edg/153.0.0.0"
208.127.43.247 - - [20/Sep/2026:09:37:12 +0200] "GET /wp-content/uploads/2023/06/SEG_Proyectos_Varios_Dest_05.jpg HTTP/2.0" 200 84688 "https://grupo-seg.com/proyectos/" "Mozilla/5.0 (Windows NT 10.0; Win64; x64) AppleWebKit/537.36 (KHTML, like Gecko) Chrome/153.0.0.0 Safari/537.36 Edg/153.0.0.0"
89.248.107.232 - - [20/Sep/2026:09:37:56 +0200] "POST /wp-cron.php?doing_wp_cron=1789889876.0237600803375244140625 HTTP/1.1" 200 5512 "-" "WordPress/6.6.2; https://grupo-seg.com"
208.127.43.247 - - [20/Sep/2026:09:37:55 +0200] "GET /contacto/ HTTP/1.1" 200 199636 "https://grupo-seg.com/proyectos/" "Mozilla/5.0 (Windows NT 10.0; Win64; x64) AppleWebKit/537.36 (KHTML, like Gecko) Chrome/153.0.0.0 Safari/537.36 Edg/153.0.0.0"
208.127.43.247 - - [20/Sep/2026:09:37:57 +0200] "POST /wp-content/plugins/litespeed-cache/guest.vary.php HTTP/1.1" 403 6501 "https://grupo-seg.com/contacto/" "Mozilla/5.0 (Windows NT 10.0; Win64; x64) AppleWebKit/537.36 (KHTML, like Gecko) Chrome/153.0.0.0 Safari/537.36 Edg/153.0.0.0"
89.248.107.232 - - [20/Sep/2026:09:37:56 +0200] "POST /wp-admin/admin-ajax.php?action=async_litespeed&nonce=c23640a689&litespeed_type=imgoptm HTTP/1.1" 200 5698 "-" "WordPress/6.6.2; https://grupo-seg.com"
208.127.43.247 - - [20/Sep/2026:09:37:57 +0200] "GET /wp-content/litespeed/css/240d5dcec7b435680e4e38653a8caf7f.css?ver=04cf4 HTTP/2.0" 200 90952 "https://grupo-seg.com/contacto/" "Mozilla/5.0 (Windows NT 10.0; Win64; x64) AppleWebKit/537.36 (KHTML, like Gecko) Chrome/153.0.0.0 Safari/537.36 Edg/153.0.0.0"
208.127.43.247 - - [20/Sep/2026:09:37:57 +0200] "GET /wp-content/uploads/2023/06/Oficina-Serrano_ok.jpg HTTP/2.0" 200 576082 "https://grupo-seg.com/contacto/" "Mozilla/5.0 (Windows NT 10.0; Win64; x64) AppleWebKit/537.36 (KHTML, like Gecko) Chrome/153.0.0.0 Safari/537.36 Edg/153.0.0.0"
208.127.43.247 - - [20/Sep/2026:09:37:57 +0200] "GET /wp-content/uploads/2021/12/SEG_Contacto_03.jpg HTTP/2.0" 200 292614 "https://grupo-seg.com/contacto/" "Mozilla/5.0 (Windows NT 10.0; Win64; x64) AppleWebKit/537.36 (KHTML, like Gecko) Chrome/153.0.0.0 Safari/537.36 Edg/153.0.0.0"
208.127.43.247 - - [20/Sep/2026:09:37:57 +0200] "GET /wp-content/uploads/2021/12/SEG_Contacto_01.jpg HTTP/2.0" 200 116929 "https://grupo-seg.com/contacto/" "Mozilla/5.0 (Windows NT 10.0; Win64; x64) AppleWebKit/537.36 (KHTML, like Gecko) Chrome/153.0.0.0 Safari/537.36 Edg/153.0.0.0"
208.127.43.247 - - [20/Sep/2026:09:37:58 +0200] "GET /wp-content/litespeed/js/fdf4ce9a21e349017f6714e9a39a71d5.js?ver=04cf4 HTTP/2.0" 200 121600 "https://grupo-seg.com/contacto/" "Mozilla/5.0 (Windows NT 10.0; Win64; x64) AppleWebKit/537.36 (KHTML, like Gecko) Chrome/153.0.0.0 Safari/537.36 Edg/153.0.0.0"
208.127.43.247 - - [20/Sep/2026:09:37:58 +0200] "GET /wp-content/uploads/2023/11/seg_contacto_responsive.jpg HTTP/2.0" 200 226512 "https://grupo-seg.com/contacto/" "Mozilla/5.0 (Windows NT 10.0; Win64; x64) AppleWebKit/537.36 (KHTML, like Gecko) Chrome/153.0.0.0 Safari/537.36 Edg/153.0.0.0"
208.127.43.247 - - [20/Sep/2026:09:38:02 +0200] "GET /wp-content/uploads/2021/12/SEG_Contacto_05.jpg HTTP/2.0" 200 407852 "https://grupo-seg.com/contacto/" "Mozilla/5.0 (Windows NT 10.0; Win64; x64) AppleWebKit/537.36 (KHTML, like Gecko) Chrome/153.0.0.0 Safari/537.36 Edg/153.0.0.0"
89.248.107.232 - - [20/Sep/2026:09:38:10 +0200] "POST /wp-cron.php?doing_wp_cron=1789889890.3098289966583251953125 HTTP/1.1" 200 5512 "-" "WordPress/6.6.2; https://grupo-seg.com"
52.167.144.206 - - [20/Sep/2026:09:38:09 +0200] "GET /rdsn41368dsoiisg/contacto.html HTTP/1.1" 404 97436 "-" "Mozilla/5.0 AppleWebKit/537.36 (KHTML, like Gecko; compatible; bingbot/2.0; +http://www.bing.com/bingbot.htm) Chrome/116.0.1938.76 Safari/537.36"
208.127.43.247 - - [20/Sep/2026:09:38:27 +0200] "GET /wp-content/uploads/2023/11/seg_03.jpg HTTP/2.0" 200 768719 "https://grupo-seg.com/contacto/" "Mozilla/5.0 (Windows NT 10.0; Win64; x64) AppleWebKit/537.36 (KHTML, like Gecko) Chrome/153.0.0.0 Safari/537.36 Edg/153.0.0.0"
208.127.43.247 - - [20/Sep/2026:09:38:32 +0200] "GET /wp-content/uploads/2021/12/SEG_Contacto_04.jpg HTTP/2.0" 200 359654 "https://grupo-seg.com/contacto/" "Mozilla/5.0 (Windows NT 10.0; Win64; x64) AppleWebKit/537.36 (KHTML, like Gecko) Chrome/153.0.0.0 Safari/537.36 Edg/153.0.0.0"
89.248.107.232 - - [20/Sep/2026:09:38:36 +0200] "POST /wp-cron.php?doing_wp_cron=1789889916.4533300399780273437500 HTTP/1.1" 200 5512 "-" "WordPress/6.6.2; https://grupo-seg.com"
40.77.167.40 - - [20/Sep/2026:09:38:36 +0200] "GET /npsi1501963sspidms/oteti.htm HTTP/1.1" 301 5687 "-" "Mozilla/5.0 AppleWebKit/537.36 (KHTML, like Gecko; compatible; bingbot/2.0; +http://www.bing.com/bingbot.htm) Chrome/116.0.1938.76 Safari/537.36"
89.248.107.232 - - [20/Sep/2026:09:38:37 +0200] "POST /wp-admin/admin-ajax.php?action=async_litespeed&nonce=c23640a689&litespeed_type=imgoptm HTTP/1.1" 200 5698 "-" "WordPress/6.6.2; https://grupo-seg.com"
52.167.144.206 - - [20/Sep/2026:09:38:37 +0200] "GET /kfue1907765cigddot/urodospid.html HTTP/1.1" 404 97421 "-" "Mozilla/5.0 AppleWebKit/537.36 (KHTML, like Gecko; compatible; bingbot/2.0; +http://www.bing.com/bingbot.htm) Chrome/116.0.1938.76 Safari/537.36"
84.122.10.202 - - [20/Sep/2026:09:38:39 +0200] "GET / HTTP/1.1" 200 156989 "https://www.google.com/" "Mozilla/5.0 (iPhone; CPU iPhone OS 26_3_1 like Mac OS X) AppleWebKit/605.1.15 (KHTML, like Gecko) CriOS/153.0.8010.24 Mobile/15E148 Safari/604.1"
84.122.10.202 - - [20/Sep/2026:09:38:40 +0200] "POST /wp-content/plugins/litespeed-cache/guest.vary.php HTTP/1.1" 403 6501 "https://grupo-seg.com/" "Mozilla/5.0 (iPhone; CPU iPhone OS 26_3_1 like Mac OS X) AppleWebKit/605.1.15 (KHTML, like Gecko) CriOS/153.0.8010.24 Mobile/15E148 Safari/604.1"
84.122.10.202 - - [20/Sep/2026:09:38:40 +0200] "GET /wp-content/litespeed/css/e39920cfd035054e8d060ade4400a9bc.css?ver=04cf4 HTTP/2.0" 200 114608 "https://grupo-seg.com/" "Mozilla/5.0 (iPhone; CPU iPhone OS 26_3_1 like Mac OS X) AppleWebKit/605.1.15 (KHTML, like Gecko) CriOS/153.0.8010.24 Mobile/15E148 Safari/604.1"
84.122.10.202 - - [20/Sep/2026:09:38:40 +0200] "GET /wp-content/plugins/sitepress-multilingual-cms%207/dist/css/blocks/styles.css HTTP/2.0" 200 6360 "https://grupo-seg.com/" "Mozilla/5.0 (iPhone; CPU iPhone OS 26_3_1 like Mac OS X) AppleWebKit/605.1.15 (KHTML, like Gecko) CriOS/153.0.8010.24 Mobile/15E148 Safari/604.1"
84.122.10.202 - - [20/Sep/2026:09:38:40 +0200] "GET /wp-content/plugins/sitepress-multilingual-cms%207/templates/language-switchers/legacy-list-horizontal/style.min.css HTTP/2.0" 200 236 "https://grupo-seg.com/" "Mozilla/5.0 (iPhone; CPU iPhone OS 26_3_1 like Mac OS X) AppleWebKit/605.1.15 (KHTML, like Gecko) CriOS/153.0.8010.24 Mobile/15E148 Safari/604.1"
84.122.10.202 - - [20/Sep/2026:09:38:40 +0200] "GET /wp-content/plugins/sitepress-multilingual-cms%207/templates/language-switchers/menu-item/style.min.css HTTP/2.0" 200 100 "https://grupo-seg.com/" "Mozilla/5.0 (iPhone; CPU iPhone OS 26_3_1 like Mac OS X) AppleWebKit/605.1.15 (KHTML, like Gecko) CriOS/153.0.8010.24 Mobile/15E148 Safari/604.1"
84.122.10.202 - - [20/Sep/2026:09:38:40 +0200] "GET /wp-content/uploads/2022/09/SEG_Quotes_Team-64.jpg HTTP/2.0" 200 170765 "https://grupo-seg.com/" "Mozilla/5.0 (iPhone; CPU iPhone OS 26_3_1 like Mac OS X) AppleWebKit/605.1.15 (KHTML, like Gecko) CriOS/153.0.8010.24 Mobile/15E148 Safari/604.1"
84.122.10.202 - - [20/Sep/2026:09:38:40 +0200] "GET /wp-content/themes/salient/css/build/style-non-critical.css HTTP/2.0" 200 4553 "https://grupo-seg.com/" "Mozilla/5.0 (iPhone; CPU iPhone OS 26_3_1 like Mac OS X) AppleWebKit/605.1.15 (KHTML, like Gecko) CriOS/153.0.8010.24 Mobile/15E148 Safari/604.1"
84.122.10.202 - - [20/Sep/2026:09:38:40 +0200] "GET /wp-content/themes/salient/css/build/plugins/jquery.fancybox.css HTTP/2.0" 200 3131 "https://grupo-seg.com/" "Mozilla/5.0 (iPhone; CPU iPhone OS 26_3_1 like Mac OS X) AppleWebKit/605.1.15 (KHTML, like Gecko) CriOS/153.0.8010.24 Mobile/15E148 Safari/604.1"
84.122.10.202 - - [20/Sep/2026:09:38:40 +0200] "GET /wp-content/themes/salient/css/build/off-canvas/core.css HTTP/2.0" 200 3164 "https://grupo-seg.com/" "Mozilla/5.0 (iPhone; CPU iPhone OS 26_3_1 like Mac OS X) AppleWebKit/605.1.15 (KHTML, like Gecko) CriOS/153.0.8010.24 Mobile/15E148 Safari/604.1"
84.122.10.202 - - [20/Sep/2026:09:38:40 +0200] "GET /wp-content/themes/salient/css/build/off-canvas/fullscreen-legacy.css HTTP/2.0" 200 1425 "https://grupo-seg.com/" "Mozilla/5.0 (iPhone; CPU iPhone OS 26_3_1 like Mac OS X) AppleWebKit/605.1.15 (KHTML, like Gecko) CriOS/153.0.8010.24 Mobile/15E148 Safari/604.1"
84.122.10.202 - - [20/Sep/2026:09:38:40 +0200] "GET /wp-content/uploads/2021/07/SED_logo_retina-1.png HTTP/2.0" 200 65442 "https://grupo-seg.com/" "Mozilla/5.0 (iPhone; CPU iPhone OS 26_3_1 like Mac OS X) AppleWebKit/605.1.15 (KHTML, like Gecko) CriOS/153.0.8010.24 Mobile/15E148 Safari/604.1"
84.122.10.202 - - [20/Sep/2026:09:38:40 +0200] "GET /wp-content/uploads/2021/07/SED_logo_blanco_retina-1.png HTTP/2.0" 200 60381 "https://grupo-seg.com/" "Mozilla/5.0 (iPhone; CPU iPhone OS 26_3_1 like Mac OS X) AppleWebKit/605.1.15 (KHTML, like Gecko) CriOS/153.0.8010.24 Mobile/15E148 Safari/604.1"
84.122.10.202 - - [20/Sep/2026:09:38:40 +0200] "GET /wp-content/uploads/useanyfont/3503Graphik-Regular.woff2 HTTP/2.0" 200 34332 "https://grupo-seg.com/" "Mozilla/5.0 (iPhone; CPU iPhone OS 26_3_1 like Mac OS X) AppleWebKit/605.1.15 (KHTML, like Gecko) CriOS/153.0.8010.24 Mobile/15E148 Safari/604.1"
84.122.10.202 - - [20/Sep/2026:09:38:40 +0200] "GET /wp-content/uploads/useanyfont/3325Graphik-Medium.woff2 HTTP/2.0" 200 37020 "https://grupo-seg.com/" "Mozilla/5.0 (iPhone; CPU iPhone OS 26_3_1 like Mac OS X) AppleWebKit/605.1.15 (KHTML, like Gecko) CriOS/153.0.8010.24 Mobile/15E148 Safari/604.1"
84.122.10.202 - - [20/Sep/2026:09:38:40 +0200] "GET /wp-content/uploads/useanyfont/9325Graphik-Semibold.woff2 HTTP/2.0" 200 37036 "https://grupo-seg.com/" "Mozilla/5.0 (iPhone; CPU iPhone OS 26_3_1 like Mac OS X) AppleWebKit/605.1.15 (KHTML, like Gecko) CriOS/153.0.8010.24 Mobile/15E148 Safari/604.1"
84.122.10.202 - - [20/Sep/2026:09:38:40 +0200] "GET /wp-content/themes/salient/css/fonts/icomoon.woff?v=1.3 HTTP/2.0" 200 21132 "https://grupo-seg.com/" "Mozilla/5.0 (iPhone; CPU iPhone OS 26_3_1 like Mac OS X) AppleWebKit/605.1.15 (KHTML, like Gecko) CriOS/153.0.8010.24 Mobile/15E148 Safari/604.1"
84.122.10.202 - - [20/Sep/2026:09:38:40 +0200] "GET /wp-content/uploads/2022/12/SEG_Icon_Next-Section.png HTTP/2.0" 200 1337 "https://grupo-seg.com/" "Mozilla/5.0 (iPhone; CPU iPhone OS 26_3_1 like Mac OS X) AppleWebKit/605.1.15 (KHTML, like Gecko) CriOS/153.0.8010.24 Mobile/15E148 Safari/604.1"
84.122.10.202 - - [20/Sep/2026:09:38:40 +0200] "GET /wp-content/plugins/sitepress-multilingual-cms%207/res/flags/en.svg HTTP/2.0" 200 1290 "https://grupo-seg.com/" "Mozilla/5.0 (iPhone; CPU iPhone OS 26_3_1 like Mac OS X) AppleWebKit/605.1.15 (KHTML, like Gecko) CriOS/153.0.8010.24 Mobile/15E148 Safari/604.1"
84.122.10.202 - - [20/Sep/2026:09:38:40 +0200] "GET /wp-content/plugins/sitepress-multilingual-cms%207/res/flags/es.svg HTTP/2.0" 200 714 "https://grupo-seg.com/" "Mozilla/5.0 (iPhone; CPU iPhone OS 26_3_1 like Mac OS X) AppleWebKit/605.1.15 (KHTML, like Gecko) CriOS/153.0.8010.24 Mobile/15E148 Safari/604.1"
84.122.10.202 - - [20/Sep/2026:09:38:40 +0200] "GET /wp-content/uploads/2022/11/SEG_Paises_Portada.jpg HTTP/2.0" 200 147795 "https://grupo-seg.com/" "Mozilla/5.0 (iPhone; CPU iPhone OS 26_3_1 like Mac OS X) AppleWebKit/605.1.15 (KHTML, like Gecko) CriOS/153.0.8010.24 Mobile/15E148 Safari/604.1"
84.122.10.202 - - [20/Sep/2026:09:38:40 +0200] "GET /wp-content/uploads/2021/10/SEG_Portfolio_Header_Transporte.jpg HTTP/2.0" 200 1360521 "https://grupo-seg.com/" "Mozilla/5.0 (iPhone; CPU iPhone OS 26_3_1 like Mac OS X) AppleWebKit/605.1.15 (KHTML, like Gecko) CriOS/153.0.8010.24 Mobile/15E148 Safari/604.1"
84.122.10.202 - - [20/Sep/2026:09:38:40 +0200] "GET /wp-content/uploads/2022/11/SEG_Quotes-186-300x300.jpg HTTP/2.0" 200 8106 "https://grupo-seg.com/" "Mozilla/5.0 (iPhone; CPU iPhone OS 26_3_1 like Mac OS X) AppleWebKit/605.1.15 (KHTML, like Gecko) CriOS/153.0.8010.24 Mobile/15E148 Safari/604.1"
84.122.10.202 - - [20/Sep/2026:09:38:40 +0200] "GET /wp-content/uploads/2021/07/cropped-SED_FAV-192x192.png HTTP/2.0" 200 646 "-" "Mozilla/5.0 (iPhone; CPU iPhone OS 26_3_1 like Mac OS X) AppleWebKit/605.1.15 (KHTML, like Gecko) CriOS/153.0.8010.24 Mobile/15E148 Safari/604.1"
84.122.10.202 - - [20/Sep/2026:09:38:40 +0200] "GET /wp-content/uploads/2021/07/cropped-SED_FAV-180x180.png HTTP/2.0" 200 609 "-" "Mozilla/5.0 (iPhone; CPU iPhone OS 26_3_1 like Mac OS X) AppleWebKit/605.1.15 (KHTML, like Gecko) CriOS/153.0.8010.24 Mobile/15E148 Safari/604.1"
84.122.10.202 - - [20/Sep/2026:09:38:40 +0200] "GET /wp-content/uploads/2021/09/SEG_Servicios_portada-2.jpg HTTP/2.0" 200 1340324 "https://grupo-seg.com/" "Mozilla/5.0 (iPhone; CPU iPhone OS 26_3_1 like Mac OS X) AppleWebKit/605.1.15 (KHTML, like Gecko) CriOS/153.0.8010.24 Mobile/15E148 Safari/604.1"
84.122.10.202 - - [20/Sep/2026:09:38:40 +0200] "GET /wp-content/uploads/2021/09/SEG_Quienessomos_02b.jpg HTTP/2.0" 200 1152169 "https://grupo-seg.com/" "Mozilla/5.0 (iPhone; CPU iPhone OS 26_3_1 like Mac OS X) AppleWebKit/605.1.15 (KHTML, like Gecko) CriOS/153.0.8010.24 Mobile/15E148 Safari/604.1"
84.122.10.202 - - [20/Sep/2026:09:38:41 +0200] "GET /wp-content/uploads/2021/07/SEG_Video_Portada_low-1.mp4 HTTP/2.0" 206 2 "https://grupo-seg.com/" "Mozilla/5.0 (iPhone; CPU iPhone OS 26_3_1 like Mac OS X) AppleWebKit/605.1.15 (KHTML, like Gecko) CriOS/153.0.8010.24 Mobile/15E148 Safari/604.1"
84.122.10.202 - - [20/Sep/2026:09:38:41 +0200] "GET /wp-content/uploads/2021/07/SEG_Video_Portada_low-1.mp4 HTTP/2.0" 206 2 "https://grupo-seg.com/" "Mozilla/5.0 (iPhone; CPU iPhone OS 26_3_1 like Mac OS X) AppleWebKit/605.1.15 (KHTML, like Gecko) CriOS/153.0.8010.24 Mobile/15E148 Safari/604.1"
84.122.10.202 - - [20/Sep/2026:09:38:41 +0200] "GET /wp-content/uploads/2021/07/SEG_Video_Portada_low-1.mp4 HTTP/2.0" 206 2097152 "https://grupo-seg.com/" "Mozilla/5.0 (iPhone; CPU iPhone OS 26_3_1 like Mac OS X) AppleWebKit/605.1.15 (KHTML, like Gecko) CriOS/153.0.8010.24 Mobile/15E148 Safari/604.1"
84.122.10.202 - - [20/Sep/2026:09:38:41 +0200] "GET /wp-content/uploads/2021/07/SEG_Video_Portada_low-1.mp4 HTTP/2.0" 206 75199 "https://grupo-seg.com/" "Mozilla/5.0 (iPhone; CPU iPhone OS 26_3_1 like Mac OS X) AppleWebKit/605.1.15 (KHTML, like Gecko) CriOS/153.0.8010.24 Mobile/15E148 Safari/604.1"
84.122.10.202 - - [20/Sep/2026:09:38:41 +0200] "GET /wp-content/uploads/2021/07/SEG_Video_Portada_low-1.mp4 HTTP/2.0" 206 4653056 "https://grupo-seg.com/" "Mozilla/5.0 (iPhone; CPU iPhone OS 26_3_1 like Mac OS X) AppleWebKit/605.1.15 (KHTML, like Gecko) CriOS/153.0.8010.24 Mobile/15E148 Safari/604.1"
84.122.10.202 - - [20/Sep/2026:09:38:41 +0200] "GET /wp-content/uploads/2021/07/SEG_Video_Portada_low-1.mp4 HTTP/2.0" 206 75199 "https://grupo-seg.com/" "Mozilla/5.0 (iPhone; CPU iPhone OS 26_3_1 like Mac OS X) AppleWebKit/605.1.15 (KHTML, like Gecko) CriOS/153.0.8010.24 Mobile/15E148 Safari/604.1"
89.248.107.232 - - [20/Sep/2026:09:38:41 +0200] "POST /wp-cron.php?doing_wp_cron=1789889921.6671009063720703125000 HTTP/1.1" 200 5512 "-" "WordPress/6.6.2; https://grupo-seg.com"
40.77.167.63 - - [20/Sep/2026:09:38:41 +0200] "GET /rdsn1781491csdtusi/dotprpdoi.htm HTTP/1.1" 301 5691 "-" "Mozilla/5.0 AppleWebKit/537.36 (KHTML, like Gecko; compatible; bingbot/2.0; +http://www.bing.com/bingbot.htm) Chrome/116.0.1938.76 Safari/537.36"
84.122.10.202 - - [20/Sep/2026:09:38:43 +0200] "GET /wp-content/uploads/2021/07/SEG_Video_Portada_low-1.mp4 HTTP/2.0" 206 12517376 "https://grupo-seg.com/" "Mozilla/5.0 (iPhone; CPU iPhone OS 26_3_1 like Mac OS X) AppleWebKit/605.1.15 (KHTML, like Gecko) CriOS/153.0.8010.24 Mobile/15E148 Safari/604.1"
84.122.10.202 - - [20/Sep/2026:09:38:43 +0200] "GET /wp-content/uploads/2021/07/SEG_Video_Portada_low-1.mp4 HTTP/2.0" 206 15548416 "https://grupo-seg.com/" "Mozilla/5.0 (iPhone; CPU iPhone OS 26_3_1 like Mac OS X) AppleWebKit/605.1.15 (KHTML, like Gecko) CriOS/153.0.8010.24 Mobile/15E148 Safari/604.1"
84.122.10.202 - - [20/Sep/2026:09:38:44 +0200] "GET /wp-content/uploads/2021/07/SEG_Video_Portada_low-1.mp4 HTTP/2.0" 206 802816 "https://grupo-seg.com/" "Mozilla/5.0 (iPhone; CPU iPhone OS 26_3_1 like Mac OS X) AppleWebKit/605.1.15 (KHTML, like Gecko) CriOS/153.0.8010.24 Mobile/15E148 Safari/604.1"
89.248.107.232 - - [20/Sep/2026:09:39:16 +0200] "POST /wp-cron.php?doing_wp_cron=1789889956.2373540401458740234375 HTTP/1.1" 200 5512 "-" "WordPress/6.6.2; https://grupo-seg.com"
52.167.144.179 - - [20/Sep/2026:09:39:15 +0200] "GET /kyua535977smpsisdoteti.htm HTTP/1.1" 404 97436 "-" "Mozilla/5.0 AppleWebKit/537.36 (KHTML, like Gecko; compatible; bingbot/2.0; +http://www.bing.com/bingbot.htm) Chrome/116.0.1938.76 Safari/537.36"
52.167.144.179 - - [20/Sep/2026:09:39:21 +0200] "GET /ahjv146089dsitiog/dom HTTP/1.1" 404 97436 "-" "Mozilla/5.0 AppleWebKit/537.36 (KHTML, like Gecko; compatible; bingbot/2.0; +http://www.bing.com/bingbot.htm) Chrome/116.0.1938.76 Safari/537.36"
89.248.107.232 - - [20/Sep/2026:09:41:19 +0200] "POST /wp-cron.php?doing_wp_cron=1789890079.1565589904785156250000 HTTP/1.1" 200 5512 "-" "WordPress/6.6.2; https://grupo-seg.com"
185.33.86.18 - - [20/Sep/2026:09:41:18 +0200] "GET /webmail/ HTTP/1.1" 404 97421 "-" "Mozilla/5.0 (Windows NT 10.0; WOW64; rv:47.0) Gecko/20100101 Firefox/47.0"
89.248.107.232 - - [20/Sep/2026:09:41:20 +0200] "POST /wp-admin/admin-ajax.php?action=async_litespeed&nonce=c23640a689&litespeed_type=imgoptm HTTP/1.1" 200 5698 "-" "WordPress/6.6.2; https://grupo-seg.com"
185.33.86.18 - - [20/Sep/2026:09:41:20 +0200] "GET /webmail/ HTTP/1.1" 404 97421 "-" "Mozilla/5.0 (Windows NT 10.0; WOW64; rv:47.0) Gecko/20100101 Firefox/47.0"
89.248.107.232 - - [20/Sep/2026:09:41:56 +0200] "POST /wp-cron.php?doing_wp_cron=1789890116.6462590694427490234375 HTTP/1.1" 200 5512 "-" "WordPress/6.6.2; https://grupo-seg.com"
220.181.108.144 - - [20/Sep/2026:09:41:56 +0200] "GET /portfolio/project-management-of-the-manilva-ii-urban-development-in-malaga/ HTTP/1.1" 301 5737 "-" "Mozilla/5.0 (compatible; Baiduspider/2.0; +http://www.baidu.com/search/spider.html)"
89.248.107.232 - - [20/Sep/2026:09:41:57 +0200] "POST /wp-admin/admin-ajax.php?action=async_litespeed&nonce=c23640a689&litespeed_type=imgoptm HTTP/1.1" 200 5698 "-" "WordPress/6.6.2; https://grupo-seg.com"
220.181.108.101 - - [20/Sep/2026:09:41:57 +0200] "GET /portfolio/project-management-de-la-promocion-urbanistica-manilva-ii-en-malaga/ HTTP/1.1" 200 117086 "-" "Mozilla/5.0 (compatible; Baiduspider/2.0; +http://www.baidu.com/search/spider.html)"
89.248.107.232 - - [20/Sep/2026:09:45:07 +0200] "POST /wp-cron.php?doing_wp_cron=1789890307.1237471103668212890625 HTTP/1.1" 200 5512 "-" "WordPress/6.6.2; https://grupo-seg.com"
52.167.144.157 - - [20/Sep/2026:09:45:06 +0200] "GET /rmsy694097odsisit/osogdpd.html HTTP/1.1" 301 5689 "-" "Mozilla/5.0 AppleWebKit/537.36 (KHTML, like Gecko; compatible; bingbot/2.0; +http://www.bing.com/bingbot.htm) Chrome/116.0.1938.76 Safari/537.36"
89.248.107.232 - - [20/Sep/2026:09:45:07 +0200] "POST /wp-admin/admin-ajax.php?action=async_litespeed&nonce=c23640a689&litespeed_type=imgoptm HTTP/1.1" 200 5698 "-" "WordPress/6.6.2; https://grupo-seg.com"
89.248.107.232 - - [20/Sep/2026:09:47:09 +0200] "POST /wp-cron.php?doing_wp_cron=1789890429.7785320281982421875000 HTTP/1.1" 200 5512 "-" "WordPress/6.6.2; https://grupo-seg.com"
52.167.144.197 - - [20/Sep/2026:09:47:09 +0200] "GET /couk172073disdoos/empresa.html HTTP/1.1" 404 97436 "-" "Mozilla/5.0 AppleWebKit/537.36 (KHTML, like Gecko; compatible; bingbot/2.0; +http://www.bing.com/bingbot.htm) Chrome/116.0.1938.76 Safari/537.36"
89.248.107.232 - - [20/Sep/2026:09:47:10 +0200] "POST /wp-admin/admin-ajax.php?action=async_litespeed&nonce=c23640a689&litespeed_type=imgoptm HTTP/1.1" 200 5698 "-" "WordPress/6.6.2; https://grupo-seg.com"
89.248.107.232 - - [20/Sep/2026:09:47:38 +0200] "POST /wp-cron.php?doing_wp_cron=1789890458.9386351108551025390625 HTTP/1.1" 200 5512 "-" "WordPress/6.6.2; https://grupo-seg.com"
40.77.167.40 - - [20/Sep/2026:09:47:38 +0200] "GET /spectroscopy2a/laegeki72.html HTTP/1.1" 301 5688 "-" "Mozilla/5.0 AppleWebKit/537.36 (KHTML, like Gecko; compatible; bingbot/2.0; +http://www.bing.com/bingbot.htm) Chrome/116.0.1938.76 Safari/537.36"
89.248.107.232 - - [20/Sep/2026:09:47:39 +0200] "POST /wp-admin/admin-ajax.php?action=async_litespeed&nonce=c23640a689&litespeed_type=imgoptm HTTP/1.1" 200 5698 "-" "WordPress/6.6.2; https://grupo-seg.com"
89.248.107.232 - - [20/Sep/2026:09:47:43 +0200] "POST /wp-cron.php?doing_wp_cron=1789890463.5931251049041748046875 HTTP/1.1" 200 5512 "-" "WordPress/6.6.2; https://grupo-seg.com"
52.167.144.157 - - [20/Sep/2026:09:47:43 +0200] "GET /ljpadirectorydjsp/161 HTTP/1.1" 301 5680 "-" "Mozilla/5.0 AppleWebKit/537.36 (KHTML, like Gecko; compatible; bingbot/2.0; +http://www.bing.com/bingbot.htm) Chrome/116.0.1938.76 Safari/537.36"
52.167.144.179 - - [20/Sep/2026:09:47:44 +0200] "GET /kfue1796302sidisgp/dsoodto HTTP/1.1" 404 97436 "-" "Mozilla/5.0 AppleWebKit/537.36 (KHTML, like Gecko; compatible; bingbot/2.0; +http://www.bing.com/bingbot.htm) Chrome/116.0.1938.76 Safari/537.36"
89.248.107.232 - - [20/Sep/2026:09:49:49 +0200] "POST /wp-cron.php?doing_wp_cron=1789890589.7336399555206298828125 HTTP/1.1" 200 5512 "-" "WordPress/6.6.2; https://grupo-seg.com"
52.167.144.188 - - [20/Sep/2026:09:49:49 +0200] "GET /htsr617606tiptoissdsem.html HTTP/1.1" 404 97436 "-" "Mozilla/5.0 AppleWebKit/537.36 (KHTML, like Gecko; compatible; bingbot/2.0; +http://www.bing.com/bingbot.htm) Chrome/116.0.1938.76 Safari/537.36"
89.248.107.232 - - [20/Sep/2026:09:49:50 +0200] "POST /wp-admin/admin-ajax.php?action=async_litespeed&nonce=c23640a689&litespeed_type=imgoptm HTTP/1.1" 200 5698 "-" "WordPress/6.6.2; https://grupo-seg.com"
89.248.107.232 - - [20/Sep/2026:09:53:19 +0200] "POST /wp-cron.php?doing_wp_cron=1789890799.5940001010894775390625 HTTP/1.1" 200 5512 "-" "WordPress/6.6.2; https://grupo-seg.com"
100.25.25.148 - - [20/Sep/2026:09:53:19 +0200] "GET /robots.txt HTTP/1.1" 301 5576 "-" "Mozilla/5.0 (Macintosh; Intel Mac OS X 10_10_1) AppleWebKit/600.2.5 (KHTML, like Gecko) Version/8.0.2 Safari/600.2.5 (Gort)"
18.215.219.36 - - [20/Sep/2026:09:53:20 +0200] "GET /robots.txt HTTP/1.1" 200 5679 "-" "Mozilla/5.0 (Macintosh; Intel Mac OS X 10_10_1) AppleWebKit/600.2.5 (KHTML, like Gecko) Version/8.0.2 Safari/600.2.5 (Gort)"
89.248.107.232 - - [20/Sep/2026:09:53:20 +0200] "POST /wp-admin/admin-ajax.php?action=async_litespeed&nonce=c23640a689&litespeed_type=imgoptm HTTP/1.1" 200 5698 "-" "WordPress/6.6.2; https://grupo-seg.com"
89.248.107.232 - - [20/Sep/2026:09:53:41 +0200] "POST /wp-cron.php?doing_wp_cron=1789890821.2174808979034423828125 HTTP/1.1" 200 5512 "-" "WordPress/6.6.2; https://grupo-seg.com"
52.167.144.25 - - [20/Sep/2026:09:53:40 +0200] "GET /detract15/ep60b6ke.html HTTP/1.1" 301 5682 "-" "Mozilla/5.0 AppleWebKit/537.36 (KHTML, like Gecko; compatible; bingbot/2.0; +http://www.bing.com/bingbot.htm) Chrome/116.0.1938.76 Safari/537.36"
89.248.107.232 - - [20/Sep/2026:09:53:41 +0200] "POST /wp-admin/admin-ajax.php?action=async_litespeed&nonce=c23640a689&litespeed_type=imgoptm HTTP/1.1" 200 5698 "-" "WordPress/6.6.2; https://grupo-seg.com"
89.248.107.232 - - [20/Sep/2026:09:53:43 +0200] "POST /wp-cron.php?doing_wp_cron=1789890823.7052230834960937500000 HTTP/1.1" 200 5512 "-" "WordPress/6.6.2; https://grupo-seg.com/en/"
52.2.4.213 - - [20/Sep/2026:09:53:43 +0200] "GET /en/about-us/ HTTP/1.1" 200 256280 "-" "Mozilla/5.0 AppleWebKit/537.36 (KHTML, like Gecko; compatible; Amazonbot/0.1; +https://developer.amazon.com/support/amazonbot) Chrome/119.0.6045.214 Safari/537.36"
89.248.107.232 - - [20/Sep/2026:09:53:57 +0200] "POST /wp-cron.php?doing_wp_cron=1789890837.5440320968627929687500 HTTP/1.1" 200 5512 "-" "WordPress/6.6.2; https://grupo-seg.com"
185.76.10.67 - - [20/Sep/2026:09:53:57 +0200] "POST /wp-json/batch/v1 HTTP/1.1" 207 5837 "-" "Mozilla/5.0 (compatible)"
185.76.10.67 - - [20/Sep/2026:09:53:58 +0200] "POST /wp-json/batch/v1 HTTP/1.1" 207 5837 "-" "Mozilla/5.0 (compatible)"
89.248.107.232 - - [20/Sep/2026:09:54:00 +0200] "POST /wp-cron.php?doing_wp_cron=1789890840.0550990104675292968750 HTTP/1.1" 200 5512 "-" "WordPress/6.6.2; https://grupo-seg.com"
185.76.10.67 - - [20/Sep/2026:09:53:59 +0200] "POST /wp-json/batch/v1 HTTP/1.1" 500 8034 "-" "Mozilla/5.0 (compatible)"
89.248.107.232 - - [20/Sep/2026:09:54:41 +0200] "POST /wp-cron.php?doing_wp_cron=1789890881.9193758964538574218750 HTTP/1.1" 200 5512 "-" "WordPress/6.6.2; https://grupo-seg.com"
52.167.144.188 - - [20/Sep/2026:09:54:41 +0200] "GET /ibuw911856sdgooseidtim.html HTTP/1.1" 404 97421 "-" "Mozilla/5.0 AppleWebKit/537.36 (KHTML, like Gecko; compatible; bingbot/2.0; +http://www.bing.com/bingbot.htm) Chrome/116.0.1938.76 Safari/537.36"
89.248.107.232 - - [20/Sep/2026:09:54:42 +0200] "POST /wp-admin/admin-ajax.php?action=async_litespeed&nonce=c23640a689&litespeed_type=imgoptm HTTP/1.1" 200 5698 "-" "WordPress/6.6.2; https://grupo-seg.com"
52.167.144.188 - - [20/Sep/2026:09:54:42 +0200] "GET /htsr1870425mogdsieotids.htm HTTP/1.1" 404 97436 "-" "Mozilla/5.0 AppleWebKit/537.36 (KHTML, like Gecko; compatible; bingbot/2.0; +http://www.bing.com/bingbot.htm) Chrome/116.0.1938.76 Safari/537.36"
89.248.107.232 - - [20/Sep/2026:09:55:33 +0200] "POST /wp-cron.php?doing_wp_cron=1789890933.3793299198150634765625 HTTP/1.1" 200 5512 "-" "WordPress/6.6.2; https://grupo-seg.com"
152.53.81.27 - - [20/Sep/2026:09:55:32 +0200] "HEAD / HTTP/1.1" 200 5715 "https://seg-sa.es/" "Mozilla/5.0 (Windows NT 10.0; Win64; x64) AppleWebKit/537.36 (KHTML, like Gecko) Chrome/124.0.0.0 Safari/537.36"
152.53.81.27 - - [20/Sep/2026:09:55:34 +0200] "GET /contact HTTP/1.1" 301 5668 "https://seg-sa.es/contact" "Mozilla/5.0 (Windows NT 10.0; Win64; x64) AppleWebKit/537.36 (KHTML, like Gecko) Chrome/124.0.0.0 Safari/537.36"
152.53.81.27 - - [20/Sep/2026:09:55:33 +0200] "GET /leadership HTTP/1.1" 404 97421 "https://seg-sa.es/leadership" "Mozilla/5.0 (Windows NT 10.0; Win64; x64) AppleWebKit/537.36 (KHTML, like Gecko) Chrome/124.0.0.0 Safari/537.36"
152.53.81.27 - - [20/Sep/2026:09:55:34 +0200] "GET /about HTTP/1.1" 301 5674 "https://seg-sa.es/about" "Mozilla/5.0 (Windows NT 10.0; Win64; x64) AppleWebKit/537.36 (KHTML, like Gecko) Chrome/124.0.0.0 Safari/537.36"
152.53.81.27 - - [20/Sep/2026:09:55:34 +0200] "GET /team HTTP/1.1" 404 97436 "https://seg-sa.es/team" "Mozilla/5.0 (Windows NT 10.0; Win64; x64) AppleWebKit/537.36 (KHTML, like Gecko) Chrome/124.0.0.0 Safari/537.36"
152.53.81.27 - - [20/Sep/2026:09:55:34 +0200] "GET / HTTP/1.1" 200 165817 "https://seg-sa.es/" "Mozilla/5.0 (Windows NT 10.0; Win64; x64) AppleWebKit/537.36 (KHTML, like Gecko) Chrome/124.0.0.0 Safari/537.36"
89.248.107.232 - - [20/Sep/2026:09:55:34 +0200] "POST /wp-admin/admin-ajax.php?action=async_litespeed&nonce=c23640a689&litespeed_type=imgoptm HTTP/1.1" 200 5698 "-" "WordPress/6.6.2; https://grupo-seg.com"
152.53.81.27 - - [20/Sep/2026:09:55:34 +0200] "GET /staff HTTP/1.1" 404 97436 "https://seg-sa.es/staff" "Mozilla/5.0 (Windows NT 10.0; Win64; x64) AppleWebKit/537.36 (KHTML, like Gecko) Chrome/124.0.0.0 Safari/537.36"
152.53.81.27 - - [20/Sep/2026:09:55:34 +0200] "GET /people HTTP/1.1" 404 97421 "https://seg-sa.es/people" "Mozilla/5.0 (Windows NT 10.0; Win64; x64) AppleWebKit/537.36 (KHTML, like Gecko) Chrome/124.0.0.0 Safari/537.36"
152.53.81.27 - - [20/Sep/2026:09:55:36 +0200] "GET /contacto/ HTTP/1.1" 200 199636 "https://grupo-seg.com/contact" "Mozilla/5.0 (Windows NT 10.0; Win64; x64) AppleWebKit/537.36 (KHTML, like Gecko) Chrome/124.0.0.0 Safari/537.36"
152.53.81.27 - - [20/Sep/2026:09:55:37 +0200] "GET /sobre-nosotros/ HTTP/1.1" 200 257603 "https://grupo-seg.com/about" "Mozilla/5.0 (Windows NT 10.0; Win64; x64) AppleWebKit/537.36 (KHTML, like Gecko) Chrome/124.0.0.0 Safari/537.36"
89.248.107.232 - - [20/Sep/2026:09:55:40 +0200] "POST /wp-cron.php?doing_wp_cron=1789890940.3444979190826416015625 HTTP/1.1" 200 5512 "-" "WordPress/6.6.2; https://grupo-seg.com"
152.53.81.27 - - [20/Sep/2026:09:55:39 +0200] "GET / HTTP/1.1" 200 165847 "https://seg-sa.es/" "Mozilla/5.0 (Windows NT 10.0; Win64; x64) AppleWebKit/537.36 (KHTML, like Gecko) Chrome/124.0.0.0 Safari/537.36"
152.53.81.27 - - [20/Sep/2026:09:55:41 +0200] "GET /sitemap.xml HTTP/1.1" 302 5555 "https://seg-sa.es/sitemap.xml" "Mozilla/5.0 (Windows NT 10.0; Win64; x64) AppleWebKit/537.36 (KHTML, like Gecko) Chrome/124.0.0.0 Safari/537.36"
89.248.107.232 - - [20/Sep/2026:09:55:42 +0200] "POST /wp-cron.php?doing_wp_cron=1789890942.4517400264739990234375 HTTP/1.1" 200 5512 "-" "WordPress/6.6.2; https://grupo-seg.com"
152.53.81.27 - - [20/Sep/2026:09:55:42 +0200] "GET /wp-sitemap.xml HTTP/1.1" 200 6217 "https://grupo-seg.com/sitemap.xml" "Mozilla/5.0 (Windows NT 10.0; Win64; x64) AppleWebKit/537.36 (KHTML, like Gecko) Chrome/124.0.0.0 Safari/537.36"
152.53.81.27 - - [20/Sep/2026:09:55:42 +0200] "GET /.well-known/security.txt HTTP/1.1" 404 97421 "https://seg-sa.es/.well-known/security.txt" "Mozilla/5.0 (Windows NT 10.0; Win64; x64) AppleWebKit/537.36 (KHTML, like Gecko) Chrome/124.0.0.0 Safari/537.36"
152.53.81.27 - - [20/Sep/2026:09:55:43 +0200] "GET /security.txt HTTP/1.1" 404 97421 "https://seg-sa.es/security.txt" "Mozilla/5.0 (Windows NT 10.0; Win64; x64) AppleWebKit/537.36 (KHTML, like Gecko) Chrome/124.0.0.0 Safari/537.36"
89.248.107.232 - - [20/Sep/2026:09:56:42 +0200] "POST /wp-cron.php?doing_wp_cron=1789891002.1972239017486572265625 HTTP/1.1" 200 5512 "-" "WordPress/6.6.2; https://grupo-seg.com"
40.77.167.130 - - [20/Sep/2026:09:56:41 +0200] "GET /mulewort9gv/ps3ekkse.html HTTP/1.1" 301 5684 "-" "Mozilla/5.0 AppleWebKit/537.36 (KHTML, like Gecko; compatible; bingbot/2.0; +http://www.bing.com/bingbot.htm) Chrome/116.0.1938.76 Safari/537.36"
89.248.107.232 - - [20/Sep/2026:09:56:42 +0200] "POST /wp-admin/admin-ajax.php?action=async_litespeed&nonce=c23640a689&litespeed_type=imgoptm HTTP/1.1" 200 5698 "-" "WordPress/6.6.2; https://grupo-seg.com"
89.248.107.232 - - [20/Sep/2026:09:57:10 +0200] "POST /wp-cron.php?doing_wp_cron=1789891030.6477069854736328125000 HTTP/1.1" 200 5512 "-" "WordPress/6.6.2; https://grupo-seg.com"
173.254.29.95 - - [20/Sep/2026:09:57:10 +0200] "GET /wp-login.php HTTP/1.1" 200 13732 "https://serynco.es/" "Mozilla/5.0 (Windows NT 10.0; Win64; x64) AppleWebKit/537.36 (KHTML, like Gecko) Chrome/147.0.0.0 Safari/537.36"
40.77.167.4 - - [20/Sep/2026:09:57:11 +0200] "GET /es/sitios-donde-conocer-gente HTTP/1.1" 301 5688 "-" "Mozilla/5.0 AppleWebKit/537.36 (KHTML, like Gecko; compatible; bingbot/2.0; +http://www.bing.com/bingbot.htm) Chrome/116.0.1938.76 Safari/537.36"
173.254.29.95 - - [20/Sep/2026:09:57:11 +0200] "POST /wp-login.php HTTP/1.1" 503 25291 "https://serynco.es/wp-login.php" "Mozilla/5.0 (Windows NT 10.0; Win64; x64) AppleWebKit/537.36 (KHTML, like Gecko) Chrome/147.0.0.0 Safari/537.36"
173.254.29.95 - - [20/Sep/2026:09:57:13 +0200] "POST /wp-login.php HTTP/1.1" 503 24038 "https://serynco.es/wp-login.php" "Mozilla/5.0 (Windows NT 10.0; Win64; x64) AppleWebKit/537.36 (KHTML, like Gecko) Chrome/147.0.0.0 Safari/537.36"
173.254.29.95 - - [20/Sep/2026:09:57:15 +0200] "POST /wp-login.php HTTP/1.1" 503 24038 "https://serynco.es/wp-login.php" "Mozilla/5.0 (Windows NT 10.0; Win64; x64) AppleWebKit/537.36 (KHTML, like Gecko) Chrome/147.0.0.0 Safari/537.36"
173.254.29.95 - - [20/Sep/2026:09:57:15 +0200] "GET /wp-json/wp/v2/users/me HTTP/1.1" 503 24038 "https://serynco.es/" "Mozilla/5.0 (Windows NT 10.0; Win64; x64) AppleWebKit/537.36 (KHTML, like Gecko) Chrome/147.0.0.0 Safari/537.36"
173.254.29.95 - - [20/Sep/2026:09:57:16 +0200] "GET /wp-json/wp/v2/users/me HTTP/1.1" 503 24038 "https://serynco.es/" "Mozilla/5.0 (Windows NT 10.0; Win64; x64) AppleWebKit/537.36 (KHTML, like Gecko) Chrome/147.0.0.0 Safari/537.36"
173.254.29.95 - - [20/Sep/2026:09:57:18 +0200] "GET /wp-json/wp/v2/users/me HTTP/1.1" 503 24038 "https://serynco.es/" "Mozilla/5.0 (Windows NT 10.0; Win64; x64) AppleWebKit/537.36 (KHTML, like Gecko) Chrome/147.0.0.0 Safari/537.36"
89.248.107.232 - - [20/Sep/2026:09:57:43 +0200] "POST /?wordfence_syncAttackData=1789891063.8913 HTTP/1.1" 200 5452 "-" "WordPress/6.6.2; https://grupo-seg.com"
89.248.107.232 - - [20/Sep/2026:09:57:44 +0200] "POST /wp-cron.php?doing_wp_cron=1789891064.4884378910064697265625 HTTP/1.1" 200 5512 "-" "WordPress/6.6.2; https://grupo-seg.com"
52.167.144.25 - - [20/Sep/2026:09:57:43 +0200] "GET /kyua316269oittsiepdmss.htm HTTP/1.1" 301 5685 "-" "Mozilla/5.0 AppleWebKit/537.36 (KHTML, like Gecko; compatible; bingbot/2.0; +http://www.bing.com/bingbot.htm) Chrome/116.0.1938.76 Safari/537.36"
89.248.107.232 - - [20/Sep/2026:09:57:45 +0200] "POST /wp-admin/admin-ajax.php?action=async_litespeed&nonce=c23640a689&litespeed_type=imgoptm HTTP/1.1" 200 5698 "-" "WordPress/6.6.2; https://grupo-seg.com"
89.248.107.232 - - [20/Sep/2026:09:58:01 +0200] "POST /wp-cron.php?doing_wp_cron=1789891081.5759179592132568359375 HTTP/1.1" 200 5512 "-" "WordPress/6.6.2; https://grupo-seg.com"
193.186.4.253 - - [20/Sep/2026:09:58:01 +0200] "GET /sobre-nosotros/ HTTP/1.1" 200 247038 "https://www.google.com/" "Mozilla/5.0 (Linux; Android 10; K) AppleWebKit/537.36 (KHTML, like Gecko) Chrome/153.0.0.0 Mobile Safari/537.36"
89.248.107.232 - - [20/Sep/2026:09:59:52 +0200] "POST /wp-cron.php?doing_wp_cron=1789891192.7720329761505126953125 HTTP/1.1" 200 5512 "-" "WordPress/6.6.2; https://grupo-seg.com"
43.155.140.157 - - [20/Sep/2026:09:59:52 +0200] "GET / HTTP/1.1" 200 156989 "http://grupo-seg.com" "Mozilla/5.0 (iPhone; CPU iPhone OS 13_2_3 like Mac OS X) AppleWebKit/605.1.15 (KHTML, like Gecko) Version/13.0.3 Mobile/15E148 Safari/604.1"
89.248.107.232 - - [20/Sep/2026:09:59:53 +0200] "POST /wp-admin/admin-ajax.php?action=async_litespeed&nonce=c23640a689&litespeed_type=imgoptm HTTP/1.1" 200 5698 "-" "WordPress/6.6.2; https://grupo-seg.com"
89.248.107.232 - - [20/Sep/2026:10:00:49 +0200] "POST /wp-cron.php?doing_wp_cron=1789891249.2720980644226074218750 HTTP/1.1" 200 5512 "-" "WordPress/6.6.2; https://grupo-seg.com"
34.176.236.172 - - [20/Sep/2026:10:00:48 +0200] "GET / HTTP/1.1" 200 165817 "-" "Mozilla/5.0 (Macintosh; Intel Mac OS X 10_15_7) AppleWebKit/537.36 (KHTML, like Gecko) Chrome/131.0.0.0 Safari/537.36"
89.248.107.232 - - [20/Sep/2026:10:00:49 +0200] "POST /wp-admin/admin-ajax.php?action=async_litespeed&nonce=c23640a689&litespeed_type=imgoptm HTTP/1.1" 200 5698 "-" "WordPress/6.6.2; https://grupo-seg.com"
34.176.236.172 - - [20/Sep/2026:10:00:50 +0200] "POST / HTTP/1.1" 200 166641 "-" "Mozilla/5.0 (Macintosh; Intel Mac OS X 10_15_7) AppleWebKit/537.36 (KHTML, like Gecko) Chrome/131.0.0.0 Safari/537.36"
34.176.236.172 - - [20/Sep/2026:10:00:52 +0200] "POST / HTTP/1.1" 200 166671 "-" "Mozilla/5.0 (Macintosh; Intel Mac OS X 10_15_7) AppleWebKit/537.36 (KHTML, like Gecko) Chrome/131.0.0.0 Safari/537.36"
51.68.107.138 - - [20/Sep/2026:10:00:52 +0200] "GET /robots.txt HTTP/1.1" 301 5576 "-" "Mozilla/5.0 (compatible; MJ12bot/v2.0.5; http://mj12bot.com/)"
51.68.107.138 - - [20/Sep/2026:10:00:53 +0200] "GET /robots.txt HTTP/1.1" 200 5679 "-" "Mozilla/5.0 (compatible; MJ12bot/v2.0.5; http://mj12bot.com/)"
34.176.236.172 - - [20/Sep/2026:10:00:53 +0200] "POST / HTTP/1.1" 200 166671 "-" "Mozilla/5.0 (Macintosh; Intel Mac OS X 10_15_7) AppleWebKit/537.36 (KHTML, like Gecko) Chrome/131.0.0.0 Safari/537.36"
89.248.107.232 - - [20/Sep/2026:10:00:54 +0200] "POST /wp-cron.php?doing_wp_cron=1789891254.3448259830474853515625 HTTP/1.1" 200 5512 "-" "WordPress/6.6.2; https://grupo-seg.com"
51.68.107.138 - - [20/Sep/2026:10:00:53 +0200] "GET / HTTP/1.1" 301 5612 "-" "Mozilla/5.0 (compatible; MJ12bot/v2.0.5; http://mj12bot.com/)"
34.176.236.172 - - [20/Sep/2026:10:00:54 +0200] "GET /.git/config HTTP/1.1" 404 97436 "-" "Mozilla/5.0 (Macintosh; Intel Mac OS X 10_15_7) AppleWebKit/537.36 (KHTML, like Gecko) Chrome/131.0.0.0 Safari/537.36"
51.68.107.138 - - [20/Sep/2026:10:00:54 +0200] "GET / HTTP/1.1" 200 165847 "-" "Mozilla/5.0 (compatible; MJ12bot/v2.0.5; http://mj12bot.com/)"
34.176.236.172 - - [20/Sep/2026:10:00:55 +0200] "POST / HTTP/1.1" 200 166641 "-" "Mozilla/5.0 (Macintosh; Intel Mac OS X 10_15_7) AppleWebKit/537.36 (KHTML, like Gecko) Chrome/131.0.0.0 Safari/537.36"
34.176.236.172 - - [20/Sep/2026:10:00:57 +0200] "GET /.env HTTP/1.1" 404 97436 "-" "Mozilla/5.0 (Macintosh; Intel Mac OS X 10_15_7) AppleWebKit/537.36 (KHTML, like Gecko) Chrome/131.0.0.0 Safari/537.36"
34.176.236.172 - - [20/Sep/2026:10:00:58 +0200] "GET /.env.local HTTP/1.1" 404 97436 "-" "Mozilla/5.0 (Macintosh; Intel Mac OS X 10_15_7) AppleWebKit/537.36 (KHTML, like Gecko) Chrome/131.0.0.0 Safari/537.36"
89.248.107.232 - - [20/Sep/2026:10:01:00 +0200] "POST /wp-cron.php?doing_wp_cron=1789891260.2405359745025634765625 HTTP/1.1" 200 5512 "-" "WordPress/6.6.2; https://grupo-seg.com"
34.176.236.172 - - [20/Sep/2026:10:00:59 +0200] "GET /.env.production HTTP/1.1" 404 97436 "-" "Mozilla/5.0 (Macintosh; Intel Mac OS X 10_15_7) AppleWebKit/537.36 (KHTML, like Gecko) Chrome/131.0.0.0 Safari/537.36"
34.176.236.172 - - [20/Sep/2026:10:01:01 +0200] "GET /.env.staging HTTP/1.1" 404 97421 "-" "Mozilla/5.0 (Macintosh; Intel Mac OS X 10_15_7) AppleWebKit/537.36 (KHTML, like Gecko) Chrome/131.0.0.0 Safari/537.36"
89.248.107.232 - - [20/Sep/2026:10:01:03 +0200] "POST /wp-cron.php?doing_wp_cron=1789891263.4743039608001708984375 HTTP/1.1" 200 5512 "-" "WordPress/6.6.2; https://grupo-seg.com"
34.176.236.172 - - [20/Sep/2026:10:01:02 +0200] "GET /.env.development HTTP/1.1" 404 97421 "-" "Mozilla/5.0 (Macintosh; Intel Mac OS X 10_15_7) AppleWebKit/537.36 (KHTML, like Gecko) Chrome/131.0.0.0 Safari/537.36"
34.176.236.172 - - [20/Sep/2026:10:01:05 +0200] "GET /.env.test HTTP/1.1" 404 97421 "-" "Mozilla/5.0 (Macintosh; Intel Mac OS X 10_15_7) AppleWebKit/537.36 (KHTML, like Gecko) Chrome/131.0.0.0 Safari/537.36"
34.176.236.172 - - [20/Sep/2026:10:01:06 +0200] "GET /.env.remote HTTP/1.1" 404 97436 "-" "Mozilla/5.0 (Macintosh; Intel Mac OS X 10_15_7) AppleWebKit/537.36 (KHTML, like Gecko) Chrome/131.0.0.0 Safari/537.36"
34.176.236.172 - - [20/Sep/2026:10:01:08 +0200] "GET /.env.bak HTTP/1.1" 404 97421 "-" "Mozilla/5.0 (Macintosh; Intel Mac OS X 10_15_7) AppleWebKit/537.36 (KHTML, like Gecko) Chrome/131.0.0.0 Safari/537.36"
34.176.236.172 - - [20/Sep/2026:10:01:09 +0200] "GET /.env.backup HTTP/1.1" 404 97436 "-" "Mozilla/5.0 (Macintosh; Intel Mac OS X 10_15_7) AppleWebKit/537.36 (KHTML, like Gecko) Chrome/131.0.0.0 Safari/537.36"
34.176.236.172 - - [20/Sep/2026:10:01:11 +0200] "GET /.env.save HTTP/1.1" 404 97436 "-" "Mozilla/5.0 (Macintosh; Intel Mac OS X 10_15_7) AppleWebKit/537.36 (KHTML, like Gecko) Chrome/131.0.0.0 Safari/537.36"
34.176.236.172 - - [20/Sep/2026:10:01:12 +0200] "GET /.env.old HTTP/1.1" 404 97436 "-" "Mozilla/5.0 (Macintosh; Intel Mac OS X 10_15_7) AppleWebKit/537.36 (KHTML, like Gecko) Chrome/131.0.0.0 Safari/537.36"
34.176.236.172 - - [20/Sep/2026:10:01:14 +0200] "GET /.env.sample HTTP/1.1" 404 97436 "-" "Mozilla/5.0 (Macintosh; Intel Mac OS X 10_15_7) AppleWebKit/537.36 (KHTML, like Gecko) Chrome/131.0.0.0 Safari/537.36"
34.176.236.172 - - [20/Sep/2026:10:01:15 +0200] "GET /.env.example HTTP/1.1" 404 97421 "-" "Mozilla/5.0 (Macintosh; Intel Mac OS X 10_15_7) AppleWebKit/537.36 (KHTML, like Gecko) Chrome/131.0.0.0 Safari/537.36"
34.176.236.172 - - [20/Sep/2026:10:01:16 +0200] "GET /.env.dev HTTP/1.1" 404 97421 "-" "Mozilla/5.0 (Macintosh; Intel Mac OS X 10_15_7) AppleWebKit/537.36 (KHTML, like Gecko) Chrome/131.0.0.0 Safari/537.36"
34.176.236.172 - - [20/Sep/2026:10:01:18 +0200] "GET /.env.prod HTTP/1.1" 404 97436 "-" "Mozilla/5.0 (Macintosh; Intel Mac OS X 10_15_7) AppleWebKit/537.36 (KHTML, like Gecko) Chrome/131.0.0.0 Safari/537.36"
34.176.236.172 - - [20/Sep/2026:10:01:19 +0200] "GET /.env.stage HTTP/1.1" 404 97436 "-" "Mozilla/5.0 (Macintosh; Intel Mac OS X 10_15_7) AppleWebKit/537.36 (KHTML, like Gecko) Chrome/131.0.0.0 Safari/537.36"
34.176.236.172 - - [20/Sep/2026:10:01:21 +0200] "GET /.env.ci HTTP/1.1" 404 97436 "-" "Mozilla/5.0 (Macintosh; Intel Mac OS X 10_15_7) AppleWebKit/537.36 (KHTML, like Gecko) Chrome/131.0.0.0 Safari/537.36"
34.176.236.172 - - [20/Sep/2026:10:01:22 +0200] "GET /.env.docker HTTP/1.1" 404 97436 "-" "Mozilla/5.0 (Macintosh; Intel Mac OS X 10_15_7) AppleWebKit/537.36 (KHTML, like Gecko) Chrome/131.0.0.0 Safari/537.36"
34.176.236.172 - - [20/Sep/2026:10:01:24 +0200] "GET /.env.live HTTP/1.1" 404 97436 "-" "Mozilla/5.0 (Macintosh; Intel Mac OS X 10_15_7) AppleWebKit/537.36 (KHTML, like Gecko) Chrome/131.0.0.0 Safari/537.36"
89.248.107.232 - - [20/Sep/2026:10:01:26 +0200] "POST /wp-cron.php?doing_wp_cron=1789891286.0539860725402832031250 HTTP/1.1" 200 5512 "-" "WordPress/6.6.2; https://grupo-seg.com"
34.176.236.172 - - [20/Sep/2026:10:01:25 +0200] "GET /.env.preprod HTTP/1.1" 404 97421 "-" "Mozilla/5.0 (Macintosh; Intel Mac OS X 10_15_7) AppleWebKit/537.36 (KHTML, like Gecko) Chrome/131.0.0.0 Safari/537.36"
89.248.107.232 - - [20/Sep/2026:10:01:26 +0200] "POST /wp-admin/admin-ajax.php?action=async_litespeed&nonce=c23640a689&litespeed_type=imgoptm HTTP/1.1" 200 5698 "-" "WordPress/6.6.2; https://grupo-seg.com"
34.176.236.172 - - [20/Sep/2026:10:01:27 +0200] "GET /.env.uat HTTP/1.1" 404 97421 "-" "Mozilla/5.0 (Macintosh; Intel Mac OS X 10_15_7) AppleWebKit/537.36 (KHTML, like Gecko) Chrome/131.0.0.0 Safari/537.36"
34.176.236.172 - - [20/Sep/2026:10:01:28 +0200] "GET /.env.dist HTTP/1.1" 404 97421 "-" "Mozilla/5.0 (Macintosh; Intel Mac OS X 10_15_7) AppleWebKit/537.36 (KHTML, like Gecko) Chrome/131.0.0.0 Safari/537.36"
34.176.236.172 - - [20/Sep/2026:10:01:30 +0200] "GET /.env.swp HTTP/1.1" 404 97421 "-" "Mozilla/5.0 (Macintosh; Intel Mac OS X 10_15_7) AppleWebKit/537.36 (KHTML, like Gecko) Chrome/131.0.0.0 Safari/537.36"
34.176.236.172 - - [20/Sep/2026:10:01:31 +0200] "GET /.env~ HTTP/1.1" 404 97421 "-" "Mozilla/5.0 (Macintosh; Intel Mac OS X 10_15_7) AppleWebKit/537.36 (KHTML, like Gecko) Chrome/131.0.0.0 Safari/537.36"
34.176.236.172 - - [20/Sep/2026:10:01:33 +0200] "GET /.env1 HTTP/1.1" 404 97436 "-" "Mozilla/5.0 (Macintosh; Intel Mac OS X 10_15_7) AppleWebKit/537.36 (KHTML, like Gecko) Chrome/131.0.0.0 Safari/537.36"
34.176.236.172 - - [20/Sep/2026:10:01:34 +0200] "GET /.env2 HTTP/1.1" 404 97436 "-" "Mozilla/5.0 (Macintosh; Intel Mac OS X 10_15_7) AppleWebKit/537.36 (KHTML, like Gecko) Chrome/131.0.0.0 Safari/537.36"
34.176.236.172 - - [20/Sep/2026:10:01:36 +0200] "GET /.env_copy HTTP/1.1" 403 6501 "-" "Mozilla/5.0 (Macintosh; Intel Mac OS X 10_15_7) AppleWebKit/537.36 (KHTML, like Gecko) Chrome/131.0.0.0 Safari/537.36"
34.176.236.172 - - [20/Sep/2026:10:01:36 +0200] "GET /.env.txt HTTP/1.1" 404 97436 "-" "Mozilla/5.0 (Macintosh; Intel Mac OS X 10_15_7) AppleWebKit/537.36 (KHTML, like Gecko) Chrome/131.0.0.0 Safari/537.36"
34.176.236.172 - - [20/Sep/2026:10:01:37 +0200] "GET /.env.json HTTP/1.1" 404 97421 "-" "Mozilla/5.0 (Macintosh; Intel Mac OS X 10_15_7) AppleWebKit/537.36 (KHTML, like Gecko) Chrome/131.0.0.0 Safari/537.36"
34.176.236.172 - - [20/Sep/2026:10:01:39 +0200] "GET /.env.yaml HTTP/1.1" 404 97436 "-" "Mozilla/5.0 (Macintosh; Intel Mac OS X 10_15_7) AppleWebKit/537.36 (KHTML, like Gecko) Chrome/131.0.0.0 Safari/537.36"
89.248.107.232 - - [20/Sep/2026:10:01:41 +0200] "POST /wp-cron.php?doing_wp_cron=1789891301.2722280025482177734375 HTTP/1.1" 200 5512 "-" "WordPress/6.6.2; https://grupo-seg.com"
34.176.236.172 - - [20/Sep/2026:10:01:40 +0200] "GET /.env.yml HTTP/1.1" 404 97436 "-" "Mozilla/5.0 (Macintosh; Intel Mac OS X 10_15_7) AppleWebKit/537.36 (KHTML, like Gecko) Chrome/131.0.0.0 Safari/537.36"
34.176.236.172 - - [20/Sep/2026:10:01:42 +0200] "GET /app/.env HTTP/1.1" 404 97436 "-" "Mozilla/5.0 (Macintosh; Intel Mac OS X 10_15_7) AppleWebKit/537.36 (KHTML, like Gecko) Chrome/131.0.0.0 Safari/537.36"
34.176.236.172 - - [20/Sep/2026:10:01:44 +0200] "GET /apps/.env HTTP/1.1" 404 97436 "-" "Mozilla/5.0 (Macintosh; Intel Mac OS X 10_15_7) AppleWebKit/537.36 (KHTML, like Gecko) Chrome/131.0.0.0 Safari/537.36"
34.176.236.172 - - [20/Sep/2026:10:01:45 +0200] "GET /api/.env HTTP/1.1" 404 97421 "-" "Mozilla/5.0 (Macintosh; Intel Mac OS X 10_15_7) AppleWebKit/537.36 (KHTML, like Gecko) Chrome/131.0.0.0 Safari/537.36"
34.176.236.172 - - [20/Sep/2026:10:01:47 +0200] "GET /web/.env HTTP/1.1" 404 97436 "-" "Mozilla/5.0 (Macintosh; Intel Mac OS X 10_15_7) AppleWebKit/537.36 (KHTML, like Gecko) Chrome/131.0.0.0 Safari/537.36"
34.176.236.172 - - [20/Sep/2026:10:01:48 +0200] "GET /site/.env HTTP/1.1" 404 97421 "-" "Mozilla/5.0 (Macintosh; Intel Mac OS X 10_15_7) AppleWebKit/537.36 (KHTML, like Gecko) Chrome/131.0.0.0 Safari/537.36"
34.176.236.172 - - [20/Sep/2026:10:01:50 +0200] "GET /public/.env HTTP/1.1" 404 97421 "-" "Mozilla/5.0 (Macintosh; Intel Mac OS X 10_15_7) AppleWebKit/537.36 (KHTML, like Gecko) Chrome/131.0.0.0 Safari/537.36"
34.176.236.172 - - [20/Sep/2026:10:01:51 +0200] "GET /admin/.env HTTP/1.1" 404 97421 "-" "Mozilla/5.0 (Macintosh; Intel Mac OS X 10_15_7) AppleWebKit/537.36 (KHTML, like Gecko) Chrome/131.0.0.0 Safari/537.36"
34.176.236.172 - - [20/Sep/2026:10:01:53 +0200] "GET /backend/.env HTTP/1.1" 404 97421 "-" "Mozilla/5.0 (Macintosh; Intel Mac OS X 10_15_7) AppleWebKit/537.36 (KHTML, like Gecko) Chrome/131.0.0.0 Safari/537.36"
89.248.107.232 - - [20/Sep/2026:10:01:55 +0200] "POST /wp-cron.php?doing_wp_cron=1789891315.2344028949737548828125 HTTP/1.1" 200 5512 "-" "WordPress/6.6.2; https://grupo-seg.com"
34.176.236.172 - - [20/Sep/2026:10:01:54 +0200] "GET /server/.env HTTP/1.1" 404 97421 "-" "Mozilla/5.0 (Macintosh; Intel Mac OS X 10_15_7) AppleWebKit/537.36 (KHTML, like Gecko) Chrome/131.0.0.0 Safari/537.36"
34.176.236.172 - - [20/Sep/2026:10:01:56 +0200] "GET /frontend/.env HTTP/1.1" 404 97436 "-" "Mozilla/5.0 (Macintosh; Intel Mac OS X 10_15_7) AppleWebKit/537.36 (KHTML, like Gecko) Chrome/131.0.0.0 Safari/537.36"
34.176.236.172 - - [20/Sep/2026:10:01:58 +0200] "GET /src/.env HTTP/1.1" 404 97436 "-" "Mozilla/5.0 (Macintosh; Intel Mac OS X 10_15_7) AppleWebKit/537.36 (KHTML, like Gecko) Chrome/131.0.0.0 Safari/537.36"
