204.217.128.77 - - [20/Sep/2026:08:16:44 +0200] "HEAD /mailto:cv@grupo-seg.com HTTP/1.1" 404 5625 "https://grupo-seg.com" "Mozilla/5.0 (Windows NT 10.0; Win64; x64) AppleWebKit/537.36 (KHTML, like Gecko) Chrome/96.0.4664.45 Safari/537.36"
206.232.0.5 - - [20/Sep/2026:08:16:46 +0200] "HEAD /mailto:cv@grupo-seg.com HTTP/1.1" 404 5625 "https://grupo-seg.com" "Mozilla/5.0 (Windows NT 10.0; Win64; x64) AppleWebKit/537.36 (KHTML, like Gecko) Chrome/96.0.4664.45 Safari/537.36"
206.232.2.161 - - [20/Sep/2026:08:16:47 +0200] "HEAD /mailto:cv@grupo-seg.com HTTP/1.1" 404 5625 "https://grupo-seg.com" "Mozilla/5.0 (Windows NT 10.0; Win64; x64) AppleWebKit/537.36 (KHTML, like Gecko) Chrome/96.0.4664.45 Safari/537.36"
206.232.3.59 - - [20/Sep/2026:08:16:48 +0200] "HEAD /mailto:cv@grupo-seg.com HTTP/1.1" 404 5625 "https://grupo-seg.com" "Mozilla/5.0 (Windows NT 10.0; Win64; x64) AppleWebKit/537.36 (KHTML, like Gecko) Chrome/96.0.4664.45 Safari/537.36"
89.248.107.232 - - [20/Sep/2026:08:17:02 +0200] "POST /wp-cron.php?doing_wp_cron=1789885022.2700080871582031250000 HTTP/1.1" 200 5512 "-" "WordPress/6.6.2; https://grupo-seg.com"
154.201.74.75 - - [20/Sep/2026:08:17:01 +0200] "GET / HTTP/1.1" 301 5612 "https://www.alben4000.com/" "Mozilla/5.0 (Windows NT 10.0; Win64; x64; rv:128.0) Gecko/20100101 Firefox/128.0"
89.248.107.232 - - [20/Sep/2026:08:17:03 +0200] "POST /wp-cron.php?doing_wp_cron=1789885023.4761838912963867187500 HTTP/1.1" 200 5512 "-" "WordPress/6.6.2; https://grupo-seg.com"
154.201.74.75 - - [20/Sep/2026:08:17:03 +0200] "GET / HTTP/1.1" 200 165817 "https://www.alben4000.com/" "Mozilla/5.0 (Windows NT 10.0; Win64; x64; rv:128.0) Gecko/20100101 Firefox/128.0"
154.201.74.75 - - [20/Sep/2026:08:17:09 +0200] "GET /wp-login.php?action=register HTTP/1.1" 302 5790 "https://grupo-seg.com/" "Mozilla/5.0 (Windows NT 6.3; Win64; x64) AppleWebKit/537.36 (KHTML, like Gecko) Chrome/103.0.0.0 Safari/537.36"
154.201.74.75 - - [20/Sep/2026:08:17:10 +0200] "GET /wp-login.php?registration=disabled HTTP/1.1" 200 13840 "https://grupo-seg.com/wp-login.php?action=register" "Mozilla/5.0 (Windows NT 6.3; Win64; x64) AppleWebKit/537.36 (KHTML, like Gecko) Chrome/103.0.0.0 Safari/537.36"
40.77.167.4 - - [20/Sep/2026:08:17:14 +0200] "GET /armg438190diodcud/oosrpidgt.htm HTTP/1.1" 301 5690 "-" "Mozilla/5.0 AppleWebKit/537.36 (KHTML, like Gecko; compatible; bingbot/2.0; +http://www.bing.com/bingbot.htm) Chrome/116.0.1938.76 Safari/537.36"
89.248.107.232 - - [20/Sep/2026:08:17:27 +0200] "POST /wp-cron.php?doing_wp_cron=1789885047.6390719413757324218750 HTTP/1.1" 200 5512 "-" "WordPress/6.6.2; https://grupo-seg.com"
40.77.167.68 - - [20/Sep/2026:08:17:26 +0200] "GET /elsr1709182cirusot/empleo.html HTTP/1.1" 404 97421 "-" "Mozilla/5.0 AppleWebKit/537.36 (KHTML, like Gecko; compatible; bingbot/2.0; +http://www.bing.com/bingbot.htm) Chrome/116.0.1938.76 Safari/537.36"
89.248.107.232 - - [20/Sep/2026:08:17:28 +0200] "POST /wp-admin/admin-ajax.php?action=async_litespeed&nonce=c23640a689&litespeed_type=imgoptm HTTP/1.1" 200 5698 "-" "WordPress/6.6.2; https://grupo-seg.com"
89.248.107.232 - - [20/Sep/2026:08:18:53 +0200] "POST /wp-cron.php?doing_wp_cron=1789885133.0669360160827636718750 HTTP/1.1" 200 5512 "-" "WordPress/6.6.2; https://grupo-seg.com"
195.133.61.97 - - [20/Sep/2026:08:18:52 +0200] "GET / HTTP/1.1" 200 165817 "-" "Mozilla/5.0 (Macintosh; Intel Mac OS X 10_15_7) AppleWebKit/537.36 (KHTML, like Gecko) Chrome/150.0.0.0 Safari/537.36"
89.248.107.232 - - [20/Sep/2026:08:18:53 +0200] "POST /wp-admin/admin-ajax.php?action=async_litespeed&nonce=c23640a689&litespeed_type=imgoptm HTTP/1.1" 200 5698 "-" "WordPress/6.6.2; https://grupo-seg.com"
89.248.107.232 - - [20/Sep/2026:08:19:00 +0200] "POST /wp-cron.php?doing_wp_cron=1789885140.4266059398651123046875 HTTP/1.1" 200 5512 "-" "WordPress/6.6.2; https://grupo-seg.com"
162.120.185.253 - - [20/Sep/2026:08:19:00 +0200] "GET /category/peru/ HTTP/1.1" 200 97835 "https://www.google.com/" "Mozilla/5.0 (Linux; Android 10; K) AppleWebKit/537.36 (KHTML, like Gecko) Chrome/151.0.0.0 Mobile Safari/537.36"
171.25.193.79 - - [20/Sep/2026:08:19:01 +0200] "GET / HTTP/1.1" 200 165847 "-" "\"Mozilla/5.0 (Macintosh; Intel Mac OS X 10_15_7) AppleWebKit/537.36 (KHTML, like Gecko) Chrome/142.0.0.0 Safari/537.36\""
171.25.193.79 - - [20/Sep/2026:08:19:02 +0200] "POST /wp-content/plugins/litespeed-cache/guest.vary.php HTTP/1.1" 403 6501 "https://grupo-seg.com/" "\"Mozilla/5.0 (Macintosh; Intel Mac OS X 10_15_7) AppleWebKit/537.36 (KHTML, like Gecko) Chrome/142.0.0.0 Safari/537.36\""
89.248.107.232 - - [20/Sep/2026:08:19:03 +0200] "POST /wp-cron.php?doing_wp_cron=1789885143.2796669006347656250000 HTTP/1.1" 200 5512 "-" "WordPress/6.6.2; https://grupo-seg.com"
171.25.193.79 - - [20/Sep/2026:08:19:02 +0200] "GET /contacto/ HTTP/1.1" 200 199636 "-" "\"Mozilla/5.0 (Macintosh; Intel Mac OS X 10_15_7) AppleWebKit/537.36 (KHTML, like Gecko) Chrome/142.0.0.0 Safari/537.36\""
171.25.193.79 - - [20/Sep/2026:08:19:04 +0200] "POST /wp-content/plugins/litespeed-cache/guest.vary.php HTTP/1.1" 403 6501 "https://grupo-seg.com/contacto/" "\"Mozilla/5.0 (Macintosh; Intel Mac OS X 10_15_7) AppleWebKit/537.36 (KHTML, like Gecko) Chrome/142.0.0.0 Safari/537.36\""
171.25.193.79 - - [20/Sep/2026:08:19:04 +0200] "GET /contacto HTTP/1.1" 301 5575 "-" "\"Mozilla/5.0 (Macintosh; Intel Mac OS X 10_15_7) AppleWebKit/537.36 (KHTML, like Gecko) Chrome/142.0.0.0 Safari/537.36\""
171.25.193.79 - - [20/Sep/2026:08:19:05 +0200] "GET /contacto/ HTTP/1.1" 200 199540 "-" "\"Mozilla/5.0 (Macintosh; Intel Mac OS X 10_15_7) AppleWebKit/537.36 (KHTML, like Gecko) Chrome/142.0.0.0 Safari/537.36\""
171.25.193.79 - - [20/Sep/2026:08:19:06 +0200] "POST /wp-content/plugins/litespeed-cache/guest.vary.php HTTP/1.1" 403 6501 "https://grupo-seg.com/contacto/" "\"Mozilla/5.0 (Macintosh; Intel Mac OS X 10_15_7) AppleWebKit/537.36 (KHTML, like Gecko) Chrome/142.0.0.0 Safari/537.36\""
171.25.193.79 - - [20/Sep/2026:08:19:06 +0200] "GET /en/contact/ HTTP/1.1" 200 199625 "-" "\"Mozilla/5.0 (Macintosh; Intel Mac OS X 10_15_7) AppleWebKit/537.36 (KHTML, like Gecko) Chrome/142.0.0.0 Safari/537.36\""
171.25.193.79 - - [20/Sep/2026:08:19:07 +0200] "POST /wp-content/plugins/litespeed-cache/guest.vary.php HTTP/1.1" 403 6501 "https://grupo-seg.com/en/contact/" "\"Mozilla/5.0 (Macintosh; Intel Mac OS X 10_15_7) AppleWebKit/537.36 (KHTML, like Gecko) Chrome/142.0.0.0 Safari/537.36\""
171.25.193.79 - - [20/Sep/2026:08:19:08 +0200] "GET /paises/espana/ HTTP/1.1" 200 161000 "-" "\"Mozilla/5.0 (Macintosh; Intel Mac OS X 10_15_7) AppleWebKit/537.36 (KHTML, like Gecko) Chrome/142.0.0.0 Safari/537.36\""
171.25.193.79 - - [20/Sep/2026:08:19:09 +0200] "POST /wp-content/plugins/litespeed-cache/guest.vary.php HTTP/1.1" 403 6501 "https://grupo-seg.com/paises/espana/" "\"Mozilla/5.0 (Macintosh; Intel Mac OS X 10_15_7) AppleWebKit/537.36 (KHTML, like Gecko) Chrome/142.0.0.0 Safari/537.36\""
171.25.193.79 - - [20/Sep/2026:08:19:09 +0200] "GET /paises/bolivia/ HTTP/1.1" 200 174032 "-" "\"Mozilla/5.0 (Macintosh; Intel Mac OS X 10_15_7) AppleWebKit/537.36 (KHTML, like Gecko) Chrome/142.0.0.0 Safari/537.36\""
171.25.193.79 - - [20/Sep/2026:08:19:10 +0200] "POST /wp-content/plugins/litespeed-cache/guest.vary.php HTTP/1.1" 403 6501 "https://grupo-seg.com/paises/bolivia/" "\"Mozilla/5.0 (Macintosh; Intel Mac OS X 10_15_7) AppleWebKit/537.36 (KHTML, like Gecko) Chrome/142.0.0.0 Safari/537.36\""
171.25.193.79 - - [20/Sep/2026:08:19:10 +0200] "GET /paises/ecuador/ HTTP/1.1" 200 156665 "-" "\"Mozilla/5.0 (Macintosh; Intel Mac OS X 10_15_7) AppleWebKit/537.36 (KHTML, like Gecko) Chrome/142.0.0.0 Safari/537.36\""
89.248.107.232 - - [20/Sep/2026:08:21:22 +0200] "POST /wp-cron.php?doing_wp_cron=1789885282.3133280277252197265625 HTTP/1.1" 200 5512 "-" "WordPress/6.6.2; https://grupo-seg.com"
185.176.112.156 - - [20/Sep/2026:08:21:21 +0200] "GET /wp-login.php HTTP/1.1" 200 13732 "-" "Mozilla/5.0 (Windows NT 10.0; Win64; x64) AppleWebKit/537.36 (KHTML, like Gecko) Chrome/147.0.0.0 Safari/537.36"
89.248.107.232 - - [20/Sep/2026:08:21:22 +0200] "POST /wp-admin/admin-ajax.php?action=async_litespeed&nonce=c23640a689&litespeed_type=imgoptm HTTP/1.1" 200 5698 "-" "WordPress/6.6.2; https://grupo-seg.com"
185.176.112.156 - - [20/Sep/2026:08:21:22 +0200] "POST /wp-login.php HTTP/1.1" 503 25291 "https://grupo-seg.com/wp-login.php" "Mozilla/5.0 (Windows NT 10.0; Win64; x64) AppleWebKit/537.36 (KHTML, like Gecko) Chrome/147.0.0.0 Safari/537.36"
185.176.112.156 - - [20/Sep/2026:08:21:26 +0200] "POST /wp-login.php HTTP/1.1" 503 24038 "https://grupo-seg.com/wp-login.php" "Mozilla/5.0 (Windows NT 10.0; Win64; x64) AppleWebKit/537.36 (KHTML, like Gecko) Chrome/147.0.0.0 Safari/537.36"
185.176.112.156 - - [20/Sep/2026:08:21:29 +0200] "POST /wp-login.php HTTP/1.1" 503 24038 "https://grupo-seg.com/wp-login.php" "Mozilla/5.0 (Windows NT 10.0; Win64; x64) AppleWebKit/537.36 (KHTML, like Gecko) Chrome/147.0.0.0 Safari/537.36"
89.248.107.232 - - [20/Sep/2026:08:21:47 +0200] "POST /?wordfence_syncAttackData=1789885307.6527 HTTP/1.1" 200 5452 "-" "WordPress/6.6.2; https://grupo-seg.com"
89.248.107.232 - - [20/Sep/2026:08:21:48 +0200] "POST /wp-cron.php?doing_wp_cron=1789885308.2495160102844238281250 HTTP/1.1" 200 5512 "-" "WordPress/6.6.2; https://grupo-seg.com"
84.122.10.202 - - [20/Sep/2026:08:21:47 +0200] "GET / HTTP/1.1" 200 13454 "https://www.google.com/" "Mozilla/5.0 (iPhone; CPU iPhone OS 26_3_1 like Mac OS X) AppleWebKit/605.1.15 (KHTML, like Gecko) CriOS/153.0.8010.24 Mobile/15E148 Safari/604.1"
89.248.107.232 - - [20/Sep/2026:08:21:49 +0200] "POST /wp-admin/admin-ajax.php?action=async_litespeed&nonce=c23640a689&litespeed_type=imgoptm HTTP/1.1" 200 5698 "-" "WordPress/6.6.2; https://grupo-seg.com"
84.122.10.202 - - [20/Sep/2026:08:21:48 +0200] "GET / HTTP/1.1" 200 157019 "https://www.google.com/" "Mozilla/5.0 (iPhone; CPU iPhone OS 26_3_1 like Mac OS X) AppleWebKit/605.1.15 (KHTML, like Gecko) CriOS/153.0.8010.24 Mobile/15E148 Safari/604.1"
84.122.10.202 - - [20/Sep/2026:08:21:51 +0200] "POST /wp-content/plugins/litespeed-cache/guest.vary.php HTTP/1.1" 403 6501 "https://grupo-seg.com/" "Mozilla/5.0 (iPhone; CPU iPhone OS 26_3_1 like Mac OS X) AppleWebKit/605.1.15 (KHTML, like Gecko) CriOS/153.0.8010.24 Mobile/15E148 Safari/604.1"
84.122.10.202 - - [20/Sep/2026:08:21:51 +0200] "GET /wp-content/litespeed/css/e39920cfd035054e8d060ade4400a9bc.css?ver=04cf4 HTTP/2.0" 200 114608 "https://grupo-seg.com/" "Mozilla/5.0 (iPhone; CPU iPhone OS 26_3_1 like Mac OS X) AppleWebKit/605.1.15 (KHTML, like Gecko) CriOS/153.0.8010.24 Mobile/15E148 Safari/604.1"
84.122.10.202 - - [20/Sep/2026:08:21:51 +0200] "GET /wp-content/plugins/sitepress-multilingual-cms%207/dist/css/blocks/styles.css HTTP/2.0" 200 6360 "https://grupo-seg.com/" "Mozilla/5.0 (iPhone; CPU iPhone OS 26_3_1 like Mac OS X) AppleWebKit/605.1.15 (KHTML, like Gecko) CriOS/153.0.8010.24 Mobile/15E148 Safari/604.1"
84.122.10.202 - - [20/Sep/2026:08:21:51 +0200] "GET /wp-content/plugins/sitepress-multilingual-cms%207/templates/language-switchers/legacy-list-horizontal/style.min.css HTTP/2.0" 200 236 "https://grupo-seg.com/" "Mozilla/5.0 (iPhone; CPU iPhone OS 26_3_1 like Mac OS X) AppleWebKit/605.1.15 (KHTML, like Gecko) CriOS/153.0.8010.24 Mobile/15E148 Safari/604.1"
84.122.10.202 - - [20/Sep/2026:08:21:51 +0200] "GET /wp-content/plugins/sitepress-multilingual-cms%207/templates/language-switchers/menu-item/style.min.css HTTP/2.0" 200 100 "https://grupo-seg.com/" "Mozilla/5.0 (iPhone; CPU iPhone OS 26_3_1 like Mac OS X) AppleWebKit/605.1.15 (KHTML, like Gecko) CriOS/153.0.8010.24 Mobile/15E148 Safari/604.1"
84.122.10.202 - - [20/Sep/2026:08:21:51 +0200] "GET /wp-content/themes/salient/css/build/style-non-critical.css HTTP/2.0" 200 4553 "https://grupo-seg.com/" "Mozilla/5.0 (iPhone; CPU iPhone OS 26_3_1 like Mac OS X) AppleWebKit/605.1.15 (KHTML, like Gecko) CriOS/153.0.8010.24 Mobile/15E148 Safari/604.1"
84.122.10.202 - - [20/Sep/2026:08:21:51 +0200] "GET /wp-content/themes/salient/css/build/plugins/jquery.fancybox.css HTTP/2.0" 200 3131 "https://grupo-seg.com/" "Mozilla/5.0 (iPhone; CPU iPhone OS 26_3_1 like Mac OS X) AppleWebKit/605.1.15 (KHTML, like Gecko) CriOS/153.0.8010.24 Mobile/15E148 Safari/604.1"
84.122.10.202 - - [20/Sep/2026:08:21:51 +0200] "GET /wp-content/themes/salient/css/build/off-canvas/core.css HTTP/2.0" 200 3164 "https://grupo-seg.com/" "Mozilla/5.0 (iPhone; CPU iPhone OS 26_3_1 like Mac OS X) AppleWebKit/605.1.15 (KHTML, like Gecko) CriOS/153.0.8010.24 Mobile/15E148 Safari/604.1"
84.122.10.202 - - [20/Sep/2026:08:21:51 +0200] "GET /wp-content/themes/salient/css/build/off-canvas/fullscreen-legacy.css HTTP/2.0" 200 1425 "https://grupo-seg.com/" "Mozilla/5.0 (iPhone; CPU iPhone OS 26_3_1 like Mac OS X) AppleWebKit/605.1.15 (KHTML, like Gecko) CriOS/153.0.8010.24 Mobile/15E148 Safari/604.1"
84.122.10.202 - - [20/Sep/2026:08:21:51 +0200] "GET /wp-content/uploads/2022/09/SEG_Quotes_Team-64.jpg HTTP/2.0" 200 170765 "https://grupo-seg.com/" "Mozilla/5.0 (iPhone; CPU iPhone OS 26_3_1 like Mac OS X) AppleWebKit/605.1.15 (KHTML, like Gecko) CriOS/153.0.8010.24 Mobile/15E148 Safari/604.1"
84.122.10.202 - - [20/Sep/2026:08:21:51 +0200] "GET /wp-content/uploads/2021/07/SEG_Video_Portada_low-1.mp4 HTTP/2.0" 206 2 "https://grupo-seg.com/" "Mozilla/5.0 (iPhone; CPU iPhone OS 26_3_1 like Mac OS X) AppleWebKit/605.1.15 (KHTML, like Gecko) CriOS/153.0.8010.24 Mobile/15E148 Safari/604.1"
84.122.10.202 - - [20/Sep/2026:08:21:51 +0200] "GET /wp-content/uploads/2021/07/SEG_Video_Portada_low-1.mp4 HTTP/2.0" 206 2 "https://grupo-seg.com/" "Mozilla/5.0 (iPhone; CPU iPhone OS 26_3_1 like Mac OS X) AppleWebKit/605.1.15 (KHTML, like Gecko) CriOS/153.0.8010.24 Mobile/15E148 Safari/604.1"
84.122.10.202 - - [20/Sep/2026:08:21:51 +0200] "GET /wp-content/uploads/2021/07/SED_logo_retina-1.png HTTP/2.0" 200 65442 "https://grupo-seg.com/" "Mozilla/5.0 (iPhone; CPU iPhone OS 26_3_1 like Mac OS X) AppleWebKit/605.1.15 (KHTML, like Gecko) CriOS/153.0.8010.24 Mobile/15E148 Safari/604.1"
84.122.10.202 - - [20/Sep/2026:08:21:51 +0200] "GET /wp-content/uploads/2021/07/SED_logo_blanco_retina-1.png HTTP/2.0" 200 60381 "https://grupo-seg.com/" "Mozilla/5.0 (iPhone; CPU iPhone OS 26_3_1 like Mac OS X) AppleWebKit/605.1.15 (KHTML, like Gecko) CriOS/153.0.8010.24 Mobile/15E148 Safari/604.1"
84.122.10.202 - - [20/Sep/2026:08:21:51 +0200] "GET /wp-content/uploads/useanyfont/3503Graphik-Regular.woff2 HTTP/2.0" 200 34332 "https://grupo-seg.com/" "Mozilla/5.0 (iPhone; CPU iPhone OS 26_3_1 like Mac OS X) AppleWebKit/605.1.15 (KHTML, like Gecko) CriOS/153.0.8010.24 Mobile/15E148 Safari/604.1"
84.122.10.202 - - [20/Sep/2026:08:21:51 +0200] "GET /wp-content/uploads/useanyfont/3325Graphik-Medium.woff2 HTTP/2.0" 200 37020 "https://grupo-seg.com/" "Mozilla/5.0 (iPhone; CPU iPhone OS 26_3_1 like Mac OS X) AppleWebKit/605.1.15 (KHTML, like Gecko) CriOS/153.0.8010.24 Mobile/15E148 Safari/604.1"
84.122.10.202 - - [20/Sep/2026:08:21:51 +0200] "GET /wp-content/uploads/useanyfont/9325Graphik-Semibold.woff2 HTTP/2.0" 200 37036 "https://grupo-seg.com/" "Mozilla/5.0 (iPhone; CPU iPhone OS 26_3_1 like Mac OS X) AppleWebKit/605.1.15 (KHTML, like Gecko) CriOS/153.0.8010.24 Mobile/15E148 Safari/604.1"
84.122.10.202 - - [20/Sep/2026:08:21:51 +0200] "GET /wp-content/themes/salient/css/fonts/icomoon.woff?v=1.3 HTTP/2.0" 200 21132 "https://grupo-seg.com/" "Mozilla/5.0 (iPhone; CPU iPhone OS 26_3_1 like Mac OS X) AppleWebKit/605.1.15 (KHTML, like Gecko) CriOS/153.0.8010.24 Mobile/15E148 Safari/604.1"
84.122.10.202 - - [20/Sep/2026:08:21:51 +0200] "GET /wp-content/uploads/2022/11/SEG_Paises_Portada.jpg HTTP/2.0" 200 147795 "https://grupo-seg.com/" "Mozilla/5.0 (iPhone; CPU iPhone OS 26_3_1 like Mac OS X) AppleWebKit/605.1.15 (KHTML, like Gecko) CriOS/153.0.8010.24 Mobile/15E148 Safari/604.1"
84.122.10.202 - - [20/Sep/2026:08:21:51 +0200] "GET /wp-content/uploads/2021/07/cropped-SED_FAV-192x192.png HTTP/2.0" 200 646 "-" "Mozilla/5.0 (iPhone; CPU iPhone OS 26_3_1 like Mac OS X) AppleWebKit/605.1.15 (KHTML, like Gecko) CriOS/153.0.8010.24 Mobile/15E148 Safari/604.1"
84.122.10.202 - - [20/Sep/2026:08:21:51 +0200] "GET /wp-content/uploads/2021/07/cropped-SED_FAV-180x180.png HTTP/2.0" 200 609 "-" "Mozilla/5.0 (iPhone; CPU iPhone OS 26_3_1 like Mac OS X) AppleWebKit/605.1.15 (KHTML, like Gecko) CriOS/153.0.8010.24 Mobile/15E148 Safari/604.1"
84.122.10.202 - - [20/Sep/2026:08:21:51 +0200] "GET /wp-content/uploads/2022/12/SEG_Icon_Next-Section.png HTTP/2.0" 200 1337 "https://grupo-seg.com/" "Mozilla/5.0 (iPhone; CPU iPhone OS 26_3_1 like Mac OS X) AppleWebKit/605.1.15 (KHTML, like Gecko) CriOS/153.0.8010.24 Mobile/15E148 Safari/604.1"
84.122.10.202 - - [20/Sep/2026:08:21:51 +0200] "GET /wp-content/plugins/sitepress-multilingual-cms%207/res/flags/en.svg HTTP/2.0" 200 1290 "https://grupo-seg.com/" "Mozilla/5.0 (iPhone; CPU iPhone OS 26_3_1 like Mac OS X) AppleWebKit/605.1.15 (KHTML, like Gecko) CriOS/153.0.8010.24 Mobile/15E148 Safari/604.1"
84.122.10.202 - - [20/Sep/2026:08:21:51 +0200] "GET /wp-content/plugins/sitepress-multilingual-cms%207/res/flags/es.svg HTTP/2.0" 200 714 "https://grupo-seg.com/" "Mozilla/5.0 (iPhone; CPU iPhone OS 26_3_1 like Mac OS X) AppleWebKit/605.1.15 (KHTML, like Gecko) CriOS/153.0.8010.24 Mobile/15E148 Safari/604.1"
84.122.10.202 - - [20/Sep/2026:08:21:51 +0200] "GET /wp-content/uploads/2021/07/SEG_Video_Portada_low-1.mp4 HTTP/2.0" 206 2097152 "https://grupo-seg.com/" "Mozilla/5.0 (iPhone; CPU iPhone OS 26_3_1 like Mac OS X) AppleWebKit/605.1.15 (KHTML, like Gecko) CriOS/153.0.8010.24 Mobile/15E148 Safari/604.1"
84.122.10.202 - - [20/Sep/2026:08:21:51 +0200] "GET /wp-content/uploads/2021/07/SEG_Video_Portada_low-1.mp4 HTTP/2.0" 206 2097152 "https://grupo-seg.com/" "Mozilla/5.0 (iPhone; CPU iPhone OS 26_3_1 like Mac OS X) AppleWebKit/605.1.15 (KHTML, like Gecko) CriOS/153.0.8010.24 Mobile/15E148 Safari/604.1"
84.122.10.202 - - [20/Sep/2026:08:21:51 +0200] "GET /wp-content/uploads/2021/10/SEG_Portfolio_Header_Transporte.jpg HTTP/2.0" 200 1360521 "https://grupo-seg.com/" "Mozilla/5.0 (iPhone; CPU iPhone OS 26_3_1 like Mac OS X) AppleWebKit/605.1.15 (KHTML, like Gecko) CriOS/153.0.8010.24 Mobile/15E148 Safari/604.1"
84.122.10.202 - - [20/Sep/2026:08:21:51 +0200] "GET /wp-content/uploads/2022/11/SEG_Quotes-186-300x300.jpg HTTP/2.0" 200 8106 "https://grupo-seg.com/" "Mozilla/5.0 (iPhone; CPU iPhone OS 26_3_1 like Mac OS X) AppleWebKit/605.1.15 (KHTML, like Gecko) CriOS/153.0.8010.24 Mobile/15E148 Safari/604.1"
84.122.10.202 - - [20/Sep/2026:08:21:51 +0200] "GET /wp-content/uploads/2021/09/SEG_Servicios_portada-2.jpg HTTP/2.0" 200 1340324 "https://grupo-seg.com/" "Mozilla/5.0 (iPhone; CPU iPhone OS 26_3_1 like Mac OS X) AppleWebKit/605.1.15 (KHTML, like Gecko) CriOS/153.0.8010.24 Mobile/15E148 Safari/604.1"
84.122.10.202 - - [20/Sep/2026:08:21:51 +0200] "GET /wp-content/uploads/2021/07/SEG_Video_Portada_low-1.mp4 HTTP/2.0" 206 75199 "https://grupo-seg.com/" "Mozilla/5.0 (iPhone; CPU iPhone OS 26_3_1 like Mac OS X) AppleWebKit/605.1.15 (KHTML, like Gecko) CriOS/153.0.8010.24 Mobile/15E148 Safari/604.1"
84.122.10.202 - - [20/Sep/2026:08:21:51 +0200] "GET /wp-content/uploads/2021/07/SEG_Video_Portada_low-1.mp4 HTTP/2.0" 206 75199 "https://grupo-seg.com/" "Mozilla/5.0 (iPhone; CPU iPhone OS 26_3_1 like Mac OS X) AppleWebKit/605.1.15 (KHTML, like Gecko) CriOS/153.0.8010.24 Mobile/15E148 Safari/604.1"
84.122.10.202 - - [20/Sep/2026:08:21:51 +0200] "GET /wp-content/uploads/2021/09/SEG_Quienessomos_02b.jpg HTTP/2.0" 200 1152169 "https://grupo-seg.com/" "Mozilla/5.0 (iPhone; CPU iPhone OS 26_3_1 like Mac OS X) AppleWebKit/605.1.15 (KHTML, like Gecko) CriOS/153.0.8010.24 Mobile/15E148 Safari/604.1"
84.122.10.202 - - [20/Sep/2026:08:21:51 +0200] "GET /wp-content/uploads/2021/07/SEG_Video_Portada_low-1.mp4 HTTP/2.0" 206 9663 "https://grupo-seg.com/" "Mozilla/5.0 (iPhone; CPU iPhone OS 26_3_1 like Mac OS X) AppleWebKit/605.1.15 (KHTML, like Gecko) CriOS/153.0.8010.24 Mobile/15E148 Safari/604.1"
84.122.10.202 - - [20/Sep/2026:08:21:51 +0200] "GET /wp-content/uploads/2021/07/SEG_Video_Portada_low-1.mp4 HTTP/2.0" 206 9663 "https://grupo-seg.com/" "Mozilla/5.0 (iPhone; CPU iPhone OS 26_3_1 like Mac OS X) AppleWebKit/605.1.15 (KHTML, like Gecko) CriOS/153.0.8010.24 Mobile/15E148 Safari/604.1"
84.122.10.202 - - [20/Sep/2026:08:21:52 +0200] "GET /wp-content/plugins/sitepress-multilingual-cms%207/res/js/cookies/language-cookie.js HTTP/2.0" 200 127 "https://grupo-seg.com/" "Mozilla/5.0 (iPhone; CPU iPhone OS 26_3_1 like Mac OS X) AppleWebKit/605.1.15 (KHTML, like Gecko) CriOS/153.0.8010.24 Mobile/15E148 Safari/604.1"
84.122.10.202 - - [20/Sep/2026:08:21:52 +0200] "GET /wp-includes/js/jquery/jquery.min.js HTTP/2.0" 200 29597 "https://grupo-seg.com/" "Mozilla/5.0 (iPhone; CPU iPhone OS 26_3_1 like Mac OS X) AppleWebKit/605.1.15 (KHTML, like Gecko) CriOS/153.0.8010.24 Mobile/15E148 Safari/604.1"
84.122.10.202 - - [20/Sep/2026:08:21:52 +0200] "GET /wp-content/litespeed/js/6d6320907ddc3a1971a904f89423d12d.js?ver=04cf4 HTTP/2.0" 200 158605 "https://grupo-seg.com/" "Mozilla/5.0 (iPhone; CPU iPhone OS 26_3_1 like Mac OS X) AppleWebKit/605.1.15 (KHTML, like Gecko) CriOS/153.0.8010.24 Mobile/15E148 Safari/604.1"
84.122.10.202 - - [20/Sep/2026:08:21:54 +0200] "GET /wp-content/uploads/2021/07/SEG_Video_Portada_low-1.mp4 HTTP/2.0" 206 18858002 "https://grupo-seg.com/" "Mozilla/5.0 (iPhone; CPU iPhone OS 26_3_1 like Mac OS X) AppleWebKit/605.1.15 (KHTML, like Gecko) CriOS/153.0.8010.24 Mobile/15E148 Safari/604.1"
84.122.10.202 - - [20/Sep/2026:08:21:54 +0200] "GET /wp-content/uploads/2021/07/SEG_Video_Portada_low-1.mp4 HTTP/2.0" 206 19464192 "https://grupo-seg.com/" "Mozilla/5.0 (iPhone; CPU iPhone OS 26_3_1 like Mac OS X) AppleWebKit/605.1.15 (KHTML, like Gecko) CriOS/153.0.8010.24 Mobile/15E148 Safari/604.1"
89.248.107.232 - - [20/Sep/2026:08:24:02 +0200] "POST /wp-cron.php?doing_wp_cron=1789885442.4157400131225585937500 HTTP/1.1" 200 5512 "-" "WordPress/6.6.2; https://grupo-seg.com"
87.223.217.201 - - [20/Sep/2026:08:24:01 +0200] "POST /AutoDiscover/autodiscover.xml HTTP/1.1" 404 92268 "-" "Microsoft Office/16.0 (Windows NT 10.0; Microsoft Word 16.0.20326; Pro)"
89.248.107.232 - - [20/Sep/2026:08:24:03 +0200] "POST /wp-admin/admin-ajax.php?action=async_litespeed&nonce=c23640a689&litespeed_type=imgoptm HTTP/1.1" 200 5698 "-" "WordPress/6.6.2; https://grupo-seg.com"
89.248.107.232 - - [20/Sep/2026:08:26:27 +0200] "POST /wp-cron.php?doing_wp_cron=1789885587.3092079162597656250000 HTTP/1.1" 200 5512 "-" "WordPress/6.6.2; https://grupo-seg.com"
40.77.167.68 - - [20/Sep/2026:08:26:26 +0200] "GET /abcd1140045oetisstpimsd.htm HTTP/1.1" 404 97421 "-" "Mozilla/5.0 AppleWebKit/537.36 (KHTML, like Gecko; compatible; bingbot/2.0; +http://www.bing.com/bingbot.htm) Chrome/116.0.1938.76 Safari/537.36"
89.248.107.232 - - [20/Sep/2026:08:26:27 +0200] "POST /wp-admin/admin-ajax.php?action=async_litespeed&nonce=c23640a689&litespeed_type=imgoptm HTTP/1.1" 200 5698 "-" "WordPress/6.6.2; https://grupo-seg.com"
40.77.167.68 - - [20/Sep/2026:08:26:28 +0200] "GET /ahjv345213gpidddsoiootss.htm HTTP/1.1" 404 97436 "-" "Mozilla/5.0 AppleWebKit/537.36 (KHTML, like Gecko; compatible; bingbot/2.0; +http://www.bing.com/bingbot.htm) Chrome/116.0.1938.76 Safari/537.36"
40.77.167.68 - - [20/Sep/2026:08:26:29 +0200] "GET /ihyq303577rigdiot/coduospdd HTTP/1.1" 404 97436 "-" "Mozilla/5.0 AppleWebKit/537.36 (KHTML, like Gecko; compatible; bingbot/2.0; +http://www.bing.com/bingbot.htm) Chrome/116.0.1938.76 Safari/537.36"
40.77.167.68 - - [20/Sep/2026:08:26:30 +0200] "GET /ahjv1576992z78s4063io5d29dog1.html HTTP/1.1" 404 97421 "-" "Mozilla/5.0 AppleWebKit/537.36 (KHTML, like Gecko; compatible; bingbot/2.0; +http://www.bing.com/bingbot.htm) Chrome/116.0.1938.76 Safari/537.36"
52.167.144.160 - - [20/Sep/2026:08:26:31 +0200] "GET /rmsy652576dsoim/tipectrud HTTP/1.1" 301 5684 "-" "Mozilla/5.0 AppleWebKit/537.36 (KHTML, like Gecko; compatible; bingbot/2.0; +http://www.bing.com/bingbot.htm) Chrome/116.0.1938.76 Safari/537.36"
89.248.107.232 - - [20/Sep/2026:08:26:53 +0200] "POST /wp-cron.php?doing_wp_cron=1789885612.9797170162200927734375 HTTP/1.1" 200 5512 "-" "WordPress/6.6.2; https://grupo-seg.com"
52.167.144.25 - - [20/Sep/2026:08:26:52 +0200] "GET /ibxl1067861z4i920/1smte86357.html HTTP/1.1" 301 5692 "-" "Mozilla/5.0 AppleWebKit/537.36 (KHTML, like Gecko; compatible; bingbot/2.0; +http://www.bing.com/bingbot.htm) Chrome/116.0.1938.76 Safari/537.36"
52.167.144.182 - - [20/Sep/2026:08:26:52 +0200] "GET /en/portfolio/feasibility-study-for-the-improvement-of-urban-and-interurban-roadways-in-the-city-of-san-lorenzo/ HTTP/1.1" 200 117869 "-" "Mozilla/5.0 AppleWebKit/537.36 (KHTML, like Gecko; compatible; bingbot/2.0; +http://www.bing.com/bingbot.htm) Chrome/116.0.1938.76 Safari/537.36"
89.248.107.232 - - [20/Sep/2026:08:27:05 +0200] "POST /wp-cron.php?doing_wp_cron=1789885625.3463399410247802734375 HTTP/1.1" 200 5512 "-" "WordPress/6.6.2; https://grupo-seg.com"
66.249.70.36 - - [20/Sep/2026:08:27:04 +0200] "GET /robots.txt HTTP/1.1" 301 5576 "-" "Mozilla/5.0 (compatible; Googlebot/2.1; +http://www.google.com/bot.html)"
192.178.4.4 - - [20/Sep/2026:08:27:05 +0200] "GET /robots.txt HTTP/1.1" 200 5679 "-" "Mozilla/5.0 (compatible; Googlebot/2.1; +http://www.google.com/bot.html)"
66.249.70.34 - - [20/Sep/2026:08:27:07 +0200] "GET / HTTP/1.1" 301 5612 "-" "Mozilla/5.0 (Linux; Android 6.0.1; Nexus 5X Build/MMB29P) AppleWebKit/537.36 (KHTML, like Gecko) Chrome/153.0.8010.47 Mobile Safari/537.36 (compatible; Googlebot/2.1; +http://www.google.com/bot.html)"
89.248.107.232 - - [20/Sep/2026:08:30:06 +0200] "POST /wp-cron.php?doing_wp_cron=1789885806.3810560703277587890625 HTTP/1.1" 200 5512 "-" "WordPress/6.6.2; https://grupo-seg.com"
17.166.232.184 - - [20/Sep/2026:08:30:05 +0200] "GET /enfoque/ HTTP/1.1" 200 156953 "-" "Mozilla/5.0 (Macintosh; Intel Mac OS X 10_15_7) AppleWebKit/605.1.15 (KHTML, like Gecko) Version/17.4 Safari/605.1.15 (Applebot/0.1; +http://www.apple.com/go/applebot)"
89.248.107.232 - - [20/Sep/2026:08:30:07 +0200] "POST /wp-admin/admin-ajax.php?action=async_litespeed&nonce=c23640a689&litespeed_type=imgoptm HTTP/1.1" 200 5698 "-" "WordPress/6.6.2; https://grupo-seg.com"
89.248.107.232 - - [20/Sep/2026:08:30:51 +0200] "POST /wp-cron.php?doing_wp_cron=1789885851.8034200668334960937500 HTTP/1.1" 200 5512 "-" "WordPress/6.6.2; https://grupo-seg.com"
151.186.154.30 - - [20/Sep/2026:08:30:51 +0200] "POST /AutoDiscover/autodiscover.xml HTTP/1.1" 404 92217 "-" "Microsoft Office/16.0 (Windows NT 10.0; Microsoft Excel 16.0.20228; Pro)"
89.248.107.232 - - [20/Sep/2026:08:30:52 +0200] "POST /wp-admin/admin-ajax.php?action=async_litespeed&nonce=c23640a689&litespeed_type=imgoptm HTTP/1.1" 200 5698 "-" "WordPress/6.6.2; https://grupo-seg.com"
89.248.107.232 - - [20/Sep/2026:08:30:55 +0200] "POST /wp-cron.php?doing_wp_cron=1789885855.8159298896789550781250 HTTP/1.1" 200 5512 "-" "WordPress/6.6.2; https://grupo-seg.com"
51.68.107.150 - - [20/Sep/2026:08:30:55 +0200] "GET /robots.txt HTTP/1.1" 200 5679 "-" "Mozilla/5.0 (compatible; MJ12bot/v2.0.5; http://mj12bot.com/)"
51.68.107.150 - - [20/Sep/2026:08:30:56 +0200] "GET /es/ HTTP/1.1" 301 5673 "-" "Mozilla/5.0 (compatible; MJ12bot/v2.0.5; http://mj12bot.com/)"
51.68.107.150 - - [20/Sep/2026:08:30:56 +0200] "GET /paises/espana/ HTTP/1.1" 200 160970 "-" "Mozilla/5.0 (compatible; MJ12bot/v2.0.5; http://mj12bot.com/)"
89.248.107.232 - - [20/Sep/2026:08:34:17 +0200] "POST /wp-cron.php?doing_wp_cron=1789886057.5528659820556640625000 HTTP/1.1" 200 5512 "-" "WordPress/6.6.2; https://grupo-seg.com"
90.50.223.98 - - [20/Sep/2026:08:34:17 +0200] "GET /components/com_jce/editor/extensions/search/css/class.php HTTP/1.1" 404 97611 "http://www.seg-sa.es" "Mozilla/5.0 (Windows NT 10.0; Win64; x64) AppleWebKit/537.36 (KHTML, like Gecko) Chrome/64.0.2926.87 Safari/537.36"
89.248.107.232 - - [20/Sep/2026:08:34:18 +0200] "POST /wp-admin/admin-ajax.php?action=async_litespeed&nonce=c23640a689&litespeed_type=imgoptm HTTP/1.1" 200 5698 "-" "WordPress/6.6.2; https://grupo-seg.com"
89.248.107.232 - - [20/Sep/2026:08:34:34 +0200] "POST /wp-cron.php?doing_wp_cron=1789886074.0532460212707519531250 HTTP/1.1" 200 5512 "-" "WordPress/6.6.2; https://grupo-seg.com"
82.77.111.37 - - [20/Sep/2026:08:34:33 +0200] "GET /wp-login.php HTTP/1.1" 200 13732 "https://seg-sa.es/" "Mozilla/5.0 (X11; Linux x86_64) AppleWebKit/537.36 (KHTML, like Gecko) Chrome/152.0.0.0 Safari/537.36"
89.248.107.232 - - [20/Sep/2026:08:34:34 +0200] "POST /wp-admin/admin-ajax.php?action=async_litespeed&nonce=c23640a689&litespeed_type=imgoptm HTTP/1.1" 200 5698 "-" "WordPress/6.6.2; https://grupo-seg.com"
82.77.111.37 - - [20/Sep/2026:08:34:34 +0200] "POST /wp-login.php HTTP/1.1" 503 25291 "https://seg-sa.es/wp-login.php" "Mozilla/5.0 (X11; Linux x86_64) AppleWebKit/537.36 (KHTML, like Gecko) Chrome/152.0.0.0 Safari/537.36"
82.77.111.37 - - [20/Sep/2026:08:34:39 +0200] "POST /wp-login.php HTTP/1.1" 503 24038 "https://seg-sa.es/wp-login.php" "Mozilla/5.0 (X11; Linux x86_64) AppleWebKit/537.36 (KHTML, like Gecko) Chrome/152.0.0.0 Safari/537.36"
82.77.111.37 - - [20/Sep/2026:08:34:42 +0200] "POST /wp-login.php HTTP/1.1" 503 24038 "https://seg-sa.es/wp-login.php" "Mozilla/5.0 (X11; Linux x86_64) AppleWebKit/537.36 (KHTML, like Gecko) Chrome/152.0.0.0 Safari/537.36"
89.248.107.232 - - [20/Sep/2026:08:34:42 +0200] "POST /?wordfence_syncAttackData=1789886082.2923 HTTP/1.1" 200 5452 "-" "WordPress/6.6.2; https://grupo-seg.com"
89.248.107.232 - - [20/Sep/2026:08:34:43 +0200] "POST /wp-cron.php?doing_wp_cron=1789886082.9804680347442626953125 HTTP/1.1" 200 5512 "-" "WordPress/6.6.2; https://grupo-seg.com"
35.198.113.100 - - [20/Sep/2026:08:34:42 +0200] "GET /robots.txt HTTP/1.1" 200 5679 "-" "LinkupBot/1.0 (LinkupBot for web indexing; https://linkup.so/bot; bot@linkup.so)"
35.198.113.100 - - [20/Sep/2026:08:34:43 +0200] "GET /project-type/colombia/ HTTP/1.1" 200 115331 "-" "LinkupBot/1.0 (LinkupBot for web indexing; https://linkup.so/bot; bot@linkup.so)"
89.248.107.232 - - [20/Sep/2026:08:35:12 +0200] "POST /wp-cron.php?doing_wp_cron=1789886112.8245139122009277343750 HTTP/1.1" 200 5512 "-" "WordPress/6.6.2; https://grupo-seg.com"
35.198.113.100 - - [20/Sep/2026:08:35:12 +0200] "GET /portfolio/interventoria-de-los-contratos-de-concesion-portuaria/ HTTP/1.1" 200 116815 "-" "LinkupBot/1.0 (LinkupBot for web indexing; https://linkup.so/bot; bot@linkup.so)"
89.248.107.232 - - [20/Sep/2026:08:35:25 +0200] "POST /wp-cron.php?doing_wp_cron=1789886125.3778159618377685546875 HTTP/1.1" 200 5512 "-" "WordPress/6.6.2; https://grupo-seg.com/en/"
35.198.113.100 - - [20/Sep/2026:08:35:25 +0200] "GET /en/supervision-of-the-construction-of-the-sunat-technology-center-for-information-processing-lima-peru/ HTTP/1.1" 200 121231 "-" "LinkupBot/1.0 (LinkupBot for web indexing; https://linkup.so/bot; bot@linkup.so)"
89.248.107.232 - - [20/Sep/2026:08:35:26 +0200] "POST /wp-admin/admin-ajax.php?action=async_litespeed&nonce=c23640a689&litespeed_type=imgoptm HTTP/1.1" 200 5698 "-" "WordPress/6.6.2; https://grupo-seg.com"
35.198.113.100 - - [20/Sep/2026:08:35:28 +0200] "GET /en/portfolio/ribarroja-logistics-park/ HTTP/1.1" 200 116765 "-" "LinkupBot/1.0 (LinkupBot for web indexing; https://linkup.so/bot; bot@linkup.so)"
35.198.113.100 - - [20/Sep/2026:08:35:30 +0200] "GET /grupo-seg-en-las-obras-de-renovacion-de-la-linea-ferroviaria-belgrano-sur/ HTTP/1.1" 200 122957 "-" "LinkupBot/1.0 (LinkupBot for web indexing; https://linkup.so/bot; bot@linkup.so)"
35.198.113.100 - - [20/Sep/2026:08:35:32 +0200] "GET /interventoria-integral-al-contrato-de-concesion-del-corredor-sabana-de-torres-curumani-troncal-del-magdalena-2-colombia/ HTTP/1.1" 200 120341 "-" "LinkupBot/1.0 (LinkupBot for web indexing; https://linkup.so/bot; bot@linkup.so)"
89.248.107.232 - - [20/Sep/2026:08:37:17 +0200] "POST /wp-cron.php?doing_wp_cron=1789886237.9188530445098876953125 HTTP/1.1" 200 5512 "-" "WordPress/6.6.2; https://grupo-seg.com"
40.77.167.224 - - [20/Sep/2026:08:37:17 +0200] "GET /ihve123338sitddsoidgsopo HTTP/1.1" 404 97421 "-" "Mozilla/5.0 AppleWebKit/537.36 (KHTML, like Gecko; compatible; bingbot/2.0; +http://www.bing.com/bingbot.htm) Chrome/116.0.1938.76 Safari/537.36"
3.238.138.208 - - [20/Sep/2026:08:37:18 +0200] "GET /robots.txt HTTP/1.1" 200 5679 "-" "Mozilla/5.0 (compatible; getdomaindata/1.0; +https://getdomaindata.com/bot)"
89.248.107.232 - - [20/Sep/2026:08:37:18 +0200] "POST /wp-admin/admin-ajax.php?action=async_litespeed&nonce=c23640a689&litespeed_type=imgoptm HTTP/1.1" 200 5698 "-" "WordPress/6.6.2; https://grupo-seg.com"
3.238.138.208 - - [20/Sep/2026:08:37:19 +0200] "GET /wp-json/?_fields=name,description,url,home,timezone_string,gmt_offset,namespaces,site_icon_url,page_on_front,show_on_front HTTP/1.1" 200 6608 "-" "Mozilla/5.0 (compatible; getdomaindata/1.0; +https://getdomaindata.com/bot)"
17.166.235.62 - - [20/Sep/2026:08:37:26 +0200] "GET /wp-content/plugins/sitepress-multilingual-cms%207/templates/language-switchers/menu-item/style.min.css HTTP/2.0" 200 100 "https://grupo-seg.com/enfoque/" "Mozilla/5.0 (Macintosh; Intel Mac OS X 10_15_7) AppleWebKit/605.1.15 (KHTML, like Gecko) Version/17.4 Safari/605.1.15 (Applebot/0.1; +http://www.apple.com/go/applebot)"
17.166.235.62 - - [20/Sep/2026:08:37:27 +0200] "GET /wp-content/plugins/sitepress-multilingual-cms%207/templates/language-switchers/legacy-list-horizontal/style.min.css HTTP/2.0" 200 236 "https://grupo-seg.com/enfoque/" "Mozilla/5.0 (Macintosh; Intel Mac OS X 10_15_7) AppleWebKit/605.1.15 (KHTML, like Gecko) Version/17.4 Safari/605.1.15 (Applebot/0.1; +http://www.apple.com/go/applebot)"
17.166.235.62 - - [20/Sep/2026:08:37:28 +0200] "GET /wp-content/plugins/sitepress-multilingual-cms%207/dist/css/blocks/styles.css HTTP/2.0" 200 6360 "https://grupo-seg.com/enfoque/" "Mozilla/5.0 (Macintosh; Intel Mac OS X 10_15_7) AppleWebKit/605.1.15 (KHTML, like Gecko) Version/17.4 Safari/605.1.15 (Applebot/0.1; +http://www.apple.com/go/applebot)"
17.166.235.62 - - [20/Sep/2026:08:37:30 +0200] "GET /wp-content/themes/salient/css/build/plugins/jquery.fancybox.css HTTP/2.0" 200 3131 "https://grupo-seg.com/enfoque/" "Mozilla/5.0 (Macintosh; Intel Mac OS X 10_15_7) AppleWebKit/605.1.15 (KHTML, like Gecko) Version/17.4 Safari/605.1.15 (Applebot/0.1; +http://www.apple.com/go/applebot)"
17.166.235.62 - - [20/Sep/2026:08:37:31 +0200] "GET /wp-content/themes/salient/css/build/style-non-critical.css HTTP/2.0" 200 4553 "https://grupo-seg.com/enfoque/" "Mozilla/5.0 (Macintosh; Intel Mac OS X 10_15_7) AppleWebKit/605.1.15 (KHTML, like Gecko) Version/17.4 Safari/605.1.15 (Applebot/0.1; +http://www.apple.com/go/applebot)"
17.166.235.62 - - [20/Sep/2026:08:37:33 +0200] "GET /wp-content/litespeed/css/8f7c4183d659a3b3dc968fa103ea6f7d.css?ver=04cf4 HTTP/2.0" 200 89838 "https://grupo-seg.com/enfoque/" "Mozilla/5.0 (Macintosh; Intel Mac OS X 10_15_7) AppleWebKit/605.1.15 (KHTML, like Gecko) Version/17.4 Safari/605.1.15 (Applebot/0.1; +http://www.apple.com/go/applebot)"
17.166.235.62 - - [20/Sep/2026:08:37:34 +0200] "GET /wp-content/themes/salient/css/build/off-canvas/core.css HTTP/2.0" 200 3164 "https://grupo-seg.com/enfoque/" "Mozilla/5.0 (Macintosh; Intel Mac OS X 10_15_7) AppleWebKit/605.1.15 (KHTML, like Gecko) Version/17.4 Safari/605.1.15 (Applebot/0.1; +http://www.apple.com/go/applebot)"
89.248.107.232 - - [20/Sep/2026:08:37:35 +0200] "POST /wp-cron.php?doing_wp_cron=1789886255.6236190795898437500000 HTTP/1.1" 200 5512 "-" "WordPress/6.6.2; https://grupo-seg.com"
216.73.217.68 - - [20/Sep/2026:08:37:35 +0200] "GET /robots.txt HTTP/1.1" 200 5679 "-" "Mozilla/5.0 AppleWebKit/537.36 (KHTML, like Gecko; compatible; ClaudeBot/1.0; +claudebot@anthropic.com)"
216.73.217.68 - - [20/Sep/2026:08:37:36 +0200] "GET /wp-sitemap.xml HTTP/1.1" 200 6217 "-" "Mozilla/5.0 AppleWebKit/537.36 (KHTML, like Gecko; compatible; ClaudeBot/1.0; +claudebot@anthropic.com)"
89.248.107.232 - - [20/Sep/2026:08:37:36 +0200] "POST /wp-admin/admin-ajax.php?action=async_litespeed&nonce=c23640a689&litespeed_type=imgoptm HTTP/1.1" 200 5698 "-" "WordPress/6.6.2; https://grupo-seg.com"
17.166.235.62 - - [20/Sep/2026:08:37:36 +0200] "GET /wp-content/themes/salient/css/build/off-canvas/fullscreen-legacy.css HTTP/2.0" 200 1425 "https://grupo-seg.com/enfoque/" "Mozilla/5.0 (Macintosh; Intel Mac OS X 10_15_7) AppleWebKit/605.1.15 (KHTML, like Gecko) Version/17.4 Safari/605.1.15 (Applebot/0.1; +http://www.apple.com/go/applebot)"
17.166.235.62 - - [20/Sep/2026:08:37:37 +0200] "POST /wp-content/plugins/litespeed-cache/guest.vary.php HTTP/1.1" 403 6501 "https://grupo-seg.com/enfoque/" "Mozilla/5.0 (Macintosh; Intel Mac OS X 10_15_7) AppleWebKit/605.1.15 (KHTML, like Gecko) Version/17.4 Safari/605.1.15 (Applebot/0.1; +http://www.apple.com/go/applebot)"
89.248.107.232 - - [20/Sep/2026:08:39:19 +0200] "POST /wp-cron.php?doing_wp_cron=1789886359.1216390132904052734375 HTTP/1.1" 200 5512 "-" "WordPress/6.6.2; https://grupo-seg.com/en/"
116.179.32.20 - - [20/Sep/2026:08:39:18 +0200] "GET /en/portfolio/pre-investment-study-for-the-project-construction-and-expansion-of-the-acora-totorani-integrated-irrigation-system/ HTTP/1.1" 200 117953 "-" "Mozilla/5.0 (compatible; Baiduspider/2.0; +http://www.baidu.com/search/spider.html)"
89.248.107.232 - - [20/Sep/2026:08:39:19 +0200] "POST /wp-admin/admin-ajax.php?action=async_litespeed&nonce=c23640a689&litespeed_type=imgoptm HTTP/1.1" 200 5698 "-" "WordPress/6.6.2; https://grupo-seg.com"
116.179.37.112 - - [20/Sep/2026:08:39:24 +0200] "POST /wp-content/plugins/litespeed-cache/guest.vary.php HTTP/1.1" 403 6501 "https://grupo-seg.com/en/portfolio/pre-investment-study-for-the-project-construction-and-expansion-of-the-acora-totorani-integrated-irrigation-system/" "Mozilla/5.0 (compatible; Baiduspider-render/2.0; +http://www.baidu.com/search/spider.html)"
89.248.107.232 - - [20/Sep/2026:08:39:36 +0200] "POST /wp-cron.php?doing_wp_cron=1789886376.8015120029449462890625 HTTP/1.1" 200 5512 "-" "WordPress/6.6.2; https://grupo-seg.com/en/"
103.238.114.201 - - [20/Sep/2026:08:39:36 +0200] "GET /en/oversight-of-the-renovation-works-of-the-belgrano-sur-railway-between-tapiales-and-marinos-del-crucero-general-belgrano-stations/ HTTP/1.1" 200 129568 "-" "Mozilla/5.0 (Macintosh; Intel Mac OS X 10_15_7) AppleWebKit/605.1.15 (KHTML, like Gecko) Version/15.3 Safari/605.1.15"
89.248.107.232 - - [20/Sep/2026:08:39:37 +0200] "POST /wp-admin/admin-ajax.php?action=async_litespeed&nonce=c23640a689&litespeed_type=imgoptm HTTP/1.1" 200 5698 "-" "WordPress/6.6.2; https://grupo-seg.com"
89.248.107.232 - - [20/Sep/2026:08:40:10 +0200] "POST /wp-cron.php?doing_wp_cron=1789886410.0277049541473388671875 HTTP/1.1" 200 5512 "-" "WordPress/6.6.2; https://grupo-seg.com"
110.172.29.247 - - [20/Sep/2026:08:40:09 +0200] "GET /wp-login.php HTTP/1.1" 200 13732 "https://serynco.es/" "Mozilla/5.0 (Windows NT 10.0; Win64; x64) AppleWebKit/537.36 (KHTML, like Gecko) Chrome/147.0.0.0 Safari/537.36"
110.172.29.247 - - [20/Sep/2026:08:40:11 +0200] "POST /wp-login.php HTTP/1.1" 503 25291 "https://serynco.es/wp-login.php" "Mozilla/5.0 (Windows NT 10.0; Win64; x64) AppleWebKit/537.36 (KHTML, like Gecko) Chrome/147.0.0.0 Safari/537.36"
110.172.29.247 - - [20/Sep/2026:08:40:13 +0200] "POST /wp-login.php HTTP/1.1" 503 24038 "https://serynco.es/wp-login.php" "Mozilla/5.0 (Windows NT 10.0; Win64; x64) AppleWebKit/537.36 (KHTML, like Gecko) Chrome/147.0.0.0 Safari/537.36"
110.172.29.247 - - [20/Sep/2026:08:40:15 +0200] "POST /wp-login.php HTTP/1.1" 503 24038 "https://serynco.es/wp-login.php" "Mozilla/5.0 (Windows NT 10.0; Win64; x64) AppleWebKit/537.36 (KHTML, like Gecko) Chrome/147.0.0.0 Safari/537.36"
110.172.29.247 - - [20/Sep/2026:08:40:15 +0200] "GET /wp-json/wp/v2/users/me HTTP/1.1" 503 24038 "https://serynco.es/" "Mozilla/5.0 (Windows NT 10.0; Win64; x64) AppleWebKit/537.36 (KHTML, like Gecko) Chrome/147.0.0.0 Safari/537.36"
110.172.29.247 - - [20/Sep/2026:08:40:16 +0200] "GET /wp-json/wp/v2/users/me HTTP/1.1" 503 24038 "https://serynco.es/" "Mozilla/5.0 (Windows NT 10.0; Win64; x64) AppleWebKit/537.36 (KHTML, like Gecko) Chrome/147.0.0.0 Safari/537.36"
110.172.29.247 - - [20/Sep/2026:08:40:18 +0200] "GET /wp-json/wp/v2/users/me HTTP/1.1" 503 24038 "https://serynco.es/" "Mozilla/5.0 (Windows NT 10.0; Win64; x64) AppleWebKit/537.36 (KHTML, like Gecko) Chrome/147.0.0.0 Safari/537.36"
89.248.107.232 - - [20/Sep/2026:08:40:58 +0200] "POST /?wordfence_syncAttackData=1789886458.602 HTTP/1.1" 200 5452 "-" "WordPress/6.6.2; https://grupo-seg.com"
89.248.107.232 - - [20/Sep/2026:08:40:59 +0200] "POST /wp-cron.php?doing_wp_cron=1789886459.1891210079193115234375 HTTP/1.1" 200 5512 "-" "WordPress/6.6.2; https://grupo-seg.com"
40.77.167.24 - - [20/Sep/2026:08:40:58 +0200] "GET /abqk213487emitt/sim HTTP/1.1" 404 97421 "-" "Mozilla/5.0 AppleWebKit/537.36 (KHTML, like Gecko; compatible; bingbot/2.0; +http://www.bing.com/bingbot.htm) Chrome/116.0.1938.76 Safari/537.36"
89.248.107.232 - - [20/Sep/2026:08:40:59 +0200] "POST /wp-admin/admin-ajax.php?action=async_litespeed&nonce=c23640a689&litespeed_type=imgoptm HTTP/1.1" 200 5698 "-" "WordPress/6.6.2; https://grupo-seg.com"
89.248.107.232 - - [20/Sep/2026:08:41:32 +0200] "POST /wp-cron.php?doing_wp_cron=1789886492.3429360389709472656250 HTTP/1.1" 200 5512 "-" "WordPress/6.6.2; https://grupo-seg.com"
112.86.225.241 - - [20/Sep/2026:08:41:31 +0200] "GET / HTTP/1.1" 301 5612 "-" "Sogou web spider/4.0(+http://www.sogou.com/docs/help/webmasters.htm#07)"
89.248.107.232 - - [20/Sep/2026:08:41:32 +0200] "POST /wp-admin/admin-ajax.php?action=async_litespeed&nonce=c23640a689&litespeed_type=imgoptm HTTP/1.1" 200 5698 "-" "WordPress/6.6.2; https://grupo-seg.com"
112.86.225.241 - - [20/Sep/2026:08:41:34 +0200] "GET / HTTP/1.1" 200 165847 "-" "Sogou web spider/4.0(+http://www.sogou.com/docs/help/webmasters.htm#07)"
89.248.107.232 - - [20/Sep/2026:08:42:17 +0200] "POST /wp-cron.php?doing_wp_cron=1789886537.1363101005554199218750 HTTP/1.1" 200 5512 "-" "WordPress/6.6.2; https://grupo-seg.com"
77.90.185.5 - - [20/Sep/2026:08:42:16 +0200] "GET / HTTP/1.1" 200 165817 "https://grupo-seg.com/" "Mozilla/5.0 (Windows NT 10.0; Win64; x64) AppleWebKit/537.36 (KHTML, like Gecko) Chrome/131.0.0.0 Safari/537.36"
77.90.185.5 - - [20/Sep/2026:08:42:18 +0200] "GET /contacto/ HTTP/1.1" 200 199540 "https://grupo-seg.com/contacto/" "Mozilla/5.0 (Windows NT 10.0; Win64; x64) AppleWebKit/537.36 (KHTML, like Gecko) Chrome/131.0.0.0 Safari/537.36"
77.90.185.5 - - [20/Sep/2026:08:42:19 +0200] "GET /en/contact/ HTTP/1.1" 200 199721 "https://grupo-seg.com/en/contact/" "Mozilla/5.0 (Windows NT 10.0; Win64; x64) AppleWebKit/537.36 (KHTML, like Gecko) Chrome/131.0.0.0 Safari/537.36"
89.248.107.232 - - [20/Sep/2026:08:43:32 +0200] "POST /wp-cron.php?doing_wp_cron=1789886612.7093849182128906250000 HTTP/1.1" 200 5512 "-" "WordPress/6.6.2; https://grupo-seg.com"
35.198.113.100 - - [20/Sep/2026:08:43:32 +0200] "GET /robots.txt HTTP/1.1" 200 5679 "-" "LinkupBot/1.0 (LinkupBot for web indexing; https://linkup.so/bot; bot@linkup.so)"
35.198.113.100 - - [20/Sep/2026:08:43:32 +0200] "GET /en/project-type/%C2%B7-various/ HTTP/1.1" 200 116861 "-" "LinkupBot/1.0 (LinkupBot for web indexing; https://linkup.so/bot; bot@linkup.so)"
89.248.107.232 - - [20/Sep/2026:08:43:33 +0200] "POST /wp-admin/admin-ajax.php?action=async_litespeed&nonce=c23640a689&litespeed_type=imgoptm HTTP/1.1" 200 5698 "-" "WordPress/6.6.2; https://grupo-seg.com"
35.198.113.100 - - [20/Sep/2026:08:43:35 +0200] "GET /author/javier/ HTTP/1.1" 200 116045 "-" "LinkupBot/1.0 (LinkupBot for web indexing; https://linkup.so/bot; bot@linkup.so)"
35.198.113.100 - - [20/Sep/2026:08:43:37 +0200] "GET /en/portfolio/consulting-services-for-the-supervision-of-the-reconstruction-of-the-seafood-area-of-the-central-market-and-the-construction-of-the-autonomous-commercial-center-1/ HTTP/1.1" 200 118703 "-" "LinkupBot/1.0 (LinkupBot for web indexing; https://linkup.so/bot; bot@linkup.so)"
89.248.107.232 - - [20/Sep/2026:08:43:40 +0200] "POST /wp-cron.php?doing_wp_cron=1789886620.3843328952789306640625 HTTP/1.1" 200 5512 "-" "WordPress/6.6.2; https://grupo-seg.com/en/"
35.198.113.100 - - [20/Sep/2026:08:43:40 +0200] "GET /en/portfolio/supervision-and-control-of-the-normandia-hydroelectric-project/ HTTP/1.1" 200 117201 "-" "LinkupBot/1.0 (LinkupBot for web indexing; https://linkup.so/bot; bot@linkup.so)"
89.248.107.232 - - [20/Sep/2026:08:43:43 +0200] "POST /wp-cron.php?doing_wp_cron=1789886623.0943989753723144531250 HTTP/1.1" 200 5512 "-" "WordPress/6.6.2; https://grupo-seg.com"
35.198.113.100 - - [20/Sep/2026:08:43:42 +0200] "GET /portfolio/centro-penitenciario-y-centro-de-insercion-social-en-ceuta/ HTTP/1.1" 200 116823 "-" "LinkupBot/1.0 (LinkupBot for web indexing; https://linkup.so/bot; bot@linkup.so)"
35.198.113.100 - - [20/Sep/2026:08:43:45 +0200] "GET /portfolio/ingenieria-basica-y-detalles-paso-desnivelado-estaciones-francia-y-baron/ HTTP/1.1" 200 117078 "-" "LinkupBot/1.0 (LinkupBot for web indexing; https://linkup.so/bot; bot@linkup.so)"
37.114.35.152 - - [20/Sep/2026:08:43:46 +0200] "GET / HTTP/1.1" 200 165847 "-" "Mozilla/5.0 (compatible; Googlebot/2.1; +http://www.google.com/bot.html)"
35.198.113.100 - - [20/Sep/2026:08:43:47 +0200] "GET /paises/nicaragua/ HTTP/1.1" 200 171216 "-" "LinkupBot/1.0 (LinkupBot for web indexing; https://linkup.so/bot; bot@linkup.so)"
35.198.113.100 - - [20/Sep/2026:08:43:49 +0200] "GET /category/colombia/ HTTP/1.1" 200 106676 "-" "LinkupBot/1.0 (LinkupBot for web indexing; https://linkup.so/bot; bot@linkup.so)"
37.114.35.152 - - [20/Sep/2026:08:43:52 +0200] "GET /contacto HTTP/1.1" 301 5575 "-" "Mozilla/5.0 (compatible; Googlebot/2.1; +http://www.google.com/bot.html)"
37.114.35.152 - - [20/Sep/2026:08:43:51 +0200] "GET /contacto/ HTTP/1.1" 200 199636 "-" "Mozilla/5.0 (compatible; Googlebot/2.1; +http://www.google.com/bot.html)"
37.114.35.152 - - [20/Sep/2026:08:43:52 +0200] "GET /contacto/ HTTP/1.1" 200 199540 "-" "Mozilla/5.0 (compatible; Googlebot/2.1; +http://www.google.com/bot.html)"
89.248.107.232 - - [20/Sep/2026:08:43:58 +0200] "POST /wp-cron.php?doing_wp_cron=1789886638.4898409843444824218750 HTTP/1.1" 200 5512 "-" "WordPress/6.6.2; https://grupo-seg.com/en/"
37.114.35.152 - - [20/Sep/2026:08:43:58 +0200] "GET /en/contact/ HTTP/1.1" 200 199721 "-" "Mozilla/5.0 (compatible; Googlebot/2.1; +http://www.google.com/bot.html)"
89.248.107.232 - - [20/Sep/2026:08:45:39 +0200] "POST /wp-cron.php?doing_wp_cron=1789886739.0875129699707031250000 HTTP/1.1" 200 5512 "-" "WordPress/6.6.2; https://grupo-seg.com"
172.203.190.131 - - [20/Sep/2026:08:45:38 +0200] "GET /robots.txt HTTP/1.1" 200 5679 "-" "Mozilla/5.0 (Macintosh; Intel Mac OS X 10_15_7) AppleWebKit/537.36 (KHTML, like Gecko) Chrome/131.0.0.0 Safari/537.36; compatible; OAI-SearchBot/1.0; +https://openai.com/searchbot"
89.248.107.232 - - [20/Sep/2026:08:45:39 +0200] "POST /wp-admin/admin-ajax.php?action=async_litespeed&nonce=c23640a689&litespeed_type=imgoptm HTTP/1.1" 200 5698 "-" "WordPress/6.6.2; https://grupo-seg.com"
89.248.107.232 - - [20/Sep/2026:08:46:12 +0200] "POST /wp-cron.php?doing_wp_cron=1789886772.3772621154785156250000 HTTP/1.1" 200 5512 "-" "WordPress/6.6.2; https://grupo-seg.com/en/"
52.4.213.199 - - [20/Sep/2026:08:46:11 +0200] "GET /en/portfolio/technical-file-for-the-expansion-and-improvement-of-the-potable-water-and-sewage-systems-of-nueva-rinconada/embed/ HTTP/1.1" 200 41604 "-" "Mozilla/5.0 AppleWebKit/537.36 (KHTML, like Gecko; compatible; Amazonbot/0.1; +https://developer.amazon.com/support/amazonbot) Chrome/119.0.6045.214 Safari/537.36"
164.92.73.193 - - [20/Sep/2026:08:46:17 +0200] "GET / HTTP/1.1" 200 165817 "-" "Mozilla/5.0 (X11; Linux x86_64) AppleWebKit/537.36 (KHTML, like Gecko) Chrome/142.0.0.0 Safari/537.36"
164.92.73.193 - - [20/Sep/2026:08:46:22 +0200] "GET /wp-content/uploads/2021/07/cropped-SED_FAV-32x32.png HTTP/1.1" 200 199 "https://grupo-seg.com/" "Mozilla/5.0 (X11; Linux x86_64) AppleWebKit/537.36 (KHTML, like Gecko) Chrome/142.0.0.0 Safari/537.36"
89.248.107.232 - - [20/Sep/2026:08:50:50 +0200] "POST /wp-cron.php?doing_wp_cron=1789887050.6033139228820800781250 HTTP/1.1" 200 5512 "-" "WordPress/6.6.2; https://grupo-seg.com"
44.222.101.192 - - [20/Sep/2026:08:50:50 +0200] "GET /robots.txt HTTP/1.1" 301 5576 "-" "Mozilla/5.0 (compatible; getdomaindata/1.0; +https://getdomaindata.com/bot)"
52.167.144.216 - - [20/Sep/2026:08:50:50 +0200] "GET /ahcd1475207tpoiids/stsem.html HTTP/1.1" 404 97421 "-" "Mozilla/5.0 AppleWebKit/537.36 (KHTML, like Gecko; compatible; bingbot/2.0; +http://www.bing.com/bingbot.htm) Chrome/116.0.1938.76 Safari/537.36"
44.222.101.192 - - [20/Sep/2026:08:50:51 +0200] "GET /robots.txt HTTP/1.1" 200 5679 "-" "Mozilla/5.0 (compatible; getdomaindata/1.0; +https://getdomaindata.com/bot)"
89.248.107.232 - - [20/Sep/2026:08:50:51 +0200] "POST /wp-admin/admin-ajax.php?action=async_litespeed&nonce=c23640a689&litespeed_type=imgoptm HTTP/1.1" 200 5698 "-" "WordPress/6.6.2; https://grupo-seg.com"
44.222.101.192 - - [20/Sep/2026:08:50:52 +0200] "GET /wp-json/?_fields=name,description,url,home,timezone_string,gmt_offset,namespaces,site_icon_url,page_on_front,show_on_front HTTP/1.1" 200 6608 "-" "Mozilla/5.0 (compatible; getdomaindata/1.0; +https://getdomaindata.com/bot)"
89.248.107.232 - - [20/Sep/2026:08:50:59 +0200] "POST /wp-cron.php?doing_wp_cron=1789887058.9906859397888183593750 HTTP/1.1" 200 5512 "-" "WordPress/6.6.2; https://grupo-seg.com"
52.167.144.169 - - [20/Sep/2026:08:50:58 +0200] "GET /ibsc435428oipotscuddrdiogd HTTP/1.1" 404 97436 "-" "Mozilla/5.0 AppleWebKit/537.36 (KHTML, like Gecko; compatible; bingbot/2.0; +http://www.bing.com/bingbot.htm) Chrome/116.0.1938.76 Safari/537.36"
