36.143.220.221 - - [20/Sep/2026:13:40:14 +0200] "GET /wp-content/plugins/shortcodes-ultimate/readme.txt HTTP/1.1" 403 548 "https://grupo-seg.com/wp-content/plugins/shortcodes-ultimate/readme.txt" "Mozilla/5.0 (Windows NT 6.1; WOW64) AppleWebKit/537.11 (KHTML, like Gecko) Chrome/23.0.1271.97 Safari/537.11"
36.143.65.126 - - [20/Sep/2026:13:40:14 +0200] "GET /wp-content/plugins/translatepress-multilingual/readme.txt HTTP/1.1" 403 548 "https://grupo-seg.com/wp-content/plugins/translatepress-multilingual/readme.txt" "Mozilla/5.0 (Windows NT 6.1; WOW64) AppleWebKit/537.11 (KHTML, like Gecko) Chrome/23.0.1271.97 Safari/537.11"
111.63.191.199 - - [20/Sep/2026:13:40:14 +0200] "GET /wp-content/plugins/gutenberg/readme.txt HTTP/1.1" 403 548 "https://grupo-seg.com/wp-content/plugins/gutenberg/readme.txt" "Mozilla/5.0 (Windows NT 6.1; WOW64) AppleWebKit/537.11 (KHTML, like Gecko) Chrome/23.0.1271.97 Safari/537.11"
111.63.191.8 - - [20/Sep/2026:13:40:15 +0200] "GET /wp-content/plugins/happy-elementor-addons/readme.txt HTTP/1.1" 403 548 "https://grupo-seg.com/wp-content/plugins/happy-elementor-addons/readme.txt" "Mozilla/5.0 (Windows NT 6.1; WOW64) AppleWebKit/537.11 (KHTML, like Gecko) Chrome/23.0.1271.97 Safari/537.11"
36.143.65.126 - - [20/Sep/2026:13:40:15 +0200] "GET /wp-content/plugins/official-facebook-pixel/readme.txt HTTP/1.1" 403 548 "https://grupo-seg.com/wp-content/plugins/official-facebook-pixel/readme.txt" "Mozilla/5.0 (Windows NT 6.1; WOW64) AppleWebKit/537.11 (KHTML, like Gecko) Chrome/23.0.1271.97 Safari/537.11"
36.143.65.92 - - [20/Sep/2026:13:40:15 +0200] "GET /wp-content/plugins/yith-woocommerce-wishlist/readme.txt HTTP/1.1" 403 548 "https://grupo-seg.com/wp-content/plugins/yith-woocommerce-wishlist/readme.txt" "Mozilla/5.0 (Windows NT 6.1; WOW64) AppleWebKit/537.11 (KHTML, like Gecko) Chrome/23.0.1271.97 Safari/537.11"
36.143.220.161 - - [20/Sep/2026:13:40:15 +0200] "GET /wp-content/plugins/pixelyoursite/readme.txt HTTP/1.1" 403 548 "https://grupo-seg.com/wp-content/plugins/pixelyoursite/readme.txt" "Mozilla/5.0 (Windows NT 6.1; WOW64) AppleWebKit/537.11 (KHTML, like Gecko) Chrome/23.0.1271.97 Safari/537.11"
36.143.220.171 - - [20/Sep/2026:13:40:16 +0200] "GET /wp-content/plugins/honeypot/readme.txt HTTP/1.1" 403 548 "https://grupo-seg.com/wp-content/plugins/honeypot/readme.txt" "Mozilla/5.0 (Windows NT 6.1; WOW64) AppleWebKit/537.11 (KHTML, like Gecko) Chrome/23.0.1271.97 Safari/537.11"
101.24.247.214 - - [20/Sep/2026:13:40:16 +0200] "GET /wp-content/plugins/so-widgets-bundle/readme.txt HTTP/1.1" 403 548 "https://grupo-seg.com/wp-content/plugins/so-widgets-bundle/readme.txt" "Mozilla/5.0 (Windows NT 6.1; WOW64) AppleWebKit/537.11 (KHTML, like Gecko) Chrome/23.0.1271.97 Safari/537.11"
111.63.191.247 - - [20/Sep/2026:13:40:16 +0200] "GET /wp-content/plugins/woo-checkout-field-editor-pro/readme.txt HTTP/1.1" 403 548 "https://grupo-seg.com/wp-content/plugins/woo-checkout-field-editor-pro/readme.txt" "Mozilla/5.0 (Windows NT 6.1; WOW64) AppleWebKit/537.11 (KHTML, like Gecko) Chrome/23.0.1271.97 Safari/537.11"
36.143.220.167 - - [20/Sep/2026:13:40:16 +0200] "GET /wp-content/plugins/custom-fonts/readme.txt HTTP/1.1" 403 548 "https://grupo-seg.com/wp-content/plugins/custom-fonts/readme.txt" "Mozilla/5.0 (Windows NT 6.1; WOW64) AppleWebKit/537.11 (KHTML, like Gecko) Chrome/23.0.1271.97 Safari/537.11"
111.63.191.199 - - [20/Sep/2026:13:40:16 +0200] "GET /wp-content/plugins/siteorigin-panels/readme.txt HTTP/1.1" 403 548 "https://grupo-seg.com/wp-content/plugins/siteorigin-panels/readme.txt" "Mozilla/5.0 (Windows NT 6.1; WOW64) AppleWebKit/537.11 (KHTML, like Gecko) Chrome/23.0.1271.97 Safari/537.11"
36.143.220.160 - - [20/Sep/2026:13:40:17 +0200] "GET /wp-content/plugins/wp-maintenance-mode/readme.txt HTTP/1.1" 403 548 "https://grupo-seg.com/wp-content/plugins/wp-maintenance-mode/readme.txt" "Mozilla/5.0 (Windows NT 6.1; WOW64) AppleWebKit/537.11 (KHTML, like Gecko) Chrome/23.0.1271.97 Safari/537.11"
36.143.220.171 - - [20/Sep/2026:13:40:17 +0200] "GET /wp-content/plugins/facebook-for-woocommerce/readme.txt HTTP/1.1" 403 548 "https://grupo-seg.com/wp-content/plugins/facebook-for-woocommerce/readme.txt" "Mozilla/5.0 (Windows NT 6.1; WOW64) AppleWebKit/537.11 (KHTML, like Gecko) Chrome/23.0.1271.97 Safari/537.11"
111.63.190.162 - - [20/Sep/2026:13:40:17 +0200] "GET /wp-content/plugins/intuitive-custom-post-order/readme.txt HTTP/1.1" 403 548 "https://grupo-seg.com/wp-content/plugins/intuitive-custom-post-order/readme.txt" "Mozilla/5.0 (Windows NT 6.1; WOW64) AppleWebKit/537.11 (KHTML, like Gecko) Chrome/23.0.1271.97 Safari/537.11"
111.63.190.172 - - [20/Sep/2026:13:40:17 +0200] "GET /wp-content/plugins/pagelayer/readme.txt HTTP/1.1" 403 548 "https://grupo-seg.com/wp-content/plugins/pagelayer/readme.txt" "Mozilla/5.0 (Windows NT 6.1; WOW64) AppleWebKit/537.11 (KHTML, like Gecko) Chrome/23.0.1271.97 Safari/537.11"
36.143.220.152 - - [20/Sep/2026:13:40:17 +0200] "GET /wp-content/plugins/backwpup/readme.txt HTTP/1.1" 403 548 "https://grupo-seg.com/wp-content/plugins/backwpup/readme.txt" "Mozilla/5.0 (Windows NT 6.1; WOW64) AppleWebKit/537.11 (KHTML, like Gecko) Chrome/23.0.1271.97 Safari/537.11"
111.63.190.169 - - [20/Sep/2026:13:40:18 +0200] "GET /wp-content/plugins/template-kit-import/readme.txt HTTP/1.1" 403 548 "https://grupo-seg.com/wp-content/plugins/template-kit-import/readme.txt" "Mozilla/5.0 (Windows NT 6.1; WOW64) AppleWebKit/537.11 (KHTML, like Gecko) Chrome/23.0.1271.97 Safari/537.11"
36.143.220.149 - - [20/Sep/2026:13:40:18 +0200] "GET /wp-content/plugins/blocksy-companion/readme.txt HTTP/1.1" 403 548 "https://grupo-seg.com/wp-content/plugins/blocksy-companion/readme.txt" "Mozilla/5.0 (Windows NT 6.1; WOW64) AppleWebKit/537.11 (KHTML, like Gecko) Chrome/23.0.1271.97 Safari/537.11"
120.211.66.236 - - [20/Sep/2026:13:40:18 +0200] "GET /wp-content/plugins/google-analytics-dashboard-for-wp/readme.txt HTTP/1.1" 403 548 "https://grupo-seg.com/wp-content/plugins/google-analytics-dashboard-for-wp/readme.txt" "Mozilla/5.0 (Windows NT 6.1; WOW64) AppleWebKit/537.11 (KHTML, like Gecko) Chrome/23.0.1271.97 Safari/537.11"
111.63.191.8 - - [20/Sep/2026:13:40:19 +0200] "GET /wp-content/plugins/megamenu/readme.txt HTTP/1.1" 403 548 "https://grupo-seg.com/wp-content/plugins/megamenu/readme.txt" "Mozilla/5.0 (Windows NT 6.1; WOW64) AppleWebKit/537.11 (KHTML, like Gecko) Chrome/23.0.1271.97 Safari/537.11"
36.143.220.167 - - [20/Sep/2026:13:40:19 +0200] "GET /wp-content/plugins/members/readme.txt HTTP/1.1" 403 548 "https://grupo-seg.com/wp-content/plugins/members/readme.txt" "Mozilla/5.0 (Windows NT 6.1; WOW64) AppleWebKit/537.11 (KHTML, like Gecko) Chrome/23.0.1271.97 Safari/537.11"
111.63.191.123 - - [20/Sep/2026:13:40:20 +0200] "GET /wp-content/plugins/eps-301-redirects/readme.txt HTTP/1.1" 403 548 "https://grupo-seg.com/wp-content/plugins/eps-301-redirects/readme.txt" "Mozilla/5.0 (Windows NT 6.1; WOW64) AppleWebKit/537.11 (KHTML, like Gecko) Chrome/23.0.1271.97 Safari/537.11"
36.143.65.99 - - [20/Sep/2026:13:40:20 +0200] "GET /wp-content/plugins/formidable/readme.txt HTTP/1.1" 403 548 "https://grupo-seg.com/wp-content/plugins/formidable/readme.txt" "Mozilla/5.0 (Windows NT 6.1; WOW64) AppleWebKit/537.11 (KHTML, like Gecko) Chrome/23.0.1271.97 Safari/537.11"
36.143.220.149 - - [20/Sep/2026:13:40:20 +0200] "GET /wp-content/plugins/breeze/readme.txt HTTP/1.1" 403 548 "https://grupo-seg.com/wp-content/plugins/breeze/readme.txt" "Mozilla/5.0 (Windows NT 6.1; WOW64) AppleWebKit/537.11 (KHTML, like Gecko) Chrome/23.0.1271.97 Safari/537.11"
110.228.27.236 - - [20/Sep/2026:13:40:20 +0200] "GET /wp-content/plugins/post-smtp/readme.txt HTTP/1.1" 403 548 "https://grupo-seg.com/wp-content/plugins/post-smtp/readme.txt" "Mozilla/5.0 (Windows NT 6.1; WOW64) AppleWebKit/537.11 (KHTML, like Gecko) Chrome/23.0.1271.97 Safari/537.11"
120.211.66.236 - - [20/Sep/2026:13:40:20 +0200] "GET /wp-content/plugins/broken-link-checker-seo/readme.txt HTTP/1.1" 403 548 "https://grupo-seg.com/wp-content/plugins/broken-link-checker-seo/readme.txt" "Mozilla/5.0 (Windows NT 6.1; WOW64) AppleWebKit/537.11 (KHTML, like Gecko) Chrome/23.0.1271.97 Safari/537.11"
111.63.191.8 - - [20/Sep/2026:13:40:20 +0200] "GET /wp-content/plugins/shortpixel-image-optimiser/readme.txt HTTP/1.1" 403 548 "https://grupo-seg.com/wp-content/plugins/shortpixel-image-optimiser/readme.txt" "Mozilla/5.0 (Windows NT 6.1; WOW64) AppleWebKit/537.11 (KHTML, like Gecko) Chrome/23.0.1271.97 Safari/537.11"
111.63.191.139 - - [20/Sep/2026:13:40:21 +0200] "GET /wp-content/plugins/cmb2/readme.txt HTTP/1.1" 403 548 "https://grupo-seg.com/wp-content/plugins/cmb2/readme.txt" "Mozilla/5.0 (Windows NT 6.1; WOW64) AppleWebKit/537.11 (KHTML, like Gecko) Chrome/23.0.1271.97 Safari/537.11"
111.63.191.211 - - [20/Sep/2026:13:40:21 +0200] "GET /wp-content/plugins/coblocks/readme.txt HTTP/1.1" 403 548 "https://grupo-seg.com/wp-content/plugins/coblocks/readme.txt" "Mozilla/5.0 (Windows NT 6.1; WOW64) AppleWebKit/537.11 (KHTML, like Gecko) Chrome/23.0.1271.97 Safari/537.11"
111.63.190.169 - - [20/Sep/2026:13:40:21 +0200] "GET /wp-content/plugins/jeg-elementor-kit/readme.txt HTTP/1.1" 403 548 "https://grupo-seg.com/wp-content/plugins/jeg-elementor-kit/readme.txt" "Mozilla/5.0 (Windows NT 6.1; WOW64) AppleWebKit/537.11 (KHTML, like Gecko) Chrome/23.0.1271.97 Safari/537.11"
36.143.220.167 - - [20/Sep/2026:13:40:21 +0200] "GET /wp-content/plugins/simple-custom-post-order/readme.txt HTTP/1.1" 403 548 "https://grupo-seg.com/wp-content/plugins/simple-custom-post-order/readme.txt" "Mozilla/5.0 (Windows NT 6.1; WOW64) AppleWebKit/537.11 (KHTML, like Gecko) Chrome/23.0.1271.97 Safari/537.11"
111.63.191.212 - - [20/Sep/2026:13:40:21 +0200] "GET /wp-content/plugins/host-webfonts-local/readme.txt HTTP/1.1" 403 548 "https://grupo-seg.com/wp-content/plugins/host-webfonts-local/readme.txt" "Mozilla/5.0 (Windows NT 6.1; WOW64) AppleWebKit/537.11 (KHTML, like Gecko) Chrome/23.0.1271.97 Safari/537.11"
120.211.66.215 - - [20/Sep/2026:13:40:22 +0200] "GET /wp-content/plugins/nextgen-gallery/readme.txt HTTP/1.1" 403 548 "https://grupo-seg.com/wp-content/plugins/nextgen-gallery/readme.txt" "Mozilla/5.0 (Windows NT 6.1; WOW64) AppleWebKit/537.11 (KHTML, like Gecko) Chrome/23.0.1271.97 Safari/537.11"
36.143.220.149 - - [20/Sep/2026:13:40:23 +0200] "GET /wp-content/plugins/otter-blocks/readme.txt HTTP/1.1" 403 548 "https://grupo-seg.com/wp-content/plugins/otter-blocks/readme.txt" "Mozilla/5.0 (Windows NT 6.1; WOW64) AppleWebKit/537.11 (KHTML, like Gecko) Chrome/23.0.1271.97 Safari/537.11"
89.248.107.232 - - [20/Sep/2026:13:41:13 +0200] "POST /wp-cron.php?doing_wp_cron=1789904473.9105730056762695312500 HTTP/1.1" 200 5512 "-" "WordPress/6.6.2; https://grupo-seg.com"
94.26.106.203 - - [20/Sep/2026:13:41:13 +0200] "GET /wp-login.php HTTP/1.1" 200 13732 "-" "Mozilla/5.0 (Windows NT 10.0; Win64; x64) AppleWebKit/537.36 (KHTML, like Gecko) Chrome/142.0.0.0 Safari/537.36"
89.248.107.232 - - [20/Sep/2026:13:41:14 +0200] "POST /wp-admin/admin-ajax.php?action=async_litespeed&nonce=c23640a689&litespeed_type=imgoptm HTTP/1.1" 200 5698 "-" "WordPress/6.6.2; https://grupo-seg.com"
94.26.106.203 - - [20/Sep/2026:13:41:14 +0200] "POST /wp-login.php HTTP/1.1" 503 25298 "https://grupo-seg.com/wp-login.php" "Mozilla/5.0 (Windows NT 10.0; Win64; x64) AppleWebKit/537.36 (KHTML, like Gecko) Chrome/142.0.0.0 Safari/537.36"
89.248.107.232 - - [20/Sep/2026:13:42:05 +0200] "POST /wp-cron.php?doing_wp_cron=1789904525.1861801147460937500000 HTTP/1.1" 200 5512 "-" "WordPress/6.6.2; https://grupo-seg.com"
40.77.167.7 - - [20/Sep/2026:13:42:04 +0200] "GET /shimanorimitedo/0005824347.html HTTP/1.1" 301 5690 "-" "Mozilla/5.0 AppleWebKit/537.36 (KHTML, like Gecko; compatible; bingbot/2.0; +http://www.bing.com/bingbot.htm) Chrome/116.0.1938.76 Safari/537.36"
40.77.167.7 - - [20/Sep/2026:13:42:05 +0200] "GET /?jf8=13d9s3930d HTTP/1.1" 301 5627 "-" "Mozilla/5.0 AppleWebKit/537.36 (KHTML, like Gecko; compatible; bingbot/2.0; +http://www.bing.com/bingbot.htm) Chrome/116.0.1938.76 Safari/537.36"
89.248.107.232 - - [20/Sep/2026:13:42:05 +0200] "POST /wp-admin/admin-ajax.php?action=async_litespeed&nonce=c23640a689&litespeed_type=imgoptm HTTP/1.1" 200 5698 "-" "WordPress/6.6.2; https://grupo-seg.com"
40.77.167.48 - - [20/Sep/2026:13:42:15 +0200] "GET /tnsl766730rspcutidotpodisd.html HTTP/1.1" 404 97421 "-" "Mozilla/5.0 AppleWebKit/537.36 (KHTML, like Gecko; compatible; bingbot/2.0; +http://www.bing.com/bingbot.htm) Chrome/116.0.1938.76 Safari/537.36"
40.77.167.48 - - [20/Sep/2026:13:42:17 +0200] "GET /ibxl1532554z7si16d4/0o3958gdo2.htm HTTP/1.1" 404 97436 "-" "Mozilla/5.0 AppleWebKit/537.36 (KHTML, like Gecko; compatible; bingbot/2.0; +http://www.bing.com/bingbot.htm) Chrome/116.0.1938.76 Safari/537.36"
89.248.107.232 - - [20/Sep/2026:13:43:54 +0200] "POST /wp-cron.php?doing_wp_cron=1789904634.2088119983673095703125 HTTP/1.1" 200 5512 "-" "WordPress/6.6.2; https://grupo-seg.com"
162.241.224.83 - - [20/Sep/2026:13:43:53 +0200] "GET /wp-login.php HTTP/1.1" 200 13732 "https://seg-sa.es/" "Mozilla/5.0 (Macintosh; Intel Mac OS X 10_15_7) AppleWebKit/537.36 (KHTML, like Gecko) Chrome/152.0.0.0 Safari/537.36"
89.248.107.232 - - [20/Sep/2026:13:43:54 +0200] "POST /wp-admin/admin-ajax.php?action=async_litespeed&nonce=c23640a689&litespeed_type=imgoptm HTTP/1.1" 200 5698 "-" "WordPress/6.6.2; https://grupo-seg.com"
162.241.224.83 - - [20/Sep/2026:13:43:54 +0200] "POST /wp-login.php HTTP/1.1" 503 25298 "https://seg-sa.es/wp-login.php" "Mozilla/5.0 (Macintosh; Intel Mac OS X 10_15_7) AppleWebKit/537.36 (KHTML, like Gecko) Chrome/152.0.0.0 Safari/537.36"
162.241.224.83 - - [20/Sep/2026:13:43:56 +0200] "POST /wp-login.php HTTP/1.1" 503 24035 "https://seg-sa.es/wp-login.php" "Mozilla/5.0 (Macintosh; Intel Mac OS X 10_15_7) AppleWebKit/537.36 (KHTML, like Gecko) Chrome/152.0.0.0 Safari/537.36"
162.241.224.83 - - [20/Sep/2026:13:43:57 +0200] "POST /wp-login.php HTTP/1.1" 503 24035 "https://seg-sa.es/wp-login.php" "Mozilla/5.0 (Macintosh; Intel Mac OS X 10_15_7) AppleWebKit/537.36 (KHTML, like Gecko) Chrome/152.0.0.0 Safari/537.36"
162.241.224.83 - - [20/Sep/2026:13:43:58 +0200] "GET /wp-json/wp/v2/users/me HTTP/1.1" 503 24035 "https://seg-sa.es/" "Mozilla/5.0 (Macintosh; Intel Mac OS X 10_15_7) AppleWebKit/537.36 (KHTML, like Gecko) Chrome/152.0.0.0 Safari/537.36"
162.241.224.83 - - [20/Sep/2026:13:43:59 +0200] "GET /wp-json/wp/v2/users/me HTTP/1.1" 503 24035 "https://seg-sa.es/" "Mozilla/5.0 (Macintosh; Intel Mac OS X 10_15_7) AppleWebKit/537.36 (KHTML, like Gecko) Chrome/152.0.0.0 Safari/537.36"
162.241.224.83 - - [20/Sep/2026:13:44:01 +0200] "GET /wp-json/wp/v2/users/me HTTP/1.1" 503 24035 "https://seg-sa.es/" "Mozilla/5.0 (Macintosh; Intel Mac OS X 10_15_7) AppleWebKit/537.36 (KHTML, like Gecko) Chrome/152.0.0.0 Safari/537.36"
89.248.107.232 - - [20/Sep/2026:13:44:15 +0200] "POST /?wordfence_syncAttackData=1789904655.824 HTTP/1.1" 200 5452 "-" "WordPress/6.6.2; https://grupo-seg.com"
89.248.107.232 - - [20/Sep/2026:13:44:16 +0200] "POST /wp-cron.php?doing_wp_cron=1789904656.4772930145263671875000 HTTP/1.1" 200 5512 "-" "WordPress/6.6.2; https://grupo-seg.com"
216.244.66.239 - - [20/Sep/2026:13:44:15 +0200] "GET /es/areas-de-actividad/aeropuertos/referencias-destacadas-en-aeropuertos?format=feed&type=atom HTTP/1.1" 404 97611 "-" "Mozilla/5.0 (compatible; DotBot/1.2; +https://opensiteexplorer.org/dotbot; help@moz.com)"
89.248.107.232 - - [20/Sep/2026:13:44:17 +0200] "POST /wp-admin/admin-ajax.php?action=async_litespeed&nonce=c23640a689&litespeed_type=imgoptm HTTP/1.1" 200 5698 "-" "WordPress/6.6.2; https://grupo-seg.com"
89.248.107.232 - - [20/Sep/2026:13:44:52 +0200] "POST /wp-cron.php?doing_wp_cron=1789904692.7079839706420898437500 HTTP/1.1" 200 5512 "-" "WordPress/6.6.2; https://grupo-seg.com"
52.167.144.231 - - [20/Sep/2026:13:44:52 +0200] "GET /roisukureyonbota/0004361287.html HTTP/1.1" 301 5691 "-" "Mozilla/5.0 AppleWebKit/537.36 (KHTML, like Gecko; compatible; bingbot/2.0; +http://www.bing.com/bingbot.htm) Chrome/116.0.1938.76 Safari/537.36"
89.248.107.232 - - [20/Sep/2026:13:44:53 +0200] "POST /wp-admin/admin-ajax.php?action=async_litespeed&nonce=c23640a689&litespeed_type=imgoptm HTTP/1.1" 200 5698 "-" "WordPress/6.6.2; https://grupo-seg.com"
89.248.107.232 - - [20/Sep/2026:13:44:56 +0200] "POST /wp-cron.php?doing_wp_cron=1789904696.5702149868011474609375 HTTP/1.1" 200 5512 "-" "WordPress/6.6.2; https://grupo-seg.com"
40.77.167.48 - - [20/Sep/2026:13:44:56 +0200] "GET /roisukureyonbota/0004361287.html HTTP/1.1" 404 97436 "-" "Mozilla/5.0 AppleWebKit/537.36 (KHTML, like Gecko; compatible; bingbot/2.0; +http://www.bing.com/bingbot.htm) Chrome/116.0.1938.76 Safari/537.36"
89.248.107.232 - - [20/Sep/2026:13:45:03 +0200] "POST /wp-cron.php?doing_wp_cron=1789904702.9990320205688476562500 HTTP/1.1" 200 5512 "-" "WordPress/6.6.2; https://grupo-seg.com"
82.165.14.195 - - [20/Sep/2026:13:45:02 +0200] "GET / HTTP/1.1" 200 165817 "-" "Mozilla/5.0 (compatible; ExportingCloud-WebIndexer/1.1; +https://exportingcloud.com/)"
82.165.14.195 - - [20/Sep/2026:13:45:09 +0200] "GET / HTTP/1.1" 200 165817 "-" "Mozilla/5.0 (compatible; ExportingCloud-WebIndexer/1.1; +https://exportingcloud.com/)"
82.165.14.195 - - [20/Sep/2026:13:45:16 +0200] "GET / HTTP/1.1" 200 165817 "-" "Mozilla/5.0 (compatible; ExportingCloud-WebIndexer/1.1; +https://exportingcloud.com/)"
51.8.102.233 - - [20/Sep/2026:13:45:21 +0200] "GET /robots.txt HTTP/1.1" 301 5576 "-" "Mozilla/5.0 (Macintosh; Intel Mac OS X 10_15_7) AppleWebKit/537.36 (KHTML, like Gecko) Chrome/131.0.0.0 Safari/537.36; compatible; OAI-SearchBot/1.0; +https://openai.com/searchbot"
51.8.102.4 - - [20/Sep/2026:13:45:22 +0200] "GET /robots.txt HTTP/1.1" 200 5679 "-" "Mozilla/5.0 (Macintosh; Intel Mac OS X 10_15_7) AppleWebKit/537.36 (KHTML, like Gecko) Chrome/131.0.0.0 Safari/537.36; compatible; OAI-SearchBot/1.0; +https://openai.com/searchbot"
89.248.107.232 - - [20/Sep/2026:13:47:14 +0200] "POST /wp-cron.php?doing_wp_cron=1789904834.2322390079498291015625 HTTP/1.1" 200 5512 "-" "WordPress/6.6.2; https://grupo-seg.com"
185.33.86.18 - - [20/Sep/2026:13:47:13 +0200] "GET /webmail/ HTTP/1.1" 404 97421 "-" "Mozilla/5.0 (Windows NT 10.0; WOW64; rv:47.0) Gecko/20100101 Firefox/47.0"
89.248.107.232 - - [20/Sep/2026:13:47:14 +0200] "POST /wp-admin/admin-ajax.php?action=async_litespeed&nonce=c23640a689&litespeed_type=imgoptm HTTP/1.1" 200 5698 "-" "WordPress/6.6.2; https://grupo-seg.com"
185.33.86.18 - - [20/Sep/2026:13:47:15 +0200] "GET /webmail/ HTTP/1.1" 404 97421 "-" "Mozilla/5.0 (Windows NT 10.0; WOW64; rv:47.0) Gecko/20100101 Firefox/47.0"
89.248.107.232 - - [20/Sep/2026:13:47:52 +0200] "POST /wp-cron.php?doing_wp_cron=1789904872.3917350769042968750000 HTTP/1.1" 200 5512 "-" "WordPress/6.6.2; https://grupo-seg.com"
40.77.167.48 - - [20/Sep/2026:13:47:51 +0200] "GET /jrst901061ogddidp/sioosts.html HTTP/1.1" 404 97436 "-" "Mozilla/5.0 AppleWebKit/537.36 (KHTML, like Gecko; compatible; bingbot/2.0; +http://www.bing.com/bingbot.htm) Chrome/116.0.1938.76 Safari/537.36"
89.248.107.232 - - [20/Sep/2026:13:47:53 +0200] "POST /wp-admin/admin-ajax.php?action=async_litespeed&nonce=c23640a689&litespeed_type=imgoptm HTTP/1.1" 200 5698 "-" "WordPress/6.6.2; https://grupo-seg.com"
89.248.107.232 - - [20/Sep/2026:13:47:56 +0200] "POST /wp-cron.php?doing_wp_cron=1789904876.4904179573059082031250 HTTP/1.1" 200 5512 "-" "WordPress/6.6.2; https://grupo-seg.com/en/"
52.167.144.212 - - [20/Sep/2026:13:47:56 +0200] "GET /en/category/spain/ HTTP/1.1" 200 104049 "-" "Mozilla/5.0 AppleWebKit/537.36 (KHTML, like Gecko; compatible; bingbot/2.0; +http://www.bing.com/bingbot.htm) Chrome/116.0.1938.76 Safari/537.36"
89.248.107.232 - - [20/Sep/2026:13:48:21 +0200] "POST /wp-cron.php?doing_wp_cron=1789904901.1642749309539794921875 HTTP/1.1" 200 5512 "-" "WordPress/6.6.2; https://grupo-seg.com"
35.198.113.100 - - [20/Sep/2026:13:48:20 +0200] "GET /robots.txt HTTP/1.1" 200 5679 "-" "LinkupBot/1.0 (LinkupBot for web indexing; https://linkup.so/bot; bot@linkup.so)"
35.198.113.100 - - [20/Sep/2026:13:48:21 +0200] "GET /avanzan-las-obras-de-restitucion-del-ferrocarril-en-la-linea-madrid-hendaya-gabiria-espana/ HTTP/1.1" 200 122850 "-" "LinkupBot/1.0 (LinkupBot for web indexing; https://linkup.so/bot; bot@linkup.so)"
35.198.113.100 - - [20/Sep/2026:13:48:23 +0200] "GET /en/countries/bolivia/ HTTP/1.1" 200 174141 "-" "LinkupBot/1.0 (LinkupBot for web indexing; https://linkup.so/bot; bot@linkup.so)"
89.248.107.232 - - [20/Sep/2026:13:48:26 +0200] "POST /wp-cron.php?doing_wp_cron=1789904906.1158840656280517578125 HTTP/1.1" 200 5512 "-" "WordPress/6.6.2; https://grupo-seg.com/en/"
35.198.113.100 - - [20/Sep/2026:13:48:25 +0200] "GET /en/privacy-policy/ HTTP/1.1" 200 140617 "-" "LinkupBot/1.0 (LinkupBot for web indexing; https://linkup.so/bot; bot@linkup.so)"
89.248.107.232 - - [20/Sep/2026:13:48:27 +0200] "POST /wp-admin/admin-ajax.php?action=async_litespeed&nonce=c23640a689&litespeed_type=imgoptm HTTP/1.1" 200 5698 "-" "WordPress/6.6.2; https://grupo-seg.com"
35.198.113.100 - - [20/Sep/2026:13:48:28 +0200] "GET /portfolio/certificacion-y-supervision-de-un-vlt-en-el-sistema-integrado-metropolitano-de-baixada-santista/ HTTP/1.1" 200 117407 "-" "LinkupBot/1.0 (LinkupBot for web indexing; https://linkup.so/bot; bot@linkup.so)"
35.198.113.100 - - [20/Sep/2026:13:48:32 +0200] "GET /paises/paraguay/ HTTP/1.1" 200 169934 "-" "LinkupBot/1.0 (LinkupBot for web indexing; https://linkup.so/bot; bot@linkup.so)"
35.198.113.100 - - [20/Sep/2026:13:48:34 +0200] "GET /portfolio/parque-logistico-de-ribarroja/ HTTP/1.1" 200 116492 "-" "LinkupBot/1.0 (LinkupBot for web indexing; https://linkup.so/bot; bot@linkup.so)"
35.198.113.100 - - [20/Sep/2026:13:48:36 +0200] "GET /portfolio/sistemas-de-transporte-por-cable-aereo-para-las-localidades-de-santafe-y-la-candelaria-y-de-obras-complementarias/ HTTP/1.1" 200 117577 "-" "LinkupBot/1.0 (LinkupBot for web indexing; https://linkup.so/bot; bot@linkup.so)"
35.198.113.100 - - [20/Sep/2026:13:48:38 +0200] "GET /portfolio/supervision-de-la-construccion-de-la-via-costa-verde-tramo-el-callao/ HTTP/1.1" 200 117114 "-" "LinkupBot/1.0 (LinkupBot for web indexing; https://linkup.so/bot; bot@linkup.so)"
89.248.107.232 - - [20/Sep/2026:13:49:05 +0200] "POST /wp-cron.php?doing_wp_cron=1789904945.2286460399627685546875 HTTP/1.1" 200 5512 "-" "WordPress/6.6.2; https://grupo-seg.com"
137.131.43.163 - - [20/Sep/2026:13:49:04 +0200] "GET / HTTP/1.1" 200 165817 "-" "Mozilla/5.0 (Windows NT 10.0; Win64; x64) AppleWebKit/537.36 (KHTML, like Gecko) Chrome/80.0.3987.149 Safari/537.36"
137.131.43.163 - - [20/Sep/2026:13:49:06 +0200] "GET //wp-includes/wlwmanifest.xml HTTP/1.1" 301 5686 "-" "Mozilla/5.0 (Windows NT 10.0; Win64; x64) AppleWebKit/537.36 (KHTML, like Gecko) Chrome/80.0.3987.149 Safari/537.36"
137.131.43.163 - - [20/Sep/2026:13:49:07 +0200] "GET //xmlrpc.php?rsd HTTP/1.1" 200 6259 "-" "Mozilla/5.0 (Windows NT 10.0; Win64; x64) AppleWebKit/537.36 (KHTML, like Gecko) Chrome/80.0.3987.149 Safari/537.36"
137.131.43.163 - - [20/Sep/2026:13:49:07 +0200] "GET //?author=1 HTTP/1.1" 404 73720 "-" "Mozilla/5.0 (Windows NT 10.0; Win64; x64) AppleWebKit/537.36 (KHTML, like Gecko) Chrome/80.0.3987.149 Safari/537.36"
137.131.43.163 - - [20/Sep/2026:13:49:08 +0200] "GET //?author=2 HTTP/1.1" 404 73720 "-" "Mozilla/5.0 (Windows NT 10.0; Win64; x64) AppleWebKit/537.36 (KHTML, like Gecko) Chrome/80.0.3987.149 Safari/537.36"
137.131.43.163 - - [20/Sep/2026:13:49:10 +0200] "GET //wp-json/wp/v2/users/ HTTP/1.1" 401 5951 "-" "Mozilla/5.0 (Windows NT 10.0; Win64; x64) AppleWebKit/537.36 (KHTML, like Gecko) Chrome/80.0.3987.149 Safari/537.36"
137.131.43.163 - - [20/Sep/2026:13:49:10 +0200] "GET //wp-json/oembed/1.0/embed?url=https://grupo-seg.com/ HTTP/1.1" 200 7829 "-" "Mozilla/5.0 (Windows NT 10.0; Win64; x64) AppleWebKit/537.36 (KHTML, like Gecko) Chrome/80.0.3987.149 Safari/537.36"
137.131.43.163 - - [20/Sep/2026:13:49:11 +0200] "POST //xmlrpc.php HTTP/1.1" 200 5891 "-" "Mozilla/5.0 (Windows NT 10.0; Win64; x64) AppleWebKit/537.36 (KHTML, like Gecko) Chrome/80.0.3987.149 Safari/537.36"
137.131.43.163 - - [20/Sep/2026:13:49:11 +0200] "POST //xmlrpc.php HTTP/1.1" 503 25081 "-" "Mozilla/5.0 (Windows NT 10.0; Win64; x64) AppleWebKit/537.36 (KHTML, like Gecko) Chrome/80.0.3987.149 Safari/537.36"
89.248.107.232 - - [20/Sep/2026:13:49:58 +0200] "POST /wp-cron.php?doing_wp_cron=1789904998.1891279220581054687500 HTTP/1.1" 200 5512 "-" "WordPress/6.6.2; https://grupo-seg.com"
43.155.129.131 - - [20/Sep/2026:13:49:57 +0200] "GET / HTTP/1.1" 200 157019 "https://www.seg-sa.es/" "Mozilla/5.0 (iPhone; CPU iPhone OS 13_2_3 like Mac OS X) AppleWebKit/605.1.15 (KHTML, like Gecko) Version/13.0.3 Mobile/15E148 Safari/604.1"
89.248.107.232 - - [20/Sep/2026:13:49:59 +0200] "POST /wp-admin/admin-ajax.php?action=async_litespeed&nonce=c23640a689&litespeed_type=imgoptm HTTP/1.1" 200 5698 "-" "WordPress/6.6.2; https://grupo-seg.com"
45.10.162.54 - - [20/Sep/2026:13:51:53 +0200] "GET /wp-content/uploads/2023/05/SEG_Proyectos_Carreteras_Top_04.jpg HTTP/2.0" 200 142322 "-" "Mozilla/5.0 (Windows NT 10.0; Win64; x64) AppleWebKit/537.36 (KHTML, like Gecko) Chrome/110.0.0.0 Safari/537.36"
89.248.107.232 - - [20/Sep/2026:13:51:58 +0200] "POST /wp-cron.php?doing_wp_cron=1789905118.5349979400634765625000 HTTP/1.1" 200 5512 "-" "WordPress/6.6.2; https://grupo-seg.com"
51.89.72.1 - - [20/Sep/2026:13:51:58 +0200] "GET /robots.txt HTTP/1.1" 200 5679 "-" "Mozilla/5.0 (compatible; AhrefsBot/7.0; +http://ahrefs.com/robot/)"
89.248.107.232 - - [20/Sep/2026:13:51:59 +0200] "POST /wp-admin/admin-ajax.php?action=async_litespeed&nonce=c23640a689&litespeed_type=imgoptm HTTP/1.1" 200 5698 "-" "WordPress/6.6.2; https://grupo-seg.com"
89.248.107.232 - - [20/Sep/2026:13:52:00 +0200] "POST /wp-cron.php?doing_wp_cron=1789905120.5330948829650878906250 HTTP/1.1" 200 5512 "-" "WordPress/6.6.2; https://grupo-seg.com"
54.38.147.54 - - [20/Sep/2026:13:52:00 +0200] "GET /wp-sitemap.xml HTTP/1.1" 200 6217 "-" "Mozilla/5.0 (compatible; AhrefsBot/7.0; +http://ahrefs.com/robot/)"
51.195.244.163 - - [20/Sep/2026:13:52:01 +0200] "GET /wp-sitemap-posts-post-1.xml HTTP/1.1" 200 8170 "-" "Mozilla/5.0 (compatible; AhrefsBot/7.0; +http://ahrefs.com/robot/)"
198.244.168.190 - - [20/Sep/2026:13:52:02 +0200] "GET /wp-sitemap-posts-page-1.xml HTTP/1.1" 200 9189 "-" "Mozilla/5.0 (compatible; AhrefsBot/7.0; +http://ahrefs.com/robot/)"
89.248.107.232 - - [20/Sep/2026:13:52:04 +0200] "POST /wp-cron.php?doing_wp_cron=1789905124.0484681129455566406250 HTTP/1.1" 200 5512 "-" "WordPress/6.6.2; https://grupo-seg.com"
198.244.168.168 - - [20/Sep/2026:13:52:03 +0200] "GET /wp-sitemap-posts-portfolio-1.xml HTTP/1.1" 200 17286 "-" "Mozilla/5.0 (compatible; AhrefsBot/7.0; +http://ahrefs.com/robot/)"
51.89.129.49 - - [20/Sep/2026:13:52:04 +0200] "GET /wp-sitemap-posts-mgeo_map-1.xml HTTP/1.1" 200 6011 "-" "Mozilla/5.0 (compatible; AhrefsBot/7.0; +http://ahrefs.com/robot/)"
51.195.244.121 - - [20/Sep/2026:13:52:05 +0200] "GET /wp-sitemap-taxonomies-category-1.xml HTTP/1.1" 200 6256 "-" "Mozilla/5.0 (compatible; AhrefsBot/7.0; +http://ahrefs.com/robot/)"
51.89.129.9 - - [20/Sep/2026:13:52:06 +0200] "GET /wp-sitemap-taxonomies-project-type-1.xml HTTP/1.1" 200 6924 "-" "Mozilla/5.0 (compatible; AhrefsBot/7.0; +http://ahrefs.com/robot/)"
40.77.167.11 - - [20/Sep/2026:13:52:14 +0200] "GET /abcd903992sogmotediids.html HTTP/1.1" 404 97436 "-" "Mozilla/5.0 AppleWebKit/537.36 (KHTML, like Gecko; compatible; bingbot/2.0; +http://www.bing.com/bingbot.htm) Chrome/116.0.1938.76 Safari/537.36"
40.77.167.58 - - [20/Sep/2026:13:52:19 +0200] "GET /ihve773348rtdimptdiouesc HTTP/1.1" 404 97436 "-" "Mozilla/5.0 AppleWebKit/537.36 (KHTML, like Gecko; compatible; bingbot/2.0; +http://www.bing.com/bingbot.htm) Chrome/116.0.1938.76 Safari/537.36"
89.248.107.232 - - [20/Sep/2026:13:53:03 +0200] "POST /wp-cron.php?doing_wp_cron=1789905183.5104439258575439453125 HTTP/1.1" 200 5512 "-" "WordPress/6.6.2; https://grupo-seg.com"
52.167.144.169 - - [20/Sep/2026:13:53:03 +0200] "GET /elsr1208869smite/itm.htm HTTP/1.1" 301 5683 "-" "Mozilla/5.0 AppleWebKit/537.36 (KHTML, like Gecko; compatible; bingbot/2.0; +http://www.bing.com/bingbot.htm) Chrome/116.0.1938.76 Safari/537.36"
89.248.107.232 - - [20/Sep/2026:13:53:04 +0200] "POST /wp-admin/admin-ajax.php?action=async_litespeed&nonce=c23640a689&litespeed_type=imgoptm HTTP/1.1" 200 5698 "-" "WordPress/6.6.2; https://grupo-seg.com"
205.210.31.56 - - [20/Sep/2026:13:53:06 +0200] "GET / HTTP/1.1" 200 165847 "-" "Hello from Palo Alto Networks, find out more about our scans in https://docs-cortex.paloaltonetworks.com/r/1/Cortex-Xpanse/Scanning-activity"
89.248.107.232 - - [20/Sep/2026:13:54:32 +0200] "POST /wp-cron.php?doing_wp_cron=1789905272.4514880180358886718750 HTTP/1.1" 200 5512 "-" "WordPress/6.6.2; https://grupo-seg.com"
62.60.130.198 - - [20/Sep/2026:13:54:32 +0200] "GET /.vscode/sftp.json HTTP/1.1" 301 5676 "-" "Mozilla/5.0 (Windows NT 10.0; Win64; x64) AppleWebKit/537.36 (KHTML, like Gecko) Chrome/114.0.0.0 Safari/537.36"
89.248.107.232 - - [20/Sep/2026:13:54:33 +0200] "POST /wp-admin/admin-ajax.php?action=async_litespeed&nonce=c23640a689&litespeed_type=imgoptm HTTP/1.1" 200 5698 "-" "WordPress/6.6.2; https://grupo-seg.com"
62.60.130.198 - - [20/Sep/2026:13:54:32 +0200] "GET /.vscode/sftp.json HTTP/1.1" 404 97436 "-" "Mozilla/5.0 (Windows NT 10.0; Win64; x64) AppleWebKit/537.36 (KHTML, like Gecko) Chrome/114.0.0.0 Safari/537.36"
62.60.130.198 - - [20/Sep/2026:13:54:34 +0200] "GET /sftp-config.json HTTP/1.1" 301 5675 "-" "Mozilla/5.0 (Windows NT 10.0; Win64; x64) AppleWebKit/537.36 (KHTML, like Gecko) Chrome/114.0.0.0 Safari/537.36"
62.60.130.198 - - [20/Sep/2026:13:54:35 +0200] "GET /sftp-config.json HTTP/1.1" 404 97421 "-" "Mozilla/5.0 (Windows NT 10.0; Win64; x64) AppleWebKit/537.36 (KHTML, like Gecko) Chrome/114.0.0.0 Safari/537.36"
121.29.51.109 - - [20/Sep/2026:13:54:36 +0200] "GET / HTTP/1.1" 200 156989 "-" "Dalvik/2.1.0 (Linux; U; Android 9.0; ZTE BA520 Build/MRA58K)"
89.248.107.232 - - [20/Sep/2026:13:54:46 +0200] "POST /wp-cron.php?doing_wp_cron=1789905286.4394390583038330078125 HTTP/1.1" 200 5512 "-" "WordPress/6.6.2; https://grupo-seg.com"
40.77.167.58 - - [20/Sep/2026:13:54:46 +0200] "GET /armg245774z189p6to074ss523id HTTP/1.1" 404 97421 "-" "Mozilla/5.0 AppleWebKit/537.36 (KHTML, like Gecko; compatible; bingbot/2.0; +http://www.bing.com/bingbot.htm) Chrome/116.0.1938.76 Safari/537.36"
44.250.61.183 - - [20/Sep/2026:13:54:50 +0200] "GET /cache/widgetkit/gallery/118/Foto2-52ce021e67.png HTTP/1.1" 404 97626 "https://www.seg-sa.es/cache/widgetkit/gallery/118/Foto2-52ce021e67.png" "Mozilla/5.0 (Windows NT 10.0; Win64; x64) AppleWebKit/537.36 (KHTML, like Gecko) Chrome/144.0.0.0 Safari/537.36"
89.248.107.232 - - [20/Sep/2026:13:55:22 +0200] "POST /wp-cron.php?doing_wp_cron=1789905322.3537950515747070312500 HTTP/1.1" 200 5512 "-" "WordPress/6.6.2; https://grupo-seg.com"
52.167.144.180 - - [20/Sep/2026:13:55:21 +0200] "GET /teazer4er-tzaewi5e.html HTTP/1.1" 404 97421 "-" "Mozilla/5.0 AppleWebKit/537.36 (KHTML, like Gecko; compatible; bingbot/2.0; +http://www.bing.com/bingbot.htm) Chrome/116.0.1938.76 Safari/537.36"
46.62.146.167 - - [20/Sep/2026:13:55:23 +0200] "GET /robots.txt HTTP/1.1" 200 5679 "-" "Mozilla/5.0 AppleWebKit/537.36 (KHTML, like Gecko; compatible; Bravebot/1.0; +https://search.brave.com/help/brave-search-crawler) Chrome/W.X.Y.Z Safari/537.36"
89.248.107.232 - - [20/Sep/2026:13:55:26 +0200] "POST /wp-cron.php?doing_wp_cron=1789905326.2145359516143798828125 HTTP/1.1" 200 5512 "-" "WordPress/6.6.2; https://grupo-seg.com"
40.77.167.11 - - [20/Sep/2026:13:55:25 +0200] "GET /riururakuhowaito/empresa.html HTTP/1.1" 404 97421 "-" "Mozilla/5.0 AppleWebKit/537.36 (KHTML, like Gecko; compatible; bingbot/2.0; +http://www.bing.com/bingbot.htm) Chrome/116.0.1938.76 Safari/537.36"
89.248.107.232 - - [20/Sep/2026:13:55:26 +0200] "POST /wp-admin/admin-ajax.php?action=async_litespeed&nonce=c23640a689&litespeed_type=imgoptm HTTP/1.1" 200 5698 "-" "WordPress/6.6.2; https://grupo-seg.com"
89.248.107.232 - - [20/Sep/2026:13:56:22 +0200] "POST /wp-cron.php?doing_wp_cron=1789905382.4150199890136718750000 HTTP/1.1" 200 5512 "-" "WordPress/6.6.2; https://grupo-seg.com"
43.157.43.147 - - [20/Sep/2026:13:56:21 +0200] "GET / HTTP/1.1" 301 5612 "http://serynco.es" "Mozilla/5.0 (iPhone; CPU iPhone OS 13_2_3 like Mac OS X) AppleWebKit/605.1.15 (KHTML, like Gecko) Version/13.0.3 Mobile/15E148 Safari/604.1"
43.157.43.147 - - [20/Sep/2026:13:56:23 +0200] "GET / HTTP/1.1" 200 157019 "https://www.grupo-seg.com/" "Mozilla/5.0 (iPhone; CPU iPhone OS 13_2_3 like Mac OS X) AppleWebKit/605.1.15 (KHTML, like Gecko) Version/13.0.3 Mobile/15E148 Safari/604.1"
89.248.107.232 - - [20/Sep/2026:13:57:10 +0200] "POST /wp-cron.php?doing_wp_cron=1789905430.2826180458068847656250 HTTP/1.1" 200 5512 "-" "WordPress/6.6.2; https://grupo-seg.com"
185.33.86.18 - - [20/Sep/2026:13:57:09 +0200] "GET /webmail/ HTTP/1.1" 404 97421 "-" "Mozilla/5.0 (Windows NT 10.0; WOW64; rv:47.0) Gecko/20100101 Firefox/47.0"
89.248.107.232 - - [20/Sep/2026:13:57:10 +0200] "POST /wp-admin/admin-ajax.php?action=async_litespeed&nonce=c23640a689&litespeed_type=imgoptm HTTP/1.1" 200 5698 "-" "WordPress/6.6.2; https://grupo-seg.com"
185.33.86.18 - - [20/Sep/2026:13:57:12 +0200] "GET /webmail/ HTTP/1.1" 404 97436 "-" "Mozilla/5.0 (Windows NT 10.0; WOW64; rv:47.0) Gecko/20100101 Firefox/47.0"
89.248.107.232 - - [20/Sep/2026:13:59:28 +0200] "POST /wp-cron.php?doing_wp_cron=1789905568.2577428817749023437500 HTTP/1.1" 200 5512 "-" "WordPress/6.6.2; https://grupo-seg.com"
52.167.144.180 - - [20/Sep/2026:13:59:27 +0200] "GET /twuk362996dtdioossoipdgs.html HTTP/1.1" 404 97421 "-" "Mozilla/5.0 AppleWebKit/537.36 (KHTML, like Gecko; compatible; bingbot/2.0; +http://www.bing.com/bingbot.htm) Chrome/116.0.1938.76 Safari/537.36"
89.248.107.232 - - [20/Sep/2026:13:59:29 +0200] "POST /wp-admin/admin-ajax.php?action=async_litespeed&nonce=c23640a689&litespeed_type=imgoptm HTTP/1.1" 200 5698 "-" "WordPress/6.6.2; https://grupo-seg.com"
40.77.167.24 - - [20/Sep/2026:13:59:32 +0200] "GET /konchinentarugura/0005492826.html HTTP/1.1" 404 97421 "-" "Mozilla/5.0 AppleWebKit/537.36 (KHTML, like Gecko; compatible; bingbot/2.0; +http://www.bing.com/bingbot.htm) Chrome/116.0.1938.76 Safari/537.36"
89.248.107.232 - - [20/Sep/2026:14:00:16 +0200] "POST /wp-cron.php?doing_wp_cron=1789905616.6469500064849853515625 HTTP/1.1" 200 5512 "-" "WordPress/6.6.2; https://grupo-seg.com/en/"
119.30.118.61 - - [20/Sep/2026:14:00:16 +0200] "GET /en/category/argentina-en HTTP/1.1" 301 5591 "https://grupo-seg.com/" "Mozilla/5.0 (Windows NT 6.3; Win64; x64) AppleWebKit/537.36 (KHTML, like Gecko) Chrome/64.0.3602.145 Safari/537.36"
119.30.118.61 - - [20/Sep/2026:14:00:17 +0200] "GET /en/category/argentina-en/ HTTP/1.1" 200 104655 "https://grupo-seg.com/" "Mozilla/5.0 (Windows NT 6.3; Win64; x64) AppleWebKit/537.36 (KHTML, like Gecko) Chrome/64.0.3602.145 Safari/537.36"
89.248.107.232 - - [20/Sep/2026:14:00:44 +0200] "POST /wp-cron.php?doing_wp_cron=1789905644.4269208908081054687500 HTTP/1.1" 200 5512 "-" "WordPress/6.6.2; https://grupo-seg.com"
40.77.167.72 - - [20/Sep/2026:14:00:44 +0200] "GET /ihve863117z4s3i6/1725t9em08.html HTTP/1.1" 301 5691 "-" "Mozilla/5.0 AppleWebKit/537.36 (KHTML, like Gecko; compatible; bingbot/2.0; +http://www.bing.com/bingbot.htm) Chrome/116.0.1938.76 Safari/537.36"
89.248.107.232 - - [20/Sep/2026:14:00:45 +0200] "POST /wp-admin/admin-ajax.php?action=async_litespeed&nonce=16c258032d&litespeed_type=imgoptm HTTP/1.1" 200 5698 "-" "WordPress/6.6.2; https://grupo-seg.com"
89.248.107.232 - - [20/Sep/2026:14:01:04 +0200] "POST /wp-cron.php?doing_wp_cron=1789905664.7184100151062011718750 HTTP/1.1" 200 5512 "-" "WordPress/6.6.2; https://grupo-seg.com"
87.116.132.27 - - [20/Sep/2026:14:01:04 +0200] "GET /wp-login.php HTTP/1.1" 200 13732 "-" "Mozilla/5.0 (Macintosh; Intel Mac OS X 10_15_7) AppleWebKit/537.36 (KHTML, like Gecko) Chrome/146.0.0.0 Safari/537.36"
87.116.132.27 - - [20/Sep/2026:14:01:05 +0200] "POST /wp-login.php HTTP/1.1" 200 14224 "https://grupo-seg.com/wp-login.php" "Mozilla/5.0 (Macintosh; Intel Mac OS X 10_15_7) AppleWebKit/537.36 (KHTML, like Gecko) Chrome/146.0.0.0 Safari/537.36"
121.29.51.109 - - [20/Sep/2026:14:01:24 +0200] "GET /favicon.ico HTTP/1.1" 302 5672 "-" "Dalvik/2.1.0 (Linux; U; Android 9.0; ZTE BA520 Build/MRA58K)"
121.29.51.109 - - [20/Sep/2026:14:01:25 +0200] "GET /wp-content/uploads/2021/07/cropped-SED_FAV-32x32.png HTTP/1.1" 200 199 "-" "Dalvik/2.1.0 (Linux; U; Android 9.0; ZTE BA520 Build/MRA58K)"
89.248.107.232 - - [20/Sep/2026:14:02:50 +0200] "POST /wp-cron.php?doing_wp_cron=1789905770.3546659946441650390625 HTTP/1.1" 200 5512 "-" "WordPress/6.6.2; https://grupo-seg.com"
178.151.245.162 - - [20/Sep/2026:14:02:49 +0200] "GET /robots.txt HTTP/1.1" 200 5679 "-" "Mozilla/5.0 (compatible; MJ12bot/v1.4.8; http://mj12bot.com/)"
89.248.107.232 - - [20/Sep/2026:14:02:51 +0200] "POST /wp-admin/admin-ajax.php?action=async_litespeed&nonce=16c258032d&litespeed_type=imgoptm HTTP/1.1" 200 5698 "-" "WordPress/6.6.2; https://grupo-seg.com"
89.248.107.232 - - [20/Sep/2026:14:03:06 +0200] "POST /wp-cron.php?doing_wp_cron=1789905786.3719410896301269531250 HTTP/1.1" 200 5512 "-" "WordPress/6.6.2; https://grupo-seg.com/en/"
178.151.245.162 - - [20/Sep/2026:14:03:05 +0200] "GET /en/project-type/%C2%B7-airports/ HTTP/1.1" 200 117812 "-" "Mozilla/5.0 (compatible; MJ12bot/v1.4.8; http://mj12bot.com/)"
178.151.245.162 - - [20/Sep/2026:14:03:12 +0200] "GET /en/project-type/%C2%B7-airports/feed/ HTTP/1.1" 200 17890 "-" "Mozilla/5.0 (compatible; MJ12bot/v1.4.8; http://mj12bot.com/)"
178.151.245.162 - - [20/Sep/2026:14:03:18 +0200] "GET /en/project-type/%C2%B7-argentina/ HTTP/1.1" 200 102619 "-" "Mozilla/5.0 (compatible; MJ12bot/v1.4.8; http://mj12bot.com/)"
178.151.245.162 - - [20/Sep/2026:14:03:24 +0200] "GET /en/project-type/%C2%B7-argentina/feed/ HTTP/1.1" 200 9728 "-" "Mozilla/5.0 (compatible; MJ12bot/v1.4.8; http://mj12bot.com/)"
89.248.107.232 - - [20/Sep/2026:14:03:28 +0200] "POST /wp-cron.php?doing_wp_cron=1789905808.0651669502258300781250 HTTP/1.1" 200 5512 "-" "WordPress/6.6.2; https://grupo-seg.com/en/"
178.151.245.162 - - [20/Sep/2026:14:03:27 +0200] "GET /en/project-type/%C2%B7-bolivia-en/ HTTP/1.1" 200 102830 "-" "Mozilla/5.0 (compatible; MJ12bot/v1.4.8; http://mj12bot.com/)"
89.248.107.232 - - [20/Sep/2026:14:03:28 +0200] "POST /wp-admin/admin-ajax.php?action=async_litespeed&nonce=16c258032d&litespeed_type=imgoptm HTTP/1.1" 200 5698 "-" "WordPress/6.6.2; https://grupo-seg.com"
178.151.245.162 - - [20/Sep/2026:14:03:32 +0200] "GET /en/project-type/%C2%B7-colombia/ HTTP/1.1" 200 115653 "-" "Mozilla/5.0 (compatible; MJ12bot/v1.4.8; http://mj12bot.com/)"
178.151.245.162 - - [20/Sep/2026:14:03:35 +0200] "GET /en/project-type/%C2%B7-colombia/feed/ HTTP/1.1" 200 16592 "-" "Mozilla/5.0 (compatible; MJ12bot/v1.4.8; http://mj12bot.com/)"
178.151.245.162 - - [20/Sep/2026:14:03:38 +0200] "GET /en/project-type/%C2%B7-nicaragua/ HTTP/1.1" 200 102774 "-" "Mozilla/5.0 (compatible; MJ12bot/v1.4.8; http://mj12bot.com/)"
89.248.107.232 - - [20/Sep/2026:14:03:42 +0200] "POST /wp-cron.php?doing_wp_cron=1789905822.7465219497680664062500 HTTP/1.1" 200 5512 "-" "WordPress/6.6.2; https://grupo-seg.com/en/"
178.151.245.162 - - [20/Sep/2026:14:03:42 +0200] "GET /en/project-type/%C2%B7-nicaragua/feed/ HTTP/1.1" 200 8752 "-" "Mozilla/5.0 (compatible; MJ12bot/v1.4.8; http://mj12bot.com/)"
178.151.245.162 - - [20/Sep/2026:14:03:45 +0200] "GET /en/project-type/%C2%B7-roads/ HTTP/1.1" 200 117194 "-" "Mozilla/5.0 (compatible; MJ12bot/v1.4.8; http://mj12bot.com/)"
178.151.245.162 - - [20/Sep/2026:14:03:49 +0200] "GET /en/project-type/%C2%B7-roads/feed/ HTTP/1.1" 200 17924 "-" "Mozilla/5.0 (compatible; MJ12bot/v1.4.8; http://mj12bot.com/)"
178.151.245.162 - - [20/Sep/2026:14:03:51 +0200] "GET /en/project-type/%C2%B7-spain/ HTTP/1.1" 200 117278 "-" "Mozilla/5.0 (compatible; MJ12bot/v1.4.8; http://mj12bot.com/)"
89.248.107.232 - - [20/Sep/2026:14:03:56 +0200] "POST /wp-cron.php?doing_wp_cron=1789905836.7944750785827636718750 HTTP/1.1" 200 5512 "-" "WordPress/6.6.2; https://grupo-seg.com/en/"
178.151.245.162 - - [20/Sep/2026:14:03:56 +0200] "GET /en/project-type/%C2%B7-spain/feed/ HTTP/1.1" 200 16723 "-" "Mozilla/5.0 (compatible; MJ12bot/v1.4.8; http://mj12bot.com/)"
178.151.245.162 - - [20/Sep/2026:14:03:58 +0200] "GET /en/project-type/%C2%B7-various/ HTTP/1.1" 200 116861 "-" "Mozilla/5.0 (compatible; MJ12bot/v1.4.8; http://mj12bot.com/)"
89.248.107.232 - - [20/Sep/2026:14:04:03 +0200] "POST /wp-cron.php?doing_wp_cron=1789905843.2931859493255615234375 HTTP/1.1" 200 5512 "-" "WordPress/6.6.2; https://grupo-seg.com/en/"
178.151.245.162 - - [20/Sep/2026:14:04:02 +0200] "GET /en/project-type/%C2%B7-various/feed/ HTTP/1.1" 200 16564 "-" "Mozilla/5.0 (compatible; MJ12bot/v1.4.8; http://mj12bot.com/)"
178.151.245.162 - - [20/Sep/2026:14:04:05 +0200] "GET /en/project-type/%C2%B7-airports/page/2/ HTTP/1.1" 200 104713 "-" "Mozilla/5.0 (compatible; MJ12bot/v1.4.8; http://mj12bot.com/)"
178.151.245.162 - - [20/Sep/2026:14:04:08 +0200] "GET /en/project-type/%C2%B7-roads/page/2/ HTTP/1.1" 200 100873 "-" "Mozilla/5.0 (compatible; MJ12bot/v1.4.8; http://mj12bot.com/)"
177.66.88.157 - - [20/Sep/2026:14:04:08 +0200] "GET /en/portfolio/consultancy-for-the-updating-complementing-and-generation-of-the-environmental-viability-for-the-expansion-works-of-the-chingaza-system/ HTTP/1.1" 200 118181 "-" "Mozilla/5.0 (Macintosh; Intel Mac OS X 15.2; rv:132.0) Gecko/20100101 Firefox/132.0"
89.248.107.232 - - [20/Sep/2026:14:04:14 +0200] "POST /wp-cron.php?doing_wp_cron=1789905854.0319430828094482421875 HTTP/1.1" 200 5512 "-" "WordPress/6.6.2; https://grupo-seg.com/en/"
178.151.245.162 - - [20/Sep/2026:14:04:13 +0200] "GET /en/project-type/%C2%B7-spain/page/2/ HTTP/1.1" 200 116830 "-" "Mozilla/5.0 (compatible; MJ12bot/v1.4.8; http://mj12bot.com/)"
178.151.245.162 - - [20/Sep/2026:14:04:17 +0200] "GET /project-type/%C2%B7-bolivia/ HTTP/1.1" 200 102497 "-" "Mozilla/5.0 (compatible; MJ12bot/v1.4.8; http://mj12bot.com/)"
178.151.245.162 - - [20/Sep/2026:14:04:21 +0200] "GET /project-type/%C2%B7-bolivia/feed/ HTTP/1.1" 200 8375 "-" "Mozilla/5.0 (compatible; MJ12bot/v1.4.8; http://mj12bot.com/)"
89.248.107.232 - - [20/Sep/2026:14:05:17 +0200] "POST /wp-cron.php?doing_wp_cron=1789905917.3659210205078125000000 HTTP/1.1" 200 5512 "-" "WordPress/6.6.2; https://grupo-seg.com"
52.167.144.25 - - [20/Sep/2026:14:05:16 +0200] "GET /ibxl478280tisdooopdigsds HTTP/1.1" 404 97436 "-" "Mozilla/5.0 AppleWebKit/537.36 (KHTML, like Gecko; compatible; bingbot/2.0; +http://www.bing.com/bingbot.htm) Chrome/116.0.1938.76 Safari/537.36"
89.248.107.232 - - [20/Sep/2026:14:05:17 +0200] "POST /wp-admin/admin-ajax.php?action=async_litespeed&nonce=16c258032d&litespeed_type=imgoptm HTTP/1.1" 200 5698 "-" "WordPress/6.6.2; https://grupo-seg.com"
40.77.167.7 - - [20/Sep/2026:14:05:21 +0200] "GET /ahws1676890mogdsie/otids.htm HTTP/1.1" 404 97436 "-" "Mozilla/5.0 AppleWebKit/537.36 (KHTML, like Gecko; compatible; bingbot/2.0; +http://www.bing.com/bingbot.htm) Chrome/116.0.1938.76 Safari/537.36"
89.248.107.232 - - [20/Sep/2026:14:05:59 +0200] "POST /wp-cron.php?doing_wp_cron=1789905959.8935179710388183593750 HTTP/1.1" 200 5512 "-" "WordPress/6.6.2; https://grupo-seg.com"
121.29.51.109 - - [20/Sep/2026:14:05:59 +0200] "GET /favicon.ico HTTP/1.1" 302 5672 "-" "Dalvik/2.1.0 (Linux; U; Android 9.0; ZTE BA520 Build/MRA58K)"
89.248.107.232 - - [20/Sep/2026:14:06:00 +0200] "POST /wp-admin/admin-ajax.php?action=async_litespeed&nonce=16c258032d&litespeed_type=imgoptm HTTP/1.1" 200 5698 "-" "WordPress/6.6.2; https://grupo-seg.com"
121.29.51.109 - - [20/Sep/2026:14:06:00 +0200] "GET /wp-content/uploads/2021/07/cropped-SED_FAV-32x32.png HTTP/1.1" 200 199 "-" "Dalvik/2.1.0 (Linux; U; Android 9.0; ZTE BA520 Build/MRA58K)"
89.248.107.232 - - [20/Sep/2026:14:06:36 +0200] "POST /wp-cron.php?doing_wp_cron=1789905996.6218519210815429687500 HTTP/1.1" 200 5512 "-" "WordPress/6.6.2; https://grupo-seg.com"
121.29.51.109 - - [20/Sep/2026:14:06:36 +0200] "GET / HTTP/1.1" 200 165847 "-" "Mozilla/5.0 (Macintosh; Intel Mac OS X 10_11) AppleWebKit/601.1.27 (KHTML, like Gecko) Chrome/47.0.2526.106 Safari/601.1.27"
89.248.107.232 - - [20/Sep/2026:14:06:37 +0200] "POST /wp-admin/admin-ajax.php?action=async_litespeed&nonce=16c258032d&litespeed_type=imgoptm HTTP/1.1" 200 5698 "-" "WordPress/6.6.2; https://grupo-seg.com"
89.248.107.232 - - [20/Sep/2026:14:09:49 +0200] "POST /wp-cron.php?doing_wp_cron=1789906189.8417870998382568359375 HTTP/1.1" 200 5512 "-" "WordPress/6.6.2; https://grupo-seg.com"
52.167.144.147 - - [20/Sep/2026:14:09:49 +0200] "GET /arcd333589ottid/eissmps HTTP/1.1" 404 97436 "-" "Mozilla/5.0 AppleWebKit/537.36 (KHTML, like Gecko; compatible; bingbot/2.0; +http://www.bing.com/bingbot.htm) Chrome/116.0.1938.76 Safari/537.36"
40.77.167.7 - - [20/Sep/2026:14:09:50 +0200] "GET /ingenieria-basica-y-detalles-paso-desnivelado-estaciones-francia-y-baron/ HTTP/1.1" 301 5631 "-" "Mozilla/5.0 AppleWebKit/537.36 (KHTML, like Gecko; compatible; bingbot/2.0; +http://www.bing.com/bingbot.htm) Chrome/116.0.1938.76 Safari/537.36"
89.248.107.232 - - [20/Sep/2026:14:09:50 +0200] "POST /wp-admin/admin-ajax.php?action=async_litespeed&nonce=16c258032d&litespeed_type=imgoptm HTTP/1.1" 200 5698 "-" "WordPress/6.6.2; https://grupo-seg.com"
40.77.167.7 - - [20/Sep/2026:14:09:53 +0200] "GET /antihelix7ri/gu0fkp1s.html HTTP/1.1" 404 97421 "-" "Mozilla/5.0 AppleWebKit/537.36 (KHTML, like Gecko; compatible; bingbot/2.0; +http://www.bing.com/bingbot.htm) Chrome/116.0.1938.76 Safari/537.36"
89.248.107.232 - - [20/Sep/2026:14:10:00 +0200] "POST /wp-cron.php?doing_wp_cron=1789906200.6451659202575683593750 HTTP/1.1" 200 5512 "-" "WordPress/6.6.2; https://grupo-seg.com"
40.77.167.151 - - [20/Sep/2026:14:10:00 +0200] "GET /rmsy272464mdgetsi/empresa.html HTTP/1.1" 301 5689 "-" "Mozilla/5.0 AppleWebKit/537.36 (KHTML, like Gecko; compatible; bingbot/2.0; +http://www.bing.com/bingbot.htm) Chrome/116.0.1938.76 Safari/537.36"
89.248.107.232 - - [20/Sep/2026:14:10:03 +0200] "POST /wp-cron.php?doing_wp_cron=1789906203.9086771011352539062500 HTTP/1.1" 200 5512 "-" "WordPress/6.6.2; https://grupo-seg.com"
52.167.144.189 - - [20/Sep/2026:14:10:03 +0200] "GET /irkj1406773soptmds/tesii HTTP/1.1" 301 5683 "-" "Mozilla/5.0 AppleWebKit/537.36 (KHTML, like Gecko; compatible; bingbot/2.0; +http://www.bing.com/bingbot.htm) Chrome/116.0.1938.76 Safari/537.36"
35.198.113.100 - - [20/Sep/2026:14:10:08 +0200] "GET /robots.txt HTTP/1.1" 200 5679 "-" "LinkupBot/1.0 (LinkupBot for web indexing; https://linkup.so/bot; bot@linkup.so)"
35.198.113.100 - - [20/Sep/2026:14:10:09 +0200] "GET /paises/ecuador/ HTTP/1.1" 200 156635 "-" "LinkupBot/1.0 (LinkupBot for web indexing; https://linkup.so/bot; bot@linkup.so)"
103.71.161.54 - - [20/Sep/2026:14:10:24 +0200] "POST /?rest_route=/batch/v1 HTTP/1.1" 500 8034 "-" "Mozilla/5.0 (X11; Linux x86_64) AppleWebKit/537.36 (KHTML, like Gecko) Chrome/131.0.0.0 Safari/537.36"
89.248.107.232 - - [20/Sep/2026:14:10:46 +0200] "POST /wp-cron.php?doing_wp_cron=1789906246.7009899616241455078125 HTTP/1.1" 200 5512 "-" "WordPress/6.6.2; https://grupo-seg.com/en/"
35.198.113.100 - - [20/Sep/2026:14:10:46 +0200] "GET /en/services/ HTTP/1.1" 200 201679 "-" "LinkupBot/1.0 (LinkupBot for web indexing; https://linkup.so/bot; bot@linkup.so)"
35.198.113.100 - - [20/Sep/2026:14:10:50 +0200] "GET /en/portfolio/supervision-for-the-fencing-construction-of-safety-strips-and-maintenance-of-the-runway-taxiway-and-apron-of-the-leticia-airport/ HTTP/1.1" 200 118326 "-" "LinkupBot/1.0 (LinkupBot for web indexing; https://linkup.so/bot; bot@linkup.so)"
89.248.107.232 - - [20/Sep/2026:14:10:55 +0200] "POST /wp-cron.php?doing_wp_cron=1789906255.1555070877075195312500 HTTP/1.1" 200 5512 "-" "WordPress/6.6.2; https://grupo-seg.com/en/"
35.198.113.100 - - [20/Sep/2026:14:10:54 +0200] "GET /en/renovation-of-line-9-of-the-madrid-metro/ HTTP/1.1" 200 116383 "-" "LinkupBot/1.0 (LinkupBot for web indexing; https://linkup.so/bot; bot@linkup.so)"
35.198.113.100 - - [20/Sep/2026:14:10:57 +0200] "GET /portfolio/supervision-tecnica-del-proyecto-estudio-diseno-y-construccion-del-proyecto-de-rehabilitacion-estructural-del-tramo-marino-del-corredor-sur/ HTTP/1.1" 200 118079 "-" "LinkupBot/1.0 (LinkupBot for web indexing; https://linkup.so/bot; bot@linkup.so)"
35.198.113.100 - - [20/Sep/2026:14:10:59 +0200] "GET /portfolio/interventoria-mejoramiento-corredor-tumaco-pasto-mocoa/ HTTP/1.1" 200 116820 "-" "LinkupBot/1.0 (LinkupBot for web indexing; https://linkup.so/bot; bot@linkup.so)"
89.248.107.232 - - [20/Sep/2026:14:11:01 +0200] "POST /wp-cron.php?doing_wp_cron=1789906261.8739199638366699218750 HTTP/1.1" 200 5512 "-" "WordPress/6.6.2; https://grupo-seg.com/en/"
35.198.113.100 - - [20/Sep/2026:14:11:01 +0200] "GET /en/portfolio/supervision-of-the-service-of-road-corridor-no-9/ HTTP/1.1" 200 117035 "-" "LinkupBot/1.0 (LinkupBot for web indexing; https://linkup.so/bot; bot@linkup.so)"
89.248.107.232 - - [20/Sep/2026:14:11:04 +0200] "POST /wp-cron.php?doing_wp_cron=1789906264.0019509792327880859375 HTTP/1.1" 200 5512 "-" "WordPress/6.6.2; https://grupo-seg.com/en/"
35.198.113.100 - - [20/Sep/2026:14:11:03 +0200] "GET /en/portfolio/works-management-for-the-creation-of-the-technology-and-innovation-park-for-agriculture-of-the-national-agrarian-university/ HTTP/1.1" 200 118102 "-" "LinkupBot/1.0 (LinkupBot for web indexing; https://linkup.so/bot; bot@linkup.so)"
89.248.107.232 - - [20/Sep/2026:14:14:14 +0200] "POST /wp-cron.php?doing_wp_cron=1789906454.5418140888214111328125 HTTP/1.1" 200 5512 "-" "WordPress/6.6.2; https://grupo-seg.com"
