109.105.209.5 - - [20/Sep/2026:17:11:26 +0200] "GET /wp-content/uploads/2021/07/cropped-SED_FAV-32x32.png HTTP/1.1" 200 199 "https://grupo-seg.com/favicon.ico" "Mozilla/5.0 AppleWebKit/537.36 (KHTML, like Gecko) Chrome/123.0.6312.86 Safari/537.36"
89.248.107.232 - - [20/Sep/2026:17:13:40 +0200] "POST /wp-cron.php?doing_wp_cron=1789917220.8776690959930419921875 HTTP/1.1" 200 5512 "-" "WordPress/6.6.2; https://grupo-seg.com"
66.249.88.102 - - [20/Sep/2026:17:13:40 +0200] "GET /.well-known/traffic-advice HTTP/1.1" 404 97436 "-" "Chrome Privacy Preserving Prefetch Proxy"
89.248.107.232 - - [20/Sep/2026:17:13:41 +0200] "POST /wp-admin/admin-ajax.php?action=async_litespeed&nonce=16c258032d&litespeed_type=imgoptm HTTP/1.1" 200 5698 "-" "WordPress/6.6.2; https://grupo-seg.com"
89.248.107.232 - - [20/Sep/2026:17:13:43 +0200] "POST /wp-cron.php?doing_wp_cron=1789917223.1189050674438476562500 HTTP/1.1" 200 5512 "-" "WordPress/6.6.2; https://grupo-seg.com"
72.14.201.208 - - [20/Sep/2026:17:13:42 +0200] "GET /paises/argentina/ HTTP/1.1" 200 158974 "https://www.google.com/" "Mozilla/5.0 (Windows NT 10.0; Win64; x64) AppleWebKit/537.36 (KHTML, like Gecko) Chrome/153.0.0.0 Safari/537.36"
89.248.107.232 - - [20/Sep/2026:17:15:19 +0200] "POST /wp-cron.php?doing_wp_cron=1789917319.2708649635314941406250 HTTP/1.1" 200 5512 "-" "WordPress/6.6.2; https://grupo-seg.com"
2.139.158.128 - - [20/Sep/2026:17:15:18 +0200] "POST /autodiscover/autodiscover.xml HTTP/1.1" 404 92217 "-" "Microsoft Office/16.0 (Windows NT 10.0; Microsoft Outlook 16.0.20228; Pro)"
89.248.107.232 - - [20/Sep/2026:17:15:20 +0200] "POST /wp-admin/admin-ajax.php?action=async_litespeed&nonce=16c258032d&litespeed_type=imgoptm HTTP/1.1" 200 5698 "-" "WordPress/6.6.2; https://grupo-seg.com"
89.248.107.232 - - [20/Sep/2026:17:15:32 +0200] "POST /wp-cron.php?doing_wp_cron=1789917332.6947610378265380859375 HTTP/1.1" 200 5512 "-" "WordPress/6.6.2; https://grupo-seg.com"
185.218.86.24 - - [20/Sep/2026:17:15:32 +0200] "GET /xmlrpc.php HTTP/1.1" 405 5569 "-" "Mozilla/5.0 (X11; Linux x86_64) AppleWebKit/537.36 (KHTML, like Gecko) Chrome/124.0 Safari/537.36"
89.248.107.232 - - [20/Sep/2026:17:15:33 +0200] "POST /wp-admin/admin-ajax.php?action=async_litespeed&nonce=16c258032d&litespeed_type=imgoptm HTTP/1.1" 200 5698 "-" "WordPress/6.6.2; https://grupo-seg.com"
89.248.107.232 - - [20/Sep/2026:17:19:17 +0200] "POST /wp-cron.php?doing_wp_cron=1789917557.9218540191650390625000 HTTP/1.1" 200 5512 "-" "WordPress/6.6.2; https://grupo-seg.com"
2.139.158.128 - - [20/Sep/2026:17:19:17 +0200] "POST /autodiscover/autodiscover.xml HTTP/1.1" 404 92202 "-" "Microsoft Office/16.0 (Windows NT 10.0; Microsoft Outlook 16.0.20228; Pro)"
89.248.107.232 - - [20/Sep/2026:17:19:18 +0200] "POST /wp-admin/admin-ajax.php?action=async_litespeed&nonce=16c258032d&litespeed_type=imgoptm HTTP/1.1" 200 5698 "-" "WordPress/6.6.2; https://grupo-seg.com"
89.248.107.232 - - [20/Sep/2026:17:21:17 +0200] "POST /wp-cron.php?doing_wp_cron=1789917677.7056550979614257812500 HTTP/1.1" 200 5512 "-" "WordPress/6.6.2; https://grupo-seg.com"
152.53.153.216 - - [20/Sep/2026:17:21:17 +0200] "HEAD / HTTP/1.1" 200 5715 "-" "Mozilla/5.0 (compatible; WebHunt-Validator/1.0; +https://webhunt.ro)"
89.248.107.232 - - [20/Sep/2026:17:21:18 +0200] "POST /wp-admin/admin-ajax.php?action=async_litespeed&nonce=16c258032d&litespeed_type=imgoptm HTTP/1.1" 200 5698 "-" "WordPress/6.6.2; https://grupo-seg.com"
152.53.153.216 - - [20/Sep/2026:17:21:17 +0200] "GET / HTTP/1.1" 200 165847 "-" "Mozilla/5.0 (compatible; WebHunt-Validator/1.0; +https://webhunt.ro)"
152.53.153.216 - - [20/Sep/2026:17:21:19 +0200] "HEAD / HTTP/1.1" 200 5715 "-" "Mozilla/5.0 (compatible; WebHunt-Validator/1.0; +https://webhunt.ro)"
152.53.153.216 - - [20/Sep/2026:17:21:19 +0200] "GET /contact HTTP/1.1" 301 5668 "-" "Mozilla/5.0 (compatible; WebHunt-Validator/1.0; +https://webhunt.ro)"
152.53.153.216 - - [20/Sep/2026:17:21:19 +0200] "GET / HTTP/1.1" 200 165847 "-" "Mozilla/5.0 (compatible; WebHunt-Validator/1.0; +https://webhunt.ro)"
152.53.153.216 - - [20/Sep/2026:17:21:19 +0200] "GET /contacto/ HTTP/1.1" 200 199636 "-" "Mozilla/5.0 (compatible; WebHunt-Validator/1.0; +https://webhunt.ro)"
152.53.153.216 - - [20/Sep/2026:17:21:20 +0200] "GET /contact HTTP/1.1" 301 5668 "-" "Mozilla/5.0 (compatible; WebHunt-Validator/1.0; +https://webhunt.ro)"
152.53.153.216 - - [20/Sep/2026:17:21:21 +0200] "GET /contacte HTTP/1.1" 404 97436 "-" "Mozilla/5.0 (compatible; WebHunt-Validator/1.0; +https://webhunt.ro)"
152.53.153.216 - - [20/Sep/2026:17:21:21 +0200] "GET /contacto/ HTTP/1.1" 200 199636 "-" "Mozilla/5.0 (compatible; WebHunt-Validator/1.0; +https://webhunt.ro)"
152.53.153.216 - - [20/Sep/2026:17:21:22 +0200] "GET /despre-noi HTTP/1.1" 404 97421 "-" "Mozilla/5.0 (compatible; WebHunt-Validator/1.0; +https://webhunt.ro)"
152.53.153.216 - - [20/Sep/2026:17:21:22 +0200] "GET /contacte HTTP/1.1" 404 97421 "-" "Mozilla/5.0 (compatible; WebHunt-Validator/1.0; +https://webhunt.ro)"
152.53.153.216 - - [20/Sep/2026:17:21:23 +0200] "GET /despre HTTP/1.1" 404 97421 "-" "Mozilla/5.0 (compatible; WebHunt-Validator/1.0; +https://webhunt.ro)"
152.53.153.216 - - [20/Sep/2026:17:21:23 +0200] "GET /despre-noi HTTP/1.1" 404 97436 "-" "Mozilla/5.0 (compatible; WebHunt-Validator/1.0; +https://webhunt.ro)"
152.53.153.216 - - [20/Sep/2026:17:21:24 +0200] "GET /despre-companie HTTP/1.1" 404 99365 "-" "Mozilla/5.0 (compatible; WebHunt-Validator/1.0; +https://webhunt.ro)"
185.33.86.18 - - [20/Sep/2026:17:21:24 +0200] "GET /webmail/ HTTP/1.1" 404 99025 "-" "Mozilla/5.0 (Windows NT 10.0; WOW64; rv:47.0) Gecko/20100101 Firefox/47.0"
89.248.107.232 - - [20/Sep/2026:17:21:25 +0200] "POST /wp-cron.php?doing_wp_cron=1789917685.5050239562988281250000 HTTP/1.1" 200 5512 "-" "WordPress/6.6.2; https://grupo-seg.com"
152.53.153.216 - - [20/Sep/2026:17:21:25 +0200] "GET /despre HTTP/1.1" 404 97421 "-" "Mozilla/5.0 (compatible; WebHunt-Validator/1.0; +https://webhunt.ro)"
89.248.107.232 - - [20/Sep/2026:17:21:26 +0200] "POST /wp-admin/admin-ajax.php?action=async_litespeed&nonce=16c258032d&litespeed_type=imgoptm HTTP/1.1" 200 5698 "-" "WordPress/6.6.2; https://grupo-seg.com"
152.53.153.216 - - [20/Sep/2026:17:21:26 +0200] "GET /despre-companie HTTP/1.1" 404 97436 "-" "Mozilla/5.0 (compatible; WebHunt-Validator/1.0; +https://webhunt.ro)"
185.33.86.18 - - [20/Sep/2026:17:21:37 +0200] "GET /webmail/ HTTP/1.1" 404 97421 "-" "Mozilla/5.0 (Windows NT 10.0; WOW64; rv:47.0) Gecko/20100101 Firefox/47.0"
89.248.107.232 - - [20/Sep/2026:17:21:45 +0200] "POST /wp-cron.php?doing_wp_cron=1789917705.8025629520416259765625 HTTP/1.1" 200 5512 "-" "WordPress/6.6.2; https://grupo-seg.com"
185.33.86.18 - - [20/Sep/2026:17:21:45 +0200] "GET /webmail/ HTTP/1.1" 404 97421 "-" "Mozilla/5.0 (Windows NT 10.0; WOW64; rv:47.0) Gecko/20100101 Firefox/47.0"
89.248.107.232 - - [20/Sep/2026:17:22:12 +0200] "POST /wp-cron.php?doing_wp_cron=1789917732.2640030384063720703125 HTTP/1.1" 200 5512 "-" "WordPress/6.6.2; https://grupo-seg.com"
185.33.86.18 - - [20/Sep/2026:17:22:11 +0200] "GET /webmail/ HTTP/1.1" 404 97436 "-" "Mozilla/5.0 (Windows NT 10.0; WOW64; rv:47.0) Gecko/20100101 Firefox/47.0"
89.248.107.232 - - [20/Sep/2026:17:22:26 +0200] "POST /wp-cron.php?doing_wp_cron=1789917746.3547079563140869140625 HTTP/1.1" 200 5512 "-" "WordPress/6.6.2; https://grupo-seg.com"
40.77.167.63 - - [20/Sep/2026:17:22:25 +0200] "GET /sentateburugarasu/ HTTP/1.1" 404 97421 "-" "Mozilla/5.0 AppleWebKit/537.36 (KHTML, like Gecko; compatible; bingbot/2.0; +http://www.bing.com/bingbot.htm) Chrome/116.0.1938.76 Safari/537.36"
89.248.107.232 - - [20/Sep/2026:17:22:27 +0200] "POST /wp-admin/admin-ajax.php?action=async_litespeed&nonce=16c258032d&litespeed_type=imgoptm HTTP/1.1" 200 5698 "-" "WordPress/6.6.2; https://grupo-seg.com"
89.248.107.232 - - [20/Sep/2026:17:25:01 +0200] "POST /wp-cron.php?doing_wp_cron=1789917901.5247240066528320312500 HTTP/1.1" 200 5512 "-" "WordPress/6.6.2; https://grupo-seg.com"
40.77.167.63 - - [20/Sep/2026:17:25:01 +0200] "GET /npsi544932sipidstomste HTTP/1.1" 404 97436 "-" "Mozilla/5.0 AppleWebKit/537.36 (KHTML, like Gecko; compatible; bingbot/2.0; +http://www.bing.com/bingbot.htm) Chrome/116.0.1938.76 Safari/537.36"
89.248.107.232 - - [20/Sep/2026:17:25:02 +0200] "POST /wp-admin/admin-ajax.php?action=async_litespeed&nonce=16c258032d&litespeed_type=imgoptm HTTP/1.1" 200 5698 "-" "WordPress/6.6.2; https://grupo-seg.com"
89.248.107.232 - - [20/Sep/2026:17:25:08 +0200] "POST /wp-cron.php?doing_wp_cron=1789917908.1529490947723388671875 HTTP/1.1" 200 5512 "-" "WordPress/6.6.2; https://grupo-seg.com"
52.167.144.210 - - [20/Sep/2026:17:25:07 +0200] "GET /dubbing1gw/pjx1vi8g.html HTTP/1.1" 301 5683 "-" "Mozilla/5.0 AppleWebKit/537.36 (KHTML, like Gecko; compatible; bingbot/2.0; +http://www.bing.com/bingbot.htm) Chrome/116.0.1938.76 Safari/537.36"
52.167.144.19 - - [20/Sep/2026:17:25:15 +0200] "GET /habuarupatoredoho/0004560865.html HTTP/1.1" 301 5692 "-" "Mozilla/5.0 AppleWebKit/537.36 (KHTML, like Gecko; compatible; bingbot/2.0; +http://www.bing.com/bingbot.htm) Chrome/116.0.1938.76 Safari/537.36"
89.248.107.232 - - [20/Sep/2026:17:25:34 +0200] "POST /wp-cron.php?doing_wp_cron=1789917934.3548870086669921875000 HTTP/1.1" 200 5512 "-" "WordPress/6.6.2; https://grupo-seg.com/en/"
220.181.108.177 - - [20/Sep/2026:17:25:33 +0200] "GET /en/project-type/%C2%B7-argentina/ HTTP/1.1" 200 102604 "-" "Mozilla/5.0 (compatible; Baiduspider/2.0; +http://www.baidu.com/search/spider.html)"
89.248.107.232 - - [20/Sep/2026:17:25:34 +0200] "POST /wp-admin/admin-ajax.php?action=async_litespeed&nonce=16c258032d&litespeed_type=imgoptm HTTP/1.1" 200 5698 "-" "WordPress/6.6.2; https://grupo-seg.com"
89.106.1.12 - - [20/Sep/2026:17:25:36 +0200] "GET /.env HTTP/1.1" 301 5663 "-" "Mozilla/5.0 (Macintosh; Intel Mac OS X 10.15; rv:77.0) Gecko/20100101 Firefox/77.0"
89.106.1.12 - - [20/Sep/2026:17:25:37 +0200] "GET /.env HTTP/1.1" 404 97421 "-" "Mozilla/5.0 (Macintosh; Intel Mac OS X 10.15; rv:77.0) Gecko/20100101 Firefox/77.0"
116.179.37.46 - - [20/Sep/2026:17:25:39 +0200] "POST /wp-content/plugins/litespeed-cache/guest.vary.php HTTP/1.1" 403 6501 "https://grupo-seg.com/en/project-type/%C2%B7-argentina/" "Mozilla/5.0 (compatible; Baiduspider-render/2.0; +http://www.baidu.com/search/spider.html)"
89.248.107.232 - - [20/Sep/2026:17:26:12 +0200] "POST /wp-cron.php?doing_wp_cron=1789917972.3557610511779785156250 HTTP/1.1" 200 5512 "-" "WordPress/6.6.2; https://grupo-seg.com"
89.106.1.12 - - [20/Sep/2026:17:26:11 +0200] "GET /.env HTTP/1.1" 404 97436 "-" "Mozilla/5.0 (Macintosh; Intel Mac OS X 10.15; rv:77.0) Gecko/20100101 Firefox/77.0"
89.248.107.232 - - [20/Sep/2026:17:26:46 +0200] "POST /wp-cron.php?doing_wp_cron=1789918006.1554610729217529296875 HTTP/1.1" 200 5512 "-" "WordPress/6.6.2; https://grupo-seg.com"
142.248.80.132 - - [20/Sep/2026:17:26:45 +0200] "GET /wp-json/batch/v1 HTTP/1.1" 404 5968 "-" "Mozilla/5.0 (Windows NT 10.0; Win64; x64) AppleWebKit/537.36 (KHTML, like Gecko) Chrome/131.0.0.0 Safari/537.36"
89.248.107.232 - - [20/Sep/2026:17:26:46 +0200] "POST /wp-admin/admin-ajax.php?action=async_litespeed&nonce=16c258032d&litespeed_type=imgoptm HTTP/1.1" 200 5698 "-" "WordPress/6.6.2; https://grupo-seg.com"
142.248.80.132 - - [20/Sep/2026:17:26:47 +0200] "GET /?rest_route=/batch/v1 HTTP/1.1" 404 5968 "-" "Mozilla/5.0 (Windows NT 10.0; Win64; x64) AppleWebKit/537.36 (KHTML, like Gecko) Chrome/131.0.0.0 Safari/537.36"
89.248.107.232 - - [20/Sep/2026:17:26:54 +0200] "POST /wp-cron.php?doing_wp_cron=1789918014.5975019931793212890625 HTTP/1.1" 200 5512 "-" "WordPress/6.6.2; https://grupo-seg.com"
89.106.1.12 - - [20/Sep/2026:17:26:54 +0200] "GET /.env HTTP/1.1" 404 97421 "-" "Mozilla/5.0 (Macintosh; Intel Mac OS X 10.15; rv:77.0) Gecko/20100101 Firefox/77.0"
89.248.107.232 - - [20/Sep/2026:17:27:01 +0200] "POST /wp-cron.php?doing_wp_cron=1789918021.0270440578460693359375 HTTP/1.1" 200 5512 "-" "WordPress/6.6.2; https://grupo-seg.com"
89.106.1.12 - - [20/Sep/2026:17:27:00 +0200] "GET /.env HTTP/1.1" 301 5663 "-" "Mozilla/5.0 (Macintosh; Intel Mac OS X 10.15; rv:77.0) Gecko/20100101 Firefox/77.0"
89.106.1.12 - - [20/Sep/2026:17:27:01 +0200] "GET /.env HTTP/1.1" 404 97421 "-" "Mozilla/5.0 (Macintosh; Intel Mac OS X 10.15; rv:77.0) Gecko/20100101 Firefox/77.0"
89.248.107.232 - - [20/Sep/2026:17:29:05 +0200] "POST /wp-cron.php?doing_wp_cron=1789918145.2269489765167236328125 HTTP/1.1" 200 5512 "-" "WordPress/6.6.2; https://grupo-seg.com"
52.167.144.197 - - [20/Sep/2026:17:29:04 +0200] "GET /ihdm1499424stptdisomsie.html HTTP/1.1" 404 97436 "-" "Mozilla/5.0 AppleWebKit/537.36 (KHTML, like Gecko; compatible; bingbot/2.0; +http://www.bing.com/bingbot.htm) Chrome/116.0.1938.76 Safari/537.36"
89.248.107.232 - - [20/Sep/2026:17:29:05 +0200] "POST /wp-admin/admin-ajax.php?action=async_litespeed&nonce=16c258032d&litespeed_type=imgoptm HTTP/1.1" 200 5698 "-" "WordPress/6.6.2; https://grupo-seg.com"
52.167.144.197 - - [20/Sep/2026:17:29:07 +0200] "GET /matomeekoporiperu/empleo.html HTTP/1.1" 404 97421 "-" "Mozilla/5.0 AppleWebKit/537.36 (KHTML, like Gecko; compatible; bingbot/2.0; +http://www.bing.com/bingbot.htm) Chrome/116.0.1938.76 Safari/537.36"
89.248.107.232 - - [20/Sep/2026:17:29:38 +0200] "POST /wp-cron.php?doing_wp_cron=1789918178.8905470371246337890625 HTTP/1.1" 200 5512 "-" "WordPress/6.6.2; https://grupo-seg.com"
40.77.167.63 - - [20/Sep/2026:17:29:38 +0200] "GET /tsurumihaisupinpo/ HTTP/1.1" 404 97421 "-" "Mozilla/5.0 AppleWebKit/537.36 (KHTML, like Gecko; compatible; bingbot/2.0; +http://www.bing.com/bingbot.htm) Chrome/116.0.1938.76 Safari/537.36"
89.248.107.232 - - [20/Sep/2026:17:29:39 +0200] "POST /wp-admin/admin-ajax.php?action=async_litespeed&nonce=16c258032d&litespeed_type=imgoptm HTTP/1.1" 200 5698 "-" "WordPress/6.6.2; https://grupo-seg.com"
89.248.107.232 - - [20/Sep/2026:17:31:19 +0200] "POST /wp-cron.php?doing_wp_cron=1789918278.9425029754638671875000 HTTP/1.1" 200 5512 "-" "WordPress/6.6.2; https://grupo-seg.com"
116.204.13.141 - - [20/Sep/2026:17:31:18 +0200] "GET /robots.txt HTTP/1.1" 200 5679 "-" "Mozilla/5.0 (Macintosh; Intel Mac OS X 10_15_7) AppleWebKit/537.36 (KHTML, like Gecko) Chrome/114.0.0.0 Safari/537.36"
140.206.235.22 - - [20/Sep/2026:17:31:19 +0200] "GET /robots.txt HTTP/1.1" 200 5679 "-" "Mozilla/5.0 (Macintosh; Intel Mac OS X 10_15_7) AppleWebKit/537.36 (KHTML, like Gecko) Chrome/114.0.0.0 Safari/537.36"
180.153.197.114 - - [20/Sep/2026:17:31:19 +0200] "GET /robots.txt HTTP/1.1" 200 5679 "-" "Mozilla/5.0 (Macintosh; Intel Mac OS X 10_15_7) AppleWebKit/537.36 (KHTML, like Gecko) Chrome/114.0.0.0 Safari/537.36"
89.248.107.232 - - [20/Sep/2026:17:31:19 +0200] "POST /wp-admin/admin-ajax.php?action=async_litespeed&nonce=16c258032d&litespeed_type=imgoptm HTTP/1.1" 200 5698 "-" "WordPress/6.6.2; https://grupo-seg.com"
140.143.247.128 - - [20/Sep/2026:17:31:20 +0200] "GET /robots.txt HTTP/1.1" 200 5679 "-" "Mozilla/5.0 (Macintosh; Intel Mac OS X 10_15_7) AppleWebKit/537.36 (KHTML, like Gecko) Chrome/114.0.0.0 Safari/537.36"
89.248.107.232 - - [20/Sep/2026:17:32:09 +0200] "POST /wp-cron.php?doing_wp_cron=1789918329.1564838886260986328125 HTTP/1.1" 200 5512 "-" "WordPress/6.6.2; https://grupo-seg.com"
85.208.96.199 - - [20/Sep/2026:17:32:08 +0200] "GET /project-type/peru/ HTTP/1.1" 200 117247 "-" "Mozilla/5.0 (compatible; SemrushBot/7~bl; +http://www.semrush.com/bot.html)"
89.248.107.232 - - [20/Sep/2026:17:32:09 +0200] "POST /wp-admin/admin-ajax.php?action=async_litespeed&nonce=16c258032d&litespeed_type=imgoptm HTTP/1.1" 200 5698 "-" "WordPress/6.6.2; https://grupo-seg.com"
89.248.107.232 - - [20/Sep/2026:17:32:32 +0200] "POST /wp-cron.php?doing_wp_cron=1789918352.6687650680541992187500 HTTP/1.1" 200 5512 "-" "WordPress/6.6.2; https://grupo-seg.com"
40.77.167.15 - - [20/Sep/2026:17:32:32 +0200] "GET /ibxl351380spodsttimsie HTTP/1.1" 404 97421 "-" "Mozilla/5.0 AppleWebKit/537.36 (KHTML, like Gecko; compatible; bingbot/2.0; +http://www.bing.com/bingbot.htm) Chrome/116.0.1938.76 Safari/537.36"
89.248.107.232 - - [20/Sep/2026:17:32:33 +0200] "POST /wp-admin/admin-ajax.php?action=async_litespeed&nonce=16c258032d&litespeed_type=imgoptm HTTP/1.1" 200 5698 "-" "WordPress/6.6.2; https://grupo-seg.com"
89.248.107.232 - - [20/Sep/2026:17:33:08 +0200] "POST /wp-cron.php?doing_wp_cron=1789918387.9603719711303710937500 HTTP/1.1" 200 5512 "-" "WordPress/6.6.2; https://grupo-seg.com"
52.167.144.169 - - [20/Sep/2026:17:33:07 +0200] "GET /nosufuisuhotosan/servicios.html HTTP/1.1" 301 5690 "-" "Mozilla/5.0 AppleWebKit/537.36 (KHTML, like Gecko; compatible; bingbot/2.0; +http://www.bing.com/bingbot.htm) Chrome/116.0.1938.76 Safari/537.36"
51.68.236.68 - - [20/Sep/2026:17:33:18 +0200] "GET /robots.txt HTTP/1.1" 301 5576 "-" "Mozilla/5.0 (compatible; MJ12bot/v2.0.5; http://mj12bot.com/)"
51.68.236.68 - - [20/Sep/2026:17:33:19 +0200] "GET /robots.txt HTTP/1.1" 200 5679 "-" "Mozilla/5.0 (compatible; MJ12bot/v2.0.5; http://mj12bot.com/)"
51.68.236.68 - - [20/Sep/2026:17:33:19 +0200] "GET / HTTP/1.1" 301 5612 "-" "Mozilla/5.0 (compatible; MJ12bot/v2.0.5; http://mj12bot.com/)"
51.68.236.68 - - [20/Sep/2026:17:33:20 +0200] "GET / HTTP/1.1" 200 165847 "-" "Mozilla/5.0 (compatible; MJ12bot/v2.0.5; http://mj12bot.com/)"
52.167.144.197 - - [20/Sep/2026:17:33:20 +0200] "GET /irve223498sspmito/tdi.htm HTTP/1.1" 404 97436 "-" "Mozilla/5.0 AppleWebKit/537.36 (KHTML, like Gecko; compatible; bingbot/2.0; +http://www.bing.com/bingbot.htm) Chrome/116.0.1938.76 Safari/537.36"
89.248.107.232 - - [20/Sep/2026:17:34:24 +0200] "POST /wp-cron.php?doing_wp_cron=1789918464.1610450744628906250000 HTTP/1.1" 200 5512 "-" "WordPress/6.6.2; https://grupo-seg.com"
51.68.236.92 - - [20/Sep/2026:17:34:23 +0200] "GET /robots.txt HTTP/1.1" 301 5576 "-" "Mozilla/5.0 (compatible; MJ12bot/v2.0.5; http://mj12bot.com/)"
51.68.236.92 - - [20/Sep/2026:17:34:24 +0200] "GET /robots.txt HTTP/1.1" 200 5679 "-" "Mozilla/5.0 (compatible; MJ12bot/v2.0.5; http://mj12bot.com/)"
89.248.107.232 - - [20/Sep/2026:17:34:24 +0200] "POST /wp-admin/admin-ajax.php?action=async_litespeed&nonce=16c258032d&litespeed_type=imgoptm HTTP/1.1" 200 5698 "-" "WordPress/6.6.2; https://grupo-seg.com"
51.68.236.92 - - [20/Sep/2026:17:34:25 +0200] "GET / HTTP/1.1" 301 5612 "-" "Mozilla/5.0 (compatible; MJ12bot/v2.0.5; http://mj12bot.com/)"
89.248.107.232 - - [20/Sep/2026:17:34:26 +0200] "POST /wp-cron.php?doing_wp_cron=1789918465.9686830043792724609375 HTTP/1.1" 200 5512 "-" "WordPress/6.6.2; https://grupo-seg.com"
51.68.236.92 - - [20/Sep/2026:17:34:25 +0200] "GET / HTTP/1.1" 200 165817 "-" "Mozilla/5.0 (compatible; MJ12bot/v2.0.5; http://mj12bot.com/)"
89.248.107.232 - - [20/Sep/2026:17:34:26 +0200] "POST /wp-admin/admin-ajax.php?action=async_litespeed&nonce=16c258032d&litespeed_type=imgoptm HTTP/1.1" 200 5698 "-" "WordPress/6.6.2; https://grupo-seg.com"
89.248.107.232 - - [20/Sep/2026:17:36:17 +0200] "POST /wp-cron.php?doing_wp_cron=1789918577.1342620849609375000000 HTTP/1.1" 200 5512 "-" "WordPress/6.6.2; https://grupo-seg.com"
17.166.20.221 - - [20/Sep/2026:17:36:16 +0200] "GET /robots.txt HTTP/1.1" 301 5576 "-" "Mozilla/5.0 (Macintosh; Intel Mac OS X 10_15_7) AppleWebKit/605.1.15 (KHTML, like Gecko) Version/17.4 Safari/605.1.15 (Applebot/0.1; +http://www.apple.com/go/applebot)"
89.248.107.232 - - [20/Sep/2026:17:36:17 +0200] "POST /wp-admin/admin-ajax.php?action=async_litespeed&nonce=16c258032d&litespeed_type=imgoptm HTTP/1.1" 200 5698 "-" "WordPress/6.6.2; https://grupo-seg.com"
17.166.23.206 - - [20/Sep/2026:17:36:18 +0200] "GET /robots.txt HTTP/1.1" 200 5679 "-" "Mozilla/5.0 (Macintosh; Intel Mac OS X 10_15_7) AppleWebKit/605.1.15 (KHTML, like Gecko) Version/17.4 Safari/605.1.15 (Applebot/0.1; +http://www.apple.com/go/applebot)"
17.166.20.221 - - [20/Sep/2026:17:36:18 +0200] "GET / HTTP/1.1" 301 5612 "-" "Mozilla/5.0 (Macintosh; Intel Mac OS X 10_15_7) AppleWebKit/605.1.15 (KHTML, like Gecko) Version/17.4 Safari/605.1.15 (Applebot/0.1; +http://www.apple.com/go/applebot)"
17.166.23.206 - - [20/Sep/2026:17:36:19 +0200] "GET / HTTP/1.1" 200 165847 "-" "Mozilla/5.0 (Macintosh; Intel Mac OS X 10_15_7) AppleWebKit/605.1.15 (KHTML, like Gecko) Version/17.4 Safari/605.1.15 (Applebot/0.1; +http://www.apple.com/go/applebot)"
89.248.107.232 - - [20/Sep/2026:17:37:19 +0200] "POST /wp-cron.php?doing_wp_cron=1789918639.8702049255371093750000 HTTP/1.1" 200 5512 "-" "WordPress/6.6.2; https://grupo-seg.com"
34.78.2.41 - - [20/Sep/2026:17:37:19 +0200] "GET /pagina-ejemplo/feed/ HTTP/1.1" 200 6619 "-" "okhttp/4.12.0"
34.78.2.41 - - [20/Sep/2026:17:37:20 +0200] "GET /feed/ HTTP/1.1" 200 100983 "-" "okhttp/4.12.0"
89.248.107.232 - - [20/Sep/2026:17:37:20 +0200] "POST /wp-admin/admin-ajax.php?action=async_litespeed&nonce=16c258032d&litespeed_type=imgoptm HTTP/1.1" 200 5698 "-" "WordPress/6.6.2; https://grupo-seg.com"
34.78.2.41 - - [20/Sep/2026:17:37:20 +0200] "GET /wp-sitemap.xml HTTP/1.1" 200 6217 "-" "okhttp/4.12.0"
34.78.2.41 - - [20/Sep/2026:17:37:21 +0200] "GET /wp-sitemap-posts-post-1.xml HTTP/1.1" 200 8170 "-" "okhttp/4.12.0"
34.78.2.41 - - [20/Sep/2026:17:37:21 +0200] "GET /wp-sitemap-posts-page-1.xml HTTP/1.1" 200 9189 "-" "okhttp/4.12.0"
34.78.2.41 - - [20/Sep/2026:17:37:22 +0200] "GET /wp-sitemap-posts-portfolio-1.xml HTTP/1.1" 200 17286 "-" "okhttp/4.12.0"
34.78.2.41 - - [20/Sep/2026:17:37:22 +0200] "GET /wp-sitemap-posts-mgeo_map-1.xml HTTP/1.1" 200 6011 "-" "okhttp/4.12.0"
34.78.2.41 - - [20/Sep/2026:17:37:23 +0200] "GET /wp-sitemap-taxonomies-category-1.xml HTTP/1.1" 200 6256 "-" "okhttp/4.12.0"
34.78.2.41 - - [20/Sep/2026:17:37:23 +0200] "GET /wp-sitemap-taxonomies-project-type-1.xml HTTP/1.1" 200 6924 "-" "okhttp/4.12.0"
17.166.20.58 - - [20/Sep/2026:17:38:56 +0200] "GET /wp-content/plugins/sitepress-multilingual-cms%207/templates/language-switchers/legacy-list-horizontal/style.min.css HTTP/2.0" 200 236 "https://grupo-seg.com/" "Mozilla/5.0 (Macintosh; Intel Mac OS X 10_15_7) AppleWebKit/605.1.15 (KHTML, like Gecko) Version/17.4 Safari/605.1.15 (Applebot/0.1; +http://www.apple.com/go/applebot)"
17.166.20.58 - - [20/Sep/2026:17:38:57 +0200] "GET /wp-content/themes/salient/css/build/plugins/jquery.fancybox.css HTTP/2.0" 200 3131 "https://grupo-seg.com/" "Mozilla/5.0 (Macintosh; Intel Mac OS X 10_15_7) AppleWebKit/605.1.15 (KHTML, like Gecko) Version/17.4 Safari/605.1.15 (Applebot/0.1; +http://www.apple.com/go/applebot)"
17.166.20.58 - - [20/Sep/2026:17:38:58 +0200] "GET /wp-content/plugins/sitepress-multilingual-cms%207/templates/language-switchers/menu-item/style.min.css HTTP/2.0" 200 100 "https://grupo-seg.com/" "Mozilla/5.0 (Macintosh; Intel Mac OS X 10_15_7) AppleWebKit/605.1.15 (KHTML, like Gecko) Version/17.4 Safari/605.1.15 (Applebot/0.1; +http://www.apple.com/go/applebot)"
17.166.20.58 - - [20/Sep/2026:17:39:00 +0200] "GET /wp-content/plugins/sitepress-multilingual-cms%207/dist/css/blocks/styles.css HTTP/2.0" 200 6360 "https://grupo-seg.com/" "Mozilla/5.0 (Macintosh; Intel Mac OS X 10_15_7) AppleWebKit/605.1.15 (KHTML, like Gecko) Version/17.4 Safari/605.1.15 (Applebot/0.1; +http://www.apple.com/go/applebot)"
17.166.20.58 - - [20/Sep/2026:17:39:01 +0200] "GET /wp-content/litespeed/css/e39920cfd035054e8d060ade4400a9bc.css?ver=04cf4 HTTP/2.0" 200 114608 "https://grupo-seg.com/" "Mozilla/5.0 (Macintosh; Intel Mac OS X 10_15_7) AppleWebKit/605.1.15 (KHTML, like Gecko) Version/17.4 Safari/605.1.15 (Applebot/0.1; +http://www.apple.com/go/applebot)"
17.166.20.58 - - [20/Sep/2026:17:39:03 +0200] "GET /wp-content/themes/salient/css/build/style-non-critical.css HTTP/2.0" 200 4553 "https://grupo-seg.com/" "Mozilla/5.0 (Macintosh; Intel Mac OS X 10_15_7) AppleWebKit/605.1.15 (KHTML, like Gecko) Version/17.4 Safari/605.1.15 (Applebot/0.1; +http://www.apple.com/go/applebot)"
17.166.20.58 - - [20/Sep/2026:17:39:05 +0200] "GET /wp-content/themes/salient/css/build/off-canvas/core.css HTTP/2.0" 200 3164 "https://grupo-seg.com/" "Mozilla/5.0 (Macintosh; Intel Mac OS X 10_15_7) AppleWebKit/605.1.15 (KHTML, like Gecko) Version/17.4 Safari/605.1.15 (Applebot/0.1; +http://www.apple.com/go/applebot)"
17.166.20.58 - - [20/Sep/2026:17:39:06 +0200] "GET /wp-content/themes/salient/css/build/off-canvas/fullscreen-legacy.css HTTP/2.0" 200 1425 "https://grupo-seg.com/" "Mozilla/5.0 (Macintosh; Intel Mac OS X 10_15_7) AppleWebKit/605.1.15 (KHTML, like Gecko) Version/17.4 Safari/605.1.15 (Applebot/0.1; +http://www.apple.com/go/applebot)"
17.166.20.58 - - [20/Sep/2026:17:39:08 +0200] "POST /wp-content/plugins/litespeed-cache/guest.vary.php HTTP/1.1" 403 6501 "https://grupo-seg.com/" "Mozilla/5.0 (Macintosh; Intel Mac OS X 10_15_7) AppleWebKit/605.1.15 (KHTML, like Gecko) Version/17.4 Safari/605.1.15 (Applebot/0.1; +http://www.apple.com/go/applebot)"
89.248.107.232 - - [20/Sep/2026:17:40:16 +0200] "POST /wp-cron.php?doing_wp_cron=1789918816.1605548858642578125000 HTTP/1.1" 200 5512 "-" "WordPress/6.6.2; https://grupo-seg.com"
40.77.167.55 - - [20/Sep/2026:17:40:15 +0200] "GET /chromite2976/2yh7bhtv3.html HTTP/1.1" 404 97421 "-" "Mozilla/5.0 AppleWebKit/537.36 (KHTML, like Gecko; compatible; bingbot/2.0; +http://www.bing.com/bingbot.htm) Chrome/116.0.1938.76 Safari/537.36"
89.248.107.232 - - [20/Sep/2026:17:40:16 +0200] "POST /wp-admin/admin-ajax.php?action=async_litespeed&nonce=16c258032d&litespeed_type=imgoptm HTTP/1.1" 200 5698 "-" "WordPress/6.6.2; https://grupo-seg.com"
40.77.167.15 - - [20/Sep/2026:17:40:20 +0200] "GET /armg1168082dotgidisom HTTP/1.1" 404 97436 "-" "Mozilla/5.0 AppleWebKit/537.36 (KHTML, like Gecko; compatible; bingbot/2.0; +http://www.bing.com/bingbot.htm) Chrome/116.0.1938.76 Safari/537.36"
89.248.107.232 - - [20/Sep/2026:17:42:05 +0200] "POST /wp-cron.php?doing_wp_cron=1789918924.9647760391235351562500 HTTP/1.1" 200 5512 "-" "WordPress/6.6.2; https://grupo-seg.com"
44.209.113.59 - - [20/Sep/2026:17:42:04 +0200] "GET / HTTP/1.1" 301 5612 "-" "Mozilla/5.0 (Macintosh; Intel Mac OS X 10_15_7) AppleWebKit/537.36 (KHTML, like Gecko) Chrome/124.0.0.0 Safari/537.36"
89.248.107.232 - - [20/Sep/2026:17:42:05 +0200] "POST /wp-admin/admin-ajax.php?action=async_litespeed&nonce=16c258032d&litespeed_type=imgoptm HTTP/1.1" 200 5698 "-" "WordPress/6.6.2; https://grupo-seg.com"
44.209.113.59 - - [20/Sep/2026:17:42:05 +0200] "GET / HTTP/1.1" 200 165817 "-" "Mozilla/5.0 (Macintosh; Intel Mac OS X 10_15_7) AppleWebKit/537.36 (KHTML, like Gecko) Chrome/124.0.0.0 Safari/537.36"
44.209.113.59 - - [20/Sep/2026:17:42:07 +0200] "GET / HTTP/1.1" 200 165817 "-" "Mozilla/5.0 (Macintosh; Intel Mac OS X 10_15_7) AppleWebKit/537.36 (KHTML, like Gecko) Chrome/124.0.0.0 Safari/537.36"
147.224.213.157 - - [20/Sep/2026:17:42:15 +0200] "GET / HTTP/1.1" 200 165817 "http://grupo-seg.com/" "Go-http-client/1.1"
147.224.213.157 - - [20/Sep/2026:17:42:17 +0200] "GET /wp-includes/css/buttons.css HTTP/1.1" 200 9830 "http://grupo-seg.com/wp-includes/css/buttons.css" "Go-http-client/1.1"
89.248.107.232 - - [20/Sep/2026:17:42:35 +0200] "POST /wp-cron.php?doing_wp_cron=1789918955.2989709377288818359375 HTTP/1.1" 200 5512 "-" "WordPress/6.6.2; https://grupo-seg.com"
43.157.38.131 - - [20/Sep/2026:17:42:34 +0200] "GET / HTTP/1.1" 200 157019 "https://www.seg-sa.es/" "Mozilla/5.0 (iPhone; CPU iPhone OS 13_2_3 like Mac OS X) AppleWebKit/605.1.15 (KHTML, like Gecko) Version/13.0.3 Mobile/15E148 Safari/604.1"
89.248.107.232 - - [20/Sep/2026:17:42:36 +0200] "POST /wp-admin/admin-ajax.php?action=async_litespeed&nonce=16c258032d&litespeed_type=imgoptm HTTP/1.1" 200 5698 "-" "WordPress/6.6.2; https://grupo-seg.com"
89.248.107.232 - - [20/Sep/2026:17:43:02 +0200] "POST /wp-cron.php?doing_wp_cron=1789918982.8429179191589355468750 HTTP/1.1" 200 5512 "-" "WordPress/6.6.2; https://grupo-seg.com"
40.77.167.15 - - [20/Sep/2026:17:43:02 +0200] "GET /kfue1064911rtddm/itieouspc.htm HTTP/1.1" 404 97421 "-" "Mozilla/5.0 AppleWebKit/537.36 (KHTML, like Gecko; compatible; bingbot/2.0; +http://www.bing.com/bingbot.htm) Chrome/116.0.1938.76 Safari/537.36"
40.77.167.55 - - [20/Sep/2026:17:43:18 +0200] "GET /yhug287569ioite/gmssodd.htm HTTP/1.1" 404 97421 "-" "Mozilla/5.0 AppleWebKit/537.36 (KHTML, like Gecko; compatible; bingbot/2.0; +http://www.bing.com/bingbot.htm) Chrome/116.0.1938.76 Safari/537.36"
89.248.107.232 - - [20/Sep/2026:17:43:43 +0200] "POST /wp-cron.php?doing_wp_cron=1789919023.3651800155639648437500 HTTP/1.1" 200 5512 "-" "WordPress/6.6.2; https://grupo-seg.com"
2.139.158.128 - - [20/Sep/2026:17:43:42 +0200] "POST /autodiscover/autodiscover.xml HTTP/1.1" 404 92217 "-" "Microsoft Office/16.0 (Windows NT 10.0; Microsoft Outlook 16.0.20228; Pro)"
89.248.107.232 - - [20/Sep/2026:17:43:44 +0200] "POST /wp-admin/admin-ajax.php?action=async_litespeed&nonce=16c258032d&litespeed_type=imgoptm HTTP/1.1" 200 5698 "-" "WordPress/6.6.2; https://grupo-seg.com"
89.248.107.232 - - [20/Sep/2026:17:47:03 +0200] "POST /wp-cron.php?doing_wp_cron=1789919223.6639349460601806640625 HTTP/1.1" 200 5512 "-" "WordPress/6.6.2; https://grupo-seg.com"
44.251.52.24 - - [20/Sep/2026:17:47:03 +0200] "GET / HTTP/1.1" 301 5612 "-" "MapBusinessDataEnrichment/0.1 (+contact: operator-required)"
89.248.107.232 - - [20/Sep/2026:17:47:04 +0200] "POST /wp-admin/admin-ajax.php?action=async_litespeed&nonce=16c258032d&litespeed_type=imgoptm HTTP/1.1" 200 5698 "-" "WordPress/6.6.2; https://grupo-seg.com"
44.251.52.24 - - [20/Sep/2026:17:47:04 +0200] "GET / HTTP/1.1" 200 165847 "-" "MapBusinessDataEnrichment/0.1 (+contact: operator-required)"
44.251.52.24 - - [20/Sep/2026:17:47:06 +0200] "GET /contacto HTTP/1.1" 301 5575 "-" "MapBusinessDataEnrichment/0.1 (+contact: operator-required)"
44.251.52.24 - - [20/Sep/2026:17:47:07 +0200] "GET /contacto/ HTTP/1.1" 200 199540 "-" "MapBusinessDataEnrichment/0.1 (+contact: operator-required)"
44.251.52.24 - - [20/Sep/2026:17:47:09 +0200] "GET /contacto/ HTTP/1.1" 200 199540 "-" "MapBusinessDataEnrichment/0.1 (+contact: operator-required)"
89.248.107.232 - - [20/Sep/2026:17:47:54 +0200] "POST /wp-cron.php?doing_wp_cron=1789919274.4928960800170898437500 HTTP/1.1" 200 5512 "-" "WordPress/6.6.2; https://grupo-seg.com"
80.85.245.241 - - [20/Sep/2026:17:47:54 +0200] "GET / HTTP/1.1" 301 5612 "http://ALBEN4000.COM" "Mozilla/5.0 (Macintosh; Intel Mac OS X 10_15_7) AppleWebKit/537.36 (KHTML, like Gecko) Chrome/150.0.0.0 Safari/537.36"
89.248.107.232 - - [20/Sep/2026:17:47:55 +0200] "POST /wp-admin/admin-ajax.php?action=async_litespeed&nonce=16c258032d&litespeed_type=imgoptm HTTP/1.1" 200 5698 "-" "WordPress/6.6.2; https://grupo-seg.com"
80.85.245.241 - - [20/Sep/2026:17:47:54 +0200] "GET / HTTP/1.1" 200 165847 "https://www.grupo-seg.com/" "Mozilla/5.0 (Macintosh; Intel Mac OS X 10_15_7) AppleWebKit/537.36 (KHTML, like Gecko) Chrome/150.0.0.0 Safari/537.36"
89.248.107.232 - - [20/Sep/2026:17:48:01 +0200] "POST /wp-cron.php?doing_wp_cron=1789919281.1449859142303466796875 HTTP/1.1" 200 5512 "-" "WordPress/6.6.2; https://grupo-seg.com"
185.195.71.244 - - [20/Sep/2026:17:48:00 +0200] "GET / HTTP/1.1" 301 5612 "-" "\"Mozilla/5.0 (Macintosh; Intel Mac OS X 10_15_7) AppleWebKit/537.36 (KHTML, like Gecko) Chrome/142.0.0.0 Safari/537.36\""
185.195.71.244 - - [20/Sep/2026:17:48:02 +0200] "GET / HTTP/1.1" 200 165817 "-" "\"Mozilla/5.0 (Macintosh; Intel Mac OS X 10_15_7) AppleWebKit/537.36 (KHTML, like Gecko) Chrome/142.0.0.0 Safari/537.36\""
185.195.71.244 - - [20/Sep/2026:17:48:04 +0200] "POST /wp-content/plugins/litespeed-cache/guest.vary.php HTTP/1.1" 403 6501 "https://grupo-seg.com/" "\"Mozilla/5.0 (Macintosh; Intel Mac OS X 10_15_7) AppleWebKit/537.36 (KHTML, like Gecko) Chrome/142.0.0.0 Safari/537.36\""
89.248.107.232 - - [20/Sep/2026:17:48:04 +0200] "POST /wp-cron.php?doing_wp_cron=1789919284.6109330654144287109375 HTTP/1.1" 200 5512 "-" "WordPress/6.6.2; https://grupo-seg.com"
185.195.71.244 - - [20/Sep/2026:17:48:04 +0200] "GET /contacto/ HTTP/1.1" 200 199636 "-" "\"Mozilla/5.0 (Macintosh; Intel Mac OS X 10_15_7) AppleWebKit/537.36 (KHTML, like Gecko) Chrome/142.0.0.0 Safari/537.36\""
185.195.71.244 - - [20/Sep/2026:17:48:06 +0200] "POST /wp-content/plugins/litespeed-cache/guest.vary.php HTTP/1.1" 403 6501 "https://grupo-seg.com/contacto/" "\"Mozilla/5.0 (Macintosh; Intel Mac OS X 10_15_7) AppleWebKit/537.36 (KHTML, like Gecko) Chrome/142.0.0.0 Safari/537.36\""
185.195.71.244 - - [20/Sep/2026:17:48:06 +0200] "GET /contacto HTTP/1.1" 301 5575 "-" "\"Mozilla/5.0 (Macintosh; Intel Mac OS X 10_15_7) AppleWebKit/537.36 (KHTML, like Gecko) Chrome/142.0.0.0 Safari/537.36\""
185.195.71.244 - - [20/Sep/2026:17:48:07 +0200] "GET /contacto/ HTTP/1.1" 200 199540 "-" "\"Mozilla/5.0 (Macintosh; Intel Mac OS X 10_15_7) AppleWebKit/537.36 (KHTML, like Gecko) Chrome/142.0.0.0 Safari/537.36\""
185.195.71.244 - - [20/Sep/2026:17:48:08 +0200] "POST /wp-content/plugins/litespeed-cache/guest.vary.php HTTP/1.1" 403 6501 "https://grupo-seg.com/contacto/" "\"Mozilla/5.0 (Macintosh; Intel Mac OS X 10_15_7) AppleWebKit/537.36 (KHTML, like Gecko) Chrome/142.0.0.0 Safari/537.36\""
185.195.71.244 - - [20/Sep/2026:17:48:08 +0200] "GET /en/contact/ HTTP/1.1" 200 199721 "-" "\"Mozilla/5.0 (Macintosh; Intel Mac OS X 10_15_7) AppleWebKit/537.36 (KHTML, like Gecko) Chrome/142.0.0.0 Safari/537.36\""
185.195.71.244 - - [20/Sep/2026:17:48:10 +0200] "POST /wp-content/plugins/litespeed-cache/guest.vary.php HTTP/1.1" 403 6501 "https://grupo-seg.com/en/contact/" "\"Mozilla/5.0 (Macintosh; Intel Mac OS X 10_15_7) AppleWebKit/537.36 (KHTML, like Gecko) Chrome/142.0.0.0 Safari/537.36\""
185.195.71.244 - - [20/Sep/2026:17:48:10 +0200] "GET /paises/espana/ HTTP/1.1" 200 161000 "-" "\"Mozilla/5.0 (Macintosh; Intel Mac OS X 10_15_7) AppleWebKit/537.36 (KHTML, like Gecko) Chrome/142.0.0.0 Safari/537.36\""
185.195.71.244 - - [20/Sep/2026:17:48:12 +0200] "POST /wp-content/plugins/litespeed-cache/guest.vary.php HTTP/1.1" 403 6501 "https://grupo-seg.com/paises/espana/" "\"Mozilla/5.0 (Macintosh; Intel Mac OS X 10_15_7) AppleWebKit/537.36 (KHTML, like Gecko) Chrome/142.0.0.0 Safari/537.36\""
185.195.71.244 - - [20/Sep/2026:17:48:12 +0200] "GET /sobre-nosotros/ HTTP/1.1" 200 257609 "-" "\"Mozilla/5.0 (Macintosh; Intel Mac OS X 10_15_7) AppleWebKit/537.36 (KHTML, like Gecko) Chrome/142.0.0.0 Safari/537.36\""
185.195.71.244 - - [20/Sep/2026:17:48:13 +0200] "POST /wp-content/plugins/litespeed-cache/guest.vary.php HTTP/1.1" 403 6501 "https://grupo-seg.com/sobre-nosotros/" "\"Mozilla/5.0 (Macintosh; Intel Mac OS X 10_15_7) AppleWebKit/537.36 (KHTML, like Gecko) Chrome/142.0.0.0 Safari/537.36\""
89.248.107.232 - - [20/Sep/2026:17:49:21 +0200] "POST /wp-cron.php?doing_wp_cron=1789919361.8636560440063476562500 HTTP/1.1" 200 5512 "-" "WordPress/6.6.2; https://grupo-seg.com"
104.28.88.133 - - [20/Sep/2026:17:49:21 +0200] "GET / HTTP/1.1" 200 165817 "-" "Mozilla/5.0 (Macintosh; Intel Mac OS X 10_11_1) AppleWebKit/601.2.4 (KHTML, like Gecko) Version/9.0.1 Safari/601.2.4 facebookexternalhit/1.1 Facebot Twitterbot/1.0"
89.248.107.232 - - [20/Sep/2026:17:49:22 +0200] "POST /wp-admin/admin-ajax.php?action=async_litespeed&nonce=16c258032d&litespeed_type=imgoptm HTTP/1.1" 200 5698 "-" "WordPress/6.6.2; https://grupo-seg.com"
45.8.150.45 - - [20/Sep/2026:17:50:04 +0200] "GET /wp-content/uploads/2024/01/IMG_0377-800x800.jpg HTTP/2.0" 200 133382 "-" "Mozilla/5.0 (Windows NT 10.0; Win64; x64) AppleWebKit/537.36 (KHTML, like Gecko) Chrome/116.0.0.0 Safari/537.36"
186.22.56.198 - - [20/Sep/2026:17:50:58 +0200] "GET /wp-content/uploads/2023/12/Imagen7.png HTTP/2.0" 200 618598 "https://www.google.com/" "Mozilla/5.0 (Linux; Android 16; SM-A065M Build/BP2A.250605.031.A3; wv) AppleWebKit/537.36 (KHTML, like Gecko) Version/4.0 Chrome/153.0.8010.36 Mobile Safari/537.36 GoogleApp/17.58.16.ve.arm64"
89.248.107.232 - - [20/Sep/2026:17:52:00 +0200] "POST /wp-cron.php?doing_wp_cron=1789919520.2184150218963623046875 HTTP/1.1" 200 5512 "-" "WordPress/6.6.2; https://grupo-seg.com"
2.57.168.4 - - [20/Sep/2026:17:51:59 +0200] "POST /wp-login.php HTTP/1.1" 503 25298 "-" "Mozilla/5.0 (Windows NT 10.0; Win64; rv:143.0) Gecko/20100101 Firefox/143.0"
89.248.107.232 - - [20/Sep/2026:17:52:00 +0200] "POST /wp-admin/admin-ajax.php?action=async_litespeed&nonce=16c258032d&litespeed_type=imgoptm HTTP/1.1" 200 5698 "-" "WordPress/6.6.2; https://grupo-seg.com"
89.248.107.232 - - [20/Sep/2026:17:52:40 +0200] "POST /wp-cron.php?doing_wp_cron=1789919560.3310561180114746093750 HTTP/1.1" 200 5512 "-" "WordPress/6.6.2; https://grupo-seg.com"
161.77.73.35 - - [20/Sep/2026:17:52:39 +0200] "GET /robots.txt HTTP/1.1" 200 5679 "https://seg-sa.es/robots.txt" "Mozilla/5.0 AppleWebKit/537.36 (KHTML, like Gecko); compatible; SEOJuice-SearchBot/1.0; +https://seojuice.io/bot"
89.248.107.232 - - [20/Sep/2026:17:52:41 +0200] "POST /wp-admin/admin-ajax.php?action=async_litespeed&nonce=16c258032d&litespeed_type=imgoptm HTTP/1.1" 200 5698 "-" "WordPress/6.6.2; https://grupo-seg.com"
161.77.73.35 - - [20/Sep/2026:17:52:40 +0200] "GET /llms.txt HTTP/1.1" 404 97421 "https://seg-sa.es/llms.txt" "Mozilla/5.0 AppleWebKit/537.36 (KHTML, like Gecko); compatible; SEOJuice-SearchBot/1.0; +https://seojuice.io/bot"
89.248.107.232 - - [20/Sep/2026:17:52:44 +0200] "POST /wp-cron.php?doing_wp_cron=1789919564.2726399898529052734375 HTTP/1.1" 200 5512 "-" "WordPress/6.6.2; https://grupo-seg.com"
161.77.73.35 - - [20/Sep/2026:17:52:43 +0200] "GET /ai.txt HTTP/1.1" 404 97421 "https://seg-sa.es/ai.txt" "Mozilla/5.0 AppleWebKit/537.36 (KHTML, like Gecko); compatible; SEOJuice-SearchBot/1.0; +https://seojuice.io/bot"
161.77.73.35 - - [20/Sep/2026:17:52:46 +0200] "GET /servicios/ HTTP/1.1" 200 202626 "https://seg-sa.es/servicios/" "Mozilla/5.0 AppleWebKit/537.36 (KHTML, like Gecko); compatible; SEOJuice-SearchBot/1.0; +https://seojuice.io/bot"
89.248.107.232 - - [20/Sep/2026:17:52:55 +0200] "POST /wp-cron.php?doing_wp_cron=1789919575.1396150588989257812500 HTTP/1.1" 200 5512 "-" "WordPress/6.6.2; https://grupo-seg.com"
172.225.238.98 - - [20/Sep/2026:17:52:54 +0200] "GET /.well-known/passkey-endpoints HTTP/1.1" 404 97421 "-" "com.apple.AuthenticationServicesCore.AuthenticationServicesAgent/8625.1.29.10.29 CFNetwork/3896.100.1.2.1 Darwin/27.0.0"
89.248.107.232 - - [20/Sep/2026:17:53:22 +0200] "POST /wp-cron.php?doing_wp_cron=1789919602.7233800888061523437500 HTTP/1.1" 200 5512 "-" "WordPress/6.6.2; https://grupo-seg.com"
74.7.175.132 - - [20/Sep/2026:17:53:22 +0200] "GET /robots.txt HTTP/1.1" 301 5576 "https://serynco.es/robots.txt" "Mozilla/5.0 (Macintosh; Intel Mac OS X 10_15_7) AppleWebKit/537.36 (KHTML, like Gecko) Chrome/131.0.0.0 Safari/537.36; compatible; OAI-SearchBot/1.4; robots.txt; +https://openai.com/searchbot"
74.7.175.132 - - [20/Sep/2026:17:53:23 +0200] "GET /robots.txt HTTP/1.1" 200 5679 "https://www.grupo-seg.com/robots.txt" "Mozilla/5.0 (Macintosh; Intel Mac OS X 10_15_7) AppleWebKit/537.36 (KHTML, like Gecko) Chrome/131.0.0.0 Safari/537.36; compatible; OAI-SearchBot/1.4; robots.txt; +https://openai.com/searchbot"
89.248.107.232 - - [20/Sep/2026:17:54:40 +0200] "POST /wp-cron.php?doing_wp_cron=1789919680.2357950210571289062500 HTTP/1.1" 200 5512 "-" "WordPress/6.6.2; https://grupo-seg.com"
54.225.81.20 - - [20/Sep/2026:17:54:39 +0200] "GET /paises/ecuador/embed/ HTTP/1.1" 200 25209 "-" "Mozilla/5.0 AppleWebKit/537.36 (KHTML, like Gecko; compatible; Amazonbot/0.1; +https://developer.amazon.com/support/amazonbot) Chrome/119.0.6045.214 Safari/537.36"
89.248.107.232 - - [20/Sep/2026:17:54:40 +0200] "POST /wp-admin/admin-ajax.php?action=async_litespeed&nonce=16c258032d&litespeed_type=imgoptm HTTP/1.1" 200 5698 "-" "WordPress/6.6.2; https://grupo-seg.com"
89.248.107.232 - - [20/Sep/2026:17:55:49 +0200] "POST /wp-cron.php?doing_wp_cron=1789919749.3654320240020751953125 HTTP/1.1" 200 5512 "-" "WordPress/6.6.2; https://grupo-seg.com"
124.156.204.51 - - [20/Sep/2026:17:55:48 +0200] "GET / HTTP/1.1" 200 157019 "https://www.seg-sa.es/" "Mozilla/5.0 (iPhone; CPU iPhone OS 13_2_3 like Mac OS X) AppleWebKit/605.1.15 (KHTML, like Gecko) Version/13.0.3 Mobile/15E148 Safari/604.1"
89.248.107.232 - - [20/Sep/2026:17:55:50 +0200] "POST /wp-admin/admin-ajax.php?action=async_litespeed&nonce=16c258032d&litespeed_type=imgoptm HTTP/1.1" 200 5698 "-" "WordPress/6.6.2; https://grupo-seg.com"
89.248.107.232 - - [20/Sep/2026:17:58:30 +0200] "POST /wp-cron.php?doing_wp_cron=1789919910.6360220909118652343750 HTTP/1.1" 200 5512 "-" "WordPress/6.6.2; https://grupo-seg.com"
185.151.11.146 - - [20/Sep/2026:17:58:30 +0200] "GET / HTTP/1.1" 200 165817 "http://segcr.com/" "Mozilla/5.0 (X11; CrOS x86_64 14541.0.0) AppleWebKit/537.36 (KHTML, like Gecko) Chrome/121.0.0.0 Safari/537.3"
89.248.107.232 - - [20/Sep/2026:17:58:31 +0200] "POST /wp-admin/admin-ajax.php?action=async_litespeed&nonce=16c258032d&litespeed_type=imgoptm HTTP/1.1" 200 5698 "-" "WordPress/6.6.2; https://grupo-seg.com"
89.248.107.232 - - [20/Sep/2026:18:03:12 +0200] "POST /wp-cron.php?doing_wp_cron=1789920192.0766379833221435546875 HTTP/1.1" 200 5512 "-" "WordPress/6.6.2; https://grupo-seg.com"
129.146.127.121 - - [20/Sep/2026:18:03:11 +0200] "GET /?rest_route=/batch/v1 HTTP/1.1" 404 5968 "-" "Mozilla/5.0"
89.248.107.232 - - [20/Sep/2026:18:03:12 +0200] "POST /wp-admin/admin-ajax.php?action=async_litespeed&nonce=16c258032d&litespeed_type=imgoptm HTTP/1.1" 200 5698 "-" "WordPress/6.6.2; https://grupo-seg.com"
129.146.127.121 - - [20/Sep/2026:18:03:13 +0200] "GET /wp-json/batch/v1 HTTP/1.1" 404 5968 "-" "Mozilla/5.0"
89.248.107.232 - - [20/Sep/2026:18:03:38 +0200] "POST /wp-cron.php?doing_wp_cron=1789920218.2856769561767578125000 HTTP/1.1" 200 5512 "-" "WordPress/6.6.2; https://grupo-seg.com"
192.223.122.233 - - [20/Sep/2026:18:03:37 +0200] "GET /portfolio/estudio-de-pre-inversion-a-nivel-de-perfil-para-el-mejoramiento-del-corredor-vial-emp-pe-3s-por-niveles-de-servicio HTTP/1.1" 301 5692 "https://grupo-seg.com/project-type/carreteras" "Mozilla/5.0 (Macintosh; Intel Mac OS X 10_15_7) AppleWebKit/605.1.15 (KHTML, like Gecko) Version/17.1 Safari/605.1.15"
89.248.107.232 - - [20/Sep/2026:18:03:38 +0200] "POST /wp-admin/admin-ajax.php?action=async_litespeed&nonce=16c258032d&litespeed_type=imgoptm HTTP/1.1" 200 5698 "-" "WordPress/6.6.2; https://grupo-seg.com"
89.248.107.232 - - [20/Sep/2026:18:03:42 +0200] "POST /wp-cron.php?doing_wp_cron=1789920222.4899098873138427734375 HTTP/1.1" 200 5512 "-" "WordPress/6.6.2; https://grupo-seg.com"
190.55.35.160 - - [20/Sep/2026:18:03:42 +0200] "GET /portfolio/estudio-de-pre-inversion-a-nivel-de-perfil-para-el-mejoramiento-del-corredor-vial-emp-pe-3s-por-niveles-de-servicio/ HTTP/1.1" 200 117684 "https://grupo-seg.com/project-type/carreteras" "Mozilla/5.0 (Macintosh; Intel Mac OS X 10_15_7) AppleWebKit/605.1.15 (KHTML, like Gecko) Version/17.1 Safari/605.1.15"
40.77.167.123 - - [20/Sep/2026:18:03:47 +0200] "GET /iesj1549508sodpiigdssodto.html HTTP/1.1" 404 97436 "-" "Mozilla/5.0 AppleWebKit/537.36 (KHTML, like Gecko; compatible; bingbot/2.0; +http://www.bing.com/bingbot.htm) Chrome/116.0.1938.76 Safari/537.36"
52.167.144.163 - - [20/Sep/2026:18:03:51 +0200] "GET /couk162844ssdoooi/tidpdgs HTTP/1.1" 404 97421 "-" "Mozilla/5.0 AppleWebKit/537.36 (KHTML, like Gecko; compatible; bingbot/2.0; +http://www.bing.com/bingbot.htm) Chrome/116.0.1938.76 Safari/537.36"
89.248.107.232 - - [20/Sep/2026:18:03:58 +0200] "POST /wp-cron.php?doing_wp_cron=1789920238.0334091186523437500000 HTTP/1.1" 200 5512 "-" "WordPress/6.6.2; https://grupo-seg.com"
40.77.167.7 - - [20/Sep/2026:18:03:57 +0200] "GET /ihdm656079ssptmtdoesii.htm HTTP/1.1" 404 97421 "-" "Mozilla/5.0 AppleWebKit/537.36 (KHTML, like Gecko; compatible; bingbot/2.0; +http://www.bing.com/bingbot.htm) Chrome/116.0.1938.76 Safari/537.36"
89.248.107.232 - - [20/Sep/2026:18:04:05 +0200] "POST /wp-cron.php?doing_wp_cron=1789920245.4988260269165039062500 HTTP/1.1" 200 5512 "-" "WordPress/6.6.2; https://grupo-seg.com"
184.194.23.2 - - [20/Sep/2026:18:04:05 +0200] "GET / HTTP/1.1" 301 5612 "-" "Mozilla/5.0 (Windows NT 10.0; Win64; x64) AppleWebKit/537.36 (KHTML, like Gecko) Chrome/132.0.0.0 Safari/537.36"
184.194.23.2 - - [20/Sep/2026:18:04:06 +0200] "GET / HTTP/1.1" 200 165817 "-" "Mozilla/5.0 (Windows NT 10.0; Win64; x64) AppleWebKit/537.36 (KHTML, like Gecko) Chrome/132.0.0.0 Safari/537.36"
89.248.107.232 - - [20/Sep/2026:18:04:12 +0200] "POST /wp-cron.php?doing_wp_cron=1789920252.0430839061737060546875 HTTP/1.1" 200 5512 "-" "WordPress/6.6.2; https://grupo-seg.com"
52.167.144.163 - - [20/Sep/2026:18:04:11 +0200] "GET /rmsy591427dgisdip/clientes.html HTTP/1.1" 404 97421 "-" "Mozilla/5.0 AppleWebKit/537.36 (KHTML, like Gecko; compatible; bingbot/2.0; +http://www.bing.com/bingbot.htm) Chrome/116.0.1938.76 Safari/537.36"
89.248.107.232 - - [20/Sep/2026:18:04:53 +0200] "POST /wp-cron.php?doing_wp_cron=1789920293.8084139823913574218750 HTTP/1.1" 200 5512 "-" "WordPress/6.6.2; https://grupo-seg.com"
151.186.154.94 - - [20/Sep/2026:18:04:53 +0200] "POST /AutoDiscover/autodiscover.xml HTTP/1.1" 404 92217 "-" "Microsoft Office/16.0 (Windows NT 10.0; Microsoft Excel 16.0.20326; Pro)"
89.248.107.232 - - [20/Sep/2026:18:04:54 +0200] "POST /wp-admin/admin-ajax.php?action=async_litespeed&nonce=16c258032d&litespeed_type=imgoptm HTTP/1.1" 200 5698 "-" "WordPress/6.6.2; https://grupo-seg.com"
89.248.107.232 - - [20/Sep/2026:18:05:02 +0200] "POST /wp-cron.php?doing_wp_cron=1789920302.6997449398040771484375 HTTP/1.1" 200 5512 "-" "WordPress/6.6.2; https://grupo-seg.com"
167.172.118.155 - - [20/Sep/2026:18:05:02 +0200] "GET / HTTP/1.1" 200 165817 "-" "Mozilla/5.0 (X11; Linux x86_64; rv:1.9.6.20) Gecko/ Firefox/3.6.2"
167.172.118.155 - - [20/Sep/2026:18:05:04 +0200] "POST /?rest_route=/batch/v1 HTTP/1.1" 500 8034 "-" "Mozilla/5.0 (X11; Linux i686) AppleWebKit/537.36 (KHTML, like Gecko) Chrome/135.0.0.0 Safari/537.36"
52.167.144.169 - - [20/Sep/2026:18:05:05 +0200] "GET /htsr1845412z437i2/0stme91568 HTTP/1.1" 301 5687 "-" "Mozilla/5.0 AppleWebKit/537.36 (KHTML, like Gecko; compatible; bingbot/2.0; +http://www.bing.com/bingbot.htm) Chrome/116.0.1938.76 Safari/537.36"
52.167.144.169 - - [20/Sep/2026:18:05:05 +0200] "GET /iesj130831ssdtiop/mit.htm HTTP/1.1" 301 5684 "-" "Mozilla/5.0 AppleWebKit/537.36 (KHTML, like Gecko; compatible; bingbot/2.0; +http://www.bing.com/bingbot.htm) Chrome/116.0.1938.76 Safari/537.36"
31.4.179.243 - - [20/Sep/2026:18:05:13 +0200] "GET /.well-known/assetlinks.json HTTP/1.1" 404 88592 "-" "SamsungPass (Android; Samsung Electronics)"
89.248.107.232 - - [20/Sep/2026:18:06:54 +0200] "POST /wp-cron.php?doing_wp_cron=1789920414.6733729839324951171875 HTTP/1.1" 200 5512 "-" "WordPress/6.6.2; https://grupo-seg.com"
193.228.162.90 - - [20/Sep/2026:18:06:54 +0200] "GET /portfolio/fiscalizacion-de-las-obras-de-renovacion-del-belgrano-sur-entre-estaciones-tapiales-y-marinos-del-crucero-general-belgrano HTTP/1.1" 301 5699 "https://grupo-seg.com/project-type/argentina" "Mozilla/5.0 (Macintosh; Intel Mac OS X 10_15_7) AppleWebKit/605.1.15 (KHTML, like Gecko) Version/17.2 Safari/605.1.15"
89.248.107.232 - - [20/Sep/2026:18:06:55 +0200] "POST /wp-admin/admin-ajax.php?action=async_litespeed&nonce=16c258032d&litespeed_type=imgoptm HTTP/1.1" 200 5698 "-" "WordPress/6.6.2; https://grupo-seg.com"
102.207.101.148 - - [20/Sep/2026:18:06:57 +0200] "GET /portfolio/fiscalizacion-de-las-obras-de-renovacion-del-belgrano-sur-entre-estaciones-tapiales-y-marinos-del-crucero-general-belgrano/ HTTP/1.1" 200 117958 "https://grupo-seg.com/project-type/argentina" "Mozilla/5.0 (Macintosh; Intel Mac OS X 10_15_7) AppleWebKit/605.1.15 (KHTML, like Gecko) Version/17.2 Safari/605.1.15"
89.248.107.232 - - [20/Sep/2026:18:07:12 +0200] "POST /wp-cron.php?doing_wp_cron=1789920432.6001749038696289062500 HTTP/1.1" 200 5512 "-" "WordPress/6.6.2; https://grupo-seg.com"
205.164.137.207 - - [20/Sep/2026:18:07:12 +0200] "GET /portfolio/supervision-de-la-construccion-de-la-via-costa-verde-tramo-el-callao HTTP/1.1" 301 5645 "https://grupo-seg.com/project-type/carreteras" "Mozilla/5.0 (Windows NT 10.0; Win64; x64; rv:126.0) Gecko/20100101 Firefox/126.0"
45.124.171.133 - - [20/Sep/2026:18:07:14 +0200] "GET /portfolio/supervision-de-la-construccion-de-la-via-costa-verde-tramo-el-callao/ HTTP/1.1" 200 117123 "https://grupo-seg.com/project-type/carreteras" "Mozilla/5.0 (Windows NT 10.0; Win64; x64; rv:126.0) Gecko/20100101 Firefox/126.0"
89.248.107.232 - - [20/Sep/2026:18:07:39 +0200] "POST /wp-cron.php?doing_wp_cron=1789920459.8976650238037109375000 HTTP/1.1" 200 5512 "-" "WordPress/6.6.2; https://grupo-seg.com"
217.199.148.228 - - [20/Sep/2026:18:07:39 +0200] "GET /portfolio/estudio-de-factibilidad-para-el-mejoramiento-de-las-travesias-urbanas-e-interurbanas-de-la-ciudad-de-san-lorenzo HTTP/1.1" 301 5689 "https://grupo-seg.com/project-type/carreteras" "Mozilla/5.0 (Windows NT 10.0; Win64; x64; rv:123.0) Gecko/20100101 Firefox/123.0"
89.248.107.232 - - [20/Sep/2026:18:07:40 +0200] "POST /wp-admin/admin-ajax.php?action=async_litespeed&nonce=16c258032d&litespeed_type=imgoptm HTTP/1.1" 200 5698 "-" "WordPress/6.6.2; https://grupo-seg.com"
89.248.107.232 - - [20/Sep/2026:18:07:43 +0200] "POST /wp-cron.php?doing_wp_cron=1789920463.1070489883422851562500 HTTP/1.1" 200 5512 "-" "WordPress/6.6.2; https://grupo-seg.com"
41.143.183.26 - - [20/Sep/2026:18:07:42 +0200] "GET /portfolio/estudio-de-factibilidad-para-el-mejoramiento-de-las-travesias-urbanas-e-interurbanas-de-la-ciudad-de-san-lorenzo/ HTTP/1.1" 200 117619 "https://grupo-seg.com/project-type/carreteras" "Mozilla/5.0 (Windows NT 10.0; Win64; x64; rv:123.0) Gecko/20100101 Firefox/123.0"
43.135.172.89 - - [20/Sep/2026:18:07:47 +0200] "GET / HTTP/1.1" 301 5612 "http://serynco.es" "Mozilla/5.0 (iPhone; CPU iPhone OS 13_2_3 like Mac OS X) AppleWebKit/605.1.15 (KHTML, like Gecko) Version/13.0.3 Mobile/15E148 Safari/604.1"
43.135.172.89 - - [20/Sep/2026:18:07:50 +0200] "GET / HTTP/1.1" 200 156989 "https://www.grupo-seg.com/" "Mozilla/5.0 (iPhone; CPU iPhone OS 13_2_3 like Mac OS X) AppleWebKit/605.1.15 (KHTML, like Gecko) Version/13.0.3 Mobile/15E148 Safari/604.1"
