89.248.107.232 - - [20/Sep/2026:10:53:35 +0200] "POST /wp-cron.php?doing_wp_cron=1789894415.3292739391326904296875 HTTP/1.1" 200 5512 "-" "WordPress/6.6.2; https://grupo-seg.com"
52.167.144.179 - - [20/Sep/2026:10:53:34 +0200] "GET /iesj849034isoctri/duospdtpd HTTP/1.1" 404 97421 "-" "Mozilla/5.0 AppleWebKit/537.36 (KHTML, like Gecko; compatible; bingbot/2.0; +http://www.bing.com/bingbot.htm) Chrome/116.0.1938.76 Safari/537.36"
89.248.107.232 - - [20/Sep/2026:10:53:36 +0200] "POST /wp-admin/admin-ajax.php?action=async_litespeed&nonce=c23640a689&litespeed_type=imgoptm HTTP/1.1" 200 5698 "-" "WordPress/6.6.2; https://grupo-seg.com"
89.248.107.232 - - [20/Sep/2026:10:54:16 +0200] "POST /wp-cron.php?doing_wp_cron=1789894456.6600029468536376953125 HTTP/1.1" 200 5512 "-" "WordPress/6.6.2; https://grupo-seg.com"
52.167.144.204 - - [20/Sep/2026:10:54:16 +0200] "GET /alkane535-38f5j82ci.html HTTP/1.1" 404 97421 "-" "Mozilla/5.0 AppleWebKit/537.36 (KHTML, like Gecko; compatible; bingbot/2.0; +http://www.bing.com/bingbot.htm) Chrome/116.0.1938.76 Safari/537.36"
89.248.107.232 - - [20/Sep/2026:10:54:30 +0200] "POST /wp-cron.php?doing_wp_cron=1789894470.2919480800628662109375 HTTP/1.1" 200 5512 "-" "WordPress/6.6.2; https://grupo-seg.com"
52.167.144.204 - - [20/Sep/2026:10:54:29 +0200] "GET /?s= HTTP/1.1" 200 97053 "-" "Mozilla/5.0 AppleWebKit/537.36 (KHTML, like Gecko; compatible; bingbot/2.0; +http://www.bing.com/bingbot.htm) Chrome/116.0.1938.76 Safari/537.36"
89.248.107.232 - - [20/Sep/2026:10:54:31 +0200] "POST /wp-admin/admin-ajax.php?action=async_litespeed&nonce=c23640a689&litespeed_type=imgoptm HTTP/1.1" 200 5698 "-" "WordPress/6.6.2; https://grupo-seg.com"
89.248.107.232 - - [20/Sep/2026:10:55:00 +0200] "POST /wp-cron.php?doing_wp_cron=1789894500.1586558818817138671875 HTTP/1.1" 200 5512 "-" "WordPress/6.6.2; https://grupo-seg.com"
185.33.86.18 - - [20/Sep/2026:10:54:59 +0200] "GET /webmail/ HTTP/1.1" 404 97436 "-" "Mozilla/5.0 (Windows NT 10.0; WOW64; rv:47.0) Gecko/20100101 Firefox/47.0"
185.33.86.18 - - [20/Sep/2026:10:55:01 +0200] "GET /webmail/ HTTP/1.1" 404 97436 "-" "Mozilla/5.0 (Windows NT 10.0; WOW64; rv:47.0) Gecko/20100101 Firefox/47.0"
89.248.107.232 - - [20/Sep/2026:10:56:13 +0200] "POST /wp-cron.php?doing_wp_cron=1789894573.6523768901824951171875 HTTP/1.1" 200 5512 "-" "WordPress/6.6.2; https://grupo-seg.com"
40.77.167.14 - - [20/Sep/2026:10:56:13 +0200] "GET /boml1288446z9oidd7615s3480og2 HTTP/1.1" 404 97436 "-" "Mozilla/5.0 AppleWebKit/537.36 (KHTML, like Gecko; compatible; bingbot/2.0; +http://www.bing.com/bingbot.htm) Chrome/116.0.1938.76 Safari/537.36"
89.248.107.232 - - [20/Sep/2026:10:56:14 +0200] "POST /wp-admin/admin-ajax.php?action=async_litespeed&nonce=c23640a689&litespeed_type=imgoptm HTTP/1.1" 200 5698 "-" "WordPress/6.6.2; https://grupo-seg.com"
40.77.167.14 - - [20/Sep/2026:10:56:15 +0200] "GET /elsr1648697ooiddos/clientes.html HTTP/1.1" 404 97436 "-" "Mozilla/5.0 AppleWebKit/537.36 (KHTML, like Gecko; compatible; bingbot/2.0; +http://www.bing.com/bingbot.htm) Chrome/116.0.1938.76 Safari/537.36"
40.77.167.14 - - [20/Sep/2026:10:56:16 +0200] "GET /tnsl1464878z4e9it2630m8s157.html HTTP/1.1" 404 97436 "-" "Mozilla/5.0 AppleWebKit/537.36 (KHTML, like Gecko; compatible; bingbot/2.0; +http://www.bing.com/bingbot.htm) Chrome/116.0.1938.76 Safari/537.36"
40.77.167.14 - - [20/Sep/2026:10:56:17 +0200] "GET /kfue1117488sstdsiidgoodpo HTTP/1.1" 404 97421 "-" "Mozilla/5.0 AppleWebKit/537.36 (KHTML, like Gecko; compatible; bingbot/2.0; +http://www.bing.com/bingbot.htm) Chrome/116.0.1938.76 Safari/537.36"
40.77.167.14 - - [20/Sep/2026:10:56:18 +0200] "GET /ygsw203244z9184t3sd2p0i7o6s5 HTTP/1.1" 404 97436 "-" "Mozilla/5.0 AppleWebKit/537.36 (KHTML, like Gecko; compatible; bingbot/2.0; +http://www.bing.com/bingbot.htm) Chrome/116.0.1938.76 Safari/537.36"
89.248.107.232 - - [20/Sep/2026:10:56:26 +0200] "POST /wp-cron.php?doing_wp_cron=1789894585.9967539310455322265625 HTTP/1.1" 200 5512 "-" "WordPress/6.6.2; https://grupo-seg.com"
40.77.167.70 - - [20/Sep/2026:10:56:25 +0200] "GET /ibsc285633isitedmsgood.htm HTTP/1.1" 404 97421 "-" "Mozilla/5.0 AppleWebKit/537.36 (KHTML, like Gecko; compatible; bingbot/2.0; +http://www.bing.com/bingbot.htm) Chrome/116.0.1938.76 Safari/537.36"
89.248.107.232 - - [20/Sep/2026:10:56:26 +0200] "POST /wp-admin/admin-ajax.php?action=async_litespeed&nonce=c23640a689&litespeed_type=imgoptm HTTP/1.1" 200 5698 "-" "WordPress/6.6.2; https://grupo-seg.com"
89.248.107.232 - - [20/Sep/2026:10:57:41 +0200] "POST /wp-cron.php?doing_wp_cron=1789894661.5524098873138427734375 HTTP/1.1" 200 5512 "-" "WordPress/6.6.2; https://grupo-seg.com"
192.178.4.3 - - [20/Sep/2026:10:57:41 +0200] "GET /es/internacional/colombia/referencias-destacadas-colombia?format=feed&type=rss HTTP/1.1" 404 88798 "-" "Mozilla/5.0 (Linux; Android 6.0.1; Nexus 5X Build/MMB29P) AppleWebKit/537.36 (KHTML, like Gecko) Chrome/153.0.8010.47 Mobile Safari/537.36 (compatible; Googlebot/2.1; +http://www.google.com/bot.html)"
89.248.107.232 - - [20/Sep/2026:10:57:42 +0200] "POST /wp-admin/admin-ajax.php?action=async_litespeed&nonce=c23640a689&litespeed_type=imgoptm HTTP/1.1" 200 5698 "-" "WordPress/6.6.2; https://grupo-seg.com"
89.248.107.232 - - [20/Sep/2026:11:00:09 +0200] "POST /wp-cron.php?doing_wp_cron=1789894809.4539411067962646484375 HTTP/1.1" 200 5512 "-" "WordPress/6.6.2; https://grupo-seg.com"
192.178.4.4 - - [20/Sep/2026:11:00:09 +0200] "GET /feed/ HTTP/1.1" 200 100998 "-" "Mozilla/5.0 (Linux; Android 6.0.1; Nexus 5X Build/MMB29P) AppleWebKit/537.36 (KHTML, like Gecko) Chrome/153.0.8010.47 Mobile Safari/537.36 (compatible; Googlebot/2.1; +http://www.google.com/bot.html)"
89.248.107.232 - - [20/Sep/2026:11:00:10 +0200] "POST /wp-admin/admin-ajax.php?action=async_litespeed&nonce=c23640a689&litespeed_type=imgoptm HTTP/1.1" 200 5698 "-" "WordPress/6.6.2; https://grupo-seg.com"
89.248.107.232 - - [20/Sep/2026:11:00:47 +0200] "POST /wp-cron.php?doing_wp_cron=1789894847.0309998989105224609375 HTTP/1.1" 200 5512 "-" "WordPress/6.6.2; https://grupo-seg.com"
192.178.4.3 - - [20/Sep/2026:11:00:46 +0200] "GET /comments/feed/ HTTP/1.1" 200 6411 "-" "Mozilla/5.0 (Linux; Android 6.0.1; Nexus 5X Build/MMB29P) AppleWebKit/537.36 (KHTML, like Gecko) Chrome/153.0.8010.47 Mobile Safari/537.36 (compatible; Googlebot/2.1; +http://www.google.com/bot.html)"
89.248.107.232 - - [20/Sep/2026:11:00:47 +0200] "POST /wp-admin/admin-ajax.php?action=async_litespeed&nonce=c23640a689&litespeed_type=imgoptm HTTP/1.1" 200 5698 "-" "WordPress/6.6.2; https://grupo-seg.com"
40.77.167.14 - - [20/Sep/2026:11:00:49 +0200] "GET /arws471656osimedisotgd HTTP/1.1" 404 97421 "-" "Mozilla/5.0 AppleWebKit/537.36 (KHTML, like Gecko; compatible; bingbot/2.0; +http://www.bing.com/bingbot.htm) Chrome/116.0.1938.76 Safari/537.36"
89.248.107.232 - - [20/Sep/2026:11:04:07 +0200] "POST /wp-cron.php?doing_wp_cron=1789895047.2854559421539306640625 HTTP/1.1" 200 5512 "-" "WordPress/6.6.2; https://grupo-seg.com/en/"
71.131.231.117 - - [20/Sep/2026:11:04:06 +0200] "GET /en/about-us/ HTTP/1.1" 200 245720 "-" "Mozilla/5.0 (Linux; Android 10; HD1900 Build/QKQ1.190716.003; wv) AppleWebKit/537.36 (KHTML, like Gecko) Version/4.0 Chrome/75.0.3770.156 Mobile Safari/537.36  aweme_230400 JsSdk/1.0 NetType/WIFI  AppName/aweme app_version/23.4.0 ByteLocale/zh-CN Region/CN AppSkin/white AppTheme/light BytedanceWebview/d8a21c6 WebView/075113004008"
89.248.107.232 - - [20/Sep/2026:11:04:07 +0200] "POST /wp-admin/admin-ajax.php?action=async_litespeed&nonce=c23640a689&litespeed_type=imgoptm HTTP/1.1" 200 5698 "-" "WordPress/6.6.2; https://grupo-seg.com"
71.131.231.117 - - [20/Sep/2026:11:04:08 +0200] "GET /wp-content/plugins/sitepress-multilingual-cms%207/dist/css/blocks/styles.css HTTP/2.0" 200 6360 "https://grupo-seg.com/en/about-us/" "Mozilla/5.0 (Linux; Android 10; HD1900 Build/QKQ1.190716.003; wv) AppleWebKit/537.36 (KHTML, like Gecko) Version/4.0 Chrome/75.0.3770.156 Mobile Safari/537.36  aweme_230400 JsSdk/1.0 NetType/WIFI  AppName/aweme app_version/23.4.0 ByteLocale/zh-CN Region/CN AppSkin/white AppTheme/light BytedanceWebview/d8a21c6 WebView/075113004008"
71.131.231.117 - - [20/Sep/2026:11:04:09 +0200] "GET /wp-content/litespeed/css/e0692736f9ee0b02f0f1326b539076e0.css?ver=04cf4 HTTP/2.0" 200 93819 "https://grupo-seg.com/en/about-us/" "Mozilla/5.0 (Linux; Android 10; HD1900 Build/QKQ1.190716.003; wv) AppleWebKit/537.36 (KHTML, like Gecko) Version/4.0 Chrome/75.0.3770.156 Mobile Safari/537.36  aweme_230400 JsSdk/1.0 NetType/WIFI  AppName/aweme app_version/23.4.0 ByteLocale/zh-CN Region/CN AppSkin/white AppTheme/light BytedanceWebview/d8a21c6 WebView/075113004008"
71.131.231.117 - - [20/Sep/2026:11:04:09 +0200] "GET /wp-content/plugins/sitepress-multilingual-cms%207/templates/language-switchers/menu-item/style.min.css HTTP/2.0" 200 100 "https://grupo-seg.com/en/about-us/" "Mozilla/5.0 (Linux; Android 10; HD1900 Build/QKQ1.190716.003; wv) AppleWebKit/537.36 (KHTML, like Gecko) Version/4.0 Chrome/75.0.3770.156 Mobile Safari/537.36  aweme_230400 JsSdk/1.0 NetType/WIFI  AppName/aweme app_version/23.4.0 ByteLocale/zh-CN Region/CN AppSkin/white AppTheme/light BytedanceWebview/d8a21c6 WebView/075113004008"
71.131.231.117 - - [20/Sep/2026:11:04:09 +0200] "GET /wp-content/plugins/sitepress-multilingual-cms%207/templates/language-switchers/legacy-list-horizontal/style.min.css HTTP/2.0" 200 236 "https://grupo-seg.com/en/about-us/" "Mozilla/5.0 (Linux; Android 10; HD1900 Build/QKQ1.190716.003; wv) AppleWebKit/537.36 (KHTML, like Gecko) Version/4.0 Chrome/75.0.3770.156 Mobile Safari/537.36  aweme_230400 JsSdk/1.0 NetType/WIFI  AppName/aweme app_version/23.4.0 ByteLocale/zh-CN Region/CN AppSkin/white AppTheme/light BytedanceWebview/d8a21c6 WebView/075113004008"
71.131.231.117 - - [20/Sep/2026:11:04:09 +0200] "GET /wp-content/uploads/2021/07/SED_logo-1.png HTTP/2.0" 200 28729 "https://grupo-seg.com/en/about-us/" "Mozilla/5.0 (Linux; Android 10; HD1900 Build/QKQ1.190716.003; wv) AppleWebKit/537.36 (KHTML, like Gecko) Version/4.0 Chrome/75.0.3770.156 Mobile Safari/537.36  aweme_230400 JsSdk/1.0 NetType/WIFI  AppName/aweme app_version/23.4.0 ByteLocale/zh-CN Region/CN AppSkin/white AppTheme/light BytedanceWebview/d8a21c6 WebView/075113004008"
71.131.231.117 - - [20/Sep/2026:11:04:09 +0200] "GET /wp-content/uploads/2021/07/SED_logo_blanco-1.png HTTP/2.0" 200 26352 "https://grupo-seg.com/en/about-us/" "Mozilla/5.0 (Linux; Android 10; HD1900 Build/QKQ1.190716.003; wv) AppleWebKit/537.36 (KHTML, like Gecko) Version/4.0 Chrome/75.0.3770.156 Mobile Safari/537.36  aweme_230400 JsSdk/1.0 NetType/WIFI  AppName/aweme app_version/23.4.0 ByteLocale/zh-CN Region/CN AppSkin/white AppTheme/light BytedanceWebview/d8a21c6 WebView/075113004008"
71.131.231.117 - - [20/Sep/2026:11:04:09 +0200] "GET /wp-content/themes/salient/css/build/style-non-critical.css HTTP/2.0" 200 4553 "https://grupo-seg.com/en/about-us/" "Mozilla/5.0 (Linux; Android 10; HD1900 Build/QKQ1.190716.003; wv) AppleWebKit/537.36 (KHTML, like Gecko) Version/4.0 Chrome/75.0.3770.156 Mobile Safari/537.36  aweme_230400 JsSdk/1.0 NetType/WIFI  AppName/aweme app_version/23.4.0 ByteLocale/zh-CN Region/CN AppSkin/white AppTheme/light BytedanceWebview/d8a21c6 WebView/075113004008"
71.131.231.117 - - [20/Sep/2026:11:04:09 +0200] "GET /wp-content/uploads/2022/11/SEG_Quotes-186.jpg HTTP/2.0" 200 96819 "https://grupo-seg.com/en/about-us/" "Mozilla/5.0 (Linux; Android 10; HD1900 Build/QKQ1.190716.003; wv) AppleWebKit/537.36 (KHTML, like Gecko) Version/4.0 Chrome/75.0.3770.156 Mobile Safari/537.36  aweme_230400 JsSdk/1.0 NetType/WIFI  AppName/aweme app_version/23.4.0 ByteLocale/zh-CN Region/CN AppSkin/white AppTheme/light BytedanceWebview/d8a21c6 WebView/075113004008"
71.131.231.117 - - [20/Sep/2026:11:04:09 +0200] "GET /wp-content/themes/salient/css/build/off-canvas/core.css HTTP/2.0" 200 3164 "https://grupo-seg.com/en/about-us/" "Mozilla/5.0 (Linux; Android 10; HD1900 Build/QKQ1.190716.003; wv) AppleWebKit/537.36 (KHTML, like Gecko) Version/4.0 Chrome/75.0.3770.156 Mobile Safari/537.36  aweme_230400 JsSdk/1.0 NetType/WIFI  AppName/aweme app_version/23.4.0 ByteLocale/zh-CN Region/CN AppSkin/white AppTheme/light BytedanceWebview/d8a21c6 WebView/075113004008"
71.131.231.117 - - [20/Sep/2026:11:04:09 +0200] "GET /wp-content/themes/salient/css/build/plugins/jquery.fancybox.css HTTP/2.0" 200 3131 "https://grupo-seg.com/en/about-us/" "Mozilla/5.0 (Linux; Android 10; HD1900 Build/QKQ1.190716.003; wv) AppleWebKit/537.36 (KHTML, like Gecko) Version/4.0 Chrome/75.0.3770.156 Mobile Safari/537.36  aweme_230400 JsSdk/1.0 NetType/WIFI  AppName/aweme app_version/23.4.0 ByteLocale/zh-CN Region/CN AppSkin/white AppTheme/light BytedanceWebview/d8a21c6 WebView/075113004008"
71.131.231.117 - - [20/Sep/2026:11:04:09 +0200] "GET /wp-content/themes/salient/css/build/off-canvas/fullscreen-legacy.css HTTP/2.0" 200 1425 "https://grupo-seg.com/en/about-us/" "Mozilla/5.0 (Linux; Android 10; HD1900 Build/QKQ1.190716.003; wv) AppleWebKit/537.36 (KHTML, like Gecko) Version/4.0 Chrome/75.0.3770.156 Mobile Safari/537.36  aweme_230400 JsSdk/1.0 NetType/WIFI  AppName/aweme app_version/23.4.0 ByteLocale/zh-CN Region/CN AppSkin/white AppTheme/light BytedanceWebview/d8a21c6 WebView/075113004008"
71.131.231.117 - - [20/Sep/2026:11:04:09 +0200] "GET /wp-content/plugins/sitepress-multilingual-cms%207/res/flags/es.svg HTTP/2.0" 200 714 "https://grupo-seg.com/en/about-us/" "Mozilla/5.0 (Linux; Android 10; HD1900 Build/QKQ1.190716.003; wv) AppleWebKit/537.36 (KHTML, like Gecko) Version/4.0 Chrome/75.0.3770.156 Mobile Safari/537.36  aweme_230400 JsSdk/1.0 NetType/WIFI  AppName/aweme app_version/23.4.0 ByteLocale/zh-CN Region/CN AppSkin/white AppTheme/light BytedanceWebview/d8a21c6 WebView/075113004008"
71.131.231.117 - - [20/Sep/2026:11:04:09 +0200] "GET /wp-content/uploads/2022/12/SEG_Icon_Next-Section.png HTTP/2.0" 200 1337 "https://grupo-seg.com/en/about-us/" "Mozilla/5.0 (Linux; Android 10; HD1900 Build/QKQ1.190716.003; wv) AppleWebKit/537.36 (KHTML, like Gecko) Version/4.0 Chrome/75.0.3770.156 Mobile Safari/537.36  aweme_230400 JsSdk/1.0 NetType/WIFI  AppName/aweme app_version/23.4.0 ByteLocale/zh-CN Region/CN AppSkin/white AppTheme/light BytedanceWebview/d8a21c6 WebView/075113004008"
71.131.231.117 - - [20/Sep/2026:11:04:09 +0200] "GET /wp-content/plugins/sitepress-multilingual-cms%207/res/flags/en.svg HTTP/2.0" 200 1290 "https://grupo-seg.com/en/about-us/" "Mozilla/5.0 (Linux; Android 10; HD1900 Build/QKQ1.190716.003; wv) AppleWebKit/537.36 (KHTML, like Gecko) Version/4.0 Chrome/75.0.3770.156 Mobile Safari/537.36  aweme_230400 JsSdk/1.0 NetType/WIFI  AppName/aweme app_version/23.4.0 ByteLocale/zh-CN Region/CN AppSkin/white AppTheme/light BytedanceWebview/d8a21c6 WebView/075113004008"
71.131.231.117 - - [20/Sep/2026:11:04:09 +0200] "GET /wp-content/uploads/2022/11/SEG_Quotes-193.jpg HTTP/2.0" 200 142049 "https://grupo-seg.com/en/about-us/" "Mozilla/5.0 (Linux; Android 10; HD1900 Build/QKQ1.190716.003; wv) AppleWebKit/537.36 (KHTML, like Gecko) Version/4.0 Chrome/75.0.3770.156 Mobile Safari/537.36  aweme_230400 JsSdk/1.0 NetType/WIFI  AppName/aweme app_version/23.4.0 ByteLocale/zh-CN Region/CN AppSkin/white AppTheme/light BytedanceWebview/d8a21c6 WebView/075113004008"
71.131.231.117 - - [20/Sep/2026:11:04:09 +0200] "GET /wp-content/uploads/2021/09/SEG_Quienessomos_portada.jpg HTTP/2.0" 200 135533 "https://grupo-seg.com/en/about-us/" "Mozilla/5.0 (Linux; Android 10; HD1900 Build/QKQ1.190716.003; wv) AppleWebKit/537.36 (KHTML, like Gecko) Version/4.0 Chrome/75.0.3770.156 Mobile Safari/537.36  aweme_230400 JsSdk/1.0 NetType/WIFI  AppName/aweme app_version/23.4.0 ByteLocale/zh-CN Region/CN AppSkin/white AppTheme/light BytedanceWebview/d8a21c6 WebView/075113004008"
71.131.231.117 - - [20/Sep/2026:11:04:10 +0200] "GET /wp-content/uploads/2021/09/SEG_Quienessomos_02b.jpg HTTP/2.0" 200 1152169 "https://grupo-seg.com/en/about-us/" "Mozilla/5.0 (Linux; Android 10; HD1900 Build/QKQ1.190716.003; wv) AppleWebKit/537.36 (KHTML, like Gecko) Version/4.0 Chrome/75.0.3770.156 Mobile Safari/537.36  aweme_230400 JsSdk/1.0 NetType/WIFI  AppName/aweme app_version/23.4.0 ByteLocale/zh-CN Region/CN AppSkin/white AppTheme/light BytedanceWebview/d8a21c6 WebView/075113004008"
71.131.231.117 - - [20/Sep/2026:11:04:10 +0200] "GET /wp-content/uploads/2021/11/SEG_RSC_02.jpg HTTP/2.0" 200 80027 "https://grupo-seg.com/en/about-us/" "Mozilla/5.0 (Linux; Android 10; HD1900 Build/QKQ1.190716.003; wv) AppleWebKit/537.36 (KHTML, like Gecko) Version/4.0 Chrome/75.0.3770.156 Mobile Safari/537.36  aweme_230400 JsSdk/1.0 NetType/WIFI  AppName/aweme app_version/23.4.0 ByteLocale/zh-CN Region/CN AppSkin/white AppTheme/light BytedanceWebview/d8a21c6 WebView/075113004008"
71.131.231.117 - - [20/Sep/2026:11:04:10 +0200] "GET /wp-content/uploads/2021/11/SEG_RSC_03.jpg HTTP/2.0" 200 146770 "https://grupo-seg.com/en/about-us/" "Mozilla/5.0 (Linux; Android 10; HD1900 Build/QKQ1.190716.003; wv) AppleWebKit/537.36 (KHTML, like Gecko) Version/4.0 Chrome/75.0.3770.156 Mobile Safari/537.36  aweme_230400 JsSdk/1.0 NetType/WIFI  AppName/aweme app_version/23.4.0 ByteLocale/zh-CN Region/CN AppSkin/white AppTheme/light BytedanceWebview/d8a21c6 WebView/075113004008"
71.131.231.117 - - [20/Sep/2026:11:04:10 +0200] "GET /wp-content/uploads/2023/03/SEG_RSC_04.jpg HTTP/2.0" 200 233158 "https://grupo-seg.com/en/about-us/" "Mozilla/5.0 (Linux; Android 10; HD1900 Build/QKQ1.190716.003; wv) AppleWebKit/537.36 (KHTML, like Gecko) Version/4.0 Chrome/75.0.3770.156 Mobile Safari/537.36  aweme_230400 JsSdk/1.0 NetType/WIFI  AppName/aweme app_version/23.4.0 ByteLocale/zh-CN Region/CN AppSkin/white AppTheme/light BytedanceWebview/d8a21c6 WebView/075113004008"
71.131.231.117 - - [20/Sep/2026:11:04:10 +0200] "GET /wp-content/uploads/2021/09/SEG_Servicios_01.jpg HTTP/2.0" 200 327207 "https://grupo-seg.com/en/about-us/" "Mozilla/5.0 (Linux; Android 10; HD1900 Build/QKQ1.190716.003; wv) AppleWebKit/537.36 (KHTML, like Gecko) Version/4.0 Chrome/75.0.3770.156 Mobile Safari/537.36  aweme_230400 JsSdk/1.0 NetType/WIFI  AppName/aweme app_version/23.4.0 ByteLocale/zh-CN Region/CN AppSkin/white AppTheme/light BytedanceWebview/d8a21c6 WebView/075113004008"
71.131.231.117 - - [20/Sep/2026:11:04:10 +0200] "GET /wp-content/uploads/2022/09/SEG_Quotes_00_A.png HTTP/2.0" 200 7694 "https://grupo-seg.com/en/about-us/" "Mozilla/5.0 (Linux; Android 10; HD1900 Build/QKQ1.190716.003; wv) AppleWebKit/537.36 (KHTML, like Gecko) Version/4.0 Chrome/75.0.3770.156 Mobile Safari/537.36  aweme_230400 JsSdk/1.0 NetType/WIFI  AppName/aweme app_version/23.4.0 ByteLocale/zh-CN Region/CN AppSkin/white AppTheme/light BytedanceWebview/d8a21c6 WebView/075113004008"
71.131.231.117 - - [20/Sep/2026:11:04:10 +0200] "GET /wp-content/uploads/useanyfont/9325Graphik-Semibold.woff2 HTTP/2.0" 200 37036 "https://grupo-seg.com/wp-content/litespeed/css/e0692736f9ee0b02f0f1326b539076e0.css?ver=04cf4" "Mozilla/5.0 (Linux; Android 10; HD1900 Build/QKQ1.190716.003; wv) AppleWebKit/537.36 (KHTML, like Gecko) Version/4.0 Chrome/75.0.3770.156 Mobile Safari/537.36  aweme_230400 JsSdk/1.0 NetType/WIFI  AppName/aweme app_version/23.4.0 ByteLocale/zh-CN Region/CN AppSkin/white AppTheme/light BytedanceWebview/d8a21c6 WebView/075113004008"
71.131.231.117 - - [20/Sep/2026:11:04:10 +0200] "GET /wp-content/themes/salient/css/fonts/icomoon.woff?v=1.3 HTTP/2.0" 200 21132 "https://grupo-seg.com/wp-content/litespeed/css/e0692736f9ee0b02f0f1326b539076e0.css?ver=04cf4" "Mozilla/5.0 (Linux; Android 10; HD1900 Build/QKQ1.190716.003; wv) AppleWebKit/537.36 (KHTML, like Gecko) Version/4.0 Chrome/75.0.3770.156 Mobile Safari/537.36  aweme_230400 JsSdk/1.0 NetType/WIFI  AppName/aweme app_version/23.4.0 ByteLocale/zh-CN Region/CN AppSkin/white AppTheme/light BytedanceWebview/d8a21c6 WebView/075113004008"
71.131.231.117 - - [20/Sep/2026:11:04:10 +0200] "GET /wp-content/uploads/useanyfont/3503Graphik-Regular.woff2 HTTP/2.0" 200 34332 "https://grupo-seg.com/wp-content/litespeed/css/e0692736f9ee0b02f0f1326b539076e0.css?ver=04cf4" "Mozilla/5.0 (Linux; Android 10; HD1900 Build/QKQ1.190716.003; wv) AppleWebKit/537.36 (KHTML, like Gecko) Version/4.0 Chrome/75.0.3770.156 Mobile Safari/537.36  aweme_230400 JsSdk/1.0 NetType/WIFI  AppName/aweme app_version/23.4.0 ByteLocale/zh-CN Region/CN AppSkin/white AppTheme/light BytedanceWebview/d8a21c6 WebView/075113004008"
71.131.231.117 - - [20/Sep/2026:11:04:10 +0200] "GET /wp-content/themes/salient/css/fonts/fontawesome-webfont.woff?v=4.2 HTTP/2.0" 200 98024 "https://grupo-seg.com/wp-content/litespeed/css/e0692736f9ee0b02f0f1326b539076e0.css?ver=04cf4" "Mozilla/5.0 (Linux; Android 10; HD1900 Build/QKQ1.190716.003; wv) AppleWebKit/537.36 (KHTML, like Gecko) Version/4.0 Chrome/75.0.3770.156 Mobile Safari/537.36  aweme_230400 JsSdk/1.0 NetType/WIFI  AppName/aweme app_version/23.4.0 ByteLocale/zh-CN Region/CN AppSkin/white AppTheme/light BytedanceWebview/d8a21c6 WebView/075113004008"
71.131.231.117 - - [20/Sep/2026:11:04:10 +0200] "GET /wp-content/uploads/useanyfont/3325Graphik-Medium.woff2 HTTP/2.0" 200 37020 "https://grupo-seg.com/wp-content/litespeed/css/e0692736f9ee0b02f0f1326b539076e0.css?ver=04cf4" "Mozilla/5.0 (Linux; Android 10; HD1900 Build/QKQ1.190716.003; wv) AppleWebKit/537.36 (KHTML, like Gecko) Version/4.0 Chrome/75.0.3770.156 Mobile Safari/537.36  aweme_230400 JsSdk/1.0 NetType/WIFI  AppName/aweme app_version/23.4.0 ByteLocale/zh-CN Region/CN AppSkin/white AppTheme/light BytedanceWebview/d8a21c6 WebView/075113004008"
71.131.231.117 - - [20/Sep/2026:11:04:10 +0200] "POST /wp-content/plugins/litespeed-cache/guest.vary.php HTTP/1.1" 403 6501 "https://grupo-seg.com/en/about-us/" "Mozilla/5.0 (Linux; Android 10; HD1900 Build/QKQ1.190716.003; wv) AppleWebKit/537.36 (KHTML, like Gecko) Version/4.0 Chrome/75.0.3770.156 Mobile Safari/537.36  aweme_230400 JsSdk/1.0 NetType/WIFI  AppName/aweme app_version/23.4.0 ByteLocale/zh-CN Region/CN AppSkin/white AppTheme/light BytedanceWebview/d8a21c6 WebView/075113004008"
89.248.107.232 - - [20/Sep/2026:11:09:03 +0200] "POST /wp-cron.php?doing_wp_cron=1789895343.7002100944519042968750 HTTP/1.1" 200 5512 "-" "WordPress/6.6.2; https://grupo-seg.com"
43.135.135.57 - - [20/Sep/2026:11:09:02 +0200] "GET / HTTP/1.1" 301 5612 "http://www.grupo-seg.com" "Mozilla/5.0 (iPhone; CPU iPhone OS 13_2_3 like Mac OS X) AppleWebKit/605.1.15 (KHTML, like Gecko) Version/13.0.3 Mobile/15E148 Safari/604.1"
89.248.107.232 - - [20/Sep/2026:11:09:04 +0200] "POST /wp-admin/admin-ajax.php?action=async_litespeed&nonce=c23640a689&litespeed_type=imgoptm HTTP/1.1" 200 5698 "-" "WordPress/6.6.2; https://grupo-seg.com"
43.135.135.57 - - [20/Sep/2026:11:09:05 +0200] "GET / HTTP/1.1" 200 156989 "https://www.grupo-seg.com/" "Mozilla/5.0 (iPhone; CPU iPhone OS 13_2_3 like Mac OS X) AppleWebKit/605.1.15 (KHTML, like Gecko) Version/13.0.3 Mobile/15E148 Safari/604.1"
89.248.107.232 - - [20/Sep/2026:11:10:07 +0200] "POST /wp-cron.php?doing_wp_cron=1789895407.1377549171447753906250 HTTP/1.1" 200 5512 "-" "WordPress/6.6.2; https://grupo-seg.com"
52.167.144.236 - - [20/Sep/2026:11:10:06 +0200] "GET /iesj546971dsiiopg/tsdoods.html HTTP/1.1" 404 97436 "-" "Mozilla/5.0 AppleWebKit/537.36 (KHTML, like Gecko; compatible; bingbot/2.0; +http://www.bing.com/bingbot.htm) Chrome/116.0.1938.76 Safari/537.36"
89.248.107.232 - - [20/Sep/2026:11:10:08 +0200] "POST /wp-admin/admin-ajax.php?action=async_litespeed&nonce=c23640a689&litespeed_type=imgoptm HTTP/1.1" 200 5698 "-" "WordPress/6.6.2; https://grupo-seg.com"
40.77.167.130 - - [20/Sep/2026:11:10:11 +0200] "GET /twuk1329740z3oi867d05d429sog1.html HTTP/1.1" 404 97436 "-" "Mozilla/5.0 AppleWebKit/537.36 (KHTML, like Gecko; compatible; bingbot/2.0; +http://www.bing.com/bingbot.htm) Chrome/116.0.1938.76 Safari/537.36"
89.248.107.232 - - [20/Sep/2026:11:10:37 +0200] "POST /wp-cron.php?doing_wp_cron=1789895437.1849238872528076171875 HTTP/1.1" 200 5512 "-" "WordPress/6.6.2; https://grupo-seg.com"
52.167.144.205 - - [20/Sep/2026:11:10:36 +0200] "GET /rmsy683983ddssopo/legal.html HTTP/1.1" 301 5687 "-" "Mozilla/5.0 AppleWebKit/537.36 (KHTML, like Gecko; compatible; bingbot/2.0; +http://www.bing.com/bingbot.htm) Chrome/116.0.1938.76 Safari/537.36"
89.248.107.232 - - [20/Sep/2026:11:10:37 +0200] "POST /wp-admin/admin-ajax.php?action=async_litespeed&nonce=c23640a689&litespeed_type=imgoptm HTTP/1.1" 200 5698 "-" "WordPress/6.6.2; https://grupo-seg.com"
89.248.107.232 - - [20/Sep/2026:11:13:35 +0200] "POST /wp-cron.php?doing_wp_cron=1789895615.1580290794372558593750 HTTP/1.1" 200 5512 "-" "WordPress/6.6.2; https://grupo-seg.com"
66.249.88.103 - - [20/Sep/2026:11:13:34 +0200] "GET /.well-known/traffic-advice HTTP/1.1" 404 97421 "-" "Chrome Privacy Preserving Prefetch Proxy"
162.120.186.95 - - [20/Sep/2026:11:13:34 +0200] "GET /paises/colombia/ HTTP/1.1" 200 163837 "https://www.google.com/" "Mozilla/5.0 (Linux; Android 10; K) AppleWebKit/537.36 (KHTML, like Gecko) Chrome/152.0.0.0 Mobile Safari/537.36"
89.248.107.232 - - [20/Sep/2026:11:13:37 +0200] "POST /wp-admin/admin-ajax.php?action=async_litespeed&nonce=c23640a689&litespeed_type=imgoptm HTTP/1.1" 200 5698 "-" "WordPress/6.6.2; https://grupo-seg.com"
152.163.18.211 - - [20/Sep/2026:11:13:37 +0200] "GET /en/portfolio/technical-file-for-the-construction-investment-at-the-mayor-general-fap-armando-revoredo-iglesias-de-cajamarca-airport/ HTTP/1.1" 200 117787 "-" "Mozilla/5.0 (compatible; ExaSearchBot/1.0; +https://crawler.exa.ai/)"
89.248.107.232 - - [20/Sep/2026:11:15:02 +0200] "POST /wp-cron.php?doing_wp_cron=1789895702.6633338928222656250000 HTTP/1.1" 200 5512 "-" "WordPress/6.6.2; https://grupo-seg.com"
44.255.187.78 - - [20/Sep/2026:11:15:02 +0200] "GET / HTTP/1.1" 200 165817 "-" "Mozilla/5.0 (Windows NT 10.0; Win64; x64) AppleWebKit/537.36 (KHTML, like Gecko) Chrome/85.0.4183.0 Safari/537.36 Some Company. inc admin.contact@gmail.com"
89.248.107.232 - - [20/Sep/2026:11:15:04 +0200] "POST /wp-admin/admin-ajax.php?action=async_litespeed&nonce=c23640a689&litespeed_type=imgoptm HTTP/1.1" 200 5698 "-" "WordPress/6.6.2; https://grupo-seg.com"
44.255.187.78 - - [20/Sep/2026:11:15:06 +0200] "GET /favicon.ico HTTP/1.1" 302 5672 "-" "Mozilla/5.0 (Windows NT 10.0; Win64; x64) AppleWebKit/537.36 (KHTML, like Gecko) Chrome/85.0.4183.0 Safari/537.36 Some Company. inc admin.contact@gmail.com"
44.255.187.78 - - [20/Sep/2026:11:15:06 +0200] "GET /wp-content/uploads/2021/07/cropped-SED_FAV-192x192.png HTTP/1.1" 200 646 "-" "Mozilla/5.0 (Windows NT 10.0; Win64; x64) AppleWebKit/537.36 (KHTML, like Gecko) Chrome/85.0.4183.0 Safari/537.36 Some Company. inc admin.contact@gmail.com"
44.255.187.78 - - [20/Sep/2026:11:15:06 +0200] "GET /wp-content/uploads/2021/07/cropped-SED_FAV-180x180.png HTTP/1.1" 200 609 "-" "Mozilla/5.0 (Windows NT 10.0; Win64; x64) AppleWebKit/537.36 (KHTML, like Gecko) Chrome/85.0.4183.0 Safari/537.36 Some Company. inc admin.contact@gmail.com"
44.255.187.78 - - [20/Sep/2026:11:15:06 +0200] "GET /wp-content/uploads/2021/07/cropped-SED_FAV-32x32.png HTTP/1.1" 200 199 "-" "Mozilla/5.0 (Windows NT 10.0; Win64; x64) AppleWebKit/537.36 (KHTML, like Gecko) Chrome/85.0.4183.0 Safari/537.36 Some Company. inc admin.contact@gmail.com"
44.255.187.78 - - [20/Sep/2026:11:15:07 +0200] "GET /wp-content/uploads/2021/07/cropped-SED_FAV-32x32.png HTTP/1.1" 200 199 "-" "Mozilla/5.0 (Windows NT 10.0; Win64; x64) AppleWebKit/537.36 (KHTML, like Gecko) Chrome/85.0.4183.0 Safari/537.36 Some Company. inc admin.contact@gmail.com"
89.248.107.232 - - [20/Sep/2026:11:17:06 +0200] "POST /wp-cron.php?doing_wp_cron=1789895826.2437150478363037109375 HTTP/1.1" 200 5512 "-" "WordPress/6.6.2; https://grupo-seg.com"
79.117.193.47 - - [20/Sep/2026:11:17:05 +0200] "OPTIONS /Datos HTTP/1.1" 404 92217 "-" "Microsoft-WebDAV-MiniRedir/10.0.26100"
89.248.107.232 - - [20/Sep/2026:11:17:07 +0200] "POST /wp-admin/admin-ajax.php?action=async_litespeed&nonce=c23640a689&litespeed_type=imgoptm HTTP/1.1" 200 5698 "-" "WordPress/6.6.2; https://grupo-seg.com"
89.248.107.232 - - [20/Sep/2026:11:18:17 +0200] "POST /wp-cron.php?doing_wp_cron=1789895897.2097580432891845703125 HTTP/1.1" 200 5512 "-" "WordPress/6.6.2; https://grupo-seg.com"
40.77.167.30 - - [20/Sep/2026:11:18:16 +0200] "GET /ibuw463820dsdttpidsurocipo HTTP/1.1" 404 97436 "-" "Mozilla/5.0 AppleWebKit/537.36 (KHTML, like Gecko; compatible; bingbot/2.0; +http://www.bing.com/bingbot.htm) Chrome/116.0.1938.76 Safari/537.36"
89.248.107.232 - - [20/Sep/2026:11:18:17 +0200] "POST /wp-admin/admin-ajax.php?action=async_litespeed&nonce=c23640a689&litespeed_type=imgoptm HTTP/1.1" 200 5698 "-" "WordPress/6.6.2; https://grupo-seg.com"
89.248.107.232 - - [20/Sep/2026:11:18:59 +0200] "POST /wp-cron.php?doing_wp_cron=1789895939.8299500942230224609375 HTTP/1.1" 200 5512 "-" "WordPress/6.6.2; https://grupo-seg.com"
40.77.167.235 - - [20/Sep/2026:11:18:59 +0200] "GET /helictis259/pvab8pqm2.html HTTP/1.1" 301 5685 "-" "Mozilla/5.0 AppleWebKit/537.36 (KHTML, like Gecko; compatible; bingbot/2.0; +http://www.bing.com/bingbot.htm) Chrome/116.0.1938.76 Safari/537.36"
89.248.107.232 - - [20/Sep/2026:11:19:00 +0200] "POST /wp-admin/admin-ajax.php?action=async_litespeed&nonce=c23640a689&litespeed_type=imgoptm HTTP/1.1" 200 5698 "-" "WordPress/6.6.2; https://grupo-seg.com"
89.248.107.232 - - [20/Sep/2026:11:20:48 +0200] "POST /wp-cron.php?doing_wp_cron=1789896048.1420309543609619140625 HTTP/1.1" 200 5512 "-" "WordPress/6.6.2; https://grupo-seg.com"
91.244.197.105 - - [20/Sep/2026:11:20:47 +0200] "GET /wp-login.php HTTP/1.1" 200 13732 "https://seg-sa.es/" "Mozilla/5.0 (X11; Linux x86_64) AppleWebKit/537.36 (KHTML, like Gecko) Chrome/149.0.0.0 Safari/537.36"
89.248.107.232 - - [20/Sep/2026:11:20:48 +0200] "POST /wp-admin/admin-ajax.php?action=async_litespeed&nonce=c23640a689&litespeed_type=imgoptm HTTP/1.1" 200 5698 "-" "WordPress/6.6.2; https://grupo-seg.com"
91.244.197.105 - - [20/Sep/2026:11:20:48 +0200] "POST /wp-login.php HTTP/1.1" 503 25291 "https://seg-sa.es/wp-login.php" "Mozilla/5.0 (X11; Linux x86_64) AppleWebKit/537.36 (KHTML, like Gecko) Chrome/149.0.0.0 Safari/537.36"
91.244.197.105 - - [20/Sep/2026:11:20:50 +0200] "POST /wp-login.php HTTP/1.1" 503 24038 "https://seg-sa.es/wp-login.php" "Mozilla/5.0 (X11; Linux x86_64) AppleWebKit/537.36 (KHTML, like Gecko) Chrome/149.0.0.0 Safari/537.36"
91.244.197.105 - - [20/Sep/2026:11:20:51 +0200] "POST /wp-login.php HTTP/1.1" 503 24038 "https://seg-sa.es/wp-login.php" "Mozilla/5.0 (X11; Linux x86_64) AppleWebKit/537.36 (KHTML, like Gecko) Chrome/149.0.0.0 Safari/537.36"
91.244.197.105 - - [20/Sep/2026:11:20:51 +0200] "GET /wp-json/wp/v2/users/me HTTP/1.1" 503 24038 "https://seg-sa.es/" "Mozilla/5.0 (X11; Linux x86_64) AppleWebKit/537.36 (KHTML, like Gecko) Chrome/149.0.0.0 Safari/537.36"
91.244.197.105 - - [20/Sep/2026:11:20:52 +0200] "GET /wp-json/wp/v2/users/me HTTP/1.1" 503 24038 "https://seg-sa.es/" "Mozilla/5.0 (X11; Linux x86_64) AppleWebKit/537.36 (KHTML, like Gecko) Chrome/149.0.0.0 Safari/537.36"
91.244.197.105 - - [20/Sep/2026:11:20:53 +0200] "GET /wp-json/wp/v2/users/me HTTP/1.1" 503 24038 "https://seg-sa.es/" "Mozilla/5.0 (X11; Linux x86_64) AppleWebKit/537.36 (KHTML, like Gecko) Chrome/149.0.0.0 Safari/537.36"
89.248.107.232 - - [20/Sep/2026:11:21:06 +0200] "POST /?wordfence_syncAttackData=1789896066.8288 HTTP/1.1" 200 5452 "-" "WordPress/6.6.2; https://grupo-seg.com"
89.248.107.232 - - [20/Sep/2026:11:21:07 +0200] "POST /wp-cron.php?doing_wp_cron=1789896067.5340681076049804687500 HTTP/1.1" 200 5512 "-" "WordPress/6.6.2; https://grupo-seg.com"
162.120.186.97 - - [20/Sep/2026:11:21:06 +0200] "GET /servicios/ HTTP/1.1" 200 193769 "https://www.google.com/" "Mozilla/5.0 (Linux; Android 10; K) AppleWebKit/537.36 (KHTML, like Gecko) Chrome/153.0.0.0 Mobile Safari/537.36"
89.248.107.232 - - [20/Sep/2026:11:21:51 +0200] "POST /wp-cron.php?doing_wp_cron=1789896111.4162919521331787109375 HTTP/1.1" 200 5512 "-" "WordPress/6.6.2; https://grupo-seg.com"
110.172.29.247 - - [20/Sep/2026:11:21:51 +0200] "GET /wp-login.php HTTP/1.1" 200 13732 "-" "Mozilla/5.0 (X11; Linux x86_64) AppleWebKit/537.36 (KHTML, like Gecko) Chrome/146.0.0.0 Safari/537.36"
89.248.107.232 - - [20/Sep/2026:11:21:52 +0200] "POST /wp-admin/admin-ajax.php?action=async_litespeed&nonce=c23640a689&litespeed_type=imgoptm HTTP/1.1" 200 5698 "-" "WordPress/6.6.2; https://grupo-seg.com"
110.172.29.247 - - [20/Sep/2026:11:21:51 +0200] "POST /wp-login.php HTTP/1.1" 503 25291 "https://grupo-seg.com/wp-login.php" "Mozilla/5.0 (X11; Linux x86_64) AppleWebKit/537.36 (KHTML, like Gecko) Chrome/146.0.0.0 Safari/537.36"
110.172.29.247 - - [20/Sep/2026:11:21:54 +0200] "POST /wp-login.php HTTP/1.1" 503 24038 "https://grupo-seg.com/wp-login.php" "Mozilla/5.0 (X11; Linux x86_64) AppleWebKit/537.36 (KHTML, like Gecko) Chrome/146.0.0.0 Safari/537.36"
110.172.29.247 - - [20/Sep/2026:11:21:55 +0200] "POST /wp-login.php HTTP/1.1" 503 24038 "https://grupo-seg.com/wp-login.php" "Mozilla/5.0 (X11; Linux x86_64) AppleWebKit/537.36 (KHTML, like Gecko) Chrome/146.0.0.0 Safari/537.36"
110.172.29.247 - - [20/Sep/2026:11:21:55 +0200] "GET /wp-json/wp/v2/users/me HTTP/1.1" 503 24038 "-" "Mozilla/5.0 (X11; Linux x86_64) AppleWebKit/537.36 (KHTML, like Gecko) Chrome/146.0.0.0 Safari/537.36"
110.172.29.247 - - [20/Sep/2026:11:21:56 +0200] "GET /wp-json/wp/v2/users/me HTTP/1.1" 503 24038 "-" "Mozilla/5.0 (X11; Linux x86_64) AppleWebKit/537.36 (KHTML, like Gecko) Chrome/146.0.0.0 Safari/537.36"
110.172.29.247 - - [20/Sep/2026:11:21:58 +0200] "GET /wp-json/wp/v2/users/me HTTP/1.1" 503 24038 "-" "Mozilla/5.0 (X11; Linux x86_64) AppleWebKit/537.36 (KHTML, like Gecko) Chrome/146.0.0.0 Safari/537.36"
89.248.107.232 - - [20/Sep/2026:11:22:50 +0200] "POST /?wordfence_syncAttackData=1789896170.6517 HTTP/1.1" 200 5452 "-" "WordPress/6.6.2; https://grupo-seg.com"
89.248.107.232 - - [20/Sep/2026:11:22:51 +0200] "POST /wp-cron.php?doing_wp_cron=1789896171.2445130348205566406250 HTTP/1.1" 200 5512 "-" "WordPress/6.6.2; https://grupo-seg.com"
52.167.144.20 - - [20/Sep/2026:11:22:50 +0200] "GET /konsentokitsuinsu/0006692037.html HTTP/1.1" 301 5692 "-" "Mozilla/5.0 AppleWebKit/537.36 (KHTML, like Gecko; compatible; bingbot/2.0; +http://www.bing.com/bingbot.htm) Chrome/116.0.1938.76 Safari/537.36"
89.248.107.232 - - [20/Sep/2026:11:22:51 +0200] "POST /wp-admin/admin-ajax.php?action=async_litespeed&nonce=c23640a689&litespeed_type=imgoptm HTTP/1.1" 200 5698 "-" "WordPress/6.6.2; https://grupo-seg.com"
89.248.107.232 - - [20/Sep/2026:11:23:00 +0200] "POST /wp-cron.php?doing_wp_cron=1789896180.6459610462188720703125 HTTP/1.1" 200 5512 "-" "WordPress/6.6.2; https://grupo-seg.com"
52.167.144.211 - - [20/Sep/2026:11:23:00 +0200] "GET /gowemonsunikasan/ HTTP/1.1" 404 97436 "-" "Mozilla/5.0 AppleWebKit/537.36 (KHTML, like Gecko; compatible; bingbot/2.0; +http://www.bing.com/bingbot.htm) Chrome/116.0.1938.76 Safari/537.36"
89.248.107.232 - - [20/Sep/2026:11:23:07 +0200] "POST /wp-cron.php?doing_wp_cron=1789896187.0139629840850830078125 HTTP/1.1" 200 5512 "-" "WordPress/6.6.2; https://grupo-seg.com"
52.167.144.208 - - [20/Sep/2026:11:23:06 +0200] "GET /ihkj1247421tdioddspsioogs.htm HTTP/1.1" 404 97421 "-" "Mozilla/5.0 AppleWebKit/537.36 (KHTML, like Gecko; compatible; bingbot/2.0; +http://www.bing.com/bingbot.htm) Chrome/116.0.1938.76 Safari/537.36"
89.248.107.232 - - [20/Sep/2026:11:23:41 +0200] "POST /wp-cron.php?doing_wp_cron=1789896221.8164360523223876953125 HTTP/1.1" 200 5512 "-" "WordPress/6.6.2; https://grupo-seg.com"
51.8.102.6 - - [20/Sep/2026:11:23:41 +0200] "GET /robots.txt HTTP/1.1" 301 5576 "-" "Mozilla/5.0 (Macintosh; Intel Mac OS X 10_15_7) AppleWebKit/537.36 (KHTML, like Gecko) Chrome/131.0.0.0 Safari/537.36; compatible; OAI-SearchBot/1.0; +https://openai.com/searchbot"
51.8.102.1 - - [20/Sep/2026:11:23:42 +0200] "GET /robots.txt HTTP/1.1" 200 5679 "-" "Mozilla/5.0 (Macintosh; Intel Mac OS X 10_15_7) AppleWebKit/537.36 (KHTML, like Gecko) Chrome/131.0.0.0 Safari/537.36; compatible; OAI-SearchBot/1.0; +https://openai.com/searchbot"
89.248.107.232 - - [20/Sep/2026:11:23:42 +0200] "POST /wp-admin/admin-ajax.php?action=async_litespeed&nonce=c23640a689&litespeed_type=imgoptm HTTP/1.1" 200 5698 "-" "WordPress/6.6.2; https://grupo-seg.com"
89.248.107.232 - - [20/Sep/2026:11:26:29 +0200] "POST /wp-cron.php?doing_wp_cron=1789896389.8620600700378417968750 HTTP/1.1" 200 5512 "-" "WordPress/6.6.2; https://grupo-seg.com"
52.167.144.211 - - [20/Sep/2026:11:26:29 +0200] "GET /ihkj275205smsitodtpi.htm HTTP/1.1" 404 97421 "-" "Mozilla/5.0 AppleWebKit/537.36 (KHTML, like Gecko; compatible; bingbot/2.0; +http://www.bing.com/bingbot.htm) Chrome/116.0.1938.76 Safari/537.36"
89.248.107.232 - - [20/Sep/2026:11:26:30 +0200] "POST /wp-admin/admin-ajax.php?action=async_litespeed&nonce=c23640a689&litespeed_type=imgoptm HTTP/1.1" 200 5698 "-" "WordPress/6.6.2; https://grupo-seg.com"
52.167.144.211 - - [20/Sep/2026:11:26:31 +0200] "GET /elsr301292idiogmtsesod.html HTTP/1.1" 404 97421 "-" "Mozilla/5.0 AppleWebKit/537.36 (KHTML, like Gecko; compatible; bingbot/2.0; +http://www.bing.com/bingbot.htm) Chrome/116.0.1938.76 Safari/537.36"
212.102.39.17 - - [20/Sep/2026:11:26:31 +0200] "GET /contactanos/ HTTP/1.1" 301 5671 "https://www.grupo-seg.com/contactanos/" "Mozilla/5.0 (Windows NT 10.0; Win64; x64) AppleWebKit/537.36 (KHTML, like Gecko) Chrome/129.0.0.0 Safari/537.36"
52.167.144.211 - - [20/Sep/2026:11:26:32 +0200] "GET /yhug957308siiumcodtreptd.html HTTP/1.1" 404 97436 "-" "Mozilla/5.0 AppleWebKit/537.36 (KHTML, like Gecko; compatible; bingbot/2.0; +http://www.bing.com/bingbot.htm) Chrome/116.0.1938.76 Safari/537.36"
212.102.39.17 - - [20/Sep/2026:11:26:33 +0200] "GET /contactanos/ HTTP/1.1" 404 97421 "https://grupo-seg.com/contactanos/" "Mozilla/5.0 (Windows NT 10.0; Win64; x64) AppleWebKit/537.36 (KHTML, like Gecko) Chrome/129.0.0.0 Safari/537.36"
212.102.39.17 - - [20/Sep/2026:11:26:34 +0200] "GET /contacto/ HTTP/1.1" 200 199540 "https://grupo-seg.com/contacto/" "Mozilla/5.0 (Windows NT 10.0; Win64; x64) AppleWebKit/537.36 (KHTML, like Gecko) Chrome/129.0.0.0 Safari/537.36"
89.248.107.232 - - [20/Sep/2026:11:27:30 +0200] "POST /wp-cron.php?doing_wp_cron=1789896450.6781940460205078125000 HTTP/1.1" 200 5512 "-" "WordPress/6.6.2; https://grupo-seg.com"
52.167.144.211 - - [20/Sep/2026:11:27:30 +0200] "GET /jrst1052150smiisodtpt.html HTTP/1.1" 404 97421 "-" "Mozilla/5.0 AppleWebKit/537.36 (KHTML, like Gecko; compatible; bingbot/2.0; +http://www.bing.com/bingbot.htm) Chrome/116.0.1938.76 Safari/537.36"
89.248.107.232 - - [20/Sep/2026:11:27:31 +0200] "POST /wp-admin/admin-ajax.php?action=async_litespeed&nonce=c23640a689&litespeed_type=imgoptm HTTP/1.1" 200 5698 "-" "WordPress/6.6.2; https://grupo-seg.com"
89.248.107.232 - - [20/Sep/2026:11:28:09 +0200] "POST /wp-cron.php?doing_wp_cron=1789896489.5842559337615966796875 HTTP/1.1" 200 5512 "-" "WordPress/6.6.2; https://grupo-seg.com"
52.167.144.208 - - [20/Sep/2026:11:28:09 +0200] "GET /ibxl1715858otidmeisosgd HTTP/1.1" 404 97421 "-" "Mozilla/5.0 AppleWebKit/537.36 (KHTML, like Gecko; compatible; bingbot/2.0; +http://www.bing.com/bingbot.htm) Chrome/116.0.1938.76 Safari/537.36"
89.248.107.232 - - [20/Sep/2026:11:28:49 +0200] "POST /wp-cron.php?doing_wp_cron=1789896529.0371649265289306640625 HTTP/1.1" 200 5512 "-" "WordPress/6.6.2; https://grupo-seg.com"
47.113.205.75 - - [20/Sep/2026:11:28:48 +0200] "GET / HTTP/1.1" 301 5612 "http://www.serynco.es" "Mozilla/5.0 (iPhone; CPU iPhone OS 13_2_3 like Mac OS X) AppleWebKit/605.1.15 (KHTML, like Gecko) Version/13.0.3 Mobile/15E148 Safari/604.1"
89.248.107.232 - - [20/Sep/2026:11:28:49 +0200] "POST /wp-admin/admin-ajax.php?action=async_litespeed&nonce=c23640a689&litespeed_type=imgoptm HTTP/1.1" 200 5698 "-" "WordPress/6.6.2; https://grupo-seg.com"
89.248.107.232 - - [20/Sep/2026:11:29:00 +0200] "POST /wp-cron.php?doing_wp_cron=1789896540.1993629932403564453125 HTTP/1.1" 200 5512 "-" "WordPress/6.6.2; https://grupo-seg.com"
47.113.205.75 - - [20/Sep/2026:11:28:59 +0200] "GET / HTTP/1.1" 200 157019 "https://www.grupo-seg.com/" "Mozilla/5.0 (iPhone; CPU iPhone OS 13_2_3 like Mac OS X) AppleWebKit/605.1.15 (KHTML, like Gecko) Version/13.0.3 Mobile/15E148 Safari/604.1"
89.248.107.232 - - [20/Sep/2026:11:29:37 +0200] "POST /wp-cron.php?doing_wp_cron=1789896577.3636040687561035156250 HTTP/1.1" 200 5512 "-" "WordPress/6.6.2; https://grupo-seg.com"
52.167.144.217 - - [20/Sep/2026:11:29:36 +0200] "GET /pimply156/2e4l0cq91.html HTTP/1.1" 301 5683 "-" "Mozilla/5.0 AppleWebKit/537.36 (KHTML, like Gecko; compatible; bingbot/2.0; +http://www.bing.com/bingbot.htm) Chrome/116.0.1938.76 Safari/537.36"
89.248.107.232 - - [20/Sep/2026:11:29:37 +0200] "POST /wp-admin/admin-ajax.php?action=async_litespeed&nonce=c23640a689&litespeed_type=imgoptm HTTP/1.1" 200 5698 "-" "WordPress/6.6.2; https://grupo-seg.com"
89.248.107.232 - - [20/Sep/2026:11:30:03 +0200] "POST /wp-cron.php?doing_wp_cron=1789896603.7584218978881835937500 HTTP/1.1" 200 5512 "-" "WordPress/6.6.2; https://grupo-seg.com"
108.217.119.199 - - [20/Sep/2026:11:30:03 +0200] "GET / HTTP/1.1" 301 5612 "-" "Mozilla/5.0 (Macintosh; Intel Mac OS X 10_15_7) AppleWebKit/537.36 (KHTML, like Gecko) Chrome/153.0.0.0 Safari/537.36"
108.217.119.199 - - [20/Sep/2026:11:30:04 +0200] "GET / HTTP/1.1" 200 165817 "-" "Mozilla/5.0 (Macintosh; Intel Mac OS X 10_15_7) AppleWebKit/537.36 (KHTML, like Gecko) Chrome/153.0.0.0 Safari/537.36"
108.217.119.199 - - [20/Sep/2026:11:30:10 +0200] "GET /contacto HTTP/1.1" 301 5575 "-" "LodestarBot/0.1 (+https://lodestar.local/bot; research crawler; contact: bot@lodestar.local)"
108.217.119.199 - - [20/Sep/2026:11:30:10 +0200] "GET /contacto/ HTTP/1.1" 200 199540 "-" "LodestarBot/0.1 (+https://lodestar.local/bot; research crawler; contact: bot@lodestar.local)"
89.248.107.232 - - [20/Sep/2026:11:30:31 +0200] "POST /wp-cron.php?doing_wp_cron=1789896631.8201489448547363281250 HTTP/1.1" 200 5512 "-" "WordPress/6.6.2; https://grupo-seg.com"
43.162.109.249 - - [20/Sep/2026:11:30:31 +0200] "GET / HTTP/1.1" 301 5612 "http://alben4000.com" "Mozilla/5.0 (iPhone; CPU iPhone OS 13_2_3 like Mac OS X) AppleWebKit/605.1.15 (KHTML, like Gecko) Version/13.0.3 Mobile/15E148 Safari/604.1"
89.248.107.232 - - [20/Sep/2026:11:30:32 +0200] "POST /wp-admin/admin-ajax.php?action=async_litespeed&nonce=c23640a689&litespeed_type=imgoptm HTTP/1.1" 200 5698 "-" "WordPress/6.6.2; https://grupo-seg.com"
43.162.109.249 - - [20/Sep/2026:11:30:36 +0200] "GET / HTTP/1.1" 200 157019 "https://www.grupo-seg.com/" "Mozilla/5.0 (iPhone; CPU iPhone OS 13_2_3 like Mac OS X) AppleWebKit/605.1.15 (KHTML, like Gecko) Version/13.0.3 Mobile/15E148 Safari/604.1"
89.248.107.232 - - [20/Sep/2026:11:30:56 +0200] "POST /wp-cron.php?doing_wp_cron=1789896656.8086750507354736328125 HTTP/1.1" 200 5512 "-" "WordPress/6.6.2; https://grupo-seg.com"
169.58.114.123 - - [20/Sep/2026:11:30:56 +0200] "GET / HTTP/1.1" 301 5612 "-" "AtlasBot/1.0 (+https://atlas.harmoniamix.com/bot)"
89.248.107.232 - - [20/Sep/2026:11:31:08 +0200] "POST /wp-cron.php?doing_wp_cron=1789896668.6972370147705078125000 HTTP/1.1" 200 5512 "-" "WordPress/6.6.2; https://grupo-seg.com"
169.58.114.123 - - [20/Sep/2026:11:31:08 +0200] "GET / HTTP/1.1" 200 165817 "-" "AtlasBot/1.0 (+https://atlas.harmoniamix.com/bot)"
169.58.114.123 - - [20/Sep/2026:11:31:12 +0200] "GET /robots.txt HTTP/1.1" 200 5679 "-" "AtlasBot/1.0 (+https://atlas.harmoniamix.com/bot)"
169.58.114.123 - - [20/Sep/2026:11:31:15 +0200] "GET /contacto/ HTTP/1.1" 200 199636 "-" "AtlasBot/1.0 (+https://atlas.harmoniamix.com/bot)"
89.248.107.232 - - [20/Sep/2026:11:33:37 +0200] "POST /wp-cron.php?doing_wp_cron=1789896817.4607799053192138671875 HTTP/1.1" 200 5512 "-" "WordPress/6.6.2; https://grupo-seg.com"
51.8.102.92 - - [20/Sep/2026:11:33:37 +0200] "GET /robots.txt HTTP/1.1" 301 5576 "-" "Mozilla/5.0 (Macintosh; Intel Mac OS X 10_15_7) AppleWebKit/537.36 (KHTML, like Gecko) Chrome/131.0.0.0 Safari/537.36; compatible; OAI-SearchBot/1.0; +https://openai.com/searchbot"
51.8.102.166 - - [20/Sep/2026:11:33:38 +0200] "GET /robots.txt HTTP/1.1" 200 5679 "-" "Mozilla/5.0 (Macintosh; Intel Mac OS X 10_15_7) AppleWebKit/537.36 (KHTML, like Gecko) Chrome/131.0.0.0 Safari/537.36; compatible; OAI-SearchBot/1.0; +https://openai.com/searchbot"
89.248.107.232 - - [20/Sep/2026:11:33:38 +0200] "POST /wp-admin/admin-ajax.php?action=async_litespeed&nonce=c23640a689&litespeed_type=imgoptm HTTP/1.1" 200 5698 "-" "WordPress/6.6.2; https://grupo-seg.com"
89.248.107.232 - - [20/Sep/2026:11:33:48 +0200] "POST /wp-cron.php?doing_wp_cron=1789896828.1724550724029541015625 HTTP/1.1" 200 5512 "-" "WordPress/6.6.2; https://grupo-seg.com"
43.135.172.89 - - [20/Sep/2026:11:33:47 +0200] "GET / HTTP/1.1" 200 156989 "https://seg-sa.es/" "Mozilla/5.0 (iPhone; CPU iPhone OS 13_2_3 like Mac OS X) AppleWebKit/605.1.15 (KHTML, like Gecko) Version/13.0.3 Mobile/15E148 Safari/604.1"
89.248.107.232 - - [20/Sep/2026:11:34:37 +0200] "POST /wp-cron.php?doing_wp_cron=1789896877.9072270393371582031250 HTTP/1.1" 200 5512 "-" "WordPress/6.6.2; https://grupo-seg.com"
46.240.147.222 - - [20/Sep/2026:11:34:37 +0200] "GET / HTTP/1.1" 200 165847 "-" "Mozilla/5.0 (Windows NT 10.0; Win64; x64) AppleWebKit/537.36 (KHTML, like Gecko) Chrome/128.0.0.0 Safari/537.36"
89.248.107.232 - - [20/Sep/2026:11:34:38 +0200] "POST /wp-admin/admin-ajax.php?action=async_litespeed&nonce=c23640a689&litespeed_type=imgoptm HTTP/1.1" 200 5698 "-" "WordPress/6.6.2; https://grupo-seg.com"
89.248.107.232 - - [20/Sep/2026:11:35:28 +0200] "POST /wp-cron.php?doing_wp_cron=1789896928.1306500434875488281250 HTTP/1.1" 200 5512 "-" "WordPress/6.6.2; https://grupo-seg.com"
159.89.198.1 - - [20/Sep/2026:11:35:27 +0200] "GET /wp-login.php HTTP/1.1" 200 13732 "https://serynco.es/" "Mozilla/5.0 (Windows NT 10.0; Win64; x64) AppleWebKit/537.36 (KHTML, like Gecko) Chrome/147.0.0.0 Safari/537.36"
89.248.107.232 - - [20/Sep/2026:11:35:28 +0200] "POST /wp-admin/admin-ajax.php?action=async_litespeed&nonce=c23640a689&litespeed_type=imgoptm HTTP/1.1" 200 5698 "-" "WordPress/6.6.2; https://grupo-seg.com"
138.75.39.185 - - [20/Sep/2026:11:35:32 +0200] "POST /wp-login.php HTTP/1.1" 503 25291 "https://serynco.es/wp-login.php" "Mozilla/5.0 (Windows NT 10.0; Win64; x64) AppleWebKit/537.36 (KHTML, like Gecko) Chrome/147.0.0.0 Safari/537.36"
138.75.39.185 - - [20/Sep/2026:11:35:37 +0200] "POST /wp-login.php HTTP/1.1" 503 24038 "https://serynco.es/wp-login.php" "Mozilla/5.0 (Windows NT 10.0; Win64; x64) AppleWebKit/537.36 (KHTML, like Gecko) Chrome/147.0.0.0 Safari/537.36"
138.75.39.185 - - [20/Sep/2026:11:35:41 +0200] "POST /wp-login.php HTTP/1.1" 503 24038 "https://serynco.es/wp-login.php" "Mozilla/5.0 (Windows NT 10.0; Win64; x64) AppleWebKit/537.36 (KHTML, like Gecko) Chrome/147.0.0.0 Safari/537.36"
89.248.107.232 - - [20/Sep/2026:11:36:24 +0200] "POST /?wordfence_syncAttackData=1789896984.0358 HTTP/1.1" 200 5452 "-" "WordPress/6.6.2; https://grupo-seg.com"
89.248.107.232 - - [20/Sep/2026:11:36:24 +0200] "POST /wp-cron.php?doing_wp_cron=1789896984.6095108985900878906250 HTTP/1.1" 200 5512 "-" "WordPress/6.6.2; https://grupo-seg.com"
3.230.69.161 - - [20/Sep/2026:11:36:23 +0200] "GET /paises/peru/ HTTP/1.1" 200 166718 "-" "Mozilla/5.0 AppleWebKit/537.36 (KHTML, like Gecko; compatible; Amazonbot/0.1; +https://developer.amazon.com/support/amazonbot) Chrome/119.0.6045.214 Safari/537.36"
89.248.107.232 - - [20/Sep/2026:11:36:25 +0200] "POST /wp-admin/admin-ajax.php?action=async_litespeed&nonce=c23640a689&litespeed_type=imgoptm HTTP/1.1" 200 5698 "-" "WordPress/6.6.2; https://grupo-seg.com"
89.248.107.232 - - [20/Sep/2026:11:37:37 +0200] "POST /wp-cron.php?doing_wp_cron=1789897057.3821070194244384765625 HTTP/1.1" 200 5512 "-" "WordPress/6.6.2; https://grupo-seg.com"
44.208.214.205 - - [20/Sep/2026:11:37:36 +0200] "GET /robots.txt HTTP/1.1" 200 5679 "-" "Mozilla/5.0 (Macintosh; Intel Mac OS X 10_10_1) AppleWebKit/600.2.5 (KHTML, like Gecko) Version/8.0.2 Safari/600.2.5 (Gort)"
89.248.107.232 - - [20/Sep/2026:11:37:38 +0200] "POST /wp-admin/admin-ajax.php?action=async_litespeed&nonce=c23640a689&litespeed_type=imgoptm HTTP/1.1" 200 5698 "-" "WordPress/6.6.2; https://grupo-seg.com"
172.226.226.30 - - [20/Sep/2026:11:39:43 +0200] "GET /favicon.ico HTTP/1.1" 302 5672 "-" "NetworkingExtension/8623.2.7.10.4 Network/5569.82.5 iOS/26.3"
89.248.107.232 - - [20/Sep/2026:11:39:44 +0200] "POST /wp-cron.php?doing_wp_cron=1789897184.3804669380187988281250 HTTP/1.1" 200 5512 "-" "WordPress/6.6.2; https://grupo-seg.com"
172.226.226.30 - - [20/Sep/2026:11:39:43 +0200] "GET /apple-touch-icon.png HTTP/1.1" 404 99350 "-" "NetworkingExtension/8623.2.7.10.4 Network/5569.82.5 iOS/26.3"
172.226.226.30 - - [20/Sep/2026:11:39:43 +0200] "GET /apple-touch-icon-precomposed.png HTTP/1.1" 404 99025 "-" "NetworkingExtension/8623.2.7.10.4 Network/5569.82.5 iOS/26.3"
172.226.226.30 - - [20/Sep/2026:11:39:43 +0200] "GET /paises/espana/ HTTP/1.1" 200 160970 "-" "Mozilla/5.0 (Macintosh; Intel Mac OS X 10_11_1) AppleWebKit/601.2.4 (KHTML, like Gecko) Version/9.0.1 Safari/601.2.4 facebookexternalhit/1.1 Facebot Twitterbot/1.0"
172.226.226.30 - - [20/Sep/2026:11:39:44 +0200] "GET /wp-content/uploads/2021/07/cropped-SED_FAV-32x32.png HTTP/2.0" 200 199 "-" "NetworkingExtension/8623.2.7.10.4 Network/5569.82.5 iOS/26.3"
89.248.107.232 - - [20/Sep/2026:11:39:45 +0200] "POST /wp-admin/admin-ajax.php?action=async_litespeed&nonce=c23640a689&litespeed_type=imgoptm HTTP/1.1" 200 5698 "-" "WordPress/6.6.2; https://grupo-seg.com"
172.226.226.30 - - [20/Sep/2026:11:39:46 +0200] "GET /wp-content/uploads/2021/07/SED_logo-1.png HTTP/2.0" 200 28729 "-" "NetworkingExtension/8623.2.7.10.4 Network/5569.82.5 iOS/26.3"
172.226.226.30 - - [20/Sep/2026:11:39:46 +0200] "GET /wp-content/uploads/2021/07/SED_logo_blanco-1.png HTTP/2.0" 200 26352 "-" "NetworkingExtension/8623.2.7.10.4 Network/5569.82.5 iOS/26.3"
