192.185.176.194 - - [20/Sep/2026:23:00:11 +0200] "GET /wp-login.php HTTP/1.1" 200 13732 "https://serynco.es/" "Mozilla/5.0 (Macintosh; Intel Mac OS X 10_15_7) AppleWebKit/537.36 (KHTML, like Gecko) Chrome/149.0.0.0 Safari/537.36"
192.185.176.194 - - [20/Sep/2026:23:00:13 +0200] "POST /wp-login.php HTTP/1.1" 503 25298 "https://serynco.es/wp-login.php" "Mozilla/5.0 (Macintosh; Intel Mac OS X 10_15_7) AppleWebKit/537.36 (KHTML, like Gecko) Chrome/149.0.0.0 Safari/537.36"
192.185.176.194 - - [20/Sep/2026:23:00:15 +0200] "POST /wp-login.php HTTP/1.1" 503 24035 "https://serynco.es/wp-login.php" "Mozilla/5.0 (Macintosh; Intel Mac OS X 10_15_7) AppleWebKit/537.36 (KHTML, like Gecko) Chrome/149.0.0.0 Safari/537.36"
192.185.176.194 - - [20/Sep/2026:23:00:17 +0200] "POST /wp-login.php HTTP/1.1" 503 24035 "https://serynco.es/wp-login.php" "Mozilla/5.0 (Macintosh; Intel Mac OS X 10_15_7) AppleWebKit/537.36 (KHTML, like Gecko) Chrome/149.0.0.0 Safari/537.36"
192.185.176.194 - - [20/Sep/2026:23:00:18 +0200] "GET /wp-json/wp/v2/users/me HTTP/1.1" 503 24035 "https://serynco.es/" "Mozilla/5.0 (Macintosh; Intel Mac OS X 10_15_7) AppleWebKit/537.36 (KHTML, like Gecko) Chrome/149.0.0.0 Safari/537.36"
192.185.176.194 - - [20/Sep/2026:23:00:19 +0200] "GET /wp-json/wp/v2/users/me HTTP/1.1" 503 24035 "https://serynco.es/" "Mozilla/5.0 (Macintosh; Intel Mac OS X 10_15_7) AppleWebKit/537.36 (KHTML, like Gecko) Chrome/149.0.0.0 Safari/537.36"
192.185.176.194 - - [20/Sep/2026:23:00:20 +0200] "GET /wp-json/wp/v2/users/me HTTP/1.1" 503 24035 "https://serynco.es/" "Mozilla/5.0 (Macintosh; Intel Mac OS X 10_15_7) AppleWebKit/537.36 (KHTML, like Gecko) Chrome/149.0.0.0 Safari/537.36"
89.248.107.232 - - [20/Sep/2026:23:00:36 +0200] "POST /?wordfence_syncAttackData=1789938035.9535 HTTP/1.1" 200 5452 "-" "WordPress/6.6.2; https://grupo-seg.com"
89.248.107.232 - - [20/Sep/2026:23:00:36 +0200] "POST /wp-cron.php?doing_wp_cron=1789938036.6613619327545166015625 HTTP/1.1" 200 5512 "-" "WordPress/6.6.2; https://grupo-seg.com"
43.133.220.37 - - [20/Sep/2026:23:00:35 +0200] "GET /servicios/ HTTP/1.1" 200 193793 "-" "Mozilla/5.0 (iPhone; CPU iPhone OS 13_2_3 like Mac OS X) AppleWebKit/605.1.15 (KHTML, like Gecko) Version/13.0.3 Mobile/15E148 Safari/604.1"
89.248.107.232 - - [20/Sep/2026:23:00:37 +0200] "POST /wp-admin/admin-ajax.php?action=async_litespeed&nonce=16c258032d&litespeed_type=imgoptm HTTP/1.1" 200 5698 "-" "WordPress/6.6.2; https://grupo-seg.com"
89.248.107.232 - - [20/Sep/2026:23:00:44 +0200] "POST /wp-cron.php?doing_wp_cron=1789938044.6634299755096435546875 HTTP/1.1" 200 5512 "-" "WordPress/6.6.2; https://grupo-seg.com"
40.77.167.32 - - [20/Sep/2026:23:00:44 +0200] "GET /ozuy1064246dpsdodsstigooi.html HTTP/1.1" 404 97421 "-" "Mozilla/5.0 AppleWebKit/537.36 (KHTML, like Gecko; compatible; bingbot/2.0; +http://www.bing.com/bingbot.htm) Chrome/116.0.1938.76 Safari/537.36"
220.181.108.158 - - [20/Sep/2026:23:00:47 +0200] "GET /wp-content/uploads/2021/09/SEG_Clientes_07.jpg HTTP/2.0" 200 11936 "-" "Baiduspider-image+(+http://www.baidu.com/search/spider.htm)"
40.77.167.32 - - [20/Sep/2026:23:00:50 +0200] "GET /es/areas-de-actividad/aeropuertos/referencias-destacadas-en-aeropuertos/203-mejoras-diversas-en-alumbrado-y-sistema-electrico-aeropuerto-de-tenerife-norte HTTP/1.1" 404 97626 "-" "Mozilla/5.0 AppleWebKit/537.36 (KHTML, like Gecko; compatible; bingbot/2.0; +http://www.bing.com/bingbot.htm) Chrome/116.0.1938.76 Safari/537.36"
89.248.107.232 - - [20/Sep/2026:23:01:24 +0200] "POST /wp-cron.php?doing_wp_cron=1789938084.7105600833892822265625 HTTP/1.1" 200 5512 "-" "WordPress/6.6.2; https://grupo-seg.com"
132.243.161.99 - - [20/Sep/2026:23:01:24 +0200] "GET /paises/chile/ HTTP/1.1" 200 156765 "https://grupo-seg.com/paises/chile/" "Mozilla/5.0 (Windows NT 10.0; Win64; x64) AppleWebKit/537.36 (KHTML, like Gecko) Chrome/129.0.0.0 Safari/537.36"
89.248.107.232 - - [20/Sep/2026:23:01:25 +0200] "POST /wp-admin/admin-ajax.php?action=async_litespeed&nonce=16c258032d&litespeed_type=imgoptm HTTP/1.1" 200 5698 "-" "WordPress/6.6.2; https://grupo-seg.com"
89.248.107.232 - - [20/Sep/2026:23:02:52 +0200] "POST /wp-cron.php?doing_wp_cron=1789938172.6940169334411621093750 HTTP/1.1" 200 5512 "-" "WordPress/6.6.2; https://grupo-seg.com"
136.144.33.248 - - [20/Sep/2026:23:02:52 +0200] "POST /wp-login.php HTTP/1.1" 503 25298 "https://grupo-seg.com/wp-admin/" "Mozilla/5.0 (Windows NT 10.0; Win64; x64) AppleWebKit/537.36 (KHTML, like Gecko) Chrome/90.0.4430.85 Safari/537.36"
89.248.107.232 - - [20/Sep/2026:23:02:53 +0200] "POST /wp-admin/admin-ajax.php?action=async_litespeed&nonce=16c258032d&litespeed_type=imgoptm HTTP/1.1" 200 5698 "-" "WordPress/6.6.2; https://grupo-seg.com"
136.144.33.248 - - [20/Sep/2026:23:02:53 +0200] "POST /admin HTTP/1.1" 503 24035 "https://grupo-seg.com/wp-admin/" "Mozilla/5.0 (Windows NT 10.0; Win64; x64) AppleWebKit/537.36 (KHTML, like Gecko) Chrome/90.0.4430.85 Safari/537.36"
89.248.107.232 - - [20/Sep/2026:23:02:56 +0200] "POST /?wordfence_syncAttackData=1789938176.2867 HTTP/1.1" 200 5452 "-" "WordPress/6.6.2; https://grupo-seg.com"
89.248.107.232 - - [20/Sep/2026:23:02:56 +0200] "POST /wp-cron.php?doing_wp_cron=1789938176.8108971118927001953125 HTTP/1.1" 200 5512 "-" "WordPress/6.6.2; https://grupo-seg.com"
37.140.223.243 - - [20/Sep/2026:23:02:56 +0200] "POST /wp-login.php HTTP/1.1" 503 25298 "https://grupo-seg.com/wp-admin/" "Mozilla/5.0 (Windows NT 10.0; Win64; x64) AppleWebKit/537.36 (KHTML, like Gecko) Chrome/90.0.4430.85 Safari/537.36"
89.248.107.232 - - [20/Sep/2026:23:02:57 +0200] "POST /wp-admin/admin-ajax.php?action=async_litespeed&nonce=16c258032d&litespeed_type=imgoptm HTTP/1.1" 200 5698 "-" "WordPress/6.6.2; https://grupo-seg.com"
37.140.223.243 - - [20/Sep/2026:23:02:58 +0200] "POST /admin HTTP/1.1" 503 24035 "https://grupo-seg.com/wp-admin/" "Mozilla/5.0 (Windows NT 10.0; Win64; x64) AppleWebKit/537.36 (KHTML, like Gecko) Chrome/90.0.4430.85 Safari/537.36"
89.248.107.232 - - [20/Sep/2026:23:03:09 +0200] "POST /?wordfence_syncAttackData=1789938189.4605 HTTP/1.1" 200 5452 "-" "WordPress/6.6.2; https://grupo-seg.com"
89.248.107.232 - - [20/Sep/2026:23:03:10 +0200] "POST /wp-cron.php?doing_wp_cron=1789938190.2963240146636962890625 HTTP/1.1" 200 5512 "-" "WordPress/6.6.2; https://grupo-seg.com"
52.167.144.161 - - [20/Sep/2026:23:03:09 +0200] "GET /kfue1797709dtrpe/sitiucmod.htm HTTP/1.1" 301 5689 "-" "Mozilla/5.0 AppleWebKit/537.36 (KHTML, like Gecko; compatible; bingbot/2.0; +http://www.bing.com/bingbot.htm) Chrome/116.0.1938.76 Safari/537.36"
40.77.167.32 - - [20/Sep/2026:23:03:10 +0200] "GET /kokuyofuirubokusu/contacto.html HTTP/1.1" 404 97436 "-" "Mozilla/5.0 AppleWebKit/537.36 (KHTML, like Gecko; compatible; bingbot/2.0; +http://www.bing.com/bingbot.htm) Chrome/116.0.1938.76 Safari/537.36"
52.167.144.25 - - [20/Sep/2026:23:03:14 +0200] "GET /amygdalin4eo-sapk379v.html HTTP/1.1" 404 97436 "-" "Mozilla/5.0 AppleWebKit/537.36 (KHTML, like Gecko; compatible; bingbot/2.0; +http://www.bing.com/bingbot.htm) Chrome/116.0.1938.76 Safari/537.36"
37.140.223.240 - - [20/Sep/2026:23:03:16 +0200] "POST /wp-login.php HTTP/1.1" 503 25298 "https://grupo-seg.com/wp-admin/" "Mozilla/5.0 (Windows NT 10.0; Win64; x64) AppleWebKit/537.36 (KHTML, like Gecko) Chrome/90.0.4430.85 Safari/537.36"
37.140.223.240 - - [20/Sep/2026:23:03:18 +0200] "POST /admin HTTP/1.1" 503 24035 "https://grupo-seg.com/wp-admin/" "Mozilla/5.0 (Windows NT 10.0; Win64; x64) AppleWebKit/537.36 (KHTML, like Gecko) Chrome/90.0.4430.85 Safari/537.36"
89.248.107.232 - - [20/Sep/2026:23:03:20 +0200] "POST /?wordfence_syncAttackData=1789938200.6141 HTTP/1.1" 200 5452 "-" "WordPress/6.6.2; https://grupo-seg.com"
37.140.223.229 - - [20/Sep/2026:23:03:20 +0200] "POST /wp-login.php HTTP/1.1" 503 25298 "https://grupo-seg.com/wp-admin/" "Mozilla/5.0 (Windows NT 10.0; Win64; x64) AppleWebKit/537.36 (KHTML, like Gecko) Chrome/90.0.4430.85 Safari/537.36"
37.140.223.229 - - [20/Sep/2026:23:03:22 +0200] "POST /admin HTTP/1.1" 503 24035 "https://grupo-seg.com/wp-admin/" "Mozilla/5.0 (Windows NT 10.0; Win64; x64) AppleWebKit/537.36 (KHTML, like Gecko) Chrome/90.0.4430.85 Safari/537.36"
89.248.107.232 - - [20/Sep/2026:23:03:29 +0200] "POST /wp-cron.php?doing_wp_cron=1789938209.7039990425109863281250 HTTP/1.1" 200 5512 "-" "WordPress/6.6.2; https://grupo-seg.com"
37.140.223.223 - - [20/Sep/2026:23:03:29 +0200] "POST /wp-login.php HTTP/1.1" 503 25298 "https://grupo-seg.com/wp-admin/" "Mozilla/5.0 (Windows NT 10.0; Win64; x64) AppleWebKit/537.36 (KHTML, like Gecko) Chrome/90.0.4430.85 Safari/537.36"
89.248.107.232 - - [20/Sep/2026:23:03:30 +0200] "POST /?wordfence_syncAttackData=1789938210.0135 HTTP/1.1" 200 5452 "-" "WordPress/6.6.2; https://grupo-seg.com"
89.248.107.232 - - [20/Sep/2026:23:03:30 +0200] "POST /wp-admin/admin-ajax.php?action=async_litespeed&nonce=16c258032d&litespeed_type=imgoptm HTTP/1.1" 200 5698 "-" "WordPress/6.6.2; https://grupo-seg.com"
37.140.223.223 - - [20/Sep/2026:23:03:38 +0200] "POST /admin HTTP/1.1" 503 24035 "https://grupo-seg.com/wp-admin/" "Mozilla/5.0 (Windows NT 10.0; Win64; x64) AppleWebKit/537.36 (KHTML, like Gecko) Chrome/90.0.4430.85 Safari/537.36"
89.248.107.232 - - [20/Sep/2026:23:03:49 +0200] "POST /?wordfence_syncAttackData=1789938229.6395 HTTP/1.1" 200 5452 "-" "WordPress/6.6.2; https://grupo-seg.com"
89.248.107.232 - - [20/Sep/2026:23:03:50 +0200] "POST /wp-cron.php?doing_wp_cron=1789938230.2379670143127441406250 HTTP/1.1" 200 5512 "-" "WordPress/6.6.2; https://grupo-seg.com"
172.245.102.83 - - [20/Sep/2026:23:03:49 +0200] "POST /wp-login.php HTTP/1.1" 503 25298 "https://grupo-seg.com/wp-admin/" "Mozilla/5.0 (Windows NT 10.0; Win64; x64) AppleWebKit/537.36 (KHTML, like Gecko) Chrome/90.0.4430.85 Safari/537.36"
172.245.102.83 - - [20/Sep/2026:23:03:52 +0200] "POST /admin HTTP/1.1" 503 24035 "https://grupo-seg.com/wp-admin/" "Mozilla/5.0 (Windows NT 10.0; Win64; x64) AppleWebKit/537.36 (KHTML, like Gecko) Chrome/90.0.4430.85 Safari/537.36"
89.248.107.232 - - [20/Sep/2026:23:03:57 +0200] "POST /wp-cron.php?doing_wp_cron=1789938237.5324139595031738281250 HTTP/1.1" 200 5512 "-" "WordPress/6.6.2; https://grupo-seg.com"
37.140.223.232 - - [20/Sep/2026:23:03:57 +0200] "POST /wp-login.php HTTP/1.1" 503 25298 "https://grupo-seg.com/wp-admin/" "Mozilla/5.0 (Windows NT 10.0; Win64; x64) AppleWebKit/537.36 (KHTML, like Gecko) Chrome/90.0.4430.85 Safari/537.36"
37.140.223.232 - - [20/Sep/2026:23:04:07 +0200] "POST /admin HTTP/1.1" 503 24035 "https://grupo-seg.com/wp-admin/" "Mozilla/5.0 (Windows NT 10.0; Win64; x64) AppleWebKit/537.36 (KHTML, like Gecko) Chrome/90.0.4430.85 Safari/537.36"
89.248.107.232 - - [20/Sep/2026:23:04:24 +0200] "POST /?wordfence_syncAttackData=1789938263.9824 HTTP/1.1" 200 5452 "-" "WordPress/6.6.2; https://grupo-seg.com"
89.248.107.232 - - [20/Sep/2026:23:04:24 +0200] "POST /wp-cron.php?doing_wp_cron=1789938264.5992269515991210937500 HTTP/1.1" 200 5512 "-" "WordPress/6.6.2; https://grupo-seg.com"
37.140.223.219 - - [20/Sep/2026:23:04:23 +0200] "POST /wp-login.php HTTP/1.1" 503 25298 "https://grupo-seg.com/wp-admin/" "Mozilla/5.0 (Windows NT 10.0; Win64; x64) AppleWebKit/537.36 (KHTML, like Gecko) Chrome/90.0.4430.85 Safari/537.36"
89.248.107.232 - - [20/Sep/2026:23:04:26 +0200] "POST /wp-admin/admin-ajax.php?action=async_litespeed&nonce=16c258032d&litespeed_type=imgoptm HTTP/1.1" 200 5698 "-" "WordPress/6.6.2; https://grupo-seg.com"
37.140.223.219 - - [20/Sep/2026:23:04:33 +0200] "POST /admin HTTP/1.1" 503 24035 "https://grupo-seg.com/wp-admin/" "Mozilla/5.0 (Windows NT 10.0; Win64; x64) AppleWebKit/537.36 (KHTML, like Gecko) Chrome/90.0.4430.85 Safari/537.36"
89.248.107.232 - - [20/Sep/2026:23:04:39 +0200] "POST /?wordfence_syncAttackData=1789938279.1873 HTTP/1.1" 200 5452 "-" "WordPress/6.6.2; https://grupo-seg.com"
37.140.223.218 - - [20/Sep/2026:23:04:38 +0200] "POST /wp-login.php HTTP/1.1" 503 25298 "https://grupo-seg.com/wp-admin/" "Mozilla/5.0 (Windows NT 10.0; Win64; x64) AppleWebKit/537.36 (KHTML, like Gecko) Chrome/90.0.4430.85 Safari/537.36"
37.140.223.218 - - [20/Sep/2026:23:04:42 +0200] "POST /admin HTTP/1.1" 503 24035 "https://grupo-seg.com/wp-admin/" "Mozilla/5.0 (Windows NT 10.0; Win64; x64) AppleWebKit/537.36 (KHTML, like Gecko) Chrome/90.0.4430.85 Safari/537.36"
89.248.107.232 - - [20/Sep/2026:23:04:50 +0200] "POST /?wordfence_syncAttackData=1789938290.7981 HTTP/1.1" 200 5452 "-" "WordPress/6.6.2; https://grupo-seg.com"
89.248.107.232 - - [20/Sep/2026:23:04:51 +0200] "POST /wp-cron.php?doing_wp_cron=1789938291.3438808917999267578125 HTTP/1.1" 200 5512 "-" "WordPress/6.6.2; https://grupo-seg.com"
172.245.102.87 - - [20/Sep/2026:23:04:50 +0200] "POST /wp-login.php HTTP/1.1" 503 25298 "https://grupo-seg.com/wp-admin/" "Mozilla/5.0 (Windows NT 10.0; Win64; x64) AppleWebKit/537.36 (KHTML, like Gecko) Chrome/90.0.4430.85 Safari/537.36"
172.245.102.87 - - [20/Sep/2026:23:04:52 +0200] "POST /admin HTTP/1.1" 503 24035 "https://grupo-seg.com/wp-admin/" "Mozilla/5.0 (Windows NT 10.0; Win64; x64) AppleWebKit/537.36 (KHTML, like Gecko) Chrome/90.0.4430.85 Safari/537.36"
89.248.107.232 - - [20/Sep/2026:23:05:03 +0200] "POST /?wordfence_syncAttackData=1789938303.4864 HTTP/1.1" 200 5452 "-" "WordPress/6.6.2; https://grupo-seg.com"
89.248.107.232 - - [20/Sep/2026:23:05:04 +0200] "POST /wp-cron.php?doing_wp_cron=1789938304.0958099365234375000000 HTTP/1.1" 200 5512 "-" "WordPress/6.6.2; https://grupo-seg.com"
37.140.223.238 - - [20/Sep/2026:23:05:03 +0200] "POST /wp-login.php HTTP/1.1" 503 25298 "https://grupo-seg.com/wp-admin/" "Mozilla/5.0 (Windows NT 10.0; Win64; x64) AppleWebKit/537.36 (KHTML, like Gecko) Chrome/90.0.4430.85 Safari/537.36"
37.140.223.238 - - [20/Sep/2026:23:05:05 +0200] "POST /admin HTTP/1.1" 503 24035 "https://grupo-seg.com/wp-admin/" "Mozilla/5.0 (Windows NT 10.0; Win64; x64) AppleWebKit/537.36 (KHTML, like Gecko) Chrome/90.0.4430.85 Safari/537.36"
37.140.223.239 - - [20/Sep/2026:23:05:08 +0200] "POST /wp-login.php HTTP/1.1" 503 25298 "https://grupo-seg.com/wp-admin/" "Mozilla/5.0 (Windows NT 10.0; Win64; x64) AppleWebKit/537.36 (KHTML, like Gecko) Chrome/90.0.4430.85 Safari/537.36"
37.140.223.239 - - [20/Sep/2026:23:05:12 +0200] "POST /admin HTTP/1.1" 503 24035 "https://grupo-seg.com/wp-admin/" "Mozilla/5.0 (Windows NT 10.0; Win64; x64) AppleWebKit/537.36 (KHTML, like Gecko) Chrome/90.0.4430.85 Safari/537.36"
89.248.107.232 - - [20/Sep/2026:23:05:20 +0200] "POST /?wordfence_syncAttackData=1789938320.2127 HTTP/1.1" 200 5452 "-" "WordPress/6.6.2; https://grupo-seg.com"
89.248.107.232 - - [20/Sep/2026:23:05:21 +0200] "POST /wp-cron.php?doing_wp_cron=1789938321.1509931087493896484375 HTTP/1.1" 200 5512 "-" "WordPress/6.6.2; https://grupo-seg.com"
172.245.102.85 - - [20/Sep/2026:23:05:19 +0200] "POST /wp-login.php HTTP/1.1" 503 25298 "https://grupo-seg.com/wp-admin/" "Mozilla/5.0 (Windows NT 10.0; Win64; x64) AppleWebKit/537.36 (KHTML, like Gecko) Chrome/90.0.4430.85 Safari/537.36"
172.245.102.85 - - [20/Sep/2026:23:05:22 +0200] "POST /admin HTTP/1.1" 503 24035 "https://grupo-seg.com/wp-admin/" "Mozilla/5.0 (Windows NT 10.0; Win64; x64) AppleWebKit/537.36 (KHTML, like Gecko) Chrome/90.0.4430.85 Safari/537.36"
89.248.107.232 - - [20/Sep/2026:23:05:41 +0200] "POST /?wordfence_syncAttackData=1789938341.9011 HTTP/1.1" 200 5452 "-" "WordPress/6.6.2; https://grupo-seg.com"
89.248.107.232 - - [20/Sep/2026:23:05:42 +0200] "POST /wp-cron.php?doing_wp_cron=1789938342.5390191078186035156250 HTTP/1.1" 200 5512 "-" "WordPress/6.6.2; https://grupo-seg.com"
37.140.223.216 - - [20/Sep/2026:23:05:41 +0200] "POST /admin HTTP/1.1" 302 5722 "https://grupo-seg.com/wp-admin/" "Mozilla/5.0 (Windows NT 10.0; Win64; x64) AppleWebKit/537.36 (KHTML, like Gecko) Chrome/90.0.4430.85 Safari/537.36"
89.248.107.232 - - [20/Sep/2026:23:05:43 +0200] "POST /wp-admin/admin-ajax.php?action=async_litespeed&nonce=16c258032d&litespeed_type=imgoptm HTTP/1.1" 200 5698 "-" "WordPress/6.6.2; https://grupo-seg.com"
37.140.223.216 - - [20/Sep/2026:23:05:43 +0200] "GET /wp-admin/ HTTP/1.1" 302 5681 "https://grupo-seg.com/wp-admin/" "Mozilla/5.0 (Windows NT 10.0; Win64; x64) AppleWebKit/537.36 (KHTML, like Gecko) Chrome/90.0.4430.85 Safari/537.36"
37.140.223.216 - - [20/Sep/2026:23:05:45 +0200] "GET /wp-login.php?redirect_to=https%3A%2F%2Fgrupo-seg.com%2Fwp-admin%2F&reauth=1 HTTP/1.1" 200 15696 "https://grupo-seg.com/wp-admin/" "Mozilla/5.0 (Windows NT 10.0; Win64; x64) AppleWebKit/537.36 (KHTML, like Gecko) Chrome/90.0.4430.85 Safari/537.36"
89.248.107.232 - - [20/Sep/2026:23:06:05 +0200] "POST /wp-cron.php?doing_wp_cron=1789938365.5051789283752441406250 HTTP/1.1" 200 5512 "-" "WordPress/6.6.2; https://grupo-seg.com"
37.140.223.221 - - [20/Sep/2026:23:06:05 +0200] "POST /wp-login.php HTTP/1.1" 503 25298 "https://grupo-seg.com/wp-admin/" "Mozilla/5.0 (Windows NT 10.0; Win64; x64) AppleWebKit/537.36 (KHTML, like Gecko) Chrome/90.0.4430.85 Safari/537.36"
37.140.223.221 - - [20/Sep/2026:23:06:06 +0200] "POST /admin HTTP/1.1" 503 24035 "https://grupo-seg.com/wp-admin/" "Mozilla/5.0 (Windows NT 10.0; Win64; x64) AppleWebKit/537.36 (KHTML, like Gecko) Chrome/90.0.4430.85 Safari/537.36"
89.248.107.232 - - [20/Sep/2026:23:06:10 +0200] "POST /?wordfence_syncAttackData=1789938370.0654 HTTP/1.1" 200 5452 "-" "WordPress/6.6.2; https://grupo-seg.com"
136.144.33.42 - - [20/Sep/2026:23:06:09 +0200] "POST /wp-login.php HTTP/1.1" 503 25298 "https://grupo-seg.com/wp-admin/" "Mozilla/5.0 (Windows NT 10.0; Win64; x64) AppleWebKit/537.36 (KHTML, like Gecko) Chrome/90.0.4430.85 Safari/537.36"
136.144.33.42 - - [20/Sep/2026:23:06:11 +0200] "POST /admin HTTP/1.1" 503 24035 "https://grupo-seg.com/wp-admin/" "Mozilla/5.0 (Windows NT 10.0; Win64; x64) AppleWebKit/537.36 (KHTML, like Gecko) Chrome/90.0.4430.85 Safari/537.36"
89.248.107.232 - - [20/Sep/2026:23:06:30 +0200] "POST /?wordfence_syncAttackData=1789938390.7465 HTTP/1.1" 200 5452 "-" "WordPress/6.6.2; https://grupo-seg.com"
89.248.107.232 - - [20/Sep/2026:23:06:31 +0200] "POST /wp-cron.php?doing_wp_cron=1789938391.3817570209503173828125 HTTP/1.1" 200 5512 "-" "WordPress/6.6.2; https://grupo-seg.com"
37.140.223.231 - - [20/Sep/2026:23:06:30 +0200] "POST /admin HTTP/1.1" 302 5722 "https://grupo-seg.com/wp-admin/" "Mozilla/5.0 (Windows NT 10.0; Win64; x64) AppleWebKit/537.36 (KHTML, like Gecko) Chrome/90.0.4430.85 Safari/537.36"
89.248.107.232 - - [20/Sep/2026:23:06:32 +0200] "POST /wp-admin/admin-ajax.php?action=async_litespeed&nonce=16c258032d&litespeed_type=imgoptm HTTP/1.1" 200 5698 "-" "WordPress/6.6.2; https://grupo-seg.com"
37.140.223.231 - - [20/Sep/2026:23:06:35 +0200] "GET /wp-admin/ HTTP/1.1" 302 5681 "https://grupo-seg.com/wp-admin/" "Mozilla/5.0 (Windows NT 10.0; Win64; x64) AppleWebKit/537.36 (KHTML, like Gecko) Chrome/90.0.4430.85 Safari/537.36"
89.248.107.232 - - [20/Sep/2026:23:06:44 +0200] "POST /wp-cron.php?doing_wp_cron=1789938404.5547559261322021484375 HTTP/1.1" 200 5512 "-" "WordPress/6.6.2; https://grupo-seg.com"
37.140.223.231 - - [20/Sep/2026:23:06:44 +0200] "GET /wp-login.php?redirect_to=https%3A%2F%2Fgrupo-seg.com%2Fwp-admin%2F&reauth=1 HTTP/1.1" 200 15696 "https://grupo-seg.com/wp-admin/" "Mozilla/5.0 (Windows NT 10.0; Win64; x64) AppleWebKit/537.36 (KHTML, like Gecko) Chrome/90.0.4430.85 Safari/537.36"
40.77.167.51 - - [20/Sep/2026:23:06:45 +0200] "GET /sobre-nosotros/ HTTP/1.1" 200 257564 "-" "Mozilla/5.0 AppleWebKit/537.36 (KHTML, like Gecko; compatible; bingbot/2.0; +http://www.bing.com/bingbot.htm) Chrome/116.0.1938.76 Safari/537.36"
37.140.223.221 - - [20/Sep/2026:23:06:59 +0200] "POST /wp-login.php HTTP/1.1" 503 24035 "https://grupo-seg.com/wp-admin/" "Mozilla/5.0 (Windows NT 10.0; Win64; x64) AppleWebKit/537.36 (KHTML, like Gecko) Chrome/90.0.4430.85 Safari/537.36"
37.140.223.221 - - [20/Sep/2026:23:07:00 +0200] "POST /admin HTTP/1.1" 503 24035 "https://grupo-seg.com/wp-admin/" "Mozilla/5.0 (Windows NT 10.0; Win64; x64) AppleWebKit/537.36 (KHTML, like Gecko) Chrome/90.0.4430.85 Safari/537.36"
89.248.107.232 - - [20/Sep/2026:23:07:03 +0200] "POST /?wordfence_syncAttackData=1789938423.6883 HTTP/1.1" 200 5452 "-" "WordPress/6.6.2; https://grupo-seg.com"
89.248.107.232 - - [20/Sep/2026:23:07:04 +0200] "POST /wp-cron.php?doing_wp_cron=1789938424.2842249870300292968750 HTTP/1.1" 200 5512 "-" "WordPress/6.6.2; https://grupo-seg.com"
37.140.223.235 - - [20/Sep/2026:23:07:03 +0200] "POST /wp-login.php HTTP/1.1" 503 25298 "https://grupo-seg.com/wp-admin/" "Mozilla/5.0 (Windows NT 10.0; Win64; x64) AppleWebKit/537.36 (KHTML, like Gecko) Chrome/90.0.4430.85 Safari/537.36"
37.140.223.235 - - [20/Sep/2026:23:07:05 +0200] "POST /admin HTTP/1.1" 503 24035 "https://grupo-seg.com/wp-admin/" "Mozilla/5.0 (Windows NT 10.0; Win64; x64) AppleWebKit/537.36 (KHTML, like Gecko) Chrome/90.0.4430.85 Safari/537.36"
37.140.223.239 - - [20/Sep/2026:23:07:06 +0200] "POST /wp-login.php HTTP/1.1" 503 24035 "https://grupo-seg.com/wp-admin/" "Mozilla/5.0 (Windows NT 10.0; Win64; x64) AppleWebKit/537.36 (KHTML, like Gecko) Chrome/90.0.4430.85 Safari/537.36"
37.140.223.239 - - [20/Sep/2026:23:07:07 +0200] "POST /admin HTTP/1.1" 503 24035 "https://grupo-seg.com/wp-admin/" "Mozilla/5.0 (Windows NT 10.0; Win64; x64) AppleWebKit/537.36 (KHTML, like Gecko) Chrome/90.0.4430.85 Safari/537.36"
89.248.107.232 - - [20/Sep/2026:23:07:28 +0200] "POST /?wordfence_syncAttackData=1789938448.0731 HTTP/1.1" 200 5452 "-" "WordPress/6.6.2; https://grupo-seg.com"
89.248.107.232 - - [20/Sep/2026:23:07:28 +0200] "POST /wp-cron.php?doing_wp_cron=1789938448.6367919445037841796875 HTTP/1.1" 200 5512 "-" "WordPress/6.6.2; https://grupo-seg.com"
172.245.102.84 - - [20/Sep/2026:23:07:27 +0200] "POST /admin HTTP/1.1" 302 5722 "https://grupo-seg.com/wp-admin/" "Mozilla/5.0 (Windows NT 10.0; Win64; x64) AppleWebKit/537.36 (KHTML, like Gecko) Chrome/90.0.4430.85 Safari/537.36"
89.248.107.232 - - [20/Sep/2026:23:07:29 +0200] "POST /wp-admin/admin-ajax.php?action=async_litespeed&nonce=16c258032d&litespeed_type=imgoptm HTTP/1.1" 200 5698 "-" "WordPress/6.6.2; https://grupo-seg.com"
172.245.102.84 - - [20/Sep/2026:23:07:29 +0200] "GET /wp-admin/ HTTP/1.1" 302 5681 "https://grupo-seg.com/wp-admin/" "Mozilla/5.0 (Windows NT 10.0; Win64; x64) AppleWebKit/537.36 (KHTML, like Gecko) Chrome/90.0.4430.85 Safari/537.36"
172.245.102.84 - - [20/Sep/2026:23:07:31 +0200] "GET /wp-login.php?redirect_to=https%3A%2F%2Fgrupo-seg.com%2Fwp-admin%2F&reauth=1 HTTP/1.1" 200 15696 "https://grupo-seg.com/wp-admin/" "Mozilla/5.0 (Windows NT 10.0; Win64; x64) AppleWebKit/537.36 (KHTML, like Gecko) Chrome/90.0.4430.85 Safari/537.36"
89.248.107.232 - - [20/Sep/2026:23:07:37 +0200] "POST /wp-cron.php?doing_wp_cron=1789938457.9296469688415527343750 HTTP/1.1" 200 5512 "-" "WordPress/6.6.2; https://grupo-seg.com"
37.140.223.215 - - [20/Sep/2026:23:07:37 +0200] "POST /wp-login.php HTTP/1.1" 503 25298 "https://grupo-seg.com/wp-admin/" "Mozilla/5.0 (Windows NT 10.0; Win64; x64) AppleWebKit/537.36 (KHTML, like Gecko) Chrome/90.0.4430.85 Safari/537.36"
37.140.223.215 - - [20/Sep/2026:23:07:39 +0200] "POST /admin HTTP/1.1" 503 24035 "https://grupo-seg.com/wp-admin/" "Mozilla/5.0 (Windows NT 10.0; Win64; x64) AppleWebKit/537.36 (KHTML, like Gecko) Chrome/90.0.4430.85 Safari/537.36"
89.248.107.232 - - [20/Sep/2026:23:07:53 +0200] "POST /?wordfence_syncAttackData=1789938473.4772 HTTP/1.1" 200 5452 "-" "WordPress/6.6.2; https://grupo-seg.com"
89.248.107.232 - - [20/Sep/2026:23:07:54 +0200] "POST /wp-cron.php?doing_wp_cron=1789938474.0809960365295410156250 HTTP/1.1" 200 5512 "-" "WordPress/6.6.2; https://grupo-seg.com"
89.248.107.232 - - [20/Sep/2026:23:07:53 +0200] "POST /en/?wordfence_syncAttackData=1789938473.7536 HTTP/1.1" 200 166784 "-" "WordPress/6.6.2; https://grupo-seg.com/en/"
136.144.33.232 - - [20/Sep/2026:23:07:53 +0200] "POST /wp-login.php HTTP/1.1" 503 25298 "https://grupo-seg.com/wp-admin/" "Mozilla/5.0 (Windows NT 10.0; Win64; x64) AppleWebKit/537.36 (KHTML, like Gecko) Chrome/90.0.4430.85 Safari/537.36"
198.244.242.124 - - [20/Sep/2026:23:07:53 +0200] "GET /en/author/roberto/ HTTP/1.1" 200 109337 "-" "Mozilla/5.0 (compatible; AhrefsBot/7.0; +http://ahrefs.com/robot/)"
136.144.33.232 - - [20/Sep/2026:23:07:55 +0200] "POST /admin HTTP/1.1" 503 24035 "https://grupo-seg.com/wp-admin/" "Mozilla/5.0 (Windows NT 10.0; Win64; x64) AppleWebKit/537.36 (KHTML, like Gecko) Chrome/90.0.4430.85 Safari/537.36"
172.245.102.84 - - [20/Sep/2026:23:07:58 +0200] "POST /wp-login.php HTTP/1.1" 503 25298 "https://grupo-seg.com/wp-admin/" "Mozilla/5.0 (Windows NT 10.0; Win64; x64) AppleWebKit/537.36 (KHTML, like Gecko) Chrome/90.0.4430.85 Safari/537.36"
89.248.107.232 - - [20/Sep/2026:23:08:14 +0200] "POST /?wordfence_syncAttackData=1789938494.8972 HTTP/1.1" 200 5452 "-" "WordPress/6.6.2; https://grupo-seg.com"
89.248.107.232 - - [20/Sep/2026:23:08:15 +0200] "POST /wp-cron.php?doing_wp_cron=1789938495.5048820972442626953125 HTTP/1.1" 200 5512 "-" "WordPress/6.6.2; https://grupo-seg.com"
172.245.102.88 - - [20/Sep/2026:23:08:14 +0200] "POST /admin HTTP/1.1" 302 5722 "https://grupo-seg.com/wp-admin/" "Mozilla/5.0 (Windows NT 10.0; Win64; x64) AppleWebKit/537.36 (KHTML, like Gecko) Chrome/90.0.4430.85 Safari/537.36"
172.245.102.88 - - [20/Sep/2026:23:08:15 +0200] "GET /wp-admin/ HTTP/1.1" 302 5681 "https://grupo-seg.com/wp-admin/" "Mozilla/5.0 (Windows NT 10.0; Win64; x64) AppleWebKit/537.36 (KHTML, like Gecko) Chrome/90.0.4430.85 Safari/537.36"
172.245.102.88 - - [20/Sep/2026:23:08:17 +0200] "GET /wp-login.php?redirect_to=https%3A%2F%2Fgrupo-seg.com%2Fwp-admin%2F&reauth=1 HTTP/1.1" 200 15696 "https://grupo-seg.com/wp-admin/" "Mozilla/5.0 (Windows NT 10.0; Win64; x64) AppleWebKit/537.36 (KHTML, like Gecko) Chrome/90.0.4430.85 Safari/537.36"
136.144.33.232 - - [20/Sep/2026:23:08:34 +0200] "POST /admin HTTP/1.1" 503 24035 "https://grupo-seg.com/wp-admin/" "Mozilla/5.0 (Windows NT 10.0; Win64; x64) AppleWebKit/537.36 (KHTML, like Gecko) Chrome/90.0.4430.85 Safari/537.36"
172.245.102.83 - - [20/Sep/2026:23:08:35 +0200] "POST /wp-login.php HTTP/1.1" 503 24035 "https://grupo-seg.com/wp-admin/" "Mozilla/5.0 (Windows NT 10.0; Win64; x64) AppleWebKit/537.36 (KHTML, like Gecko) Chrome/90.0.4430.85 Safari/537.36"
172.245.102.83 - - [20/Sep/2026:23:08:38 +0200] "POST /admin HTTP/1.1" 503 24035 "https://grupo-seg.com/wp-admin/" "Mozilla/5.0 (Windows NT 10.0; Win64; x64) AppleWebKit/537.36 (KHTML, like Gecko) Chrome/90.0.4430.85 Safari/537.36"
89.248.107.232 - - [20/Sep/2026:23:08:41 +0200] "POST /?wordfence_syncAttackData=1789938521.003 HTTP/1.1" 200 5452 "-" "WordPress/6.6.2; https://grupo-seg.com"
89.248.107.232 - - [20/Sep/2026:23:08:41 +0200] "POST /wp-cron.php?doing_wp_cron=1789938521.5895330905914306640625 HTTP/1.1" 200 5512 "-" "WordPress/6.6.2; https://grupo-seg.com"
40.77.167.51 - - [20/Sep/2026:23:08:40 +0200] "GET /kfue1742161z539s8sd/07t6i412po.htm HTTP/1.1" 404 97436 "-" "Mozilla/5.0 AppleWebKit/537.36 (KHTML, like Gecko; compatible; bingbot/2.0; +http://www.bing.com/bingbot.htm) Chrome/116.0.1938.76 Safari/537.36"
89.248.107.232 - - [20/Sep/2026:23:08:42 +0200] "POST /wp-admin/admin-ajax.php?action=async_litespeed&nonce=16c258032d&litespeed_type=imgoptm HTTP/1.1" 200 5698 "-" "WordPress/6.6.2; https://grupo-seg.com"
89.248.107.232 - - [20/Sep/2026:23:08:48 +0200] "POST /wp-cron.php?doing_wp_cron=1789938527.9781019687652587890625 HTTP/1.1" 200 5512 "-" "WordPress/6.6.2; https://grupo-seg.com"
37.140.223.230 - - [20/Sep/2026:23:08:47 +0200] "POST /wp-login.php HTTP/1.1" 503 25298 "https://grupo-seg.com/wp-admin/" "Mozilla/5.0 (Windows NT 10.0; Win64; x64) AppleWebKit/537.36 (KHTML, like Gecko) Chrome/90.0.4430.85 Safari/537.36"
89.248.107.232 - - [20/Sep/2026:23:09:00 +0200] "POST /wp-cron.php?doing_wp_cron=1789938540.2747099399566650390625 HTTP/1.1" 200 5512 "-" "WordPress/6.6.2; https://grupo-seg.com"
173.239.240.246 - - [20/Sep/2026:23:08:59 +0200] "POST /wp-login.php HTTP/1.1" 503 25298 "-" "Mozilla/5.0 (Macintosh; Intel Mac OS X 10_15_7) AppleWebKit/605.1.15 Version/17.0 Safari/605.1.15"
89.248.107.232 - - [20/Sep/2026:23:09:04 +0200] "POST /wp-cron.php?doing_wp_cron=1789938544.6174080371856689453125 HTTP/1.1" 200 5512 "-" "WordPress/6.6.2; https://grupo-seg.com"
37.140.223.244 - - [20/Sep/2026:23:09:04 +0200] "POST /admin HTTP/1.1" 302 5722 "https://grupo-seg.com/wp-admin/" "Mozilla/5.0 (Windows NT 10.0; Win64; x64) AppleWebKit/537.36 (KHTML, like Gecko) Chrome/90.0.4430.85 Safari/537.36"
37.140.223.244 - - [20/Sep/2026:23:09:05 +0200] "GET /wp-admin/ HTTP/1.1" 302 5681 "https://grupo-seg.com/wp-admin/" "Mozilla/5.0 (Windows NT 10.0; Win64; x64) AppleWebKit/537.36 (KHTML, like Gecko) Chrome/90.0.4430.85 Safari/537.36"
37.140.223.244 - - [20/Sep/2026:23:09:06 +0200] "GET /wp-login.php?redirect_to=https%3A%2F%2Fgrupo-seg.com%2Fwp-admin%2F&reauth=1 HTTP/1.1" 200 15696 "https://grupo-seg.com/wp-admin/" "Mozilla/5.0 (Windows NT 10.0; Win64; x64) AppleWebKit/537.36 (KHTML, like Gecko) Chrome/90.0.4430.85 Safari/537.36"
37.140.223.231 - - [20/Sep/2026:23:09:08 +0200] "POST /wp-login.php HTTP/1.1" 503 25298 "https://grupo-seg.com/wp-admin/" "Mozilla/5.0 (Windows NT 10.0; Win64; x64) AppleWebKit/537.36 (KHTML, like Gecko) Chrome/90.0.4430.85 Safari/537.36"
37.140.223.231 - - [20/Sep/2026:23:09:09 +0200] "POST /admin HTTP/1.1" 503 24035 "https://grupo-seg.com/wp-admin/" "Mozilla/5.0 (Windows NT 10.0; Win64; x64) AppleWebKit/537.36 (KHTML, like Gecko) Chrome/90.0.4430.85 Safari/537.36"
172.245.102.83 - - [20/Sep/2026:23:09:13 +0200] "POST /wp-login.php HTTP/1.1" 503 24035 "https://grupo-seg.com/wp-admin/" "Mozilla/5.0 (Windows NT 10.0; Win64; x64) AppleWebKit/537.36 (KHTML, like Gecko) Chrome/90.0.4430.85 Safari/537.36"
172.245.102.83 - - [20/Sep/2026:23:09:13 +0200] "POST /admin HTTP/1.1" 503 24035 "https://grupo-seg.com/wp-admin/" "Mozilla/5.0 (Windows NT 10.0; Win64; x64) AppleWebKit/537.36 (KHTML, like Gecko) Chrome/90.0.4430.85 Safari/537.36"
89.248.107.232 - - [20/Sep/2026:23:09:35 +0200] "POST /?wordfence_syncAttackData=1789938575.8714 HTTP/1.1" 200 5452 "-" "WordPress/6.6.2; https://grupo-seg.com"
89.248.107.232 - - [20/Sep/2026:23:09:36 +0200] "POST /wp-cron.php?doing_wp_cron=1789938576.4907660484313964843750 HTTP/1.1" 200 5512 "-" "WordPress/6.6.2; https://grupo-seg.com"
37.140.223.217 - - [20/Sep/2026:23:09:35 +0200] "POST /admin HTTP/1.1" 302 5722 "https://grupo-seg.com/wp-admin/" "Mozilla/5.0 (Windows NT 10.0; Win64; x64) AppleWebKit/537.36 (KHTML, like Gecko) Chrome/90.0.4430.85 Safari/537.36"
89.248.107.232 - - [20/Sep/2026:23:09:37 +0200] "POST /wp-admin/admin-ajax.php?action=async_litespeed&nonce=16c258032d&litespeed_type=imgoptm HTTP/1.1" 200 5698 "-" "WordPress/6.6.2; https://grupo-seg.com"
37.140.223.217 - - [20/Sep/2026:23:09:36 +0200] "GET /wp-admin/ HTTP/1.1" 302 5681 "https://grupo-seg.com/wp-admin/" "Mozilla/5.0 (Windows NT 10.0; Win64; x64) AppleWebKit/537.36 (KHTML, like Gecko) Chrome/90.0.4430.85 Safari/537.36"
37.140.223.217 - - [20/Sep/2026:23:09:38 +0200] "GET /wp-login.php?redirect_to=https%3A%2F%2Fgrupo-seg.com%2Fwp-admin%2F&reauth=1 HTTP/1.1" 200 15696 "https://grupo-seg.com/wp-admin/" "Mozilla/5.0 (Windows NT 10.0; Win64; x64) AppleWebKit/537.36 (KHTML, like Gecko) Chrome/90.0.4430.85 Safari/537.36"
89.248.107.232 - - [20/Sep/2026:23:09:41 +0200] "POST /wp-cron.php?doing_wp_cron=1789938581.7953329086303710937500 HTTP/1.1" 200 5512 "-" "WordPress/6.6.2; https://grupo-seg.com"
37.140.223.245 - - [20/Sep/2026:23:09:41 +0200] "POST /wp-login.php HTTP/1.1" 503 25298 "https://grupo-seg.com/wp-admin/" "Mozilla/5.0 (Windows NT 10.0; Win64; x64) AppleWebKit/537.36 (KHTML, like Gecko) Chrome/90.0.4430.85 Safari/537.36"
89.248.107.232 - - [20/Sep/2026:23:09:57 +0200] "POST /wp-cron.php?doing_wp_cron=1789938597.8114299774169921875000 HTTP/1.1" 200 5512 "-" "WordPress/6.6.2; https://grupo-seg.com"
37.140.223.234 - - [20/Sep/2026:23:09:57 +0200] "POST /admin HTTP/1.1" 302 5722 "https://grupo-seg.com/wp-admin/" "Mozilla/5.0 (Windows NT 10.0; Win64; x64) AppleWebKit/537.36 (KHTML, like Gecko) Chrome/90.0.4430.85 Safari/537.36"
37.140.223.234 - - [20/Sep/2026:23:09:58 +0200] "GET /wp-admin/ HTTP/1.1" 302 5681 "https://grupo-seg.com/wp-admin/" "Mozilla/5.0 (Windows NT 10.0; Win64; x64) AppleWebKit/537.36 (KHTML, like Gecko) Chrome/90.0.4430.85 Safari/537.36"
89.248.107.232 - - [20/Sep/2026:23:10:00 +0200] "POST /wp-cron.php?doing_wp_cron=1789938600.5218329429626464843750 HTTP/1.1" 200 5512 "-" "WordPress/6.6.2; https://grupo-seg.com"
37.140.223.234 - - [20/Sep/2026:23:10:00 +0200] "GET /wp-login.php?redirect_to=https%3A%2F%2Fgrupo-seg.com%2Fwp-admin%2F&reauth=1 HTTP/1.1" 200 15696 "https://grupo-seg.com/wp-admin/" "Mozilla/5.0 (Windows NT 10.0; Win64; x64) AppleWebKit/537.36 (KHTML, like Gecko) Chrome/90.0.4430.85 Safari/537.36"
89.248.107.232 - - [20/Sep/2026:23:10:13 +0200] "POST /wp-cron.php?doing_wp_cron=1789938613.5360560417175292968750 HTTP/1.1" 200 5512 "-" "WordPress/6.6.2; https://grupo-seg.com"
37.140.223.247 - - [20/Sep/2026:23:10:13 +0200] "POST /wp-login.php HTTP/1.1" 503 25298 "https://grupo-seg.com/wp-admin/" "Mozilla/5.0 (Windows NT 10.0; Win64; x64) AppleWebKit/537.36 (KHTML, like Gecko) Chrome/90.0.4430.85 Safari/537.36"
37.140.223.247 - - [20/Sep/2026:23:10:14 +0200] "POST /admin HTTP/1.1" 503 24035 "https://grupo-seg.com/wp-admin/" "Mozilla/5.0 (Windows NT 10.0; Win64; x64) AppleWebKit/537.36 (KHTML, like Gecko) Chrome/90.0.4430.85 Safari/537.36"
89.248.107.232 - - [20/Sep/2026:23:10:17 +0200] "POST /?wordfence_syncAttackData=1789938617.1656 HTTP/1.1" 200 5452 "-" "WordPress/6.6.2; https://grupo-seg.com"
172.245.102.88 - - [20/Sep/2026:23:10:16 +0200] "POST /wp-login.php HTTP/1.1" 503 25298 "https://grupo-seg.com/wp-admin/" "Mozilla/5.0 (Windows NT 10.0; Win64; x64) AppleWebKit/537.36 (KHTML, like Gecko) Chrome/90.0.4430.85 Safari/537.36"
172.245.102.88 - - [20/Sep/2026:23:10:18 +0200] "POST /admin HTTP/1.1" 503 24035 "https://grupo-seg.com/wp-admin/" "Mozilla/5.0 (Windows NT 10.0; Win64; x64) AppleWebKit/537.36 (KHTML, like Gecko) Chrome/90.0.4430.85 Safari/537.36"
89.248.107.232 - - [20/Sep/2026:23:10:30 +0200] "POST /?wordfence_syncAttackData=1789938629.9807 HTTP/1.1" 200 5452 "-" "WordPress/6.6.2; https://grupo-seg.com"
89.248.107.232 - - [20/Sep/2026:23:10:31 +0200] "POST /wp-cron.php?doing_wp_cron=1789938631.1101009845733642578125 HTTP/1.1" 200 5512 "-" "WordPress/6.6.2; https://grupo-seg.com"
37.140.223.222 - - [20/Sep/2026:23:10:29 +0200] "POST /wp-login.php HTTP/1.1" 503 25298 "https://grupo-seg.com/wp-admin/" "Mozilla/5.0 (Windows NT 10.0; Win64; x64) AppleWebKit/537.36 (KHTML, like Gecko) Chrome/90.0.4430.85 Safari/537.36"
89.248.107.232 - - [20/Sep/2026:23:10:32 +0200] "POST /wp-admin/admin-ajax.php?action=async_litespeed&nonce=16c258032d&litespeed_type=imgoptm HTTP/1.1" 200 5698 "-" "WordPress/6.6.2; https://grupo-seg.com"
37.140.223.222 - - [20/Sep/2026:23:10:33 +0200] "POST /admin HTTP/1.1" 503 24035 "https://grupo-seg.com/wp-admin/" "Mozilla/5.0 (Windows NT 10.0; Win64; x64) AppleWebKit/537.36 (KHTML, like Gecko) Chrome/90.0.4430.85 Safari/537.36"
89.248.107.232 - - [20/Sep/2026:23:10:43 +0200] "POST /?wordfence_syncAttackData=1789938643.8269 HTTP/1.1" 200 5452 "-" "WordPress/6.6.2; https://grupo-seg.com"
89.248.107.232 - - [20/Sep/2026:23:10:44 +0200] "POST /wp-cron.php?doing_wp_cron=1789938644.3505139350891113281250 HTTP/1.1" 200 5512 "-" "WordPress/6.6.2; https://grupo-seg.com"
37.140.223.242 - - [20/Sep/2026:23:10:43 +0200] "POST /wp-login.php HTTP/1.1" 503 25298 "https://grupo-seg.com/wp-admin/" "Mozilla/5.0 (Windows NT 10.0; Win64; x64) AppleWebKit/537.36 (KHTML, like Gecko) Chrome/90.0.4430.85 Safari/537.36"
37.140.223.242 - - [20/Sep/2026:23:10:45 +0200] "POST /admin HTTP/1.1" 503 24035 "https://grupo-seg.com/wp-admin/" "Mozilla/5.0 (Windows NT 10.0; Win64; x64) AppleWebKit/537.36 (KHTML, like Gecko) Chrome/90.0.4430.85 Safari/537.36"
89.248.107.232 - - [20/Sep/2026:23:10:47 +0200] "POST /wp-cron.php?doing_wp_cron=1789938647.7599480152130126953125 HTTP/1.1" 200 5512 "-" "WordPress/6.6.2; https://grupo-seg.com"
136.144.33.12 - - [20/Sep/2026:23:10:47 +0200] "POST /wp-login.php HTTP/1.1" 503 25298 "https://grupo-seg.com/wp-admin/" "Mozilla/5.0 (Windows NT 10.0; Win64; x64) AppleWebKit/537.36 (KHTML, like Gecko) Chrome/90.0.4430.85 Safari/537.36"
136.144.33.12 - - [20/Sep/2026:23:10:51 +0200] "POST /admin HTTP/1.1" 503 24035 "https://grupo-seg.com/wp-admin/" "Mozilla/5.0 (Windows NT 10.0; Win64; x64) AppleWebKit/537.36 (KHTML, like Gecko) Chrome/90.0.4430.85 Safari/537.36"
89.248.107.232 - - [20/Sep/2026:23:10:53 +0200] "POST /?wordfence_syncAttackData=1789938653.8146 HTTP/1.1" 200 5452 "-" "WordPress/6.6.2; https://grupo-seg.com"
89.248.107.232 - - [20/Sep/2026:23:10:54 +0200] "POST /wp-cron.php?doing_wp_cron=1789938654.3271660804748535156250 HTTP/1.1" 200 5512 "-" "WordPress/6.6.2; https://grupo-seg.com"
52.167.144.161 - - [20/Sep/2026:23:10:53 +0200] "GET /warmer7ne/ef7u2cet.html HTTP/1.1" 301 5682 "-" "Mozilla/5.0 AppleWebKit/537.36 (KHTML, like Gecko; compatible; bingbot/2.0; +http://www.bing.com/bingbot.htm) Chrome/116.0.1938.76 Safari/537.36"
37.140.223.238 - - [20/Sep/2026:23:10:57 +0200] "POST /wp-login.php HTTP/1.1" 503 24035 "https://grupo-seg.com/wp-admin/" "Mozilla/5.0 (Windows NT 10.0; Win64; x64) AppleWebKit/537.36 (KHTML, like Gecko) Chrome/90.0.4430.85 Safari/537.36"
37.140.223.238 - - [20/Sep/2026:23:10:57 +0200] "POST /admin HTTP/1.1" 503 24035 "https://grupo-seg.com/wp-admin/" "Mozilla/5.0 (Windows NT 10.0; Win64; x64) AppleWebKit/537.36 (KHTML, like Gecko) Chrome/90.0.4430.85 Safari/537.36"
37.140.223.250 - - [20/Sep/2026:23:10:59 +0200] "POST /wp-login.php HTTP/1.1" 503 25298 "https://grupo-seg.com/wp-admin/" "Mozilla/5.0 (Windows NT 10.0; Win64; x64) AppleWebKit/537.36 (KHTML, like Gecko) Chrome/90.0.4430.85 Safari/537.36"
37.140.223.250 - - [20/Sep/2026:23:11:02 +0200] "POST /admin HTTP/1.1" 503 24035 "https://grupo-seg.com/wp-admin/" "Mozilla/5.0 (Windows NT 10.0; Win64; x64) AppleWebKit/537.36 (KHTML, like Gecko) Chrome/90.0.4430.85 Safari/537.36"
37.140.223.218 - - [20/Sep/2026:23:11:08 +0200] "POST /wp-login.php HTTP/1.1" 503 24035 "https://grupo-seg.com/wp-admin/" "Mozilla/5.0 (Windows NT 10.0; Win64; x64) AppleWebKit/537.36 (KHTML, like Gecko) Chrome/90.0.4430.85 Safari/537.36"
37.140.223.218 - - [20/Sep/2026:23:11:09 +0200] "POST /admin HTTP/1.1" 503 24035 "https://grupo-seg.com/wp-admin/" "Mozilla/5.0 (Windows NT 10.0; Win64; x64) AppleWebKit/537.36 (KHTML, like Gecko) Chrome/90.0.4430.85 Safari/537.36"
89.248.107.232 - - [20/Sep/2026:23:11:34 +0200] "POST /?wordfence_syncAttackData=1789938693.9627 HTTP/1.1" 200 5452 "-" "WordPress/6.6.2; https://grupo-seg.com"
89.248.107.232 - - [20/Sep/2026:23:11:34 +0200] "POST /wp-cron.php?doing_wp_cron=1789938694.6012630462646484375000 HTTP/1.1" 200 5512 "-" "WordPress/6.6.2; https://grupo-seg.com"
37.140.223.246 - - [20/Sep/2026:23:11:33 +0200] "POST /admin HTTP/1.1" 302 5722 "https://grupo-seg.com/wp-admin/" "Mozilla/5.0 (Windows NT 10.0; Win64; x64) AppleWebKit/537.36 (KHTML, like Gecko) Chrome/90.0.4430.85 Safari/537.36"
37.140.223.246 - - [20/Sep/2026:23:11:34 +0200] "GET /wp-admin/ HTTP/1.1" 302 5681 "https://grupo-seg.com/wp-admin/" "Mozilla/5.0 (Windows NT 10.0; Win64; x64) AppleWebKit/537.36 (KHTML, like Gecko) Chrome/90.0.4430.85 Safari/537.36"
89.248.107.232 - - [20/Sep/2026:23:11:36 +0200] "POST /wp-admin/admin-ajax.php?action=async_litespeed&nonce=16c258032d&litespeed_type=imgoptm HTTP/1.1" 200 5698 "-" "WordPress/6.6.2; https://grupo-seg.com"
37.140.223.246 - - [20/Sep/2026:23:11:36 +0200] "GET /wp-login.php?redirect_to=https%3A%2F%2Fgrupo-seg.com%2Fwp-admin%2F&reauth=1 HTTP/1.1" 200 15696 "https://grupo-seg.com/wp-admin/" "Mozilla/5.0 (Windows NT 10.0; Win64; x64) AppleWebKit/537.36 (KHTML, like Gecko) Chrome/90.0.4430.85 Safari/537.36"
172.245.102.83 - - [20/Sep/2026:23:11:52 +0200] "POST /wp-login.php HTTP/1.1" 503 24035 "https://grupo-seg.com/wp-admin/" "Mozilla/5.0 (Windows NT 10.0; Win64; x64) AppleWebKit/537.36 (KHTML, like Gecko) Chrome/90.0.4430.85 Safari/537.36"
172.245.102.83 - - [20/Sep/2026:23:11:52 +0200] "POST /admin HTTP/1.1" 503 24035 "https://grupo-seg.com/wp-admin/" "Mozilla/5.0 (Windows NT 10.0; Win64; x64) AppleWebKit/537.36 (KHTML, like Gecko) Chrome/90.0.4430.85 Safari/537.36"
37.140.223.223 - - [20/Sep/2026:23:11:54 +0200] "POST /wp-login.php HTTP/1.1" 503 24035 "https://grupo-seg.com/wp-admin/" "Mozilla/5.0 (Windows NT 10.0; Win64; x64) AppleWebKit/537.36 (KHTML, like Gecko) Chrome/90.0.4430.85 Safari/537.36"
37.140.223.223 - - [20/Sep/2026:23:11:55 +0200] "POST /admin HTTP/1.1" 503 24035 "https://grupo-seg.com/wp-admin/" "Mozilla/5.0 (Windows NT 10.0; Win64; x64) AppleWebKit/537.36 (KHTML, like Gecko) Chrome/90.0.4430.85 Safari/537.36"
172.245.102.87 - - [20/Sep/2026:23:11:56 +0200] "POST /wp-login.php HTTP/1.1" 503 24035 "https://grupo-seg.com/wp-admin/" "Mozilla/5.0 (Windows NT 10.0; Win64; x64) AppleWebKit/537.36 (KHTML, like Gecko) Chrome/90.0.4430.85 Safari/537.36"
172.245.102.87 - - [20/Sep/2026:23:11:58 +0200] "POST /admin HTTP/1.1" 503 24035 "https://grupo-seg.com/wp-admin/" "Mozilla/5.0 (Windows NT 10.0; Win64; x64) AppleWebKit/537.36 (KHTML, like Gecko) Chrome/90.0.4430.85 Safari/537.36"
89.248.107.232 - - [20/Sep/2026:23:12:01 +0200] "POST /?wordfence_syncAttackData=1789938721.5889 HTTP/1.1" 200 5452 "-" "WordPress/6.6.2; https://grupo-seg.com"
89.248.107.232 - - [20/Sep/2026:23:12:02 +0200] "POST /wp-cron.php?doing_wp_cron=1789938722.2319860458374023437500 HTTP/1.1" 200 5512 "-" "WordPress/6.6.2; https://grupo-seg.com"
37.140.223.241 - - [20/Sep/2026:23:12:01 +0200] "POST /wp-login.php HTTP/1.1" 503 25298 "https://grupo-seg.com/wp-admin/" "Mozilla/5.0 (Windows NT 10.0; Win64; x64) AppleWebKit/537.36 (KHTML, like Gecko) Chrome/90.0.4430.85 Safari/537.36"
37.140.223.241 - - [20/Sep/2026:23:12:03 +0200] "POST /admin HTTP/1.1" 503 24035 "https://grupo-seg.com/wp-admin/" "Mozilla/5.0 (Windows NT 10.0; Win64; x64) AppleWebKit/537.36 (KHTML, like Gecko) Chrome/90.0.4430.85 Safari/537.36"
172.245.102.85 - - [20/Sep/2026:23:12:04 +0200] "POST /wp-login.php HTTP/1.1" 503 24035 "https://grupo-seg.com/wp-admin/" "Mozilla/5.0 (Windows NT 10.0; Win64; x64) AppleWebKit/537.36 (KHTML, like Gecko) Chrome/90.0.4430.85 Safari/537.36"
172.245.102.85 - - [20/Sep/2026:23:12:11 +0200] "POST /admin HTTP/1.1" 503 24035 "https://grupo-seg.com/wp-admin/" "Mozilla/5.0 (Windows NT 10.0; Win64; x64) AppleWebKit/537.36 (KHTML, like Gecko) Chrome/90.0.4430.85 Safari/537.36"
89.248.107.232 - - [20/Sep/2026:23:12:25 +0200] "POST /?wordfence_syncAttackData=1789938745.7572 HTTP/1.1" 200 5452 "-" "WordPress/6.6.2; https://grupo-seg.com"
89.248.107.232 - - [20/Sep/2026:23:12:26 +0200] "POST /wp-cron.php?doing_wp_cron=1789938746.3699100017547607421875 HTTP/1.1" 200 5512 "-" "WordPress/6.6.2; https://grupo-seg.com"
37.140.223.233 - - [20/Sep/2026:23:12:25 +0200] "POST /wp-login.php HTTP/1.1" 503 25298 "https://grupo-seg.com/wp-admin/" "Mozilla/5.0 (Windows NT 10.0; Win64; x64) AppleWebKit/537.36 (KHTML, like Gecko) Chrome/90.0.4430.85 Safari/537.36"
89.248.107.232 - - [20/Sep/2026:23:12:26 +0200] "POST /wp-admin/admin-ajax.php?action=async_litespeed&nonce=16c258032d&litespeed_type=imgoptm HTTP/1.1" 200 5698 "-" "WordPress/6.6.2; https://grupo-seg.com"
37.140.223.233 - - [20/Sep/2026:23:12:27 +0200] "POST /admin HTTP/1.1" 503 24035 "https://grupo-seg.com/wp-admin/" "Mozilla/5.0 (Windows NT 10.0; Win64; x64) AppleWebKit/537.36 (KHTML, like Gecko) Chrome/90.0.4430.85 Safari/537.36"
37.140.223.223 - - [20/Sep/2026:23:12:51 +0200] "POST /admin HTTP/1.1" 503 24035 "https://grupo-seg.com/wp-admin/" "Mozilla/5.0 (Windows NT 10.0; Win64; x64) AppleWebKit/537.36 (KHTML, like Gecko) Chrome/90.0.4430.85 Safari/537.36"
89.248.107.232 - - [20/Sep/2026:23:12:59 +0200] "POST /?wordfence_syncAttackData=1789938779.1727 HTTP/1.1" 200 5452 "-" "WordPress/6.6.2; https://grupo-seg.com"
89.248.107.232 - - [20/Sep/2026:23:12:59 +0200] "POST /wp-cron.php?doing_wp_cron=1789938779.7836480140686035156250 HTTP/1.1" 200 5512 "-" "WordPress/6.6.2; https://grupo-seg.com"
37.140.223.227 - - [20/Sep/2026:23:12:58 +0200] "POST /wp-login.php HTTP/1.1" 503 25298 "https://grupo-seg.com/wp-admin/" "Mozilla/5.0 (Windows NT 10.0; Win64; x64) AppleWebKit/537.36 (KHTML, like Gecko) Chrome/90.0.4430.85 Safari/537.36"
43.130.116.87 - - [20/Sep/2026:23:12:59 +0200] "GET /contacto/ HTTP/1.1" 200 190803 "-" "Mozilla/5.0 (iPhone; CPU iPhone OS 13_2_3 like Mac OS X) AppleWebKit/605.1.15 (KHTML, like Gecko) Version/13.0.3 Mobile/15E148 Safari/604.1"
37.140.223.227 - - [20/Sep/2026:23:13:03 +0200] "POST /admin HTTP/1.1" 503 24035 "https://grupo-seg.com/wp-admin/" "Mozilla/5.0 (Windows NT 10.0; Win64; x64) AppleWebKit/537.36 (KHTML, like Gecko) Chrome/90.0.4430.85 Safari/537.36"
89.248.107.232 - - [20/Sep/2026:23:13:03 +0200] "POST /wp-cron.php?doing_wp_cron=1789938783.2043950557708740234375 HTTP/1.1" 200 5512 "-" "WordPress/6.6.2; https://grupo-seg.com"
40.77.167.70 - - [20/Sep/2026:23:13:02 +0200] "GET /amerikatekisasubu/empresa.html HTTP/1.1" 301 5689 "-" "Mozilla/5.0 AppleWebKit/537.36 (KHTML, like Gecko; compatible; bingbot/2.0; +http://www.bing.com/bingbot.htm) Chrome/116.0.1938.76 Safari/537.36"
37.140.223.235 - - [20/Sep/2026:23:13:19 +0200] "POST /wp-login.php HTTP/1.1" 503 24035 "https://grupo-seg.com/wp-admin/" "Mozilla/5.0 (Windows NT 10.0; Win64; x64) AppleWebKit/537.36 (KHTML, like Gecko) Chrome/90.0.4430.85 Safari/537.36"
37.140.223.235 - - [20/Sep/2026:23:13:20 +0200] "POST /admin HTTP/1.1" 503 24035 "https://grupo-seg.com/wp-admin/" "Mozilla/5.0 (Windows NT 10.0; Win64; x64) AppleWebKit/537.36 (KHTML, like Gecko) Chrome/90.0.4430.85 Safari/537.36"
89.248.107.232 - - [20/Sep/2026:23:13:22 +0200] "POST /?wordfence_syncAttackData=1789938802.8879 HTTP/1.1" 200 5452 "-" "WordPress/6.6.2; https://grupo-seg.com"
136.144.33.11 - - [20/Sep/2026:23:13:22 +0200] "POST /wp-login.php HTTP/1.1" 503 25298 "https://grupo-seg.com/wp-admin/" "Mozilla/5.0 (Windows NT 10.0; Win64; x64) AppleWebKit/537.36 (KHTML, like Gecko) Chrome/90.0.4430.85 Safari/537.36"
136.144.33.11 - - [20/Sep/2026:23:13:24 +0200] "POST /admin HTTP/1.1" 503 24035 "https://grupo-seg.com/wp-admin/" "Mozilla/5.0 (Windows NT 10.0; Win64; x64) AppleWebKit/537.36 (KHTML, like Gecko) Chrome/90.0.4430.85 Safari/537.36"
89.248.107.232 - - [20/Sep/2026:23:13:32 +0200] "POST /?wordfence_syncAttackData=1789938812.4716 HTTP/1.1" 200 5452 "-" "WordPress/6.6.2; https://grupo-seg.com"
89.248.107.232 - - [20/Sep/2026:23:13:33 +0200] "POST /wp-cron.php?doing_wp_cron=1789938813.0061271190643310546875 HTTP/1.1" 200 5512 "-" "WordPress/6.6.2; https://grupo-seg.com"
136.144.33.10 - - [20/Sep/2026:23:13:32 +0200] "POST /wp-login.php HTTP/1.1" 503 25298 "https://grupo-seg.com/wp-admin/" "Mozilla/5.0 (Windows NT 10.0; Win64; x64) AppleWebKit/537.36 (KHTML, like Gecko) Chrome/90.0.4430.85 Safari/537.36"
89.248.107.232 - - [20/Sep/2026:23:13:33 +0200] "POST /wp-admin/admin-ajax.php?action=async_litespeed&nonce=16c258032d&litespeed_type=imgoptm HTTP/1.1" 200 5698 "-" "WordPress/6.6.2; https://grupo-seg.com"
136.144.33.10 - - [20/Sep/2026:23:13:38 +0200] "POST /admin HTTP/1.1" 503 24035 "https://grupo-seg.com/wp-admin/" "Mozilla/5.0 (Windows NT 10.0; Win64; x64) AppleWebKit/537.36 (KHTML, like Gecko) Chrome/90.0.4430.85 Safari/537.36"
37.140.223.230 - - [20/Sep/2026:23:13:47 +0200] "POST /wp-login.php HTTP/1.1" 503 24035 "https://grupo-seg.com/wp-admin/" "Mozilla/5.0 (Windows NT 10.0; Win64; x64) AppleWebKit/537.36 (KHTML, like Gecko) Chrome/90.0.4430.85 Safari/537.36"
37.140.223.230 - - [20/Sep/2026:23:13:47 +0200] "POST /admin HTTP/1.1" 503 24035 "https://grupo-seg.com/wp-admin/" "Mozilla/5.0 (Windows NT 10.0; Win64; x64) AppleWebKit/537.36 (KHTML, like Gecko) Chrome/90.0.4430.85 Safari/537.36"
37.140.223.239 - - [20/Sep/2026:23:13:50 +0200] "POST /wp-login.php HTTP/1.1" 503 24035 "https://grupo-seg.com/wp-admin/" "Mozilla/5.0 (Windows NT 10.0; Win64; x64) AppleWebKit/537.36 (KHTML, like Gecko) Chrome/90.0.4430.85 Safari/537.36"
37.140.223.239 - - [20/Sep/2026:23:13:51 +0200] "POST /admin HTTP/1.1" 503 24035 "https://grupo-seg.com/wp-admin/" "Mozilla/5.0 (Windows NT 10.0; Win64; x64) AppleWebKit/537.36 (KHTML, like Gecko) Chrome/90.0.4430.85 Safari/537.36"
136.144.33.12 - - [20/Sep/2026:23:14:08 +0200] "POST /admin HTTP/1.1" 503 24035 "https://grupo-seg.com/wp-admin/" "Mozilla/5.0 (Windows NT 10.0; Win64; x64) AppleWebKit/537.36 (KHTML, like Gecko) Chrome/90.0.4430.85 Safari/537.36"
89.248.107.232 - - [20/Sep/2026:23:14:57 +0200] "POST /?wordfence_syncAttackData=1789938897.8127 HTTP/1.1" 200 5452 "-" "WordPress/6.6.2; https://grupo-seg.com"
89.248.107.232 - - [20/Sep/2026:23:14:58 +0200] "POST /wp-cron.php?doing_wp_cron=1789938898.4016718864440917968750 HTTP/1.1" 200 5512 "-" "WordPress/6.6.2; https://grupo-seg.com"
35.198.113.100 - - [20/Sep/2026:23:14:57 +0200] "GET /robots.txt HTTP/1.1" 200 5679 "-" "LinkupBot/1.0 (LinkupBot for web indexing; https://linkup.so/bot; bot@linkup.so)"
35.198.113.100 - - [20/Sep/2026:23:14:58 +0200] "GET /en/the-first-technical-studies-for-the-improvement-of-the-py01-route-are-presented/ HTTP/1.1" 200 122713 "-" "LinkupBot/1.0 (LinkupBot for web indexing; https://linkup.so/bot; bot@linkup.so)"
89.248.107.232 - - [20/Sep/2026:23:14:59 +0200] "POST /wp-admin/admin-ajax.php?action=async_litespeed&nonce=16c258032d&litespeed_type=imgoptm HTTP/1.1" 200 5698 "-" "WordPress/6.6.2; https://grupo-seg.com"
89.248.107.232 - - [20/Sep/2026:23:15:00 +0200] "POST /wp-cron.php?doing_wp_cron=1789938900.8607499599456787109375 HTTP/1.1" 200 5512 "-" "WordPress/6.6.2; https://grupo-seg.com/en/"
35.198.113.100 - - [20/Sep/2026:23:15:00 +0200] "GET /en/the-execution-of-the-tres-bocas-tunnel-in-paraguay-continues/ HTTP/1.1" 200 123066 "-" "LinkupBot/1.0 (LinkupBot for web indexing; https://linkup.so/bot; bot@linkup.so)"
