172.226.226.30 - - [20/Sep/2026:11:39:46 +0200] "GET /wp-content/uploads/2021/07/cropped-SED_FAV-32x32.png HTTP/2.0" 200 199 "-" "NetworkingExtension/8623.2.7.10.4 Network/5569.82.5 iOS/26.3"
172.226.226.30 - - [20/Sep/2026:11:39:46 +0200] "GET /wp-content/uploads/2021/07/cropped-SED_FAV-192x192.png HTTP/2.0" 200 646 "-" "NetworkingExtension/8623.2.7.10.4 Network/5569.82.5 iOS/26.3"
172.226.226.30 - - [20/Sep/2026:11:39:46 +0200] "GET /wp-content/uploads/2021/07/cropped-SED_FAV-180x180.png HTTP/2.0" 200 609 "-" "NetworkingExtension/8623.2.7.10.4 Network/5569.82.5 iOS/26.3"
89.248.107.232 - - [20/Sep/2026:11:40:07 +0200] "POST /wp-cron.php?doing_wp_cron=1789897207.8217210769653320312500 HTTP/1.1" 200 5512 "-" "WordPress/6.6.2; https://grupo-seg.com/en/"
35.198.113.100 - - [20/Sep/2026:11:40:07 +0200] "GET /en/category/argentina-en/ HTTP/1.1" 200 104640 "-" "LinkupBot/1.0 (LinkupBot for web indexing; https://linkup.so/bot; bot@linkup.so)"
35.198.113.100 - - [20/Sep/2026:11:40:21 +0200] "GET /en/portfolio/supervision-of-the-flood-protection-work-for-the-cities-of-piura-and-castilla-in-piura/ HTTP/1.1" 200 117620 "-" "LinkupBot/1.0 (LinkupBot for web indexing; https://linkup.so/bot; bot@linkup.so)"
89.248.107.232 - - [20/Sep/2026:11:41:06 +0200] "POST /wp-cron.php?doing_wp_cron=1789897266.6594190597534179687500 HTTP/1.1" 200 5512 "-" "WordPress/6.6.2; https://grupo-seg.com/en/"
35.198.113.100 - - [20/Sep/2026:11:41:06 +0200] "GET /en/the-engineering-works-on-the-santiago-batuco-section-are-completed/ HTTP/1.1" 200 121149 "-" "LinkupBot/1.0 (LinkupBot for web indexing; https://linkup.so/bot; bot@linkup.so)"
89.248.107.232 - - [20/Sep/2026:11:41:07 +0200] "POST /wp-admin/admin-ajax.php?action=async_litespeed&nonce=c23640a689&litespeed_type=imgoptm HTTP/1.1" 200 5698 "-" "WordPress/6.6.2; https://grupo-seg.com"
40.77.167.4 - - [20/Sep/2026:11:41:12 +0200] "GET /ibxl9752stdgiopdioossd HTTP/1.1" 404 97421 "-" "Mozilla/5.0 AppleWebKit/537.36 (KHTML, like Gecko; compatible; bingbot/2.0; +http://www.bing.com/bingbot.htm) Chrome/116.0.1938.76 Safari/537.36"
52.167.144.182 - - [20/Sep/2026:11:41:16 +0200] "GET /ihve853220iistedmosgod HTTP/1.1" 404 97436 "-" "Mozilla/5.0 AppleWebKit/537.36 (KHTML, like Gecko; compatible; bingbot/2.0; +http://www.bing.com/bingbot.htm) Chrome/116.0.1938.76 Safari/537.36"
89.248.107.232 - - [20/Sep/2026:11:41:24 +0200] "POST /wp-cron.php?doing_wp_cron=1789897284.1324241161346435546875 HTTP/1.1" 200 5512 "-" "WordPress/6.6.2; https://grupo-seg.com"
152.53.153.216 - - [20/Sep/2026:11:41:23 +0200] "HEAD / HTTP/1.1" 200 5715 "-" "Mozilla/5.0 (compatible; WebHunt-Validator/1.0; +https://webhunt.ro)"
152.53.153.216 - - [20/Sep/2026:11:41:24 +0200] "GET / HTTP/1.1" 200 165817 "-" "Mozilla/5.0 (compatible; WebHunt-Validator/1.0; +https://webhunt.ro)"
89.248.107.232 - - [20/Sep/2026:11:41:25 +0200] "POST /wp-cron.php?doing_wp_cron=1789897285.9033980369567871093750 HTTP/1.1" 200 5512 "-" "WordPress/6.6.2; https://grupo-seg.com"
152.53.153.216 - - [20/Sep/2026:11:41:25 +0200] "GET /contact HTTP/1.1" 301 5668 "-" "Mozilla/5.0 (compatible; WebHunt-Validator/1.0; +https://webhunt.ro)"
89.248.107.232 - - [20/Sep/2026:11:41:26 +0200] "POST /wp-admin/admin-ajax.php?action=async_litespeed&nonce=c23640a689&litespeed_type=imgoptm HTTP/1.1" 200 5698 "-" "WordPress/6.6.2; https://grupo-seg.com"
152.53.153.216 - - [20/Sep/2026:11:41:26 +0200] "GET /contacto/ HTTP/1.1" 200 199540 "-" "Mozilla/5.0 (compatible; WebHunt-Validator/1.0; +https://webhunt.ro)"
152.53.153.216 - - [20/Sep/2026:11:41:27 +0200] "GET /contacte HTTP/1.1" 404 97436 "-" "Mozilla/5.0 (compatible; WebHunt-Validator/1.0; +https://webhunt.ro)"
152.53.153.216 - - [20/Sep/2026:11:41:28 +0200] "GET /despre-noi HTTP/1.1" 404 97436 "-" "Mozilla/5.0 (compatible; WebHunt-Validator/1.0; +https://webhunt.ro)"
152.53.153.216 - - [20/Sep/2026:11:41:29 +0200] "GET /despre HTTP/1.1" 404 97436 "-" "Mozilla/5.0 (compatible; WebHunt-Validator/1.0; +https://webhunt.ro)"
152.53.153.216 - - [20/Sep/2026:11:41:30 +0200] "GET /despre-companie HTTP/1.1" 404 97436 "-" "Mozilla/5.0 (compatible; WebHunt-Validator/1.0; +https://webhunt.ro)"
35.198.113.100 - - [20/Sep/2026:11:41:29 +0200] "GET /en/portfolio/pre-investment-study-for-the-project-construction-and-expansion-of-the-acora-totorani-integrated-irrigation-system/ HTTP/1.1" 200 117954 "-" "LinkupBot/1.0 (LinkupBot for web indexing; https://linkup.so/bot; bot@linkup.so)"
89.248.107.232 - - [20/Sep/2026:11:41:44 +0200] "POST /wp-cron.php?doing_wp_cron=1789897304.1809880733489990234375 HTTP/1.1" 200 5512 "-" "WordPress/6.6.2; https://grupo-seg.com"
40.77.167.4 - - [20/Sep/2026:11:41:43 +0200] "GET /ljpadirectoryrdsn/81 HTTP/1.1" 301 5679 "-" "Mozilla/5.0 AppleWebKit/537.36 (KHTML, like Gecko; compatible; bingbot/2.0; +http://www.bing.com/bingbot.htm) Chrome/116.0.1938.76 Safari/537.36"
35.198.113.100 - - [20/Sep/2026:11:41:48 +0200] "GET /portfolio/estudio-de-ingenieria-para-la-construccion-de-la-terminal-de-pasajeros-en-el-aeropuerto-de-puerto-maldonado/ HTTP/1.1" 200 117511 "-" "LinkupBot/1.0 (LinkupBot for web indexing; https://linkup.so/bot; bot@linkup.so)"
89.248.107.232 - - [20/Sep/2026:11:42:18 +0200] "POST /wp-cron.php?doing_wp_cron=1789897338.8325779438018798828125 HTTP/1.1" 200 5512 "-" "WordPress/6.6.2; https://grupo-seg.com"
40.77.167.24 - - [20/Sep/2026:11:42:18 +0200] "GET /hondasupakabuhedo/contacto.html HTTP/1.1" 301 5690 "-" "Mozilla/5.0 AppleWebKit/537.36 (KHTML, like Gecko; compatible; bingbot/2.0; +http://www.bing.com/bingbot.htm) Chrome/116.0.1938.76 Safari/537.36"
89.248.107.232 - - [20/Sep/2026:11:42:28 +0200] "POST /wp-cron.php?doing_wp_cron=1789897348.5479710102081298828125 HTTP/1.1" 200 5512 "-" "WordPress/6.6.2; https://grupo-seg.com/en/"
89.248.107.232 - - [20/Sep/2026:11:42:29 +0200] "POST /wp-admin/admin-ajax.php?action=async_litespeed&nonce=c23640a689&litespeed_type=imgoptm HTTP/1.1" 200 5698 "-" "WordPress/6.6.2; https://grupo-seg.com"
35.198.113.100 - - [20/Sep/2026:11:42:28 +0200] "GET /en/projects/ HTTP/1.1" 200 973162 "-" "LinkupBot/1.0 (LinkupBot for web indexing; https://linkup.so/bot; bot@linkup.so)"
89.248.107.232 - - [20/Sep/2026:11:43:03 +0200] "POST /wp-cron.php?doing_wp_cron=1789897383.9396419525146484375000 HTTP/1.1" 200 5512 "-" "WordPress/6.6.2; https://grupo-seg.com"
40.77.167.71 - - [20/Sep/2026:11:43:03 +0200] "GET /ahjv129129sododpistidogs.htm HTTP/1.1" 404 97436 "-" "Mozilla/5.0 AppleWebKit/537.36 (KHTML, like Gecko; compatible; bingbot/2.0; +http://www.bing.com/bingbot.htm) Chrome/116.0.1938.76 Safari/537.36"
35.198.113.100 - - [20/Sep/2026:11:43:04 +0200] "GET /en/countries/spain/ HTTP/1.1" 200 160981 "-" "LinkupBot/1.0 (LinkupBot for web indexing; https://linkup.so/bot; bot@linkup.so)"
35.198.113.100 - - [20/Sep/2026:11:43:18 +0200] "GET /portfolio/regeneracion-de-pavimento-en-pista-en-el-aeropuerto-adolfo-suarez-madrid-barajas/ HTTP/1.1" 200 117258 "-" "LinkupBot/1.0 (LinkupBot for web indexing; https://linkup.so/bot; bot@linkup.so)"
89.248.107.232 - - [20/Sep/2026:11:43:42 +0200] "POST /wp-cron.php?doing_wp_cron=1789897422.8815960884094238281250 HTTP/1.1" 200 5512 "-" "WordPress/6.6.2; https://grupo-seg.com/en/"
35.198.113.100 - - [20/Sep/2026:11:43:42 +0200] "GET /en/project-type/%C2%B7-spain/page/2/ HTTP/1.1" 200 116830 "-" "LinkupBot/1.0 (LinkupBot for web indexing; https://linkup.so/bot; bot@linkup.so)"
89.248.107.232 - - [20/Sep/2026:11:43:43 +0200] "POST /wp-admin/admin-ajax.php?action=async_litespeed&nonce=c23640a689&litespeed_type=imgoptm HTTP/1.1" 200 5698 "-" "WordPress/6.6.2; https://grupo-seg.com"
52.167.144.182 - - [20/Sep/2026:11:43:46 +0200] "GET /?xk5=ghjdbjt110-535 HTTP/1.1" 200 165847 "-" "Mozilla/5.0 AppleWebKit/537.36 (KHTML, like Gecko; compatible; bingbot/2.0; +http://www.bing.com/bingbot.htm) Chrome/116.0.1938.76 Safari/537.36"
89.248.107.232 - - [20/Sep/2026:11:44:27 +0200] "POST /wp-cron.php?doing_wp_cron=1789897467.3745319843292236328125 HTTP/1.1" 200 5512 "-" "WordPress/6.6.2; https://grupo-seg.com"
40.77.167.4 - - [20/Sep/2026:11:44:26 +0200] "GET /pakakoton/0005017002.html HTTP/1.1" 404 97436 "-" "Mozilla/5.0 AppleWebKit/537.36 (KHTML, like Gecko; compatible; bingbot/2.0; +http://www.bing.com/bingbot.htm) Chrome/116.0.1938.76 Safari/537.36"
89.248.107.232 - - [20/Sep/2026:11:44:27 +0200] "POST /wp-admin/admin-ajax.php?action=async_litespeed&nonce=c23640a689&litespeed_type=imgoptm HTTP/1.1" 200 5698 "-" "WordPress/6.6.2; https://grupo-seg.com"
40.77.167.4 - - [20/Sep/2026:11:44:28 +0200] "GET /ahcd1565942dtiisodogm HTTP/1.1" 404 97421 "-" "Mozilla/5.0 AppleWebKit/537.36 (KHTML, like Gecko; compatible; bingbot/2.0; +http://www.bing.com/bingbot.htm) Chrome/116.0.1938.76 Safari/537.36"
89.248.107.232 - - [20/Sep/2026:11:44:58 +0200] "POST /wp-cron.php?doing_wp_cron=1789897498.5344300270080566406250 HTTP/1.1" 200 5512 "-" "WordPress/6.6.2; https://grupo-seg.com"
18.97.9.101 - - [20/Sep/2026:11:44:58 +0200] "GET /robots.txt HTTP/1.1" 200 5679 "-" "Mozilla/5.0 AppleWebKit/537.36 (KHTML, like Gecko; compatible; PerplexityBot/1.0; +https://perplexity.ai/perplexitybot)"
89.248.107.232 - - [20/Sep/2026:11:45:02 +0200] "POST /wp-cron.php?doing_wp_cron=1789897502.2303109169006347656250 HTTP/1.1" 200 5512 "-" "WordPress/6.6.2; https://grupo-seg.com/en/"
18.97.9.100 - - [20/Sep/2026:11:45:01 +0200] "GET /en/about-us/ HTTP/1.1" 200 256169 "-" "Mozilla/5.0 AppleWebKit/537.36 (KHTML, like Gecko; compatible; PerplexityBot/1.0; +https://perplexity.ai/perplexitybot)"
40.77.167.71 - - [20/Sep/2026:11:45:12 +0200] "GET /terameido/empresa.html HTTP/1.1" 404 97421 "-" "Mozilla/5.0 AppleWebKit/537.36 (KHTML, like Gecko; compatible; bingbot/2.0; +http://www.bing.com/bingbot.htm) Chrome/116.0.1938.76 Safari/537.36"
40.77.167.71 - - [20/Sep/2026:11:45:14 +0200] "GET /arws875912msgddstoiioe HTTP/1.1" 404 97436 "-" "Mozilla/5.0 AppleWebKit/537.36 (KHTML, like Gecko; compatible; bingbot/2.0; +http://www.bing.com/bingbot.htm) Chrome/116.0.1938.76 Safari/537.36"
89.248.107.232 - - [20/Sep/2026:11:46:59 +0200] "POST /wp-cron.php?doing_wp_cron=1789897619.9299991130828857421875 HTTP/1.1" 200 5512 "-" "WordPress/6.6.2; https://grupo-seg.com"
54.198.67.201 - - [20/Sep/2026:11:46:59 +0200] "GET /robots.txt HTTP/1.1" 200 5679 "-" "Mozilla/5.0 (Macintosh; Intel Mac OS X 10_10_1) AppleWebKit/600.2.5 (KHTML, like Gecko) Version/8.0.2 Safari/600.2.5 (Gort)"
89.248.107.232 - - [20/Sep/2026:11:47:00 +0200] "POST /wp-admin/admin-ajax.php?action=async_litespeed&nonce=c23640a689&litespeed_type=imgoptm HTTP/1.1" 200 5698 "-" "WordPress/6.6.2; https://grupo-seg.com"
89.248.107.232 - - [20/Sep/2026:11:47:09 +0200] "POST /wp-cron.php?doing_wp_cron=1789897629.0771551132202148437500 HTTP/1.1" 200 5512 "-" "WordPress/6.6.2; https://grupo-seg.com/en/"
220.181.108.158 - - [20/Sep/2026:11:47:08 +0200] "GET /en/project-type/-colombia/feed/ HTTP/1.1" 200 16586 "-" "Mozilla/5.0 (compatible; Baiduspider/2.0; +http://www.baidu.com/search/spider.html)"
89.248.107.232 - - [20/Sep/2026:11:48:11 +0200] "POST /wp-cron.php?doing_wp_cron=1789897691.5449130535125732421875 HTTP/1.1" 200 5512 "-" "WordPress/6.6.2; https://grupo-seg.com/en/"
54.222.200.22 - - [20/Sep/2026:11:48:11 +0200] "GET /en/category/news/ HTTP/1.1" 200 108075 "-" "Mozilla/5.0 (iPhone; CPU iPhone OS 18_4 like Mac OS X) AppleWebKit/605.1.15 (KHTML, like Gecko) CriOS/151.0.0.0 Mobile/15E148 Safari/604.1"
89.248.107.232 - - [20/Sep/2026:11:48:12 +0200] "POST /wp-admin/admin-ajax.php?action=async_litespeed&nonce=c23640a689&litespeed_type=imgoptm HTTP/1.1" 200 5698 "-" "WordPress/6.6.2; https://grupo-seg.com"
54.222.200.22 - - [20/Sep/2026:11:48:13 +0200] "POST /wp-content/plugins/litespeed-cache/guest.vary.php HTTP/1.1" 403 6501 "https://grupo-seg.com/en/category/news/" "Mozilla/5.0 (iPhone; CPU iPhone OS 18_4 like Mac OS X) AppleWebKit/605.1.15 (KHTML, like Gecko) CriOS/151.0.0.0 Mobile/15E148 Safari/604.1"
89.248.107.232 - - [20/Sep/2026:11:48:35 +0200] "POST /wp-cron.php?doing_wp_cron=1789897715.9113368988037109375000 HTTP/1.1" 200 5512 "-" "WordPress/6.6.2; https://grupo-seg.com"
54.222.150.27 - - [20/Sep/2026:11:48:35 +0200] "GET /wp-sitemap-posts-post-1.xml HTTP/1.1" 200 8170 "-" "Mozilla/5.0 (iPhone; CPU iPhone OS 18_3 like Mac OS X) AppleWebKit/605.1.15 (KHTML, like Gecko) CriOS/148.0.0.0 Mobile/15E148 Safari/604.1"
54.222.150.27 - - [20/Sep/2026:11:48:36 +0200] "GET /wp-sitemap.xsl HTTP/1.1" 200 9027 "https://grupo-seg.com/wp-sitemap-posts-post-1.xml" "Mozilla/5.0 (iPhone; CPU iPhone OS 18_3 like Mac OS X) AppleWebKit/605.1.15 (KHTML, like Gecko) CriOS/148.0.0.0 Mobile/15E148 Safari/604.1"
89.248.107.232 - - [20/Sep/2026:11:48:36 +0200] "POST /wp-admin/admin-ajax.php?action=async_litespeed&nonce=c23640a689&litespeed_type=imgoptm HTTP/1.1" 200 5698 "-" "WordPress/6.6.2; https://grupo-seg.com"
89.248.107.232 - - [20/Sep/2026:11:49:01 +0200] "POST /wp-cron.php?doing_wp_cron=1789897741.0911710262298583984375 HTTP/1.1" 200 5512 "-" "WordPress/6.6.2; https://grupo-seg.com"
52.81.111.193 - - [20/Sep/2026:11:49:00 +0200] "GET /proyectos/ HTTP/1.1" 200 938771 "-" "Mozilla/5.0 (Linux; Android 15; SM-S938B) AppleWebKit/537.36 (KHTML, like Gecko) Chrome/150.0.0.0 Mobile Safari/537.36"
52.81.111.193 - - [20/Sep/2026:11:49:03 +0200] "POST /wp-content/plugins/litespeed-cache/guest.vary.php HTTP/1.1" 403 6501 "https://grupo-seg.com/proyectos/" "Mozilla/5.0 (Linux; Android 15; SM-S938B) AppleWebKit/537.36 (KHTML, like Gecko) Chrome/150.0.0.0 Mobile Safari/537.36"
89.248.107.232 - - [20/Sep/2026:11:50:19 +0200] "POST /wp-cron.php?doing_wp_cron=1789897819.3586020469665527343750 HTTP/1.1" 200 5512 "-" "WordPress/6.6.2; https://grupo-seg.com/en/"
54.223.45.36 - - [20/Sep/2026:11:50:18 +0200] "GET /en/countries/ HTTP/1.1" 200 144883 "-" "Mozilla/5.0 (iPhone; CPU iPhone OS 18_2 like Mac OS X) AppleWebKit/605.1.15 (KHTML, like Gecko) CriOS/149.0.0.0 Mobile/15E148 Safari/604.1"
89.248.107.232 - - [20/Sep/2026:11:50:20 +0200] "POST /wp-admin/admin-ajax.php?action=async_litespeed&nonce=c23640a689&litespeed_type=imgoptm HTTP/1.1" 200 5698 "-" "WordPress/6.6.2; https://grupo-seg.com"
54.223.45.36 - - [20/Sep/2026:11:50:21 +0200] "POST /wp-content/plugins/litespeed-cache/guest.vary.php HTTP/1.1" 403 6501 "https://grupo-seg.com/en/countries/" "Mozilla/5.0 (iPhone; CPU iPhone OS 18_2 like Mac OS X) AppleWebKit/605.1.15 (KHTML, like Gecko) CriOS/149.0.0.0 Mobile/15E148 Safari/604.1"
89.248.107.232 - - [20/Sep/2026:11:50:40 +0200] "POST /wp-cron.php?doing_wp_cron=1789897840.9180870056152343750000 HTTP/1.1" 200 5512 "-" "WordPress/6.6.2; https://grupo-seg.com"
52.167.144.166 - - [20/Sep/2026:11:50:40 +0200] "GET /ribaisusekandode/contacto.html HTTP/1.1" 404 97436 "-" "Mozilla/5.0 AppleWebKit/537.36 (KHTML, like Gecko; compatible; bingbot/2.0; +http://www.bing.com/bingbot.htm) Chrome/116.0.1938.76 Safari/537.36"
89.248.107.232 - - [20/Sep/2026:11:50:41 +0200] "POST /wp-admin/admin-ajax.php?action=async_litespeed&nonce=c23640a689&litespeed_type=imgoptm HTTP/1.1" 200 5698 "-" "WordPress/6.6.2; https://grupo-seg.com"
89.248.107.232 - - [20/Sep/2026:11:50:42 +0200] "POST /wp-cron.php?doing_wp_cron=1789897842.8892068862915039062500 HTTP/1.1" 200 5512 "-" "WordPress/6.6.2; https://grupo-seg.com"
52.167.144.166 - - [20/Sep/2026:11:50:42 +0200] "GET /ahws115488iitoscempurdtd.html HTTP/1.1" 404 97436 "-" "Mozilla/5.0 AppleWebKit/537.36 (KHTML, like Gecko; compatible; bingbot/2.0; +http://www.bing.com/bingbot.htm) Chrome/116.0.1938.76 Safari/537.36"
89.248.107.232 - - [20/Sep/2026:11:51:28 +0200] "POST /wp-cron.php?doing_wp_cron=1789897888.4732289314270019531250 HTTP/1.1" 200 5512 "-" "WordPress/6.6.2; https://grupo-seg.com"
52.167.144.179 - - [20/Sep/2026:11:51:28 +0200] "GET /gris87/xywx2m8q.html HTTP/1.1" 301 5679 "-" "Mozilla/5.0 AppleWebKit/537.36 (KHTML, like Gecko; compatible; bingbot/2.0; +http://www.bing.com/bingbot.htm) Chrome/116.0.1938.76 Safari/537.36"
89.248.107.232 - - [20/Sep/2026:11:51:29 +0200] "POST /wp-admin/admin-ajax.php?action=async_litespeed&nonce=c23640a689&litespeed_type=imgoptm HTTP/1.1" 200 5698 "-" "WordPress/6.6.2; https://grupo-seg.com"
52.80.239.113 - - [20/Sep/2026:11:51:53 +0200] "GET /wp-content/uploads/2025/01/SST-GRUPO-0013-2016-COMPLETO.pdf HTTP/2.0" 200 180224 "-" "Mozilla/5.0 (iPhone; CPU iPhone OS 18_4 like Mac OS X) AppleWebKit/605.1.15 (KHTML, like Gecko) CriOS/151.0.0.0 Mobile/15E148 Safari/604.1"
89.248.107.232 - - [20/Sep/2026:11:52:17 +0200] "POST /wp-cron.php?doing_wp_cron=1789897937.8344330787658691406250 HTTP/1.1" 200 5512 "-" "WordPress/6.6.2; https://grupo-seg.com"
110.249.201.194 - - [20/Sep/2026:11:52:17 +0200] "GET / HTTP/1.1" 200 157019 "-" "Mozilla/5.0 (Linux; Android 5.0) AppleWebKit/537.36 (KHTML, like Gecko) Mobile Safari/537.36 (compatible; Bytespider; https://zhanzhang.toutiao.com/)"
110.249.201.194 - - [20/Sep/2026:11:52:19 +0200] "POST /wp-content/plugins/litespeed-cache/guest.vary.php HTTP/1.1" 403 6501 "https://grupo-seg.com/" "Mozilla/5.0 (Linux; Android 5.0) AppleWebKit/537.36 (KHTML, like Gecko) Mobile Safari/537.36 (compatible; Bytespider; https://zhanzhang.toutiao.com/)"
89.248.107.232 - - [20/Sep/2026:11:52:43 +0200] "POST /wp-cron.php?doing_wp_cron=1789897962.9611079692840576171875 HTTP/1.1" 200 5512 "-" "WordPress/6.6.2; https://grupo-seg.com"
122.14.225.138 - - [20/Sep/2026:11:52:42 +0200] "GET /paises/colombia/ HTTP/1.1" 200 163807 "-" "Mozilla/5.0 (Linux; Android 5.0) AppleWebKit/537.36 (KHTML, like Gecko) Mobile Safari/537.36 (compatible; Bytespider; https://zhanzhang.toutiao.com/)"
89.248.107.232 - - [20/Sep/2026:11:52:44 +0200] "POST /wp-admin/admin-ajax.php?action=async_litespeed&nonce=c23640a689&litespeed_type=imgoptm HTTP/1.1" 200 5698 "-" "WordPress/6.6.2; https://grupo-seg.com"
122.14.225.138 - - [20/Sep/2026:11:52:45 +0200] "POST /wp-content/plugins/litespeed-cache/guest.vary.php HTTP/1.1" 403 6501 "https://grupo-seg.com/paises/colombia/" "Mozilla/5.0 (Linux; Android 5.0) AppleWebKit/537.36 (KHTML, like Gecko) Mobile Safari/537.36 (compatible; Bytespider; https://zhanzhang.toutiao.com/)"
42.49.82.254 - - [20/Sep/2026:11:53:57 +0200] "GET /wp-content/themes/newsmag/style.css HTTP/1.1" 404 99704 "https://grupo-seg.com/wp-content/themes/newsmag/style.css" "Mozilla/5.0 (Windows NT 6.1; WOW64) AppleWebKit/537.11 (KHTML, like Gecko) Chrome/23.0.1271.97 Safari/537.11"
42.49.82.222 - - [20/Sep/2026:11:53:57 +0200] "GET /wp-content/themes/weaver-xtreme/style.css HTTP/1.1" 404 99384 "https://grupo-seg.com/wp-content/themes/weaver-xtreme/style.css" "Mozilla/5.0 (Windows NT 6.1; WOW64) AppleWebKit/537.11 (KHTML, like Gecko) Chrome/23.0.1271.97 Safari/537.11"
120.228.223.216 - - [20/Sep/2026:11:53:57 +0200] "GET /wp-content/themes/fluida/style.css HTTP/1.1" 404 97626 "https://grupo-seg.com/wp-content/themes/fluida/style.css" "Mozilla/5.0 (Windows NT 6.1; WOW64) AppleWebKit/537.11 (KHTML, like Gecko) Chrome/23.0.1271.97 Safari/537.11"
42.49.82.248 - - [20/Sep/2026:11:53:57 +0200] "GET /wp-content/themes/mantra/style.css HTTP/1.1" 404 97611 "https://grupo-seg.com/wp-content/themes/mantra/style.css" "Mozilla/5.0 (Windows NT 6.1; WOW64) AppleWebKit/537.11 (KHTML, like Gecko) Chrome/23.0.1271.97 Safari/537.11"
42.49.82.3 - - [20/Sep/2026:11:53:57 +0200] "GET /wp-content/themes/orchid-store/style.css HTTP/1.1" 404 97626 "https://grupo-seg.com/wp-content/themes/orchid-store/style.css" "Mozilla/5.0 (Windows NT 6.1; WOW64) AppleWebKit/537.11 (KHTML, like Gecko) Chrome/23.0.1271.97 Safari/537.11"
120.228.223.243 - - [20/Sep/2026:11:53:57 +0200] "GET /wp-content/themes/tempera/style.css HTTP/1.1" 404 97611 "https://grupo-seg.com/wp-content/themes/tempera/style.css" "Mozilla/5.0 (Windows NT 6.1; WOW64) AppleWebKit/537.11 (KHTML, like Gecko) Chrome/23.0.1271.97 Safari/537.11"
120.228.239.209 - - [20/Sep/2026:11:53:57 +0200] "GET /wp-content/themes/accelerate/style.css HTTP/1.1" 404 99704 "https://grupo-seg.com/wp-content/themes/accelerate/style.css" "Mozilla/5.0 (Windows NT 6.1; WOW64) AppleWebKit/537.11 (KHTML, like Gecko) Chrome/23.0.1271.97 Safari/537.11"
120.228.239.51 - - [20/Sep/2026:11:53:57 +0200] "GET /wp-content/themes/newsblogger/style.css HTTP/1.1" 404 99384 "https://grupo-seg.com/wp-content/themes/newsblogger/style.css" "Mozilla/5.0 (Windows NT 6.1; WOW64) AppleWebKit/537.11 (KHTML, like Gecko) Chrome/23.0.1271.97 Safari/537.11"
120.228.223.195 - - [20/Sep/2026:11:53:57 +0200] "GET /wp-content/themes/cream-magazine/style.css HTTP/1.1" 404 97611 "https://grupo-seg.com/wp-content/themes/cream-magazine/style.css" "Mozilla/5.0 (Windows NT 6.1; WOW64) AppleWebKit/537.11 (KHTML, like Gecko) Chrome/23.0.1271.97 Safari/537.11"
42.49.82.251 - - [20/Sep/2026:11:53:57 +0200] "GET /wp-content/themes/newscrunch/style.css HTTP/1.1" 404 97626 "https://grupo-seg.com/wp-content/themes/newscrunch/style.css" "Mozilla/5.0 (Windows NT 6.1; WOW64) AppleWebKit/537.11 (KHTML, like Gecko) Chrome/23.0.1271.97 Safari/537.11"
120.228.223.210 - - [20/Sep/2026:11:53:58 +0200] "GET /wp-content/themes/highlight/style.css HTTP/1.1" 404 99384 "https://grupo-seg.com/wp-content/themes/highlight/style.css" "Mozilla/5.0 (Windows NT 6.1; WOW64) AppleWebKit/537.11 (KHTML, like Gecko) Chrome/23.0.1271.97 Safari/537.11"
89.248.107.232 - - [20/Sep/2026:11:53:58 +0200] "POST /wp-cron.php?doing_wp_cron=1789898038.2657558917999267578125 HTTP/1.1" 200 5512 "-" "WordPress/6.6.2; https://grupo-seg.com"
120.228.223.229 - - [20/Sep/2026:11:53:58 +0200] "GET /wp-content/themes/bard/style.css HTTP/1.1" 404 97626 "https://grupo-seg.com/wp-content/themes/bard/style.css" "Mozilla/5.0 (Windows NT 6.1; WOW64) AppleWebKit/537.11 (KHTML, like Gecko) Chrome/23.0.1271.97 Safari/537.11"
120.228.223.243 - - [20/Sep/2026:11:53:58 +0200] "GET /wp-content/themes/evolve/style.css HTTP/1.1" 404 97626 "https://grupo-seg.com/wp-content/themes/evolve/style.css" "Mozilla/5.0 (Windows NT 6.1; WOW64) AppleWebKit/537.11 (KHTML, like Gecko) Chrome/23.0.1271.97 Safari/537.11"
120.228.239.180 - - [20/Sep/2026:11:53:58 +0200] "GET /wp-content/themes/vertice/style.css HTTP/1.1" 404 97626 "https://grupo-seg.com/wp-content/themes/vertice/style.css" "Mozilla/5.0 (Windows NT 6.1; WOW64) AppleWebKit/537.11 (KHTML, like Gecko) Chrome/23.0.1271.97 Safari/537.11"
120.228.223.244 - - [20/Sep/2026:11:53:58 +0200] "GET /wp-content/themes/news-magazine-x/style.css HTTP/1.1" 404 97611 "https://grupo-seg.com/wp-content/themes/news-magazine-x/style.css" "Mozilla/5.0 (Windows NT 6.1; WOW64) AppleWebKit/537.11 (KHTML, like Gecko) Chrome/23.0.1271.97 Safari/537.11"
34.76.64.109 - - [20/Sep/2026:11:54:00 +0200] "GET /pagina-ejemplo/feed/ HTTP/1.1" 200 6619 "-" "okhttp/4.12.0"
120.228.223.244 - - [20/Sep/2026:11:53:59 +0200] "GET /wp-content/themes/newscard/style.css HTTP/1.1" 404 97626 "https://grupo-seg.com/wp-content/themes/newscard/style.css" "Mozilla/5.0 (Windows NT 6.1; WOW64) AppleWebKit/537.11 (KHTML, like Gecko) Chrome/23.0.1271.97 Safari/537.11"
89.248.107.232 - - [20/Sep/2026:11:54:05 +0200] "POST /wp-admin/admin-ajax.php?action=async_litespeed&nonce=c23640a689&litespeed_type=imgoptm HTTP/1.1" 200 5698 "-" "WordPress/6.6.2; https://grupo-seg.com"
34.76.64.109 - - [20/Sep/2026:11:54:06 +0200] "GET /wp-sitemap.xml HTTP/1.1" 200 6217 "-" "okhttp/4.12.0"
34.76.64.109 - - [20/Sep/2026:11:54:06 +0200] "GET /wp-sitemap-posts-post-1.xml HTTP/1.1" 200 8170 "-" "okhttp/4.12.0"
34.76.64.109 - - [20/Sep/2026:11:54:07 +0200] "GET /wp-sitemap-posts-page-1.xml HTTP/1.1" 200 9189 "-" "okhttp/4.12.0"
34.76.64.109 - - [20/Sep/2026:11:54:07 +0200] "GET /wp-sitemap-posts-portfolio-1.xml HTTP/1.1" 200 17286 "-" "okhttp/4.12.0"
34.76.64.109 - - [20/Sep/2026:11:54:08 +0200] "GET /wp-sitemap-posts-mgeo_map-1.xml HTTP/1.1" 200 6011 "-" "okhttp/4.12.0"
34.76.64.109 - - [20/Sep/2026:11:54:08 +0200] "GET /wp-sitemap-taxonomies-category-1.xml HTTP/1.1" 200 6256 "-" "okhttp/4.12.0"
34.76.64.109 - - [20/Sep/2026:11:54:08 +0200] "GET /wp-sitemap-taxonomies-project-type-1.xml HTTP/1.1" 200 6924 "-" "okhttp/4.12.0"
34.76.64.109 - - [20/Sep/2026:11:54:09 +0200] "GET /feed/ HTTP/1.1" 200 100983 "-" "okhttp/4.12.0"
89.248.107.232 - - [20/Sep/2026:11:54:57 +0200] "POST /wp-cron.php?doing_wp_cron=1789898097.5879700183868408203125 HTTP/1.1" 200 5512 "-" "WordPress/6.6.2; https://grupo-seg.com"
40.77.167.235 - - [20/Sep/2026:11:54:57 +0200] "GET /gwuc94223iuocm/pitedtsrd.html HTTP/1.1" 404 97436 "-" "Mozilla/5.0 AppleWebKit/537.36 (KHTML, like Gecko; compatible; bingbot/2.0; +http://www.bing.com/bingbot.htm) Chrome/116.0.1938.76 Safari/537.36"
89.248.107.232 - - [20/Sep/2026:11:54:58 +0200] "POST /wp-admin/admin-ajax.php?action=async_litespeed&nonce=c23640a689&litespeed_type=imgoptm HTTP/1.1" 200 5698 "-" "WordPress/6.6.2; https://grupo-seg.com"
89.248.107.232 - - [20/Sep/2026:11:55:17 +0200] "POST /wp-cron.php?doing_wp_cron=1789898117.2648420333862304687500 HTTP/1.1" 200 5512 "-" "WordPress/6.6.2; https://grupo-seg.com"
52.167.144.166 - - [20/Sep/2026:11:55:16 +0200] "GET /suudenpantsu/0005040763.html HTTP/1.1" 404 97421 "-" "Mozilla/5.0 AppleWebKit/537.36 (KHTML, like Gecko; compatible; bingbot/2.0; +http://www.bing.com/bingbot.htm) Chrome/116.0.1938.76 Safari/537.36"
89.248.107.232 - - [20/Sep/2026:11:55:29 +0200] "POST /wp-cron.php?doing_wp_cron=1789898129.4213631153106689453125 HTTP/1.1" 200 5512 "-" "WordPress/6.6.2; https://grupo-seg.com"
52.167.144.181 - - [20/Sep/2026:11:55:29 +0200] "GET /yhug1533544diuctod/iosrpdogd HTTP/1.1" 404 97436 "-" "Mozilla/5.0 AppleWebKit/537.36 (KHTML, like Gecko; compatible; bingbot/2.0; +http://www.bing.com/bingbot.htm) Chrome/116.0.1938.76 Safari/537.36"
89.248.107.232 - - [20/Sep/2026:11:55:30 +0200] "POST /wp-admin/admin-ajax.php?action=async_litespeed&nonce=c23640a689&litespeed_type=imgoptm HTTP/1.1" 200 5698 "-" "WordPress/6.6.2; https://grupo-seg.com"
52.167.144.181 - - [20/Sep/2026:11:55:30 +0200] "GET /ibxl967146ipdtmciteousrd.html HTTP/1.1" 404 97436 "-" "Mozilla/5.0 AppleWebKit/537.36 (KHTML, like Gecko; compatible; bingbot/2.0; +http://www.bing.com/bingbot.htm) Chrome/116.0.1938.76 Safari/537.36"
129.146.116.242 - - [20/Sep/2026:11:55:50 +0200] "GET /wp-admin/css/ HTTP/1.1" 403 6501 "binance.com" "Mozilla/5.0 (Windows NT 10.0; Win64; x64) AppleWebKit/537.36 (KHTML, like Gecko) Chrome/90.0.4430.85 Safari/537.36"
89.248.107.232 - - [20/Sep/2026:11:56:20 +0200] "POST /wp-cron.php?doing_wp_cron=1789898180.0210549831390380859375 HTTP/1.1" 200 5512 "-" "WordPress/6.6.2; https://grupo-seg.com"
122.14.227.65 - - [20/Sep/2026:11:56:19 +0200] "GET /paises/bolivia/ HTTP/1.1" 200 156640 "-" "Mozilla/5.0 (Linux; Android 5.0) AppleWebKit/537.36 (KHTML, like Gecko) Mobile Safari/537.36 (compatible; Bytespider; https://zhanzhang.toutiao.com/)"
122.14.227.65 - - [20/Sep/2026:11:56:21 +0200] "POST /wp-content/plugins/litespeed-cache/guest.vary.php HTTP/1.1" 403 6501 "https://grupo-seg.com/paises/bolivia/" "Mozilla/5.0 (Linux; Android 5.0) AppleWebKit/537.36 (KHTML, like Gecko) Mobile Safari/537.36 (compatible; Bytespider; https://zhanzhang.toutiao.com/)"
89.248.107.232 - - [20/Sep/2026:11:58:16 +0200] "POST /wp-cron.php?doing_wp_cron=1789898296.2831659317016601562500 HTTP/1.1" 200 5512 "-" "WordPress/6.6.2; https://grupo-seg.com"
84.247.181.234 - - [20/Sep/2026:11:58:15 +0200] "GET / HTTP/1.1" 200 165817 "https://grupo-seg.com/" "Mozilla/5.0 (Windows NT 5.1; rv:31.0) Gecko/20100101 Firefox/31.0"
89.248.107.232 - - [20/Sep/2026:11:58:16 +0200] "POST /wp-admin/admin-ajax.php?action=async_litespeed&nonce=c23640a689&litespeed_type=imgoptm HTTP/1.1" 200 5698 "-" "WordPress/6.6.2; https://grupo-seg.com"
84.247.181.234 - - [20/Sep/2026:11:58:17 +0200] "GET / HTTP/1.1" 200 165817 "https://grupo-seg.com/" "Mozilla/5.0 (Windows NT 5.1; rv:31.0) Gecko/20100101 Firefox/31.0"
84.247.181.234 - - [20/Sep/2026:11:58:18 +0200] "GET /contacto/ HTTP/1.1" 200 199636 "https://grupo-seg.com/" "Mozilla/5.0 (Windows NT 5.1; rv:31.0) Gecko/20100101 Firefox/31.0"
89.248.107.232 - - [20/Sep/2026:11:58:44 +0200] "POST /wp-cron.php?doing_wp_cron=1789898324.6129209995269775390625 HTTP/1.1" 200 5512 "-" "WordPress/6.6.2; https://grupo-seg.com"
40.77.167.32 - - [20/Sep/2026:11:58:44 +0200] "GET /boml314568sipidstomste HTTP/1.1" 404 97436 "-" "Mozilla/5.0 AppleWebKit/537.36 (KHTML, like Gecko; compatible; bingbot/2.0; +http://www.bing.com/bingbot.htm) Chrome/116.0.1938.76 Safari/537.36"
89.248.107.232 - - [20/Sep/2026:11:58:45 +0200] "POST /wp-admin/admin-ajax.php?action=async_litespeed&nonce=c23640a689&litespeed_type=imgoptm HTTP/1.1" 200 5698 "-" "WordPress/6.6.2; https://grupo-seg.com"
52.167.144.181 - - [20/Sep/2026:11:58:53 +0200] "GET /laci1291989igoddspstdoosi.htm HTTP/1.1" 404 97421 "-" "Mozilla/5.0 AppleWebKit/537.36 (KHTML, like Gecko; compatible; bingbot/2.0; +http://www.bing.com/bingbot.htm) Chrome/116.0.1938.76 Safari/537.36"
89.248.107.232 - - [20/Sep/2026:11:59:35 +0200] "POST /wp-cron.php?doing_wp_cron=1789898375.3559639453887939453125 HTTP/1.1" 200 5512 "-" "WordPress/6.6.2; https://grupo-seg.com"
185.33.86.18 - - [20/Sep/2026:11:59:34 +0200] "GET /webmail/ HTTP/1.1" 404 97436 "-" "Mozilla/5.0 (Windows NT 10.0; WOW64; rv:47.0) Gecko/20100101 Firefox/47.0"
89.248.107.232 - - [20/Sep/2026:11:59:35 +0200] "POST /wp-admin/admin-ajax.php?action=async_litespeed&nonce=c23640a689&litespeed_type=imgoptm HTTP/1.1" 200 5698 "-" "WordPress/6.6.2; https://grupo-seg.com"
185.33.86.18 - - [20/Sep/2026:11:59:36 +0200] "GET /webmail/ HTTP/1.1" 404 97436 "-" "Mozilla/5.0 (Windows NT 10.0; WOW64; rv:47.0) Gecko/20100101 Firefox/47.0"
89.248.107.232 - - [20/Sep/2026:11:59:50 +0200] "POST /wp-cron.php?doing_wp_cron=1789898390.0700190067291259765625 HTTP/1.1" 200 5512 "-" "WordPress/6.6.2; https://grupo-seg.com"
156.245.205.47 - - [20/Sep/2026:11:59:49 +0200] "GET /e/install/index.php?enews=setdb&f=4 HTTP/1.1" 301 5685 "-" "Mozilla/5.0 (Windows NT 10.0; WOW64; rv:48.0) Gecko/20100101 Firefox/48.0"
156.245.205.47 - - [20/Sep/2026:11:59:51 +0200] "GET /e/install/?enews=setdb&f=4 HTTP/1.1" 404 97436 "-" "Mozilla/5.0 (Windows NT 10.0; WOW64; rv:48.0) Gecko/20100101 Firefox/48.0"
89.248.107.232 - - [20/Sep/2026:11:59:55 +0200] "POST /wp-cron.php?doing_wp_cron=1789898395.1729419231414794921875 HTTP/1.1" 200 5512 "-" "WordPress/6.6.2; https://grupo-seg.com"
66.222.226.223 - - [20/Sep/2026:11:59:54 +0200] "GET /wp-login.php HTTP/1.1" 200 13732 "https://seg-sa.es/" "Mozilla/5.0 (Macintosh; Intel Mac OS X 10_15_7) AppleWebKit/537.36 (KHTML, like Gecko) Chrome/147.0.0.0 Safari/537.36"
66.222.226.223 - - [20/Sep/2026:11:59:55 +0200] "POST /wp-login.php HTTP/1.1" 200 14225 "https://seg-sa.es/wp-login.php" "Mozilla/5.0 (Macintosh; Intel Mac OS X 10_15_7) AppleWebKit/537.36 (KHTML, like Gecko) Chrome/147.0.0.0 Safari/537.36"
89.248.107.232 - - [20/Sep/2026:12:00:36 +0200] "POST /wp-cron.php?doing_wp_cron=1789898436.6235580444335937500000 HTTP/1.1" 200 5512 "-" "WordPress/6.6.2; https://grupo-seg.com"
40.77.167.235 - - [20/Sep/2026:12:00:36 +0200] "GET /ditheism7b-sjmy6rkaj.html HTTP/1.1" 404 97436 "-" "Mozilla/5.0 AppleWebKit/537.36 (KHTML, like Gecko; compatible; bingbot/2.0; +http://www.bing.com/bingbot.htm) Chrome/116.0.1938.76 Safari/537.36"
89.248.107.232 - - [20/Sep/2026:12:00:37 +0200] "POST /wp-admin/admin-ajax.php?action=async_litespeed&nonce=c23640a689&litespeed_type=imgoptm HTTP/1.1" 200 5698 "-" "WordPress/6.6.2; https://grupo-seg.com"
40.77.167.235 - - [20/Sep/2026:12:00:38 +0200] "GET /tetonfurairiruse/0005663516.html HTTP/1.1" 404 97421 "-" "Mozilla/5.0 AppleWebKit/537.36 (KHTML, like Gecko; compatible; bingbot/2.0; +http://www.bing.com/bingbot.htm) Chrome/116.0.1938.76 Safari/537.36"
89.248.107.232 - - [20/Sep/2026:12:01:19 +0200] "POST /wp-cron.php?doing_wp_cron=1789898479.0867309570312500000000 HTTP/1.1" 200 5512 "-" "WordPress/6.6.2; https://grupo-seg.com"
52.167.144.179 - - [20/Sep/2026:12:01:18 +0200] "GET /yhug925504isstt/oesmpid HTTP/1.1" 301 5682 "-" "Mozilla/5.0 AppleWebKit/537.36 (KHTML, like Gecko; compatible; bingbot/2.0; +http://www.bing.com/bingbot.htm) Chrome/116.0.1938.76 Safari/537.36"
89.248.107.232 - - [20/Sep/2026:12:03:40 +0200] "POST /wp-cron.php?doing_wp_cron=1789898619.9646060466766357421875 HTTP/1.1" 200 5512 "-" "WordPress/6.6.2; https://grupo-seg.com"
44.249.97.254 - - [20/Sep/2026:12:03:39 +0200] "GET / HTTP/1.1" 200 165817 "-" "Mozilla/5.0 (Windows NT 10.0; Win64; x64) AppleWebKit/537.36 (KHTML, like Gecko) Chrome/113.0.0.0 Safari/537.36"
89.248.107.232 - - [20/Sep/2026:12:03:40 +0200] "POST /wp-admin/admin-ajax.php?action=async_litespeed&nonce=c23640a689&litespeed_type=imgoptm HTTP/1.1" 200 5698 "-" "WordPress/6.6.2; https://grupo-seg.com"
89.248.107.232 - - [20/Sep/2026:12:03:58 +0200] "POST /wp-cron.php?doing_wp_cron=1789898638.3144760131835937500000 HTTP/1.1" 200 5512 "-" "WordPress/6.6.2; https://grupo-seg.com"
64.31.20.24 - - [20/Sep/2026:12:03:57 +0200] "GET /contactanos/?chronoform=contacto_espana&event=submit&Nombre=Bnuolopics&Apellidos=&Empresa=&Correo=&Asunto=Romanticality+<a+href%3Dhttps%3A%2F%2F1xbetbonuses.com%2F HTTP/1.1" 301 5821 "https://www.grupo-seg.com/contactanos/?chronoform=contacto_espana&event=submit&Nombre=Bnuolopics&Apellidos=&Empresa=&Correo=&Asunto=Romanticality+<a+href%3Dhttps%3A%2F%2F1xbetbonuses.com%2F" "Mozilla/5.0 (Windows NT 10.0; Win64; x64) AppleWebKit/537.36 (KHTML, like Gecko) Chrome/130.0.0.0 Safari/537.36"
89.248.107.232 - - [20/Sep/2026:12:04:00 +0200] "POST /wp-cron.php?doing_wp_cron=1789898640.1531059741973876953125 HTTP/1.1" 200 5512 "-" "WordPress/6.6.2; https://grupo-seg.com"
64.31.20.24 - - [20/Sep/2026:12:03:59 +0200] "GET /contactanos/?chronoform=contacto_espana&event=submit&Nombre=Bnuolopics&Apellidos=&Empresa=&Correo=&Asunto=Romanticality+<a+href%3Dhttps%3A%2F%2F1xbetbonuses.com%2F HTTP/1.1" 301 5821 "https://www.grupo-seg.com/contactanos/?chronoform=contacto_espana&event=submit&Nombre=Bnuolopics&Apellidos=&Empresa=&Correo=&Asunto=Romanticality+<a+href%3Dhttps%3A%2F%2F1xbetbonuses.com%2F" "Mozilla/5.0 (Windows NT 10.0; Win64; x64) AppleWebKit/537.36 (KHTML, like Gecko) Chrome/131.0.0.0 Safari/537.36"
64.31.20.24 - - [20/Sep/2026:12:03:59 +0200] "GET /contactanos/?chronoform=contacto_espana&event=submit&Nombre=Bnuolopics&Apellidos=&Empresa=&Correo=&Asunto=Romanticality+<a+href%3Dhttps%3A%2F%2F1xbetbonuses.com%2F HTTP/1.1" 301 5821 "https://www.grupo-seg.com/contactanos/?chronoform=contacto_espana&event=submit&Nombre=Bnuolopics&Apellidos=&Empresa=&Correo=&Asunto=Romanticality+<a+href%3Dhttps%3A%2F%2F1xbetbonuses.com%2F" "Mozilla/5.0 (Windows NT 10.0; Win64; x64) AppleWebKit/537.36 (KHTML, like Gecko) Chrome/129.0.0.0 Safari/537.36"
64.31.20.24 - - [20/Sep/2026:12:04:00 +0200] "GET /contactanos/?chronoform=contacto_espana&event=submit&Nombre=Bnuolopics&Apellidos=&Empresa=&Correo=&Asunto=Romanticality+<a+href%3Dhttps%3A%2F%2F1xbetbonuses.com%2F HTTP/1.1" 301 5821 "https://www.grupo-seg.com/contactanos/?chronoform=contacto_espana&event=submit&Nombre=Bnuolopics&Apellidos=&Empresa=&Correo=&Asunto=Romanticality+<a+href%3Dhttps%3A%2F%2F1xbetbonuses.com%2F" "Mozilla/5.0 (Windows NT 10.0; Win64; x64) AppleWebKit/537.36 (KHTML, like Gecko) Chrome/130.0.0.0 Safari/537.36"
64.31.20.24 - - [20/Sep/2026:12:04:00 +0200] "GET /contactanos/?chronoform=contacto_espana&event=submit&Nombre=Bnuolopics&Apellidos=&Empresa=&Correo=&Asunto=Romanticality+a+href%3Dhttps%3A%2F%2F1xbetbonuses.com%2F HTTP/1.1" 404 97436 "https://grupo-seg.com/contactanos/?chronoform=contacto_espana&event=submit&Nombre=Bnuolopics&Apellidos=&Empresa=&Correo=&Asunto=Romanticality+a+href%3Dhttps%3A%2F%2F1xbetbonuses.com%2F" "Mozilla/5.0 (Windows NT 10.0; Win64; x64) AppleWebKit/537.36 (KHTML, like Gecko) Chrome/130.0.0.0 Safari/537.36"
64.31.20.24 - - [20/Sep/2026:12:04:02 +0200] "GET /contactanos/?chronoform=contacto_espana&event=submit&Nombre=Bnuolopics&Apellidos=&Empresa=&Correo=&Asunto=Romanticality+<a+href%3Dhttps%3A%2F%2F1xbetbonuses.com%2F HTTP/1.1" 301 5821 "https://www.grupo-seg.com/contactanos/?chronoform=contacto_espana&event=submit&Nombre=Bnuolopics&Apellidos=&Empresa=&Correo=&Asunto=Romanticality+<a+href%3Dhttps%3A%2F%2F1xbetbonuses.com%2F" "Mozilla/5.0 (Windows NT 10.0; Win64; x64) AppleWebKit/537.36 (KHTML, like Gecko) Chrome/131.0.0.0 Safari/537.36"
89.248.107.232 - - [20/Sep/2026:12:04:03 +0200] "POST /wp-cron.php?doing_wp_cron=1789898643.2889719009399414062500 HTTP/1.1" 200 5512 "-" "WordPress/6.6.2; https://grupo-seg.com"
64.31.20.24 - - [20/Sep/2026:12:04:02 +0200] "GET /contactanos/?chronoform=contacto_espana&event=submit&Nombre=Bnuolopics&Apellidos=&Empresa=&Correo=&Asunto=Romanticality+a+href%3Dhttps%3A%2F%2F1xbetbonuses.com%2F HTTP/1.1" 404 97436 "https://grupo-seg.com/contactanos/?chronoform=contacto_espana&event=submit&Nombre=Bnuolopics&Apellidos=&Empresa=&Correo=&Asunto=Romanticality+a+href%3Dhttps%3A%2F%2F1xbetbonuses.com%2F" "Mozilla/5.0 (Windows NT 10.0; Win64; x64) AppleWebKit/537.36 (KHTML, like Gecko) Chrome/129.0.0.0 Safari/537.36"
64.31.20.24 - - [20/Sep/2026:12:04:04 +0200] "GET /contactanos/?chronoform=contacto_espana&event=submit&Nombre=Bnuolopics&Apellidos=&Empresa=&Correo=&Asunto=Romanticality+a+href%3Dhttps%3A%2F%2F1xbetbonuses.com%2F HTTP/1.1" 404 99365 "https://grupo-seg.com/contactanos/?chronoform=contacto_espana&event=submit&Nombre=Bnuolopics&Apellidos=&Empresa=&Correo=&Asunto=Romanticality+a+href%3Dhttps%3A%2F%2F1xbetbonuses.com%2F" "Mozilla/5.0 (Windows NT 10.0; Win64; x64) AppleWebKit/537.36 (KHTML, like Gecko) Chrome/131.0.0.0 Safari/537.36"
64.31.20.24 - - [20/Sep/2026:12:04:03 +0200] "GET /contactanos/?chronoform=contacto_espana&event=submit&Nombre=Bnuolopics&Apellidos=&Empresa=&Correo=&Asunto=Romanticality+a+href%3Dhttps%3A%2F%2F1xbetbonuses.com%2F HTTP/1.1" 404 99025 "https://grupo-seg.com/contactanos/?chronoform=contacto_espana&event=submit&Nombre=Bnuolopics&Apellidos=&Empresa=&Correo=&Asunto=Romanticality+a+href%3Dhttps%3A%2F%2F1xbetbonuses.com%2F" "Mozilla/5.0 (Windows NT 10.0; Win64; x64) AppleWebKit/537.36 (KHTML, like Gecko) Chrome/130.0.0.0 Safari/537.36"
64.31.20.24 - - [20/Sep/2026:12:04:04 +0200] "GET /contactanos/?chronoform=contacto_espana&event=submit&Nombre=Bnuolopics&Apellidos=&Empresa=&Correo=&Asunto=Romanticality+a+href%3Dhttps%3A%2F%2F1xbetbonuses.com%2F HTTP/1.1" 404 97436 "https://grupo-seg.com/contactanos/?chronoform=contacto_espana&event=submit&Nombre=Bnuolopics&Apellidos=&Empresa=&Correo=&Asunto=Romanticality+a+href%3Dhttps%3A%2F%2F1xbetbonuses.com%2F" "Mozilla/5.0 (Windows NT 10.0; Win64; x64) AppleWebKit/537.36 (KHTML, like Gecko) Chrome/131.0.0.0 Safari/537.36"
64.31.20.24 - - [20/Sep/2026:12:04:05 +0200] "GET /contacto/ HTTP/1.1" 200 199636 "https://grupo-seg.com/contacto/" "Mozilla/5.0 (Windows NT 10.0; Win64; x64) AppleWebKit/537.36 (KHTML, like Gecko) Chrome/130.0.0.0 Safari/537.36"
64.31.20.24 - - [20/Sep/2026:12:04:08 +0200] "GET /contacto/ HTTP/1.1" 200 199636 "https://grupo-seg.com/contacto/" "Mozilla/5.0 (Windows NT 10.0; Win64; x64) AppleWebKit/537.36 (KHTML, like Gecko) Chrome/129.0.0.0 Safari/537.36"
89.248.107.232 - - [20/Sep/2026:12:04:11 +0200] "POST /wp-cron.php?doing_wp_cron=1789898651.0768918991088867187500 HTTP/1.1" 200 5512 "-" "WordPress/6.6.2; https://grupo-seg.com"
64.31.20.24 - - [20/Sep/2026:12:04:10 +0200] "GET /contacto/ HTTP/1.1" 200 199636 "https://grupo-seg.com/contacto/" "Mozilla/5.0 (Windows NT 10.0; Win64; x64) AppleWebKit/537.36 (KHTML, like Gecko) Chrome/130.0.0.0 Safari/537.36"
64.31.20.24 - - [20/Sep/2026:12:04:11 +0200] "GET /contacto/ HTTP/1.1" 200 199636 "https://grupo-seg.com/contacto/" "Mozilla/5.0 (Windows NT 10.0; Win64; x64) AppleWebKit/537.36 (KHTML, like Gecko) Chrome/131.0.0.0 Safari/537.36"
64.31.20.24 - - [20/Sep/2026:12:04:12 +0200] "GET /contacto/ HTTP/1.1" 200 199636 "https://grupo-seg.com/contacto/" "Mozilla/5.0 (Windows NT 10.0; Win64; x64) AppleWebKit/537.36 (KHTML, like Gecko) Chrome/131.0.0.0 Safari/537.36"
89.248.107.232 - - [20/Sep/2026:12:07:03 +0200] "POST /wp-cron.php?doing_wp_cron=1789898823.1528968811035156250000 HTTP/1.1" 200 5512 "-" "WordPress/6.6.2; https://grupo-seg.com"
192.178.4.2 - - [20/Sep/2026:12:07:02 +0200] "GET /entend41-36o53mnqi.html HTTP/1.1" 404 88607 "-" "Mozilla/5.0 (Linux; Android 6.0.1; Nexus 5X Build/MMB29P) AppleWebKit/537.36 (KHTML, like Gecko) Chrome/153.0.8010.47 Mobile Safari/537.36 (compatible; Googlebot/2.1; +http://www.google.com/bot.html)"
89.248.107.232 - - [20/Sep/2026:12:07:03 +0200] "POST /wp-admin/admin-ajax.php?action=async_litespeed&nonce=c23640a689&litespeed_type=imgoptm HTTP/1.1" 200 5698 "-" "WordPress/6.6.2; https://grupo-seg.com"
40.77.167.48 - - [20/Sep/2026:12:07:14 +0200] "GET /hkuw11899rsdocoi/dpsuttdpi.htm HTTP/1.1" 301 5689 "-" "Mozilla/5.0 AppleWebKit/537.36 (KHTML, like Gecko; compatible; bingbot/2.0; +http://www.bing.com/bingbot.htm) Chrome/116.0.1938.76 Safari/537.36"
40.77.167.235 - - [20/Sep/2026:12:07:20 +0200] "GET /marasonsutoapoin/0006733274.html HTTP/1.1" 301 5691 "-" "Mozilla/5.0 AppleWebKit/537.36 (KHTML, like Gecko; compatible; bingbot/2.0; +http://www.bing.com/bingbot.htm) Chrome/116.0.1938.76 Safari/537.36"
89.248.107.232 - - [20/Sep/2026:12:08:44 +0200] "POST /wp-cron.php?doing_wp_cron=1789898924.2284250259399414062500 HTTP/1.1" 200 5512 "-" "WordPress/6.6.2; https://grupo-seg.com"
47.128.37.68 - - [20/Sep/2026:12:08:43 +0200] "GET /ingenieria/proyectos-aeroportuarios/varios-jerez HTTP/1.1" 301 5707 "-" "Mozilla/5.0 (Linux; Android 5.0) AppleWebKit/537.36 (KHTML, like Gecko) Mobile Safari/537.36 (compatible; Bytespider; spider-feedback@bytedance.com)"
89.248.107.232 - - [20/Sep/2026:12:08:44 +0200] "POST /wp-admin/admin-ajax.php?action=async_litespeed&nonce=c23640a689&litespeed_type=imgoptm HTTP/1.1" 200 5698 "-" "WordPress/6.6.2; https://grupo-seg.com"
47.128.37.68 - - [20/Sep/2026:12:08:45 +0200] "GET /ingenieria/proyectos-aeroportuarios/varios-jerez HTTP/1.1" 404 88783 "-" "Mozilla/5.0 (Linux; Android 5.0) AppleWebKit/537.36 (KHTML, like Gecko) Mobile Safari/537.36 (compatible; Bytespider; spider-feedback@bytedance.com)"
47.128.37.68 - - [20/Sep/2026:12:08:46 +0200] "GET /wp-content/litespeed/css/0425990b14a557d6976d123760afe205.css?ver=04cf4 HTTP/2.0" 200 92222 "https://grupo-seg.com/ingenieria/proyectos-aeroportuarios/varios-jerez" "Mozilla/5.0 (Linux; Android 5.0) AppleWebKit/537.36 (KHTML, like Gecko) Mobile Safari/537.36 (compatible; Bytespider; spider-feedback@bytedance.com)"
47.128.37.68 - - [20/Sep/2026:12:08:47 +0200] "GET /wp-content/uploads/2021/07/SED_logo-768x435.png HTTP/2.0" 206 500 "https://grupo-seg.com/ingenieria/proyectos-aeroportuarios/varios-jerez" "Mozilla/5.0 (Linux; Android 5.0) AppleWebKit/537.36 (KHTML, like Gecko) Mobile Safari/537.36 (compatible; Bytespider; spider-feedback@bytedance.com)"
89.248.107.232 - - [20/Sep/2026:12:09:11 +0200] "POST /wp-cron.php?doing_wp_cron=1789898951.8536450862884521484375 HTTP/1.1" 200 5512 "-" "WordPress/6.6.2; https://grupo-seg.com"
216.73.216.65 - - [20/Sep/2026:12:09:11 +0200] "GET /robots.txt HTTP/1.1" 200 5679 "-" "Mozilla/5.0 AppleWebKit/537.36 (KHTML, like Gecko; compatible; ClaudeBot/1.0; +claudebot@anthropic.com)"
216.73.216.65 - - [20/Sep/2026:12:09:13 +0200] "GET /portfolio/interventoria-de-los-contratos-de-concesion-portuaria HTTP/1.1" 301 5630 "-" "Mozilla/5.0 AppleWebKit/537.36 (KHTML, like Gecko; compatible; ClaudeBot/1.0; +claudebot@anthropic.com)"
216.73.216.65 - - [20/Sep/2026:12:09:13 +0200] "GET /portfolio/interventoria-de-los-contratos-de-concesion-portuaria/ HTTP/1.1" 200 116815 "https://grupo-seg.com/portfolio/interventoria-de-los-contratos-de-concesion-portuaria" "Mozilla/5.0 AppleWebKit/537.36 (KHTML, like Gecko; compatible; ClaudeBot/1.0; +claudebot@anthropic.com)"
89.248.107.232 - - [20/Sep/2026:12:10:27 +0200] "POST /wp-cron.php?doing_wp_cron=1789899027.6690399646759033203125 HTTP/1.1" 200 5512 "-" "WordPress/6.6.2; https://grupo-seg.com"
47.128.51.55 - - [20/Sep/2026:12:10:27 +0200] "GET /robots.txt HTTP/1.1" 301 5576 "-" "Mozilla/5.0 (iPhone; CPU iPhone OS 7_1_2 like Mac OS X) AppleWebKit/537.36 (KHTML, like Gecko) Version/7.0 Mobile Safari/537.36 (compatible; Bytespider; https://bytedance.sg.larkoffice.com/docx/K5bxdypulop3IIxrJb0lOjLVgFe)"
89.248.107.232 - - [20/Sep/2026:12:10:28 +0200] "POST /wp-admin/admin-ajax.php?action=async_litespeed&nonce=c23640a689&litespeed_type=imgoptm HTTP/1.1" 200 5698 "-" "WordPress/6.6.2; https://grupo-seg.com"
47.128.51.55 - - [20/Sep/2026:12:10:28 +0200] "GET /robots.txt HTTP/1.1" 200 5679 "https://www.grupo-seg.com/robots.txt" "Mozilla/5.0 (iPhone; CPU iPhone OS 7_1_2 like Mac OS X) AppleWebKit/537.36 (KHTML, like Gecko) Version/7.0 Mobile Safari/537.36 (compatible; Bytespider; https://bytedance.sg.larkoffice.com/docx/K5bxdypulop3IIxrJb0lOjLVgFe)"
89.248.107.232 - - [20/Sep/2026:12:11:48 +0200] "POST /wp-cron.php?doing_wp_cron=1789899108.0135118961334228515625 HTTP/1.1" 200 5512 "-" "WordPress/6.6.2; https://grupo-seg.com"
54.85.7.119 - - [20/Sep/2026:12:11:47 +0200] "GET /grupo-seg-en-la-asamblea-anual-de-socio-del-pacto-mundial-de-naciones-unidas/ HTTP/1.1" 200 123130 "-" "Mozilla/5.0 AppleWebKit/537.36 (KHTML, like Gecko; compatible; Amazonbot/0.1; +https://developer.amazon.com/support/amazonbot) Chrome/119.0.6045.214 Safari/537.36"
89.248.107.232 - - [20/Sep/2026:12:11:48 +0200] "POST /wp-admin/admin-ajax.php?action=async_litespeed&nonce=c23640a689&litespeed_type=imgoptm HTTP/1.1" 200 5698 "-" "WordPress/6.6.2; https://grupo-seg.com"
89.248.107.232 - - [20/Sep/2026:12:12:00 +0200] "POST /wp-cron.php?doing_wp_cron=1789899120.0349690914154052734375 HTTP/1.1" 200 5512 "-" "WordPress/6.6.2; https://grupo-seg.com"
149.34.251.245 - - [20/Sep/2026:12:11:59 +0200] "GET / HTTP/1.1" 301 5612 "https://www.grupo-seg.com/" "Mozilla/5.0 (Windows NT 10.0; Win64; x64) AppleWebKit/537.36 (KHTML, like Gecko) Chrome/130.0.0.0 Safari/537.36 CCleaner/130.0.0.0"
149.34.251.245 - - [20/Sep/2026:12:12:02 +0200] "GET / HTTP/1.1" 200 165847 "https://grupo-seg.com/" "Mozilla/5.0 (Windows NT 10.0; Win64; x64) AppleWebKit/537.36 (KHTML, like Gecko) Chrome/130.0.0.0 Safari/537.36 CCleaner/130.0.0.0"
89.248.107.232 - - [20/Sep/2026:12:12:07 +0200] "POST /wp-cron.php?doing_wp_cron=1789899127.1901049613952636718750 HTTP/1.1" 200 5512 "-" "WordPress/6.6.2; https://grupo-seg.com"
149.34.251.245 - - [20/Sep/2026:12:12:06 +0200] "GET /contacto/ HTTP/1.1" 200 199636 "https://grupo-seg.com/contacto/" "Mozilla/5.0 (Windows NT 10.0; Win64; x64) AppleWebKit/537.36 (KHTML, like Gecko) Chrome/130.0.0.0 Safari/537.36 CCleaner/130.0.0.0"
149.34.251.245 - - [20/Sep/2026:12:12:11 +0200] "GET /en/contact/ HTTP/1.1" 200 199721 "https://grupo-seg.com/en/contact/" "Mozilla/5.0 (Windows NT 10.0; Win64; x64) AppleWebKit/537.36 (KHTML, like Gecko) Chrome/130.0.0.0 Safari/537.36 CCleaner/130.0.0.0"
89.248.107.232 - - [20/Sep/2026:12:14:33 +0200] "POST /wp-cron.php?doing_wp_cron=1789899273.9381198883056640625000 HTTP/1.1" 200 5512 "-" "WordPress/6.6.2; https://grupo-seg.com"
52.167.144.219 - - [20/Sep/2026:12:14:33 +0200] "GET /ihdm745062sdgmiteoodis.html HTTP/1.1" 404 97436 "-" "Mozilla/5.0 AppleWebKit/537.36 (KHTML, like Gecko; compatible; bingbot/2.0; +http://www.bing.com/bingbot.htm) Chrome/116.0.1938.76 Safari/537.36"
89.248.107.232 - - [20/Sep/2026:12:14:34 +0200] "POST /wp-admin/admin-ajax.php?action=async_litespeed&nonce=c23640a689&litespeed_type=imgoptm HTTP/1.1" 200 5698 "-" "WordPress/6.6.2; https://grupo-seg.com"
89.248.107.232 - - [20/Sep/2026:12:15:23 +0200] "POST /wp-cron.php?doing_wp_cron=1789899323.4147450923919677734375 HTTP/1.1" 200 5512 "-" "WordPress/6.6.2; https://grupo-seg.com"
47.128.38.100 - - [20/Sep/2026:12:15:23 +0200] "GET /paises/bolivia/ HTTP/1.1" 200 156670 "-" "Mozilla/5.0 (Linux; Android 5.0) AppleWebKit/537.36 (KHTML, like Gecko) Mobile Safari/537.36 (compatible; Bytespider; spider-feedback@bytedance.com)"
89.248.107.232 - - [20/Sep/2026:12:15:38 +0200] "POST /wp-cron.php?doing_wp_cron=1789899338.6894030570983886718750 HTTP/1.1" 200 5512 "-" "WordPress/6.6.2; https://grupo-seg.com"
8.148.65.195 - - [20/Sep/2026:12:15:38 +0200] "GET / HTTP/1.1" 301 5612 "http://www.alben4000.com" "Mozilla/5.0 (iPhone; CPU iPhone OS 13_2_3 like Mac OS X) AppleWebKit/605.1.15 (KHTML, like Gecko) Version/13.0.3 Mobile/15E148 Safari/604.1"
89.248.107.232 - - [20/Sep/2026:12:15:39 +0200] "POST /wp-admin/admin-ajax.php?action=async_litespeed&nonce=c23640a689&litespeed_type=imgoptm HTTP/1.1" 200 5698 "-" "WordPress/6.6.2; https://grupo-seg.com"
89.248.107.232 - - [20/Sep/2026:12:15:42 +0200] "POST /wp-cron.php?doing_wp_cron=1789899342.6399369239807128906250 HTTP/1.1" 200 5512 "-" "WordPress/6.6.2; https://grupo-seg.com"
8.148.65.195 - - [20/Sep/2026:12:15:42 +0200] "GET / HTTP/1.1" 200 156989 "https://www.grupo-seg.com/" "Mozilla/5.0 (iPhone; CPU iPhone OS 13_2_3 like Mac OS X) AppleWebKit/605.1.15 (KHTML, like Gecko) Version/13.0.3 Mobile/15E148 Safari/604.1"
89.248.107.232 - - [20/Sep/2026:12:17:17 +0200] "POST /wp-cron.php?doing_wp_cron=1789899437.8609759807586669921875 HTTP/1.1" 200 5512 "-" "WordPress/6.6.2; https://grupo-seg.com"
217.209.139.122 - - [20/Sep/2026:12:17:17 +0200] "GET / HTTP/1.1" 200 165847 "-" "Mozilla/5.0 (Windows NT 10.0; Win64; x64) AppleWebKit/537.36 (KHTML, like Gecko) Chrome/151.0.0.0 Safari/537.36"
89.248.107.232 - - [20/Sep/2026:12:17:18 +0200] "POST /wp-admin/admin-ajax.php?action=async_litespeed&nonce=c23640a689&litespeed_type=imgoptm HTTP/1.1" 200 5698 "-" "WordPress/6.6.2; https://grupo-seg.com"
217.209.139.122 - - [20/Sep/2026:12:17:19 +0200] "GET /wp-content/litespeed/css/e39920cfd035054e8d060ade4400a9bc.css?ver=04cf4 HTTP/2.0" 200 73728 "https://grupo-seg.com/" "Mozilla/5.0 (Windows NT 10.0; Win64; x64) AppleWebKit/537.36 (KHTML, like Gecko) Chrome/151.0.0.0 Safari/537.36"
217.209.139.122 - - [20/Sep/2026:12:17:19 +0200] "GET /wp-content/plugins/sitepress-multilingual-cms%207/dist/css/blocks/styles.css HTTP/2.0" 200 0 "https://grupo-seg.com/" "Mozilla/5.0 (Windows NT 10.0; Win64; x64) AppleWebKit/537.36 (KHTML, like Gecko) Chrome/151.0.0.0 Safari/537.36"
