52.167.144.199 - - [20/Sep/2026:07:09:07 +0200] "GET /rmsy1536481sdgitim/servicios.html HTTP/1.1" 301 5692 "-" "Mozilla/5.0 AppleWebKit/537.36 (KHTML, like Gecko; compatible; bingbot/2.0; +http://www.bing.com/bingbot.htm) Chrome/116.0.1938.76 Safari/537.36"
89.248.107.232 - - [20/Sep/2026:07:09:08 +0200] "POST /wp-admin/admin-ajax.php?action=async_litespeed&nonce=c23640a689&litespeed_type=imgoptm HTTP/1.1" 200 5698 "-" "WordPress/6.6.2; https://grupo-seg.com"
89.248.107.232 - - [20/Sep/2026:07:10:06 +0200] "POST /wp-cron.php?doing_wp_cron=1789881006.4181110858917236328125 HTTP/1.1" 200 5512 "-" "WordPress/6.6.2; https://grupo-seg.com"
106.63.26.147 - - [20/Sep/2026:07:10:06 +0200] "GET /favicon.ico HTTP/1.1" 302 5672 "https://alben4000.com/favicon.ico" "Mozilla/5.0 (Macintosh; Intel Mac OS X 10_15_7) AppleWebKit/537.36 (KHTML, like Gecko) Chrome/120.0.0.0 Safari/537.36 Edg/120.0.0.0"
89.248.107.232 - - [20/Sep/2026:07:10:07 +0200] "POST /wp-admin/admin-ajax.php?action=async_litespeed&nonce=c23640a689&litespeed_type=imgoptm HTTP/1.1" 200 5698 "-" "WordPress/6.6.2; https://grupo-seg.com"
106.63.26.155 - - [20/Sep/2026:07:10:07 +0200] "GET /wp-content/uploads/2021/07/cropped-SED_FAV-32x32.png HTTP/1.1" 200 199 "https://www.grupo-seg.com/favicon.ico" "Mozilla/5.0 (Macintosh; Intel Mac OS X 10_15_7) AppleWebKit/537.36 (KHTML, like Gecko) Chrome/120.0.0.0 Safari/537.36 Edg/120.0.0.0"
89.248.107.232 - - [20/Sep/2026:07:11:21 +0200] "POST /wp-cron.php?doing_wp_cron=1789881080.9852108955383300781250 HTTP/1.1" 200 5512 "-" "WordPress/6.6.2; https://grupo-seg.com"
173.252.87.51 - - [20/Sep/2026:07:11:20 +0200] "GET /robots.txt HTTP/1.1" 301 5576 "-" "facebookexternalhit/1.1 (+http://www.facebook.com/externalhit_uatext.php)"
173.252.87.6 - - [20/Sep/2026:07:11:21 +0200] "GET /robots.txt HTTP/1.1" 200 5679 "-" "facebookexternalhit/1.1 (+http://www.facebook.com/externalhit_uatext.php)"
89.248.107.232 - - [20/Sep/2026:07:11:21 +0200] "POST /wp-admin/admin-ajax.php?action=async_litespeed&nonce=c23640a689&litespeed_type=imgoptm HTTP/1.1" 200 5698 "-" "WordPress/6.6.2; https://grupo-seg.com"
89.248.107.232 - - [20/Sep/2026:07:12:14 +0200] "POST /wp-cron.php?doing_wp_cron=1789881134.1635949611663818359375 HTTP/1.1" 200 5512 "-" "WordPress/6.6.2; https://grupo-seg.com"
52.167.144.138 - - [20/Sep/2026:07:12:13 +0200] "GET /kyua1601670osssoigdtdopid HTTP/1.1" 404 97436 "-" "Mozilla/5.0 AppleWebKit/537.36 (KHTML, like Gecko; compatible; bingbot/2.0; +http://www.bing.com/bingbot.htm) Chrome/116.0.1938.76 Safari/537.36"
89.248.107.232 - - [20/Sep/2026:07:12:14 +0200] "POST /wp-admin/admin-ajax.php?action=async_litespeed&nonce=c23640a689&litespeed_type=imgoptm HTTP/1.1" 200 5698 "-" "WordPress/6.6.2; https://grupo-seg.com"
89.248.107.232 - - [20/Sep/2026:07:13:56 +0200] "POST /wp-cron.php?doing_wp_cron=1789881236.1878209114074707031250 HTTP/1.1" 200 5512 "-" "WordPress/6.6.2; https://grupo-seg.com"
85.208.96.200 - - [20/Sep/2026:07:13:55 +0200] "GET /portfolio/proyecto-de-adecuacion-de-pista-y-franja-en-el-aeropuerto-de-la-palma/ HTTP/1.1" 200 117105 "-" "Mozilla/5.0 (compatible; SemrushBot/7~bl; +http://www.semrush.com/bot.html)"
89.248.107.232 - - [20/Sep/2026:07:13:56 +0200] "POST /wp-admin/admin-ajax.php?action=async_litespeed&nonce=c23640a689&litespeed_type=imgoptm HTTP/1.1" 200 5698 "-" "WordPress/6.6.2; https://grupo-seg.com"
89.248.107.232 - - [20/Sep/2026:07:14:50 +0200] "POST /wp-cron.php?doing_wp_cron=1789881290.7463688850402832031250 HTTP/1.1" 200 5512 "-" "WordPress/6.6.2; https://grupo-seg.com"
137.131.43.163 - - [20/Sep/2026:07:14:50 +0200] "GET / HTTP/1.1" 301 5612 "-" "Mozilla/5.0 (Windows NT 10.0; Win64; x64) AppleWebKit/537.36 (KHTML, like Gecko) Chrome/80.0.3987.149 Safari/537.36"
137.131.43.163 - - [20/Sep/2026:07:14:50 +0200] "" 400 0 "-" "-"
89.248.107.232 - - [20/Sep/2026:07:14:51 +0200] "POST /wp-admin/admin-ajax.php?action=async_litespeed&nonce=c23640a689&litespeed_type=imgoptm HTTP/1.1" 200 5698 "-" "WordPress/6.6.2; https://grupo-seg.com"
137.131.43.163 - - [20/Sep/2026:07:14:51 +0200] "GET //wp-includes/wlwmanifest.xml HTTP/1.1" 301 5686 "-" "Mozilla/5.0 (Windows NT 10.0; Win64; x64) AppleWebKit/537.36 (KHTML, like Gecko) Chrome/80.0.3987.149 Safari/537.36"
137.131.43.163 - - [20/Sep/2026:07:14:52 +0200] "GET //xmlrpc.php?rsd HTTP/1.1" 200 6259 "-" "Mozilla/5.0 (Windows NT 10.0; Win64; x64) AppleWebKit/537.36 (KHTML, like Gecko) Chrome/80.0.3987.149 Safari/537.36"
137.131.43.163 - - [20/Sep/2026:07:14:52 +0200] "GET //?author=1 HTTP/1.1" 404 73801 "-" "Mozilla/5.0 (Windows NT 10.0; Win64; x64) AppleWebKit/537.36 (KHTML, like Gecko) Chrome/80.0.3987.149 Safari/537.36"
89.248.107.232 - - [20/Sep/2026:07:14:54 +0200] "POST /wp-cron.php?doing_wp_cron=1789881294.2720239162445068359375 HTTP/1.1" 200 5512 "-" "WordPress/6.6.2; https://grupo-seg.com"
137.131.43.163 - - [20/Sep/2026:07:14:53 +0200] "GET //?author=2 HTTP/1.1" 404 73720 "-" "Mozilla/5.0 (Windows NT 10.0; Win64; x64) AppleWebKit/537.36 (KHTML, like Gecko) Chrome/80.0.3987.149 Safari/537.36"
137.131.43.163 - - [20/Sep/2026:07:14:55 +0200] "GET //wp-json/wp/v2/users/ HTTP/1.1" 401 5951 "-" "Mozilla/5.0 (Windows NT 10.0; Win64; x64) AppleWebKit/537.36 (KHTML, like Gecko) Chrome/80.0.3987.149 Safari/537.36"
137.131.43.163 - - [20/Sep/2026:07:14:55 +0200] "GET //wp-json/oembed/1.0/embed?url=https://grupo-seg.com/ HTTP/1.1" 200 7829 "-" "Mozilla/5.0 (Windows NT 10.0; Win64; x64) AppleWebKit/537.36 (KHTML, like Gecko) Chrome/80.0.3987.149 Safari/537.36"
137.131.43.163 - - [20/Sep/2026:07:14:56 +0200] "POST //xmlrpc.php HTTP/1.1" 200 5891 "-" "Mozilla/5.0 (Windows NT 10.0; Win64; x64) AppleWebKit/537.36 (KHTML, like Gecko) Chrome/80.0.3987.149 Safari/537.36"
137.131.43.163 - - [20/Sep/2026:07:14:56 +0200] "POST //xmlrpc.php HTTP/1.1" 503 25074 "-" "Mozilla/5.0 (Windows NT 10.0; Win64; x64) AppleWebKit/537.36 (KHTML, like Gecko) Chrome/80.0.3987.149 Safari/537.36"
89.248.107.232 - - [20/Sep/2026:07:15:37 +0200] "POST /wp-cron.php?doing_wp_cron=1789881337.8625481128692626953125 HTTP/1.1" 200 5512 "-" "WordPress/6.6.2; https://grupo-seg.com"
207.46.13.130 - - [20/Sep/2026:07:15:37 +0200] "GET /sobre-nosotros/ HTTP/1.1" 200 257609 "-" "Mozilla/5.0 AppleWebKit/537.36 (KHTML, like Gecko; compatible; bingbot/2.0; +http://www.bing.com/bingbot.htm) Chrome/116.0.1938.76 Safari/537.36"
89.248.107.232 - - [20/Sep/2026:07:15:38 +0200] "POST /wp-admin/admin-ajax.php?action=async_litespeed&nonce=c23640a689&litespeed_type=imgoptm HTTP/1.1" 200 5698 "-" "WordPress/6.6.2; https://grupo-seg.com"
89.248.107.232 - - [20/Sep/2026:07:17:09 +0200] "POST /wp-cron.php?doing_wp_cron=1789881429.1186559200286865234375 HTTP/1.1" 200 5512 "-" "WordPress/6.6.2; https://grupo-seg.com"
43.164.197.117 - - [20/Sep/2026:07:17:08 +0200] "GET / HTTP/1.1" 200 157019 "https://www.seg-sa.es/" "Mozilla/5.0 (iPhone; CPU iPhone OS 13_2_3 like Mac OS X) AppleWebKit/605.1.15 (KHTML, like Gecko) Version/13.0.3 Mobile/15E148 Safari/604.1"
89.248.107.232 - - [20/Sep/2026:07:17:09 +0200] "POST /wp-admin/admin-ajax.php?action=async_litespeed&nonce=c23640a689&litespeed_type=imgoptm HTTP/1.1" 200 5698 "-" "WordPress/6.6.2; https://grupo-seg.com"
89.248.107.232 - - [20/Sep/2026:07:18:15 +0200] "POST /wp-cron.php?doing_wp_cron=1789881495.1060891151428222656250 HTTP/1.1" 200 5512 "-" "WordPress/6.6.2; https://grupo-seg.com"
47.128.37.88 - - [20/Sep/2026:07:18:14 +0200] "GET /project-type/ecuador/ HTTP/1.1" 200 95974 "-" "Mozilla/5.0 (Linux; Android 5.0) AppleWebKit/537.36 (KHTML, like Gecko) Mobile Safari/537.36 (compatible; Bytespider; spider-feedback@bytedance.com)"
89.248.107.232 - - [20/Sep/2026:07:18:16 +0200] "POST /wp-admin/admin-ajax.php?action=async_litespeed&nonce=c23640a689&litespeed_type=imgoptm HTTP/1.1" 200 5698 "-" "WordPress/6.6.2; https://grupo-seg.com"
47.128.37.88 - - [20/Sep/2026:07:18:16 +0200] "GET /wp-content/uploads/2023/06/SEG_Proyectos_Obras_Dest_09-400x269.jpg HTTP/2.0" 206 500 "https://grupo-seg.com/project-type/ecuador/" "Mozilla/5.0 (Linux; Android 5.0) AppleWebKit/537.36 (KHTML, like Gecko) Mobile Safari/537.36 (compatible; Bytespider; spider-feedback@bytedance.com)"
47.128.37.88 - - [20/Sep/2026:07:18:16 +0200] "GET /wp-content/uploads/2023/06/SEG_Proyectos_Obras_Dest_11-400x269.jpg HTTP/2.0" 206 500 "https://grupo-seg.com/project-type/ecuador/" "Mozilla/5.0 (Linux; Android 5.0) AppleWebKit/537.36 (KHTML, like Gecko) Mobile Safari/537.36 (compatible; Bytespider; spider-feedback@bytedance.com)"
47.128.37.88 - - [20/Sep/2026:07:18:16 +0200] "GET /wp-content/uploads/2023/06/SEG_Proyectos_Edificacion_Dest_10-400x269.jpg HTTP/2.0" 206 500 "https://grupo-seg.com/project-type/ecuador/" "Mozilla/5.0 (Linux; Android 5.0) AppleWebKit/537.36 (KHTML, like Gecko) Mobile Safari/537.36 (compatible; Bytespider; spider-feedback@bytedance.com)"
47.128.37.88 - - [20/Sep/2026:07:18:17 +0200] "GET /wp-content/plugins/sitepress-multilingual-cms%207/res/flags/es.svg HTTP/2.0" 206 500 "https://grupo-seg.com/project-type/ecuador/" "Mozilla/5.0 (Linux; Android 5.0) AppleWebKit/537.36 (KHTML, like Gecko) Mobile Safari/537.36 (compatible; Bytespider; spider-feedback@bytedance.com)"
47.128.37.88 - - [20/Sep/2026:07:18:17 +0200] "GET /wp-content/uploads/2023/06/SEG_Proyectos_Edificacion_Dest_08-400x269.jpg HTTP/2.0" 206 500 "https://grupo-seg.com/project-type/ecuador/" "Mozilla/5.0 (Linux; Android 5.0) AppleWebKit/537.36 (KHTML, like Gecko) Mobile Safari/537.36 (compatible; Bytespider; spider-feedback@bytedance.com)"
47.128.37.88 - - [20/Sep/2026:07:18:17 +0200] "GET /wp-content/plugins/sitepress-multilingual-cms%207/res/flags/es.svg HTTP/2.0" 304 0 "https://grupo-seg.com/project-type/ecuador/" "Mozilla/5.0 (Linux; Android 5.0) AppleWebKit/537.36 (KHTML, like Gecko) Mobile Safari/537.36 (compatible; Bytespider; spider-feedback@bytedance.com)"
47.128.37.88 - - [20/Sep/2026:07:18:17 +0200] "GET /wp-content/plugins/sitepress-multilingual-cms%207/res/flags/es.svg HTTP/2.0" 206 214 "https://grupo-seg.com/project-type/ecuador/" "Mozilla/5.0 (Linux; Android 5.0) AppleWebKit/537.36 (KHTML, like Gecko) Mobile Safari/537.36 (compatible; Bytespider; spider-feedback@bytedance.com)"
89.248.107.232 - - [20/Sep/2026:07:20:58 +0200] "POST /wp-cron.php?doing_wp_cron=1789881658.8486819267272949218750 HTTP/1.1" 200 5512 "-" "WordPress/6.6.2; https://grupo-seg.com"
40.77.167.3 - - [20/Sep/2026:07:20:58 +0200] "GET /index.php?ws6=rd146y1685 HTTP/1.1" 301 5627 "-" "Mozilla/5.0 AppleWebKit/537.36 (KHTML, like Gecko; compatible; bingbot/2.0; +http://www.bing.com/bingbot.htm) Chrome/116.0.1938.76 Safari/537.36"
89.248.107.232 - - [20/Sep/2026:07:20:59 +0200] "POST /wp-admin/admin-ajax.php?action=async_litespeed&nonce=c23640a689&litespeed_type=imgoptm HTTP/1.1" 200 5698 "-" "WordPress/6.6.2; https://grupo-seg.com"
89.248.107.232 - - [20/Sep/2026:07:21:40 +0200] "POST /wp-cron.php?doing_wp_cron=1789881700.5842909812927246093750 HTTP/1.1" 200 5512 "-" "WordPress/6.6.2; https://grupo-seg.com"
40.77.167.230 - - [20/Sep/2026:07:21:40 +0200] "GET /iruw1250500sipdmis/oestt.htm HTTP/1.1" 404 97436 "-" "Mozilla/5.0 AppleWebKit/537.36 (KHTML, like Gecko; compatible; bingbot/2.0; +http://www.bing.com/bingbot.htm) Chrome/116.0.1938.76 Safari/537.36"
89.248.107.232 - - [20/Sep/2026:07:21:41 +0200] "POST /wp-admin/admin-ajax.php?action=async_litespeed&nonce=c23640a689&litespeed_type=imgoptm HTTP/1.1" 200 5698 "-" "WordPress/6.6.2; https://grupo-seg.com"
89.248.107.232 - - [20/Sep/2026:07:21:45 +0200] "POST /wp-cron.php?doing_wp_cron=1789881705.6136689186096191406250 HTTP/1.1" 200 5512 "-" "WordPress/6.6.2; https://grupo-seg.com"
52.167.144.169 - - [20/Sep/2026:07:21:45 +0200] "GET /bursitis385-synbmu0sj.html HTTP/1.1" 404 97436 "-" "Mozilla/5.0 AppleWebKit/537.36 (KHTML, like Gecko; compatible; bingbot/2.0; +http://www.bing.com/bingbot.htm) Chrome/116.0.1938.76 Safari/537.36"
89.248.107.232 - - [20/Sep/2026:07:22:54 +0200] "POST /wp-cron.php?doing_wp_cron=1789881774.0550940036773681640625 HTTP/1.1" 200 5512 "-" "WordPress/6.6.2; https://grupo-seg.com"
40.77.167.116 - - [20/Sep/2026:07:22:53 +0200] "GET /jrst1619553ttpsoedsimsi.htm HTTP/1.1" 404 97421 "-" "Mozilla/5.0 AppleWebKit/537.36 (KHTML, like Gecko; compatible; bingbot/2.0; +http://www.bing.com/bingbot.htm) Chrome/116.0.1938.76 Safari/537.36"
89.248.107.232 - - [20/Sep/2026:07:22:55 +0200] "POST /wp-admin/admin-ajax.php?action=async_litespeed&nonce=c23640a689&litespeed_type=imgoptm HTTP/1.1" 200 5698 "-" "WordPress/6.6.2; https://grupo-seg.com"
89.248.107.232 - - [20/Sep/2026:07:23:06 +0200] "POST /wp-cron.php?doing_wp_cron=1789881786.0614221096038818359375 HTTP/1.1" 200 5512 "-" "WordPress/6.6.2; https://grupo-seg.com"
52.167.144.219 - - [20/Sep/2026:07:23:05 +0200] "GET /taitorisutohaibu/legal.html HTTP/1.1" 301 5686 "-" "Mozilla/5.0 AppleWebKit/537.36 (KHTML, like Gecko; compatible; bingbot/2.0; +http://www.bing.com/bingbot.htm) Chrome/116.0.1938.76 Safari/537.36"
89.248.107.232 - - [20/Sep/2026:07:23:40 +0200] "POST /wp-cron.php?doing_wp_cron=1789881819.9667599201202392578125 HTTP/1.1" 200 5512 "-" "WordPress/6.6.2; https://grupo-seg.com"
40.77.167.230 - - [20/Sep/2026:07:23:39 +0200] "GET /ahjv294454ietts/ HTTP/1.1" 404 97421 "-" "Mozilla/5.0 AppleWebKit/537.36 (KHTML, like Gecko; compatible; bingbot/2.0; +http://www.bing.com/bingbot.htm) Chrome/116.0.1938.76 Safari/537.36"
89.248.107.232 - - [20/Sep/2026:07:23:40 +0200] "POST /wp-admin/admin-ajax.php?action=async_litespeed&nonce=c23640a689&litespeed_type=imgoptm HTTP/1.1" 200 5698 "-" "WordPress/6.6.2; https://grupo-seg.com"
89.248.107.232 - - [20/Sep/2026:07:24:07 +0200] "POST /wp-cron.php?doing_wp_cron=1789881847.4804089069366455078125 HTTP/1.1" 200 5512 "-" "WordPress/6.6.2; https://grupo-seg.com"
185.33.86.18 - - [20/Sep/2026:07:24:07 +0200] "GET /webmail/ HTTP/1.1" 404 97436 "-" "Mozilla/5.0 (Windows NT 10.0; WOW64; rv:47.0) Gecko/20100101 Firefox/47.0"
185.33.86.18 - - [20/Sep/2026:07:24:09 +0200] "GET /webmail/ HTTP/1.1" 404 97436 "-" "Mozilla/5.0 (Windows NT 10.0; WOW64; rv:47.0) Gecko/20100101 Firefox/47.0"
89.248.107.232 - - [20/Sep/2026:07:26:57 +0200] "POST /wp-cron.php?doing_wp_cron=1789882017.0396769046783447265625 HTTP/1.1" 200 5512 "-" "WordPress/6.6.2; https://grupo-seg.com"
52.167.144.150 - - [20/Sep/2026:07:26:56 +0200] "GET /htsr587300odsoemidgtsi.html HTTP/1.1" 301 5686 "-" "Mozilla/5.0 AppleWebKit/537.36 (KHTML, like Gecko; compatible; bingbot/2.0; +http://www.bing.com/bingbot.htm) Chrome/116.0.1938.76 Safari/537.36"
89.248.107.232 - - [20/Sep/2026:07:26:57 +0200] "POST /wp-admin/admin-ajax.php?action=async_litespeed&nonce=c23640a689&litespeed_type=imgoptm HTTP/1.1" 200 5698 "-" "WordPress/6.6.2; https://grupo-seg.com"
89.248.107.232 - - [20/Sep/2026:07:28:20 +0200] "POST /wp-cron.php?doing_wp_cron=1789882100.4152719974517822265625 HTTP/1.1" 200 5512 "-" "WordPress/6.6.2; https://grupo-seg.com"
222.125.189.150 - - [20/Sep/2026:07:28:20 +0200] "GET /robots.txt HTTP/1.1" 200 5679 "https://grupo-seg.com/robots.txt" "Mozilla/5.0 (Macintosh; Intel Mac OS X 10_15_7) AppleWebKit/537.36 (KHTML, like Gecko) Chrome/154.0.5839.10 Safari/537.36"
89.248.107.232 - - [20/Sep/2026:07:28:20 +0200] "POST /wp-admin/admin-ajax.php?action=async_litespeed&nonce=c23640a689&litespeed_type=imgoptm HTTP/1.1" 200 5698 "-" "WordPress/6.6.2; https://grupo-seg.com"
89.248.107.232 - - [20/Sep/2026:07:29:50 +0200] "POST /wp-cron.php?doing_wp_cron=1789882190.6276230812072753906250 HTTP/1.1" 200 5512 "-" "WordPress/6.6.2; https://grupo-seg.com"
52.167.144.206 - - [20/Sep/2026:07:29:50 +0200] "GET /lisd398974tepsdit/index.php HTTP/1.1" 301 5677 "-" "Mozilla/5.0 AppleWebKit/537.36 (KHTML, like Gecko; compatible; bingbot/2.0; +http://www.bing.com/bingbot.htm) Chrome/116.0.1938.76 Safari/537.36"
89.248.107.232 - - [20/Sep/2026:07:29:51 +0200] "POST /wp-admin/admin-ajax.php?action=async_litespeed&nonce=c23640a689&litespeed_type=imgoptm HTTP/1.1" 200 5698 "-" "WordPress/6.6.2; https://grupo-seg.com"
89.248.107.232 - - [20/Sep/2026:07:32:07 +0200] "POST /wp-cron.php?doing_wp_cron=1789882327.3933610916137695312500 HTTP/1.1" 200 5512 "-" "WordPress/6.6.2; https://grupo-seg.com"
38.183.52.2 - - [20/Sep/2026:07:32:06 +0200] "GET /category/paraguay HTTP/1.1" 301 5584 "https://grupo-seg.com/" "Mozilla/5.0 (Windows NT 6.2; Win64; x64) AppleWebKit/537.36 (KHTML, like Gecko) Chrome/68.0.3053.157 Safari/537.36"
89.248.107.232 - - [20/Sep/2026:07:32:08 +0200] "POST /wp-admin/admin-ajax.php?action=async_litespeed&nonce=c23640a689&litespeed_type=imgoptm HTTP/1.1" 200 5698 "-" "WordPress/6.6.2; https://grupo-seg.com"
38.183.52.2 - - [20/Sep/2026:07:32:07 +0200] "GET /category/paraguay/ HTTP/1.1" 200 107235 "https://grupo-seg.com/" "Mozilla/5.0 (Windows NT 6.2; Win64; x64) AppleWebKit/537.36 (KHTML, like Gecko) Chrome/68.0.3053.157 Safari/537.36"
104.28.88.132 - - [20/Sep/2026:07:32:11 +0200] "GET /.well-known/passkey-endpoints HTTP/1.1" 404 97436 "-" "com.apple.AuthenticationServicesCore.AuthenticationServicesAgent/8625.1.29.10.29 CFNetwork/3896.100.1.2.1 Darwin/27.0.0"
52.167.144.211 - - [20/Sep/2026:07:32:23 +0200] "GET /incompetence2si/x1vzecks2.html HTTP/1.1" 301 5689 "-" "Mozilla/5.0 AppleWebKit/537.36 (KHTML, like Gecko; compatible; bingbot/2.0; +http://www.bing.com/bingbot.htm) Chrome/116.0.1938.76 Safari/537.36"
89.248.107.232 - - [20/Sep/2026:07:33:17 +0200] "POST /wp-cron.php?doing_wp_cron=1789882397.5597460269927978515625 HTTP/1.1" 200 5512 "-" "WordPress/6.6.2; https://grupo-seg.com"
40.77.167.73 - - [20/Sep/2026:07:33:17 +0200] "GET /zcuh1529739z9s82is5036od714pt.htm HTTP/1.1" 404 97436 "-" "Mozilla/5.0 AppleWebKit/537.36 (KHTML, like Gecko; compatible; bingbot/2.0; +http://www.bing.com/bingbot.htm) Chrome/116.0.1938.76 Safari/537.36"
89.248.107.232 - - [20/Sep/2026:07:33:18 +0200] "POST /wp-admin/admin-ajax.php?action=async_litespeed&nonce=c23640a689&litespeed_type=imgoptm HTTP/1.1" 200 5698 "-" "WordPress/6.6.2; https://grupo-seg.com"
40.77.167.73 - - [20/Sep/2026:07:33:18 +0200] "GET /ihve492110z48i2e10s7t95m36 HTTP/1.1" 404 97421 "-" "Mozilla/5.0 AppleWebKit/537.36 (KHTML, like Gecko; compatible; bingbot/2.0; +http://www.bing.com/bingbot.htm) Chrome/116.0.1938.76 Safari/537.36"
89.248.107.232 - - [20/Sep/2026:07:33:41 +0200] "POST /wp-cron.php?doing_wp_cron=1789882421.7509529590606689453125 HTTP/1.1" 200 5512 "-" "WordPress/6.6.2; https://grupo-seg.com"
40.77.167.123 - - [20/Sep/2026:07:33:41 +0200] "GET /abcd1266834psdiiogosstddo HTTP/1.1" 301 5684 "-" "Mozilla/5.0 AppleWebKit/537.36 (KHTML, like Gecko; compatible; bingbot/2.0; +http://www.bing.com/bingbot.htm) Chrome/116.0.1938.76 Safari/537.36"
89.248.107.232 - - [20/Sep/2026:07:33:42 +0200] "POST /wp-admin/admin-ajax.php?action=async_litespeed&nonce=c23640a689&litespeed_type=imgoptm HTTP/1.1" 200 5698 "-" "WordPress/6.6.2; https://grupo-seg.com"
51.68.111.240 - - [20/Sep/2026:07:33:52 +0200] "GET /robots.txt HTTP/1.1" 200 5679 "-" "Mozilla/5.0 (compatible; MJ12bot/v2.0.5; http://mj12bot.com/)"
51.68.111.240 - - [20/Sep/2026:07:33:52 +0200] "GET /en/about-us/ HTTP/1.1" 200 256250 "-" "Mozilla/5.0 (compatible; MJ12bot/v2.0.5; http://mj12bot.com/)"
89.248.107.232 - - [20/Sep/2026:07:34:43 +0200] "POST /wp-cron.php?doing_wp_cron=1789882483.2919890880584716796875 HTTP/1.1" 200 5512 "-" "WordPress/6.6.2; https://grupo-seg.com"
40.77.167.55 - - [20/Sep/2026:07:34:42 +0200] "GET /rmsy1625218rstpcdi/spdutodoi HTTP/1.1" 301 5687 "-" "Mozilla/5.0 AppleWebKit/537.36 (KHTML, like Gecko; compatible; bingbot/2.0; +http://www.bing.com/bingbot.htm) Chrome/116.0.1938.76 Safari/537.36"
89.248.107.232 - - [20/Sep/2026:07:34:43 +0200] "POST /wp-admin/admin-ajax.php?action=async_litespeed&nonce=c23640a689&litespeed_type=imgoptm HTTP/1.1" 200 5698 "-" "WordPress/6.6.2; https://grupo-seg.com"
89.248.107.232 - - [20/Sep/2026:07:36:04 +0200] "POST /wp-cron.php?doing_wp_cron=1789882564.8864340782165527343750 HTTP/1.1" 200 5512 "-" "WordPress/6.6.2; https://grupo-seg.com"
159.69.72.167 - - [20/Sep/2026:07:36:04 +0200] "GET /robots.txt HTTP/1.1" 200 5679 "https://www.seg-sa.es/robots.txt" "Mozilla/5.0 (compatible; Databot)"
89.248.107.232 - - [20/Sep/2026:07:36:06 +0200] "POST /wp-admin/admin-ajax.php?action=async_litespeed&nonce=c23640a689&litespeed_type=imgoptm HTTP/1.1" 200 5698 "-" "WordPress/6.6.2; https://grupo-seg.com"
185.33.86.18 - - [20/Sep/2026:07:36:16 +0200] "GET /webmail/ HTTP/1.1" 404 97436 "-" "Mozilla/5.0 (Windows NT 10.0; WOW64; rv:47.0) Gecko/20100101 Firefox/47.0"
185.33.86.18 - - [20/Sep/2026:07:36:17 +0200] "GET /webmail/ HTTP/1.1" 404 97436 "-" "Mozilla/5.0 (Windows NT 10.0; WOW64; rv:47.0) Gecko/20100101 Firefox/47.0"
185.33.86.18 - - [20/Sep/2026:07:36:18 +0200] "GET /webmail/ HTTP/1.1" 404 97421 "-" "Mozilla/5.0 (Windows NT 10.0; WOW64; rv:47.0) Gecko/20100101 Firefox/47.0"
185.33.86.18 - - [20/Sep/2026:07:36:18 +0200] "GET /webmail/ HTTP/1.1" 404 97436 "-" "Mozilla/5.0 (Windows NT 10.0; WOW64; rv:47.0) Gecko/20100101 Firefox/47.0"
111.225.214.174 - - [20/Sep/2026:07:36:48 +0200] "HEAD /wp-content/uploads/2022/11/CODIGO-DE-CONDUCTA.R1.pdf HTTP/2.0" 200 0 "-" "Mozilla/5.0 (Windows NT 10.0; WOW64) AppleWebKit/537.36 (KHTML, like Gecko) Chrome/48.0.2564.116 Safari/537.36"
89.248.107.232 - - [20/Sep/2026:07:38:11 +0200] "POST /wp-cron.php?doing_wp_cron=1789882691.2239050865173339843750 HTTP/1.1" 200 5512 "-" "WordPress/6.6.2; https://grupo-seg.com"
40.77.167.27 - - [20/Sep/2026:07:38:10 +0200] "GET /voracious394-sp8xd39w.html HTTP/1.1" 404 97421 "-" "Mozilla/5.0 AppleWebKit/537.36 (KHTML, like Gecko; compatible; bingbot/2.0; +http://www.bing.com/bingbot.htm) Chrome/116.0.1938.76 Safari/537.36"
89.248.107.232 - - [20/Sep/2026:07:38:11 +0200] "POST /wp-admin/admin-ajax.php?action=async_litespeed&nonce=c23640a689&litespeed_type=imgoptm HTTP/1.1" 200 5698 "-" "WordPress/6.6.2; https://grupo-seg.com"
40.77.167.27 - - [20/Sep/2026:07:38:13 +0200] "GET /mainabiorusutage/ HTTP/1.1" 404 97436 "-" "Mozilla/5.0 AppleWebKit/537.36 (KHTML, like Gecko; compatible; bingbot/2.0; +http://www.bing.com/bingbot.htm) Chrome/116.0.1938.76 Safari/537.36"
40.77.167.51 - - [20/Sep/2026:07:38:17 +0200] "GET /kfue1329500rditmuoitpesdc.html HTTP/1.1" 404 97436 "-" "Mozilla/5.0 AppleWebKit/537.36 (KHTML, like Gecko; compatible; bingbot/2.0; +http://www.bing.com/bingbot.htm) Chrome/116.0.1938.76 Safari/537.36"
111.225.214.179 - - [20/Sep/2026:07:38:48 +0200] "GET /wp-content/uploads/2022/11/CODIGO-DE-CONDUCTA.R1.pdf HTTP/2.0" 200 1368064 "-" "Mozilla/5.0 (Windows NT 10.0; WOW64) AppleWebKit/537.36 (KHTML, like Gecko) Chrome/48.0.2564.116 Safari/537.36"
89.248.107.232 - - [20/Sep/2026:07:39:04 +0200] "POST /wp-cron.php?doing_wp_cron=1789882744.8577859401702880859375 HTTP/1.1" 200 5512 "-" "WordPress/6.6.2; https://grupo-seg.com"
40.77.167.27 - - [20/Sep/2026:07:39:04 +0200] "GET /wp-sitemap-posts-portfolio-1.xml HTTP/1.1" 200 17286 "-" "Mozilla/5.0 AppleWebKit/537.36 (KHTML, like Gecko; compatible; bingbot/2.0; +http://www.bing.com/bingbot.htm) Chrome/116.0.1938.76 Safari/537.36"
89.248.107.232 - - [20/Sep/2026:07:39:05 +0200] "POST /wp-admin/admin-ajax.php?action=async_litespeed&nonce=c23640a689&litespeed_type=imgoptm HTTP/1.1" 200 5698 "-" "WordPress/6.6.2; https://grupo-seg.com"
89.248.107.232 - - [20/Sep/2026:07:39:59 +0200] "POST /wp-cron.php?doing_wp_cron=1789882799.0380380153656005859375 HTTP/1.1" 200 5512 "-" "WordPress/6.6.2; https://grupo-seg.com"
130.211.71.179 - - [20/Sep/2026:07:39:58 +0200] "GET /pagina-ejemplo/feed/ HTTP/1.1" 200 6619 "-" "okhttp/4.12.0"
130.211.71.179 - - [20/Sep/2026:07:39:59 +0200] "GET /wp-sitemap.xml HTTP/1.1" 200 6217 "-" "okhttp/4.12.0"
130.211.71.179 - - [20/Sep/2026:07:39:59 +0200] "GET /wp-sitemap-posts-post-1.xml HTTP/1.1" 200 8170 "-" "okhttp/4.12.0"
89.248.107.232 - - [20/Sep/2026:07:39:59 +0200] "POST /wp-admin/admin-ajax.php?action=async_litespeed&nonce=c23640a689&litespeed_type=imgoptm HTTP/1.1" 200 5698 "-" "WordPress/6.6.2; https://grupo-seg.com"
130.211.71.179 - - [20/Sep/2026:07:40:00 +0200] "GET /wp-sitemap-posts-page-1.xml HTTP/1.1" 200 9189 "-" "okhttp/4.12.0"
89.248.107.232 - - [20/Sep/2026:07:40:01 +0200] "POST /wp-cron.php?doing_wp_cron=1789882800.9494199752807617187500 HTTP/1.1" 200 5512 "-" "WordPress/6.6.2; https://grupo-seg.com"
130.211.71.179 - - [20/Sep/2026:07:40:00 +0200] "GET /wp-sitemap-posts-portfolio-1.xml HTTP/1.1" 200 17286 "-" "okhttp/4.12.0"
130.211.71.179 - - [20/Sep/2026:07:40:01 +0200] "GET /wp-sitemap-posts-mgeo_map-1.xml HTTP/1.1" 200 6011 "-" "okhttp/4.12.0"
130.211.71.179 - - [20/Sep/2026:07:40:01 +0200] "GET /wp-sitemap-taxonomies-category-1.xml HTTP/1.1" 200 6256 "-" "okhttp/4.12.0"
130.211.71.179 - - [20/Sep/2026:07:40:02 +0200] "GET /wp-sitemap-taxonomies-project-type-1.xml HTTP/1.1" 200 6924 "-" "okhttp/4.12.0"
89.248.107.232 - - [20/Sep/2026:07:40:03 +0200] "POST /wp-cron.php?doing_wp_cron=1789882803.0828099250793457031250 HTTP/1.1" 200 5512 "-" "WordPress/6.6.2; https://grupo-seg.com"
130.211.71.179 - - [20/Sep/2026:07:40:02 +0200] "GET /feed/ HTTP/1.1" 200 100983 "-" "okhttp/4.12.0"
40.77.167.51 - - [20/Sep/2026:07:40:16 +0200] "GET /rmsy219861sstitoimpd.htm HTTP/1.1" 404 97436 "-" "Mozilla/5.0 AppleWebKit/537.36 (KHTML, like Gecko; compatible; bingbot/2.0; +http://www.bing.com/bingbot.htm) Chrome/116.0.1938.76 Safari/537.36"
54.38.147.51 - - [20/Sep/2026:07:40:22 +0200] "GET /wp-sitemap.xml HTTP/1.1" 200 6217 "-" "Mozilla/5.0 (compatible; AhrefsBot/7.0; +http://ahrefs.com/robot/)"
51.89.129.27 - - [20/Sep/2026:07:40:24 +0200] "GET /wp-sitemap-posts-post-1.xml HTTP/1.1" 200 8170 "-" "Mozilla/5.0 (compatible; AhrefsBot/7.0; +http://ahrefs.com/robot/)"
89.248.107.232 - - [20/Sep/2026:07:40:25 +0200] "POST /wp-cron.php?doing_wp_cron=1789882825.4183969497680664062500 HTTP/1.1" 200 5512 "-" "WordPress/6.6.2; https://grupo-seg.com"
51.195.183.97 - - [20/Sep/2026:07:40:25 +0200] "GET /wp-sitemap-posts-page-1.xml HTTP/1.1" 200 9189 "-" "Mozilla/5.0 (compatible; AhrefsBot/7.0; +http://ahrefs.com/robot/)"
89.248.107.232 - - [20/Sep/2026:07:40:26 +0200] "POST /wp-admin/admin-ajax.php?action=async_litespeed&nonce=c23640a689&litespeed_type=imgoptm HTTP/1.1" 200 5698 "-" "WordPress/6.6.2; https://grupo-seg.com"
198.244.240.152 - - [20/Sep/2026:07:40:26 +0200] "GET /wp-sitemap-posts-portfolio-1.xml HTTP/1.1" 200 17286 "-" "Mozilla/5.0 (compatible; AhrefsBot/7.0; +http://ahrefs.com/robot/)"
198.244.242.143 - - [20/Sep/2026:07:40:27 +0200] "GET /wp-sitemap-posts-mgeo_map-1.xml HTTP/1.1" 200 6011 "-" "Mozilla/5.0 (compatible; AhrefsBot/7.0; +http://ahrefs.com/robot/)"
198.244.240.120 - - [20/Sep/2026:07:40:28 +0200] "GET /wp-sitemap-taxonomies-category-1.xml HTTP/1.1" 200 6256 "-" "Mozilla/5.0 (compatible; AhrefsBot/7.0; +http://ahrefs.com/robot/)"
51.195.215.231 - - [20/Sep/2026:07:40:29 +0200] "GET /wp-sitemap-taxonomies-project-type-1.xml HTTP/1.1" 200 6924 "-" "Mozilla/5.0 (compatible; AhrefsBot/7.0; +http://ahrefs.com/robot/)"
45.136.17.242 - - [20/Sep/2026:07:40:50 +0200] "GET /wp-content/uploads/2022/10/Corredor-Verde-2-800x800.jpg HTTP/2.0" 200 145353 "-" "Mozilla/5.0 (Macintosh; Intel Mac OS X 10_15_7) AppleWebKit/537.36 (KHTML, like Gecko) Chrome/120.0.0.0 Safari/537.36"
89.248.107.232 - - [20/Sep/2026:07:41:54 +0200] "POST /wp-cron.php?doing_wp_cron=1789882914.1909229755401611328125 HTTP/1.1" 200 5512 "-" "WordPress/6.6.2; https://grupo-seg.com/en/"
125.165.152.67 - - [20/Sep/2026:07:41:53 +0200] "GET /en/public-presentation-of-the-2030-road-safety-master-plan/ HTTP/1.1" 200 122488 "-" "Mozilla/5.0 (Macintosh; Intel Mac OS X 10_15_7) AppleWebKit/537.36 (KHTML, like Gecko) Chrome/133.0.0.0 Safari/537.36"
89.248.107.232 - - [20/Sep/2026:07:41:54 +0200] "POST /wp-admin/admin-ajax.php?action=async_litespeed&nonce=c23640a689&litespeed_type=imgoptm HTTP/1.1" 200 5698 "-" "WordPress/6.6.2; https://grupo-seg.com"
89.248.107.232 - - [20/Sep/2026:07:42:02 +0200] "POST /wp-cron.php?doing_wp_cron=1789882922.8084659576416015625000 HTTP/1.1" 200 5512 "-" "WordPress/6.6.2; https://grupo-seg.com"
88.13.76.204 - - [20/Sep/2026:07:42:02 +0200] "GET /wp-login.php HTTP/1.1" 200 13732 "https://serynco.es/" "Mozilla/5.0 (Macintosh; Intel Mac OS X 10_15_7) AppleWebKit/537.36 (KHTML, like Gecko) Chrome/147.0.0.0 Safari/537.36"
40.77.167.33 - - [20/Sep/2026:07:42:09 +0200] "GET /ibxl990437sodpdit/osidogs.html HTTP/1.1" 301 5689 "-" "Mozilla/5.0 AppleWebKit/537.36 (KHTML, like Gecko; compatible; bingbot/2.0; +http://www.bing.com/bingbot.htm) Chrome/116.0.1938.76 Safari/537.36"
89.248.107.232 - - [20/Sep/2026:07:44:39 +0200] "POST /wp-cron.php?doing_wp_cron=1789883079.0196719169616699218750 HTTP/1.1" 200 5512 "-" "WordPress/6.6.2; https://grupo-seg.com"
172.226.226.18 - - [20/Sep/2026:07:44:38 +0200] "GET /.well-known/passkey-endpoints HTTP/1.1" 404 97436 "-" "com.apple.AuthenticationServicesCore.AuthenticationServicesAgent/8624.4.5.10.5 CFNetwork/3860.700.1 Darwin/25.6.0"
89.248.107.232 - - [20/Sep/2026:07:44:39 +0200] "POST /wp-admin/admin-ajax.php?action=async_litespeed&nonce=c23640a689&litespeed_type=imgoptm HTTP/1.1" 200 5698 "-" "WordPress/6.6.2; https://grupo-seg.com"
89.248.107.232 - - [20/Sep/2026:07:46:36 +0200] "POST /wp-cron.php?doing_wp_cron=1789883196.3033390045166015625000 HTTP/1.1" 200 5512 "-" "WordPress/6.6.2; https://grupo-seg.com"
192.178.4.2 - - [20/Sep/2026:07:46:35 +0200] "GET /es/areas-de-actividad/medio-ambiente-agua-y-costas/referencias-destacadas-en-medio-ambiente-agua-y-costas/229-planta-desaladora-de-sagunto-valencia HTTP/1.1" 404 88783 "-" "Mozilla/5.0 (Linux; Android 6.0.1; Nexus 5X Build/MMB29P) AppleWebKit/537.36 (KHTML, like Gecko) Chrome/153.0.8010.47 Mobile Safari/537.36 (compatible; Googlebot/2.1; +http://www.google.com/bot.html)"
89.248.107.232 - - [20/Sep/2026:07:46:36 +0200] "POST /wp-admin/admin-ajax.php?action=async_litespeed&nonce=c23640a689&litespeed_type=imgoptm HTTP/1.1" 200 5698 "-" "WordPress/6.6.2; https://grupo-seg.com"
89.248.107.232 - - [20/Sep/2026:07:47:11 +0200] "POST /wp-cron.php?doing_wp_cron=1789883231.8516778945922851562500 HTTP/1.1" 200 5512 "-" "WordPress/6.6.2; https://grupo-seg.com"
52.6.5.24 - - [20/Sep/2026:07:47:11 +0200] "GET /responsabilidad-social-corporativa/ HTTP/1.1" 200 158943 "-" "Mozilla/5.0 AppleWebKit/537.36 (KHTML, like Gecko; compatible; Amazonbot/0.1; +https://developer.amazon.com/support/amazonbot) Chrome/119.0.6045.214 Safari/537.36"
89.248.107.232 - - [20/Sep/2026:07:48:12 +0200] "POST /wp-cron.php?doing_wp_cron=1789883292.3745439052581787109375 HTTP/1.1" 200 5512 "-" "WordPress/6.6.2; https://grupo-seg.com"
180.153.236.69 - - [20/Sep/2026:07:48:11 +0200] "GET / HTTP/1.1" 301 5612 "https://www.grupo-seg.com/" "User-Agent:Mozilla/5.0 (Windows NT 10.0; Win64; x64) AppleWebKit/537.36 (KHTML, like Gecko) Chrome/140.0.0.0 Safari/537.36 Edg/140.0.0.0; 360Spider"
89.248.107.232 - - [20/Sep/2026:07:48:12 +0200] "POST /wp-admin/admin-ajax.php?action=async_litespeed&nonce=c23640a689&litespeed_type=imgoptm HTTP/1.1" 200 5698 "-" "WordPress/6.6.2; https://grupo-seg.com"
180.153.236.211 - - [20/Sep/2026:07:48:15 +0200] "GET / HTTP/1.1" 200 165847 "https://grupo-seg.com/" "User-Agent:Mozilla/5.0 (Windows NT 10.0; Win64; x64) AppleWebKit/537.36 (KHTML, like Gecko) Chrome/140.0.0.0 Safari/537.36 Edg/140.0.0.0; 360Spider"
89.248.107.232 - - [20/Sep/2026:07:49:09 +0200] "POST /wp-cron.php?doing_wp_cron=1789883349.8851780891418457031250 HTTP/1.1" 200 5512 "-" "WordPress/6.6.2; https://grupo-seg.com"
180.153.236.96 - - [20/Sep/2026:07:49:09 +0200] "GET / HTTP/1.1" 301 5612 "https://www.grupo-seg.com/" "User-Agent:Mozilla/5.0 (Windows NT 10.0; Win64; x64) AppleWebKit/537.36 (KHTML, like Gecko) Chrome/140.0.0.0 Safari/537.36 Edg/140.0.0.0; 360Spider"
89.248.107.232 - - [20/Sep/2026:07:49:10 +0200] "POST /wp-admin/admin-ajax.php?action=async_litespeed&nonce=c23640a689&litespeed_type=imgoptm HTTP/1.1" 200 5698 "-" "WordPress/6.6.2; https://grupo-seg.com"
180.153.236.89 - - [20/Sep/2026:07:49:18 +0200] "GET / HTTP/1.1" 200 165847 "https://grupo-seg.com/" "User-Agent:Mozilla/5.0 (Windows NT 10.0; Win64; x64) AppleWebKit/537.36 (KHTML, like Gecko) Chrome/140.0.0.0 Safari/537.36 Edg/140.0.0.0; 360Spider"
89.248.107.232 - - [20/Sep/2026:07:52:24 +0200] "POST /wp-cron.php?doing_wp_cron=1789883544.5347309112548828125000 HTTP/1.1" 200 5512 "-" "WordPress/6.6.2; https://grupo-seg.com"
191.102.132.150 - - [20/Sep/2026:07:52:24 +0200] "HEAD /paises/ HTTP/1.1" 200 5679 "https://grupo-seg.com" "Mozilla/5.0 (Windows NT 10.0; Win64; x64) AppleWebKit/537.36 (KHTML, like Gecko) Chrome/96.0.4664.45 Safari/537.36"
89.248.107.232 - - [20/Sep/2026:07:52:25 +0200] "POST /wp-admin/admin-ajax.php?action=async_litespeed&nonce=c23640a689&litespeed_type=imgoptm HTTP/1.1" 200 5698 "-" "WordPress/6.6.2; https://grupo-seg.com"
191.102.132.150 - - [20/Sep/2026:07:52:25 +0200] "GET /paises/ HTTP/1.1" 200 152376 "https://grupo-seg.com" "Mozilla/5.0 (Windows NT 10.0; Win64; x64) AppleWebKit/537.36 (KHTML, like Gecko) Chrome/96.0.4664.45 Safari/537.36"
89.248.107.232 - - [20/Sep/2026:07:53:09 +0200] "POST /wp-cron.php?doing_wp_cron=1789883589.9121201038360595703125 HTTP/1.1" 200 5512 "-" "WordPress/6.6.2; https://grupo-seg.com"
40.77.167.157 - - [20/Sep/2026:07:53:09 +0200] "GET /hkuw877925poioids/sgdodts.html HTTP/1.1" 301 5689 "-" "Mozilla/5.0 AppleWebKit/537.36 (KHTML, like Gecko; compatible; bingbot/2.0; +http://www.bing.com/bingbot.htm) Chrome/116.0.1938.76 Safari/537.36"
40.77.167.67 - - [20/Sep/2026:07:53:11 +0200] "GET /ahjv117383oismd/tisteps.html HTTP/1.1" 404 97421 "-" "Mozilla/5.0 AppleWebKit/537.36 (KHTML, like Gecko; compatible; bingbot/2.0; +http://www.bing.com/bingbot.htm) Chrome/116.0.1938.76 Safari/537.36"
40.77.167.158 - - [20/Sep/2026:07:53:16 +0200] "GET /kfue946411isstt/oesmpid.htm HTTP/1.1" 301 5686 "-" "Mozilla/5.0 AppleWebKit/537.36 (KHTML, like Gecko; compatible; bingbot/2.0; +http://www.bing.com/bingbot.htm) Chrome/116.0.1938.76 Safari/537.36"
40.77.167.14 - - [20/Sep/2026:07:53:16 +0200] "GET /ptse1595304opddstoisosidg HTTP/1.1" 404 97436 "-" "Mozilla/5.0 AppleWebKit/537.36 (KHTML, like Gecko; compatible; bingbot/2.0; +http://www.bing.com/bingbot.htm) Chrome/116.0.1938.76 Safari/537.36"
91.244.197.105 - - [20/Sep/2026:07:53:16 +0200] "GET /wp-login.php HTTP/1.1" 200 13732 "https://serynco.es/" "Mozilla/5.0 (Windows NT 10.0; Win64; x64) AppleWebKit/537.36 (KHTML, like Gecko) Chrome/146.0.0.0 Safari/537.36"
91.244.197.105 - - [20/Sep/2026:07:53:17 +0200] "POST /wp-login.php HTTP/1.1" 503 25291 "https://serynco.es/wp-login.php" "Mozilla/5.0 (Windows NT 10.0; Win64; x64) AppleWebKit/537.36 (KHTML, like Gecko) Chrome/146.0.0.0 Safari/537.36"
91.244.197.105 - - [20/Sep/2026:07:53:18 +0200] "POST /wp-login.php HTTP/1.1" 503 24038 "https://serynco.es/wp-login.php" "Mozilla/5.0 (Windows NT 10.0; Win64; x64) AppleWebKit/537.36 (KHTML, like Gecko) Chrome/146.0.0.0 Safari/537.36"
91.244.197.105 - - [20/Sep/2026:07:53:20 +0200] "POST /wp-login.php HTTP/1.1" 503 24038 "https://serynco.es/wp-login.php" "Mozilla/5.0 (Windows NT 10.0; Win64; x64) AppleWebKit/537.36 (KHTML, like Gecko) Chrome/146.0.0.0 Safari/537.36"
91.244.197.105 - - [20/Sep/2026:07:53:20 +0200] "GET /wp-json/wp/v2/users/me HTTP/1.1" 503 24038 "https://serynco.es/" "Mozilla/5.0 (Windows NT 10.0; Win64; x64) AppleWebKit/537.36 (KHTML, like Gecko) Chrome/146.0.0.0 Safari/537.36"
91.244.197.105 - - [20/Sep/2026:07:53:21 +0200] "GET /wp-json/wp/v2/users/me HTTP/1.1" 503 24038 "https://serynco.es/" "Mozilla/5.0 (Windows NT 10.0; Win64; x64) AppleWebKit/537.36 (KHTML, like Gecko) Chrome/146.0.0.0 Safari/537.36"
91.244.197.105 - - [20/Sep/2026:07:53:23 +0200] "GET /wp-json/wp/v2/users/me HTTP/1.1" 503 24038 "https://serynco.es/" "Mozilla/5.0 (Windows NT 10.0; Win64; x64) AppleWebKit/537.36 (KHTML, like Gecko) Chrome/146.0.0.0 Safari/537.36"
89.248.107.232 - - [20/Sep/2026:07:53:23 +0200] "POST /?wordfence_syncAttackData=1789883603.5441 HTTP/1.1" 200 5452 "-" "WordPress/6.6.2; https://grupo-seg.com"
180.153.236.181 - - [20/Sep/2026:07:53:23 +0200] "GET / HTTP/1.1" 200 165847 "https://grupo-seg.com/" "User-Agent:Mozilla/5.0 (Windows NT 10.0; Win64; x64) AppleWebKit/537.36 (KHTML, like Gecko) Chrome/140.0.0.0 Safari/537.36 Edg/140.0.0.0; 360Spider"
89.248.107.232 - - [20/Sep/2026:07:53:51 +0200] "POST /wp-cron.php?doing_wp_cron=1789883631.4620258808135986328125 HTTP/1.1" 200 5512 "-" "WordPress/6.6.2; https://grupo-seg.com"
40.77.167.14 - - [20/Sep/2026:07:53:51 +0200] "GET /sistema-de-gestion-integrado/ HTTP/1.1" 200 147202 "-" "Mozilla/5.0 AppleWebKit/537.36 (KHTML, like Gecko; compatible; bingbot/2.0; +http://www.bing.com/bingbot.htm) Chrome/116.0.1938.76 Safari/537.36"
89.248.107.232 - - [20/Sep/2026:07:53:52 +0200] "POST /wp-admin/admin-ajax.php?action=async_litespeed&nonce=c23640a689&litespeed_type=imgoptm HTTP/1.1" 200 5698 "-" "WordPress/6.6.2; https://grupo-seg.com"
89.248.107.232 - - [20/Sep/2026:07:53:57 +0200] "POST /wp-cron.php?doing_wp_cron=1789883637.3501710891723632812500 HTTP/1.1" 200 5512 "-" "WordPress/6.6.2; https://grupo-seg.com"
79.117.195.60 - - [20/Sep/2026:07:53:57 +0200] "GET / HTTP/1.1" 301 5612 "-" "Mozilla/5.0 (X11; Linux x86_64) AppleWebKit/537.36 (KHTML, like Gecko) Chrome/124.0.0.0 Safari/537.36"
79.117.195.60 - - [20/Sep/2026:07:53:57 +0200] "GET / HTTP/1.1" 200 165832 "-" "Mozilla/5.0 (X11; Linux x86_64) AppleWebKit/537.36 (KHTML, like Gecko) Chrome/124.0.0.0 Safari/537.36"
79.117.195.60 - - [20/Sep/2026:07:53:58 +0200] "GET /aviso-legal/ HTTP/1.1" 301 5578 "-" "Mozilla/5.0 (X11; Linux x86_64) AppleWebKit/537.36 (KHTML, like Gecko) Chrome/124.0.0.0 Safari/537.36"
79.117.195.60 - - [20/Sep/2026:07:53:59 +0200] "GET /aviso-legal/ HTTP/1.1" 200 122790 "-" "Mozilla/5.0 (X11; Linux x86_64) AppleWebKit/537.36 (KHTML, like Gecko) Chrome/124.0.0.0 Safari/537.36"
89.248.107.232 - - [20/Sep/2026:07:54:00 +0200] "POST /wp-cron.php?doing_wp_cron=1789883640.7220590114593505859375 HTTP/1.1" 200 5512 "-" "WordPress/6.6.2; https://grupo-seg.com"
79.117.195.60 - - [20/Sep/2026:07:54:00 +0200] "GET /contacto/ HTTP/1.1" 200 199636 "-" "Mozilla/5.0 (X11; Linux x86_64) AppleWebKit/537.36 (KHTML, like Gecko) Chrome/124.0.0.0 Safari/537.36"
89.248.107.232 - - [20/Sep/2026:07:54:04 +0200] "POST /wp-cron.php?doing_wp_cron=1789883644.1465659141540527343750 HTTP/1.1" 200 5512 "-" "WordPress/6.6.2; https://grupo-seg.com"
79.117.195.60 - - [20/Sep/2026:07:54:03 +0200] "GET / HTTP/1.1" 301 5612 "-" "Mozilla/5.0 (X11; Linux x86_64) AppleWebKit/537.36 (KHTML, like Gecko) Chrome/124.0.0.0 Safari/537.36"
79.117.195.60 - - [20/Sep/2026:07:54:04 +0200] "GET / HTTP/1.1" 200 165847 "-" "Mozilla/5.0 (X11; Linux x86_64) AppleWebKit/537.36 (KHTML, like Gecko) Chrome/124.0.0.0 Safari/537.36"
89.248.107.232 - - [20/Sep/2026:07:54:38 +0200] "POST /wp-cron.php?doing_wp_cron=1789883678.3263471126556396484375 HTTP/1.1" 200 5512 "-" "WordPress/6.6.2; https://grupo-seg.com/en/"
47.128.38.1 - - [20/Sep/2026:07:54:37 +0200] "GET /en/services/ HTTP/1.1" 200 192832 "-" "Mozilla/5.0 (Linux; Android 5.0) AppleWebKit/537.36 (KHTML, like Gecko) Mobile Safari/537.36 (compatible; Bytespider; spider-feedback@bytedance.com)"
89.248.107.232 - - [20/Sep/2026:07:54:38 +0200] "POST /wp-admin/admin-ajax.php?action=async_litespeed&nonce=c23640a689&litespeed_type=imgoptm HTTP/1.1" 200 5698 "-" "WordPress/6.6.2; https://grupo-seg.com"
89.248.107.232 - - [20/Sep/2026:07:56:05 +0200] "POST /wp-cron.php?doing_wp_cron=1789883765.1553521156311035156250 HTTP/1.1" 200 5512 "-" "WordPress/6.6.2; https://grupo-seg.com/en/"
47.128.37.72 - - [20/Sep/2026:07:56:04 +0200] "GET /en/about-us/ HTTP/1.1" 200 245720 "-" "Mozilla/5.0 (Linux; Android 5.0) AppleWebKit/537.36 (KHTML, like Gecko) Mobile Safari/537.36 (compatible; Bytespider; spider-feedback@bytedance.com)"
89.248.107.232 - - [20/Sep/2026:07:56:05 +0200] "POST /wp-admin/admin-ajax.php?action=async_litespeed&nonce=c23640a689&litespeed_type=imgoptm HTTP/1.1" 200 5698 "-" "WordPress/6.6.2; https://grupo-seg.com"
89.248.107.232 - - [20/Sep/2026:07:57:31 +0200] "POST /wp-cron.php?doing_wp_cron=1789883851.8063390254974365234375 HTTP/1.1" 200 5512 "-" "WordPress/6.6.2; https://grupo-seg.com/en/"
47.128.38.142 - - [20/Sep/2026:07:57:31 +0200] "GET /en/countries/spain/ HTTP/1.1" 200 148496 "-" "Mozilla/5.0 (Linux; Android 5.0) AppleWebKit/537.36 (KHTML, like Gecko) Mobile Safari/537.36 (compatible; Bytespider; spider-feedback@bytedance.com)"
89.248.107.232 - - [20/Sep/2026:07:57:32 +0200] "POST /wp-admin/admin-ajax.php?action=async_litespeed&nonce=c23640a689&litespeed_type=imgoptm HTTP/1.1" 200 5698 "-" "WordPress/6.6.2; https://grupo-seg.com"
47.128.38.142 - - [20/Sep/2026:07:57:33 +0200] "GET /wp-content/uploads/2022/11/SEG_Quotes-204-140x140.jpg HTTP/2.0" 206 500 "https://grupo-seg.com/en/countries/spain/" "Mozilla/5.0 (Linux; Android 5.0) AppleWebKit/537.36 (KHTML, like Gecko) Mobile Safari/537.36 (compatible; Bytespider; spider-feedback@bytedance.com)"
47.128.38.142 - - [20/Sep/2026:07:57:33 +0200] "GET /wp-content/uploads/2022/11/SEG_Quotes-204.jpg HTTP/2.0" 206 500 "https://grupo-seg.com/en/countries/spain/" "Mozilla/5.0 (Linux; Android 5.0) AppleWebKit/537.36 (KHTML, like Gecko) Mobile Safari/537.36 (compatible; Bytespider; spider-feedback@bytedance.com)"
47.128.38.142 - - [20/Sep/2026:07:57:33 +0200] "GET /wp-content/uploads/2022/11/SEG_Quotes-204.jpg HTTP/2.0" 304 0 "https://grupo-seg.com/en/countries/spain/" "Mozilla/5.0 (Linux; Android 5.0) AppleWebKit/537.36 (KHTML, like Gecko) Mobile Safari/537.36 (compatible; Bytespider; spider-feedback@bytedance.com)"
47.128.38.142 - - [20/Sep/2026:07:57:34 +0200] "GET /wp-content/uploads/2022/11/SEG_Quotes-204.jpg HTTP/2.0" 206 108913 "https://grupo-seg.com/en/countries/spain/" "Mozilla/5.0 (Linux; Android 5.0) AppleWebKit/537.36 (KHTML, like Gecko) Mobile Safari/537.36 (compatible; Bytespider; spider-feedback@bytedance.com)"
89.248.107.232 - - [20/Sep/2026:07:58:49 +0200] "POST /wp-cron.php?doing_wp_cron=1789883929.1230759620666503906250 HTTP/1.1" 200 5512 "-" "WordPress/6.6.2; https://grupo-seg.com"
95.108.213.118 - - [20/Sep/2026:07:58:48 +0200] "GET /robots.txt HTTP/1.1" 200 5679 "-" "Mozilla/5.0 (compatible; YandexBot/3.0; +http://yandex.com/bots)"
213.180.203.227 - - [20/Sep/2026:07:58:50 +0200] "GET /robots.txt HTTP/1.1" 200 5679 "-" "Mozilla/5.0 (compatible; YandexBot/3.0; +http://yandex.com/bots)"
89.248.107.232 - - [20/Sep/2026:07:58:50 +0200] "POST /wp-admin/admin-ajax.php?action=async_litespeed&nonce=c23640a689&litespeed_type=imgoptm HTTP/1.1" 200 5698 "-" "WordPress/6.6.2; https://grupo-seg.com"
5.255.231.173 - - [20/Sep/2026:07:58:51 +0200] "GET /templates/yoo_lava/favicon.ico HTTP/1.1" 404 97626 "-" "Mozilla/5.0 (compatible; YandexFavicons/1.0; +http://yandex.com/bots)"
89.248.107.232 - - [20/Sep/2026:08:01:54 +0200] "POST /wp-cron.php?doing_wp_cron=1789884114.3822000026702880859375 HTTP/1.1" 200 5512 "-" "WordPress/6.6.2; https://grupo-seg.com"
66.249.88.102 - - [20/Sep/2026:08:01:53 +0200] "GET /.well-known/traffic-advice HTTP/1.1" 404 97421 "-" "Chrome Privacy Preserving Prefetch Proxy"
193.186.4.253 - - [20/Sep/2026:08:01:54 +0200] "GET /sobre-nosotros/ HTTP/1.1" 200 247038 "https://www.google.com/" "Mozilla/5.0 (Linux; Android 10; K) AppleWebKit/537.36 (KHTML, like Gecko) Chrome/153.0.0.0 Mobile Safari/537.36"
89.248.107.232 - - [20/Sep/2026:08:01:56 +0200] "POST /wp-admin/admin-ajax.php?action=async_litespeed&nonce=c23640a689&litespeed_type=imgoptm HTTP/1.1" 200 5698 "-" "WordPress/6.6.2; https://grupo-seg.com"
89.248.107.232 - - [20/Sep/2026:08:02:53 +0200] "POST /wp-cron.php?doing_wp_cron=1789884173.7052440643310546875000 HTTP/1.1" 200 5512 "-" "WordPress/6.6.2; https://grupo-seg.com"
161.30.9.84 - - [20/Sep/2026:08:02:53 +0200] "GET /xmlrpc.php HTTP/1.1" 405 5569 "-" "Mozilla/5.0 (Windows NT 6.2; x64) AppleWebKit/537.36 (KHTML, like Gecko) Chrome/110.0.0.0 Safari/537.36"
89.248.107.232 - - [20/Sep/2026:08:02:54 +0200] "POST /wp-admin/admin-ajax.php?action=async_litespeed&nonce=c23640a689&litespeed_type=imgoptm HTTP/1.1" 200 5698 "-" "WordPress/6.6.2; https://grupo-seg.com"
89.248.107.232 - - [20/Sep/2026:08:07:52 +0200] "POST /wp-cron.php?doing_wp_cron=1789884472.0982480049133300781250 HTTP/1.1" 200 5512 "-" "WordPress/6.6.2; https://grupo-seg.com"
49.51.141.76 - - [20/Sep/2026:08:07:51 +0200] "GET / HTTP/1.1" 301 5612 "http://www.alben4000.com" "Mozilla/5.0 (iPhone; CPU iPhone OS 13_2_3 like Mac OS X) AppleWebKit/605.1.15 (KHTML, like Gecko) Version/13.0.3 Mobile/15E148 Safari/604.1"
89.248.107.232 - - [20/Sep/2026:08:07:52 +0200] "POST /wp-admin/admin-ajax.php?action=async_litespeed&nonce=c23640a689&litespeed_type=imgoptm HTTP/1.1" 200 5698 "-" "WordPress/6.6.2; https://grupo-seg.com"
49.51.141.76 - - [20/Sep/2026:08:07:53 +0200] "GET / HTTP/1.1" 200 156989 "https://www.grupo-seg.com/" "Mozilla/5.0 (iPhone; CPU iPhone OS 13_2_3 like Mac OS X) AppleWebKit/605.1.15 (KHTML, like Gecko) Version/13.0.3 Mobile/15E148 Safari/604.1"
89.248.107.232 - - [20/Sep/2026:08:10:09 +0200] "POST /wp-cron.php?doing_wp_cron=1789884608.9616250991821289062500 HTTP/1.1" 200 5512 "-" "WordPress/6.6.2; https://grupo-seg.com"
156.245.205.47 - - [20/Sep/2026:08:10:08 +0200] "GET /e/install/index.php?enews=setdb&f=4 HTTP/1.1" 301 5685 "-" "Mozilla/5.0 (Windows NT 10.0; WOW64; rv:48.0) Gecko/20100101 Firefox/48.0"
89.248.107.232 - - [20/Sep/2026:08:10:09 +0200] "POST /wp-admin/admin-ajax.php?action=async_litespeed&nonce=c23640a689&litespeed_type=imgoptm HTTP/1.1" 200 5698 "-" "WordPress/6.6.2; https://grupo-seg.com"
156.245.205.47 - - [20/Sep/2026:08:10:09 +0200] "GET /e/install/?enews=setdb&f=4 HTTP/1.1" 404 97436 "-" "Mozilla/5.0 (Windows NT 10.0; WOW64; rv:48.0) Gecko/20100101 Firefox/48.0"
156.245.205.47 - - [20/Sep/2026:08:10:12 +0200] "GET /baker.php/ HTTP/1.1" 403 6501 "-" "Mozilla/5.0 (Windows NT 10.0; WOW64; rv:48.0) Gecko/20100101 Firefox/48.0"
89.248.107.232 - - [20/Sep/2026:08:11:00 +0200] "POST /wp-cron.php?doing_wp_cron=1789884660.0484609603881835937500 HTTP/1.1" 200 5512 "-" "WordPress/6.6.2; https://grupo-seg.com"
40.77.167.158 - - [20/Sep/2026:08:10:59 +0200] "GET /dezainraitonaito/0006235547.html HTTP/1.1" 404 97421 "-" "Mozilla/5.0 AppleWebKit/537.36 (KHTML, like Gecko; compatible; bingbot/2.0; +http://www.bing.com/bingbot.htm) Chrome/116.0.1938.76 Safari/537.36"
89.248.107.232 - - [20/Sep/2026:08:11:00 +0200] "POST /wp-admin/admin-ajax.php?action=async_litespeed&nonce=c23640a689&litespeed_type=imgoptm HTTP/1.1" 200 5698 "-" "WordPress/6.6.2; https://grupo-seg.com"
40.77.167.158 - - [20/Sep/2026:08:11:01 +0200] "GET /kyua1708874teitimsm.html HTTP/1.1" 404 97421 "-" "Mozilla/5.0 AppleWebKit/537.36 (KHTML, like Gecko; compatible; bingbot/2.0; +http://www.bing.com/bingbot.htm) Chrome/116.0.1938.76 Safari/537.36"
89.248.107.232 - - [20/Sep/2026:08:11:12 +0200] "POST /wp-cron.php?doing_wp_cron=1789884672.2619130611419677734375 HTTP/1.1" 200 5512 "-" "WordPress/6.6.2; https://grupo-seg.com"
122.168.85.249 - - [20/Sep/2026:08:11:11 +0200] "GET /xmlrpc.php HTTP/1.1" 405 5569 "-" "Mozilla/5.0 (X11; Ubuntu; Linux x86_64; arm64) AppleWebKit/537.36 (KHTML, like Gecko) Chrome/88.0.0.0 Safari/537.36"
52.167.144.20 - - [20/Sep/2026:08:11:23 +0200] "GET /boml10494ciodigtupsoroddd HTTP/1.1" 404 97421 "-" "Mozilla/5.0 AppleWebKit/537.36 (KHTML, like Gecko; compatible; bingbot/2.0; +http://www.bing.com/bingbot.htm) Chrome/116.0.1938.76 Safari/537.36"
89.248.107.232 - - [20/Sep/2026:08:11:37 +0200] "POST /wp-cron.php?doing_wp_cron=1789884697.0270109176635742187500 HTTP/1.1" 200 5512 "-" "WordPress/6.6.2; https://grupo-seg.com"
52.167.144.211 - - [20/Sep/2026:08:11:36 +0200] "GET /ihve210488tsdodoipsdoigs HTTP/1.1" 404 97436 "-" "Mozilla/5.0 AppleWebKit/537.36 (KHTML, like Gecko; compatible; bingbot/2.0; +http://www.bing.com/bingbot.htm) Chrome/116.0.1938.76 Safari/537.36"
89.248.107.232 - - [20/Sep/2026:08:11:37 +0200] "POST /wp-admin/admin-ajax.php?action=async_litespeed&nonce=c23640a689&litespeed_type=imgoptm HTTP/1.1" 200 5698 "-" "WordPress/6.6.2; https://grupo-seg.com"
89.248.107.232 - - [20/Sep/2026:08:13:29 +0200] "POST /wp-cron.php?doing_wp_cron=1789884808.9767620563507080078125 HTTP/1.1" 200 5512 "-" "WordPress/6.6.2; https://grupo-seg.com"
52.167.144.150 - - [20/Sep/2026:08:13:28 +0200] "GET /repression5j-jazlmi6ci.html HTTP/1.1" 404 97436 "-" "Mozilla/5.0 AppleWebKit/537.36 (KHTML, like Gecko; compatible; bingbot/2.0; +http://www.bing.com/bingbot.htm) Chrome/116.0.1938.76 Safari/537.36"
89.248.107.232 - - [20/Sep/2026:08:13:30 +0200] "POST /wp-admin/admin-ajax.php?action=async_litespeed&nonce=c23640a689&litespeed_type=imgoptm HTTP/1.1" 200 5698 "-" "WordPress/6.6.2; https://grupo-seg.com"
89.248.107.232 - - [20/Sep/2026:08:13:48 +0200] "POST /wp-cron.php?doing_wp_cron=1789884828.0969009399414062500000 HTTP/1.1" 200 5512 "-" "WordPress/6.6.2; https://grupo-seg.com"
52.167.144.25 - - [20/Sep/2026:08:13:47 +0200] "GET /kfue1660099z4871m/empleo.html HTTP/1.1" 301 5688 "-" "Mozilla/5.0 AppleWebKit/537.36 (KHTML, like Gecko; compatible; bingbot/2.0; +http://www.bing.com/bingbot.htm) Chrome/116.0.1938.76 Safari/537.36"
52.167.144.211 - - [20/Sep/2026:08:13:48 +0200] "GET /ihkj1131285ipttesmosids.htm HTTP/1.1" 404 97421 "-" "Mozilla/5.0 AppleWebKit/537.36 (KHTML, like Gecko; compatible; bingbot/2.0; +http://www.bing.com/bingbot.htm) Chrome/116.0.1938.76 Safari/537.36"
89.248.107.232 - - [20/Sep/2026:08:16:43 +0200] "POST /wp-cron.php?doing_wp_cron=1789885003.1903309822082519531250 HTTP/1.1" 200 5512 "-" "WordPress/6.6.2; https://grupo-seg.com"
191.102.129.154 - - [20/Sep/2026:08:16:42 +0200] "HEAD /mailto:cv@grupo-seg.com HTTP/1.1" 404 5625 "https://grupo-seg.com" "Mozilla/5.0 (Windows NT 10.0; Win64; x64) AppleWebKit/537.36 (KHTML, like Gecko) Chrome/96.0.4664.45 Safari/537.36"
89.248.107.232 - - [20/Sep/2026:08:16:43 +0200] "POST /wp-admin/admin-ajax.php?action=async_litespeed&nonce=c23640a689&litespeed_type=imgoptm HTTP/1.1" 200 5698 "-" "WordPress/6.6.2; https://grupo-seg.com"
