89.248.107.232 - - [21/Sep/2026:02:16:08 +0200] "POST /wp-cron.php?doing_wp_cron=1789949768.0292348861694335937500 HTTP/1.1" 200 5512 "-" "WordPress/6.6.2; https://grupo-seg.com"
157.100.141.201 - - [21/Sep/2026:02:16:07 +0200] "GET / HTTP/1.1" 200 165847 "-" "Mozilla/5.0 (Macintosh; Intel Mac OS X 10_11_1) AppleWebKit/601.2.4 (KHTML, like Gecko) Version/9.0.1 Safari/601.2.4 facebookexternalhit/1.1 Facebot Twitterbot/1.0"
89.248.107.232 - - [21/Sep/2026:02:16:08 +0200] "POST /wp-admin/admin-ajax.php?action=async_litespeed&nonce=b4cc4c672a&litespeed_type=imgoptm HTTP/1.1" 200 5698 "-" "WordPress/6.6.2; https://grupo-seg.com"
89.248.107.232 - - [21/Sep/2026:02:17:08 +0200] "POST /wp-cron.php?doing_wp_cron=1789949828.2860410213470458984375 HTTP/1.1" 200 5512 "-" "WordPress/6.6.2; https://grupo-seg.com"
47.128.48.166 - - [21/Sep/2026:02:17:07 +0200] "GET /robots.txt HTTP/1.1" 200 5679 "https://seg-sa.es/robots.txt" "Mozilla/5.0 (iPhone; CPU iPhone OS 7_1_2 like Mac OS X) AppleWebKit/537.36 (KHTML, like Gecko) Version/7.0 Mobile Safari/537.36 (compatible; Bytespider; https://bytedance.sg.larkoffice.com/docx/K5bxdypulop3IIxrJb0lOjLVgFe)"
89.248.107.232 - - [21/Sep/2026:02:17:08 +0200] "POST /wp-admin/admin-ajax.php?action=async_litespeed&nonce=b4cc4c672a&litespeed_type=imgoptm HTTP/1.1" 200 5698 "-" "WordPress/6.6.2; https://grupo-seg.com"
195.7.4.235 - - [21/Sep/2026:02:17:45 +0200] "GET /wp-content/uploads/2021/06/Foto02-1024x768.jpeg HTTP/2.0" 200 92263 "-" "Mozilla/5.0 (Macintosh; Intel Mac OS X 10_15_7) AppleWebKit/537.36 (KHTML, like Gecko) Chrome/120.0.0.0 Safari/537.36"
89.248.107.232 - - [21/Sep/2026:02:19:11 +0200] "POST /wp-cron.php?doing_wp_cron=1789949951.2100770473480224609375 HTTP/1.1" 200 5512 "-" "WordPress/6.6.2; https://grupo-seg.com"
173.239.240.240 - - [21/Sep/2026:02:19:10 +0200] "POST /wp-login.php HTTP/1.1" 503 25291 "-" "Mozilla/5.0 (Windows NT 10.0; Win64; rv:143.0) Gecko/20100101 Firefox/143.0"
89.248.107.232 - - [21/Sep/2026:02:19:11 +0200] "POST /wp-admin/admin-ajax.php?action=async_litespeed&nonce=b4cc4c672a&litespeed_type=imgoptm HTTP/1.1" 200 5698 "-" "WordPress/6.6.2; https://grupo-seg.com"
89.248.107.232 - - [21/Sep/2026:02:20:31 +0200] "POST /wp-cron.php?doing_wp_cron=1789950030.9748480319976806640625 HTTP/1.1" 200 5512 "-" "WordPress/6.6.2; https://grupo-seg.com"
44.252.177.102 - - [21/Sep/2026:02:20:30 +0200] "GET / HTTP/1.1" 200 169018 "https://www.seg-sa.es/" "Mozilla/5.0 (Macintosh; Intel Mac OS X 10_15_7) AppleWebKit/537.36 (KHTML, like Gecko) Chrome/130.0.0.0 Safari/537.36"
44.252.177.102 - - [21/Sep/2026:02:20:30 +0200] "GET / HTTP/1.1" 200 168714 "https://seg-sa.es/" "Mozilla/5.0 (Macintosh; Intel Mac OS X 10_15_7) AppleWebKit/537.36 (KHTML, like Gecko) Chrome/130.0.0.0 Safari/537.36"
89.248.107.232 - - [21/Sep/2026:02:20:32 +0200] "POST /wp-admin/admin-ajax.php?action=async_litespeed&nonce=b4cc4c672a&litespeed_type=imgoptm HTTP/1.1" 200 5698 "-" "WordPress/6.6.2; https://grupo-seg.com"
44.252.177.102 - - [21/Sep/2026:02:20:34 +0200] "GET /en/sitemap.xml HTTP/1.1" 302 5558 "-" "Mozilla/5.0 (Macintosh; Intel Mac OS X 10_15_7) AppleWebKit/537.36 (KHTML, like Gecko) Chrome/130.0.0.0 Safari/537.36"
44.252.177.102 - - [21/Sep/2026:02:20:33 +0200] "GET /en/ HTTP/1.1" 200 165995 "-" "Mozilla/5.0 (Macintosh; Intel Mac OS X 10_15_7) AppleWebKit/537.36 (KHTML, like Gecko) Chrome/130.0.0.0 Safari/537.36"
44.252.177.102 - - [21/Sep/2026:02:20:34 +0200] "GET /en/wp-sitemap.xml HTTP/1.1" 200 6238 "-" "Mozilla/5.0 (Macintosh; Intel Mac OS X 10_15_7) AppleWebKit/537.36 (KHTML, like Gecko) Chrome/130.0.0.0 Safari/537.36"
44.252.177.102 - - [21/Sep/2026:02:20:35 +0200] "GET /en/wp-sitemap-posts-post-1.xml HTTP/1.1" 200 8197 "-" "Mozilla/5.0 (Macintosh; Intel Mac OS X 10_15_7) AppleWebKit/537.36 (KHTML, like Gecko) Chrome/130.0.0.0 Safari/537.36"
44.252.177.102 - - [21/Sep/2026:02:20:37 +0200] "GET /en/wp-sitemap-posts-page-1.xml HTTP/1.1" 200 9305 "-" "Mozilla/5.0 (Macintosh; Intel Mac OS X 10_15_7) AppleWebKit/537.36 (KHTML, like Gecko) Chrome/130.0.0.0 Safari/537.36"
44.252.177.102 - - [21/Sep/2026:02:20:38 +0200] "GET /en/wp-sitemap-posts-portfolio-1.xml HTTP/1.1" 200 17555 "-" "Mozilla/5.0 (Macintosh; Intel Mac OS X 10_15_7) AppleWebKit/537.36 (KHTML, like Gecko) Chrome/130.0.0.0 Safari/537.36"
89.248.107.232 - - [21/Sep/2026:02:20:40 +0200] "POST /wp-cron.php?doing_wp_cron=1789950040.0421249866485595703125 HTTP/1.1" 200 5512 "-" "WordPress/6.6.2; https://grupo-seg.com/en/"
44.252.177.102 - - [21/Sep/2026:02:20:39 +0200] "GET /en/wp-sitemap-posts-mgeo_map-1.xml HTTP/1.1" 200 6023 "-" "Mozilla/5.0 (Macintosh; Intel Mac OS X 10_15_7) AppleWebKit/537.36 (KHTML, like Gecko) Chrome/130.0.0.0 Safari/537.36"
104.199.40.20 - - [21/Sep/2026:02:20:40 +0200] "GET /pagina-ejemplo/feed/ HTTP/1.1" 200 6619 "-" "okhttp/4.12.0"
44.252.177.102 - - [21/Sep/2026:02:20:40 +0200] "GET /en/wp-sitemap-taxonomies-category-1.xml HTTP/1.1" 200 6295 "-" "Mozilla/5.0 (Macintosh; Intel Mac OS X 10_15_7) AppleWebKit/537.36 (KHTML, like Gecko) Chrome/130.0.0.0 Safari/537.36"
104.199.40.20 - - [21/Sep/2026:02:20:40 +0200] "GET /feed/ HTTP/1.1" 200 100998 "-" "okhttp/4.12.0"
89.248.107.232 - - [21/Sep/2026:02:20:42 +0200] "POST /wp-cron.php?doing_wp_cron=1789950042.1852970123291015625000 HTTP/1.1" 200 5512 "-" "WordPress/6.6.2; https://grupo-seg.com"
104.199.40.20 - - [21/Sep/2026:02:20:41 +0200] "GET /wp-sitemap.xml HTTP/1.1" 200 6217 "-" "okhttp/4.12.0"
44.252.177.102 - - [21/Sep/2026:02:20:41 +0200] "GET /en/wp-sitemap-taxonomies-project-type-1.xml HTTP/1.1" 200 7081 "-" "Mozilla/5.0 (Macintosh; Intel Mac OS X 10_15_7) AppleWebKit/537.36 (KHTML, like Gecko) Chrome/130.0.0.0 Safari/537.36"
104.199.40.20 - - [21/Sep/2026:02:20:42 +0200] "GET /wp-sitemap-posts-post-1.xml HTTP/1.1" 200 8170 "-" "okhttp/4.12.0"
104.199.40.20 - - [21/Sep/2026:02:20:43 +0200] "GET /wp-sitemap-posts-page-1.xml HTTP/1.1" 200 9189 "-" "okhttp/4.12.0"
44.252.177.102 - - [21/Sep/2026:02:20:43 +0200] "GET /en/sitemap_index.xml HTTP/1.1" 404 97704 "-" "Mozilla/5.0 (Macintosh; Intel Mac OS X 10_15_7) AppleWebKit/537.36 (KHTML, like Gecko) Chrome/130.0.0.0 Safari/537.36"
104.199.40.20 - - [21/Sep/2026:02:20:43 +0200] "GET /wp-sitemap-posts-portfolio-1.xml HTTP/1.1" 200 17286 "-" "okhttp/4.12.0"
104.199.40.20 - - [21/Sep/2026:02:20:44 +0200] "GET /wp-sitemap-posts-mgeo_map-1.xml HTTP/1.1" 200 6011 "-" "okhttp/4.12.0"
104.199.40.20 - - [21/Sep/2026:02:20:44 +0200] "GET /wp-sitemap-taxonomies-category-1.xml HTTP/1.1" 200 6256 "-" "okhttp/4.12.0"
104.199.40.20 - - [21/Sep/2026:02:20:45 +0200] "GET /wp-sitemap-taxonomies-project-type-1.xml HTTP/1.1" 200 6924 "-" "okhttp/4.12.0"
44.252.177.102 - - [21/Sep/2026:02:20:46 +0200] "GET /sitemap.xml HTTP/1.1" 302 5555 "-" "Mozilla/5.0 (Macintosh; Intel Mac OS X 10_15_7) AppleWebKit/537.36 (KHTML, like Gecko) Chrome/130.0.0.0 Safari/537.36"
44.252.177.102 - - [21/Sep/2026:02:20:47 +0200] "GET /wp-sitemap.xml HTTP/1.1" 200 6217 "-" "Mozilla/5.0 (Macintosh; Intel Mac OS X 10_15_7) AppleWebKit/537.36 (KHTML, like Gecko) Chrome/130.0.0.0 Safari/537.36"
44.252.177.102 - - [21/Sep/2026:02:20:48 +0200] "GET /wp-sitemap-posts-post-1.xml HTTP/1.1" 200 8170 "-" "Mozilla/5.0 (Macintosh; Intel Mac OS X 10_15_7) AppleWebKit/537.36 (KHTML, like Gecko) Chrome/130.0.0.0 Safari/537.36"
44.252.177.102 - - [21/Sep/2026:02:20:49 +0200] "GET /wp-sitemap-posts-page-1.xml HTTP/1.1" 200 9189 "-" "Mozilla/5.0 (Macintosh; Intel Mac OS X 10_15_7) AppleWebKit/537.36 (KHTML, like Gecko) Chrome/130.0.0.0 Safari/537.36"
44.252.177.102 - - [21/Sep/2026:02:20:50 +0200] "GET /wp-sitemap-posts-portfolio-1.xml HTTP/1.1" 200 17286 "-" "Mozilla/5.0 (Macintosh; Intel Mac OS X 10_15_7) AppleWebKit/537.36 (KHTML, like Gecko) Chrome/130.0.0.0 Safari/537.36"
44.252.177.102 - - [21/Sep/2026:02:20:51 +0200] "GET /wp-sitemap-posts-mgeo_map-1.xml HTTP/1.1" 200 6011 "-" "Mozilla/5.0 (Macintosh; Intel Mac OS X 10_15_7) AppleWebKit/537.36 (KHTML, like Gecko) Chrome/130.0.0.0 Safari/537.36"
44.252.177.102 - - [21/Sep/2026:02:20:52 +0200] "GET /wp-sitemap-taxonomies-category-1.xml HTTP/1.1" 200 6256 "-" "Mozilla/5.0 (Macintosh; Intel Mac OS X 10_15_7) AppleWebKit/537.36 (KHTML, like Gecko) Chrome/130.0.0.0 Safari/537.36"
89.248.107.232 - - [21/Sep/2026:02:20:54 +0200] "POST /wp-cron.php?doing_wp_cron=1789950054.0319969654083251953125 HTTP/1.1" 200 5512 "-" "WordPress/6.6.2; https://grupo-seg.com"
44.252.177.102 - - [21/Sep/2026:02:20:53 +0200] "GET /wp-sitemap-taxonomies-project-type-1.xml HTTP/1.1" 200 6924 "-" "Mozilla/5.0 (Macintosh; Intel Mac OS X 10_15_7) AppleWebKit/537.36 (KHTML, like Gecko) Chrome/130.0.0.0 Safari/537.36"
44.252.177.102 - - [21/Sep/2026:02:20:55 +0200] "GET /sitemap.xml HTTP/1.1" 302 5555 "-" "Mozilla/5.0 (Macintosh; Intel Mac OS X 10_15_7) AppleWebKit/537.36 (KHTML, like Gecko) Chrome/130.0.0.0 Safari/537.36"
44.252.177.102 - - [21/Sep/2026:02:20:56 +0200] "GET /wp-sitemap.xml HTTP/1.1" 200 6217 "-" "Mozilla/5.0 (Macintosh; Intel Mac OS X 10_15_7) AppleWebKit/537.36 (KHTML, like Gecko) Chrome/130.0.0.0 Safari/537.36"
44.252.177.102 - - [21/Sep/2026:02:20:57 +0200] "GET /wp-sitemap-posts-post-1.xml HTTP/1.1" 200 8170 "-" "Mozilla/5.0 (Macintosh; Intel Mac OS X 10_15_7) AppleWebKit/537.36 (KHTML, like Gecko) Chrome/130.0.0.0 Safari/537.36"
44.252.177.102 - - [21/Sep/2026:02:20:58 +0200] "GET /wp-sitemap-posts-page-1.xml HTTP/1.1" 200 9189 "-" "Mozilla/5.0 (Macintosh; Intel Mac OS X 10_15_7) AppleWebKit/537.36 (KHTML, like Gecko) Chrome/130.0.0.0 Safari/537.36"
89.248.107.232 - - [21/Sep/2026:02:21:00 +0200] "POST /wp-cron.php?doing_wp_cron=1789950060.2452590465545654296875 HTTP/1.1" 200 5512 "-" "WordPress/6.6.2; https://grupo-seg.com"
44.252.177.102 - - [21/Sep/2026:02:20:59 +0200] "GET /wp-sitemap-posts-portfolio-1.xml HTTP/1.1" 200 17286 "-" "Mozilla/5.0 (Macintosh; Intel Mac OS X 10_15_7) AppleWebKit/537.36 (KHTML, like Gecko) Chrome/130.0.0.0 Safari/537.36"
44.252.177.102 - - [21/Sep/2026:02:21:01 +0200] "GET /wp-sitemap-posts-mgeo_map-1.xml HTTP/1.1" 200 6011 "-" "Mozilla/5.0 (Macintosh; Intel Mac OS X 10_15_7) AppleWebKit/537.36 (KHTML, like Gecko) Chrome/130.0.0.0 Safari/537.36"
44.252.177.102 - - [21/Sep/2026:02:21:02 +0200] "GET /wp-sitemap-taxonomies-category-1.xml HTTP/1.1" 200 6256 "-" "Mozilla/5.0 (Macintosh; Intel Mac OS X 10_15_7) AppleWebKit/537.36 (KHTML, like Gecko) Chrome/130.0.0.0 Safari/537.36"
44.252.177.102 - - [21/Sep/2026:02:21:03 +0200] "GET /wp-sitemap-taxonomies-project-type-1.xml HTTP/1.1" 200 6924 "-" "Mozilla/5.0 (Macintosh; Intel Mac OS X 10_15_7) AppleWebKit/537.36 (KHTML, like Gecko) Chrome/130.0.0.0 Safari/537.36"
44.252.177.102 - - [21/Sep/2026:02:21:10 +0200] "GET /sitemap_index.xml HTTP/1.1" 404 97436 "-" "Mozilla/5.0 (Macintosh; Intel Mac OS X 10_15_7) AppleWebKit/537.36 (KHTML, like Gecko) Chrome/130.0.0.0 Safari/537.36"
44.252.177.102 - - [21/Sep/2026:02:21:13 +0200] "GET /sitemap_index.xml HTTP/1.1" 404 97421 "-" "Mozilla/5.0 (Macintosh; Intel Mac OS X 10_15_7) AppleWebKit/537.36 (KHTML, like Gecko) Chrome/130.0.0.0 Safari/537.36"
89.248.107.232 - - [21/Sep/2026:02:22:46 +0200] "POST /wp-cron.php?doing_wp_cron=1789950166.8272519111633300781250 HTTP/1.1" 200 5512 "-" "WordPress/6.6.2; https://grupo-seg.com"
40.77.167.63 - - [21/Sep/2026:02:22:46 +0200] "GET /lisd1093870ptisuos/empleo.html HTTP/1.1" 301 5689 "-" "Mozilla/5.0 AppleWebKit/537.36 (KHTML, like Gecko; compatible; bingbot/2.0; +http://www.bing.com/bingbot.htm) Chrome/116.0.1938.76 Safari/537.36"
89.248.107.232 - - [21/Sep/2026:02:22:47 +0200] "POST /wp-admin/admin-ajax.php?action=async_litespeed&nonce=b4cc4c672a&litespeed_type=imgoptm HTTP/1.1" 200 5698 "-" "WordPress/6.6.2; https://grupo-seg.com"
89.248.107.232 - - [21/Sep/2026:02:23:12 +0200] "POST /wp-cron.php?doing_wp_cron=1789950192.8914649486541748046875 HTTP/1.1" 200 5512 "-" "WordPress/6.6.2; https://grupo-seg.com"
40.77.167.230 - - [21/Sep/2026:02:23:12 +0200] "GET /periodical2ph/gwmeswop2.html HTTP/1.1" 404 97421 "-" "Mozilla/5.0 AppleWebKit/537.36 (KHTML, like Gecko; compatible; bingbot/2.0; +http://www.bing.com/bingbot.htm) Chrome/116.0.1938.76 Safari/537.36"
40.77.167.230 - - [21/Sep/2026:02:23:16 +0200] "GET /koseikureishizuho/ HTTP/1.1" 404 97421 "-" "Mozilla/5.0 AppleWebKit/537.36 (KHTML, like Gecko; compatible; bingbot/2.0; +http://www.bing.com/bingbot.htm) Chrome/116.0.1938.76 Safari/537.36"
89.248.107.232 - - [21/Sep/2026:02:23:27 +0200] "POST /wp-cron.php?doing_wp_cron=1789950207.5673151016235351562500 HTTP/1.1" 200 5512 "-" "WordPress/6.6.2; https://grupo-seg.com"
52.167.144.168 - - [21/Sep/2026:02:23:27 +0200] "GET /setoarumikarabina/0006556990.html HTTP/1.1" 404 97421 "-" "Mozilla/5.0 AppleWebKit/537.36 (KHTML, like Gecko; compatible; bingbot/2.0; +http://www.bing.com/bingbot.htm) Chrome/116.0.1938.76 Safari/537.36"
89.248.107.232 - - [21/Sep/2026:02:23:28 +0200] "POST /wp-admin/admin-ajax.php?action=async_litespeed&nonce=b4cc4c672a&litespeed_type=imgoptm HTTP/1.1" 200 5698 "-" "WordPress/6.6.2; https://grupo-seg.com"
89.248.107.232 - - [21/Sep/2026:02:24:36 +0200] "POST /wp-cron.php?doing_wp_cron=1789950276.6230859756469726562500 HTTP/1.1" 200 5512 "-" "WordPress/6.6.2; https://grupo-seg.com"
89.248.107.232 - - [21/Sep/2026:02:24:37 +0200] "POST /wp-admin/admin-ajax.php?action=async_litespeed&nonce=b4cc4c672a&litespeed_type=imgoptm HTTP/1.1" 200 5698 "-" "WordPress/6.6.2; https://grupo-seg.com"
89.248.107.232 - - [21/Sep/2026:02:24:42 +0200] "POST /wp-cron.php?doing_wp_cron=1789950282.2149391174316406250000 HTTP/1.1" 200 5512 "-" "WordPress/6.6.2; https://grupo-seg.com"
79.230.226.237 - - [21/Sep/2026:02:24:41 +0200] "GET /robots.txt HTTP/1.1" 200 5679 "-" "NumberCrawler/9.0.0 (local career indexer)"
79.230.226.237 - - [21/Sep/2026:02:24:42 +0200] "GET / HTTP/1.1" 200 165847 "-" "NumberCrawler/9.0.0 (local career indexer)"
79.230.226.237 - - [21/Sep/2026:02:24:45 +0200] "GET /contacto HTTP/1.1" 301 5575 "-" "NumberCrawler/9.0.0 (local career indexer)"
79.230.226.237 - - [21/Sep/2026:02:24:45 +0200] "GET /contacto/ HTTP/1.1" 200 199540 "-" "NumberCrawler/9.0.0 (local career indexer)"
79.230.226.237 - - [21/Sep/2026:02:24:46 +0200] "GET /contacto/ HTTP/1.1" 200 199540 "-" "NumberCrawler/9.0.0 (local career indexer)"
79.230.226.237 - - [21/Sep/2026:02:24:48 +0200] "GET /impressum HTTP/1.1" 404 97436 "-" "NumberCrawler/9.0.0 (local career indexer)"
79.230.226.237 - - [21/Sep/2026:02:24:49 +0200] "GET / HTTP/1.1" 200 165847 "-" "NumberCrawler/9.0.0 (local career indexer)"
79.230.226.237 - - [21/Sep/2026:02:24:50 +0200] "GET /aviso-legal/ HTTP/1.1" 200 122790 "-" "NumberCrawler/9.0.0 (local career indexer)"
79.230.226.237 - - [21/Sep/2026:02:24:51 +0200] "GET /en/legal-notice/ HTTP/1.1" 200 122690 "-" "NumberCrawler/9.0.0 (local career indexer)"
79.230.226.237 - - [21/Sep/2026:02:24:52 +0200] "GET /en/contact/ HTTP/1.1" 200 199721 "-" "NumberCrawler/9.0.0 (local career indexer)"
89.248.107.232 - - [21/Sep/2026:02:24:55 +0200] "POST /wp-cron.php?doing_wp_cron=1789950294.9574139118194580078125 HTTP/1.1" 200 5512 "-" "WordPress/6.6.2; https://grupo-seg.com"
79.230.226.237 - - [21/Sep/2026:02:24:54 +0200] "GET /contacto/ HTTP/1.1" 200 199636 "-" "NumberCrawler/9.0.0 (local career indexer)"
79.230.226.237 - - [21/Sep/2026:02:24:56 +0200] "GET /contacto HTTP/1.1" 301 5575 "-" "NumberCrawler/9.0.0 (local career indexer)"
79.230.226.237 - - [21/Sep/2026:02:24:57 +0200] "GET /contacto/ HTTP/1.1" 200 199540 "-" "NumberCrawler/9.0.0 (local career indexer)"
79.230.226.237 - - [21/Sep/2026:02:24:59 +0200] "GET /wp-sitemap.xml HTTP/1.1" 200 6217 "-" "NumberCrawler/9.0.0 (local career indexer)"
79.230.226.237 - - [21/Sep/2026:02:24:59 +0200] "GET /sitemap.xml HTTP/1.1" 302 5555 "-" "NumberCrawler/9.0.0 (local career indexer)"
89.248.107.232 - - [21/Sep/2026:02:25:00 +0200] "POST /wp-cron.php?doing_wp_cron=1789950300.5719580650329589843750 HTTP/1.1" 200 5512 "-" "WordPress/6.6.2; https://grupo-seg.com"
79.230.226.237 - - [21/Sep/2026:02:25:00 +0200] "GET /wp-sitemap.xml HTTP/1.1" 200 6217 "-" "NumberCrawler/9.0.0 (local career indexer)"
89.248.107.232 - - [21/Sep/2026:02:25:18 +0200] "POST /wp-cron.php?doing_wp_cron=1789950318.1807830333709716796875 HTTP/1.1" 200 5512 "-" "WordPress/6.6.2; https://grupo-seg.com"
17.166.232.41 - - [21/Sep/2026:02:25:17 +0200] "GET /wp-json/wp/v2/pages/1873 HTTP/1.1" 200 89174 "-" "Mozilla/5.0 (Macintosh; Intel Mac OS X 10_15_7) AppleWebKit/605.1.15 (KHTML, like Gecko) Version/17.4 Safari/605.1.15 (Applebot/0.1; +http://www.apple.com/go/applebot)"
89.248.107.232 - - [21/Sep/2026:02:26:28 +0200] "POST /wp-cron.php?doing_wp_cron=1789950388.7472989559173583984375 HTTP/1.1" 200 5512 "-" "WordPress/6.6.2; https://grupo-seg.com"
89.248.107.232 - - [21/Sep/2026:02:26:29 +0200] "POST /wp-admin/admin-ajax.php?action=async_litespeed&nonce=b4cc4c672a&litespeed_type=imgoptm HTTP/1.1" 200 5698 "-" "WordPress/6.6.2; https://grupo-seg.com"
89.248.107.232 - - [21/Sep/2026:02:31:03 +0200] "POST /wp-cron.php?doing_wp_cron=1789950663.2808508872985839843750 HTTP/1.1" 200 5512 "-" "WordPress/6.6.2; https://grupo-seg.com"
35.198.113.100 - - [21/Sep/2026:02:31:00 +0200] "GET /robots.txt HTTP/1.1" 200 5679 "-" "LinkupBot/1.0 (LinkupBot for web indexing; https://linkup.so/bot; bot@linkup.so)"
89.248.107.232 - - [21/Sep/2026:02:31:04 +0200] "POST /wp-admin/admin-ajax.php?action=async_litespeed&nonce=b4cc4c672a&litespeed_type=imgoptm HTTP/1.1" 200 5698 "-" "WordPress/6.6.2; https://grupo-seg.com"
35.198.113.100 - - [21/Sep/2026:02:31:03 +0200] "GET /en/portfolio/technical-assistance-for-the-development-and-execution-of-infrastructure-programs-for-the-navy/ HTTP/1.1" 200 117722 "-" "LinkupBot/1.0 (LinkupBot for web indexing; https://linkup.so/bot; bot@linkup.so)"
35.198.113.100 - - [21/Sep/2026:02:31:07 +0200] "GET /en/category/nowadays/page/2/ HTTP/1.1" 200 109408 "-" "LinkupBot/1.0 (LinkupBot for web indexing; https://linkup.so/bot; bot@linkup.so)"
35.198.113.100 - - [21/Sep/2026:02:31:09 +0200] "GET /en/nowadays/ HTTP/1.1" 200 149547 "-" "LinkupBot/1.0 (LinkupBot for web indexing; https://linkup.so/bot; bot@linkup.so)"
35.198.113.100 - - [21/Sep/2026:02:31:12 +0200] "GET /paises/panama/ HTTP/1.1" 200 155077 "-" "LinkupBot/1.0 (LinkupBot for web indexing; https://linkup.so/bot; bot@linkup.so)"
52.167.144.213 - - [21/Sep/2026:02:31:13 +0200] "GET /ihkj1552759sgdodit/psidoos HTTP/1.1" 301 5685 "-" "Mozilla/5.0 AppleWebKit/537.36 (KHTML, like Gecko; compatible; bingbot/2.0; +http://www.bing.com/bingbot.htm) Chrome/116.0.1938.76 Safari/537.36"
35.198.113.100 - - [21/Sep/2026:02:31:14 +0200] "GET /se-presentan-los-primeros-estudios-tecnicos-para-el-mejoramiento-de-la-ruta-py01/ HTTP/1.1" 200 122533 "-" "LinkupBot/1.0 (LinkupBot for web indexing; https://linkup.so/bot; bot@linkup.so)"
35.198.113.100 - - [21/Sep/2026:02:31:16 +0200] "GET /en/project-type/%C2%B7-bolivia-en/ HTTP/1.1" 200 102845 "-" "LinkupBot/1.0 (LinkupBot for web indexing; https://linkup.so/bot; bot@linkup.so)"
35.198.113.100 - - [21/Sep/2026:02:31:18 +0200] "GET /grupo-seg-en-la-asamblea-anual-de-socio-del-pacto-mundial-de-naciones-unidas/ HTTP/1.1" 200 123130 "-" "LinkupBot/1.0 (LinkupBot for web indexing; https://linkup.so/bot; bot@linkup.so)"
35.198.113.100 - - [21/Sep/2026:02:31:20 +0200] "GET /en/we-enjoy-the-parks-of-madrid/ HTTP/1.1" 200 121472 "-" "LinkupBot/1.0 (LinkupBot for web indexing; https://linkup.so/bot; bot@linkup.so)"
52.167.144.204 - - [21/Sep/2026:02:31:21 +0200] "GET /ygsw1756738z4dsi28g/137569doo0 HTTP/1.1" 301 5689 "-" "Mozilla/5.0 AppleWebKit/537.36 (KHTML, like Gecko; compatible; bingbot/2.0; +http://www.bing.com/bingbot.htm) Chrome/116.0.1938.76 Safari/537.36"
89.248.107.232 - - [21/Sep/2026:02:31:42 +0200] "POST /wp-cron.php?doing_wp_cron=1789950701.9429020881652832031250 HTTP/1.1" 200 5512 "-" "WordPress/6.6.2; https://grupo-seg.com"
52.167.144.235 - - [21/Sep/2026:02:31:41 +0200] "GET /portfolio/interventoria-para-cerramiento-construccion-de-franjas-de-seguridad-y-mantenimiento-de-pista-calle-de-rodaje-y-plataforma-del-aeropuerto-leticia/ HTTP/1.1" 200 118109 "-" "Mozilla/5.0 AppleWebKit/537.36 (KHTML, like Gecko; compatible; bingbot/2.0; +http://www.bing.com/bingbot.htm) Chrome/116.0.1938.76 Safari/537.36"
89.248.107.232 - - [21/Sep/2026:02:31:42 +0200] "POST /wp-admin/admin-ajax.php?action=async_litespeed&nonce=b4cc4c672a&litespeed_type=imgoptm HTTP/1.1" 200 5698 "-" "WordPress/6.6.2; https://grupo-seg.com"
52.167.144.234 - - [21/Sep/2026:02:32:02 +0200] "POST /wp-content/plugins/litespeed-cache/guest.vary.php HTTP/1.1" 403 6501 "https://grupo-seg.com/portfolio/interventoria-para-cerramiento-construccion-de-franjas-de-seguridad-y-mantenimiento-de-pista-calle-de-rodaje-y-plataforma-del-aeropuerto-leticia/" "Mozilla/5.0 AppleWebKit/537.36 (KHTML, like Gecko; compatible; bingbot/2.0; +http://www.bing.com/bingbot.htm) Chrome/136.0.0.0 Safari/537.36 AppleWebKit/537.36 (KHTML, like Gecko; compatible; bingbot/2.0; +http://www.bing.com/bingbot.htm) Chrome/116.0.1938.76 Safari/537.36"
89.248.107.232 - - [21/Sep/2026:02:34:01 +0200] "POST /wp-cron.php?doing_wp_cron=1789950840.9847879409790039062500 HTTP/1.1" 200 5512 "-" "WordPress/6.6.2; https://grupo-seg.com"
52.167.144.213 - - [21/Sep/2026:02:34:00 +0200] "GET /rmsy671815dgisdip/servicios.html HTTP/1.1" 301 5691 "-" "Mozilla/5.0 AppleWebKit/537.36 (KHTML, like Gecko; compatible; bingbot/2.0; +http://www.bing.com/bingbot.htm) Chrome/116.0.1938.76 Safari/537.36"
89.248.107.232 - - [21/Sep/2026:02:34:01 +0200] "POST /wp-admin/admin-ajax.php?action=async_litespeed&nonce=b4cc4c672a&litespeed_type=imgoptm HTTP/1.1" 200 5698 "-" "WordPress/6.6.2; https://grupo-seg.com"
89.248.107.232 - - [21/Sep/2026:02:34:07 +0200] "POST /wp-cron.php?doing_wp_cron=1789950847.1552319526672363281250 HTTP/1.1" 200 5512 "-" "WordPress/6.6.2; https://grupo-seg.com"
40.77.167.71 - - [21/Sep/2026:02:34:06 +0200] "GET /chirushiyunifumu/0005739912.html HTTP/1.1" 301 5691 "-" "Mozilla/5.0 AppleWebKit/537.36 (KHTML, like Gecko; compatible; bingbot/2.0; +http://www.bing.com/bingbot.htm) Chrome/116.0.1938.76 Safari/537.36"
89.248.107.232 - - [21/Sep/2026:02:34:37 +0200] "POST /wp-cron.php?doing_wp_cron=1789950877.5741429328918457031250 HTTP/1.1" 200 5512 "-" "WordPress/6.6.2; https://grupo-seg.com"
176.9.4.24 - - [21/Sep/2026:02:34:37 +0200] "GET / HTTP/1.1" 200 165817 "-" "Mozilla/5.0 (Windows NT 10.0; Win64; x64) AppleWebKit/537.36 (KHTML, like Gecko) Chrome/120.0.0.0 Safari/537.36"
89.248.107.232 - - [21/Sep/2026:02:34:38 +0200] "POST /wp-admin/admin-ajax.php?action=async_litespeed&nonce=b4cc4c672a&litespeed_type=imgoptm HTTP/1.1" 200 5698 "-" "WordPress/6.6.2; https://grupo-seg.com"
176.9.4.24 - - [21/Sep/2026:02:34:38 +0200] "GET /aviso-legal/ HTTP/1.1" 200 122790 "-" "Mozilla/5.0 (Windows NT 10.0; Win64; x64) AppleWebKit/537.36 (KHTML, like Gecko) Chrome/120.0.0.0 Safari/537.36"
89.248.107.232 - - [21/Sep/2026:02:36:18 +0200] "POST /wp-cron.php?doing_wp_cron=1789950978.1573059558868408203125 HTTP/1.1" 200 5512 "-" "WordPress/6.6.2; https://grupo-seg.com"
40.77.167.71 - - [21/Sep/2026:02:36:17 +0200] "GET /ihve854191odsme/ HTTP/1.1" 301 5675 "-" "Mozilla/5.0 AppleWebKit/537.36 (KHTML, like Gecko; compatible; bingbot/2.0; +http://www.bing.com/bingbot.htm) Chrome/116.0.1938.76 Safari/537.36"
89.248.107.232 - - [21/Sep/2026:02:36:18 +0200] "POST /wp-admin/admin-ajax.php?action=async_litespeed&nonce=b4cc4c672a&litespeed_type=imgoptm HTTP/1.1" 200 5698 "-" "WordPress/6.6.2; https://grupo-seg.com"
52.167.144.213 - - [21/Sep/2026:02:36:22 +0200] "GET /ibdm1195360ddsgdos/itiopos.htm HTTP/1.1" 301 5689 "-" "Mozilla/5.0 AppleWebKit/537.36 (KHTML, like Gecko; compatible; bingbot/2.0; +http://www.bing.com/bingbot.htm) Chrome/116.0.1938.76 Safari/537.36"
89.248.107.232 - - [21/Sep/2026:02:38:07 +0200] "POST /wp-cron.php?doing_wp_cron=1789951087.4757089614868164062500 HTTP/1.1" 200 5512 "-" "WordPress/6.6.2; https://grupo-seg.com/en/"
52.167.144.139 - - [21/Sep/2026:02:38:07 +0200] "GET /en/?s=2026 HTTP/1.1" 200 88843 "-" "Mozilla/5.0 AppleWebKit/537.36 (KHTML, like Gecko; compatible; bingbot/2.0; +http://www.bing.com/bingbot.htm) Chrome/116.0.1938.76 Safari/537.36"
89.248.107.232 - - [21/Sep/2026:02:38:09 +0200] "POST /wp-admin/admin-ajax.php?action=async_litespeed&nonce=b4cc4c672a&litespeed_type=imgoptm HTTP/1.1" 200 5698 "-" "WordPress/6.6.2; https://grupo-seg.com"
89.248.107.232 - - [21/Sep/2026:02:38:46 +0200] "POST /wp-cron.php?doing_wp_cron=1789951126.2807569503784179687500 HTTP/1.1" 200 5512 "-" "WordPress/6.6.2; https://grupo-seg.com"
198.244.168.238 - - [21/Sep/2026:02:38:45 +0200] "GET /robots.txt HTTP/1.1" 200 5679 "-" "Mozilla/5.0 (compatible; AhrefsBot/7.0; +http://ahrefs.com/robot/)"
89.248.107.232 - - [21/Sep/2026:02:38:46 +0200] "POST /wp-admin/admin-ajax.php?action=async_litespeed&nonce=b4cc4c672a&litespeed_type=imgoptm HTTP/1.1" 200 5698 "-" "WordPress/6.6.2; https://grupo-seg.com"
54.38.147.121 - - [21/Sep/2026:02:38:46 +0200] "GET /en/category/peru-en/ HTTP/1.1" 200 106941 "-" "Mozilla/5.0 (compatible; AhrefsBot/7.0; +http://ahrefs.com/robot/)"
89.248.107.232 - - [21/Sep/2026:02:39:17 +0200] "POST /wp-cron.php?doing_wp_cron=1789951157.6187889575958251953125 HTTP/1.1" 200 5512 "-" "WordPress/6.6.2; https://grupo-seg.com"
52.167.144.139 - - [21/Sep/2026:02:39:17 +0200] "GET /wp-sitemap-taxonomies-category-1.xml HTTP/1.1" 200 6256 "-" "Mozilla/5.0 AppleWebKit/537.36 (KHTML, like Gecko; compatible; bingbot/2.0; +http://www.bing.com/bingbot.htm) Chrome/116.0.1938.76 Safari/537.36"
89.248.107.232 - - [21/Sep/2026:02:40:04 +0200] "POST /wp-cron.php?doing_wp_cron=1789951204.0815849304199218750000 HTTP/1.1" 200 5512 "-" "WordPress/6.6.2; https://grupo-seg.com"
52.167.144.139 - - [21/Sep/2026:02:40:01 +0200] "GET /kfue894722stdodtsupiocidpr.html HTTP/1.1" 404 97436 "-" "Mozilla/5.0 AppleWebKit/537.36 (KHTML, like Gecko; compatible; bingbot/2.0; +http://www.bing.com/bingbot.htm) Chrome/116.0.1938.76 Safari/537.36"
89.248.107.232 - - [21/Sep/2026:02:40:05 +0200] "POST /wp-admin/admin-ajax.php?action=async_litespeed&nonce=b4cc4c672a&litespeed_type=imgoptm HTTP/1.1" 200 5698 "-" "WordPress/6.6.2; https://grupo-seg.com"
173.239.240.233 - - [21/Sep/2026:02:40:15 +0200] "POST /wp-login.php HTTP/1.1" 503 25291 "-" "Mozilla/5.0 (Macintosh; Intel Mac OS X 10_15_7) AppleWebKit/605.1.15 Version/17.0 Safari/605.1.15"
89.248.107.232 - - [21/Sep/2026:02:42:04 +0200] "POST /wp-cron.php?doing_wp_cron=1789951324.7753889560699462890625 HTTP/1.1" 200 5512 "-" "WordPress/6.6.2; https://grupo-seg.com"
193.36.225.235 - - [21/Sep/2026:02:42:04 +0200] "POST /wp-login.php HTTP/1.1" 503 25291 "-" "Mozilla/5.0 (Windows NT 10.0; Win64; x64) AppleWebKit/537.36 Chrome/129.0.0.0 Safari/537.36"
89.248.107.232 - - [21/Sep/2026:02:42:05 +0200] "POST /wp-admin/admin-ajax.php?action=async_litespeed&nonce=b4cc4c672a&litespeed_type=imgoptm HTTP/1.1" 200 5698 "-" "WordPress/6.6.2; https://grupo-seg.com"
89.248.107.232 - - [21/Sep/2026:02:42:32 +0200] "POST /wp-cron.php?doing_wp_cron=1789951352.6584050655364990234375 HTTP/1.1" 200 5512 "-" "WordPress/6.6.2; https://grupo-seg.com"
52.167.144.217 - - [21/Sep/2026:02:42:32 +0200] "GET /elsr253809dodpdisssioogt.htm HTTP/1.1" 404 97421 "-" "Mozilla/5.0 AppleWebKit/537.36 (KHTML, like Gecko; compatible; bingbot/2.0; +http://www.bing.com/bingbot.htm) Chrome/116.0.1938.76 Safari/537.36"
89.248.107.232 - - [21/Sep/2026:02:42:33 +0200] "POST /wp-admin/admin-ajax.php?action=async_litespeed&nonce=b4cc4c672a&litespeed_type=imgoptm HTTP/1.1" 200 5698 "-" "WordPress/6.6.2; https://grupo-seg.com"
89.248.107.232 - - [21/Sep/2026:02:45:44 +0200] "POST /wp-cron.php?doing_wp_cron=1789951544.4689331054687500000000 HTTP/1.1" 200 5512 "-" "WordPress/6.6.2; https://grupo-seg.com/en/"
179.165.156.53 - - [21/Sep/2026:02:45:43 +0200] "GET /en/wp-json/oembed/1.0/embed?url=https%3A%2F%2Fgrupo-seg.com%2Fen%2Fthe-engineering-works-on-the-santiago-batuco-section-are-completed%2F&format=xml HTTP/1.1" 200 8438 "-" "Mozilla/5.0 (X11; Linux x86_64) AppleWebKit/537.36 (KHTML, like Gecko) Opera/105.0.2734.45 Safari/537.36"
205.169.39.2 - - [21/Sep/2026:02:45:44 +0200] "GET / HTTP/1.1" 200 13454 "-" "Mozilla/5.0 (Windows NT 10.0; Win64; x64) AppleWebKit/537.36 (KHTML, like Gecko) Chrome/117.0.5938.132 Safari/537.36"
89.248.107.232 - - [21/Sep/2026:02:45:45 +0200] "POST /wp-admin/admin-ajax.php?action=async_litespeed&nonce=b4cc4c672a&litespeed_type=imgoptm HTTP/1.1" 200 5698 "-" "WordPress/6.6.2; https://grupo-seg.com"
205.169.39.2 - - [21/Sep/2026:02:45:46 +0200] "GET / HTTP/1.1" 200 165847 "-" "Mozilla/5.0 (Windows NT 10.0; Win64; x64) AppleWebKit/537.36 (KHTML, like Gecko) Chrome/117.0.5938.132 Safari/537.36"
205.169.39.2 - - [21/Sep/2026:02:45:51 +0200] "GET /wp-content/litespeed/css/e39920cfd035054e8d060ade4400a9bc.css?ver=04cf4 HTTP/2.0" 200 114608 "https://grupo-seg.com/" "Mozilla/5.0 (Windows NT 10.0; Win64; x64) AppleWebKit/537.36 (KHTML, like Gecko) Chrome/117.0.5938.132 Safari/537.36"
205.169.39.2 - - [21/Sep/2026:02:45:51 +0200] "GET /wp-content/plugins/sitepress-multilingual-cms%207/dist/css/blocks/styles.css HTTP/2.0" 200 6360 "https://grupo-seg.com/" "Mozilla/5.0 (Windows NT 10.0; Win64; x64) AppleWebKit/537.36 (KHTML, like Gecko) Chrome/117.0.5938.132 Safari/537.36"
205.169.39.2 - - [21/Sep/2026:02:45:51 +0200] "GET /wp-content/plugins/sitepress-multilingual-cms%207/templates/language-switchers/legacy-list-horizontal/style.min.css HTTP/2.0" 200 236 "https://grupo-seg.com/" "Mozilla/5.0 (Windows NT 10.0; Win64; x64) AppleWebKit/537.36 (KHTML, like Gecko) Chrome/117.0.5938.132 Safari/537.36"
205.169.39.2 - - [21/Sep/2026:02:45:51 +0200] "GET /wp-content/plugins/sitepress-multilingual-cms%207/templates/language-switchers/menu-item/style.min.css HTTP/2.0" 200 100 "https://grupo-seg.com/" "Mozilla/5.0 (Windows NT 10.0; Win64; x64) AppleWebKit/537.36 (KHTML, like Gecko) Chrome/117.0.5938.132 Safari/537.36"
205.169.39.2 - - [21/Sep/2026:02:45:51 +0200] "GET /wp-content/themes/salient/css/build/style-non-critical.css HTTP/2.0" 200 4553 "https://grupo-seg.com/" "Mozilla/5.0 (Windows NT 10.0; Win64; x64) AppleWebKit/537.36 (KHTML, like Gecko) Chrome/117.0.5938.132 Safari/537.36"
205.169.39.2 - - [21/Sep/2026:02:46:04 +0200] "GET /wp-content/uploads/useanyfont/3503Graphik-Regular.woff2 HTTP/2.0" 200 34332 "https://grupo-seg.com/wp-content/litespeed/css/e39920cfd035054e8d060ade4400a9bc.css?ver=04cf4" "Mozilla/5.0 (X11; Linux x86_64) AppleWebKit/537.36 (KHTML, like Gecko) HeadlessChrome/150.0.0.0 Safari/537.36"
205.169.39.2 - - [21/Sep/2026:02:46:04 +0200] "GET /wp-content/themes/salient/css/fonts/icomoon.woff?v=1.3 HTTP/2.0" 200 21132 "https://grupo-seg.com/wp-content/litespeed/css/e39920cfd035054e8d060ade4400a9bc.css?ver=04cf4" "Mozilla/5.0 (X11; Linux x86_64) AppleWebKit/537.36 (KHTML, like Gecko) HeadlessChrome/150.0.0.0 Safari/537.36"
205.169.39.2 - - [21/Sep/2026:02:46:08 +0200] "GET /wp-content/uploads/useanyfont/3325Graphik-Medium.woff2 HTTP/2.0" 200 37020 "https://grupo-seg.com/wp-content/litespeed/css/e39920cfd035054e8d060ade4400a9bc.css?ver=04cf4" "Mozilla/5.0 (X11; Linux x86_64) AppleWebKit/537.36 (KHTML, like Gecko) HeadlessChrome/150.0.0.0 Safari/537.36"
205.169.39.2 - - [21/Sep/2026:02:46:10 +0200] "GET /wp-content/uploads/useanyfont/9325Graphik-Semibold.woff2 HTTP/2.0" 200 37036 "https://grupo-seg.com/wp-content/litespeed/css/e39920cfd035054e8d060ade4400a9bc.css?ver=04cf4" "Mozilla/5.0 (X11; Linux x86_64) AppleWebKit/537.36 (KHTML, like Gecko) HeadlessChrome/150.0.0.0 Safari/537.36"
205.169.39.2 - - [21/Sep/2026:02:46:18 +0200] "GET /wp-content/uploads/2021/07/SED_logo-1.png HTTP/2.0" 200 28729 "https://grupo-seg.com/" "Mozilla/5.0 (Windows NT 10.0; Win64; x64) AppleWebKit/537.36 (KHTML, like Gecko) Chrome/117.0.5938.132 Safari/537.36"
205.169.39.2 - - [21/Sep/2026:02:46:19 +0200] "GET /wp-content/uploads/2021/07/SED_logo_blanco-1.png HTTP/2.0" 200 26352 "https://grupo-seg.com/" "Mozilla/5.0 (Windows NT 10.0; Win64; x64) AppleWebKit/537.36 (KHTML, like Gecko) Chrome/117.0.5938.132 Safari/537.36"
205.169.39.2 - - [21/Sep/2026:02:46:19 +0200] "GET /wp-content/themes/salient/css/build/plugins/jquery.fancybox.css HTTP/2.0" 200 3131 "https://grupo-seg.com/" "Mozilla/5.0 (Windows NT 10.0; Win64; x64) AppleWebKit/537.36 (KHTML, like Gecko) Chrome/117.0.5938.132 Safari/537.36"
205.169.39.2 - - [21/Sep/2026:02:46:19 +0200] "GET /wp-content/uploads/2022/09/SEG_Quotes_Team-64.jpg HTTP/2.0" 200 170765 "https://grupo-seg.com/" "Mozilla/5.0 (Windows NT 10.0; Win64; x64) AppleWebKit/537.36 (KHTML, like Gecko) Chrome/117.0.5938.132 Safari/537.36"
205.169.39.2 - - [21/Sep/2026:02:46:19 +0200] "GET /wp-content/themes/salient/css/build/off-canvas/core.css HTTP/2.0" 200 3164 "https://grupo-seg.com/" "Mozilla/5.0 (Windows NT 10.0; Win64; x64) AppleWebKit/537.36 (KHTML, like Gecko) Chrome/117.0.5938.132 Safari/537.36"
205.169.39.2 - - [21/Sep/2026:02:46:21 +0200] "GET /wp-content/themes/salient/css/build/off-canvas/fullscreen-legacy.css HTTP/2.0" 200 1425 "https://grupo-seg.com/" "Mozilla/5.0 (Windows NT 10.0; Win64; x64) AppleWebKit/537.36 (KHTML, like Gecko) Chrome/117.0.5938.132 Safari/537.36"
205.169.39.2 - - [21/Sep/2026:02:46:21 +0200] "GET /wp-content/uploads/2022/12/SEG_Icon_Next-Section.png HTTP/2.0" 200 1337 "https://grupo-seg.com/" "Mozilla/5.0 (Windows NT 10.0; Win64; x64) AppleWebKit/537.36 (KHTML, like Gecko) Chrome/117.0.5938.132 Safari/537.36"
205.169.39.2 - - [21/Sep/2026:02:46:25 +0200] "GET /wp-content/uploads/2021/09/SEG_Quienessomos_02b.jpg HTTP/2.0" 200 0 "https://grupo-seg.com/" "Mozilla/5.0 (Windows NT 10.0; Win64; x64) AppleWebKit/537.36 (KHTML, like Gecko) Chrome/117.0.5938.132 Safari/537.36"
205.169.39.2 - - [21/Sep/2026:02:46:25 +0200] "GET /wp-content/uploads/2022/11/SEG_Paises_Portada.jpg HTTP/2.0" 200 0 "https://grupo-seg.com/" "Mozilla/5.0 (Windows NT 10.0; Win64; x64) AppleWebKit/537.36 (KHTML, like Gecko) Chrome/117.0.5938.132 Safari/537.36"
205.169.39.2 - - [21/Sep/2026:02:46:25 +0200] "GET /wp-content/uploads/2021/07/SEG_Video_Portada_low-1.mp4 HTTP/2.0" 206 65536 "https://grupo-seg.com/" "Mozilla/5.0 (Windows NT 10.0; Win64; x64) AppleWebKit/537.36 (KHTML, like Gecko) Chrome/117.0.5938.132 Safari/537.36"
205.169.39.2 - - [21/Sep/2026:02:46:25 +0200] "GET /wp-content/uploads/2021/10/SEG_Portfolio_Header_Transporte.jpg HTTP/2.0" 200 0 "https://grupo-seg.com/" "Mozilla/5.0 (Windows NT 10.0; Win64; x64) AppleWebKit/537.36 (KHTML, like Gecko) Chrome/117.0.5938.132 Safari/537.36"
205.169.39.2 - - [21/Sep/2026:02:46:25 +0200] "GET /wp-content/uploads/2021/09/SEG_Servicios_portada-2.jpg HTTP/2.0" 200 0 "https://grupo-seg.com/" "Mozilla/5.0 (Windows NT 10.0; Win64; x64) AppleWebKit/537.36 (KHTML, like Gecko) Chrome/117.0.5938.132 Safari/537.36"
205.169.39.2 - - [21/Sep/2026:02:46:25 +0200] "GET /wp-content/uploads/2022/09/SEG_Quotes_00_A.png HTTP/2.0" 200 0 "https://grupo-seg.com/" "Mozilla/5.0 (Windows NT 10.0; Win64; x64) AppleWebKit/537.36 (KHTML, like Gecko) Chrome/117.0.5938.132 Safari/537.36"
205.169.39.2 - - [21/Sep/2026:02:46:25 +0200] "GET /wp-content/uploads/2021/07/SEG_Video_Portada_low-1.mp4 HTTP/2.0" 206 24576 "https://grupo-seg.com/" "Mozilla/5.0 (Windows NT 10.0; Win64; x64) AppleWebKit/537.36 (KHTML, like Gecko) Chrome/117.0.5938.132 Safari/537.36"
220.181.108.110 - - [21/Sep/2026:02:46:45 +0200] "GET /wp-content/uploads/2021/09/SEG_Clientes_19.jpg HTTP/2.0" 200 14521 "-" "Baiduspider-image+(+http://www.baidu.com/search/spider.htm)"
89.248.107.232 - - [21/Sep/2026:02:48:46 +0200] "POST /wp-cron.php?doing_wp_cron=1789951726.6450769901275634765625 HTTP/1.1" 200 5512 "-" "WordPress/6.6.2; https://grupo-seg.com"
40.77.167.27 - - [21/Sep/2026:02:48:46 +0200] "GET /ljpadirectoryjrst/177 HTTP/1.1" 404 97421 "-" "Mozilla/5.0 AppleWebKit/537.36 (KHTML, like Gecko; compatible; bingbot/2.0; +http://www.bing.com/bingbot.htm) Chrome/116.0.1938.76 Safari/537.36"
89.248.107.232 - - [21/Sep/2026:02:48:47 +0200] "POST /wp-admin/admin-ajax.php?action=async_litespeed&nonce=b4cc4c672a&litespeed_type=imgoptm HTTP/1.1" 200 5698 "-" "WordPress/6.6.2; https://grupo-seg.com"
89.248.107.232 - - [21/Sep/2026:02:48:56 +0200] "POST /wp-cron.php?doing_wp_cron=1789951735.9788410663604736328125 HTTP/1.1" 200 5512 "-" "WordPress/6.6.2; https://grupo-seg.com"
52.45.194.165 - - [21/Sep/2026:02:48:55 +0200] "GET /paises/paraguay/embed/ HTTP/1.1" 200 25213 "-" "Mozilla/5.0 AppleWebKit/537.36 (KHTML, like Gecko; compatible; Amazonbot/0.1; +https://developer.amazon.com/support/amazonbot) Chrome/119.0.6045.214 Safari/537.36"
89.248.107.232 - - [21/Sep/2026:02:49:00 +0200] "POST /wp-cron.php?doing_wp_cron=1789951740.1617169380187988281250 HTTP/1.1" 200 5512 "-" "WordPress/6.6.2; https://grupo-seg.com"
150.109.10.41 - - [21/Sep/2026:02:48:59 +0200] "GET / HTTP/1.1" 301 5612 "http://alben4000.com" "Mozilla/5.0 (iPhone; CPU iPhone OS 13_2_3 like Mac OS X) AppleWebKit/605.1.15 (KHTML, like Gecko) Version/13.0.3 Mobile/15E148 Safari/604.1"
150.109.10.41 - - [21/Sep/2026:02:49:02 +0200] "GET / HTTP/1.1" 200 157019 "https://www.grupo-seg.com/" "Mozilla/5.0 (iPhone; CPU iPhone OS 13_2_3 like Mac OS X) AppleWebKit/605.1.15 (KHTML, like Gecko) Version/13.0.3 Mobile/15E148 Safari/604.1"
89.248.107.232 - - [21/Sep/2026:02:50:17 +0200] "POST /wp-cron.php?doing_wp_cron=1789951817.3779199123382568359375 HTTP/1.1" 200 5512 "-" "WordPress/6.6.2; https://grupo-seg.com"
162.241.230.122 - - [21/Sep/2026:02:50:16 +0200] "GET /wp-login.php HTTP/1.1" 200 13732 "https://serynco.es/" "Mozilla/5.0 (Macintosh; Intel Mac OS X 10_15_7) AppleWebKit/537.36 (KHTML, like Gecko) Chrome/151.0.0.0 Safari/537.36"
89.248.107.232 - - [21/Sep/2026:02:50:17 +0200] "POST /wp-admin/admin-ajax.php?action=async_litespeed&nonce=b4cc4c672a&litespeed_type=imgoptm HTTP/1.1" 200 5698 "-" "WordPress/6.6.2; https://grupo-seg.com"
162.241.230.122 - - [21/Sep/2026:02:50:18 +0200] "POST /wp-login.php HTTP/1.1" 503 25291 "https://serynco.es/wp-login.php" "Mozilla/5.0 (Macintosh; Intel Mac OS X 10_15_7) AppleWebKit/537.36 (KHTML, like Gecko) Chrome/151.0.0.0 Safari/537.36"
162.241.230.122 - - [21/Sep/2026:02:50:20 +0200] "POST /wp-login.php HTTP/1.1" 503 24038 "https://serynco.es/wp-login.php" "Mozilla/5.0 (Macintosh; Intel Mac OS X 10_15_7) AppleWebKit/537.36 (KHTML, like Gecko) Chrome/151.0.0.0 Safari/537.36"
162.241.230.122 - - [21/Sep/2026:02:50:21 +0200] "POST /wp-login.php HTTP/1.1" 503 24038 "https://serynco.es/wp-login.php" "Mozilla/5.0 (Macintosh; Intel Mac OS X 10_15_7) AppleWebKit/537.36 (KHTML, like Gecko) Chrome/151.0.0.0 Safari/537.36"
162.241.230.122 - - [21/Sep/2026:02:50:22 +0200] "GET /wp-json/wp/v2/users/me HTTP/1.1" 503 24038 "https://serynco.es/" "Mozilla/5.0 (Macintosh; Intel Mac OS X 10_15_7) AppleWebKit/537.36 (KHTML, like Gecko) Chrome/151.0.0.0 Safari/537.36"
162.241.230.122 - - [21/Sep/2026:02:50:23 +0200] "GET /wp-json/wp/v2/users/me HTTP/1.1" 503 24038 "https://serynco.es/" "Mozilla/5.0 (Macintosh; Intel Mac OS X 10_15_7) AppleWebKit/537.36 (KHTML, like Gecko) Chrome/151.0.0.0 Safari/537.36"
162.241.230.122 - - [21/Sep/2026:02:50:24 +0200] "GET /wp-json/wp/v2/users/me HTTP/1.1" 503 24038 "https://serynco.es/" "Mozilla/5.0 (Macintosh; Intel Mac OS X 10_15_7) AppleWebKit/537.36 (KHTML, like Gecko) Chrome/151.0.0.0 Safari/537.36"
89.248.107.232 - - [21/Sep/2026:02:52:03 +0200] "POST /?wordfence_syncAttackData=1789951922.7294 HTTP/1.1" 200 5452 "-" "WordPress/6.6.2; https://grupo-seg.com"
89.248.107.232 - - [21/Sep/2026:02:52:03 +0200] "POST /wp-cron.php?doing_wp_cron=1789951923.7729110717773437500000 HTTP/1.1" 200 5512 "-" "WordPress/6.6.2; https://grupo-seg.com"
40.77.167.33 - - [21/Sep/2026:02:52:02 +0200] "GET /rdsn1726965sdiisopmtt.htm HTTP/1.1" 404 97436 "-" "Mozilla/5.0 AppleWebKit/537.36 (KHTML, like Gecko; compatible; bingbot/2.0; +http://www.bing.com/bingbot.htm) Chrome/116.0.1938.76 Safari/537.36"
89.248.107.232 - - [21/Sep/2026:02:52:04 +0200] "POST /wp-admin/admin-ajax.php?action=async_litespeed&nonce=b4cc4c672a&litespeed_type=imgoptm HTTP/1.1" 200 5698 "-" "WordPress/6.6.2; https://grupo-seg.com"
62.60.130.240 - - [21/Sep/2026:02:52:47 +0200] "GET /accesson.php HTTP/1.1" 403 6501 "-" "Mozilla/5.0 (Macintosh; Intel Mac OS X 10.15) Gecko/20100101 Firefox/122.0"
62.60.130.240 - - [21/Sep/2026:02:52:48 +0200] "GET /.accesson.php HTTP/1.1" 403 6501 "-" "Mozilla/5.0 (Windows NT 10.0; Win64; x64) AppleWebKit/537.36 (KHTML, like Gecko) Chrome/119.0.0.0 Safari/537.36 Edg/119.0.2151.97"
89.248.107.232 - - [21/Sep/2026:02:52:50 +0200] "POST /wp-cron.php?doing_wp_cron=1789951970.3390660285949707031250 HTTP/1.1" 200 5512 "-" "WordPress/6.6.2; https://grupo-seg.com"
62.60.130.240 - - [21/Sep/2026:02:52:49 +0200] "GET /assets/images/accesson.php HTTP/1.1" 404 97626 "-" "Mozilla/5.0 (X11; Linux x86_64) AppleWebKit/537.36 (KHTML, like Gecko) Chrome/120.0.6099.130 Safari/537.36"
89.248.107.232 - - [21/Sep/2026:02:52:50 +0200] "POST /wp-admin/admin-ajax.php?action=async_litespeed&nonce=b4cc4c672a&litespeed_type=imgoptm HTTP/1.1" 200 5698 "-" "WordPress/6.6.2; https://grupo-seg.com"
62.60.130.240 - - [21/Sep/2026:02:52:52 +0200] "GET /wp-content/plugins/background-image-cropper/accesson.php HTTP/1.1" 404 97626 "-" "Mozilla/5.0 (Macintosh; Intel Mac OS X 13_6_2) AppleWebKit/537.36 (KHTML, like Gecko) Chrome/118.0.5993.88 Safari/537.36"
89.248.107.232 - - [21/Sep/2026:02:52:56 +0200] "POST /wp-cron.php?doing_wp_cron=1789951975.9882340431213378906250 HTTP/1.1" 200 5512 "-" "WordPress/6.6.2; https://grupo-seg.com"
62.60.130.240 - - [21/Sep/2026:02:52:55 +0200] "GET /storage/accesson.php HTTP/1.1" 404 97436 "-" "Mozilla/5.0 (X11; Ubuntu; Linux x86_64; rv:118.0.2) Gecko/20100101 Firefox/118.0.2"
89.248.107.232 - - [21/Sep/2026:02:53:36 +0200] "POST /wp-cron.php?doing_wp_cron=1789952016.3021600246429443359375 HTTP/1.1" 200 5512 "-" "WordPress/6.6.2; https://grupo-seg.com"
40.77.167.241 - - [21/Sep/2026:02:53:35 +0200] "GET /vjcl1620623suotm/ricidtepd.html HTTP/1.1" 404 97436 "-" "Mozilla/5.0 AppleWebKit/537.36 (KHTML, like Gecko; compatible; bingbot/2.0; +http://www.bing.com/bingbot.htm) Chrome/116.0.1938.76 Safari/537.36"
89.248.107.232 - - [21/Sep/2026:02:53:36 +0200] "POST /wp-admin/admin-ajax.php?action=async_litespeed&nonce=b4cc4c672a&litespeed_type=imgoptm HTTP/1.1" 200 5698 "-" "WordPress/6.6.2; https://grupo-seg.com"
89.248.107.232 - - [21/Sep/2026:02:54:01 +0200] "POST /wp-cron.php?doing_wp_cron=1789952041.8958029747009277343750 HTTP/1.1" 200 5512 "-" "WordPress/6.6.2; https://grupo-seg.com"
40.77.167.157 - - [21/Sep/2026:02:54:01 +0200] "GET /redomunfurotengu/clientes.html HTTP/1.1" 301 5689 "-" "Mozilla/5.0 AppleWebKit/537.36 (KHTML, like Gecko; compatible; bingbot/2.0; +http://www.bing.com/bingbot.htm) Chrome/116.0.1938.76 Safari/537.36"
89.248.107.232 - - [21/Sep/2026:02:54:06 +0200] "POST /wp-cron.php?doing_wp_cron=1789952046.6613938808441162109375 HTTP/1.1" 200 5512 "-" "WordPress/6.6.2; https://grupo-seg.com"
40.77.167.33 - - [21/Sep/2026:02:54:06 +0200] "GET /lisd488187migoestodids.htm HTTP/1.1" 404 97436 "-" "Mozilla/5.0 AppleWebKit/537.36 (KHTML, like Gecko; compatible; bingbot/2.0; +http://www.bing.com/bingbot.htm) Chrome/116.0.1938.76 Safari/537.36"
89.248.107.232 - - [21/Sep/2026:02:54:45 +0200] "POST /wp-cron.php?doing_wp_cron=1789952085.7840909957885742187500 HTTP/1.1" 200 5512 "-" "WordPress/6.6.2; https://grupo-seg.com"
52.167.144.195 - - [21/Sep/2026:02:54:45 +0200] "GET /zcuh257912smistodtpi.html HTTP/1.1" 404 97436 "-" "Mozilla/5.0 AppleWebKit/537.36 (KHTML, like Gecko; compatible; bingbot/2.0; +http://www.bing.com/bingbot.htm) Chrome/116.0.1938.76 Safari/537.36"
89.248.107.232 - - [21/Sep/2026:02:54:46 +0200] "POST /wp-admin/admin-ajax.php?action=async_litespeed&nonce=b4cc4c672a&litespeed_type=imgoptm HTTP/1.1" 200 5698 "-" "WordPress/6.6.2; https://grupo-seg.com"
89.248.107.232 - - [21/Sep/2026:02:54:55 +0200] "POST /wp-cron.php?doing_wp_cron=1789952095.6988599300384521484375 HTTP/1.1" 200 5512 "-" "WordPress/6.6.2; https://grupo-seg.com"
216.73.216.42 - - [21/Sep/2026:02:54:55 +0200] "GET /category/espana/feed/ HTTP/1.1" 200 24382 "-" "Mozilla/5.0 AppleWebKit/537.36 (KHTML, like Gecko; compatible; ClaudeBot/1.0; +claudebot@anthropic.com)"
89.248.107.232 - - [21/Sep/2026:02:55:35 +0200] "POST /wp-cron.php?doing_wp_cron=1789952134.9638190269470214843750 HTTP/1.1" 200 5512 "-" "WordPress/6.6.2; https://grupo-seg.com"
40.77.167.241 - - [21/Sep/2026:02:55:34 +0200] "GET /boml26524imtpt/ HTTP/1.1" 404 97436 "-" "Mozilla/5.0 AppleWebKit/537.36 (KHTML, like Gecko; compatible; bingbot/2.0; +http://www.bing.com/bingbot.htm) Chrome/116.0.1938.76 Safari/537.36"
89.248.107.232 - - [21/Sep/2026:02:55:35 +0200] "POST /wp-admin/admin-ajax.php?action=async_litespeed&nonce=b4cc4c672a&litespeed_type=imgoptm HTTP/1.1" 200 5698 "-" "WordPress/6.6.2; https://grupo-seg.com"
89.248.107.232 - - [21/Sep/2026:02:55:49 +0200] "POST /wp-cron.php?doing_wp_cron=1789952149.1184310913085937500000 HTTP/1.1" 200 5512 "-" "WordPress/6.6.2; https://grupo-seg.com"
216.73.216.42 - - [21/Sep/2026:02:55:48 +0200] "GET /category/peru/ HTTP/1.1" 200 106648 "-" "Mozilla/5.0 AppleWebKit/537.36 (KHTML, like Gecko; compatible; ClaudeBot/1.0; +claudebot@anthropic.com)"
89.248.107.232 - - [21/Sep/2026:03:01:35 +0200] "POST /wp-cron.php?doing_wp_cron=1789952495.4750180244445800781250 HTTP/1.1" 200 5512 "-" "WordPress/6.6.2; https://grupo-seg.com"
173.239.240.245 - - [21/Sep/2026:03:01:35 +0200] "POST /wp-login.php HTTP/1.1" 503 25291 "-" "Mozilla/5.0 (Windows NT 10.0; Win64; x64) AppleWebKit/537.36 Chrome/129.0.0.0 Safari/537.36"
89.248.107.232 - - [21/Sep/2026:03:01:36 +0200] "POST /wp-admin/admin-ajax.php?action=async_litespeed&nonce=b4cc4c672a&litespeed_type=imgoptm HTTP/1.1" 200 5698 "-" "WordPress/6.6.2; https://grupo-seg.com"
89.248.107.232 - - [21/Sep/2026:03:03:48 +0200] "POST /wp-cron.php?doing_wp_cron=1789952628.1714439392089843750000 HTTP/1.1" 200 5512 "-" "WordPress/6.6.2; https://grupo-seg.com"
202.28.17.8 - - [21/Sep/2026:03:03:47 +0200] "GET /wp-login.php HTTP/1.1" 200 13732 "-" "Apache-HttpClient/5.3.1 (Java/17.0.7)"
89.248.107.232 - - [21/Sep/2026:03:03:48 +0200] "POST /wp-admin/admin-ajax.php?action=async_litespeed&nonce=b4cc4c672a&litespeed_type=imgoptm HTTP/1.1" 200 5698 "-" "WordPress/6.6.2; https://grupo-seg.com"
202.28.17.8 - - [21/Sep/2026:03:03:49 +0200] "GET /wp-admin/ HTTP/1.1" 302 5685 "https://alben4000.com/wp-login.php" "Mozilla/5.0 (Windows NT 10.0; Win64; x64) AppleWebKit/537.36 (KHTML, like Gecko) Chrome/126.0.0.0 Safari/537.36"
202.28.17.8 - - [21/Sep/2026:03:03:51 +0200] "GET /wp-login.php?redirect_to=https%3A%2F%2Fwww.grupo-seg.com%2Fwp-admin%2F&reauth=1 HTTP/1.1" 200 15700 "https://alben4000.com/wp-login.php" "Mozilla/5.0 (Windows NT 10.0; Win64; x64) AppleWebKit/537.36 (KHTML, like Gecko) Chrome/126.0.0.0 Safari/537.36"
89.248.107.232 - - [21/Sep/2026:03:04:00 +0200] "POST /wp-cron.php?doing_wp_cron=1789952640.8865740299224853515625 HTTP/1.1" 200 5512 "-" "WordPress/6.6.2; https://grupo-seg.com"
107.172.170.102 - - [21/Sep/2026:03:04:00 +0200] "GET /wp-login.php HTTP/1.1" 200 13732 "-" "Apache-HttpClient/5.3.1 (Java/17.0.7)"
89.248.107.232 - - [21/Sep/2026:03:04:05 +0200] "POST /wp-cron.php?doing_wp_cron=1789952645.6406679153442382812500 HTTP/1.1" 200 5512 "-" "WordPress/6.6.2; https://grupo-seg.com"
107.172.170.102 - - [21/Sep/2026:03:04:04 +0200] "GET /wp-admin/ HTTP/1.1" 302 5685 "https://alben4000.com/wp-login.php" "Mozilla/5.0 (Windows NT 10.0; Win64; x64) AppleWebKit/537.36 (KHTML, like Gecko) Chrome/126.0.0.0 Safari/537.36"
107.172.170.102 - - [21/Sep/2026:03:04:08 +0200] "GET /wp-login.php?redirect_to=https%3A%2F%2Fwww.grupo-seg.com%2Fwp-admin%2F&reauth=1 HTTP/1.1" 200 15700 "https://alben4000.com/wp-login.php" "Mozilla/5.0 (Windows NT 10.0; Win64; x64) AppleWebKit/537.36 (KHTML, like Gecko) Chrome/126.0.0.0 Safari/537.36"
89.248.107.232 - - [21/Sep/2026:03:04:11 +0200] "POST /wp-cron.php?doing_wp_cron=1789952651.3215279579162597656250 HTTP/1.1" 200 5512 "-" "WordPress/6.6.2; https://grupo-seg.com"
91.240.64.6 - - [21/Sep/2026:03:04:10 +0200] "GET /wp-login.php HTTP/1.1" 200 13732 "-" "Apache-HttpClient/5.3.1 (Java/17.0.7)"
91.240.64.6 - - [21/Sep/2026:03:04:11 +0200] "GET /wp-admin/ HTTP/1.1" 302 5685 "https://alben4000.com/wp-login.php" "Mozilla/5.0 (Windows NT 10.0; Win64; x64) AppleWebKit/537.36 (KHTML, like Gecko) Chrome/126.0.0.0 Safari/537.36"
91.240.64.6 - - [21/Sep/2026:03:04:13 +0200] "GET /wp-login.php?redirect_to=https%3A%2F%2Fwww.grupo-seg.com%2Fwp-admin%2F&reauth=1 HTTP/1.1" 200 15700 "https://alben4000.com/wp-login.php" "Mozilla/5.0 (Windows NT 10.0; Win64; x64) AppleWebKit/537.36 (KHTML, like Gecko) Chrome/126.0.0.0 Safari/537.36"
89.248.107.232 - - [21/Sep/2026:03:05:29 +0200] "POST /wp-cron.php?doing_wp_cron=1789952729.6103610992431640625000 HTTP/1.1" 200 5512 "-" "WordPress/6.6.2; https://grupo-seg.com"
40.77.167.157 - - [21/Sep/2026:03:05:29 +0200] "GET /kfue1743781oidoids/sdopstg.htm HTTP/1.1" 301 5689 "-" "Mozilla/5.0 AppleWebKit/537.36 (KHTML, like Gecko; compatible; bingbot/2.0; +http://www.bing.com/bingbot.htm) Chrome/116.0.1938.76 Safari/537.36"
89.248.107.232 - - [21/Sep/2026:03:05:30 +0200] "POST /wp-admin/admin-ajax.php?action=async_litespeed&nonce=b4cc4c672a&litespeed_type=imgoptm HTTP/1.1" 200 5698 "-" "WordPress/6.6.2; https://grupo-seg.com"
89.248.107.232 - - [21/Sep/2026:03:06:13 +0200] "POST /wp-cron.php?doing_wp_cron=1789952773.1369800567626953125000 HTTP/1.1" 200 5512 "-" "WordPress/6.6.2; https://grupo-seg.com"
74.7.175.137 - - [21/Sep/2026:03:06:12 +0200] "GET /robots.txt HTTP/1.1" 200 5679 "-" "Mozilla/5.0 (Macintosh; Intel Mac OS X 10_15_7) AppleWebKit/537.36 (KHTML, like Gecko) Chrome/131.0.0.0 Safari/537.36; compatible; OAI-SearchBot/1.4; robots.txt; +https://openai.com/searchbot"
