43.165.198.224 - - [20/Sep/2026:16:23:03 +0200] "GET / HTTP/1.1" 200 157019 "https://www.grupo-seg.com/" "Mozilla/5.0 (iPhone; CPU iPhone OS 13_2_3 like Mac OS X) AppleWebKit/605.1.15 (KHTML, like Gecko) Version/13.0.3 Mobile/15E148 Safari/604.1"
89.248.107.232 - - [20/Sep/2026:16:23:44 +0200] "POST /wp-cron.php?doing_wp_cron=1789914224.7219181060791015625000 HTTP/1.1" 200 5512 "-" "WordPress/6.6.2; https://grupo-seg.com"
45.94.217.243 - - [20/Sep/2026:16:23:44 +0200] "GET /sobre-nosotros/ HTTP/1.1" 200 13454 "-" "Mozilla/5.0 (Macintosh; Intel Mac OS X 10.15; rv:133.0) Gecko/20100101 Firefox/133.0"
89.248.107.232 - - [20/Sep/2026:16:23:45 +0200] "POST /wp-admin/admin-ajax.php?action=async_litespeed&nonce=16c258032d&litespeed_type=imgoptm HTTP/1.1" 200 5698 "-" "WordPress/6.6.2; https://grupo-seg.com"
78.90.120.188 - - [20/Sep/2026:16:23:48 +0200] "GET /sobre-nosotros/ HTTP/1.1" 200 257564 "-" "Mozilla/5.0 (Macintosh; Intel Mac OS X 10.15; rv:133.0) Gecko/20100101 Firefox/133.0"
89.248.107.232 - - [20/Sep/2026:16:23:57 +0200] "POST /wp-cron.php?doing_wp_cron=1789914237.5287740230560302734375 HTTP/1.1" 200 5512 "-" "WordPress/6.6.2; https://grupo-seg.com"
197.184.110.247 - - [20/Sep/2026:16:23:56 +0200] "GET /sobre-nosotros/ HTTP/1.1" 200 257609 "-" "Mozilla/5.0 (Macintosh; Intel Mac OS X 10_15_7) AppleWebKit/537.36 (KHTML, like Gecko) Chrome/119.0.0.0 Safari/537.36"
138.84.71.56 - - [20/Sep/2026:16:23:57 +0200] "GET /paises/espana/ HTTP/1.1" 200 161000 "-" "Mozilla/5.0 (Macintosh; Intel Mac OS X 10_15_7) AppleWebKit/537.36 (KHTML, like Gecko) Chrome/142.0.0.0 Safari/537.36"
89.248.107.232 - - [20/Sep/2026:16:24:02 +0200] "POST /wp-cron.php?doing_wp_cron=1789914242.7464830875396728515625 HTTP/1.1" 200 5512 "-" "WordPress/6.6.2; https://grupo-seg.com"
125.161.143.124 - - [20/Sep/2026:16:24:02 +0200] "GET /sobre-nosotros/ HTTP/1.1" 200 257609 "-" "Mozilla/5.0 (Macintosh; Intel Mac OS X 10_15_7) AppleWebKit/537.36 (KHTML, like Gecko) Chrome/119.0.0.0 Safari/537.36"
89.248.107.232 - - [20/Sep/2026:16:24:58 +0200] "POST /wp-cron.php?doing_wp_cron=1789914298.2237720489501953125000 HTTP/1.1" 200 5512 "-" "WordPress/6.6.2; https://grupo-seg.com"
216.73.216.65 - - [20/Sep/2026:16:24:57 +0200] "GET /robots.txt HTTP/1.1" 200 5679 "-" "Mozilla/5.0 AppleWebKit/537.36 (KHTML, like Gecko; compatible; ClaudeBot/1.0; +claudebot@anthropic.com)"
89.248.107.232 - - [20/Sep/2026:16:24:58 +0200] "POST /wp-admin/admin-ajax.php?action=async_litespeed&nonce=16c258032d&litespeed_type=imgoptm HTTP/1.1" 200 5698 "-" "WordPress/6.6.2; https://grupo-seg.com"
89.248.107.232 - - [20/Sep/2026:16:25:02 +0200] "POST /wp-cron.php?doing_wp_cron=1789914302.0006740093231201171875 HTTP/1.1" 200 5512 "-" "WordPress/6.6.2; https://grupo-seg.com"
216.73.216.65 - - [20/Sep/2026:16:25:01 +0200] "GET /wp-sitemap.xml HTTP/1.1" 200 6217 "-" "Mozilla/5.0 AppleWebKit/537.36 (KHTML, like Gecko; compatible; ClaudeBot/1.0; +claudebot@anthropic.com)"
89.248.107.232 - - [20/Sep/2026:16:26:57 +0200] "POST /wp-cron.php?doing_wp_cron=1789914417.8333439826965332031250 HTTP/1.1" 200 5512 "-" "WordPress/6.6.2; https://grupo-seg.com"
35.198.113.100 - - [20/Sep/2026:16:26:57 +0200] "GET /robots.txt HTTP/1.1" 200 5679 "-" "LinkupBot/1.0 (LinkupBot for web indexing; https://linkup.so/bot; bot@linkup.so)"
35.198.113.100 - - [20/Sep/2026:16:26:58 +0200] "GET /en/the-works-for-the-restoration-of-the-railway-on-the-madrid-hendaya-line-gabiria-spain-are-progressing/ HTTP/1.1" 200 123129 "-" "LinkupBot/1.0 (LinkupBot for web indexing; https://linkup.so/bot; bot@linkup.so)"
89.248.107.232 - - [20/Sep/2026:16:26:58 +0200] "POST /wp-admin/admin-ajax.php?action=async_litespeed&nonce=16c258032d&litespeed_type=imgoptm HTTP/1.1" 200 5698 "-" "WordPress/6.6.2; https://grupo-seg.com"
89.248.107.232 - - [20/Sep/2026:16:27:01 +0200] "POST /wp-cron.php?doing_wp_cron=1789914421.1676549911499023437500 HTTP/1.1" 200 5512 "-" "WordPress/6.6.2; https://grupo-seg.com"
35.198.113.100 - - [20/Sep/2026:16:27:00 +0200] "GET /portfolio/gerencia-de-obras-de-la-creacion-del-parque-de-la-tecnologia-e-innovacion-para-el-agro-de-la-universidad-nacional-agraria/ HTTP/1.1" 200 117768 "-" "LinkupBot/1.0 (LinkupBot for web indexing; https://linkup.so/bot; bot@linkup.so)"
89.248.107.232 - - [20/Sep/2026:16:27:03 +0200] "POST /wp-cron.php?doing_wp_cron=1789914423.1181199550628662109375 HTTP/1.1" 200 5512 "-" "WordPress/6.6.2; https://grupo-seg.com"
52.167.144.235 - - [20/Sep/2026:16:27:02 +0200] "GET /arcd726951siooddtcroudgpid.htm HTTP/1.1" 404 97436 "-" "Mozilla/5.0 AppleWebKit/537.36 (KHTML, like Gecko; compatible; bingbot/2.0; +http://www.bing.com/bingbot.htm) Chrome/116.0.1938.76 Safari/537.36"
35.198.113.100 - - [20/Sep/2026:16:27:08 +0200] "GET /en/portfolio/consultancy-for-the-updating-complementing-and-generation-of-the-environmental-viability-for-the-expansion-works-of-the-chingaza-system/ HTTP/1.1" 200 118190 "-" "LinkupBot/1.0 (LinkupBot for web indexing; https://linkup.so/bot; bot@linkup.so)"
35.198.113.100 - - [20/Sep/2026:16:27:11 +0200] "GET /en/portfolio/adif-northern-zone-audits/ HTTP/1.1" 200 116799 "-" "LinkupBot/1.0 (LinkupBot for web indexing; https://linkup.so/bot; bot@linkup.so)"
35.198.113.100 - - [20/Sep/2026:16:27:13 +0200] "GET /en/portfolio/rehabilitation-of-la-gavia-park/ HTTP/1.1" 200 116826 "-" "LinkupBot/1.0 (LinkupBot for web indexing; https://linkup.so/bot; bot@linkup.so)"
35.198.113.100 - - [20/Sep/2026:16:27:15 +0200] "GET /en/portfolio/technical-financial-administrative-and-environmental-supervision-for-the-sewage-system-of-the-buenaventura-district/ HTTP/1.1" 200 117922 "-" "LinkupBot/1.0 (LinkupBot for web indexing; https://linkup.so/bot; bot@linkup.so)"
35.198.113.100 - - [20/Sep/2026:16:27:18 +0200] "GET /en/portfolio/engineering-study-for-the-construction-of-the-passenger-terminal-at-the-puerto-maldonado-airport/ HTTP/1.1" 200 117760 "-" "LinkupBot/1.0 (LinkupBot for web indexing; https://linkup.so/bot; bot@linkup.so)"
35.198.113.100 - - [20/Sep/2026:16:27:21 +0200] "GET /en/project-type/%C2%B7-colombia/ HTTP/1.1" 200 115638 "-" "LinkupBot/1.0 (LinkupBot for web indexing; https://linkup.so/bot; bot@linkup.so)"
89.248.107.232 - - [20/Sep/2026:16:32:22 +0200] "POST /wp-cron.php?doing_wp_cron=1789914742.2131309509277343750000 HTTP/1.1" 200 5512 "-" "WordPress/6.6.2; https://grupo-seg.com"
196.191.122.41 - - [20/Sep/2026:16:32:21 +0200] "GET /portfolio/supervision-de-la-construccion-de-la-via-costa-verde-tramo-el-callao/ HTTP/1.1" 200 117115 "-" "Mozilla/5.0 (Windows NT 10.0; WOW64; rv:127.0) Gecko/20100101 Firefox/127.0"
89.248.107.232 - - [20/Sep/2026:16:32:23 +0200] "POST /wp-admin/admin-ajax.php?action=async_litespeed&nonce=16c258032d&litespeed_type=imgoptm HTTP/1.1" 200 5698 "-" "WordPress/6.6.2; https://grupo-seg.com"
89.248.107.232 - - [20/Sep/2026:16:32:34 +0200] "POST /wp-cron.php?doing_wp_cron=1789914754.6210720539093017578125 HTTP/1.1" 200 5512 "-" "WordPress/6.6.2; https://grupo-seg.com"
51.68.236.94 - - [20/Sep/2026:16:32:34 +0200] "GET /robots.txt HTTP/1.1" 200 5679 "-" "Mozilla/5.0 (compatible; MJ12bot/v2.0.5; http://mj12bot.com/)"
89.248.107.232 - - [20/Sep/2026:16:32:36 +0200] "POST /wp-admin/admin-ajax.php?action=async_litespeed&nonce=16c258032d&litespeed_type=imgoptm HTTP/1.1" 200 5698 "-" "WordPress/6.6.2; https://grupo-seg.com"
51.68.236.94 - - [20/Sep/2026:16:32:35 +0200] "GET / HTTP/1.1" 200 165847 "-" "Mozilla/5.0 (compatible; MJ12bot/v2.0.5; http://mj12bot.com/)"
89.248.107.232 - - [20/Sep/2026:16:33:14 +0200] "POST /wp-cron.php?doing_wp_cron=1789914793.9877650737762451171875 HTTP/1.1" 200 5512 "-" "WordPress/6.6.2; https://grupo-seg.com"
20.217.188.224 - - [20/Sep/2026:16:33:13 +0200] "GET / HTTP/1.1" 200 165847 "-" "Mozilla/5.0 (Windows NT 10.0; Win64; x64) AppleWebKit/537.36 (KHTML, like Gecko) Chrome/120.0.0.0 Safari/537.36"
89.248.107.232 - - [20/Sep/2026:16:33:42 +0200] "POST /wp-cron.php?doing_wp_cron=1789914822.1213829517364501953125 HTTP/1.1" 200 5512 "-" "WordPress/6.6.2; https://grupo-seg.com"
20.217.188.224 - - [20/Sep/2026:16:33:41 +0200] "GET / HTTP/1.1" 301 5612 "-" "Mozilla/5.0 (Windows NT 10.0; Win64; x64) AppleWebKit/537.36 (KHTML, like Gecko) Chrome/120.0.0.0 Safari/537.36"
89.248.107.232 - - [20/Sep/2026:16:33:42 +0200] "POST /wp-admin/admin-ajax.php?action=async_litespeed&nonce=16c258032d&litespeed_type=imgoptm HTTP/1.1" 200 5698 "-" "WordPress/6.6.2; https://grupo-seg.com"
20.217.188.224 - - [20/Sep/2026:16:33:42 +0200] "GET / HTTP/1.1" 200 165817 "-" "Mozilla/5.0 (Windows NT 10.0; Win64; x64) AppleWebKit/537.36 (KHTML, like Gecko) Chrome/120.0.0.0 Safari/537.36"
89.248.107.232 - - [20/Sep/2026:16:33:55 +0200] "POST /wp-cron.php?doing_wp_cron=1789914835.3415069580078125000000 HTTP/1.1" 200 5512 "-" "WordPress/6.6.2; https://grupo-seg.com"
20.217.188.224 - - [20/Sep/2026:16:33:54 +0200] "GET / HTTP/1.1" 301 5612 "-" "Mozilla/5.0 (Windows NT 10.0; Win64; x64) AppleWebKit/537.36 (KHTML, like Gecko) Chrome/120.0.0.0 Safari/537.36"
20.217.188.224 - - [20/Sep/2026:16:33:55 +0200] "GET / HTTP/1.1" 200 165847 "-" "Mozilla/5.0 (Windows NT 10.0; Win64; x64) AppleWebKit/537.36 (KHTML, like Gecko) Chrome/120.0.0.0 Safari/537.36"
89.248.107.232 - - [20/Sep/2026:16:34:58 +0200] "POST /wp-cron.php?doing_wp_cron=1789914898.3200259208679199218750 HTTP/1.1" 200 5512 "-" "WordPress/6.6.2; https://grupo-seg.com"
20.217.188.224 - - [20/Sep/2026:16:34:57 +0200] "GET / HTTP/1.1" 200 165847 "-" "Mozilla/5.0 (Windows NT 10.0; Win64; x64) AppleWebKit/537.36 (KHTML, like Gecko) Chrome/120.0.0.0 Safari/537.36"
89.248.107.232 - - [20/Sep/2026:16:35:00 +0200] "POST /wp-admin/admin-ajax.php?action=async_litespeed&nonce=16c258032d&litespeed_type=imgoptm HTTP/1.1" 200 5698 "-" "WordPress/6.6.2; https://grupo-seg.com"
89.248.107.232 - - [20/Sep/2026:16:35:36 +0200] "POST /wp-cron.php?doing_wp_cron=1789914936.6903159618377685546875 HTTP/1.1" 200 5512 "-" "WordPress/6.6.2; https://grupo-seg.com"
150.109.46.88 - - [20/Sep/2026:16:35:36 +0200] "GET / HTTP/1.1" 200 157019 "https://seg-sa.es/" "Mozilla/5.0 (iPhone; CPU iPhone OS 13_2_3 like Mac OS X) AppleWebKit/605.1.15 (KHTML, like Gecko) Version/13.0.3 Mobile/15E148 Safari/604.1"
89.248.107.232 - - [20/Sep/2026:16:35:37 +0200] "POST /wp-admin/admin-ajax.php?action=async_litespeed&nonce=16c258032d&litespeed_type=imgoptm HTTP/1.1" 200 5698 "-" "WordPress/6.6.2; https://grupo-seg.com"
89.248.107.232 - - [20/Sep/2026:16:37:23 +0200] "POST /wp-cron.php?doing_wp_cron=1789915043.1990749835968017578125 HTTP/1.1" 200 5512 "-" "WordPress/6.6.2; https://grupo-seg.com"
103.212.121.188 - - [20/Sep/2026:16:37:22 +0200] "GET / HTTP/1.1" 200 165847 "-" "Mozilla/5.0 (Macintosh; Intel Mac OS X 10_15_7) AppleWebKit/537.36 (KHTML, like Gecko) Chrome/124.0 Safari/537.36"
89.248.107.232 - - [20/Sep/2026:16:37:25 +0200] "POST /wp-admin/admin-ajax.php?action=async_litespeed&nonce=16c258032d&litespeed_type=imgoptm HTTP/1.1" 200 5698 "-" "WordPress/6.6.2; https://grupo-seg.com"
35.198.113.100 - - [20/Sep/2026:16:37:29 +0200] "GET /robots.txt HTTP/1.1" 200 5679 "-" "LinkupBot/1.0 (LinkupBot for web indexing; https://linkup.so/bot; bot@linkup.so)"
35.198.113.100 - - [20/Sep/2026:16:37:29 +0200] "GET /portfolio/asesoria-para-concesion-longitudinal-de-la-sierra-tramo-4/ HTTP/1.1" 200 116873 "-" "LinkupBot/1.0 (LinkupBot for web indexing; https://linkup.so/bot; bot@linkup.so)"
35.198.113.100 - - [20/Sep/2026:16:37:33 +0200] "GET /category/chile/ HTTP/1.1" 200 102512 "-" "LinkupBot/1.0 (LinkupBot for web indexing; https://linkup.so/bot; bot@linkup.so)"
35.198.113.100 - - [20/Sep/2026:16:37:35 +0200] "GET /portfolio/gerencia-de-obra-de-la-rehabilitacion-de-las-pistas-del-aeropuerto-del-tacna-y-el-aeropuerto-de-arequipa/ HTTP/1.1" 200 117561 "-" "LinkupBot/1.0 (LinkupBot for web indexing; https://linkup.so/bot; bot@linkup.so)"
35.198.113.100 - - [20/Sep/2026:16:37:38 +0200] "GET /supervision-de-la-construccion-del-centro-tecnologico-para-el-tratamiento-de-la-informacion-sunat-lima-peru/ HTTP/1.1" 200 120991 "-" "LinkupBot/1.0 (LinkupBot for web indexing; https://linkup.so/bot; bot@linkup.so)"
89.248.107.232 - - [20/Sep/2026:16:37:40 +0200] "POST /wp-cron.php?doing_wp_cron=1789915060.4617760181427001953125 HTTP/1.1" 200 5512 "-" "WordPress/6.6.2; https://grupo-seg.com/en/"
35.198.113.100 - - [20/Sep/2026:16:37:40 +0200] "GET /en/portfolio/consultancy-for-the-feasibility-study-and-design-for-the-construction-of-the-pacific-coast-highway-2/ HTTP/1.1" 200 117831 "-" "LinkupBot/1.0 (LinkupBot for web indexing; https://linkup.so/bot; bot@linkup.so)"
89.248.107.232 - - [20/Sep/2026:16:37:43 +0200] "POST /wp-cron.php?doing_wp_cron=1789915062.9814879894256591796875 HTTP/1.1" 200 5512 "-" "WordPress/6.6.2; https://grupo-seg.com"
35.198.113.100 - - [20/Sep/2026:16:37:42 +0200] "GET /portfolio/proyecto-ciudad-esperanza-en-arraijan/ HTTP/1.1" 200 116576 "-" "LinkupBot/1.0 (LinkupBot for web indexing; https://linkup.so/bot; bot@linkup.so)"
35.198.113.100 - - [20/Sep/2026:16:37:45 +0200] "GET /portfolio/rehabilitacion-del-parque-de-la-gavia/ HTTP/1.1" 200 116550 "-" "LinkupBot/1.0 (LinkupBot for web indexing; https://linkup.so/bot; bot@linkup.so)"
35.198.113.100 - - [20/Sep/2026:16:37:47 +0200] "GET /portfolio/interventoria-integral-al-contrato-de-la-concesion-troncal-del-magadalena-2/ HTTP/1.1" 200 117184 "-" "LinkupBot/1.0 (LinkupBot for web indexing; https://linkup.so/bot; bot@linkup.so)"
89.248.107.232 - - [20/Sep/2026:16:38:34 +0200] "POST /wp-cron.php?doing_wp_cron=1789915114.0705919265747070312500 HTTP/1.1" 200 5512 "-" "WordPress/6.6.2; https://grupo-seg.com"
40.77.167.71 - - [20/Sep/2026:16:38:33 +0200] "GET /zcuh2022mogesdtoiids HTTP/1.1" 404 97436 "-" "Mozilla/5.0 AppleWebKit/537.36 (KHTML, like Gecko; compatible; bingbot/2.0; +http://www.bing.com/bingbot.htm) Chrome/116.0.1938.76 Safari/537.36"
40.77.167.121 - - [20/Sep/2026:16:38:35 +0200] "GET /ptse552727ptrocii/buzon-sugerencias.html HTTP/1.1" 301 5699 "-" "Mozilla/5.0 AppleWebKit/537.36 (KHTML, like Gecko; compatible; bingbot/2.0; +http://www.bing.com/bingbot.htm) Chrome/116.0.1938.76 Safari/537.36"
89.248.107.232 - - [20/Sep/2026:16:38:35 +0200] "POST /wp-admin/admin-ajax.php?action=async_litespeed&nonce=16c258032d&litespeed_type=imgoptm HTTP/1.1" 200 5698 "-" "WordPress/6.6.2; https://grupo-seg.com"
52.167.144.235 - - [20/Sep/2026:16:38:36 +0200] "GET /npsi1677081rcomepididutst.htm HTTP/1.1" 404 97421 "-" "Mozilla/5.0 AppleWebKit/537.36 (KHTML, like Gecko; compatible; bingbot/2.0; +http://www.bing.com/bingbot.htm) Chrome/116.0.1938.76 Safari/537.36"
89.248.107.232 - - [20/Sep/2026:16:38:40 +0200] "POST /wp-cron.php?doing_wp_cron=1789915120.6030650138854980468750 HTTP/1.1" 200 5512 "-" "WordPress/6.6.2; https://grupo-seg.com"
40.77.167.71 - - [20/Sep/2026:16:38:40 +0200] "GET /twuk43109z0i95431/ds2st8p7o6.html HTTP/1.1" 404 97436 "-" "Mozilla/5.0 AppleWebKit/537.36 (KHTML, like Gecko; compatible; bingbot/2.0; +http://www.bing.com/bingbot.htm) Chrome/116.0.1938.76 Safari/537.36"
89.248.107.232 - - [20/Sep/2026:16:38:58 +0200] "POST /wp-cron.php?doing_wp_cron=1789915138.2285699844360351562500 HTTP/1.1" 200 5512 "-" "WordPress/6.6.2; https://grupo-seg.com"
40.77.167.7 - - [20/Sep/2026:16:38:57 +0200] "GET /zekushioaianshafu/0006370031.html HTTP/1.1" 301 5692 "-" "Mozilla/5.0 AppleWebKit/537.36 (KHTML, like Gecko; compatible; bingbot/2.0; +http://www.bing.com/bingbot.htm) Chrome/116.0.1938.76 Safari/537.36"
89.248.107.232 - - [20/Sep/2026:16:39:11 +0200] "POST /wp-cron.php?doing_wp_cron=1789915151.0901339054107666015625 HTTP/1.1" 200 5512 "-" "WordPress/6.6.2; https://grupo-seg.com"
52.167.144.195 - - [20/Sep/2026:16:39:10 +0200] "GET /ferry8q/contacto.html HTTP/1.1" 301 5680 "-" "Mozilla/5.0 AppleWebKit/537.36 (KHTML, like Gecko; compatible; bingbot/2.0; +http://www.bing.com/bingbot.htm) Chrome/116.0.1938.76 Safari/537.36"
89.248.107.232 - - [20/Sep/2026:16:39:27 +0200] "POST /wp-cron.php?doing_wp_cron=1789915167.2449469566345214843750 HTTP/1.1" 200 5512 "-" "WordPress/6.6.2; https://grupo-seg.com"
83.217.213.120 - - [20/Sep/2026:16:39:26 +0200] "GET /contactanos/ HTTP/1.1" 301 5671 "https://www.grupo-seg.com/contactanos/" "Mozilla/5.0 (Windows NT 10.0; Win64; x64) AppleWebKit/537.36 (KHTML, like Gecko) Chrome/131.0.0.0 Safari/537.36 Avast/131.0.0.0"
89.248.107.232 - - [20/Sep/2026:16:39:28 +0200] "POST /wp-admin/admin-ajax.php?action=async_litespeed&nonce=16c258032d&litespeed_type=imgoptm HTTP/1.1" 200 5698 "-" "WordPress/6.6.2; https://grupo-seg.com"
83.217.213.120 - - [20/Sep/2026:16:39:27 +0200] "GET /contactanos/ HTTP/1.1" 404 97421 "https://grupo-seg.com/contactanos/" "Mozilla/5.0 (Windows NT 10.0; Win64; x64) AppleWebKit/537.36 (KHTML, like Gecko) Chrome/131.0.0.0 Safari/537.36 Avast/131.0.0.0"
83.217.213.120 - - [20/Sep/2026:16:39:29 +0200] "GET /contacto/ HTTP/1.1" 200 199636 "https://grupo-seg.com/contacto/" "Mozilla/5.0 (Windows NT 10.0; Win64; x64) AppleWebKit/537.36 (KHTML, like Gecko) Chrome/131.0.0.0 Safari/537.36 Avast/131.0.0.0"
40.77.167.71 - - [20/Sep/2026:16:39:35 +0200] "GET /irkj77935mtgoeii/odsds HTTP/1.1" 404 97421 "-" "Mozilla/5.0 AppleWebKit/537.36 (KHTML, like Gecko; compatible; bingbot/2.0; +http://www.bing.com/bingbot.htm) Chrome/116.0.1938.76 Safari/537.36"
89.248.107.232 - - [20/Sep/2026:16:40:02 +0200] "POST /wp-cron.php?doing_wp_cron=1789915202.2945590019226074218750 HTTP/1.1" 200 5512 "-" "WordPress/6.6.2; https://grupo-seg.com"
40.77.167.27 - - [20/Sep/2026:16:40:01 +0200] "GET /abex139580z3p95s40s8o1d7t6i2 HTTP/1.1" 404 97436 "-" "Mozilla/5.0 AppleWebKit/537.36 (KHTML, like Gecko; compatible; bingbot/2.0; +http://www.bing.com/bingbot.htm) Chrome/116.0.1938.76 Safari/537.36"
89.248.107.232 - - [20/Sep/2026:16:41:54 +0200] "POST /wp-cron.php?doing_wp_cron=1789915314.5035951137542724609375 HTTP/1.1" 200 5512 "-" "WordPress/6.6.2; https://grupo-seg.com"
220.181.108.101 - - [20/Sep/2026:16:41:54 +0200] "GET /author/roberto/ HTTP/1.1" 200 109168 "-" "Mozilla/5.0 (compatible; Baiduspider/2.0; +http://www.baidu.com/search/spider.html)"
89.248.107.232 - - [20/Sep/2026:16:41:55 +0200] "POST /wp-admin/admin-ajax.php?action=async_litespeed&nonce=16c258032d&litespeed_type=imgoptm HTTP/1.1" 200 5698 "-" "WordPress/6.6.2; https://grupo-seg.com"
89.248.107.232 - - [20/Sep/2026:16:42:20 +0200] "POST /wp-cron.php?doing_wp_cron=1789915339.9843649864196777343750 HTTP/1.1" 200 5512 "-" "WordPress/6.6.2; https://grupo-seg.com"
52.167.144.235 - - [20/Sep/2026:16:42:19 +0200] "GET /ptse1606400sipsimdotets.html HTTP/1.1" 404 97421 "-" "Mozilla/5.0 AppleWebKit/537.36 (KHTML, like Gecko; compatible; bingbot/2.0; +http://www.bing.com/bingbot.htm) Chrome/116.0.1938.76 Safari/537.36"
40.77.167.71 - - [20/Sep/2026:16:42:20 +0200] "GET /rmsy672915sdstiotmpi.htm HTTP/1.1" 404 97436 "-" "Mozilla/5.0 AppleWebKit/537.36 (KHTML, like Gecko; compatible; bingbot/2.0; +http://www.bing.com/bingbot.htm) Chrome/116.0.1938.76 Safari/537.36"
40.77.167.121 - - [20/Sep/2026:16:42:24 +0200] "GET /sashidaburuhangu/empresa.html HTTP/1.1" 301 5688 "-" "Mozilla/5.0 AppleWebKit/537.36 (KHTML, like Gecko; compatible; bingbot/2.0; +http://www.bing.com/bingbot.htm) Chrome/116.0.1938.76 Safari/537.36"
89.248.107.232 - - [20/Sep/2026:16:43:29 +0200] "POST /wp-cron.php?doing_wp_cron=1789915409.5847671031951904296875 HTTP/1.1" 200 5512 "-" "WordPress/6.6.2; https://grupo-seg.com"
74.220.219.183 - - [20/Sep/2026:16:43:29 +0200] "GET /wp-login.php HTTP/1.1" 200 13732 "https://seg-sa.es/" "Mozilla/5.0 (Windows NT 10.0; Win64; x64) AppleWebKit/537.36 (KHTML, like Gecko) Chrome/152.0.0.0 Safari/537.36"
89.248.107.232 - - [20/Sep/2026:16:43:30 +0200] "POST /wp-admin/admin-ajax.php?action=async_litespeed&nonce=16c258032d&litespeed_type=imgoptm HTTP/1.1" 200 5698 "-" "WordPress/6.6.2; https://grupo-seg.com"
74.220.219.183 - - [20/Sep/2026:16:43:29 +0200] "POST /wp-login.php HTTP/1.1" 503 25298 "https://seg-sa.es/wp-login.php" "Mozilla/5.0 (Windows NT 10.0; Win64; x64) AppleWebKit/537.36 (KHTML, like Gecko) Chrome/152.0.0.0 Safari/537.36"
52.167.144.235 - - [20/Sep/2026:16:43:30 +0200] "GET /ihyq429776iotisemprcdutd HTTP/1.1" 404 97421 "-" "Mozilla/5.0 AppleWebKit/537.36 (KHTML, like Gecko; compatible; bingbot/2.0; +http://www.bing.com/bingbot.htm) Chrome/116.0.1938.76 Safari/537.36"
74.220.219.183 - - [20/Sep/2026:16:43:31 +0200] "POST /wp-login.php HTTP/1.1" 503 24035 "https://seg-sa.es/wp-login.php" "Mozilla/5.0 (Windows NT 10.0; Win64; x64) AppleWebKit/537.36 (KHTML, like Gecko) Chrome/152.0.0.0 Safari/537.36"
74.220.219.183 - - [20/Sep/2026:16:43:33 +0200] "POST /wp-login.php HTTP/1.1" 503 24035 "https://seg-sa.es/wp-login.php" "Mozilla/5.0 (Windows NT 10.0; Win64; x64) AppleWebKit/537.36 (KHTML, like Gecko) Chrome/152.0.0.0 Safari/537.36"
74.220.219.183 - - [20/Sep/2026:16:43:34 +0200] "GET /wp-json/wp/v2/users/me HTTP/1.1" 503 24035 "https://seg-sa.es/" "Mozilla/5.0 (Windows NT 10.0; Win64; x64) AppleWebKit/537.36 (KHTML, like Gecko) Chrome/152.0.0.0 Safari/537.36"
74.220.219.183 - - [20/Sep/2026:16:43:35 +0200] "GET /wp-json/wp/v2/users/me HTTP/1.1" 503 24035 "https://seg-sa.es/" "Mozilla/5.0 (Windows NT 10.0; Win64; x64) AppleWebKit/537.36 (KHTML, like Gecko) Chrome/152.0.0.0 Safari/537.36"
74.220.219.183 - - [20/Sep/2026:16:43:36 +0200] "GET /wp-json/wp/v2/users/me HTTP/1.1" 503 24035 "https://seg-sa.es/" "Mozilla/5.0 (Windows NT 10.0; Win64; x64) AppleWebKit/537.36 (KHTML, like Gecko) Chrome/152.0.0.0 Safari/537.36"
89.248.107.232 - - [20/Sep/2026:16:43:38 +0200] "POST /?wordfence_syncAttackData=1789915418.354 HTTP/1.1" 200 5452 "-" "WordPress/6.6.2; https://grupo-seg.com"
89.248.107.232 - - [20/Sep/2026:16:43:38 +0200] "POST /wp-cron.php?doing_wp_cron=1789915418.8755900859832763671875 HTTP/1.1" 200 5512 "-" "WordPress/6.6.2; https://grupo-seg.com"
40.77.167.71 - - [20/Sep/2026:16:43:38 +0200] "GET /oikuripusunabiin/buzon-sugerencias.html HTTP/1.1" 404 97421 "-" "Mozilla/5.0 AppleWebKit/537.36 (KHTML, like Gecko; compatible; bingbot/2.0; +http://www.bing.com/bingbot.htm) Chrome/116.0.1938.76 Safari/537.36"
89.248.107.232 - - [20/Sep/2026:16:43:39 +0200] "POST /wp-admin/admin-ajax.php?action=async_litespeed&nonce=16c258032d&litespeed_type=imgoptm HTTP/1.1" 200 5698 "-" "WordPress/6.6.2; https://grupo-seg.com"
89.248.107.232 - - [20/Sep/2026:16:44:04 +0200] "POST /wp-cron.php?doing_wp_cron=1789915444.0298180580139160156250 HTTP/1.1" 200 5512 "-" "WordPress/6.6.2; https://grupo-seg.com"
52.167.144.138 - - [20/Sep/2026:16:44:03 +0200] "GET /project-type/aeropuertos/feed/ HTTP/1.1" 200 16799 "-" "Mozilla/5.0 AppleWebKit/537.36 (KHTML, like Gecko; compatible; bingbot/2.0; +http://www.bing.com/bingbot.htm) Chrome/116.0.1938.76 Safari/537.36"
89.248.107.232 - - [20/Sep/2026:16:44:18 +0200] "POST /wp-cron.php?doing_wp_cron=1789915457.9691710472106933593750 HTTP/1.1" 200 5512 "-" "WordPress/6.6.2; https://grupo-seg.com"
35.198.113.100 - - [20/Sep/2026:16:44:17 +0200] "GET /paises/espana/ HTTP/1.1" 200 160970 "-" "LinkupBot/1.0 (LinkupBot for web indexing; https://linkup.so/bot; bot@linkup.so)"
52.167.144.142 - - [20/Sep/2026:16:44:20 +0200] "GET /rmsy958955itcrupd/empresa.html HTTP/1.1" 301 5689 "-" "Mozilla/5.0 AppleWebKit/537.36 (KHTML, like Gecko; compatible; bingbot/2.0; +http://www.bing.com/bingbot.htm) Chrome/116.0.1938.76 Safari/537.36"
35.198.113.100 - - [20/Sep/2026:16:44:20 +0200] "GET /se-completan-los-trabajos-de-ingenieria-en-el-tramo-santiago-batuco/ HTTP/1.1" 200 120808 "-" "LinkupBot/1.0 (LinkupBot for web indexing; https://linkup.so/bot; bot@linkup.so)"
35.198.113.100 - - [20/Sep/2026:16:44:22 +0200] "GET /en/portfolio/engineering-study-of-the-maipo-bridge/ HTTP/1.1" 200 116912 "-" "LinkupBot/1.0 (LinkupBot for web indexing; https://linkup.so/bot; bot@linkup.so)"
89.248.107.232 - - [20/Sep/2026:16:44:41 +0200] "POST /wp-cron.php?doing_wp_cron=1789915481.8303840160369873046875 HTTP/1.1" 200 5512 "-" "WordPress/6.6.2; https://grupo-seg.com/en/"
35.198.113.100 - - [20/Sep/2026:16:44:41 +0200] "GET /en/project-type/%C2%B7-argentina/ HTTP/1.1" 200 102619 "-" "LinkupBot/1.0 (LinkupBot for web indexing; https://linkup.so/bot; bot@linkup.so)"
89.248.107.232 - - [20/Sep/2026:16:44:42 +0200] "POST /wp-admin/admin-ajax.php?action=async_litespeed&nonce=16c258032d&litespeed_type=imgoptm HTTP/1.1" 200 5698 "-" "WordPress/6.6.2; https://grupo-seg.com"
35.198.113.100 - - [20/Sep/2026:16:44:43 +0200] "GET /en/category/spain/ HTTP/1.1" 200 104064 "-" "LinkupBot/1.0 (LinkupBot for web indexing; https://linkup.so/bot; bot@linkup.so)"
35.198.113.100 - - [20/Sep/2026:16:44:45 +0200] "GET /portfolio/expediente-tecnico-de-la-inversion-construccion-en-el-aeropuerto-mayor-general-fap-armando-revoredo-iglesias-de-cajamarca-2/ HTTP/1.1" 200 117796 "-" "LinkupBot/1.0 (LinkupBot for web indexing; https://linkup.so/bot; bot@linkup.so)"
89.248.107.232 - - [20/Sep/2026:16:45:07 +0200] "POST /wp-cron.php?doing_wp_cron=1789915507.1535129547119140625000 HTTP/1.1" 200 5512 "-" "WordPress/6.6.2; https://grupo-seg.com"
40.77.167.7 - - [20/Sep/2026:16:45:06 +0200] "GET /ljpadirectoryrdsn/48 HTTP/1.1" 301 5679 "-" "Mozilla/5.0 AppleWebKit/537.36 (KHTML, like Gecko; compatible; bingbot/2.0; +http://www.bing.com/bingbot.htm) Chrome/116.0.1938.76 Safari/537.36"
51.195.183.177 - - [20/Sep/2026:16:45:15 +0200] "GET /wp-sitemap.xml HTTP/1.1" 200 6217 "-" "Mozilla/5.0 (compatible; AhrefsBot/7.0; +http://ahrefs.com/robot/)"
198.244.226.89 - - [20/Sep/2026:16:45:16 +0200] "GET /wp-sitemap-posts-post-1.xml HTTP/1.1" 200 8170 "-" "Mozilla/5.0 (compatible; AhrefsBot/7.0; +http://ahrefs.com/robot/)"
198.244.242.52 - - [20/Sep/2026:16:45:17 +0200] "GET /wp-sitemap-posts-page-1.xml HTTP/1.1" 200 9189 "-" "Mozilla/5.0 (compatible; AhrefsBot/7.0; +http://ahrefs.com/robot/)"
198.244.226.201 - - [20/Sep/2026:16:45:18 +0200] "GET /wp-sitemap-posts-portfolio-1.xml HTTP/1.1" 200 17286 "-" "Mozilla/5.0 (compatible; AhrefsBot/7.0; +http://ahrefs.com/robot/)"
198.244.242.227 - - [20/Sep/2026:16:45:19 +0200] "GET /wp-sitemap-posts-mgeo_map-1.xml HTTP/1.1" 200 6011 "-" "Mozilla/5.0 (compatible; AhrefsBot/7.0; +http://ahrefs.com/robot/)"
51.89.129.80 - - [20/Sep/2026:16:45:20 +0200] "GET /wp-sitemap-taxonomies-category-1.xml HTTP/1.1" 200 6256 "-" "Mozilla/5.0 (compatible; AhrefsBot/7.0; +http://ahrefs.com/robot/)"
198.244.168.177 - - [20/Sep/2026:16:45:21 +0200] "GET /wp-sitemap-taxonomies-project-type-1.xml HTTP/1.1" 200 6924 "-" "Mozilla/5.0 (compatible; AhrefsBot/7.0; +http://ahrefs.com/robot/)"
89.248.107.232 - - [20/Sep/2026:16:45:44 +0200] "POST /wp-cron.php?doing_wp_cron=1789915544.3222939968109130859375 HTTP/1.1" 200 5512 "-" "WordPress/6.6.2; https://grupo-seg.com/en/"
111.225.149.133 - - [20/Sep/2026:16:45:43 +0200] "GET /en/category/news/ HTTP/1.1" 200 108090 "-" "Mozilla/5.0 (Linux; Android 5.0) AppleWebKit/537.36 (KHTML, like Gecko) Mobile Safari/537.36 (compatible; Bytespider; https://zhanzhang.toutiao.com/)"
89.248.107.232 - - [20/Sep/2026:16:45:44 +0200] "POST /wp-admin/admin-ajax.php?action=async_litespeed&nonce=16c258032d&litespeed_type=imgoptm HTTP/1.1" 200 5698 "-" "WordPress/6.6.2; https://grupo-seg.com"
111.225.149.133 - - [20/Sep/2026:16:45:45 +0200] "POST /wp-content/plugins/litespeed-cache/guest.vary.php HTTP/1.1" 403 6501 "https://grupo-seg.com/en/category/news/" "Mozilla/5.0 (Linux; Android 5.0) AppleWebKit/537.36 (KHTML, like Gecko) Mobile Safari/537.36 (compatible; Bytespider; https://zhanzhang.toutiao.com/)"
89.248.107.232 - - [20/Sep/2026:16:46:00 +0200] "POST /wp-cron.php?doing_wp_cron=1789915560.2989780902862548828125 HTTP/1.1" 200 5512 "-" "WordPress/6.6.2; https://grupo-seg.com"
110.249.202.142 - - [20/Sep/2026:16:45:59 +0200] "GET /wp-sitemap-posts-post-1.xml HTTP/1.1" 200 8170 "-" "Mozilla/5.0 (Linux; Android 5.0) AppleWebKit/537.36 (KHTML, like Gecko) Mobile Safari/537.36 (compatible; Bytespider; https://zhanzhang.toutiao.com/)"
110.249.202.142 - - [20/Sep/2026:16:46:00 +0200] "GET /wp-sitemap.xsl HTTP/1.1" 200 9027 "https://grupo-seg.com/wp-sitemap-posts-post-1.xml" "Mozilla/5.0 (Linux; Android 5.0) AppleWebKit/537.36 (KHTML, like Gecko) Mobile Safari/537.36 (compatible; Bytespider; https://zhanzhang.toutiao.com/)"
89.248.107.232 - - [20/Sep/2026:16:46:25 +0200] "POST /wp-cron.php?doing_wp_cron=1789915585.2718811035156250000000 HTTP/1.1" 200 5512 "-" "WordPress/6.6.2; https://grupo-seg.com"
89.248.107.232 - - [20/Sep/2026:16:46:25 +0200] "POST /wp-admin/admin-ajax.php?action=async_litespeed&nonce=16c258032d&litespeed_type=imgoptm HTTP/1.1" 200 5698 "-" "WordPress/6.6.2; https://grupo-seg.com"
111.225.148.160 - - [20/Sep/2026:16:46:24 +0200] "GET /proyectos/ HTTP/1.1" 200 938636 "-" "Mozilla/5.0 (Linux; Android 5.0) AppleWebKit/537.36 (KHTML, like Gecko) Mobile Safari/537.36 (compatible; Bytespider; https://zhanzhang.toutiao.com/)"
111.225.148.160 - - [20/Sep/2026:16:46:31 +0200] "POST /wp-content/plugins/litespeed-cache/guest.vary.php HTTP/1.1" 403 6501 "https://grupo-seg.com/proyectos/" "Mozilla/5.0 (Linux; Android 5.0) AppleWebKit/537.36 (KHTML, like Gecko) Mobile Safari/537.36 (compatible; Bytespider; https://zhanzhang.toutiao.com/)"
89.248.107.232 - - [20/Sep/2026:16:46:54 +0200] "POST /wp-cron.php?doing_wp_cron=1789915614.7363979816436767578125 HTTP/1.1" 200 5512 "-" "WordPress/6.6.2; https://grupo-seg.com"
52.167.144.235 - - [20/Sep/2026:16:46:54 +0200] "GET /kalian348-0v69xgne.html HTTP/1.1" 404 97421 "-" "Mozilla/5.0 AppleWebKit/537.36 (KHTML, like Gecko; compatible; bingbot/2.0; +http://www.bing.com/bingbot.htm) Chrome/116.0.1938.76 Safari/537.36"
89.248.107.232 - - [20/Sep/2026:16:47:20 +0200] "POST /wp-cron.php?doing_wp_cron=1789915640.9411790370941162109375 HTTP/1.1" 200 5512 "-" "WordPress/6.6.2; https://grupo-seg.com"
111.225.148.187 - - [20/Sep/2026:16:47:20 +0200] "GET /wp-sitemap-taxonomies-project-type-1.xml HTTP/1.1" 200 6924 "-" "Mozilla/5.0 (Linux; Android 5.0) AppleWebKit/537.36 (KHTML, like Gecko) Mobile Safari/537.36 (compatible; Bytespider; https://zhanzhang.toutiao.com/)"
111.225.148.187 - - [20/Sep/2026:16:47:22 +0200] "GET /wp-sitemap.xsl HTTP/1.1" 200 9027 "https://grupo-seg.com/wp-sitemap-taxonomies-project-type-1.xml" "Mozilla/5.0 (Linux; Android 5.0) AppleWebKit/537.36 (KHTML, like Gecko) Mobile Safari/537.36 (compatible; Bytespider; https://zhanzhang.toutiao.com/)"
89.248.107.232 - - [20/Sep/2026:16:47:34 +0200] "POST /wp-cron.php?doing_wp_cron=1789915654.1096069812774658203125 HTTP/1.1" 200 5512 "-" "WordPress/6.6.2; https://grupo-seg.com"
78.56.31.234 - - [20/Sep/2026:16:47:33 +0200] "GET /wp-login.php HTTP/1.1" 200 13732 "https://serynco.es/" "Mozilla/5.0 (X11; Linux x86_64) AppleWebKit/537.36 (KHTML, like Gecko) Chrome/152.0.0.0 Safari/537.36"
89.248.107.232 - - [20/Sep/2026:16:47:34 +0200] "POST /wp-admin/admin-ajax.php?action=async_litespeed&nonce=16c258032d&litespeed_type=imgoptm HTTP/1.1" 200 5698 "-" "WordPress/6.6.2; https://grupo-seg.com"
111.225.148.176 - - [20/Sep/2026:16:47:38 +0200] "GET /en/countries/ HTTP/1.1" 200 144883 "-" "Mozilla/5.0 (Linux; Android 5.0) AppleWebKit/537.36 (KHTML, like Gecko) Mobile Safari/537.36 (compatible; Bytespider; https://zhanzhang.toutiao.com/)"
111.225.148.176 - - [20/Sep/2026:16:47:42 +0200] "POST /wp-content/plugins/litespeed-cache/guest.vary.php HTTP/1.1" 403 6501 "https://grupo-seg.com/en/countries/" "Mozilla/5.0 (Linux; Android 5.0) AppleWebKit/537.36 (KHTML, like Gecko) Mobile Safari/537.36 (compatible; Bytespider; https://zhanzhang.toutiao.com/)"
89.248.107.232 - - [20/Sep/2026:16:47:43 +0200] "POST /wp-cron.php?doing_wp_cron=1789915663.7306139469146728515625 HTTP/1.1" 200 5512 "-" "WordPress/6.6.2; https://grupo-seg.com"
88.135.24.132 - - [20/Sep/2026:16:47:43 +0200] "POST /wp-login.php HTTP/1.1" 503 25298 "https://serynco.es/wp-login.php" "Mozilla/5.0 (X11; Linux x86_64) AppleWebKit/537.36 (KHTML, like Gecko) Chrome/152.0.0.0 Safari/537.36"
88.135.24.132 - - [20/Sep/2026:16:47:48 +0200] "POST /wp-login.php HTTP/1.1" 503 24035 "https://serynco.es/wp-login.php" "Mozilla/5.0 (X11; Linux x86_64) AppleWebKit/537.36 (KHTML, like Gecko) Chrome/152.0.0.0 Safari/537.36"
88.135.24.132 - - [20/Sep/2026:16:47:52 +0200] "POST /wp-login.php HTTP/1.1" 503 24035 "https://serynco.es/wp-login.php" "Mozilla/5.0 (X11; Linux x86_64) AppleWebKit/537.36 (KHTML, like Gecko) Chrome/152.0.0.0 Safari/537.36"
89.248.107.232 - - [20/Sep/2026:16:47:59 +0200] "POST /?wordfence_syncAttackData=1789915679.4723 HTTP/1.1" 200 5452 "-" "WordPress/6.6.2; https://grupo-seg.com"
89.248.107.232 - - [20/Sep/2026:16:48:00 +0200] "POST /wp-cron.php?doing_wp_cron=1789915680.0457088947296142578125 HTTP/1.1" 200 5512 "-" "WordPress/6.6.2; https://grupo-seg.com"
52.167.144.173 - - [20/Sep/2026:16:47:59 +0200] "GET /arcd261341oismd/index.php HTTP/1.1" 301 5675 "-" "Mozilla/5.0 AppleWebKit/537.36 (KHTML, like Gecko; compatible; bingbot/2.0; +http://www.bing.com/bingbot.htm) Chrome/116.0.1938.76 Safari/537.36"
89.248.107.232 - - [20/Sep/2026:16:48:29 +0200] "POST /wp-cron.php?doing_wp_cron=1789915709.2847089767456054687500 HTTP/1.1" 200 5512 "-" "WordPress/6.6.2; https://grupo-seg.com"
149.88.19.87 - - [20/Sep/2026:16:48:28 +0200] "GET /wp-content/fonts/ HTTP/1.1" 404 97421 "-" "-"
111.225.148.148 - - [20/Sep/2026:16:48:28 +0200] "GET /servicios/ HTTP/1.1" 200 193769 "-" "Mozilla/5.0 (Linux; Android 5.0) AppleWebKit/537.36 (KHTML, like Gecko) Mobile Safari/537.36 (compatible; Bytespider; https://zhanzhang.toutiao.com/)"
89.248.107.232 - - [20/Sep/2026:16:48:30 +0200] "POST /wp-admin/admin-ajax.php?action=async_litespeed&nonce=16c258032d&litespeed_type=imgoptm HTTP/1.1" 200 5698 "-" "WordPress/6.6.2; https://grupo-seg.com"
111.225.148.148 - - [20/Sep/2026:16:48:31 +0200] "POST /wp-content/plugins/litespeed-cache/guest.vary.php HTTP/1.1" 403 6501 "https://grupo-seg.com/servicios/" "Mozilla/5.0 (Linux; Android 5.0) AppleWebKit/537.36 (KHTML, like Gecko) Mobile Safari/537.36 (compatible; Bytespider; https://zhanzhang.toutiao.com/)"
89.248.107.232 - - [20/Sep/2026:16:48:49 +0200] "POST /wp-cron.php?doing_wp_cron=1789915728.9455618858337402343750 HTTP/1.1" 200 5512 "-" "WordPress/6.6.2; https://grupo-seg.com"
186.81.59.29 - - [20/Sep/2026:16:48:48 +0200] "GET /?trk=org_guest_main-feed-card-text HTTP/1.1" 200 165847 "-" "Mozilla/5.0 (Macintosh; Intel Mac OS X 10_15_7) AppleWebKit/537.36 (KHTML, like Gecko) Chrome/145.0.0.0 Safari/537.36"
52.167.144.180 - - [20/Sep/2026:16:48:49 +0200] "GET /ibxl1120500disutcoioprddogd.html HTTP/1.1" 404 97421 "-" "Mozilla/5.0 AppleWebKit/537.36 (KHTML, like Gecko; compatible; bingbot/2.0; +http://www.bing.com/bingbot.htm) Chrome/116.0.1938.76 Safari/537.36"
89.248.107.232 - - [20/Sep/2026:16:48:55 +0200] "POST /wp-cron.php?doing_wp_cron=1789915735.1563220024108886718750 HTTP/1.1" 200 5512 "-" "WordPress/6.6.2; https://grupo-seg.com/en/"
111.225.148.160 - - [20/Sep/2026:16:48:54 +0200] "GET /en/nowadays/ HTTP/1.1" 200 137786 "-" "Mozilla/5.0 (Linux; Android 5.0) AppleWebKit/537.36 (KHTML, like Gecko) Mobile Safari/537.36 (compatible; Bytespider; https://zhanzhang.toutiao.com/)"
111.225.148.160 - - [20/Sep/2026:16:48:58 +0200] "POST /wp-content/plugins/litespeed-cache/guest.vary.php HTTP/1.1" 403 6501 "https://grupo-seg.com/en/nowadays/" "Mozilla/5.0 (Linux; Android 5.0) AppleWebKit/537.36 (KHTML, like Gecko) Mobile Safari/537.36 (compatible; Bytespider; https://zhanzhang.toutiao.com/)"
111.225.148.157 - - [20/Sep/2026:16:49:18 +0200] "GET /wp-content/uploads/2025/01/SST-GRUPO-0013-2016-COMPLETO.pdf HTTP/2.0" 200 98304 "-" "Mozilla/5.0 (Linux; Android 5.0) AppleWebKit/537.36 (KHTML, like Gecko) Mobile Safari/537.36 (compatible; Bytespider; https://zhanzhang.toutiao.com/)"
89.248.107.232 - - [20/Sep/2026:16:49:42 +0200] "POST /wp-cron.php?doing_wp_cron=1789915782.3678970336914062500000 HTTP/1.1" 200 5512 "-" "WordPress/6.6.2; https://grupo-seg.com"
110.249.202.172 - - [20/Sep/2026:16:49:41 +0200] "GET / HTTP/1.1" 200 156989 "-" "Mozilla/5.0 (Linux; Android 5.0) AppleWebKit/537.36 (KHTML, like Gecko) Mobile Safari/537.36 (compatible; Bytespider; https://zhanzhang.toutiao.com/)"
89.248.107.232 - - [20/Sep/2026:16:49:43 +0200] "POST /wp-admin/admin-ajax.php?action=async_litespeed&nonce=16c258032d&litespeed_type=imgoptm HTTP/1.1" 200 5698 "-" "WordPress/6.6.2; https://grupo-seg.com"
110.249.202.172 - - [20/Sep/2026:16:49:46 +0200] "POST /wp-content/plugins/litespeed-cache/guest.vary.php HTTP/1.1" 403 6501 "https://grupo-seg.com/" "Mozilla/5.0 (Linux; Android 5.0) AppleWebKit/537.36 (KHTML, like Gecko) Mobile Safari/537.36 (compatible; Bytespider; https://zhanzhang.toutiao.com/)"
89.248.107.232 - - [20/Sep/2026:16:50:06 +0200] "POST /wp-cron.php?doing_wp_cron=1789915806.1387519836425781250000 HTTP/1.1" 200 5512 "-" "WordPress/6.6.2; https://grupo-seg.com"
122.14.226.18 - - [20/Sep/2026:16:50:05 +0200] "GET /paises/colombia/ HTTP/1.1" 200 163837 "-" "Mozilla/5.0 (Linux; Android 5.0) AppleWebKit/537.36 (KHTML, like Gecko) Mobile Safari/537.36 (compatible; Bytespider; https://zhanzhang.toutiao.com/)"
122.14.226.18 - - [20/Sep/2026:16:50:07 +0200] "POST /wp-content/plugins/litespeed-cache/guest.vary.php HTTP/1.1" 403 6501 "https://grupo-seg.com/paises/colombia/" "Mozilla/5.0 (Linux; Android 5.0) AppleWebKit/537.36 (KHTML, like Gecko) Mobile Safari/537.36 (compatible; Bytespider; https://zhanzhang.toutiao.com/)"
89.248.107.232 - - [20/Sep/2026:16:52:45 +0200] "POST /wp-cron.php?doing_wp_cron=1789915965.0926420688629150390625 HTTP/1.1" 200 5512 "-" "WordPress/6.6.2; https://grupo-seg.com"
52.167.144.181 - - [20/Sep/2026:16:52:44 +0200] "GET / HTTP/1.1" 200 165847 "-" "Mozilla/5.0 AppleWebKit/537.36 (KHTML, like Gecko; compatible; bingbot/2.0; +http://www.bing.com/bingbot.htm) Chrome/116.0.1938.76 Safari/537.36"
89.248.107.232 - - [20/Sep/2026:16:52:45 +0200] "POST /wp-admin/admin-ajax.php?action=async_litespeed&nonce=16c258032d&litespeed_type=imgoptm HTTP/1.1" 200 5698 "-" "WordPress/6.6.2; https://grupo-seg.com"
89.248.107.232 - - [20/Sep/2026:16:53:55 +0200] "POST /wp-cron.php?doing_wp_cron=1789916034.8982610702514648437500 HTTP/1.1" 200 5512 "-" "WordPress/6.6.2; https://grupo-seg.com"
122.14.227.23 - - [20/Sep/2026:16:53:54 +0200] "GET /paises/bolivia/ HTTP/1.1" 200 156670 "-" "Mozilla/5.0 (Linux; Android 5.0) AppleWebKit/537.36 (KHTML, like Gecko) Mobile Safari/537.36 (compatible; Bytespider; https://zhanzhang.toutiao.com/)"
89.248.107.232 - - [20/Sep/2026:16:53:55 +0200] "POST /wp-admin/admin-ajax.php?action=async_litespeed&nonce=16c258032d&litespeed_type=imgoptm HTTP/1.1" 200 5698 "-" "WordPress/6.6.2; https://grupo-seg.com"
122.14.227.23 - - [20/Sep/2026:16:53:56 +0200] "POST /wp-content/plugins/litespeed-cache/guest.vary.php HTTP/1.1" 403 6501 "https://grupo-seg.com/paises/bolivia/" "Mozilla/5.0 (Linux; Android 5.0) AppleWebKit/537.36 (KHTML, like Gecko) Mobile Safari/537.36 (compatible; Bytespider; https://zhanzhang.toutiao.com/)"
89.248.107.232 - - [20/Sep/2026:16:54:30 +0200] "POST /wp-cron.php?doing_wp_cron=1789916070.3703639507293701171875 HTTP/1.1" 200 5512 "-" "WordPress/6.6.2; https://grupo-seg.com"
103.131.71.18 - - [20/Sep/2026:16:54:29 +0200] "GET /robots.txt HTTP/1.1" 200 5679 "-" "Mozilla/5.0 (compatible; coccocbot-image/1.0; +http://help.coccoc.com/searchengine)"
89.248.107.232 - - [20/Sep/2026:16:54:30 +0200] "POST /wp-admin/admin-ajax.php?action=async_litespeed&nonce=16c258032d&litespeed_type=imgoptm HTTP/1.1" 200 5698 "-" "WordPress/6.6.2; https://grupo-seg.com"
103.131.71.43 - - [20/Sep/2026:16:54:32 +0200] "GET /wp-content/uploads/2022/11/SEG_Quotes-199.jpg HTTP/1.1" 304 0 "-" "Mozilla/5.0 (compatible; coccocbot-image/1.0; +http://help.coccoc.com/searchengine)"
89.248.107.232 - - [20/Sep/2026:16:56:16 +0200] "POST /wp-cron.php?doing_wp_cron=1789916176.0255060195922851562500 HTTP/1.1" 200 5512 "-" "WordPress/6.6.2; https://grupo-seg.com"
216.244.66.239 - - [20/Sep/2026:16:56:15 +0200] "GET /images/actividad/instalaciones_energia/260/260_10.jpg HTTP/1.1" 404 97611 "-" "Mozilla/5.0 (compatible; DotBot/1.2; +https://opensiteexplorer.org/dotbot; help@moz.com)"
89.248.107.232 - - [20/Sep/2026:16:56:16 +0200] "POST /wp-admin/admin-ajax.php?action=async_litespeed&nonce=16c258032d&litespeed_type=imgoptm HTTP/1.1" 200 5698 "-" "WordPress/6.6.2; https://grupo-seg.com"
89.248.107.232 - - [20/Sep/2026:16:57:12 +0200] "POST /wp-cron.php?doing_wp_cron=1789916232.1274750232696533203125 HTTP/1.1" 200 5512 "-" "WordPress/6.6.2; https://grupo-seg.com"
185.231.155.169 - - [20/Sep/2026:16:57:11 +0200] "GET /contactanos/?chronoform=contacto_espana&event=submit&Nombre=Bnuolopics&Apellidos=&Empresa=&Correo=&Asunto=Romanticality+<a+href%3Dhttps%3A%2F%2F1xbetbonuses.com%2F HTTP/1.1" 301 5821 "https://www.grupo-seg.com/contactanos/?chronoform=contacto_espana&event=submit&Nombre=Bnuolopics&Apellidos=&Empresa=&Correo=&Asunto=Romanticality+<a+href%3Dhttps%3A%2F%2F1xbetbonuses.com%2F" "Mozilla/5.0 (Windows NT 10.0; Win64; x64) AppleWebKit/537.36 (KHTML, like Gecko) Chrome/131.0.0.0 Safari/537.36 Avast/131.0.0.0"
185.231.155.169 - - [20/Sep/2026:16:57:12 +0200] "GET /contactanos/?chronoform=contacto_espana&event=submit&Nombre=Bnuolopics&Apellidos=&Empresa=&Correo=&Asunto=Romanticality+a+href%3Dhttps%3A%2F%2F1xbetbonuses.com%2F HTTP/1.1" 404 97421 "https://grupo-seg.com/contactanos/?chronoform=contacto_espana&event=submit&Nombre=Bnuolopics&Apellidos=&Empresa=&Correo=&Asunto=Romanticality+a+href%3Dhttps%3A%2F%2F1xbetbonuses.com%2F" "Mozilla/5.0 (Windows NT 10.0; Win64; x64) AppleWebKit/537.36 (KHTML, like Gecko) Chrome/131.0.0.0 Safari/537.36 Avast/131.0.0.0"
89.248.107.232 - - [20/Sep/2026:16:57:12 +0200] "POST /wp-admin/admin-ajax.php?action=async_litespeed&nonce=16c258032d&litespeed_type=imgoptm HTTP/1.1" 200 5698 "-" "WordPress/6.6.2; https://grupo-seg.com"
185.231.155.169 - - [20/Sep/2026:16:57:13 +0200] "GET /contacto/ HTTP/1.1" 200 199540 "https://grupo-seg.com/contacto/" "Mozilla/5.0 (Windows NT 10.0; Win64; x64) AppleWebKit/537.36 (KHTML, like Gecko) Chrome/131.0.0.0 Safari/537.36 Avast/131.0.0.0"
89.248.107.232 - - [20/Sep/2026:16:57:41 +0200] "POST /wp-cron.php?doing_wp_cron=1789916261.3218779563903808593750 HTTP/1.1" 200 5512 "-" "WordPress/6.6.2; https://grupo-seg.com"
89.124.105.30 - - [20/Sep/2026:16:57:40 +0200] "GET /es/nuestros-clientes/ HTTP/1.1" 404 97436 "-" "Mozilla/5.0 (Windows NT 10.0; Win64; x64) AppleWebKit/537.36 (KHTML, like Gecko) Chrome/118.0.0.0 Safari/537.36"
89.248.107.232 - - [20/Sep/2026:16:57:41 +0200] "POST /wp-admin/admin-ajax.php?action=async_litespeed&nonce=16c258032d&litespeed_type=imgoptm HTTP/1.1" 200 5698 "-" "WordPress/6.6.2; https://grupo-seg.com"
89.248.107.232 - - [20/Sep/2026:16:58:08 +0200] "POST /wp-cron.php?doing_wp_cron=1789916288.8904519081115722656250 HTTP/1.1" 200 5512 "-" "WordPress/6.6.2; https://grupo-seg.com"
52.167.144.166 - - [20/Sep/2026:16:58:08 +0200] "GET /ahws144298smite/itm.htm HTTP/1.1" 404 97421 "-" "Mozilla/5.0 AppleWebKit/537.36 (KHTML, like Gecko; compatible; bingbot/2.0; +http://www.bing.com/bingbot.htm) Chrome/116.0.1938.76 Safari/537.36"
52.167.144.166 - - [20/Sep/2026:16:58:09 +0200] "GET /ibdm456035z029ps56/d8os17t4i3.html HTTP/1.1" 404 97436 "-" "Mozilla/5.0 AppleWebKit/537.36 (KHTML, like Gecko; compatible; bingbot/2.0; +http://www.bing.com/bingbot.htm) Chrome/116.0.1938.76 Safari/537.36"
89.248.107.232 - - [20/Sep/2026:16:59:11 +0200] "POST /wp-cron.php?doing_wp_cron=1789916350.9990580081939697265625 HTTP/1.1" 200 5512 "-" "WordPress/6.6.2; https://grupo-seg.com"
52.167.144.204 - - [20/Sep/2026:16:59:10 +0200] "GET /shimanobantamure/clientes.html HTTP/1.1" 301 5689 "-" "Mozilla/5.0 AppleWebKit/537.36 (KHTML, like Gecko; compatible; bingbot/2.0; +http://www.bing.com/bingbot.htm) Chrome/116.0.1938.76 Safari/537.36"
89.248.107.232 - - [20/Sep/2026:16:59:11 +0200] "POST /wp-admin/admin-ajax.php?action=async_litespeed&nonce=16c258032d&litespeed_type=imgoptm HTTP/1.1" 200 5698 "-" "WordPress/6.6.2; https://grupo-seg.com"
40.77.167.7 - - [20/Sep/2026:16:59:19 +0200] "GET /rmsy917054z97s4561i32d08oogd.html HTTP/1.1" 404 97436 "-" "Mozilla/5.0 AppleWebKit/537.36 (KHTML, like Gecko; compatible; bingbot/2.0; +http://www.bing.com/bingbot.htm) Chrome/116.0.1938.76 Safari/537.36"
89.248.107.232 - - [20/Sep/2026:17:01:00 +0200] "POST /wp-cron.php?doing_wp_cron=1789916460.4280910491943359375000 HTTP/1.1" 200 5512 "-" "WordPress/6.6.2; https://grupo-seg.com"
216.244.66.239 - - [20/Sep/2026:17:00:59 +0200] "GET /es/en/areas-de-actividad-en/medio-ambiente-agua-y-costas-en/190-planta-desaladora-de-sagunto-en HTTP/1.1" 404 97611 "-" "Mozilla/5.0 (compatible; DotBot/1.2; +https://opensiteexplorer.org/dotbot; help@moz.com)"
89.248.107.232 - - [20/Sep/2026:17:01:01 +0200] "POST /wp-admin/admin-ajax.php?action=async_litespeed&nonce=16c258032d&litespeed_type=imgoptm HTTP/1.1" 200 5698 "-" "WordPress/6.6.2; https://grupo-seg.com"
89.248.107.232 - - [20/Sep/2026:17:04:20 +0200] "POST /wp-cron.php?doing_wp_cron=1789916660.1694068908691406250000 HTTP/1.1" 200 5512 "-" "WordPress/6.6.2; https://grupo-seg.com"
52.167.144.166 - - [20/Sep/2026:17:04:19 +0200] "GET /aguz1490603sdtisoi/clientes.html HTTP/1.1" 404 97421 "-" "Mozilla/5.0 AppleWebKit/537.36 (KHTML, like Gecko; compatible; bingbot/2.0; +http://www.bing.com/bingbot.htm) Chrome/116.0.1938.76 Safari/537.36"
89.248.107.232 - - [20/Sep/2026:17:04:20 +0200] "POST /wp-admin/admin-ajax.php?action=async_litespeed&nonce=16c258032d&litespeed_type=imgoptm HTTP/1.1" 200 5698 "-" "WordPress/6.6.2; https://grupo-seg.com"
89.248.107.232 - - [20/Sep/2026:17:04:36 +0200] "POST /wp-cron.php?doing_wp_cron=1789916676.1967470645904541015625 HTTP/1.1" 200 5512 "-" "WordPress/6.6.2; https://grupo-seg.com"
2.139.158.128 - - [20/Sep/2026:17:04:35 +0200] "POST /autodiscover/autodiscover.xml HTTP/1.1" 404 92217 "-" "Microsoft Office/16.0 (Windows NT 10.0; Microsoft Outlook 16.0.20326; Pro)"
2.139.158.128 - - [20/Sep/2026:17:04:35 +0200] "POST /autodiscover/autodiscover.xml HTTP/1.1" 404 92253 "-" "Microsoft Office/16.0 (Windows NT 10.0; Microsoft Outlook 16.0.20326; Pro)"
89.248.107.232 - - [20/Sep/2026:17:04:37 +0200] "POST /wp-admin/admin-ajax.php?action=async_litespeed&nonce=16c258032d&litespeed_type=imgoptm HTTP/1.1" 200 5698 "-" "WordPress/6.6.2; https://grupo-seg.com"
2.80.216.247 - - [20/Sep/2026:17:04:39 +0200] "GET /wp-login.php HTTP/1.1" 200 13732 "https://serynco.es/" "Mozilla/5.0 (Windows NT 10.0; Win64; x64) AppleWebKit/537.36 (KHTML, like Gecko) Chrome/148.0.0.0 Safari/537.36"
89.248.107.232 - - [20/Sep/2026:17:04:41 +0200] "POST /wp-cron.php?doing_wp_cron=1789916681.7370800971984863281250 HTTP/1.1" 200 5512 "-" "WordPress/6.6.2; https://grupo-seg.com"
2.80.12.209 - - [20/Sep/2026:17:04:41 +0200] "POST /wp-login.php HTTP/1.1" 200 14224 "https://serynco.es/wp-login.php" "Mozilla/5.0 (Windows NT 10.0; Win64; x64) AppleWebKit/537.36 (KHTML, like Gecko) Chrome/148.0.0.0 Safari/537.36"
89.248.107.232 - - [20/Sep/2026:17:08:12 +0200] "POST /wp-cron.php?doing_wp_cron=1789916892.1377379894256591796875 HTTP/1.1" 200 5512 "-" "WordPress/6.6.2; https://grupo-seg.com/en/"
47.128.37.92 - - [20/Sep/2026:17:08:11 +0200] "GET /en/ HTTP/1.1" 200 157132 "-" "Mozilla/5.0 (Linux; Android 5.0) AppleWebKit/537.36 (KHTML, like Gecko) Mobile Safari/537.36 (compatible; Bytespider; spider-feedback@bytedance.com)"
89.248.107.232 - - [20/Sep/2026:17:08:12 +0200] "POST /wp-admin/admin-ajax.php?action=async_litespeed&nonce=16c258032d&litespeed_type=imgoptm HTTP/1.1" 200 5698 "-" "WordPress/6.6.2; https://grupo-seg.com"
189.34.154.16 - - [20/Sep/2026:17:08:22 +0200] "GET /images/Heli%20HNP/Base%20Toledo-2015.JPG HTTP/1.1" 301 5699 "https://www.fsdeveloper.com/forum/threads/fsx-p3d-community-cooperation-team-for-an-university-project-educational-not-paid.437102/" "Mozilla/5.0 (X11; Linux i686 on x86_64) AppleWebKit/537.36 (KHTML, like Gecko) Chrome/68.0.3440.91 Safari/537.36 OPR/55.0.2994.61"
89.248.107.232 - - [20/Sep/2026:17:08:27 +0200] "POST /wp-cron.php?doing_wp_cron=1789916907.4837980270385742187500 HTTP/1.1" 200 5512 "-" "WordPress/6.6.2; https://grupo-seg.com"
79.106.203.4 - - [20/Sep/2026:17:08:26 +0200] "GET /images/Heli%20HNP/Base%20Toledo-2015.JPG HTTP/1.1" 404 97611 "https://www.fsdeveloper.com/forum/threads/fsx-p3d-community-cooperation-team-for-an-university-project-educational-not-paid.437102/" "Mozilla/5.0 (X11; Linux i686 on x86_64) AppleWebKit/537.36 (KHTML, like Gecko) Chrome/68.0.3440.91 Safari/537.36 OPR/55.0.2994.61"
89.248.107.232 - - [20/Sep/2026:17:08:29 +0200] "POST /wp-admin/admin-ajax.php?action=async_litespeed&nonce=16c258032d&litespeed_type=imgoptm HTTP/1.1" 200 5698 "-" "WordPress/6.6.2; https://grupo-seg.com"
89.248.107.232 - - [20/Sep/2026:17:11:06 +0200] "POST /wp-cron.php?doing_wp_cron=1789917065.9339430332183837890625 HTTP/1.1" 200 5512 "-" "WordPress/6.6.2; https://grupo-seg.com"
89.248.107.232 - - [20/Sep/2026:17:11:06 +0200] "POST /wp-admin/admin-ajax.php?action=async_litespeed&nonce=16c258032d&litespeed_type=imgoptm HTTP/1.1" 200 5698 "-" "WordPress/6.6.2; https://grupo-seg.com"
109.105.209.3 - - [20/Sep/2026:17:11:05 +0200] "GET / HTTP/1.1" 200 165817 "https://www.seg-sa.es/" "Mozilla/5.0 AppleWebKit/537.36 (KHTML, like Gecko) Chrome/123.0.6312.86 Safari/537.36"
109.105.209.2 - - [20/Sep/2026:17:11:20 +0200] "POST /mcp HTTP/1.1" 404 92202 "-" "python-httpx/0.28.1"
109.105.209.2 - - [20/Sep/2026:17:11:21 +0200] "GET /sse HTTP/1.1" 404 97421 "-" "python-httpx/0.28.1"
89.248.107.232 - - [20/Sep/2026:17:11:25 +0200] "POST /wp-cron.php?doing_wp_cron=1789917085.4962289333343505859375 HTTP/1.1" 200 5512 "-" "WordPress/6.6.2; https://grupo-seg.com"
109.105.209.5 - - [20/Sep/2026:17:11:25 +0200] "GET /favicon.ico HTTP/1.1" 302 5672 "https://www.seg-sa.es/favicon.ico" "Mozilla/5.0 AppleWebKit/537.36 (KHTML, like Gecko) Chrome/123.0.6312.86 Safari/537.36"
89.248.107.232 - - [20/Sep/2026:17:11:26 +0200] "POST /wp-admin/admin-ajax.php?action=async_litespeed&nonce=16c258032d&litespeed_type=imgoptm HTTP/1.1" 200 5698 "-" "WordPress/6.6.2; https://grupo-seg.com"
