152.163.18.99 - - [20/Sep/2026:08:50:59 +0200] "GET /en/portfolio/works-management-for-the-creation-of-the-technology-and-innovation-park-for-agriculture-of-the-national-agrarian-university/ HTTP/1.1" 200 118103 "-" "Mozilla/5.0 (compatible; ExaSearchBot/1.0; +https://crawler.exa.ai/)"
89.248.107.232 - - [20/Sep/2026:08:52:10 +0200] "POST /wp-cron.php?doing_wp_cron=1789887130.5849399566650390625000 HTTP/1.1" 200 5512 "-" "WordPress/6.6.2; https://grupo-seg.com"
52.167.144.169 - - [20/Sep/2026:08:52:10 +0200] "GET /kfue1391471ptcduid/oorptsdsi.html HTTP/1.1" 404 97421 "-" "Mozilla/5.0 AppleWebKit/537.36 (KHTML, like Gecko; compatible; bingbot/2.0; +http://www.bing.com/bingbot.htm) Chrome/116.0.1938.76 Safari/537.36"
89.248.107.232 - - [20/Sep/2026:08:52:11 +0200] "POST /wp-admin/admin-ajax.php?action=async_litespeed&nonce=c23640a689&litespeed_type=imgoptm HTTP/1.1" 200 5698 "-" "WordPress/6.6.2; https://grupo-seg.com"
52.167.144.169 - - [20/Sep/2026:08:52:14 +0200] "GET /naikisupaikuhara/servicios.html HTTP/1.1" 404 97421 "-" "Mozilla/5.0 AppleWebKit/537.36 (KHTML, like Gecko; compatible; bingbot/2.0; +http://www.bing.com/bingbot.htm) Chrome/116.0.1938.76 Safari/537.36"
89.248.107.232 - - [20/Sep/2026:08:53:06 +0200] "POST /wp-cron.php?doing_wp_cron=1789887185.9038910865783691406250 HTTP/1.1" 200 5512 "-" "WordPress/6.6.2; https://grupo-seg.com"
40.77.167.33 - - [20/Sep/2026:08:53:05 +0200] "GET /?s=2026 HTTP/1.1" 200 88580 "-" "Mozilla/5.0 AppleWebKit/537.36 (KHTML, like Gecko; compatible; bingbot/2.0; +http://www.bing.com/bingbot.htm) Chrome/116.0.1938.76 Safari/537.36"
89.248.107.232 - - [20/Sep/2026:08:53:06 +0200] "POST /wp-admin/admin-ajax.php?action=async_litespeed&nonce=c23640a689&litespeed_type=imgoptm HTTP/1.1" 200 5698 "-" "WordPress/6.6.2; https://grupo-seg.com"
89.248.107.232 - - [20/Sep/2026:08:54:44 +0200] "POST /wp-cron.php?doing_wp_cron=1789887284.5156700611114501953125 HTTP/1.1" 200 5512 "-" "WordPress/6.6.2; https://grupo-seg.com"
35.213.70.61 - - [20/Sep/2026:08:54:44 +0200] "GET / HTTP/1.1" 200 165847 "-" "Mozilla/5.0 (Windows NT 10.0; Win64; x64) AppleWebKit/537.36 (KHTML, like Gecko; compatible; BuiltWith/1.4; rb.gy/xprgqj) Chrome/124.0.0.0 Safari/537.36"
89.248.107.232 - - [20/Sep/2026:08:54:45 +0200] "POST /wp-admin/admin-ajax.php?action=async_litespeed&nonce=c23640a689&litespeed_type=imgoptm HTTP/1.1" 200 5698 "-" "WordPress/6.6.2; https://grupo-seg.com"
35.213.70.61 - - [20/Sep/2026:08:54:45 +0200] "GET / HTTP/1.1" 200 165817 "-" "Mozilla/5.0 (Windows NT 10.0; Win64; x64) AppleWebKit/537.36 (KHTML, like Gecko; compatible; BuiltWith/1.4; rb.gy/xprgqj) Chrome/124.0.0.0 Safari/537.36"
35.213.70.61 - - [20/Sep/2026:08:54:46 +0200] "GET /robots.txt HTTP/1.1" 200 5679 "-" "Mozilla/5.0 (Windows NT 10.0; Win64; x64) AppleWebKit/537.36 (KHTML, like Gecko; compatible; BuiltWith/1.4; rb.gy/xprgqj) Chrome/124.0.0.0 Safari/537.36"
35.213.70.61 - - [20/Sep/2026:08:54:49 +0200] "GET /politica-de-privacidad/ HTTP/1.1" 200 141271 "-" "Mozilla/5.0 (Windows NT 10.0; Win64; x64) AppleWebKit/537.36 (KHTML, like Gecko; compatible; BuiltWith/1.4; rb.gy/xprgqj) Chrome/124.0.0.0 Safari/537.36"
35.213.70.61 - - [20/Sep/2026:08:54:49 +0200] "GET /paises/paraguay/ HTTP/1.1" 200 169964 "-" "Mozilla/5.0 (Windows NT 10.0; Win64; x64) AppleWebKit/537.36 (KHTML, like Gecko; compatible; BuiltWith/1.4; rb.gy/xprgqj) Chrome/124.0.0.0 Safari/537.36"
89.248.107.232 - - [20/Sep/2026:08:54:54 +0200] "POST /wp-cron.php?doing_wp_cron=1789887294.0152370929718017578125 HTTP/1.1" 200 5512 "-" "WordPress/6.6.2; https://grupo-seg.com"
35.213.70.61 - - [20/Sep/2026:08:54:52 +0200] "GET /ads.txt HTTP/1.1" 404 97421 "-" "Mozilla/5.0 (Windows NT 10.0; Win64; x64) AppleWebKit/537.36 (KHTML, like Gecko; compatible; BuiltWith/1.4; rb.gy/xprgqj) Chrome/124.0.0.0 Safari/537.36"
35.213.70.61 - - [20/Sep/2026:08:54:52 +0200] "GET /politica-de-cookies/ HTTP/1.1" 200 121642 "-" "Mozilla/5.0 (Windows NT 10.0; Win64; x64) AppleWebKit/537.36 (KHTML, like Gecko; compatible; BuiltWith/1.4; rb.gy/xprgqj) Chrome/124.0.0.0 Safari/537.36"
35.213.70.61 - - [20/Sep/2026:08:54:52 +0200] "GET /contacto/ HTTP/1.1" 200 199540 "-" "Mozilla/5.0 (Windows NT 10.0; Win64; x64) AppleWebKit/537.36 (KHTML, like Gecko; compatible; BuiltWith/1.4; rb.gy/xprgqj) Chrome/124.0.0.0 Safari/537.36"
89.248.107.232 - - [20/Sep/2026:08:55:03 +0200] "POST /wp-cron.php?doing_wp_cron=1789887303.0150361061096191406250 HTTP/1.1" 200 5512 "-" "WordPress/6.6.2; https://grupo-seg.com"
47.128.38.147 - - [20/Sep/2026:08:55:02 +0200] "GET / HTTP/1.1" 200 157019 "-" "Mozilla/5.0 (Linux; Android 5.0) AppleWebKit/537.36 (KHTML, like Gecko) Mobile Safari/537.36 (compatible; Bytespider; spider-feedback@bytedance.com)"
47.128.38.147 - - [20/Sep/2026:08:55:04 +0200] "GET /wp-content/litespeed/css/e39920cfd035054e8d060ade4400a9bc.css?ver=04cf4 HTTP/2.0" 200 114608 "https://grupo-seg.com/" "Mozilla/5.0 (Linux; Android 5.0) AppleWebKit/537.36 (KHTML, like Gecko) Mobile Safari/537.36 (compatible; Bytespider; spider-feedback@bytedance.com)"
47.128.38.147 - - [20/Sep/2026:08:55:04 +0200] "GET /wp-content/uploads/2022/09/SEG_Quotes_Team-64.jpg HTTP/2.0" 206 500 "https://grupo-seg.com/" "Mozilla/5.0 (Linux; Android 5.0) AppleWebKit/537.36 (KHTML, like Gecko) Mobile Safari/537.36 (compatible; Bytespider; spider-feedback@bytedance.com)"
47.128.38.147 - - [20/Sep/2026:08:55:04 +0200] "GET /wp-content/uploads/2022/09/SEG_Quotes_Team-64.jpg HTTP/2.0" 304 0 "https://grupo-seg.com/" "Mozilla/5.0 (Linux; Android 5.0) AppleWebKit/537.36 (KHTML, like Gecko) Mobile Safari/537.36 (compatible; Bytespider; spider-feedback@bytedance.com)"
47.128.38.147 - - [20/Sep/2026:08:55:04 +0200] "GET /wp-content/uploads/2021/10/SEG_Portfolio_Header_Transporte.jpg HTTP/2.0" 206 500 "https://grupo-seg.com/" "Mozilla/5.0 (Linux; Android 5.0) AppleWebKit/537.36 (KHTML, like Gecko) Mobile Safari/537.36 (compatible; Bytespider; spider-feedback@bytedance.com)"
47.128.38.147 - - [20/Sep/2026:08:55:04 +0200] "GET /wp-content/uploads/2022/11/SEG_Paises_Portada.jpg HTTP/2.0" 206 500 "https://grupo-seg.com/" "Mozilla/5.0 (Linux; Android 5.0) AppleWebKit/537.36 (KHTML, like Gecko) Mobile Safari/537.36 (compatible; Bytespider; spider-feedback@bytedance.com)"
47.128.38.147 - - [20/Sep/2026:08:55:04 +0200] "GET /wp-content/uploads/2022/11/SEG_Quotes-186-300x300.jpg HTTP/2.0" 206 500 "https://grupo-seg.com/" "Mozilla/5.0 (Linux; Android 5.0) AppleWebKit/537.36 (KHTML, like Gecko) Mobile Safari/537.36 (compatible; Bytespider; spider-feedback@bytedance.com)"
47.128.38.147 - - [20/Sep/2026:08:55:05 +0200] "GET /wp-content/uploads/2022/09/SEG_Quotes_Team-64.jpg HTTP/2.0" 206 170265 "https://grupo-seg.com/" "Mozilla/5.0 (Linux; Android 5.0) AppleWebKit/537.36 (KHTML, like Gecko) Mobile Safari/537.36 (compatible; Bytespider; spider-feedback@bytedance.com)"
47.128.38.147 - - [20/Sep/2026:08:55:05 +0200] "GET /wp-content/uploads/2021/09/SEG_Servicios_portada-2.jpg HTTP/2.0" 206 500 "https://grupo-seg.com/" "Mozilla/5.0 (Linux; Android 5.0) AppleWebKit/537.36 (KHTML, like Gecko) Mobile Safari/537.36 (compatible; Bytespider; spider-feedback@bytedance.com)"
47.128.38.147 - - [20/Sep/2026:08:55:05 +0200] "GET /wp-content/uploads/2021/09/SEG_Quienessomos_02b.jpg HTTP/2.0" 206 500 "https://grupo-seg.com/" "Mozilla/5.0 (Linux; Android 5.0) AppleWebKit/537.36 (KHTML, like Gecko) Mobile Safari/537.36 (compatible; Bytespider; spider-feedback@bytedance.com)"
47.128.38.147 - - [20/Sep/2026:08:55:05 +0200] "POST /wp-content/plugins/litespeed-cache/guest.vary.php HTTP/1.1" 403 6501 "https://grupo-seg.com/" "Mozilla/5.0 (Linux; Android 5.0) AppleWebKit/537.36 (KHTML, like Gecko) Mobile Safari/537.36 (compatible; Bytespider; spider-feedback@bytedance.com)"
89.248.107.232 - - [20/Sep/2026:08:55:47 +0200] "POST /wp-cron.php?doing_wp_cron=1789887347.6916189193725585937500 HTTP/1.1" 200 5512 "-" "WordPress/6.6.2; https://grupo-seg.com"
40.77.167.33 - - [20/Sep/2026:08:55:47 +0200] "GET /kfue1836618z269p834d7soi5s1t0 HTTP/1.1" 404 97436 "-" "Mozilla/5.0 AppleWebKit/537.36 (KHTML, like Gecko; compatible; bingbot/2.0; +http://www.bing.com/bingbot.htm) Chrome/116.0.1938.76 Safari/537.36"
89.248.107.232 - - [20/Sep/2026:08:55:48 +0200] "POST /wp-admin/admin-ajax.php?action=async_litespeed&nonce=c23640a689&litespeed_type=imgoptm HTTP/1.1" 200 5698 "-" "WordPress/6.6.2; https://grupo-seg.com"
89.248.107.232 - - [20/Sep/2026:08:55:54 +0200] "POST /wp-cron.php?doing_wp_cron=1789887354.2281060218811035156250 HTTP/1.1" 200 5512 "-" "WordPress/6.6.2; https://grupo-seg.com"
40.77.167.63 - - [20/Sep/2026:08:55:53 +0200] "GET /abcd958146z819672pd5o3i4s0ts HTTP/1.1" 404 97436 "-" "Mozilla/5.0 AppleWebKit/537.36 (KHTML, like Gecko; compatible; bingbot/2.0; +http://www.bing.com/bingbot.htm) Chrome/116.0.1938.76 Safari/537.36"
89.248.107.232 - - [20/Sep/2026:08:56:00 +0200] "POST /wp-cron.php?doing_wp_cron=1789887360.1402139663696289062500 HTTP/1.1" 200 5512 "-" "WordPress/6.6.2; https://grupo-seg.com"
216.157.42.65 - - [20/Sep/2026:08:55:59 +0200] "GET /robots.txt HTTP/1.1" 200 5679 "-" "Mozilla/5.0 (compatible; HubSpot Crawler; HubSpot Domain check; +https://www.hubspot.com)"
216.157.42.68 - - [20/Sep/2026:08:56:01 +0200] "GET / HTTP/1.1" 200 165817 "-" "Mozilla/5.0 (compatible; HubSpot Crawler; HubSpot Domain check; +https://www.hubspot.com)"
89.248.107.232 - - [20/Sep/2026:08:56:18 +0200] "POST /wp-cron.php?doing_wp_cron=1789887378.1375288963317871093750 HTTP/1.1" 200 5512 "-" "WordPress/6.6.2; https://grupo-seg.com"
185.33.86.18 - - [20/Sep/2026:08:56:17 +0200] "GET /webmail/ HTTP/1.1" 404 97436 "-" "Mozilla/5.0 (Windows NT 10.0; WOW64; rv:47.0) Gecko/20100101 Firefox/47.0"
185.33.86.18 - - [20/Sep/2026:08:56:19 +0200] "GET /webmail/ HTTP/1.1" 404 97436 "-" "Mozilla/5.0 (Windows NT 10.0; WOW64; rv:47.0) Gecko/20100101 Firefox/47.0"
89.248.107.232 - - [20/Sep/2026:08:57:35 +0200] "POST /wp-cron.php?doing_wp_cron=1789887455.4728128910064697265625 HTTP/1.1" 200 5512 "-" "WordPress/6.6.2; https://grupo-seg.com"
52.167.144.195 - - [20/Sep/2026:08:57:35 +0200] "GET /defect3kb/pwy0syyp3.html HTTP/1.1" 301 5683 "-" "Mozilla/5.0 AppleWebKit/537.36 (KHTML, like Gecko; compatible; bingbot/2.0; +http://www.bing.com/bingbot.htm) Chrome/116.0.1938.76 Safari/537.36"
89.248.107.232 - - [20/Sep/2026:08:57:36 +0200] "POST /wp-admin/admin-ajax.php?action=async_litespeed&nonce=c23640a689&litespeed_type=imgoptm HTTP/1.1" 200 5698 "-" "WordPress/6.6.2; https://grupo-seg.com"
89.248.107.232 - - [20/Sep/2026:08:59:50 +0200] "POST /wp-cron.php?doing_wp_cron=1789887590.2148509025573730468750 HTTP/1.1" 200 5512 "-" "WordPress/6.6.2; https://grupo-seg.com"
64.188.77.85 - - [20/Sep/2026:08:59:49 +0200] "GET /wp-login.php HTTP/1.1" 200 13732 "https://seg-sa.es/" "Mozilla/5.0 (X11; Linux x86_64) AppleWebKit/537.36 (KHTML, like Gecko) Chrome/152.0.0.0 Safari/537.36"
89.248.107.232 - - [20/Sep/2026:08:59:50 +0200] "POST /wp-admin/admin-ajax.php?action=async_litespeed&nonce=c23640a689&litespeed_type=imgoptm HTTP/1.1" 200 5698 "-" "WordPress/6.6.2; https://grupo-seg.com"
52.167.144.23 - - [20/Sep/2026:08:59:50 +0200] "GET /jollyboat994/lst0a25n.html HTTP/1.1" 404 97421 "-" "Mozilla/5.0 AppleWebKit/537.36 (KHTML, like Gecko; compatible; bingbot/2.0; +http://www.bing.com/bingbot.htm) Chrome/116.0.1938.76 Safari/537.36"
64.188.77.85 - - [20/Sep/2026:08:59:50 +0200] "POST /wp-login.php HTTP/1.1" 503 25291 "https://seg-sa.es/wp-login.php" "Mozilla/5.0 (X11; Linux x86_64) AppleWebKit/537.36 (KHTML, like Gecko) Chrome/152.0.0.0 Safari/537.36"
64.188.77.85 - - [20/Sep/2026:08:59:54 +0200] "POST /wp-login.php HTTP/1.1" 503 24038 "https://seg-sa.es/wp-login.php" "Mozilla/5.0 (X11; Linux x86_64) AppleWebKit/537.36 (KHTML, like Gecko) Chrome/152.0.0.0 Safari/537.36"
64.188.77.85 - - [20/Sep/2026:08:59:57 +0200] "POST /wp-login.php HTTP/1.1" 503 24038 "https://seg-sa.es/wp-login.php" "Mozilla/5.0 (X11; Linux x86_64) AppleWebKit/537.36 (KHTML, like Gecko) Chrome/152.0.0.0 Safari/537.36"
89.248.107.232 - - [20/Sep/2026:09:00:00 +0200] "POST /?wordfence_syncAttackData=1789887600.7368 HTTP/1.1" 200 5452 "-" "WordPress/6.6.2; https://grupo-seg.com"
89.248.107.232 - - [20/Sep/2026:09:00:01 +0200] "POST /wp-cron.php?doing_wp_cron=1789887601.6518349647521972656250 HTTP/1.1" 200 5512 "-" "WordPress/6.6.2; https://grupo-seg.com"
40.77.167.33 - - [20/Sep/2026:09:00:00 +0200] "GET /irve106736z36s09i2do4857gdo1 HTTP/1.1" 404 97436 "-" "Mozilla/5.0 AppleWebKit/537.36 (KHTML, like Gecko; compatible; bingbot/2.0; +http://www.bing.com/bingbot.htm) Chrome/116.0.1938.76 Safari/537.36"
89.248.107.232 - - [20/Sep/2026:09:00:32 +0200] "POST /wp-cron.php?doing_wp_cron=1789887632.5464739799499511718750 HTTP/1.1" 200 5512 "-" "WordPress/6.6.2; https://grupo-seg.com"
40.77.167.27 - - [20/Sep/2026:09:00:32 +0200] "GET /index.php/main/index.php HTTP/1.1" 301 5612 "-" "Mozilla/5.0 AppleWebKit/537.36 (KHTML, like Gecko; compatible; bingbot/2.0; +http://www.bing.com/bingbot.htm) Chrome/116.0.1938.76 Safari/537.36"
89.248.107.232 - - [20/Sep/2026:09:00:33 +0200] "POST /wp-admin/admin-ajax.php?action=async_litespeed&nonce=c23640a689&litespeed_type=imgoptm HTTP/1.1" 200 5698 "-" "WordPress/6.6.2; https://grupo-seg.com"
89.248.107.232 - - [20/Sep/2026:09:01:23 +0200] "POST /wp-cron.php?doing_wp_cron=1789887683.7988379001617431640625 HTTP/1.1" 200 5512 "-" "WordPress/6.6.2; https://grupo-seg.com"
40.77.167.68 - - [20/Sep/2026:09:01:23 +0200] "GET /ptse558275iptit/buzon-sugerencias.html HTTP/1.1" 301 5697 "-" "Mozilla/5.0 AppleWebKit/537.36 (KHTML, like Gecko; compatible; bingbot/2.0; +http://www.bing.com/bingbot.htm) Chrome/116.0.1938.76 Safari/537.36"
89.248.107.232 - - [20/Sep/2026:09:01:25 +0200] "POST /wp-cron.php?doing_wp_cron=1789887685.3961079120635986328125 HTTP/1.1" 200 5512 "-" "WordPress/6.6.2; https://grupo-seg.com"
40.77.167.63 - - [20/Sep/2026:09:01:25 +0200] "GET /iesj400734dsimiogdot HTTP/1.1" 404 97421 "-" "Mozilla/5.0 AppleWebKit/537.36 (KHTML, like Gecko; compatible; bingbot/2.0; +http://www.bing.com/bingbot.htm) Chrome/116.0.1938.76 Safari/537.36"
89.248.107.232 - - [20/Sep/2026:09:01:25 +0200] "POST /wp-admin/admin-ajax.php?action=async_litespeed&nonce=c23640a689&litespeed_type=imgoptm HTTP/1.1" 200 5698 "-" "WordPress/6.6.2; https://grupo-seg.com"
40.77.167.63 - - [20/Sep/2026:09:01:28 +0200] "GET /abcd1100792siooditrdocugpdd.html HTTP/1.1" 404 97436 "-" "Mozilla/5.0 AppleWebKit/537.36 (KHTML, like Gecko; compatible; bingbot/2.0; +http://www.bing.com/bingbot.htm) Chrome/116.0.1938.76 Safari/537.36"
89.248.107.232 - - [20/Sep/2026:09:03:26 +0200] "POST /wp-cron.php?doing_wp_cron=1789887806.5913360118865966796875 HTTP/1.1" 200 5512 "-" "WordPress/6.6.2; https://grupo-seg.com/en/"
35.198.113.100 - - [20/Sep/2026:09:03:26 +0200] "GET /en/category/argentina-en/ HTTP/1.1" 200 104655 "-" "LinkupBot/1.0 (LinkupBot for web indexing; https://linkup.so/bot; bot@linkup.so)"
89.248.107.232 - - [20/Sep/2026:09:03:27 +0200] "POST /wp-admin/admin-ajax.php?action=async_litespeed&nonce=c23640a689&litespeed_type=imgoptm HTTP/1.1" 200 5698 "-" "WordPress/6.6.2; https://grupo-seg.com"
35.198.113.100 - - [20/Sep/2026:09:03:33 +0200] "GET /en/portfolio/supervision-of-the-flood-protection-work-for-the-cities-of-piura-and-castilla-in-piura/ HTTP/1.1" 200 117623 "-" "LinkupBot/1.0 (LinkupBot for web indexing; https://linkup.so/bot; bot@linkup.so)"
35.198.113.100 - - [20/Sep/2026:09:03:35 +0200] "GET /en/portfolio/pre-investment-study-for-the-project-construction-and-expansion-of-the-acora-totorani-integrated-irrigation-system/ HTTP/1.1" 200 117945 "-" "LinkupBot/1.0 (LinkupBot for web indexing; https://linkup.so/bot; bot@linkup.so)"
35.198.113.100 - - [20/Sep/2026:09:03:37 +0200] "GET /en/the-engineering-works-on-the-santiago-batuco-section-are-completed/ HTTP/1.1" 200 121149 "-" "LinkupBot/1.0 (LinkupBot for web indexing; https://linkup.so/bot; bot@linkup.so)"
89.248.107.232 - - [20/Sep/2026:09:04:13 +0200] "POST /wp-cron.php?doing_wp_cron=1789887853.4092969894409179687500 HTTP/1.1" 200 5512 "-" "WordPress/6.6.2; https://grupo-seg.com"
52.167.144.23 - - [20/Sep/2026:09:04:12 +0200] "GET / HTTP/1.1" 200 165847 "-" "Mozilla/5.0 AppleWebKit/537.36 (KHTML, like Gecko; compatible; bingbot/2.0; +http://www.bing.com/bingbot.htm) Chrome/116.0.1938.76 Safari/537.36"
34.79.148.39 - - [20/Sep/2026:09:04:21 +0200] "GET /pagina-ejemplo/feed/ HTTP/1.1" 200 6619 "-" "okhttp/4.12.0"
34.79.148.39 - - [20/Sep/2026:09:04:22 +0200] "GET /wp-sitemap.xml HTTP/1.1" 200 6217 "-" "okhttp/4.12.0"
34.79.148.39 - - [20/Sep/2026:09:04:22 +0200] "GET /wp-sitemap-posts-post-1.xml HTTP/1.1" 200 8170 "-" "okhttp/4.12.0"
34.79.148.39 - - [20/Sep/2026:09:04:23 +0200] "GET /wp-sitemap-posts-page-1.xml HTTP/1.1" 200 9189 "-" "okhttp/4.12.0"
34.79.148.39 - - [20/Sep/2026:09:04:23 +0200] "GET /wp-sitemap-posts-portfolio-1.xml HTTP/1.1" 200 17286 "-" "okhttp/4.12.0"
34.79.148.39 - - [20/Sep/2026:09:04:23 +0200] "GET /wp-sitemap-posts-mgeo_map-1.xml HTTP/1.1" 200 6011 "-" "okhttp/4.12.0"
34.79.148.39 - - [20/Sep/2026:09:04:24 +0200] "GET /wp-sitemap-taxonomies-category-1.xml HTTP/1.1" 200 6256 "-" "okhttp/4.12.0"
89.248.107.232 - - [20/Sep/2026:09:04:25 +0200] "POST /wp-cron.php?doing_wp_cron=1789887865.1640920639038085937500 HTTP/1.1" 200 5512 "-" "WordPress/6.6.2; https://grupo-seg.com"
34.79.148.39 - - [20/Sep/2026:09:04:24 +0200] "GET /wp-sitemap-taxonomies-project-type-1.xml HTTP/1.1" 200 6924 "-" "okhttp/4.12.0"
34.79.148.39 - - [20/Sep/2026:09:04:25 +0200] "GET /feed/ HTTP/1.1" 200 100998 "-" "okhttp/4.12.0"
89.248.107.232 - - [20/Sep/2026:09:04:25 +0200] "POST /wp-admin/admin-ajax.php?action=async_litespeed&nonce=c23640a689&litespeed_type=imgoptm HTTP/1.1" 200 5698 "-" "WordPress/6.6.2; https://grupo-seg.com"
89.248.107.232 - - [20/Sep/2026:09:04:40 +0200] "POST /wp-cron.php?doing_wp_cron=1789887880.8401288986206054687500 HTTP/1.1" 200 5512 "-" "WordPress/6.6.2; https://grupo-seg.com/en/"
35.198.113.100 - - [20/Sep/2026:09:04:40 +0200] "GET /en/projects/ HTTP/1.1" 200 973252 "-" "LinkupBot/1.0 (LinkupBot for web indexing; https://linkup.so/bot; bot@linkup.so)"
89.248.107.232 - - [20/Sep/2026:09:04:45 +0200] "POST /wp-cron.php?doing_wp_cron=1789887885.1564850807189941406250 HTTP/1.1" 200 5512 "-" "WordPress/6.6.2; https://grupo-seg.com"
35.198.113.100 - - [20/Sep/2026:09:04:44 +0200] "GET /portfolio/estudio-de-ingenieria-para-la-construccion-de-la-terminal-de-pasajeros-en-el-aeropuerto-de-puerto-maldonado/ HTTP/1.1" 200 117520 "-" "LinkupBot/1.0 (LinkupBot for web indexing; https://linkup.so/bot; bot@linkup.so)"
89.248.107.232 - - [20/Sep/2026:09:04:58 +0200] "POST /wp-cron.php?doing_wp_cron=1789887898.0299201011657714843750 HTTP/1.1" 200 5512 "-" "WordPress/6.6.2; https://grupo-seg.com"
47.79.206.17 - - [20/Sep/2026:09:04:57 +0200] "GET / HTTP/1.1" 301 5612 "https://www.google.com/" "Mozilla/5.0 (Windows NT 10.0; Win64; x64) AppleWebKit/537.36 (KHTML, like Gecko) Chrome/132.0.0.0 Safari/537.36"
47.79.206.78 - - [20/Sep/2026:09:04:59 +0200] "GET / HTTP/1.1" 200 165817 "https://www.google.com/" "Mozilla/5.0 (Windows NT 10.0; Win64; x64) AppleWebKit/537.36 (KHTML, like Gecko) Chrome/132.0.0.0 Safari/537.36"
89.248.107.232 - - [20/Sep/2026:09:05:02 +0200] "POST /wp-cron.php?doing_wp_cron=1789887902.3012158870697021484375 HTTP/1.1" 200 5512 "-" "WordPress/6.6.2; https://grupo-seg.com/en/"
35.198.113.100 - - [20/Sep/2026:09:05:01 +0200] "GET /en/countries/spain/ HTTP/1.1" 200 160981 "-" "LinkupBot/1.0 (LinkupBot for web indexing; https://linkup.so/bot; bot@linkup.so)"
89.248.107.232 - - [20/Sep/2026:09:05:12 +0200] "POST /wp-cron.php?doing_wp_cron=1789887912.2501680850982666015625 HTTP/1.1" 200 5512 "-" "WordPress/6.6.2; https://grupo-seg.com"
35.198.113.100 - - [20/Sep/2026:09:05:11 +0200] "GET /portfolio/regeneracion-de-pavimento-en-pista-en-el-aeropuerto-adolfo-suarez-madrid-barajas/ HTTP/1.1" 200 117258 "-" "LinkupBot/1.0 (LinkupBot for web indexing; https://linkup.so/bot; bot@linkup.so)"
89.248.107.232 - - [20/Sep/2026:09:06:49 +0200] "POST /wp-cron.php?doing_wp_cron=1789888009.1383600234985351562500 HTTP/1.1" 200 5512 "-" "WordPress/6.6.2; https://grupo-seg.com/en/"
35.198.113.100 - - [20/Sep/2026:09:06:48 +0200] "GET /en/project-type/%C2%B7-spain/page/2/ HTTP/1.1" 200 116830 "-" "LinkupBot/1.0 (LinkupBot for web indexing; https://linkup.so/bot; bot@linkup.so)"
89.248.107.232 - - [20/Sep/2026:09:06:49 +0200] "POST /wp-admin/admin-ajax.php?action=async_litespeed&nonce=c23640a689&litespeed_type=imgoptm HTTP/1.1" 200 5698 "-" "WordPress/6.6.2; https://grupo-seg.com"
129.211.229.121 - - [20/Sep/2026:09:06:50 +0200] "GET / HTTP/1.1" 200 157019 "https://www.seg-sa.es/" "Mozilla/5.0 (iPhone; CPU iPhone OS 13_2_3 like Mac OS X) AppleWebKit/605.1.15 (KHTML, like Gecko) Version/13.0.3 Mobile/15E148 Safari/604.1"
89.248.107.232 - - [20/Sep/2026:09:08:22 +0200] "POST /wp-cron.php?doing_wp_cron=1789888102.7433109283447265625000 HTTP/1.1" 200 5512 "-" "WordPress/6.6.2; https://grupo-seg.com"
40.77.167.27 - - [20/Sep/2026:09:08:22 +0200] "GET /peru552/legal.html HTTP/1.1" 301 5677 "-" "Mozilla/5.0 AppleWebKit/537.36 (KHTML, like Gecko; compatible; bingbot/2.0; +http://www.bing.com/bingbot.htm) Chrome/116.0.1938.76 Safari/537.36"
89.248.107.232 - - [20/Sep/2026:09:08:23 +0200] "POST /wp-admin/admin-ajax.php?action=async_litespeed&nonce=c23640a689&litespeed_type=imgoptm HTTP/1.1" 200 5698 "-" "WordPress/6.6.2; https://grupo-seg.com"
89.248.107.232 - - [20/Sep/2026:09:08:31 +0200] "POST /wp-cron.php?doing_wp_cron=1789888111.3390550613403320312500 HTTP/1.1" 200 5512 "-" "WordPress/6.6.2; https://grupo-seg.com"
52.167.144.234 - - [20/Sep/2026:09:08:30 +0200] "GET /georgiana203/lk3i4yej1.html HTTP/1.1" 301 5686 "-" "Mozilla/5.0 AppleWebKit/537.36 (KHTML, like Gecko; compatible; bingbot/2.0; +http://www.bing.com/bingbot.htm) Chrome/116.0.1938.76 Safari/537.36"
89.248.107.232 - - [20/Sep/2026:09:08:31 +0200] "POST /wp-admin/admin-ajax.php?action=async_litespeed&nonce=c23640a689&litespeed_type=imgoptm HTTP/1.1" 200 5698 "-" "WordPress/6.6.2; https://grupo-seg.com"
89.248.107.232 - - [20/Sep/2026:09:09:47 +0200] "POST /wp-cron.php?doing_wp_cron=1789888187.3955039978027343750000 HTTP/1.1" 200 5512 "-" "WordPress/6.6.2; https://grupo-seg.com"
52.167.144.23 - - [20/Sep/2026:09:09:46 +0200] "GET /pinking3k-wk46kqi1i.html HTTP/1.1" 404 97421 "-" "Mozilla/5.0 AppleWebKit/537.36 (KHTML, like Gecko; compatible; bingbot/2.0; +http://www.bing.com/bingbot.htm) Chrome/116.0.1938.76 Safari/537.36"
89.248.107.232 - - [20/Sep/2026:09:09:48 +0200] "POST /wp-admin/admin-ajax.php?action=async_litespeed&nonce=c23640a689&litespeed_type=imgoptm HTTP/1.1" 200 5698 "-" "WordPress/6.6.2; https://grupo-seg.com"
89.248.107.232 - - [20/Sep/2026:09:12:01 +0200] "POST /wp-cron.php?doing_wp_cron=1789888321.6229898929595947265625 HTTP/1.1" 200 5512 "-" "WordPress/6.6.2; https://grupo-seg.com"
40.77.167.158 - - [20/Sep/2026:09:12:01 +0200] "GET /ahjv427162odsii/servicios.html HTTP/1.1" 404 97436 "-" "Mozilla/5.0 AppleWebKit/537.36 (KHTML, like Gecko; compatible; bingbot/2.0; +http://www.bing.com/bingbot.htm) Chrome/116.0.1938.76 Safari/537.36"
89.248.107.232 - - [20/Sep/2026:09:12:02 +0200] "POST /wp-admin/admin-ajax.php?action=async_litespeed&nonce=c23640a689&litespeed_type=imgoptm HTTP/1.1" 200 5698 "-" "WordPress/6.6.2; https://grupo-seg.com"
89.248.107.232 - - [20/Sep/2026:09:12:10 +0200] "POST /wp-cron.php?doing_wp_cron=1789888330.8247380256652832031250 HTTP/1.1" 200 5512 "-" "WordPress/6.6.2; https://grupo-seg.com"
79.116.209.219 - - [20/Sep/2026:09:12:10 +0200] "POST /AutoDiscover/autodiscover.xml HTTP/1.1" 404 92202 "-" "Microsoft Office/16.0 (Windows NT 10.0; Microsoft Word 16.0.20326; Pro)"
89.248.107.232 - - [20/Sep/2026:09:13:32 +0200] "POST /wp-cron.php?doing_wp_cron=1789888412.8797550201416015625000 HTTP/1.1" 200 5512 "-" "WordPress/6.6.2; https://grupo-seg.com"
66.249.88.104 - - [20/Sep/2026:09:13:32 +0200] "GET /.well-known/traffic-advice HTTP/1.1" 404 97421 "-" "Chrome Privacy Preserving Prefetch Proxy"
89.248.107.232 - - [20/Sep/2026:09:13:33 +0200] "POST /wp-admin/admin-ajax.php?action=async_litespeed&nonce=c23640a689&litespeed_type=imgoptm HTTP/1.1" 200 5698 "-" "WordPress/6.6.2; https://grupo-seg.com"
162.120.185.241 - - [20/Sep/2026:09:13:33 +0200] "GET /category/peru/ HTTP/1.1" 200 97820 "https://www.google.com/" "Mozilla/5.0 (Linux; Android 10; K) AppleWebKit/537.36 (KHTML, like Gecko) Chrome/152.0.0.0 Mobile Safari/537.36"
89.248.107.232 - - [20/Sep/2026:09:14:44 +0200] "POST /wp-cron.php?doing_wp_cron=1789888484.6726610660552978515625 HTTP/1.1" 200 5512 "-" "WordPress/6.6.2; https://grupo-seg.com"
92.222.104.220 - - [20/Sep/2026:09:14:44 +0200] "GET /robots.txt HTTP/1.1" 200 5679 "-" "Mozilla/5.0 (compatible; AhrefsBot/7.0; +http://ahrefs.com/robot/)"
198.244.240.115 - - [20/Sep/2026:09:14:45 +0200] "GET /wp-sitemap.xml HTTP/1.1" 200 6217 "-" "Mozilla/5.0 (compatible; AhrefsBot/7.0; +http://ahrefs.com/robot/)"
89.248.107.232 - - [20/Sep/2026:09:14:45 +0200] "POST /wp-admin/admin-ajax.php?action=async_litespeed&nonce=c23640a689&litespeed_type=imgoptm HTTP/1.1" 200 5698 "-" "WordPress/6.6.2; https://grupo-seg.com"
198.244.240.165 - - [20/Sep/2026:09:14:46 +0200] "GET /wp-sitemap-posts-post-1.xml HTTP/1.1" 200 8170 "-" "Mozilla/5.0 (compatible; AhrefsBot/7.0; +http://ahrefs.com/robot/)"
51.195.215.82 - - [20/Sep/2026:09:14:47 +0200] "GET /wp-sitemap-posts-page-1.xml HTTP/1.1" 200 9189 "-" "Mozilla/5.0 (compatible; AhrefsBot/7.0; +http://ahrefs.com/robot/)"
40.77.167.123 - - [20/Sep/2026:09:14:47 +0200] "GET /en/?s= HTTP/1.1" 200 97529 "-" "Mozilla/5.0 AppleWebKit/537.36 (KHTML, like Gecko; compatible; bingbot/2.0; +http://www.bing.com/bingbot.htm) Chrome/116.0.1938.76 Safari/537.36"
51.89.129.14 - - [20/Sep/2026:09:14:48 +0200] "GET /wp-sitemap-posts-portfolio-1.xml HTTP/1.1" 200 17286 "-" "Mozilla/5.0 (compatible; AhrefsBot/7.0; +http://ahrefs.com/robot/)"
198.244.240.208 - - [20/Sep/2026:09:14:49 +0200] "GET /wp-sitemap-posts-mgeo_map-1.xml HTTP/1.1" 200 6011 "-" "Mozilla/5.0 (compatible; AhrefsBot/7.0; +http://ahrefs.com/robot/)"
51.195.183.63 - - [20/Sep/2026:09:14:50 +0200] "GET /wp-sitemap-taxonomies-category-1.xml HTTP/1.1" 200 6256 "-" "Mozilla/5.0 (compatible; AhrefsBot/7.0; +http://ahrefs.com/robot/)"
51.195.183.236 - - [20/Sep/2026:09:14:51 +0200] "GET /wp-sitemap-taxonomies-project-type-1.xml HTTP/1.1" 200 6924 "-" "Mozilla/5.0 (compatible; AhrefsBot/7.0; +http://ahrefs.com/robot/)"
89.248.107.232 - - [20/Sep/2026:09:14:55 +0200] "POST /wp-cron.php?doing_wp_cron=1789888495.9004230499267578125000 HTTP/1.1" 200 5512 "-" "WordPress/6.6.2; https://grupo-seg.com"
139.155.134.17 - - [20/Sep/2026:09:14:55 +0200] "GET / HTTP/1.1" 200 156989 "https://www.seg-sa.es/" "Mozilla/5.0 (iPhone; CPU iPhone OS 13_2_3 like Mac OS X) AppleWebKit/605.1.15 (KHTML, like Gecko) Version/13.0.3 Mobile/15E148 Safari/604.1"
89.248.107.232 - - [20/Sep/2026:09:16:06 +0200] "POST /wp-cron.php?doing_wp_cron=1789888566.1275930404663085937500 HTTP/1.1" 200 5512 "-" "WordPress/6.6.2; https://grupo-seg.com/en/"
35.198.113.100 - - [20/Sep/2026:09:16:05 +0200] "GET /en/category/argentina-en/ HTTP/1.1" 200 104655 "-" "LinkupBot/1.0 (LinkupBot for web indexing; https://linkup.so/bot; bot@linkup.so)"
89.248.107.232 - - [20/Sep/2026:09:16:06 +0200] "POST /wp-admin/admin-ajax.php?action=async_litespeed&nonce=c23640a689&litespeed_type=imgoptm HTTP/1.1" 200 5698 "-" "WordPress/6.6.2; https://grupo-seg.com"
89.248.107.232 - - [20/Sep/2026:09:16:59 +0200] "POST /wp-cron.php?doing_wp_cron=1789888619.6405138969421386718750 HTTP/1.1" 200 5512 "-" "WordPress/6.6.2; https://grupo-seg.com"
185.33.86.18 - - [20/Sep/2026:09:16:59 +0200] "GET /webmail/ HTTP/1.1" 404 97421 "-" "Mozilla/5.0 (Windows NT 10.0; WOW64; rv:47.0) Gecko/20100101 Firefox/47.0"
89.248.107.232 - - [20/Sep/2026:09:17:00 +0200] "POST /wp-admin/admin-ajax.php?action=async_litespeed&nonce=c23640a689&litespeed_type=imgoptm HTTP/1.1" 200 5698 "-" "WordPress/6.6.2; https://grupo-seg.com"
185.33.86.18 - - [20/Sep/2026:09:17:01 +0200] "GET /webmail/ HTTP/1.1" 404 97421 "-" "Mozilla/5.0 (Windows NT 10.0; WOW64; rv:47.0) Gecko/20100101 Firefox/47.0"
89.248.107.232 - - [20/Sep/2026:09:17:19 +0200] "POST /wp-cron.php?doing_wp_cron=1789888639.8968989849090576171875 HTTP/1.1" 200 5512 "-" "WordPress/6.6.2; https://grupo-seg.com/en/"
35.198.113.100 - - [20/Sep/2026:09:17:19 +0200] "GET /en/portfolio/supervision-of-the-flood-protection-work-for-the-cities-of-piura-and-castilla-in-piura/ HTTP/1.1" 200 117620 "-" "LinkupBot/1.0 (LinkupBot for web indexing; https://linkup.so/bot; bot@linkup.so)"
35.198.113.100 - - [20/Sep/2026:09:17:23 +0200] "GET /en/the-engineering-works-on-the-santiago-batuco-section-are-completed/ HTTP/1.1" 200 121158 "-" "LinkupBot/1.0 (LinkupBot for web indexing; https://linkup.so/bot; bot@linkup.so)"
89.248.107.232 - - [20/Sep/2026:09:17:26 +0200] "POST /wp-cron.php?doing_wp_cron=1789888646.9000759124755859375000 HTTP/1.1" 200 5512 "-" "WordPress/6.6.2; https://grupo-seg.com/en/"
35.198.113.100 - - [20/Sep/2026:09:17:26 +0200] "GET /en/portfolio/pre-investment-study-for-the-project-construction-and-expansion-of-the-acora-totorani-integrated-irrigation-system/ HTTP/1.1" 200 117952 "-" "LinkupBot/1.0 (LinkupBot for web indexing; https://linkup.so/bot; bot@linkup.so)"
89.248.107.232 - - [20/Sep/2026:09:17:28 +0200] "POST /wp-admin/admin-ajax.php?action=async_litespeed&nonce=c23640a689&litespeed_type=imgoptm HTTP/1.1" 200 5698 "-" "WordPress/6.6.2; https://grupo-seg.com"
89.248.107.232 - - [20/Sep/2026:09:18:02 +0200] "POST /wp-cron.php?doing_wp_cron=1789888682.3411629199981689453125 HTTP/1.1" 200 5512 "-" "WordPress/6.6.2; https://grupo-seg.com"
35.198.113.100 - - [20/Sep/2026:09:18:01 +0200] "GET /portfolio/estudio-de-ingenieria-para-la-construccion-de-la-terminal-de-pasajeros-en-el-aeropuerto-de-puerto-maldonado/ HTTP/1.1" 200 117519 "-" "LinkupBot/1.0 (LinkupBot for web indexing; https://linkup.so/bot; bot@linkup.so)"
35.198.113.100 - - [20/Sep/2026:09:18:12 +0200] "GET /en/projects/ HTTP/1.1" 200 973162 "-" "LinkupBot/1.0 (LinkupBot for web indexing; https://linkup.so/bot; bot@linkup.so)"
35.198.113.100 - - [20/Sep/2026:09:18:18 +0200] "GET /en/countries/spain/ HTTP/1.1" 200 161011 "-" "LinkupBot/1.0 (LinkupBot for web indexing; https://linkup.so/bot; bot@linkup.so)"
89.248.107.232 - - [20/Sep/2026:09:20:19 +0200] "POST /wp-cron.php?doing_wp_cron=1789888819.6333990097045898437500 HTTP/1.1" 200 5512 "-" "WordPress/6.6.2; https://grupo-seg.com"
35.198.113.100 - - [20/Sep/2026:09:20:19 +0200] "GET /portfolio/regeneracion-de-pavimento-en-pista-en-el-aeropuerto-adolfo-suarez-madrid-barajas/ HTTP/1.1" 200 117266 "-" "LinkupBot/1.0 (LinkupBot for web indexing; https://linkup.so/bot; bot@linkup.so)"
89.248.107.232 - - [20/Sep/2026:09:20:20 +0200] "POST /wp-admin/admin-ajax.php?action=async_litespeed&nonce=c23640a689&litespeed_type=imgoptm HTTP/1.1" 200 5698 "-" "WordPress/6.6.2; https://grupo-seg.com"
89.248.107.232 - - [20/Sep/2026:09:22:07 +0200] "POST /wp-cron.php?doing_wp_cron=1789888927.3795940876007080078125 HTTP/1.1" 200 5512 "-" "WordPress/6.6.2; https://grupo-seg.com"
47.128.37.72 - - [20/Sep/2026:09:22:06 +0200] "GET /portfolio/proyecto-de-adecuacion-de-pista-y-franja-en-el-aeropuerto-de-la-palma/ HTTP/1.1" 200 107994 "-" "Mozilla/5.0 (Linux; Android 5.0) AppleWebKit/537.36 (KHTML, like Gecko) Mobile Safari/537.36 (compatible; Bytespider; spider-feedback@bytedance.com)"
89.248.107.232 - - [20/Sep/2026:09:22:08 +0200] "POST /wp-admin/admin-ajax.php?action=async_litespeed&nonce=c23640a689&litespeed_type=imgoptm HTTP/1.1" 200 5698 "-" "WordPress/6.6.2; https://grupo-seg.com"
47.128.37.72 - - [20/Sep/2026:09:22:08 +0200] "GET /wp-content/uploads/2023/06/SEG_Proyectos_Aeropuertos_Dest_10-768x702.jpg HTTP/2.0" 206 500 "https://grupo-seg.com/portfolio/proyecto-de-adecuacion-de-pista-y-franja-en-el-aeropuerto-de-la-palma/" "Mozilla/5.0 (Linux; Android 5.0) AppleWebKit/537.36 (KHTML, like Gecko) Mobile Safari/537.36 (compatible; Bytespider; spider-feedback@bytedance.com)"
35.198.113.100 - - [20/Sep/2026:09:22:17 +0200] "GET /en/project-type/%C2%B7-spain/page/2/ HTTP/1.1" 200 116815 "-" "LinkupBot/1.0 (LinkupBot for web indexing; https://linkup.so/bot; bot@linkup.so)"
89.248.107.232 - - [20/Sep/2026:09:22:26 +0200] "POST /wp-cron.php?doing_wp_cron=1789888946.7573549747467041015625 HTTP/1.1" 200 5512 "-" "WordPress/6.6.2; https://grupo-seg.com"
208.127.43.247 - - [20/Sep/2026:09:22:26 +0200] "GET /enfoque/ HTTP/1.1" 200 156953 "https://www.bing.com/" "Mozilla/5.0 (Windows NT 10.0; Win64; x64) AppleWebKit/537.36 (KHTML, like Gecko) Chrome/153.0.0.0 Safari/537.36 Edg/153.0.0.0"
89.248.107.232 - - [20/Sep/2026:09:22:27 +0200] "POST /wp-admin/admin-ajax.php?action=async_litespeed&nonce=c23640a689&litespeed_type=imgoptm HTTP/1.1" 200 5698 "-" "WordPress/6.6.2; https://grupo-seg.com"
208.127.43.247 - - [20/Sep/2026:09:22:27 +0200] "POST /wp-content/plugins/litespeed-cache/guest.vary.php HTTP/1.1" 403 6501 "https://grupo-seg.com/enfoque/" "Mozilla/5.0 (Windows NT 10.0; Win64; x64) AppleWebKit/537.36 (KHTML, like Gecko) Chrome/153.0.0.0 Safari/537.36 Edg/153.0.0.0"
208.127.43.247 - - [20/Sep/2026:09:22:27 +0200] "GET /wp-content/litespeed/css/8f7c4183d659a3b3dc968fa103ea6f7d.css?ver=04cf4 HTTP/2.0" 200 89838 "https://grupo-seg.com/enfoque/" "Mozilla/5.0 (Windows NT 10.0; Win64; x64) AppleWebKit/537.36 (KHTML, like Gecko) Chrome/153.0.0.0 Safari/537.36 Edg/153.0.0.0"
208.127.43.247 - - [20/Sep/2026:09:22:27 +0200] "GET /wp-content/plugins/sitepress-multilingual-cms%207/dist/css/blocks/styles.css HTTP/2.0" 200 6360 "https://grupo-seg.com/enfoque/" "Mozilla/5.0 (Windows NT 10.0; Win64; x64) AppleWebKit/537.36 (KHTML, like Gecko) Chrome/153.0.0.0 Safari/537.36 Edg/153.0.0.0"
208.127.43.247 - - [20/Sep/2026:09:22:27 +0200] "GET /wp-content/plugins/sitepress-multilingual-cms%207/templates/language-switchers/legacy-list-horizontal/style.min.css HTTP/2.0" 200 236 "https://grupo-seg.com/enfoque/" "Mozilla/5.0 (Windows NT 10.0; Win64; x64) AppleWebKit/537.36 (KHTML, like Gecko) Chrome/153.0.0.0 Safari/537.36 Edg/153.0.0.0"
208.127.43.247 - - [20/Sep/2026:09:22:27 +0200] "GET /wp-content/plugins/sitepress-multilingual-cms%207/templates/language-switchers/menu-item/style.min.css HTTP/2.0" 200 100 "https://grupo-seg.com/enfoque/" "Mozilla/5.0 (Windows NT 10.0; Win64; x64) AppleWebKit/537.36 (KHTML, like Gecko) Chrome/153.0.0.0 Safari/537.36 Edg/153.0.0.0"
208.127.43.247 - - [20/Sep/2026:09:22:27 +0200] "GET /wp-content/uploads/2021/07/SED_logo_retina-1.png HTTP/2.0" 200 65442 "https://grupo-seg.com/enfoque/" "Mozilla/5.0 (Windows NT 10.0; Win64; x64) AppleWebKit/537.36 (KHTML, like Gecko) Chrome/153.0.0.0 Safari/537.36 Edg/153.0.0.0"
208.127.43.247 - - [20/Sep/2026:09:22:27 +0200] "GET /wp-content/uploads/2021/07/SED_logo_blanco_retina-1.png HTTP/2.0" 200 60381 "https://grupo-seg.com/enfoque/" "Mozilla/5.0 (Windows NT 10.0; Win64; x64) AppleWebKit/537.36 (KHTML, like Gecko) Chrome/153.0.0.0 Safari/537.36 Edg/153.0.0.0"
208.127.43.247 - - [20/Sep/2026:09:22:27 +0200] "GET /wp-content/themes/salient/css/build/style-non-critical.css HTTP/2.0" 200 4553 "https://grupo-seg.com/enfoque/" "Mozilla/5.0 (Windows NT 10.0; Win64; x64) AppleWebKit/537.36 (KHTML, like Gecko) Chrome/153.0.0.0 Safari/537.36 Edg/153.0.0.0"
208.127.43.247 - - [20/Sep/2026:09:22:27 +0200] "GET /wp-content/uploads/2022/09/SEG_Quotes_Team-73.jpg HTTP/2.0" 200 203464 "https://grupo-seg.com/enfoque/" "Mozilla/5.0 (Windows NT 10.0; Win64; x64) AppleWebKit/537.36 (KHTML, like Gecko) Chrome/153.0.0.0 Safari/537.36 Edg/153.0.0.0"
208.127.43.247 - - [20/Sep/2026:09:22:27 +0200] "GET /wp-content/themes/salient/css/build/plugins/jquery.fancybox.css HTTP/2.0" 200 3131 "https://grupo-seg.com/enfoque/" "Mozilla/5.0 (Windows NT 10.0; Win64; x64) AppleWebKit/537.36 (KHTML, like Gecko) Chrome/153.0.0.0 Safari/537.36 Edg/153.0.0.0"
208.127.43.247 - - [20/Sep/2026:09:22:27 +0200] "GET /wp-content/themes/salient/css/build/off-canvas/core.css HTTP/2.0" 200 3164 "https://grupo-seg.com/enfoque/" "Mozilla/5.0 (Windows NT 10.0; Win64; x64) AppleWebKit/537.36 (KHTML, like Gecko) Chrome/153.0.0.0 Safari/537.36 Edg/153.0.0.0"
208.127.43.247 - - [20/Sep/2026:09:22:27 +0200] "GET /wp-content/themes/salient/css/build/off-canvas/fullscreen-legacy.css HTTP/2.0" 200 1425 "https://grupo-seg.com/enfoque/" "Mozilla/5.0 (Windows NT 10.0; Win64; x64) AppleWebKit/537.36 (KHTML, like Gecko) Chrome/153.0.0.0 Safari/537.36 Edg/153.0.0.0"
208.127.43.247 - - [20/Sep/2026:09:22:27 +0200] "GET /wp-content/uploads/2022/12/SEG_Icon_Next-Section.png HTTP/2.0" 200 1337 "https://grupo-seg.com/enfoque/" "Mozilla/5.0 (Windows NT 10.0; Win64; x64) AppleWebKit/537.36 (KHTML, like Gecko) Chrome/153.0.0.0 Safari/537.36 Edg/153.0.0.0"
208.127.43.247 - - [20/Sep/2026:09:22:27 +0200] "GET /wp-content/uploads/2022/09/SEG_Quotes_Team-64-250x300.jpg HTTP/2.0" 200 7454 "https://grupo-seg.com/enfoque/" "Mozilla/5.0 (Windows NT 10.0; Win64; x64) AppleWebKit/537.36 (KHTML, like Gecko) Chrome/153.0.0.0 Safari/537.36 Edg/153.0.0.0"
208.127.43.247 - - [20/Sep/2026:09:22:27 +0200] "GET /wp-content/uploads/2022/09/SEG_Quotes_00_A.png HTTP/2.0" 200 7694 "https://grupo-seg.com/enfoque/" "Mozilla/5.0 (Windows NT 10.0; Win64; x64) AppleWebKit/537.36 (KHTML, like Gecko) Chrome/153.0.0.0 Safari/537.36 Edg/153.0.0.0"
208.127.43.247 - - [20/Sep/2026:09:22:27 +0200] "GET /wp-content/uploads/useanyfont/3503Graphik-Regular.woff2 HTTP/2.0" 200 34332 "https://grupo-seg.com/wp-content/litespeed/css/8f7c4183d659a3b3dc968fa103ea6f7d.css?ver=04cf4" "Mozilla/5.0 (Windows NT 10.0; Win64; x64) AppleWebKit/537.36 (KHTML, like Gecko) Chrome/153.0.0.0 Safari/537.36 Edg/153.0.0.0"
208.127.43.247 - - [20/Sep/2026:09:22:27 +0200] "GET /wp-content/themes/salient/css/fonts/icomoon.woff?v=1.3 HTTP/2.0" 200 21132 "https://grupo-seg.com/wp-content/litespeed/css/8f7c4183d659a3b3dc968fa103ea6f7d.css?ver=04cf4" "Mozilla/5.0 (Windows NT 10.0; Win64; x64) AppleWebKit/537.36 (KHTML, like Gecko) Chrome/153.0.0.0 Safari/537.36 Edg/153.0.0.0"
208.127.43.247 - - [20/Sep/2026:09:22:27 +0200] "GET /wp-content/uploads/useanyfont/3325Graphik-Medium.woff2 HTTP/2.0" 200 37020 "https://grupo-seg.com/wp-content/litespeed/css/8f7c4183d659a3b3dc968fa103ea6f7d.css?ver=04cf4" "Mozilla/5.0 (Windows NT 10.0; Win64; x64) AppleWebKit/537.36 (KHTML, like Gecko) Chrome/153.0.0.0 Safari/537.36 Edg/153.0.0.0"
208.127.43.247 - - [20/Sep/2026:09:22:27 +0200] "GET /wp-content/uploads/useanyfont/9325Graphik-Semibold.woff2 HTTP/2.0" 200 37036 "https://grupo-seg.com/wp-content/litespeed/css/8f7c4183d659a3b3dc968fa103ea6f7d.css?ver=04cf4" "Mozilla/5.0 (Windows NT 10.0; Win64; x64) AppleWebKit/537.36 (KHTML, like Gecko) Chrome/153.0.0.0 Safari/537.36 Edg/153.0.0.0"
208.127.43.247 - - [20/Sep/2026:09:22:27 +0200] "GET /wp-content/uploads/2021/09/SEG_Enfoque_Portada.jpg HTTP/2.0" 200 1060230 "https://grupo-seg.com/enfoque/" "Mozilla/5.0 (Windows NT 10.0; Win64; x64) AppleWebKit/537.36 (KHTML, like Gecko) Chrome/153.0.0.0 Safari/537.36 Edg/153.0.0.0"
208.127.43.247 - - [20/Sep/2026:09:22:27 +0200] "GET /wp-content/uploads/2021/09/SEG_Enfoque_01-1.jpg HTTP/2.0" 200 286131 "https://grupo-seg.com/enfoque/" "Mozilla/5.0 (Windows NT 10.0; Win64; x64) AppleWebKit/537.36 (KHTML, like Gecko) Chrome/153.0.0.0 Safari/537.36 Edg/153.0.0.0"
208.127.43.247 - - [20/Sep/2026:09:22:27 +0200] "GET /wp-content/uploads/2021/09/SEG_Enfoque_02.jpg HTTP/2.0" 200 874206 "https://grupo-seg.com/enfoque/" "Mozilla/5.0 (Windows NT 10.0; Win64; x64) AppleWebKit/537.36 (KHTML, like Gecko) Chrome/153.0.0.0 Safari/537.36 Edg/153.0.0.0"
208.127.43.247 - - [20/Sep/2026:09:22:28 +0200] "GET /wp-content/uploads/2021/07/cropped-SED_FAV-32x32.png HTTP/2.0" 200 199 "https://grupo-seg.com/enfoque/" "Mozilla/5.0 (Windows NT 10.0; Win64; x64) AppleWebKit/537.36 (KHTML, like Gecko) Chrome/153.0.0.0 Safari/537.36 Edg/153.0.0.0"
208.127.43.247 - - [20/Sep/2026:09:22:30 +0200] "GET /wp-content/plugins/sitepress-multilingual-cms%207/res/js/cookies/language-cookie.js HTTP/2.0" 200 127 "https://grupo-seg.com/enfoque/" "Mozilla/5.0 (Windows NT 10.0; Win64; x64) AppleWebKit/537.36 (KHTML, like Gecko) Chrome/153.0.0.0 Safari/537.36 Edg/153.0.0.0"
208.127.43.247 - - [20/Sep/2026:09:22:30 +0200] "GET /wp-includes/js/jquery/jquery.min.js HTTP/2.0" 200 29597 "https://grupo-seg.com/enfoque/" "Mozilla/5.0 (Windows NT 10.0; Win64; x64) AppleWebKit/537.36 (KHTML, like Gecko) Chrome/153.0.0.0 Safari/537.36 Edg/153.0.0.0"
208.127.43.247 - - [20/Sep/2026:09:22:30 +0200] "GET /wp-content/litespeed/js/ccae5b68e44d155a420a2710b1cacf50.js?ver=04cf4 HTTP/2.0" 200 120060 "https://grupo-seg.com/enfoque/" "Mozilla/5.0 (Windows NT 10.0; Win64; x64) AppleWebKit/537.36 (KHTML, like Gecko) Chrome/153.0.0.0 Safari/537.36 Edg/153.0.0.0"
208.127.43.247 - - [20/Sep/2026:09:22:43 +0200] "GET /wp-content/uploads/2021/09/SEG_Enfoque_Icon_07.png HTTP/2.0" 200 1018 "https://grupo-seg.com/enfoque/" "Mozilla/5.0 (Windows NT 10.0; Win64; x64) AppleWebKit/537.36 (KHTML, like Gecko) Chrome/153.0.0.0 Safari/537.36 Edg/153.0.0.0"
208.127.43.247 - - [20/Sep/2026:09:22:43 +0200] "GET /wp-content/uploads/2021/09/SEG_Enfoque_Icon_02.png HTTP/2.0" 200 1226 "https://grupo-seg.com/enfoque/" "Mozilla/5.0 (Windows NT 10.0; Win64; x64) AppleWebKit/537.36 (KHTML, like Gecko) Chrome/153.0.0.0 Safari/537.36 Edg/153.0.0.0"
208.127.43.247 - - [20/Sep/2026:09:22:43 +0200] "GET /wp-content/uploads/2021/09/SEG_Enfoque_Icon_03.png HTTP/2.0" 200 1068 "https://grupo-seg.com/enfoque/" "Mozilla/5.0 (Windows NT 10.0; Win64; x64) AppleWebKit/537.36 (KHTML, like Gecko) Chrome/153.0.0.0 Safari/537.36 Edg/153.0.0.0"
208.127.43.247 - - [20/Sep/2026:09:22:43 +0200] "GET /wp-content/uploads/2021/09/SEG_Enfoque_Icon_04.png HTTP/2.0" 200 1271 "https://grupo-seg.com/enfoque/" "Mozilla/5.0 (Windows NT 10.0; Win64; x64) AppleWebKit/537.36 (KHTML, like Gecko) Chrome/153.0.0.0 Safari/537.36 Edg/153.0.0.0"
89.248.107.232 - - [20/Sep/2026:09:22:44 +0200] "POST /wp-cron.php?doing_wp_cron=1789888964.8916459083557128906250 HTTP/1.1" 200 5512 "-" "WordPress/6.6.2; https://grupo-seg.com"
185.33.86.18 - - [20/Sep/2026:09:22:44 +0200] "GET /webmail/ HTTP/1.1" 404 97436 "-" "Mozilla/5.0 (Windows NT 10.0; WOW64; rv:47.0) Gecko/20100101 Firefox/47.0"
208.127.43.247 - - [20/Sep/2026:09:22:45 +0200] "GET /wp-content/uploads/2021/09/SEG_Enfoque_Icon_01-3.png HTTP/2.0" 200 1291 "https://grupo-seg.com/enfoque/" "Mozilla/5.0 (Windows NT 10.0; Win64; x64) AppleWebKit/537.36 (KHTML, like Gecko) Chrome/153.0.0.0 Safari/537.36 Edg/153.0.0.0"
208.127.43.247 - - [20/Sep/2026:09:22:46 +0200] "GET /wp-content/uploads/2021/07/SED_logo.png HTTP/2.0" 200 28729 "https://grupo-seg.com/enfoque/" "Mozilla/5.0 (Windows NT 10.0; Win64; x64) AppleWebKit/537.36 (KHTML, like Gecko) Chrome/153.0.0.0 Safari/537.36 Edg/153.0.0.0"
185.33.86.18 - - [20/Sep/2026:09:22:46 +0200] "GET /webmail/ HTTP/1.1" 404 97436 "-" "Mozilla/5.0 (Windows NT 10.0; WOW64; rv:47.0) Gecko/20100101 Firefox/47.0"
89.248.107.232 - - [20/Sep/2026:09:23:02 +0200] "POST /wp-cron.php?doing_wp_cron=1789888982.2351639270782470703125 HTTP/1.1" 200 5512 "-" "WordPress/6.6.2; https://grupo-seg.com"
208.127.43.247 - - [20/Sep/2026:09:23:01 +0200] "GET /proyectos/ HTTP/1.1" 200 975369 "https://grupo-seg.com/enfoque/" "Mozilla/5.0 (Windows NT 10.0; Win64; x64) AppleWebKit/537.36 (KHTML, like Gecko) Chrome/153.0.0.0 Safari/537.36 Edg/153.0.0.0"
208.127.43.247 - - [20/Sep/2026:09:23:04 +0200] "POST /wp-content/plugins/litespeed-cache/guest.vary.php HTTP/1.1" 403 6501 "https://grupo-seg.com/proyectos/" "Mozilla/5.0 (Windows NT 10.0; Win64; x64) AppleWebKit/537.36 (KHTML, like Gecko) Chrome/153.0.0.0 Safari/537.36 Edg/153.0.0.0"
208.127.43.247 - - [20/Sep/2026:09:23:04 +0200] "GET /wp-content/litespeed/css/fd8edb239153ed99d9ca15cc1df4234a.css?ver=04cf4 HTTP/2.0" 200 139375 "https://grupo-seg.com/proyectos/" "Mozilla/5.0 (Windows NT 10.0; Win64; x64) AppleWebKit/537.36 (KHTML, like Gecko) Chrome/153.0.0.0 Safari/537.36 Edg/153.0.0.0"
208.127.43.247 - - [20/Sep/2026:09:23:04 +0200] "GET /wp-content/uploads/2023/06/SEG_Proyectos_Aeropuertos_Top_01-1.jpg HTTP/2.0" 200 107511 "https://grupo-seg.com/proyectos/" "Mozilla/5.0 (Windows NT 10.0; Win64; x64) AppleWebKit/537.36 (KHTML, like Gecko) Chrome/153.0.0.0 Safari/537.36 Edg/153.0.0.0"
208.127.43.247 - - [20/Sep/2026:09:23:04 +0200] "GET /wp-content/uploads/2023/08/2019_Aeropuerto_Camilo_Daza_de_Cucuta_edited-2048x1748.jpg HTTP/2.0" 200 541953 "https://grupo-seg.com/proyectos/" "Mozilla/5.0 (Windows NT 10.0; Win64; x64) AppleWebKit/537.36 (KHTML, like Gecko) Chrome/153.0.0.0 Safari/537.36 Edg/153.0.0.0"
208.127.43.247 - - [20/Sep/2026:09:23:04 +0200] "GET /wp-content/uploads/2021/10/SEG_Portfolio_Header_Transporte.jpg HTTP/2.0" 200 1360521 "https://grupo-seg.com/proyectos/" "Mozilla/5.0 (Windows NT 10.0; Win64; x64) AppleWebKit/537.36 (KHTML, like Gecko) Chrome/153.0.0.0 Safari/537.36 Edg/153.0.0.0"
208.127.43.247 - - [20/Sep/2026:09:23:05 +0200] "GET /wp-content/litespeed/js/919312950795bc8d36caa207ca8debd0.js?ver=04cf4 HTTP/2.0" 200 158755 "https://grupo-seg.com/proyectos/" "Mozilla/5.0 (Windows NT 10.0; Win64; x64) AppleWebKit/537.36 (KHTML, like Gecko) Chrome/153.0.0.0 Safari/537.36 Edg/153.0.0.0"
208.127.43.247 - - [20/Sep/2026:09:23:05 +0200] "GET /wp-content/uploads/2023/05/SEG_Proyectos_Aeropuertos_Top_03.jpg HTTP/2.0" 200 333743 "https://grupo-seg.com/proyectos/" "Mozilla/5.0 (Windows NT 10.0; Win64; x64) AppleWebKit/537.36 (KHTML, like Gecko) Chrome/153.0.0.0 Safari/537.36 Edg/153.0.0.0"
208.127.43.247 - - [20/Sep/2026:09:23:08 +0200] "GET /wp-content/uploads/2023/05/SEG_Proyectos_Aeropuertos_Top_04.jpg HTTP/2.0" 200 177982 "https://grupo-seg.com/proyectos/" "Mozilla/5.0 (Windows NT 10.0; Win64; x64) AppleWebKit/537.36 (KHTML, like Gecko) Chrome/153.0.0.0 Safari/537.36 Edg/153.0.0.0"
208.127.43.247 - - [20/Sep/2026:09:23:10 +0200] "GET /wp-content/uploads/2023/05/SEG_Proyectos_Aeropuertos_Top_05.jpg HTTP/2.0" 200 125220 "https://grupo-seg.com/proyectos/" "Mozilla/5.0 (Windows NT 10.0; Win64; x64) AppleWebKit/537.36 (KHTML, like Gecko) Chrome/153.0.0.0 Safari/537.36 Edg/153.0.0.0"
208.127.43.247 - - [20/Sep/2026:09:23:13 +0200] "GET /wp-content/uploads/2023/05/SEG_Proyectos_Aeropuertos_Top_06.jpg HTTP/2.0" 200 213231 "https://grupo-seg.com/proyectos/" "Mozilla/5.0 (Windows NT 10.0; Win64; x64) AppleWebKit/537.36 (KHTML, like Gecko) Chrome/153.0.0.0 Safari/537.36 Edg/153.0.0.0"
89.248.107.232 - - [20/Sep/2026:09:23:22 +0200] "POST /wp-cron.php?doing_wp_cron=1789889002.4672091007232666015625 HTTP/1.1" 200 5512 "-" "WordPress/6.6.2; https://grupo-seg.com"
52.167.144.221 - - [20/Sep/2026:09:23:22 +0200] "GET /ihkj1718933cpism/ttdeuroid.html HTTP/1.1" 404 97421 "-" "Mozilla/5.0 AppleWebKit/537.36 (KHTML, like Gecko; compatible; bingbot/2.0; +http://www.bing.com/bingbot.htm) Chrome/116.0.1938.76 Safari/537.36"
89.248.107.232 - - [20/Sep/2026:09:24:27 +0200] "POST /wp-cron.php?doing_wp_cron=1789889067.0962140560150146484375 HTTP/1.1" 200 5512 "-" "WordPress/6.6.2; https://grupo-seg.com"
52.167.144.169 - - [20/Sep/2026:09:24:26 +0200] "GET /ibuw373126z2si85d4/071639good.htm HTTP/1.1" 301 5692 "-" "Mozilla/5.0 AppleWebKit/537.36 (KHTML, like Gecko; compatible; bingbot/2.0; +http://www.bing.com/bingbot.htm) Chrome/116.0.1938.76 Safari/537.36"
89.248.107.232 - - [20/Sep/2026:09:24:27 +0200] "POST /wp-admin/admin-ajax.php?action=async_litespeed&nonce=c23640a689&litespeed_type=imgoptm HTTP/1.1" 200 5698 "-" "WordPress/6.6.2; https://grupo-seg.com"
89.248.107.232 - - [20/Sep/2026:09:25:21 +0200] "POST /wp-cron.php?doing_wp_cron=1789889121.8951849937438964843750 HTTP/1.1" 200 5512 "-" "WordPress/6.6.2; https://grupo-seg.com"
43.166.7.113 - - [20/Sep/2026:09:25:21 +0200] "GET / HTTP/1.1" 301 5612 "http://serynco.es" "Mozilla/5.0 (iPhone; CPU iPhone OS 13_2_3 like Mac OS X) AppleWebKit/605.1.15 (KHTML, like Gecko) Version/13.0.3 Mobile/15E148 Safari/604.1"
43.166.7.113 - - [20/Sep/2026:09:25:24 +0200] "GET / HTTP/1.1" 200 157019 "https://www.grupo-seg.com/" "Mozilla/5.0 (iPhone; CPU iPhone OS 13_2_3 like Mac OS X) AppleWebKit/605.1.15 (KHTML, like Gecko) Version/13.0.3 Mobile/15E148 Safari/604.1"
89.248.107.232 - - [20/Sep/2026:09:25:41 +0200] "POST /wp-cron.php?doing_wp_cron=1789889141.6659231185913085937500 HTTP/1.1" 200 5512 "-" "WordPress/6.6.2; https://grupo-seg.com"
192.178.4.4 - - [20/Sep/2026:09:25:41 +0200] "GET /paises/bolivia/ HTTP/1.1" 200 156640 "-" "Mozilla/5.0 (Linux; Android 6.0.1; Nexus 5X Build/MMB29P) AppleWebKit/537.36 (KHTML, like Gecko) Chrome/99.0.4844.84 Mobile Safari/537.36 (compatible; Googlebot/2.1; +http://www.google.com/bot.html)"
89.248.107.232 - - [20/Sep/2026:09:25:42 +0200] "POST /wp-admin/admin-ajax.php?action=async_litespeed&nonce=c23640a689&litespeed_type=imgoptm HTTP/1.1" 200 5698 "-" "WordPress/6.6.2; https://grupo-seg.com"
192.178.4.2 - - [20/Sep/2026:09:25:42 +0200] "GET /paises/bolivia/ HTTP/1.1" 200 174062 "-" "Mozilla/5.0 (compatible; Googlebot/2.1; +http://www.google.com/bot.html)"
192.178.4.4 - - [20/Sep/2026:09:25:44 +0200] "GET /wp-content/plugins/sitepress-multilingual-cms%207/templates/language-switchers/legacy-list-horizontal/style.min.css HTTP/1.1" 200 247 "https://grupo-seg.com/paises/bolivia/" "Mozilla/5.0 AppleWebKit/537.36 (KHTML, like Gecko; compatible; Googlebot/2.1; +http://www.google.com/bot.html) Chrome/153.0.8010.36 Safari/537.36"
192.178.4.2 - - [20/Sep/2026:09:25:46 +0200] "GET /wp-content/plugins/sitepress-multilingual-cms%207/templates/language-switchers/legacy-list-horizontal/style.min.css HTTP/1.1" 200 247 "https://grupo-seg.com/paises/bolivia/" "Mozilla/5.0 (Linux; Android 6.0.1; Nexus 5X Build/MMB29P) AppleWebKit/537.36 (KHTML, like Gecko) Chrome/153.0.8010.36 Mobile Safari/537.36 (compatible; Googlebot/2.1; +http://www.google.com/bot.html)"
