176.123.9.124 - - [20/Sep/2026:20:26:14 +0200] "GET /wp-admin/index.php HTTP/1.1" 302 5690 "https://seg-sa.es/wp-login.php" "Mozilla/5.0 (Windows NT 11.0; Win64; x64) AppleWebKit/537.36 (KHTML, like Gecko) Chrome/119.0.0.0 Safari/537.36"
176.123.9.124 - - [20/Sep/2026:20:26:16 +0200] "GET /wp-login.php?redirect_to=https%3A%2F%2Fgrupo-seg.com%2Fwp-admin%2Findex.php&reauth=1 HTTP/1.1" 200 15705 "https://seg-sa.es/wp-login.php" "Mozilla/5.0 (Windows NT 11.0; Win64; x64) AppleWebKit/537.36 (KHTML, like Gecko) Chrome/119.0.0.0 Safari/537.36"
176.123.9.124 - - [20/Sep/2026:20:26:17 +0200] "GET /wp-admin/index.php HTTP/1.1" 302 5690 "https://seg-sa.es/wp-login.php" "Mozilla/5.0 (Macintosh; Intel Mac OS X 13_6_1) AppleWebKit/605.1.15 (KHTML, like Gecko) Version/17.0 Safari/605.1.15"
176.123.9.124 - - [20/Sep/2026:20:26:18 +0200] "GET /wp-login.php?redirect_to=https%3A%2F%2Fgrupo-seg.com%2Fwp-admin%2Findex.php&reauth=1 HTTP/1.1" 200 15705 "https://seg-sa.es/wp-login.php" "Mozilla/5.0 (Macintosh; Intel Mac OS X 13_6_1) AppleWebKit/605.1.15 (KHTML, like Gecko) Version/17.0 Safari/605.1.15"
176.123.9.124 - - [20/Sep/2026:20:26:19 +0200] "GET /wp-admin/index.php HTTP/1.1" 302 5690 "https://seg-sa.es/wp-login.php" "Mozilla/5.0 (Windows NT 11.0; Win64; x64) AppleWebKit/537.36 (KHTML, like Gecko) Chrome/120.0.0.0 Safari/537.36"
176.123.9.124 - - [20/Sep/2026:20:26:20 +0200] "GET /wp-login.php?redirect_to=https%3A%2F%2Fgrupo-seg.com%2Fwp-admin%2Findex.php&reauth=1 HTTP/1.1" 200 15705 "https://seg-sa.es/wp-login.php" "Mozilla/5.0 (Windows NT 11.0; Win64; x64) AppleWebKit/537.36 (KHTML, like Gecko) Chrome/120.0.0.0 Safari/537.36"
176.123.9.124 - - [20/Sep/2026:20:26:21 +0200] "GET /wp-admin/index.php HTTP/1.1" 302 5690 "https://seg-sa.es/wp-login.php" "Mozilla/5.0 (Macintosh; Intel Mac OS X 13_6_1; rv:121.0) Gecko/20100101 Firefox/121.0"
176.123.9.124 - - [20/Sep/2026:20:26:22 +0200] "GET /wp-login.php?redirect_to=https%3A%2F%2Fgrupo-seg.com%2Fwp-admin%2Findex.php&reauth=1 HTTP/1.1" 200 15705 "https://seg-sa.es/wp-login.php" "Mozilla/5.0 (Macintosh; Intel Mac OS X 13_6_1; rv:121.0) Gecko/20100101 Firefox/121.0"
176.123.9.124 - - [20/Sep/2026:20:26:23 +0200] "GET /wp-admin/index.php HTTP/1.1" 302 5690 "https://seg-sa.es/wp-login.php" "Mozilla/5.0 (Windows NT 11.0; Win64; x64; rv:118.0) Gecko/20100101 Firefox/118.0"
89.248.107.232 - - [20/Sep/2026:20:26:25 +0200] "POST /wp-cron.php?doing_wp_cron=1789928785.5232989788055419921875 HTTP/1.1" 200 5512 "-" "WordPress/6.6.2; https://grupo-seg.com"
176.123.9.124 - - [20/Sep/2026:20:26:25 +0200] "GET /wp-login.php?redirect_to=https%3A%2F%2Fgrupo-seg.com%2Fwp-admin%2Findex.php&reauth=1 HTTP/1.1" 200 15705 "https://seg-sa.es/wp-login.php" "Mozilla/5.0 (Windows NT 11.0; Win64; x64; rv:118.0) Gecko/20100101 Firefox/118.0"
89.248.107.232 - - [20/Sep/2026:20:26:26 +0200] "POST /wp-admin/admin-ajax.php?action=async_litespeed&nonce=16c258032d&litespeed_type=imgoptm HTTP/1.1" 200 5698 "-" "WordPress/6.6.2; https://grupo-seg.com"
176.123.9.124 - - [20/Sep/2026:20:26:26 +0200] "GET /wp-admin/index.php HTTP/1.1" 302 5690 "https://seg-sa.es/wp-login.php" "Mozilla/5.0 (Macintosh; Intel Mac OS X 13_6_1; rv:118.0) Gecko/20100101 Firefox/118.0"
176.123.9.124 - - [20/Sep/2026:20:26:27 +0200] "GET /wp-login.php?redirect_to=https%3A%2F%2Fgrupo-seg.com%2Fwp-admin%2Findex.php&reauth=1 HTTP/1.1" 200 15705 "https://seg-sa.es/wp-login.php" "Mozilla/5.0 (Macintosh; Intel Mac OS X 13_6_1; rv:118.0) Gecko/20100101 Firefox/118.0"
176.123.9.124 - - [20/Sep/2026:20:26:28 +0200] "GET /wp-admin/index.php HTTP/1.1" 302 5690 "https://seg-sa.es/wp-login.php" "Mozilla/5.0 (Macintosh; Intel Mac OS X 10_15_7) AppleWebKit/605.1.15 (KHTML, like Gecko) Version/17.2 Safari/605.1.15"
176.123.9.124 - - [20/Sep/2026:20:26:29 +0200] "GET /wp-login.php?redirect_to=https%3A%2F%2Fgrupo-seg.com%2Fwp-admin%2Findex.php&reauth=1 HTTP/1.1" 200 15705 "https://seg-sa.es/wp-login.php" "Mozilla/5.0 (Macintosh; Intel Mac OS X 10_15_7) AppleWebKit/605.1.15 (KHTML, like Gecko) Version/17.2 Safari/605.1.15"
176.123.9.124 - - [20/Sep/2026:20:26:30 +0200] "GET /wp-admin/index.php HTTP/1.1" 302 5690 "https://seg-sa.es/wp-login.php" "Mozilla/5.0 (X11; Ubuntu; Linux x86_64) AppleWebKit/537.36 (KHTML, like Gecko) Chrome/120.0.0.0 Safari/537.36"
176.123.9.124 - - [20/Sep/2026:20:26:31 +0200] "GET /wp-login.php?redirect_to=https%3A%2F%2Fgrupo-seg.com%2Fwp-admin%2Findex.php&reauth=1 HTTP/1.1" 200 15705 "https://seg-sa.es/wp-login.php" "Mozilla/5.0 (X11; Ubuntu; Linux x86_64) AppleWebKit/537.36 (KHTML, like Gecko) Chrome/120.0.0.0 Safari/537.36"
176.123.9.124 - - [20/Sep/2026:20:26:33 +0200] "GET /wp-admin/index.php HTTP/1.1" 302 5690 "https://seg-sa.es/wp-login.php" "Mozilla/5.0 (Windows NT 10.0; Win64; x64; rv:121.0) Gecko/20100101 Firefox/121.0"
176.123.9.124 - - [20/Sep/2026:20:26:34 +0200] "GET /wp-login.php?redirect_to=https%3A%2F%2Fgrupo-seg.com%2Fwp-admin%2Findex.php&reauth=1 HTTP/1.1" 200 15705 "https://seg-sa.es/wp-login.php" "Mozilla/5.0 (Windows NT 10.0; Win64; x64; rv:121.0) Gecko/20100101 Firefox/121.0"
176.123.9.124 - - [20/Sep/2026:20:26:35 +0200] "GET /wp-admin/index.php HTTP/1.1" 302 5690 "https://seg-sa.es/wp-login.php" "Mozilla/5.0 (Macintosh; Intel Mac OS X 10_15_7) AppleWebKit/537.36 (KHTML, like Gecko) Chrome/118.0.0.0 Safari/537.36"
176.123.9.124 - - [20/Sep/2026:20:26:36 +0200] "GET /wp-login.php?redirect_to=https%3A%2F%2Fgrupo-seg.com%2Fwp-admin%2Findex.php&reauth=1 HTTP/1.1" 200 15705 "https://seg-sa.es/wp-login.php" "Mozilla/5.0 (Macintosh; Intel Mac OS X 10_15_7) AppleWebKit/537.36 (KHTML, like Gecko) Chrome/118.0.0.0 Safari/537.36"
176.123.9.124 - - [20/Sep/2026:20:26:38 +0200] "GET /wp-admin/index.php HTTP/1.1" 302 5690 "https://seg-sa.es/wp-login.php" "Mozilla/5.0 (Macintosh; Intel Mac OS X 10_15_7; rv:118.0) Gecko/20100101 Firefox/118.0"
176.123.9.124 - - [20/Sep/2026:20:26:39 +0200] "GET /wp-login.php?redirect_to=https%3A%2F%2Fgrupo-seg.com%2Fwp-admin%2Findex.php&reauth=1 HTTP/1.1" 200 15705 "https://seg-sa.es/wp-login.php" "Mozilla/5.0 (Macintosh; Intel Mac OS X 10_15_7; rv:118.0) Gecko/20100101 Firefox/118.0"
89.248.107.232 - - [20/Sep/2026:20:26:41 +0200] "POST /wp-cron.php?doing_wp_cron=1789928801.4506559371948242187500 HTTP/1.1" 200 5512 "-" "WordPress/6.6.2; https://grupo-seg.com"
176.123.9.124 - - [20/Sep/2026:20:26:40 +0200] "GET /wp-admin/index.php HTTP/1.1" 302 5690 "https://seg-sa.es/wp-login.php" "Mozilla/5.0 (Windows NT 10.0; Win64; x64; rv:119.0) Gecko/20100101 Firefox/119.0"
176.123.9.124 - - [20/Sep/2026:20:26:41 +0200] "GET /wp-login.php?redirect_to=https%3A%2F%2Fgrupo-seg.com%2Fwp-admin%2Findex.php&reauth=1 HTTP/1.1" 200 15705 "https://seg-sa.es/wp-login.php" "Mozilla/5.0 (Windows NT 10.0; Win64; x64; rv:119.0) Gecko/20100101 Firefox/119.0"
89.248.107.232 - - [20/Sep/2026:20:26:43 +0200] "POST /wp-cron.php?doing_wp_cron=1789928803.9047238826751708984375 HTTP/1.1" 200 5512 "-" "WordPress/6.6.2; https://grupo-seg.com"
176.123.9.124 - - [20/Sep/2026:20:26:42 +0200] "GET /wp-admin/index.php HTTP/1.1" 302 5690 "https://seg-sa.es/wp-login.php" "Mozilla/5.0 (Macintosh; Intel Mac OS X 10_15_7) AppleWebKit/537.36 (KHTML, like Gecko) Chrome/121.0.0.0 Safari/537.36"
176.123.9.124 - - [20/Sep/2026:20:26:44 +0200] "GET /wp-login.php?redirect_to=https%3A%2F%2Fgrupo-seg.com%2Fwp-admin%2Findex.php&reauth=1 HTTP/1.1" 200 15705 "https://seg-sa.es/wp-login.php" "Mozilla/5.0 (Macintosh; Intel Mac OS X 10_15_7) AppleWebKit/537.36 (KHTML, like Gecko) Chrome/121.0.0.0 Safari/537.36"
176.123.9.124 - - [20/Sep/2026:20:26:45 +0200] "GET /wp-admin/index.php HTTP/1.1" 302 5690 "https://seg-sa.es/wp-login.php" "Mozilla/5.0 (X11; Ubuntu; Linux x86_64) AppleWebKit/537.36 (KHTML, like Gecko) Chrome/118.0.0.0 Safari/537.36"
176.123.9.124 - - [20/Sep/2026:20:26:46 +0200] "GET /wp-login.php?redirect_to=https%3A%2F%2Fgrupo-seg.com%2Fwp-admin%2Findex.php&reauth=1 HTTP/1.1" 200 15705 "https://seg-sa.es/wp-login.php" "Mozilla/5.0 (X11; Ubuntu; Linux x86_64) AppleWebKit/537.36 (KHTML, like Gecko) Chrome/118.0.0.0 Safari/537.36"
176.123.9.124 - - [20/Sep/2026:20:26:47 +0200] "GET /wp-admin/index.php HTTP/1.1" 302 5690 "https://seg-sa.es/wp-login.php" "Mozilla/5.0 (Macintosh; Intel Mac OS X 10_15_7; rv:120.0) Gecko/20100101 Firefox/120.0"
176.123.9.124 - - [20/Sep/2026:20:26:48 +0200] "GET /wp-login.php?redirect_to=https%3A%2F%2Fgrupo-seg.com%2Fwp-admin%2Findex.php&reauth=1 HTTP/1.1" 200 15705 "https://seg-sa.es/wp-login.php" "Mozilla/5.0 (Macintosh; Intel Mac OS X 10_15_7; rv:120.0) Gecko/20100101 Firefox/120.0"
176.123.9.124 - - [20/Sep/2026:20:26:49 +0200] "GET /wp-admin/index.php HTTP/1.1" 302 5690 "https://seg-sa.es/wp-login.php" "Mozilla/5.0 (Windows NT 10.0; Win64; x64; rv:119.0) Gecko/20100101 Firefox/119.0"
176.123.9.124 - - [20/Sep/2026:20:26:51 +0200] "GET /wp-login.php?redirect_to=https%3A%2F%2Fgrupo-seg.com%2Fwp-admin%2Findex.php&reauth=1 HTTP/1.1" 200 15705 "https://seg-sa.es/wp-login.php" "Mozilla/5.0 (Windows NT 10.0; Win64; x64; rv:119.0) Gecko/20100101 Firefox/119.0"
176.123.9.124 - - [20/Sep/2026:20:26:52 +0200] "GET /wp-admin/index.php HTTP/1.1" 302 5690 "https://seg-sa.es/wp-login.php" "Mozilla/5.0 (Macintosh; Intel Mac OS X 10_15_7) AppleWebKit/537.36 (KHTML, like Gecko) Chrome/120.0.0.0 Safari/537.36"
176.123.9.124 - - [20/Sep/2026:20:26:53 +0200] "GET /wp-login.php?redirect_to=https%3A%2F%2Fgrupo-seg.com%2Fwp-admin%2Findex.php&reauth=1 HTTP/1.1" 200 15705 "https://seg-sa.es/wp-login.php" "Mozilla/5.0 (Macintosh; Intel Mac OS X 10_15_7) AppleWebKit/537.36 (KHTML, like Gecko) Chrome/120.0.0.0 Safari/537.36"
89.248.107.232 - - [20/Sep/2026:20:26:55 +0200] "POST /wp-cron.php?doing_wp_cron=1789928815.1824369430541992187500 HTTP/1.1" 200 5512 "-" "WordPress/6.6.2; https://grupo-seg.com"
176.123.9.124 - - [20/Sep/2026:20:26:54 +0200] "GET /wp-admin/index.php HTTP/1.1" 302 5690 "https://seg-sa.es/wp-login.php" "Mozilla/5.0 (Macintosh; Intel Mac OS X 10_15_7; rv:121.0) Gecko/20100101 Firefox/121.0"
176.123.9.124 - - [20/Sep/2026:20:26:55 +0200] "GET /wp-login.php?redirect_to=https%3A%2F%2Fgrupo-seg.com%2Fwp-admin%2Findex.php&reauth=1 HTTP/1.1" 200 15705 "https://seg-sa.es/wp-login.php" "Mozilla/5.0 (Macintosh; Intel Mac OS X 10_15_7; rv:121.0) Gecko/20100101 Firefox/121.0"
176.123.9.124 - - [20/Sep/2026:20:26:56 +0200] "GET /wp-admin/index.php HTTP/1.1" 302 5690 "https://seg-sa.es/wp-login.php" "Mozilla/5.0 (Macintosh; Intel Mac OS X 10_15_7; rv:118.0) Gecko/20100101 Firefox/118.0"
176.123.9.124 - - [20/Sep/2026:20:26:57 +0200] "GET /wp-login.php?redirect_to=https%3A%2F%2Fgrupo-seg.com%2Fwp-admin%2Findex.php&reauth=1 HTTP/1.1" 200 15705 "https://seg-sa.es/wp-login.php" "Mozilla/5.0 (Macintosh; Intel Mac OS X 10_15_7; rv:118.0) Gecko/20100101 Firefox/118.0"
176.123.9.124 - - [20/Sep/2026:20:26:58 +0200] "GET /wp-admin/index.php HTTP/1.1" 302 5690 "https://seg-sa.es/wp-login.php" "Mozilla/5.0 (Macintosh; Intel Mac OS X 13_6_1) AppleWebKit/537.36 (KHTML, like Gecko) Chrome/118.0.0.0 Safari/537.36"
89.248.107.232 - - [20/Sep/2026:20:27:00 +0200] "POST /wp-cron.php?doing_wp_cron=1789928820.1570079326629638671875 HTTP/1.1" 200 5512 "-" "WordPress/6.6.2; https://grupo-seg.com"
176.123.9.124 - - [20/Sep/2026:20:26:59 +0200] "GET /wp-login.php?redirect_to=https%3A%2F%2Fgrupo-seg.com%2Fwp-admin%2Findex.php&reauth=1 HTTP/1.1" 200 15705 "https://seg-sa.es/wp-login.php" "Mozilla/5.0 (Macintosh; Intel Mac OS X 13_6_1) AppleWebKit/537.36 (KHTML, like Gecko) Chrome/118.0.0.0 Safari/537.36"
176.123.9.124 - - [20/Sep/2026:20:27:01 +0200] "GET /wp-admin/index.php HTTP/1.1" 302 5690 "https://seg-sa.es/wp-login.php" "Mozilla/5.0 (X11; Ubuntu; Linux x86_64) AppleWebKit/537.36 (KHTML, like Gecko) Chrome/118.0.0.0 Safari/537.36"
176.123.9.124 - - [20/Sep/2026:20:27:02 +0200] "GET /wp-login.php?redirect_to=https%3A%2F%2Fgrupo-seg.com%2Fwp-admin%2Findex.php&reauth=1 HTTP/1.1" 200 15705 "https://seg-sa.es/wp-login.php" "Mozilla/5.0 (X11; Ubuntu; Linux x86_64) AppleWebKit/537.36 (KHTML, like Gecko) Chrome/118.0.0.0 Safari/537.36"
89.248.107.232 - - [20/Sep/2026:20:27:04 +0200] "POST /wp-cron.php?doing_wp_cron=1789928824.2212278842926025390625 HTTP/1.1" 200 5512 "-" "WordPress/6.6.2; https://grupo-seg.com"
176.123.9.124 - - [20/Sep/2026:20:27:03 +0200] "GET /wp-admin/index.php HTTP/1.1" 302 5690 "https://seg-sa.es/wp-login.php" "Mozilla/5.0 (X11; Ubuntu; Linux x86_64) AppleWebKit/537.36 (KHTML, like Gecko) Chrome/120.0.0.0 Safari/537.36"
176.123.9.124 - - [20/Sep/2026:20:27:04 +0200] "GET /wp-login.php?redirect_to=https%3A%2F%2Fgrupo-seg.com%2Fwp-admin%2Findex.php&reauth=1 HTTP/1.1" 200 15705 "https://seg-sa.es/wp-login.php" "Mozilla/5.0 (X11; Ubuntu; Linux x86_64) AppleWebKit/537.36 (KHTML, like Gecko) Chrome/120.0.0.0 Safari/537.36"
176.123.9.124 - - [20/Sep/2026:20:27:05 +0200] "GET /wp-admin/index.php HTTP/1.1" 302 5690 "https://seg-sa.es/wp-login.php" "Mozilla/5.0 (Macintosh; Intel Mac OS X 13_6_1; rv:119.0) Gecko/20100101 Firefox/119.0"
176.123.9.124 - - [20/Sep/2026:20:27:06 +0200] "GET /wp-login.php?redirect_to=https%3A%2F%2Fgrupo-seg.com%2Fwp-admin%2Findex.php&reauth=1 HTTP/1.1" 200 15705 "https://seg-sa.es/wp-login.php" "Mozilla/5.0 (Macintosh; Intel Mac OS X 13_6_1; rv:119.0) Gecko/20100101 Firefox/119.0"
176.123.9.124 - - [20/Sep/2026:20:27:07 +0200] "GET /wp-admin/index.php HTTP/1.1" 302 5690 "https://seg-sa.es/wp-login.php" "Mozilla/5.0 (X11; Ubuntu; Linux x86_64) AppleWebKit/537.36 (KHTML, like Gecko) Chrome/119.0.0.0 Safari/537.36"
176.123.9.124 - - [20/Sep/2026:20:27:08 +0200] "GET /wp-login.php?redirect_to=https%3A%2F%2Fgrupo-seg.com%2Fwp-admin%2Findex.php&reauth=1 HTTP/1.1" 200 15705 "https://seg-sa.es/wp-login.php" "Mozilla/5.0 (X11; Ubuntu; Linux x86_64) AppleWebKit/537.36 (KHTML, like Gecko) Chrome/119.0.0.0 Safari/537.36"
176.123.9.124 - - [20/Sep/2026:20:27:09 +0200] "GET /wp-admin/index.php HTTP/1.1" 302 5690 "https://seg-sa.es/wp-login.php" "Mozilla/5.0 (Macintosh; Intel Mac OS X 13_6_1) AppleWebKit/605.1.15 (KHTML, like Gecko) Version/17.0 Safari/605.1.15"
176.123.9.124 - - [20/Sep/2026:20:27:10 +0200] "GET /wp-login.php?redirect_to=https%3A%2F%2Fgrupo-seg.com%2Fwp-admin%2Findex.php&reauth=1 HTTP/1.1" 200 15705 "https://seg-sa.es/wp-login.php" "Mozilla/5.0 (Macintosh; Intel Mac OS X 13_6_1) AppleWebKit/605.1.15 (KHTML, like Gecko) Version/17.0 Safari/605.1.15"
176.123.9.124 - - [20/Sep/2026:20:27:11 +0200] "GET /wp-admin/index.php HTTP/1.1" 302 5690 "https://seg-sa.es/wp-login.php" "Mozilla/5.0 (Macintosh; Intel Mac OS X 13_6_1) AppleWebKit/605.1.15 (KHTML, like Gecko) Version/17.1 Safari/605.1.15"
176.123.9.124 - - [20/Sep/2026:20:27:12 +0200] "GET /wp-login.php?redirect_to=https%3A%2F%2Fgrupo-seg.com%2Fwp-admin%2Findex.php&reauth=1 HTTP/1.1" 200 15705 "https://seg-sa.es/wp-login.php" "Mozilla/5.0 (Macintosh; Intel Mac OS X 13_6_1) AppleWebKit/605.1.15 (KHTML, like Gecko) Version/17.1 Safari/605.1.15"
176.123.9.124 - - [20/Sep/2026:20:27:13 +0200] "GET /wp-admin/index.php HTTP/1.1" 302 5690 "https://seg-sa.es/wp-login.php" "Mozilla/5.0 (Macintosh; Intel Mac OS X 10_15_7) AppleWebKit/605.1.15 (KHTML, like Gecko) Version/16.6 Safari/605.1.15"
176.123.9.124 - - [20/Sep/2026:20:27:14 +0200] "GET /wp-login.php?redirect_to=https%3A%2F%2Fgrupo-seg.com%2Fwp-admin%2Findex.php&reauth=1 HTTP/1.1" 200 15705 "https://seg-sa.es/wp-login.php" "Mozilla/5.0 (Macintosh; Intel Mac OS X 10_15_7) AppleWebKit/605.1.15 (KHTML, like Gecko) Version/16.6 Safari/605.1.15"
176.123.9.124 - - [20/Sep/2026:20:27:15 +0200] "GET /wp-admin/index.php HTTP/1.1" 302 5690 "https://seg-sa.es/wp-login.php" "Mozilla/5.0 (Macintosh; Intel Mac OS X 10_15_7; rv:119.0) Gecko/20100101 Firefox/119.0"
176.123.9.124 - - [20/Sep/2026:20:27:16 +0200] "GET /wp-login.php?redirect_to=https%3A%2F%2Fgrupo-seg.com%2Fwp-admin%2Findex.php&reauth=1 HTTP/1.1" 200 15705 "https://seg-sa.es/wp-login.php" "Mozilla/5.0 (Macintosh; Intel Mac OS X 10_15_7; rv:119.0) Gecko/20100101 Firefox/119.0"
176.123.9.124 - - [20/Sep/2026:20:27:17 +0200] "GET /wp-admin/index.php HTTP/1.1" 302 5690 "https://seg-sa.es/wp-login.php" "Mozilla/5.0 (X11; Ubuntu; Linux x86_64) AppleWebKit/537.36 (KHTML, like Gecko) Chrome/120.0.0.0 Safari/537.36"
176.123.9.124 - - [20/Sep/2026:20:27:19 +0200] "GET /wp-login.php?redirect_to=https%3A%2F%2Fgrupo-seg.com%2Fwp-admin%2Findex.php&reauth=1 HTTP/1.1" 200 15705 "https://seg-sa.es/wp-login.php" "Mozilla/5.0 (X11; Ubuntu; Linux x86_64) AppleWebKit/537.36 (KHTML, like Gecko) Chrome/120.0.0.0 Safari/537.36"
176.123.9.124 - - [20/Sep/2026:20:27:19 +0200] "GET /wp-admin/index.php HTTP/1.1" 302 5690 "https://seg-sa.es/wp-login.php" "Mozilla/5.0 (Macintosh; Intel Mac OS X 10_15_7) AppleWebKit/605.1.15 (KHTML, like Gecko) Version/17.1 Safari/605.1.15"
176.123.9.124 - - [20/Sep/2026:20:27:21 +0200] "GET /wp-login.php?redirect_to=https%3A%2F%2Fgrupo-seg.com%2Fwp-admin%2Findex.php&reauth=1 HTTP/1.1" 200 15705 "https://seg-sa.es/wp-login.php" "Mozilla/5.0 (Macintosh; Intel Mac OS X 10_15_7) AppleWebKit/605.1.15 (KHTML, like Gecko) Version/17.1 Safari/605.1.15"
176.123.9.124 - - [20/Sep/2026:20:27:22 +0200] "GET /wp-admin/index.php HTTP/1.1" 302 5690 "https://seg-sa.es/wp-login.php" "Mozilla/5.0 (Macintosh; Intel Mac OS X 13_6_1; rv:120.0) Gecko/20100101 Firefox/120.0"
176.123.9.124 - - [20/Sep/2026:20:27:23 +0200] "GET /wp-login.php?redirect_to=https%3A%2F%2Fgrupo-seg.com%2Fwp-admin%2Findex.php&reauth=1 HTTP/1.1" 200 15705 "https://seg-sa.es/wp-login.php" "Mozilla/5.0 (Macintosh; Intel Mac OS X 13_6_1; rv:120.0) Gecko/20100101 Firefox/120.0"
89.248.107.232 - - [20/Sep/2026:20:27:25 +0200] "POST /wp-cron.php?doing_wp_cron=1789928845.0536201000213623046875 HTTP/1.1" 200 5512 "-" "WordPress/6.6.2; https://grupo-seg.com"
176.123.9.124 - - [20/Sep/2026:20:27:24 +0200] "GET /wp-admin/index.php HTTP/1.1" 302 5690 "https://seg-sa.es/wp-login.php" "Mozilla/5.0 (Windows NT 11.0; Win64; x64; rv:121.0) Gecko/20100101 Firefox/121.0"
176.123.9.124 - - [20/Sep/2026:20:27:25 +0200] "GET /wp-login.php?redirect_to=https%3A%2F%2Fgrupo-seg.com%2Fwp-admin%2Findex.php&reauth=1 HTTP/1.1" 200 15705 "https://seg-sa.es/wp-login.php" "Mozilla/5.0 (Windows NT 11.0; Win64; x64; rv:121.0) Gecko/20100101 Firefox/121.0"
89.248.107.232 - - [20/Sep/2026:20:27:25 +0200] "POST /wp-admin/admin-ajax.php?action=async_litespeed&nonce=16c258032d&litespeed_type=imgoptm HTTP/1.1" 200 5698 "-" "WordPress/6.6.2; https://grupo-seg.com"
176.123.9.124 - - [20/Sep/2026:20:27:26 +0200] "GET /wp-admin/index.php HTTP/1.1" 302 5690 "https://seg-sa.es/wp-login.php" "Mozilla/5.0 (Windows NT 11.0; Win64; x64) AppleWebKit/537.36 (KHTML, like Gecko) Chrome/121.0.0.0 Safari/537.36"
176.123.9.124 - - [20/Sep/2026:20:27:27 +0200] "GET /wp-login.php?redirect_to=https%3A%2F%2Fgrupo-seg.com%2Fwp-admin%2Findex.php&reauth=1 HTTP/1.1" 200 15705 "https://seg-sa.es/wp-login.php" "Mozilla/5.0 (Windows NT 11.0; Win64; x64) AppleWebKit/537.36 (KHTML, like Gecko) Chrome/121.0.0.0 Safari/537.36"
176.123.9.124 - - [20/Sep/2026:20:27:28 +0200] "GET /wp-admin/index.php HTTP/1.1" 302 5690 "https://seg-sa.es/wp-login.php" "Mozilla/5.0 (Macintosh; Intel Mac OS X 13_6_1) AppleWebKit/605.1.15 (KHTML, like Gecko) Version/17.2 Safari/605.1.15"
176.123.9.124 - - [20/Sep/2026:20:27:29 +0200] "GET /wp-login.php?redirect_to=https%3A%2F%2Fgrupo-seg.com%2Fwp-admin%2Findex.php&reauth=1 HTTP/1.1" 200 15705 "https://seg-sa.es/wp-login.php" "Mozilla/5.0 (Macintosh; Intel Mac OS X 13_6_1) AppleWebKit/605.1.15 (KHTML, like Gecko) Version/17.2 Safari/605.1.15"
176.123.9.124 - - [20/Sep/2026:20:27:30 +0200] "GET /wp-admin/index.php HTTP/1.1" 302 5690 "https://seg-sa.es/wp-login.php" "Mozilla/5.0 (Windows NT 10.0; Win64; x64) AppleWebKit/537.36 (KHTML, like Gecko) Chrome/120.0.0.0 Safari/537.36"
176.123.9.124 - - [20/Sep/2026:20:27:31 +0200] "GET /wp-login.php?redirect_to=https%3A%2F%2Fgrupo-seg.com%2Fwp-admin%2Findex.php&reauth=1 HTTP/1.1" 200 15705 "https://seg-sa.es/wp-login.php" "Mozilla/5.0 (Windows NT 10.0; Win64; x64) AppleWebKit/537.36 (KHTML, like Gecko) Chrome/120.0.0.0 Safari/537.36"
176.123.9.124 - - [20/Sep/2026:20:27:32 +0200] "GET /wp-admin/index.php HTTP/1.1" 302 5690 "https://seg-sa.es/wp-login.php" "Mozilla/5.0 (Windows NT 10.0; Win64; x64) AppleWebKit/537.36 (KHTML, like Gecko) Chrome/119.0.0.0 Safari/537.36"
176.123.9.124 - - [20/Sep/2026:20:27:33 +0200] "GET /wp-login.php?redirect_to=https%3A%2F%2Fgrupo-seg.com%2Fwp-admin%2Findex.php&reauth=1 HTTP/1.1" 200 15705 "https://seg-sa.es/wp-login.php" "Mozilla/5.0 (Windows NT 10.0; Win64; x64) AppleWebKit/537.36 (KHTML, like Gecko) Chrome/119.0.0.0 Safari/537.36"
176.123.9.124 - - [20/Sep/2026:20:27:34 +0200] "GET /wp-admin/index.php HTTP/1.1" 302 5690 "https://seg-sa.es/wp-login.php" "Mozilla/5.0 (X11; Linux x86_64) AppleWebKit/537.36 (KHTML, like Gecko) Chrome/118.0.0.0 Safari/537.36"
176.123.9.124 - - [20/Sep/2026:20:27:35 +0200] "GET /wp-login.php?redirect_to=https%3A%2F%2Fgrupo-seg.com%2Fwp-admin%2Findex.php&reauth=1 HTTP/1.1" 200 15705 "https://seg-sa.es/wp-login.php" "Mozilla/5.0 (X11; Linux x86_64) AppleWebKit/537.36 (KHTML, like Gecko) Chrome/118.0.0.0 Safari/537.36"
176.123.9.124 - - [20/Sep/2026:20:27:36 +0200] "GET /wp-admin/index.php HTTP/1.1" 302 5690 "https://seg-sa.es/wp-login.php" "Mozilla/5.0 (Windows NT 10.0; Win64; x64) AppleWebKit/537.36 (KHTML, like Gecko) Chrome/121.0.0.0 Safari/537.36"
176.123.9.124 - - [20/Sep/2026:20:27:38 +0200] "GET /wp-login.php?redirect_to=https%3A%2F%2Fgrupo-seg.com%2Fwp-admin%2Findex.php&reauth=1 HTTP/1.1" 200 15705 "https://seg-sa.es/wp-login.php" "Mozilla/5.0 (Windows NT 10.0; Win64; x64) AppleWebKit/537.36 (KHTML, like Gecko) Chrome/121.0.0.0 Safari/537.36"
176.123.9.124 - - [20/Sep/2026:20:27:38 +0200] "GET /wp-admin/index.php HTTP/1.1" 302 5690 "https://seg-sa.es/wp-login.php" "Mozilla/5.0 (Macintosh; Intel Mac OS X 10_15_7) AppleWebKit/537.36 (KHTML, like Gecko) Chrome/120.0.0.0 Safari/537.36"
89.248.107.232 - - [20/Sep/2026:20:27:40 +0200] "POST /wp-cron.php?doing_wp_cron=1789928860.3319458961486816406250 HTTP/1.1" 200 5512 "-" "WordPress/6.6.2; https://grupo-seg.com"
176.123.9.124 - - [20/Sep/2026:20:27:39 +0200] "GET /wp-login.php?redirect_to=https%3A%2F%2Fgrupo-seg.com%2Fwp-admin%2Findex.php&reauth=1 HTTP/1.1" 200 15705 "https://seg-sa.es/wp-login.php" "Mozilla/5.0 (Macintosh; Intel Mac OS X 10_15_7) AppleWebKit/537.36 (KHTML, like Gecko) Chrome/120.0.0.0 Safari/537.36"
176.123.9.124 - - [20/Sep/2026:20:27:40 +0200] "GET /wp-admin/index.php HTTP/1.1" 302 5690 "https://seg-sa.es/wp-login.php" "Mozilla/5.0 (X11; Linux x86_64) AppleWebKit/537.36 (KHTML, like Gecko) Chrome/121.0.0.0 Safari/537.36"
89.248.107.232 - - [20/Sep/2026:20:27:42 +0200] "POST /wp-cron.php?doing_wp_cron=1789928862.4981760978698730468750 HTTP/1.1" 200 5512 "-" "WordPress/6.6.2; https://grupo-seg.com"
176.123.9.124 - - [20/Sep/2026:20:27:42 +0200] "GET /wp-login.php?redirect_to=https%3A%2F%2Fgrupo-seg.com%2Fwp-admin%2Findex.php&reauth=1 HTTP/1.1" 200 15705 "https://seg-sa.es/wp-login.php" "Mozilla/5.0 (X11; Linux x86_64) AppleWebKit/537.36 (KHTML, like Gecko) Chrome/121.0.0.0 Safari/537.36"
176.123.9.124 - - [20/Sep/2026:20:27:43 +0200] "GET /wp-admin/index.php HTTP/1.1" 302 5690 "https://seg-sa.es/wp-login.php" "Mozilla/5.0 (Macintosh; Intel Mac OS X 10_15_7; rv:119.0) Gecko/20100101 Firefox/119.0"
176.123.9.124 - - [20/Sep/2026:20:27:44 +0200] "GET /wp-login.php?redirect_to=https%3A%2F%2Fgrupo-seg.com%2Fwp-admin%2Findex.php&reauth=1 HTTP/1.1" 200 15705 "https://seg-sa.es/wp-login.php" "Mozilla/5.0 (Macintosh; Intel Mac OS X 10_15_7; rv:119.0) Gecko/20100101 Firefox/119.0"
176.123.9.124 - - [20/Sep/2026:20:27:45 +0200] "GET /wp-admin/index.php HTTP/1.1" 302 5690 "https://seg-sa.es/wp-login.php" "Mozilla/5.0 (Macintosh; Intel Mac OS X 10_15_7) AppleWebKit/537.36 (KHTML, like Gecko) Chrome/121.0.0.0 Safari/537.36"
176.123.9.124 - - [20/Sep/2026:20:27:46 +0200] "GET /wp-login.php?redirect_to=https%3A%2F%2Fgrupo-seg.com%2Fwp-admin%2Findex.php&reauth=1 HTTP/1.1" 200 15705 "https://seg-sa.es/wp-login.php" "Mozilla/5.0 (Macintosh; Intel Mac OS X 10_15_7) AppleWebKit/537.36 (KHTML, like Gecko) Chrome/121.0.0.0 Safari/537.36"
176.123.9.124 - - [20/Sep/2026:20:27:47 +0200] "GET /wp-admin/index.php HTTP/1.1" 302 5690 "https://seg-sa.es/wp-login.php" "Mozilla/5.0 (Macintosh; Intel Mac OS X 13_6_1; rv:118.0) Gecko/20100101 Firefox/118.0"
176.123.9.124 - - [20/Sep/2026:20:27:48 +0200] "GET /wp-login.php?redirect_to=https%3A%2F%2Fgrupo-seg.com%2Fwp-admin%2Findex.php&reauth=1 HTTP/1.1" 200 15705 "https://seg-sa.es/wp-login.php" "Mozilla/5.0 (Macintosh; Intel Mac OS X 13_6_1; rv:118.0) Gecko/20100101 Firefox/118.0"
176.123.9.124 - - [20/Sep/2026:20:27:49 +0200] "GET /wp-admin/index.php HTTP/1.1" 302 5690 "https://seg-sa.es/wp-login.php" "Mozilla/5.0 (Windows NT 10.0; Win64; x64) AppleWebKit/537.36 (KHTML, like Gecko) Chrome/118.0.0.0 Safari/537.36"
176.123.9.124 - - [20/Sep/2026:20:27:50 +0200] "GET /wp-login.php?redirect_to=https%3A%2F%2Fgrupo-seg.com%2Fwp-admin%2Findex.php&reauth=1 HTTP/1.1" 200 15705 "https://seg-sa.es/wp-login.php" "Mozilla/5.0 (Windows NT 10.0; Win64; x64) AppleWebKit/537.36 (KHTML, like Gecko) Chrome/118.0.0.0 Safari/537.36"
176.123.9.124 - - [20/Sep/2026:20:27:51 +0200] "GET /wp-admin/index.php HTTP/1.1" 302 5690 "https://seg-sa.es/wp-login.php" "Mozilla/5.0 (Macintosh; Intel Mac OS X 10_15_7; rv:119.0) Gecko/20100101 Firefox/119.0"
176.123.9.124 - - [20/Sep/2026:20:27:52 +0200] "GET /wp-login.php?redirect_to=https%3A%2F%2Fgrupo-seg.com%2Fwp-admin%2Findex.php&reauth=1 HTTP/1.1" 200 15705 "https://seg-sa.es/wp-login.php" "Mozilla/5.0 (Macintosh; Intel Mac OS X 10_15_7; rv:119.0) Gecko/20100101 Firefox/119.0"
89.248.107.232 - - [20/Sep/2026:20:27:54 +0200] "POST /wp-cron.php?doing_wp_cron=1789928874.6169478893280029296875 HTTP/1.1" 200 5512 "-" "WordPress/6.6.2; https://grupo-seg.com"
176.123.9.124 - - [20/Sep/2026:20:27:53 +0200] "GET /wp-admin/index.php HTTP/1.1" 302 5690 "https://seg-sa.es/wp-login.php" "Mozilla/5.0 (X11; Ubuntu; Linux x86_64) AppleWebKit/537.36 (KHTML, like Gecko) Chrome/119.0.0.0 Safari/537.36"
176.123.9.124 - - [20/Sep/2026:20:27:54 +0200] "GET /wp-login.php?redirect_to=https%3A%2F%2Fgrupo-seg.com%2Fwp-admin%2Findex.php&reauth=1 HTTP/1.1" 200 15705 "https://seg-sa.es/wp-login.php" "Mozilla/5.0 (X11; Ubuntu; Linux x86_64) AppleWebKit/537.36 (KHTML, like Gecko) Chrome/119.0.0.0 Safari/537.36"
176.123.9.124 - - [20/Sep/2026:20:27:56 +0200] "GET /wp-admin/index.php HTTP/1.1" 302 5690 "https://seg-sa.es/wp-login.php" "Mozilla/5.0 (Macintosh; Intel Mac OS X 13_6_1; rv:119.0) Gecko/20100101 Firefox/119.0"
176.123.9.124 - - [20/Sep/2026:20:27:57 +0200] "GET /wp-login.php?redirect_to=https%3A%2F%2Fgrupo-seg.com%2Fwp-admin%2Findex.php&reauth=1 HTTP/1.1" 200 15705 "https://seg-sa.es/wp-login.php" "Mozilla/5.0 (Macintosh; Intel Mac OS X 13_6_1; rv:119.0) Gecko/20100101 Firefox/119.0"
176.123.9.124 - - [20/Sep/2026:20:27:58 +0200] "GET /wp-admin/index.php HTTP/1.1" 302 5690 "https://seg-sa.es/wp-login.php" "Mozilla/5.0 (Macintosh; Intel Mac OS X 13_6_1) AppleWebKit/537.36 (KHTML, like Gecko) Chrome/118.0.0.0 Safari/537.36"
176.123.9.124 - - [20/Sep/2026:20:27:59 +0200] "GET /wp-login.php?redirect_to=https%3A%2F%2Fgrupo-seg.com%2Fwp-admin%2Findex.php&reauth=1 HTTP/1.1" 200 15705 "https://seg-sa.es/wp-login.php" "Mozilla/5.0 (Macintosh; Intel Mac OS X 13_6_1) AppleWebKit/537.36 (KHTML, like Gecko) Chrome/118.0.0.0 Safari/537.36"
89.248.107.232 - - [20/Sep/2026:20:28:00 +0200] "POST /wp-cron.php?doing_wp_cron=1789928880.1264119148254394531250 HTTP/1.1" 200 5512 "-" "WordPress/6.6.2; https://grupo-seg.com"
52.167.144.170 - - [20/Sep/2026:20:27:59 +0200] "GET /kfue1847955doidtogism.htm HTTP/1.1" 404 97421 "-" "Mozilla/5.0 AppleWebKit/537.36 (KHTML, like Gecko; compatible; bingbot/2.0; +http://www.bing.com/bingbot.htm) Chrome/116.0.1938.76 Safari/537.36"
176.123.9.124 - - [20/Sep/2026:20:28:00 +0200] "GET /wp-admin/index.php HTTP/1.1" 302 5690 "https://seg-sa.es/wp-login.php" "Mozilla/5.0 (Windows NT 11.0; Win64; x64) AppleWebKit/537.36 (KHTML, like Gecko) Chrome/120.0.0.0 Safari/537.36"
176.123.9.124 - - [20/Sep/2026:20:28:01 +0200] "GET /wp-login.php?redirect_to=https%3A%2F%2Fgrupo-seg.com%2Fwp-admin%2Findex.php&reauth=1 HTTP/1.1" 200 15705 "https://seg-sa.es/wp-login.php" "Mozilla/5.0 (Windows NT 11.0; Win64; x64) AppleWebKit/537.36 (KHTML, like Gecko) Chrome/120.0.0.0 Safari/537.36"
52.167.144.170 - - [20/Sep/2026:20:28:01 +0200] "GET /elsr667980osiisgtdoemd HTTP/1.1" 404 97421 "-" "Mozilla/5.0 AppleWebKit/537.36 (KHTML, like Gecko; compatible; bingbot/2.0; +http://www.bing.com/bingbot.htm) Chrome/116.0.1938.76 Safari/537.36"
89.248.107.232 - - [20/Sep/2026:20:28:03 +0200] "POST /wp-cron.php?doing_wp_cron=1789928883.5445709228515625000000 HTTP/1.1" 200 5512 "-" "WordPress/6.6.2; https://grupo-seg.com"
176.123.9.124 - - [20/Sep/2026:20:28:02 +0200] "GET /wp-admin/index.php HTTP/1.1" 302 5690 "https://seg-sa.es/wp-login.php" "Mozilla/5.0 (X11; Linux x86_64) AppleWebKit/537.36 (KHTML, like Gecko) Chrome/120.0.0.0 Safari/537.36"
176.123.9.124 - - [20/Sep/2026:20:28:03 +0200] "GET /wp-login.php?redirect_to=https%3A%2F%2Fgrupo-seg.com%2Fwp-admin%2Findex.php&reauth=1 HTTP/1.1" 200 15705 "https://seg-sa.es/wp-login.php" "Mozilla/5.0 (X11; Linux x86_64) AppleWebKit/537.36 (KHTML, like Gecko) Chrome/120.0.0.0 Safari/537.36"
52.167.144.212 - - [20/Sep/2026:20:28:04 +0200] "GET /jrst1445721ptdicpddosousirt.htm HTTP/1.1" 404 97421 "-" "Mozilla/5.0 AppleWebKit/537.36 (KHTML, like Gecko; compatible; bingbot/2.0; +http://www.bing.com/bingbot.htm) Chrome/116.0.1938.76 Safari/537.36"
176.123.9.124 - - [20/Sep/2026:20:28:04 +0200] "GET /wp-admin/index.php HTTP/1.1" 302 5690 "https://seg-sa.es/wp-login.php" "Mozilla/5.0 (Windows NT 10.0; Win64; x64; rv:119.0) Gecko/20100101 Firefox/119.0"
176.123.9.124 - - [20/Sep/2026:20:28:06 +0200] "GET /wp-login.php?redirect_to=https%3A%2F%2Fgrupo-seg.com%2Fwp-admin%2Findex.php&reauth=1 HTTP/1.1" 200 15705 "https://seg-sa.es/wp-login.php" "Mozilla/5.0 (Windows NT 10.0; Win64; x64; rv:119.0) Gecko/20100101 Firefox/119.0"
52.167.144.212 - - [20/Sep/2026:20:28:06 +0200] "GET /ibxl111706dsistdi/empleo.html HTTP/1.1" 404 97421 "-" "Mozilla/5.0 AppleWebKit/537.36 (KHTML, like Gecko; compatible; bingbot/2.0; +http://www.bing.com/bingbot.htm) Chrome/116.0.1938.76 Safari/537.36"
176.123.9.124 - - [20/Sep/2026:20:28:07 +0200] "GET /wp-admin/index.php HTTP/1.1" 302 5690 "https://seg-sa.es/wp-login.php" "Mozilla/5.0 (Macintosh; Intel Mac OS X 13_6_1) AppleWebKit/605.1.15 (KHTML, like Gecko) Version/17.0 Safari/605.1.15"
176.123.9.124 - - [20/Sep/2026:20:28:08 +0200] "GET /wp-login.php?redirect_to=https%3A%2F%2Fgrupo-seg.com%2Fwp-admin%2Findex.php&reauth=1 HTTP/1.1" 200 15705 "https://seg-sa.es/wp-login.php" "Mozilla/5.0 (Macintosh; Intel Mac OS X 13_6_1) AppleWebKit/605.1.15 (KHTML, like Gecko) Version/17.0 Safari/605.1.15"
176.123.9.124 - - [20/Sep/2026:20:28:09 +0200] "GET /wp-admin/index.php HTTP/1.1" 302 5690 "https://seg-sa.es/wp-login.php" "Mozilla/5.0 (Macintosh; Intel Mac OS X 13_6_1) AppleWebKit/537.36 (KHTML, like Gecko) Chrome/121.0.0.0 Safari/537.36"
176.123.9.124 - - [20/Sep/2026:20:28:10 +0200] "GET /wp-login.php?redirect_to=https%3A%2F%2Fgrupo-seg.com%2Fwp-admin%2Findex.php&reauth=1 HTTP/1.1" 200 15705 "https://seg-sa.es/wp-login.php" "Mozilla/5.0 (Macintosh; Intel Mac OS X 13_6_1) AppleWebKit/537.36 (KHTML, like Gecko) Chrome/121.0.0.0 Safari/537.36"
176.123.9.124 - - [20/Sep/2026:20:28:11 +0200] "GET /wp-admin/index.php HTTP/1.1" 302 5690 "https://seg-sa.es/wp-login.php" "Mozilla/5.0 (Macintosh; Intel Mac OS X 10_15_7; rv:119.0) Gecko/20100101 Firefox/119.0"
176.123.9.124 - - [20/Sep/2026:20:28:12 +0200] "GET /wp-login.php?redirect_to=https%3A%2F%2Fgrupo-seg.com%2Fwp-admin%2Findex.php&reauth=1 HTTP/1.1" 200 15705 "https://seg-sa.es/wp-login.php" "Mozilla/5.0 (Macintosh; Intel Mac OS X 10_15_7; rv:119.0) Gecko/20100101 Firefox/119.0"
52.167.144.166 - - [20/Sep/2026:20:28:13 +0200] "GET /tnsl77479tsiti/emm.htm HTTP/1.1" 404 97421 "-" "Mozilla/5.0 AppleWebKit/537.36 (KHTML, like Gecko; compatible; bingbot/2.0; +http://www.bing.com/bingbot.htm) Chrome/116.0.1938.76 Safari/537.36"
176.123.9.124 - - [20/Sep/2026:20:28:13 +0200] "GET /wp-admin/index.php HTTP/1.1" 302 5690 "https://seg-sa.es/wp-login.php" "Mozilla/5.0 (Macintosh; Intel Mac OS X 10_15_7) AppleWebKit/605.1.15 (KHTML, like Gecko) Version/17.2 Safari/605.1.15"
176.123.9.124 - - [20/Sep/2026:20:28:14 +0200] "GET /wp-login.php?redirect_to=https%3A%2F%2Fgrupo-seg.com%2Fwp-admin%2Findex.php&reauth=1 HTTP/1.1" 200 15705 "https://seg-sa.es/wp-login.php" "Mozilla/5.0 (Macintosh; Intel Mac OS X 10_15_7) AppleWebKit/605.1.15 (KHTML, like Gecko) Version/17.2 Safari/605.1.15"
176.123.9.124 - - [20/Sep/2026:20:28:15 +0200] "GET /wp-admin/index.php HTTP/1.1" 302 5690 "https://seg-sa.es/wp-login.php" "Mozilla/5.0 (X11; Linux x86_64) AppleWebKit/537.36 (KHTML, like Gecko) Chrome/121.0.0.0 Safari/537.36"
176.123.9.124 - - [20/Sep/2026:20:28:16 +0200] "GET /wp-login.php?redirect_to=https%3A%2F%2Fgrupo-seg.com%2Fwp-admin%2Findex.php&reauth=1 HTTP/1.1" 200 15705 "https://seg-sa.es/wp-login.php" "Mozilla/5.0 (X11; Linux x86_64) AppleWebKit/537.36 (KHTML, like Gecko) Chrome/121.0.0.0 Safari/537.36"
176.123.9.124 - - [20/Sep/2026:20:28:17 +0200] "GET /wp-admin/index.php HTTP/1.1" 302 5690 "https://seg-sa.es/wp-login.php" "Mozilla/5.0 (Macintosh; Intel Mac OS X 13_6_1; rv:120.0) Gecko/20100101 Firefox/120.0"
176.123.9.124 - - [20/Sep/2026:20:28:18 +0200] "GET /wp-login.php?redirect_to=https%3A%2F%2Fgrupo-seg.com%2Fwp-admin%2Findex.php&reauth=1 HTTP/1.1" 200 15705 "https://seg-sa.es/wp-login.php" "Mozilla/5.0 (Macintosh; Intel Mac OS X 13_6_1; rv:120.0) Gecko/20100101 Firefox/120.0"
176.123.9.124 - - [20/Sep/2026:20:28:19 +0200] "GET /wp-admin/index.php HTTP/1.1" 302 5690 "https://seg-sa.es/wp-login.php" "Mozilla/5.0 (X11; Linux x86_64) AppleWebKit/537.36 (KHTML, like Gecko) Chrome/118.0.0.0 Safari/537.36"
176.123.9.124 - - [20/Sep/2026:20:28:20 +0200] "GET /wp-login.php?redirect_to=https%3A%2F%2Fgrupo-seg.com%2Fwp-admin%2Findex.php&reauth=1 HTTP/1.1" 200 15705 "https://seg-sa.es/wp-login.php" "Mozilla/5.0 (X11; Linux x86_64) AppleWebKit/537.36 (KHTML, like Gecko) Chrome/118.0.0.0 Safari/537.36"
176.123.9.124 - - [20/Sep/2026:20:28:21 +0200] "GET /wp-admin/index.php HTTP/1.1" 302 5690 "https://seg-sa.es/wp-login.php" "Mozilla/5.0 (Macintosh; Intel Mac OS X 10_15_7) AppleWebKit/605.1.15 (KHTML, like Gecko) Version/16.6 Safari/605.1.15"
176.123.9.124 - - [20/Sep/2026:20:28:22 +0200] "GET /wp-login.php?redirect_to=https%3A%2F%2Fgrupo-seg.com%2Fwp-admin%2Findex.php&reauth=1 HTTP/1.1" 200 15705 "https://seg-sa.es/wp-login.php" "Mozilla/5.0 (Macintosh; Intel Mac OS X 10_15_7) AppleWebKit/605.1.15 (KHTML, like Gecko) Version/16.6 Safari/605.1.15"
176.123.9.124 - - [20/Sep/2026:20:28:23 +0200] "GET /wp-admin/index.php HTTP/1.1" 302 5690 "https://seg-sa.es/wp-login.php" "Mozilla/5.0 (Macintosh; Intel Mac OS X 13_6_1) AppleWebKit/605.1.15 (KHTML, like Gecko) Version/17.1 Safari/605.1.15"
89.248.107.232 - - [20/Sep/2026:20:28:25 +0200] "POST /wp-cron.php?doing_wp_cron=1789928905.0782198905944824218750 HTTP/1.1" 200 5512 "-" "WordPress/6.6.2; https://grupo-seg.com"
176.123.9.124 - - [20/Sep/2026:20:28:24 +0200] "GET /wp-login.php?redirect_to=https%3A%2F%2Fgrupo-seg.com%2Fwp-admin%2Findex.php&reauth=1 HTTP/1.1" 200 15705 "https://seg-sa.es/wp-login.php" "Mozilla/5.0 (Macintosh; Intel Mac OS X 13_6_1) AppleWebKit/605.1.15 (KHTML, like Gecko) Version/17.1 Safari/605.1.15"
89.248.107.232 - - [20/Sep/2026:20:28:25 +0200] "POST /wp-admin/admin-ajax.php?action=async_litespeed&nonce=16c258032d&litespeed_type=imgoptm HTTP/1.1" 200 5698 "-" "WordPress/6.6.2; https://grupo-seg.com"
176.123.9.124 - - [20/Sep/2026:20:28:25 +0200] "GET /wp-admin/index.php HTTP/1.1" 302 5690 "https://seg-sa.es/wp-login.php" "Mozilla/5.0 (Macintosh; Intel Mac OS X 10_15_7) AppleWebKit/537.36 (KHTML, like Gecko) Chrome/119.0.0.0 Safari/537.36"
176.123.9.124 - - [20/Sep/2026:20:28:26 +0200] "GET /wp-login.php?redirect_to=https%3A%2F%2Fgrupo-seg.com%2Fwp-admin%2Findex.php&reauth=1 HTTP/1.1" 200 15705 "https://seg-sa.es/wp-login.php" "Mozilla/5.0 (Macintosh; Intel Mac OS X 10_15_7) AppleWebKit/537.36 (KHTML, like Gecko) Chrome/119.0.0.0 Safari/537.36"
176.123.9.124 - - [20/Sep/2026:20:28:27 +0200] "GET /wp-admin/index.php HTTP/1.1" 302 5690 "https://seg-sa.es/wp-login.php" "Mozilla/5.0 (X11; Ubuntu; Linux x86_64) AppleWebKit/537.36 (KHTML, like Gecko) Chrome/120.0.0.0 Safari/537.36"
176.123.9.124 - - [20/Sep/2026:20:28:29 +0200] "GET /wp-login.php?redirect_to=https%3A%2F%2Fgrupo-seg.com%2Fwp-admin%2Findex.php&reauth=1 HTTP/1.1" 200 15705 "https://seg-sa.es/wp-login.php" "Mozilla/5.0 (X11; Ubuntu; Linux x86_64) AppleWebKit/537.36 (KHTML, like Gecko) Chrome/120.0.0.0 Safari/537.36"
176.123.9.124 - - [20/Sep/2026:20:28:30 +0200] "GET /wp-admin/index.php HTTP/1.1" 302 5690 "https://seg-sa.es/wp-login.php" "Mozilla/5.0 (X11; Ubuntu; Linux x86_64) AppleWebKit/537.36 (KHTML, like Gecko) Chrome/118.0.0.0 Safari/537.36"
176.123.9.124 - - [20/Sep/2026:20:28:31 +0200] "GET /wp-login.php?redirect_to=https%3A%2F%2Fgrupo-seg.com%2Fwp-admin%2Findex.php&reauth=1 HTTP/1.1" 200 15705 "https://seg-sa.es/wp-login.php" "Mozilla/5.0 (X11; Ubuntu; Linux x86_64) AppleWebKit/537.36 (KHTML, like Gecko) Chrome/118.0.0.0 Safari/537.36"
176.123.9.124 - - [20/Sep/2026:20:28:32 +0200] "GET /wp-admin/index.php HTTP/1.1" 302 5690 "https://seg-sa.es/wp-login.php" "Mozilla/5.0 (Windows NT 11.0; Win64; x64) AppleWebKit/537.36 (KHTML, like Gecko) Chrome/119.0.0.0 Safari/537.36"
216.73.216.65 - - [20/Sep/2026:20:28:32 +0200] "GET /robots.txt HTTP/1.1" 200 5679 "-" "Mozilla/5.0 AppleWebKit/537.36 (KHTML, like Gecko; compatible; ClaudeBot/1.0; +claudebot@anthropic.com)"
176.123.9.124 - - [20/Sep/2026:20:28:33 +0200] "GET /wp-login.php?redirect_to=https%3A%2F%2Fgrupo-seg.com%2Fwp-admin%2Findex.php&reauth=1 HTTP/1.1" 200 15705 "https://seg-sa.es/wp-login.php" "Mozilla/5.0 (Windows NT 11.0; Win64; x64) AppleWebKit/537.36 (KHTML, like Gecko) Chrome/119.0.0.0 Safari/537.36"
216.73.216.65 - - [20/Sep/2026:20:28:33 +0200] "GET /wp-sitemap.xml HTTP/1.1" 200 6217 "-" "Mozilla/5.0 AppleWebKit/537.36 (KHTML, like Gecko; compatible; ClaudeBot/1.0; +claudebot@anthropic.com)"
176.123.9.124 - - [20/Sep/2026:20:28:34 +0200] "GET /wp-admin/index.php HTTP/1.1" 302 5690 "https://seg-sa.es/wp-login.php" "Mozilla/5.0 (Macintosh; Intel Mac OS X 13_6_1) AppleWebKit/605.1.15 (KHTML, like Gecko) Version/17.1 Safari/605.1.15"
176.123.9.124 - - [20/Sep/2026:20:28:35 +0200] "GET /wp-login.php?redirect_to=https%3A%2F%2Fgrupo-seg.com%2Fwp-admin%2Findex.php&reauth=1 HTTP/1.1" 200 15705 "https://seg-sa.es/wp-login.php" "Mozilla/5.0 (Macintosh; Intel Mac OS X 13_6_1) AppleWebKit/605.1.15 (KHTML, like Gecko) Version/17.1 Safari/605.1.15"
176.123.9.124 - - [20/Sep/2026:20:28:36 +0200] "GET /wp-admin/index.php HTTP/1.1" 302 5690 "https://seg-sa.es/wp-login.php" "Mozilla/5.0 (Macintosh; Intel Mac OS X 13_6_1; rv:119.0) Gecko/20100101 Firefox/119.0"
176.123.9.124 - - [20/Sep/2026:20:28:37 +0200] "GET /wp-login.php?redirect_to=https%3A%2F%2Fgrupo-seg.com%2Fwp-admin%2Findex.php&reauth=1 HTTP/1.1" 200 15705 "https://seg-sa.es/wp-login.php" "Mozilla/5.0 (Macintosh; Intel Mac OS X 13_6_1; rv:119.0) Gecko/20100101 Firefox/119.0"
176.123.9.124 - - [20/Sep/2026:20:28:38 +0200] "GET /wp-admin/index.php HTTP/1.1" 302 5690 "https://seg-sa.es/wp-login.php" "Mozilla/5.0 (Windows NT 11.0; Win64; x64) AppleWebKit/537.36 (KHTML, like Gecko) Chrome/120.0.0.0 Safari/537.36"
176.123.9.124 - - [20/Sep/2026:20:28:39 +0200] "GET /wp-login.php?redirect_to=https%3A%2F%2Fgrupo-seg.com%2Fwp-admin%2Findex.php&reauth=1 HTTP/1.1" 200 15705 "https://seg-sa.es/wp-login.php" "Mozilla/5.0 (Windows NT 11.0; Win64; x64) AppleWebKit/537.36 (KHTML, like Gecko) Chrome/120.0.0.0 Safari/537.36"
89.248.107.232 - - [20/Sep/2026:20:28:41 +0200] "POST /wp-cron.php?doing_wp_cron=1789928921.4844241142272949218750 HTTP/1.1" 200 5512 "-" "WordPress/6.6.2; https://grupo-seg.com"
176.123.9.124 - - [20/Sep/2026:20:28:40 +0200] "GET /wp-admin/index.php HTTP/1.1" 302 5690 "https://seg-sa.es/wp-login.php" "Mozilla/5.0 (X11; Linux x86_64) AppleWebKit/537.36 (KHTML, like Gecko) Chrome/119.0.0.0 Safari/537.36"
176.123.9.124 - - [20/Sep/2026:20:28:41 +0200] "GET /wp-login.php?redirect_to=https%3A%2F%2Fgrupo-seg.com%2Fwp-admin%2Findex.php&reauth=1 HTTP/1.1" 200 15705 "https://seg-sa.es/wp-login.php" "Mozilla/5.0 (X11; Linux x86_64) AppleWebKit/537.36 (KHTML, like Gecko) Chrome/119.0.0.0 Safari/537.36"
89.248.107.232 - - [20/Sep/2026:20:28:43 +0200] "POST /wp-cron.php?doing_wp_cron=1789928923.6802740097045898437500 HTTP/1.1" 200 5512 "-" "WordPress/6.6.2; https://grupo-seg.com"
176.123.9.124 - - [20/Sep/2026:20:28:42 +0200] "GET /wp-admin/index.php HTTP/1.1" 302 5690 "https://seg-sa.es/wp-login.php" "Mozilla/5.0 (X11; Ubuntu; Linux x86_64) AppleWebKit/537.36 (KHTML, like Gecko) Chrome/119.0.0.0 Safari/537.36"
176.123.9.124 - - [20/Sep/2026:20:28:43 +0200] "GET /wp-login.php?redirect_to=https%3A%2F%2Fgrupo-seg.com%2Fwp-admin%2Findex.php&reauth=1 HTTP/1.1" 200 15705 "https://seg-sa.es/wp-login.php" "Mozilla/5.0 (X11; Ubuntu; Linux x86_64) AppleWebKit/537.36 (KHTML, like Gecko) Chrome/119.0.0.0 Safari/537.36"
40.77.167.158 - - [20/Sep/2026:20:28:44 +0200] "GET /throb10/pj51lecl.html HTTP/1.1" 301 5680 "-" "Mozilla/5.0 AppleWebKit/537.36 (KHTML, like Gecko; compatible; bingbot/2.0; +http://www.bing.com/bingbot.htm) Chrome/116.0.1938.76 Safari/537.36"
176.123.9.124 - - [20/Sep/2026:20:28:44 +0200] "GET /wp-admin/index.php HTTP/1.1" 302 5690 "https://seg-sa.es/wp-login.php" "Mozilla/5.0 (X11; Linux x86_64) AppleWebKit/537.36 (KHTML, like Gecko) Chrome/120.0.0.0 Safari/537.36"
176.123.9.124 - - [20/Sep/2026:20:28:46 +0200] "GET /wp-login.php?redirect_to=https%3A%2F%2Fgrupo-seg.com%2Fwp-admin%2Findex.php&reauth=1 HTTP/1.1" 200 15705 "https://seg-sa.es/wp-login.php" "Mozilla/5.0 (X11; Linux x86_64) AppleWebKit/537.36 (KHTML, like Gecko) Chrome/120.0.0.0 Safari/537.36"
176.123.9.124 - - [20/Sep/2026:20:28:47 +0200] "GET /wp-admin/index.php HTTP/1.1" 302 5690 "https://seg-sa.es/wp-login.php" "Mozilla/5.0 (X11; Linux x86_64) AppleWebKit/537.36 (KHTML, like Gecko) Chrome/120.0.0.0 Safari/537.36"
176.123.9.124 - - [20/Sep/2026:20:28:48 +0200] "GET /wp-login.php?redirect_to=https%3A%2F%2Fgrupo-seg.com%2Fwp-admin%2Findex.php&reauth=1 HTTP/1.1" 200 15705 "https://seg-sa.es/wp-login.php" "Mozilla/5.0 (X11; Linux x86_64) AppleWebKit/537.36 (KHTML, like Gecko) Chrome/120.0.0.0 Safari/537.36"
176.123.9.124 - - [20/Sep/2026:20:28:49 +0200] "GET /wp-admin/index.php HTTP/1.1" 302 5690 "https://seg-sa.es/wp-login.php" "Mozilla/5.0 (Windows NT 10.0; Win64; x64) AppleWebKit/537.36 (KHTML, like Gecko) Chrome/121.0.0.0 Safari/537.36"
176.123.9.124 - - [20/Sep/2026:20:28:50 +0200] "GET /wp-login.php?redirect_to=https%3A%2F%2Fgrupo-seg.com%2Fwp-admin%2Findex.php&reauth=1 HTTP/1.1" 200 15705 "https://seg-sa.es/wp-login.php" "Mozilla/5.0 (Windows NT 10.0; Win64; x64) AppleWebKit/537.36 (KHTML, like Gecko) Chrome/121.0.0.0 Safari/537.36"
176.123.9.124 - - [20/Sep/2026:20:28:51 +0200] "GET /wp-admin/index.php HTTP/1.1" 302 5690 "https://seg-sa.es/wp-login.php" "Mozilla/5.0 (Windows NT 10.0; Win64; x64) AppleWebKit/537.36 (KHTML, like Gecko) Chrome/118.0.0.0 Safari/537.36"
176.123.9.124 - - [20/Sep/2026:20:28:52 +0200] "GET /wp-login.php?redirect_to=https%3A%2F%2Fgrupo-seg.com%2Fwp-admin%2Findex.php&reauth=1 HTTP/1.1" 200 15705 "https://seg-sa.es/wp-login.php" "Mozilla/5.0 (Windows NT 10.0; Win64; x64) AppleWebKit/537.36 (KHTML, like Gecko) Chrome/118.0.0.0 Safari/537.36"
89.248.107.232 - - [20/Sep/2026:20:28:54 +0200] "POST /wp-cron.php?doing_wp_cron=1789928934.1752650737762451171875 HTTP/1.1" 200 5512 "-" "WordPress/6.6.2; https://grupo-seg.com"
176.123.9.124 - - [20/Sep/2026:20:28:53 +0200] "GET /wp-admin/index.php HTTP/1.1" 302 5690 "https://seg-sa.es/wp-login.php" "Mozilla/5.0 (Windows NT 11.0; Win64; x64) AppleWebKit/537.36 (KHTML, like Gecko) Chrome/120.0.0.0 Safari/537.36"
176.123.9.124 - - [20/Sep/2026:20:28:54 +0200] "GET /wp-login.php?redirect_to=https%3A%2F%2Fgrupo-seg.com%2Fwp-admin%2Findex.php&reauth=1 HTTP/1.1" 200 15705 "https://seg-sa.es/wp-login.php" "Mozilla/5.0 (Windows NT 11.0; Win64; x64) AppleWebKit/537.36 (KHTML, like Gecko) Chrome/120.0.0.0 Safari/537.36"
176.123.9.124 - - [20/Sep/2026:20:28:55 +0200] "GET /wp-admin/index.php HTTP/1.1" 302 5690 "https://seg-sa.es/wp-login.php" "Mozilla/5.0 (Macintosh; Intel Mac OS X 13_6_1) AppleWebKit/537.36 (KHTML, like Gecko) Chrome/120.0.0.0 Safari/537.36"
176.123.9.124 - - [20/Sep/2026:20:28:56 +0200] "GET /wp-login.php?redirect_to=https%3A%2F%2Fgrupo-seg.com%2Fwp-admin%2Findex.php&reauth=1 HTTP/1.1" 200 15705 "https://seg-sa.es/wp-login.php" "Mozilla/5.0 (Macintosh; Intel Mac OS X 13_6_1) AppleWebKit/537.36 (KHTML, like Gecko) Chrome/120.0.0.0 Safari/537.36"
176.123.9.124 - - [20/Sep/2026:20:28:57 +0200] "GET /wp-admin/index.php HTTP/1.1" 302 5690 "https://seg-sa.es/wp-login.php" "Mozilla/5.0 (X11; Linux x86_64) AppleWebKit/537.36 (KHTML, like Gecko) Chrome/118.0.0.0 Safari/537.36"
176.123.9.124 - - [20/Sep/2026:20:28:58 +0200] "GET /wp-login.php?redirect_to=https%3A%2F%2Fgrupo-seg.com%2Fwp-admin%2Findex.php&reauth=1 HTTP/1.1" 200 15705 "https://seg-sa.es/wp-login.php" "Mozilla/5.0 (X11; Linux x86_64) AppleWebKit/537.36 (KHTML, like Gecko) Chrome/118.0.0.0 Safari/537.36"
89.248.107.232 - - [20/Sep/2026:20:29:00 +0200] "POST /wp-cron.php?doing_wp_cron=1789928940.4750530719757080078125 HTTP/1.1" 200 5512 "-" "WordPress/6.6.2; https://grupo-seg.com"
176.123.9.124 - - [20/Sep/2026:20:28:59 +0200] "GET /wp-admin/index.php HTTP/1.1" 302 5690 "https://seg-sa.es/wp-login.php" "Mozilla/5.0 (Macintosh; Intel Mac OS X 10_15_7) AppleWebKit/537.36 (KHTML, like Gecko) Chrome/119.0.0.0 Safari/537.36"
176.123.9.124 - - [20/Sep/2026:20:29:00 +0200] "GET /wp-login.php?redirect_to=https%3A%2F%2Fgrupo-seg.com%2Fwp-admin%2Findex.php&reauth=1 HTTP/1.1" 200 15705 "https://seg-sa.es/wp-login.php" "Mozilla/5.0 (Macintosh; Intel Mac OS X 10_15_7) AppleWebKit/537.36 (KHTML, like Gecko) Chrome/119.0.0.0 Safari/537.36"
176.123.9.124 - - [20/Sep/2026:20:29:01 +0200] "GET /wp-admin/index.php HTTP/1.1" 302 5690 "https://seg-sa.es/wp-login.php" "Mozilla/5.0 (Macintosh; Intel Mac OS X 10_15_7; rv:120.0) Gecko/20100101 Firefox/120.0"
89.248.107.232 - - [20/Sep/2026:20:29:03 +0200] "POST /wp-cron.php?doing_wp_cron=1789928943.2166728973388671875000 HTTP/1.1" 200 5512 "-" "WordPress/6.6.2; https://grupo-seg.com"
176.123.9.124 - - [20/Sep/2026:20:29:02 +0200] "GET /wp-login.php?redirect_to=https%3A%2F%2Fgrupo-seg.com%2Fwp-admin%2Findex.php&reauth=1 HTTP/1.1" 200 15705 "https://seg-sa.es/wp-login.php" "Mozilla/5.0 (Macintosh; Intel Mac OS X 10_15_7; rv:120.0) Gecko/20100101 Firefox/120.0"
176.123.9.124 - - [20/Sep/2026:20:29:03 +0200] "GET /wp-admin/index.php HTTP/1.1" 302 5690 "https://seg-sa.es/wp-login.php" "Mozilla/5.0 (Macintosh; Intel Mac OS X 13_6_1) AppleWebKit/605.1.15 (KHTML, like Gecko) Version/16.6 Safari/605.1.15"
176.123.9.124 - - [20/Sep/2026:20:29:05 +0200] "GET /wp-login.php?redirect_to=https%3A%2F%2Fgrupo-seg.com%2Fwp-admin%2Findex.php&reauth=1 HTTP/1.1" 200 15705 "https://seg-sa.es/wp-login.php" "Mozilla/5.0 (Macintosh; Intel Mac OS X 13_6_1) AppleWebKit/605.1.15 (KHTML, like Gecko) Version/16.6 Safari/605.1.15"
176.123.9.124 - - [20/Sep/2026:20:29:06 +0200] "GET /wp-admin/index.php HTTP/1.1" 302 5690 "https://seg-sa.es/wp-login.php" "Mozilla/5.0 (Windows NT 11.0; Win64; x64) AppleWebKit/537.36 (KHTML, like Gecko) Chrome/118.0.0.0 Safari/537.36"
176.123.9.124 - - [20/Sep/2026:20:29:07 +0200] "GET /wp-login.php?redirect_to=https%3A%2F%2Fgrupo-seg.com%2Fwp-admin%2Findex.php&reauth=1 HTTP/1.1" 200 15705 "https://seg-sa.es/wp-login.php" "Mozilla/5.0 (Windows NT 11.0; Win64; x64) AppleWebKit/537.36 (KHTML, like Gecko) Chrome/118.0.0.0 Safari/537.36"
176.123.9.124 - - [20/Sep/2026:20:29:08 +0200] "GET /wp-admin/index.php HTTP/1.1" 302 5690 "https://seg-sa.es/wp-login.php" "Mozilla/5.0 (X11; Ubuntu; Linux x86_64) AppleWebKit/537.36 (KHTML, like Gecko) Chrome/121.0.0.0 Safari/537.36"
176.123.9.124 - - [20/Sep/2026:20:29:09 +0200] "GET /wp-login.php?redirect_to=https%3A%2F%2Fgrupo-seg.com%2Fwp-admin%2Findex.php&reauth=1 HTTP/1.1" 200 15705 "https://seg-sa.es/wp-login.php" "Mozilla/5.0 (X11; Ubuntu; Linux x86_64) AppleWebKit/537.36 (KHTML, like Gecko) Chrome/121.0.0.0 Safari/537.36"
176.123.9.124 - - [20/Sep/2026:20:29:10 +0200] "GET /wp-admin/index.php HTTP/1.1" 302 5690 "https://seg-sa.es/wp-login.php" "Mozilla/5.0 (Macintosh; Intel Mac OS X 13_6_1) AppleWebKit/605.1.15 (KHTML, like Gecko) Version/17.1 Safari/605.1.15"
176.123.9.124 - - [20/Sep/2026:20:29:11 +0200] "GET /wp-login.php?redirect_to=https%3A%2F%2Fgrupo-seg.com%2Fwp-admin%2Findex.php&reauth=1 HTTP/1.1" 200 15705 "https://seg-sa.es/wp-login.php" "Mozilla/5.0 (Macintosh; Intel Mac OS X 13_6_1) AppleWebKit/605.1.15 (KHTML, like Gecko) Version/17.1 Safari/605.1.15"
176.123.9.124 - - [20/Sep/2026:20:29:12 +0200] "GET /wp-admin/index.php HTTP/1.1" 302 5690 "https://seg-sa.es/wp-login.php" "Mozilla/5.0 (X11; Ubuntu; Linux x86_64) AppleWebKit/537.36 (KHTML, like Gecko) Chrome/120.0.0.0 Safari/537.36"
176.123.9.124 - - [20/Sep/2026:20:29:13 +0200] "GET /wp-login.php?redirect_to=https%3A%2F%2Fgrupo-seg.com%2Fwp-admin%2Findex.php&reauth=1 HTTP/1.1" 200 15705 "https://seg-sa.es/wp-login.php" "Mozilla/5.0 (X11; Ubuntu; Linux x86_64) AppleWebKit/537.36 (KHTML, like Gecko) Chrome/120.0.0.0 Safari/537.36"
176.123.9.124 - - [20/Sep/2026:20:29:14 +0200] "GET /wp-admin/index.php HTTP/1.1" 302 5690 "https://seg-sa.es/wp-login.php" "Mozilla/5.0 (Macintosh; Intel Mac OS X 10_15_7; rv:119.0) Gecko/20100101 Firefox/119.0"
