89.248.107.232 - - [20/Sep/2026:04:39:26 +0200] "POST /wp-cron.php?doing_wp_cron=1789871966.4622490406036376953125 HTTP/1.1" 200 5512 "-" "WordPress/6.6.2; https://grupo-seg.com"
172.59.76.162 - - [20/Sep/2026:04:39:26 +0200] "GET /paises/peru HTTP/1.1" 301 5578 "https://grupo-seg.com/" "Mozilla/5.0 (Windows NT 10.0; Win64; x64) AppleWebKit/537.36 (KHTML, like Gecko) Chrome/69.0.3110.100 Safari/537.36"
89.248.107.232 - - [20/Sep/2026:04:39:27 +0200] "POST /wp-admin/admin-ajax.php?action=async_litespeed&nonce=c23640a689&litespeed_type=imgoptm HTTP/1.1" 200 5698 "-" "WordPress/6.6.2; https://grupo-seg.com"
172.59.76.162 - - [20/Sep/2026:04:39:27 +0200] "GET /paises/peru/ HTTP/1.1" 200 166718 "https://grupo-seg.com/" "Mozilla/5.0 (Windows NT 10.0; Win64; x64) AppleWebKit/537.36 (KHTML, like Gecko) Chrome/69.0.3110.100 Safari/537.36"
177.226.170.212 - - [20/Sep/2026:04:39:38 +0200] "GET /wp-content/uploads/2023/06/SEG_Proyectos_Aeropuertos_Dest_12.jpg HTTP/2.0" 200 75419 "https://www.bing.com/" "Mozilla/5.0 (Windows NT 10.0; Win64; x64) AppleWebKit/537.36 (KHTML, like Gecko) Chrome/153.0.0.0 Safari/537.36 Edg/153.0.0.0"
89.248.107.232 - - [20/Sep/2026:04:41:13 +0200] "POST /wp-cron.php?doing_wp_cron=1789872073.3273561000823974609375 HTTP/1.1" 200 5512 "-" "WordPress/6.6.2; https://grupo-seg.com"
185.33.86.18 - - [20/Sep/2026:04:41:12 +0200] "GET /webmail/ HTTP/1.1" 404 97421 "-" "Mozilla/5.0 (Windows NT 10.0; WOW64; rv:47.0) Gecko/20100101 Firefox/47.0"
89.248.107.232 - - [20/Sep/2026:04:41:13 +0200] "POST /wp-admin/admin-ajax.php?action=async_litespeed&nonce=c23640a689&litespeed_type=imgoptm HTTP/1.1" 200 5698 "-" "WordPress/6.6.2; https://grupo-seg.com"
185.33.86.18 - - [20/Sep/2026:04:41:14 +0200] "GET /webmail/ HTTP/1.1" 404 97421 "-" "Mozilla/5.0 (Windows NT 10.0; WOW64; rv:47.0) Gecko/20100101 Firefox/47.0"
45.92.11.60 - - [20/Sep/2026:04:42:47 +0200] "GET /wp-content/uploads/2021/06/Foto05-800x800.jpeg HTTP/2.0" 200 88031 "-" "Mozilla/5.0 (Macintosh; Intel Mac OS X 10_15_7) AppleWebKit/537.36 (KHTML, like Gecko) Chrome/131.0.0.0 Safari/537.36"
89.248.107.232 - - [20/Sep/2026:04:44:33 +0200] "POST /wp-cron.php?doing_wp_cron=1789872273.5861279964447021484375 HTTP/1.1" 200 5512 "-" "WordPress/6.6.2; https://grupo-seg.com"
212.154.109.211 - - [20/Sep/2026:04:44:33 +0200] "GET /aviso-legal HTTP/1.1" 301 5578 "https://grupo-seg.com/" "Mozilla/5.0 (Windows NT 6.3; Win64; x64) AppleWebKit/537.36 (KHTML, like Gecko) Chrome/66.0.2655.104 Safari/537.36"
89.248.107.232 - - [20/Sep/2026:04:44:34 +0200] "POST /wp-admin/admin-ajax.php?action=async_litespeed&nonce=c23640a689&litespeed_type=imgoptm HTTP/1.1" 200 5698 "-" "WordPress/6.6.2; https://grupo-seg.com"
212.154.109.211 - - [20/Sep/2026:04:44:34 +0200] "GET /aviso-legal/ HTTP/1.1" 200 122709 "https://grupo-seg.com/" "Mozilla/5.0 (Windows NT 6.3; Win64; x64) AppleWebKit/537.36 (KHTML, like Gecko) Chrome/66.0.2655.104 Safari/537.36"
89.248.107.232 - - [20/Sep/2026:04:45:13 +0200] "POST /wp-cron.php?doing_wp_cron=1789872312.9336090087890625000000 HTTP/1.1" 200 5512 "-" "WordPress/6.6.2; https://grupo-seg.com"
45.138.12.11 - - [20/Sep/2026:04:45:12 +0200] "GET / HTTP/1.1" 200 165817 "-" "Mozilla/5.0 (Windows NT 10.0; Win64; x64) AppleWebKit/537.36 (KHTML, like Gecko) Chrome/124.0.0.0 Safari/537.36"
45.138.12.11 - - [20/Sep/2026:04:45:14 +0200] "POST /?rest_route=/batch/v1 HTTP/1.1" 500 8034 "-" "Mozilla/5.0 (Macintosh; Intel Mac OS X 10_15_7) AppleWebKit/537.36 (KHTML, like Gecko) Chrome/124.0 Safari/537.36"
45.138.12.11 - - [20/Sep/2026:04:45:14 +0200] "GET /wp-content/plugins/sitepress-multilingual-cms%207/res/js/cookies/language-cookie.js.map HTTP/1.1" 404 99384 "-" "Mozilla/5.0 (Windows NT 10.0; Win64; x64) AppleWebKit/537.36 (KHTML, like Gecko) Chrome/124.0.0.0 Safari/537.36"
45.138.12.11 - - [20/Sep/2026:04:45:14 +0200] "GET /wp-content/litespeed/js/6d6320907ddc3a1971a904f89423d12d.js.map HTTP/1.1" 404 97611 "-" "Mozilla/5.0 (Windows NT 10.0; Win64; x64) AppleWebKit/537.36 (KHTML, like Gecko) Chrome/124.0.0.0 Safari/537.36"
45.138.12.11 - - [20/Sep/2026:04:45:14 +0200] "GET /wp-content/plugins/sitepress-multilingual-cms%207/res/js/cookies/language-cookie.js HTTP/2.0" 200 271 "-" "Mozilla/5.0 (Windows NT 10.0; Win64; x64) AppleWebKit/537.36 (KHTML, like Gecko) Chrome/124.0.0.0 Safari/537.36"
45.138.12.11 - - [20/Sep/2026:04:45:14 +0200] "GET /wp-includes/js/jquery/jquery.min.js HTTP/2.0" 200 87553 "-" "Mozilla/5.0 (Windows NT 10.0; Win64; x64) AppleWebKit/537.36 (KHTML, like Gecko) Chrome/124.0.0.0 Safari/537.36"
45.138.12.11 - - [20/Sep/2026:04:45:15 +0200] "GET /.git/HEAD HTTP/1.1" 404 97436 "-" "Mozilla/5.0 (Windows NT 10.0; Win64; x64) AppleWebKit/537.36 (KHTML, like Gecko) Chrome/124.0.0.0 Safari/537.36"
89.248.107.232 - - [20/Sep/2026:04:45:42 +0200] "POST /wp-cron.php?doing_wp_cron=1789872342.6704490184783935546875 HTTP/1.1" 200 5512 "-" "WordPress/6.6.2; https://grupo-seg.com/en/"
177.37.179.38 - - [20/Sep/2026:04:45:42 +0200] "GET /en/portfolio/drafting-of-level-crossing-elimination-studies-lot-7 HTTP/1.1" 301 5632 "https://grupo-seg.com/" "Mozilla/5.0 (Windows NT 6.2; Win64; x64) AppleWebKit/537.36 (KHTML, like Gecko) Chrome/73.0.3393.2 Safari/537.36"
89.248.107.232 - - [20/Sep/2026:04:45:43 +0200] "POST /wp-admin/admin-ajax.php?action=async_litespeed&nonce=c23640a689&litespeed_type=imgoptm HTTP/1.1" 200 5698 "-" "WordPress/6.6.2; https://grupo-seg.com"
177.37.179.38 - - [20/Sep/2026:04:45:43 +0200] "GET /en/portfolio/drafting-of-level-crossing-elimination-studies-lot-7/ HTTP/1.1" 200 117178 "https://grupo-seg.com/" "Mozilla/5.0 (Windows NT 6.2; Win64; x64) AppleWebKit/537.36 (KHTML, like Gecko) Chrome/73.0.3393.2 Safari/537.36"
89.248.107.232 - - [20/Sep/2026:04:46:31 +0200] "POST /wp-cron.php?doing_wp_cron=1789872391.5453820228576660156250 HTTP/1.1" 200 5512 "-" "WordPress/6.6.2; https://grupo-seg.com"
51.161.37.101 - - [20/Sep/2026:04:46:31 +0200] "GET /robots.txt HTTP/1.1" 200 5679 "-" "Mozilla/5.0 (compatible; AhrefsBot/7.0; +http://ahrefs.com/robot/)"
89.248.107.232 - - [20/Sep/2026:04:46:32 +0200] "POST /wp-admin/admin-ajax.php?action=async_litespeed&nonce=c23640a689&litespeed_type=imgoptm HTTP/1.1" 200 5698 "-" "WordPress/6.6.2; https://grupo-seg.com"
51.195.183.83 - - [20/Sep/2026:04:46:32 +0200] "GET /wp-sitemap.xml HTTP/1.1" 200 6217 "-" "Mozilla/5.0 (compatible; AhrefsBot/7.0; +http://ahrefs.com/robot/)"
198.244.226.200 - - [20/Sep/2026:04:46:33 +0200] "GET /wp-sitemap-posts-post-1.xml HTTP/1.1" 200 8170 "-" "Mozilla/5.0 (compatible; AhrefsBot/7.0; +http://ahrefs.com/robot/)"
198.244.183.211 - - [20/Sep/2026:04:46:34 +0200] "GET /wp-sitemap-posts-page-1.xml HTTP/1.1" 200 9189 "-" "Mozilla/5.0 (compatible; AhrefsBot/7.0; +http://ahrefs.com/robot/)"
51.195.215.16 - - [20/Sep/2026:04:46:35 +0200] "GET /wp-sitemap-posts-portfolio-1.xml HTTP/1.1" 200 17286 "-" "Mozilla/5.0 (compatible; AhrefsBot/7.0; +http://ahrefs.com/robot/)"
51.195.244.111 - - [20/Sep/2026:04:46:36 +0200] "GET /wp-sitemap-posts-mgeo_map-1.xml HTTP/1.1" 200 6011 "-" "Mozilla/5.0 (compatible; AhrefsBot/7.0; +http://ahrefs.com/robot/)"
54.38.147.125 - - [20/Sep/2026:04:46:37 +0200] "GET /wp-sitemap-taxonomies-category-1.xml HTTP/1.1" 200 6256 "-" "Mozilla/5.0 (compatible; AhrefsBot/7.0; +http://ahrefs.com/robot/)"
198.244.168.197 - - [20/Sep/2026:04:46:38 +0200] "GET /wp-sitemap-taxonomies-project-type-1.xml HTTP/1.1" 200 6924 "-" "Mozilla/5.0 (compatible; AhrefsBot/7.0; +http://ahrefs.com/robot/)"
89.248.107.232 - - [20/Sep/2026:04:47:31 +0200] "POST /wp-cron.php?doing_wp_cron=1789872451.9150140285491943359375 HTTP/1.1" 200 5512 "-" "WordPress/6.6.2; https://grupo-seg.com"
192.178.14.8 - - [20/Sep/2026:04:47:31 +0200] "GET /.well-known/traffic-advice HTTP/1.1" 404 97421 "-" "Chrome Privacy Preserving Prefetch Proxy"
138.199.140.203 - - [20/Sep/2026:04:47:32 +0200] "GET /sobre-nosotros HTTP/1.1" 301 5581 "-" "Mozilla/5.0 (Macintosh; Intel Mac OS X 10_15_7) AppleWebKit/537.36 (KHTML, like Gecko) Chrome/124.0.0.0 Safari/537.36"
72.14.201.133 - - [20/Sep/2026:04:47:31 +0200] "GET /en/about-us/ HTTP/1.1" 200 256214 "https://www.google.com/" "Mozilla/5.0 (Windows NT 10.0; Win64; x64) AppleWebKit/537.36 (KHTML, like Gecko) Chrome/153.0.0.0 Safari/537.36"
89.248.107.232 - - [20/Sep/2026:04:47:33 +0200] "POST /wp-admin/admin-ajax.php?action=async_litespeed&nonce=c23640a689&litespeed_type=imgoptm HTTP/1.1" 200 5698 "-" "WordPress/6.6.2; https://grupo-seg.com"
138.199.140.203 - - [20/Sep/2026:04:47:33 +0200] "GET /sobre-nosotros/ HTTP/1.1" 200 257564 "-" "Mozilla/5.0 (Macintosh; Intel Mac OS X 10_15_7) AppleWebKit/537.36 (KHTML, like Gecko) Chrome/124.0.0.0 Safari/537.36"
89.248.107.232 - - [20/Sep/2026:04:49:21 +0200] "POST /wp-cron.php?doing_wp_cron=1789872561.3702681064605712890625 HTTP/1.1" 200 5512 "-" "WordPress/6.6.2; https://grupo-seg.com"
35.198.113.100 - - [20/Sep/2026:04:49:20 +0200] "GET /robots.txt HTTP/1.1" 200 5679 "-" "LinkupBot/1.0 (LinkupBot for web indexing; https://linkup.so/bot; bot@linkup.so)"
35.198.113.100 - - [20/Sep/2026:04:49:21 +0200] "GET /en/portfolio/technical-supervision-of-the-project-study-design-and-construction-of-the-structural-rehabilitation-project-for-the-marine-section-of-the-southern-corridor/ HTTP/1.1" 200 118472 "-" "LinkupBot/1.0 (LinkupBot for web indexing; https://linkup.so/bot; bot@linkup.so)"
89.248.107.232 - - [20/Sep/2026:04:49:22 +0200] "POST /wp-admin/admin-ajax.php?action=async_litespeed&nonce=c23640a689&litespeed_type=imgoptm HTTP/1.1" 200 5698 "-" "WordPress/6.6.2; https://grupo-seg.com"
89.248.107.232 - - [20/Sep/2026:04:49:25 +0200] "POST /wp-cron.php?doing_wp_cron=1789872565.9042990207672119140625 HTTP/1.1" 200 5512 "-" "WordPress/6.6.2; https://grupo-seg.com/en/"
35.198.113.100 - - [20/Sep/2026:04:49:25 +0200] "GET /en/portfolio/project-for-the-new-headquarters-of-the-special-delegations-of-the-aeat-state-tax-administration-agency-and-the-ministry-of-economy-and-finance-in-the-city-of-valencia-project-modeled-under-bim-met/ HTTP/1.1" 200 118993 "-" "LinkupBot/1.0 (LinkupBot for web indexing; https://linkup.so/bot; bot@linkup.so)"
89.248.107.232 - - [20/Sep/2026:04:49:26 +0200] "POST /wp-admin/admin-ajax.php?action=async_litespeed&nonce=c23640a689&litespeed_type=imgoptm HTTP/1.1" 200 5698 "-" "WordPress/6.6.2; https://grupo-seg.com"
35.198.113.100 - - [20/Sep/2026:04:49:29 +0200] "GET /portfolio/redaccion-de-proyecto-constructivo-para-la-ampliacion-de-apartaderos/ HTTP/1.1" 200 116991 "-" "LinkupBot/1.0 (LinkupBot for web indexing; https://linkup.so/bot; bot@linkup.so)"
35.198.113.100 - - [20/Sep/2026:04:49:32 +0200] "GET /portfolio/asistencia-tecnica-y-estudio-para-la-mejora-del-puerto-de-pasaia/ HTTP/1.1" 200 117000 "-" "LinkupBot/1.0 (LinkupBot for web indexing; https://linkup.so/bot; bot@linkup.so)"
35.198.113.100 - - [20/Sep/2026:04:49:34 +0200] "GET /canal-interno-de-informacion/ HTTP/1.1" 200 124485 "-" "LinkupBot/1.0 (LinkupBot for web indexing; https://linkup.so/bot; bot@linkup.so)"
35.198.113.100 - - [20/Sep/2026:04:49:36 +0200] "GET /en/portfolio/supervision-of-the-work-for-the-final-repair-of-the-intake-structure-of-the-huachipa-system/ HTTP/1.1" 200 117575 "-" "LinkupBot/1.0 (LinkupBot for web indexing; https://linkup.so/bot; bot@linkup.so)"
35.198.113.100 - - [20/Sep/2026:04:49:38 +0200] "GET /portfolio/urbanizacion-san-patricio-fase-i-adecuacion-de-la-urbanizacion/ HTTP/1.1" 200 117013 "-" "LinkupBot/1.0 (LinkupBot for web indexing; https://linkup.so/bot; bot@linkup.so)"
89.248.107.232 - - [20/Sep/2026:04:50:28 +0200] "POST /wp-cron.php?doing_wp_cron=1789872628.5290520191192626953125 HTTP/1.1" 200 5512 "-" "WordPress/6.6.2; https://grupo-seg.com"
34.79.67.77 - - [20/Sep/2026:04:50:27 +0200] "GET /pagina-ejemplo/feed/ HTTP/1.1" 200 6619 "-" "okhttp/4.12.0"
34.79.67.77 - - [20/Sep/2026:04:50:28 +0200] "GET /wp-sitemap.xml HTTP/1.1" 200 6217 "-" "okhttp/4.12.0"
34.79.67.77 - - [20/Sep/2026:04:50:29 +0200] "GET /wp-sitemap-posts-post-1.xml HTTP/1.1" 200 8170 "-" "okhttp/4.12.0"
89.248.107.232 - - [20/Sep/2026:04:50:29 +0200] "POST /wp-admin/admin-ajax.php?action=async_litespeed&nonce=c23640a689&litespeed_type=imgoptm HTTP/1.1" 200 5698 "-" "WordPress/6.6.2; https://grupo-seg.com"
34.79.67.77 - - [20/Sep/2026:04:50:30 +0200] "GET /wp-sitemap-posts-page-1.xml HTTP/1.1" 200 9189 "-" "okhttp/4.12.0"
34.79.67.77 - - [20/Sep/2026:04:50:30 +0200] "GET /wp-sitemap-posts-portfolio-1.xml HTTP/1.1" 200 17286 "-" "okhttp/4.12.0"
34.79.67.77 - - [20/Sep/2026:04:50:31 +0200] "GET /wp-sitemap-posts-mgeo_map-1.xml HTTP/1.1" 200 6011 "-" "okhttp/4.12.0"
34.79.67.77 - - [20/Sep/2026:04:50:31 +0200] "GET /wp-sitemap-taxonomies-category-1.xml HTTP/1.1" 200 6256 "-" "okhttp/4.12.0"
34.79.67.77 - - [20/Sep/2026:04:50:32 +0200] "GET /wp-sitemap-taxonomies-project-type-1.xml HTTP/1.1" 200 6924 "-" "okhttp/4.12.0"
34.79.67.77 - - [20/Sep/2026:04:50:32 +0200] "GET /feed/ HTTP/1.1" 200 100983 "-" "okhttp/4.12.0"
89.248.107.232 - - [20/Sep/2026:04:51:44 +0200] "POST /wp-cron.php?doing_wp_cron=1789872704.4177379608154296875000 HTTP/1.1" 200 5512 "-" "WordPress/6.6.2; https://grupo-seg.com"
216.73.216.133 - - [20/Sep/2026:04:51:44 +0200] "GET /robots.txt HTTP/1.1" 200 5679 "-" "Mozilla/5.0 AppleWebKit/537.36 (KHTML, like Gecko; compatible; ClaudeBot/1.0; +claudebot@anthropic.com)"
216.73.216.133 - - [20/Sep/2026:04:51:44 +0200] "GET /wp-sitemap.xml HTTP/1.1" 200 6217 "-" "Mozilla/5.0 AppleWebKit/537.36 (KHTML, like Gecko; compatible; ClaudeBot/1.0; +claudebot@anthropic.com)"
89.248.107.232 - - [20/Sep/2026:04:51:45 +0200] "POST /wp-admin/admin-ajax.php?action=async_litespeed&nonce=c23640a689&litespeed_type=imgoptm HTTP/1.1" 200 5698 "-" "WordPress/6.6.2; https://grupo-seg.com"
51.15.96.49 - - [20/Sep/2026:04:51:46 +0200] "GET / HTTP/1.1" 200 165847 "-" "Mozilla/5.0 (Macintosh; Intel Mac OS X 10_15_7) AppleWebKit/537.36 (KHTML, like Gecko) Chrome/107.0.0.0 Safari/537.36"
89.248.107.232 - - [20/Sep/2026:04:52:09 +0200] "POST /wp-cron.php?doing_wp_cron=1789872729.0155329704284667968750 HTTP/1.1" 200 5512 "-" "WordPress/6.6.2; https://grupo-seg.com"
207.46.13.141 - - [20/Sep/2026:04:52:08 +0200] "GET /tnsl440891sogitim/odeds.html HTTP/1.1" 301 5687 "-" "Mozilla/5.0 AppleWebKit/537.36 (KHTML, like Gecko; compatible; bingbot/2.0; +http://www.bing.com/bingbot.htm) Chrome/116.0.1938.76 Safari/537.36"
157.55.39.204 - - [20/Sep/2026:04:52:11 +0200] "GET /jrst1145533ddidoos/empresa.html HTTP/1.1" 404 97421 "-" "Mozilla/5.0 AppleWebKit/537.36 (KHTML, like Gecko; compatible; bingbot/2.0; +http://www.bing.com/bingbot.htm) Chrome/116.0.1938.76 Safari/537.36"
14.181.20.53 - - [20/Sep/2026:04:52:16 +0200] "GET /en/portfolio/aerial-cable-transport-systems-for-the-towns-of-santafe-and-la-candelaria-and-complementary-works HTTP/1.1" 301 5677 "https://grupo-seg.com/" "Mozilla/5.0 (Windows NT 6.2; Win64; x64) AppleWebKit/537.36 (KHTML, like Gecko) Chrome/68.0.2802.146 Safari/537.36"
14.181.20.53 - - [20/Sep/2026:04:52:20 +0200] "GET /en/portfolio/aerial-cable-transport-systems-for-the-towns-of-santafe-and-la-candelaria-and-complementary-works/ HTTP/1.1" 200 117813 "https://grupo-seg.com/" "Mozilla/5.0 (Windows NT 6.2; Win64; x64) AppleWebKit/537.36 (KHTML, like Gecko) Chrome/68.0.2802.146 Safari/537.36"
89.248.107.232 - - [20/Sep/2026:04:52:33 +0200] "POST /wp-cron.php?doing_wp_cron=1789872753.2172019481658935546875 HTTP/1.1" 200 5512 "-" "WordPress/6.6.2; https://grupo-seg.com"
34.197.140.5 - - [20/Sep/2026:04:52:32 +0200] "GET / HTTP/1.1" 200 165817 "-" "Mozilla/5.0 (Macintosh; Intel Mac OS X 10_15_7) AppleWebKit/605.1.15 (KHTML, like Gecko) Version/17.2 Safari/605.1.15"
89.248.107.232 - - [20/Sep/2026:04:52:33 +0200] "POST /wp-admin/admin-ajax.php?action=async_litespeed&nonce=c23640a689&litespeed_type=imgoptm HTTP/1.1" 200 5698 "-" "WordPress/6.6.2; https://grupo-seg.com"
89.248.107.232 - - [20/Sep/2026:04:53:16 +0200] "POST /wp-cron.php?doing_wp_cron=1789872796.3455638885498046875000 HTTP/1.1" 200 5512 "-" "WordPress/6.6.2; https://grupo-seg.com"
40.77.167.74 - - [20/Sep/2026:04:53:15 +0200] "GET /zcuh910656otissmidoegd HTTP/1.1" 404 97436 "-" "Mozilla/5.0 AppleWebKit/537.36 (KHTML, like Gecko; compatible; bingbot/2.0; +http://www.bing.com/bingbot.htm) Chrome/116.0.1938.76 Safari/537.36"
89.248.107.232 - - [20/Sep/2026:04:54:02 +0200] "POST /wp-cron.php?doing_wp_cron=1789872842.6238989830017089843750 HTTP/1.1" 200 5512 "-" "WordPress/6.6.2; https://grupo-seg.com/en/"
24.133.96.138 - - [20/Sep/2026:04:54:02 +0200] "GET /en/privacy-policy/ HTTP/1.1" 200 140521 "-" "Mozilla/5.0 (Macintosh; Intel Mac OS X 10_15_7) AppleWebKit/537.36 (KHTML, like Gecko) Chrome/133.0.0.0 Safari/537.36"
89.248.107.232 - - [20/Sep/2026:04:54:03 +0200] "POST /wp-admin/admin-ajax.php?action=async_litespeed&nonce=c23640a689&litespeed_type=imgoptm HTTP/1.1" 200 5698 "-" "WordPress/6.6.2; https://grupo-seg.com"
89.248.107.232 - - [20/Sep/2026:04:55:02 +0200] "POST /wp-cron.php?doing_wp_cron=1789872902.7927219867706298828125 HTTP/1.1" 200 5512 "-" "WordPress/6.6.2; https://grupo-seg.com"
157.55.39.204 - - [20/Sep/2026:04:55:02 +0200] "GET /ihve1680387oiiotduddrdpsogc.htm HTTP/1.1" 404 97436 "-" "Mozilla/5.0 AppleWebKit/537.36 (KHTML, like Gecko; compatible; bingbot/2.0; +http://www.bing.com/bingbot.htm) Chrome/116.0.1938.76 Safari/537.36"
89.248.107.232 - - [20/Sep/2026:04:55:03 +0200] "POST /wp-admin/admin-ajax.php?action=async_litespeed&nonce=c23640a689&litespeed_type=imgoptm HTTP/1.1" 200 5698 "-" "WordPress/6.6.2; https://grupo-seg.com"
89.248.107.232 - - [20/Sep/2026:04:57:30 +0200] "POST /wp-cron.php?doing_wp_cron=1789873049.9392609596252441406250 HTTP/1.1" 200 5512 "-" "WordPress/6.6.2; https://grupo-seg.com"
124.156.157.91 - - [20/Sep/2026:04:57:29 +0200] "GET / HTTP/1.1" 301 5612 "http://serynco.es" "Mozilla/5.0 (iPhone; CPU iPhone OS 13_2_3 like Mac OS X) AppleWebKit/605.1.15 (KHTML, like Gecko) Version/13.0.3 Mobile/15E148 Safari/604.1"
89.248.107.232 - - [20/Sep/2026:04:57:30 +0200] "POST /wp-admin/admin-ajax.php?action=async_litespeed&nonce=c23640a689&litespeed_type=imgoptm HTTP/1.1" 200 5698 "-" "WordPress/6.6.2; https://grupo-seg.com"
124.156.157.91 - - [20/Sep/2026:04:57:31 +0200] "GET / HTTP/1.1" 200 157019 "https://www.grupo-seg.com/" "Mozilla/5.0 (iPhone; CPU iPhone OS 13_2_3 like Mac OS X) AppleWebKit/605.1.15 (KHTML, like Gecko) Version/13.0.3 Mobile/15E148 Safari/604.1"
89.248.107.232 - - [20/Sep/2026:05:00:18 +0200] "POST /wp-cron.php?doing_wp_cron=1789873218.4634559154510498046875 HTTP/1.1" 200 5512 "-" "WordPress/6.6.2; https://grupo-seg.com"
35.198.113.100 - - [20/Sep/2026:05:00:18 +0200] "GET /robots.txt HTTP/1.1" 200 5679 "-" "LinkupBot/1.0 (LinkupBot for web indexing; https://linkup.so/bot; bot@linkup.so)"
35.198.113.100 - - [20/Sep/2026:05:00:18 +0200] "GET /portfolio/project-management-de-la-promocion-urbanistica-manilva-ii-en-malaga/ HTTP/1.1" 200 117087 "-" "LinkupBot/1.0 (LinkupBot for web indexing; https://linkup.so/bot; bot@linkup.so)"
89.248.107.232 - - [20/Sep/2026:05:00:19 +0200] "POST /wp-admin/admin-ajax.php?action=async_litespeed&nonce=c23640a689&litespeed_type=imgoptm HTTP/1.1" 200 5698 "-" "WordPress/6.6.2; https://grupo-seg.com"
206.232.2.84 - - [20/Sep/2026:05:00:24 +0200] "HEAD / HTTP/1.1" 200 5715 "https://grupo-seg.com" "Mozilla/5.0 (Windows NT 10.0; Win64; x64) AppleWebKit/537.36 (KHTML, like Gecko) Chrome/96.0.4664.45 Safari/537.36"
89.248.107.232 - - [20/Sep/2026:05:00:26 +0200] "POST /wp-cron.php?doing_wp_cron=1789873226.6659200191497802734375 HTTP/1.1" 200 5512 "-" "WordPress/6.6.2; https://grupo-seg.com"
206.232.2.84 - - [20/Sep/2026:05:00:26 +0200] "GET / HTTP/1.1" 200 165817 "https://grupo-seg.com" "Mozilla/5.0 (Windows NT 10.0; Win64; x64) AppleWebKit/537.36 (KHTML, like Gecko) Chrome/96.0.4664.45 Safari/537.36"
89.248.107.232 - - [20/Sep/2026:05:00:27 +0200] "POST /wp-admin/admin-ajax.php?action=async_litespeed&nonce=c23640a689&litespeed_type=imgoptm HTTP/1.1" 200 5698 "-" "WordPress/6.6.2; https://grupo-seg.com"
89.248.107.232 - - [20/Sep/2026:05:02:22 +0200] "POST /wp-cron.php?doing_wp_cron=1789873342.4407439231872558593750 HTTP/1.1" 200 5512 "-" "WordPress/6.6.2; https://grupo-seg.com"
43.159.128.155 - - [20/Sep/2026:05:02:21 +0200] "GET / HTTP/1.1" 200 157019 "https://www.seg-sa.es/" "Mozilla/5.0 (iPhone; CPU iPhone OS 13_2_3 like Mac OS X) AppleWebKit/605.1.15 (KHTML, like Gecko) Version/13.0.3 Mobile/15E148 Safari/604.1"
89.248.107.232 - - [20/Sep/2026:05:02:23 +0200] "POST /wp-admin/admin-ajax.php?action=async_litespeed&nonce=c23640a689&litespeed_type=imgoptm HTTP/1.1" 200 5698 "-" "WordPress/6.6.2; https://grupo-seg.com"
89.248.107.232 - - [20/Sep/2026:05:03:34 +0200] "POST /wp-cron.php?doing_wp_cron=1789873414.4081330299377441406250 HTTP/1.1" 200 5512 "-" "WordPress/6.6.2; https://grupo-seg.com"
157.55.39.59 - - [20/Sep/2026:05:03:34 +0200] "GET /ibxl436066tipsomd/stesi.htm HTTP/1.1" 404 97436 "-" "Mozilla/5.0 AppleWebKit/537.36 (KHTML, like Gecko; compatible; bingbot/2.0; +http://www.bing.com/bingbot.htm) Chrome/116.0.1938.76 Safari/537.36"
89.248.107.232 - - [20/Sep/2026:05:03:34 +0200] "POST /wp-admin/admin-ajax.php?action=async_litespeed&nonce=c23640a689&litespeed_type=imgoptm HTTP/1.1" 200 5698 "-" "WordPress/6.6.2; https://grupo-seg.com"
40.77.167.59 - - [20/Sep/2026:05:03:38 +0200] "GET /sarubatoremarame/0004654964.html HTTP/1.1" 404 97436 "-" "Mozilla/5.0 AppleWebKit/537.36 (KHTML, like Gecko; compatible; bingbot/2.0; +http://www.bing.com/bingbot.htm) Chrome/116.0.1938.76 Safari/537.36"
52.167.144.177 - - [20/Sep/2026:05:03:39 +0200] "GET /ahjv822740mogestiodids HTTP/1.1" 301 5681 "-" "Mozilla/5.0 AppleWebKit/537.36 (KHTML, like Gecko; compatible; bingbot/2.0; +http://www.bing.com/bingbot.htm) Chrome/116.0.1938.76 Safari/537.36"
89.248.107.232 - - [20/Sep/2026:05:05:49 +0200] "POST /wp-cron.php?doing_wp_cron=1789873549.6824650764465332031250 HTTP/1.1" 200 5512 "-" "WordPress/6.6.2; https://grupo-seg.com"
136.0.73.76 - - [20/Sep/2026:05:05:49 +0200] "GET /static/common/user/uedit/php/controller.php?action=catchimage HTTP/1.1" 404 97626 "-" "Mozilla/5.0 (Windows NT 10.0; WOW64; rv:48.0) Gecko/20100101 Firefox/48.0"
89.248.107.232 - - [20/Sep/2026:05:05:50 +0200] "POST /wp-admin/admin-ajax.php?action=async_litespeed&nonce=c23640a689&litespeed_type=imgoptm HTTP/1.1" 200 5698 "-" "WordPress/6.6.2; https://grupo-seg.com"
89.248.107.232 - - [20/Sep/2026:05:06:17 +0200] "POST /wp-cron.php?doing_wp_cron=1789873577.5449481010437011718750 HTTP/1.1" 200 5512 "-" "WordPress/6.6.2; https://grupo-seg.com"
157.55.39.59 - - [20/Sep/2026:05:06:17 +0200] "GET /lzmq4431dpdtoissidsogo.htm HTTP/1.1" 404 97436 "-" "Mozilla/5.0 AppleWebKit/537.36 (KHTML, like Gecko; compatible; bingbot/2.0; +http://www.bing.com/bingbot.htm) Chrome/116.0.1938.76 Safari/537.36"
89.248.107.232 - - [20/Sep/2026:05:06:28 +0200] "POST /wp-cron.php?doing_wp_cron=1789873588.7729330062866210937500 HTTP/1.1" 200 5512 "-" "WordPress/6.6.2; https://grupo-seg.com"
40.77.167.59 - - [20/Sep/2026:05:06:28 +0200] "GET /news/zyxhiforprepsihwteribrtsi-15739.html HTTP/1.1" 404 97421 "-" "Mozilla/5.0 AppleWebKit/537.36 (KHTML, like Gecko; compatible; bingbot/2.0; +http://www.bing.com/bingbot.htm) Chrome/116.0.1938.76 Safari/537.36"
89.248.107.232 - - [20/Sep/2026:05:06:29 +0200] "POST /wp-admin/admin-ajax.php?action=async_litespeed&nonce=c23640a689&litespeed_type=imgoptm HTTP/1.1" 200 5698 "-" "WordPress/6.6.2; https://grupo-seg.com"
89.248.107.232 - - [20/Sep/2026:05:07:08 +0200] "POST /wp-cron.php?doing_wp_cron=1789873628.0970408916473388671875 HTTP/1.1" 200 5512 "-" "WordPress/6.6.2; https://grupo-seg.com"
157.55.39.195 - - [20/Sep/2026:05:07:07 +0200] "GET /collide50-jayec69e.html HTTP/1.1" 404 97421 "-" "Mozilla/5.0 AppleWebKit/537.36 (KHTML, like Gecko; compatible; bingbot/2.0; +http://www.bing.com/bingbot.htm) Chrome/116.0.1938.76 Safari/537.36"
89.248.107.232 - - [20/Sep/2026:05:08:07 +0200] "POST /wp-cron.php?doing_wp_cron=1789873687.9118421077728271484375 HTTP/1.1" 200 5512 "-" "WordPress/6.6.2; https://grupo-seg.com"
157.55.39.59 - - [20/Sep/2026:05:08:07 +0200] "GET /jrst722352doiumpcettsrid HTTP/1.1" 404 97421 "-" "Mozilla/5.0 AppleWebKit/537.36 (KHTML, like Gecko; compatible; bingbot/2.0; +http://www.bing.com/bingbot.htm) Chrome/116.0.1938.76 Safari/537.36"
89.248.107.232 - - [20/Sep/2026:05:08:08 +0200] "POST /wp-admin/admin-ajax.php?action=async_litespeed&nonce=c23640a689&litespeed_type=imgoptm HTTP/1.1" 200 5698 "-" "WordPress/6.6.2; https://grupo-seg.com"
74.7.242.140 - - [20/Sep/2026:05:08:12 +0200] "GET /informacion-general/ HTTP/1.1" 200 120017 "-" "Mozilla/5.0 (Macintosh; Intel Mac OS X 10_15_7) AppleWebKit/537.36 (KHTML, like Gecko) Chrome/131.0.0.0 Safari/537.36; compatible; OAI-SearchBot/1.4; +https://openai.com/searchbot"
74.7.229.148 - - [20/Sep/2026:05:08:15 +0200] "GET /?p=3006 HTTP/1.1" 301 5679 "https://grupo-seg.com/informacion-general/" "Mozilla/5.0 (Macintosh; Intel Mac OS X 10_15_7) AppleWebKit/537.36 (KHTML, like Gecko) Chrome/131.0.0.0 Safari/537.36; compatible; OAI-SearchBot/1.4; +https://openai.com/searchbot"
89.248.107.232 - - [20/Sep/2026:05:09:20 +0200] "POST /wp-cron.php?doing_wp_cron=1789873760.4086790084838867187500 HTTP/1.1" 200 5512 "-" "WordPress/6.6.2; https://grupo-seg.com"
162.120.186.111 - - [20/Sep/2026:05:09:19 +0200] "GET /paises/ecuador/ HTTP/1.1" 200 145534 "https://www.google.com/" "Mozilla/5.0 (Linux; Android 10; K) AppleWebKit/537.36 (KHTML, like Gecko) Chrome/152.0.0.0 Mobile Safari/537.36"
89.248.107.232 - - [20/Sep/2026:05:09:20 +0200] "POST /wp-admin/admin-ajax.php?action=async_litespeed&nonce=c23640a689&litespeed_type=imgoptm HTTP/1.1" 200 5698 "-" "WordPress/6.6.2; https://grupo-seg.com"
72.14.201.218 - - [20/Sep/2026:05:09:22 +0200] "GET /project-type/ecuador/ HTTP/1.1" 200 95989 "https://www.google.com/" "Mozilla/5.0 (Linux; Android 10; K) AppleWebKit/537.36 (KHTML, like Gecko) Chrome/152.0.0.0 Mobile Safari/537.36"
89.248.107.232 - - [20/Sep/2026:05:11:10 +0200] "POST /wp-cron.php?doing_wp_cron=1789873870.5444319248199462890625 HTTP/1.1" 200 5512 "-" "WordPress/6.6.2; https://grupo-seg.com"
52.167.144.234 - - [20/Sep/2026:05:11:10 +0200] "GET /ibsc201559ptitdid/clientes.html HTTP/1.1" 301 5690 "-" "Mozilla/5.0 AppleWebKit/537.36 (KHTML, like Gecko; compatible; bingbot/2.0; +http://www.bing.com/bingbot.htm) Chrome/116.0.1938.76 Safari/537.36"
52.167.144.234 - - [20/Sep/2026:05:11:10 +0200] "GET /rmsy751147sdtotsi/empresa.html HTTP/1.1" 301 5689 "-" "Mozilla/5.0 AppleWebKit/537.36 (KHTML, like Gecko; compatible; bingbot/2.0; +http://www.bing.com/bingbot.htm) Chrome/116.0.1938.76 Safari/537.36"
89.248.107.232 - - [20/Sep/2026:05:11:11 +0200] "POST /wp-admin/admin-ajax.php?action=async_litespeed&nonce=c23640a689&litespeed_type=imgoptm HTTP/1.1" 200 5698 "-" "WordPress/6.6.2; https://grupo-seg.com"
52.167.144.234 - - [20/Sep/2026:05:11:11 +0200] "GET /armg1165762dtrse/citioumpd.htm HTTP/1.1" 301 5689 "-" "Mozilla/5.0 AppleWebKit/537.36 (KHTML, like Gecko; compatible; bingbot/2.0; +http://www.bing.com/bingbot.htm) Chrome/116.0.1938.76 Safari/537.36"
89.248.107.232 - - [20/Sep/2026:05:12:24 +0200] "POST /wp-cron.php?doing_wp_cron=1789873944.5250239372253417968750 HTTP/1.1" 200 5512 "-" "WordPress/6.6.2; https://grupo-seg.com"
52.167.144.179 - - [20/Sep/2026:05:12:23 +0200] "GET /lachrymable43-09r0osrij.html HTTP/1.1" 404 97436 "-" "Mozilla/5.0 AppleWebKit/537.36 (KHTML, like Gecko; compatible; bingbot/2.0; +http://www.bing.com/bingbot.htm) Chrome/116.0.1938.76 Safari/537.36"
89.248.107.232 - - [20/Sep/2026:05:12:25 +0200] "POST /wp-admin/admin-ajax.php?action=async_litespeed&nonce=c23640a689&litespeed_type=imgoptm HTTP/1.1" 200 5698 "-" "WordPress/6.6.2; https://grupo-seg.com"
89.248.107.232 - - [20/Sep/2026:05:12:43 +0200] "POST /wp-cron.php?doing_wp_cron=1789873963.0471129417419433593750 HTTP/1.1" 200 5512 "-" "WordPress/6.6.2; https://grupo-seg.com"
193.186.4.210 - - [20/Sep/2026:05:12:42 +0200] "GET /paises/colombia/ HTTP/1.1" 200 176056 "https://www.google.com/" "Mozilla/5.0 (Windows NT 10.0; Win64; x64) AppleWebKit/537.36 (KHTML, like Gecko) Chrome/152.0.0.0 Safari/537.36"
38.147.104.201 - - [20/Sep/2026:05:12:47 +0200] "GET / HTTP/1.1" 200 165847 "-" "Mozilla/5.0 (compatible; KeyScanner/1.0)"
89.248.107.232 - - [20/Sep/2026:05:15:40 +0200] "POST /wp-cron.php?doing_wp_cron=1789874140.4674599170684814453125 HTTP/1.1" 200 5512 "-" "WordPress/6.6.2; https://grupo-seg.com"
79.116.86.25 - - [20/Sep/2026:05:15:40 +0200] "GET / HTTP/1.1" 301 5612 "-" "Mozilla/5.0 (compatible; LeadHarvestBot/1.0)"
89.248.107.232 - - [20/Sep/2026:05:15:41 +0200] "POST /wp-admin/admin-ajax.php?action=async_litespeed&nonce=c23640a689&litespeed_type=imgoptm HTTP/1.1" 200 5698 "-" "WordPress/6.6.2; https://grupo-seg.com"
79.116.86.25 - - [20/Sep/2026:05:15:40 +0200] "GET / HTTP/1.1" 200 165847 "-" "Mozilla/5.0 (compatible; LeadHarvestBot/1.0)"
89.248.107.232 - - [20/Sep/2026:05:15:42 +0200] "POST /wp-cron.php?doing_wp_cron=1789874142.5259139537811279296875 HTTP/1.1" 200 5512 "-" "WordPress/6.6.2; https://grupo-seg.com"
79.116.86.25 - - [20/Sep/2026:05:15:42 +0200] "GET /sobre-nosotros/ HTTP/1.1" 301 5581 "-" "Mozilla/5.0 (compatible; LeadHarvestBot/1.0)"
157.55.39.7 - - [20/Sep/2026:05:15:42 +0200] "GET /ibxl79598ssdmtoptii HTTP/1.1" 404 97436 "-" "Mozilla/5.0 AppleWebKit/537.36 (KHTML, like Gecko; compatible; bingbot/2.0; +http://www.bing.com/bingbot.htm) Chrome/116.0.1938.76 Safari/537.36"
79.116.86.25 - - [20/Sep/2026:05:15:42 +0200] "GET /sobre-nosotros/ HTTP/1.1" 200 257564 "-" "Mozilla/5.0 (compatible; LeadHarvestBot/1.0)"
79.116.86.25 - - [20/Sep/2026:05:15:44 +0200] "GET /sobre-nosotros/ HTTP/1.1" 301 5581 "-" "Mozilla/5.0 (compatible; LeadHarvestBot/1.0)"
79.116.86.25 - - [20/Sep/2026:05:15:44 +0200] "GET /sobre-nosotros/ HTTP/1.1" 200 257609 "-" "Mozilla/5.0 (compatible; LeadHarvestBot/1.0)"
79.116.86.25 - - [20/Sep/2026:05:15:45 +0200] "GET /sobre-nosotros/ HTTP/1.1" 301 5581 "-" "Mozilla/5.0 (compatible; LeadHarvestBot/1.0)"
79.116.86.25 - - [20/Sep/2026:05:15:46 +0200] "GET /sobre-nosotros/ HTTP/1.1" 200 257609 "-" "Mozilla/5.0 (compatible; LeadHarvestBot/1.0)"
89.248.107.232 - - [20/Sep/2026:05:16:23 +0200] "POST /wp-cron.php?doing_wp_cron=1789874183.0397078990936279296875 HTTP/1.1" 200 5512 "-" "WordPress/6.6.2; https://grupo-seg.com"
207.46.13.150 - - [20/Sep/2026:05:16:22 +0200] "GET /shimanokarukatako/0004854646.html HTTP/1.1" 301 5692 "-" "Mozilla/5.0 AppleWebKit/537.36 (KHTML, like Gecko; compatible; bingbot/2.0; +http://www.bing.com/bingbot.htm) Chrome/116.0.1938.76 Safari/537.36"
89.248.107.232 - - [20/Sep/2026:05:16:45 +0200] "POST /wp-cron.php?doing_wp_cron=1789874205.1661989688873291015625 HTTP/1.1" 200 5512 "-" "WordPress/6.6.2; https://grupo-seg.com"
91.202.233.115 - - [20/Sep/2026:05:16:44 +0200] "GET / HTTP/1.1" 301 5612 "https://google.com/" "Mozilla/5.0 (Windows NT 10.0; Win64; x64) AppleWebKit/537.36 (KHTML, like Gecko) Chrome/133.0.0.0 Safari/537.36"
89.248.107.232 - - [20/Sep/2026:05:16:45 +0200] "POST /wp-admin/admin-ajax.php?action=async_litespeed&nonce=c23640a689&litespeed_type=imgoptm HTTP/1.1" 200 5698 "-" "WordPress/6.6.2; https://grupo-seg.com"
91.202.233.115 - - [20/Sep/2026:05:16:45 +0200] "GET / HTTP/1.1" 200 165847 "https://google.com/" "Mozilla/5.0 (Windows NT 10.0; Win64; x64) AppleWebKit/537.36 (KHTML, like Gecko) Chrome/133.0.0.0 Safari/537.36"
91.202.233.115 - - [20/Sep/2026:05:16:54 +0200] "GET /wp-includes/ HTTP/1.1" 403 6501 "https://grupo-seg.com/wp-includes/" "Mozilla/5.0 (Windows NT 10.0; Win64; x64; rv:134.0) Gecko/20100101 Firefox/135.0"
89.248.107.232 - - [20/Sep/2026:05:16:59 +0200] "POST /wp-cron.php?doing_wp_cron=1789874219.1264009475708007812500 HTTP/1.1" 200 5512 "-" "WordPress/6.6.2; https://grupo-seg.com"
91.202.233.115 - - [20/Sep/2026:05:16:58 +0200] "GET /wp-login.php HTTP/1.1" 200 13732 "https://grupo-seg.com/wp-login.php" "Mozilla/5.0 (Windows NT 10.0; Win64; x64) AppleWebKit/537.36 (KHTML, like Gecko) Chrome/133.0.0.0 Safari/537.36"
89.248.107.232 - - [20/Sep/2026:05:17:04 +0200] "POST /wp-cron.php?doing_wp_cron=1789874224.1017470359802246093750 HTTP/1.1" 200 5512 "-" "WordPress/6.6.2; https://grupo-seg.com"
91.202.233.115 - - [20/Sep/2026:05:17:03 +0200] "GET /wp-json/wp/v2/users/ HTTP/1.1" 401 5951 "https://grupo-seg.com/" "Mozilla/5.0 (Windows NT 10.0; Win64; x64) AppleWebKit/537.36 (KHTML, like Gecko) Chrome/133.0.0.0 Safari/537.36"
91.202.233.115 - - [20/Sep/2026:05:17:08 +0200] "GET /?rest_route=/wp/v2/users HTTP/1.1" 401 5951 "https://grupo-seg.com/" "Mozilla/5.0 (Windows NT 10.0; Win64; x64) AppleWebKit/537.36 (KHTML, like Gecko) Chrome/133.0.0.0 Safari/537.36"
91.202.233.115 - - [20/Sep/2026:05:17:13 +0200] "GET /?rest_route=/wp/v2/users/1 HTTP/1.1" 404 5926 "https://grupo-seg.com/" "Mozilla/5.0 (Windows NT 10.0; Win64; x64; rv:134.0) Gecko/20100101 Firefox/135.0"
91.202.233.115 - - [20/Sep/2026:05:17:18 +0200] "GET /feed/ HTTP/1.1" 200 100998 "https://grupo-seg.com/" "Mozilla/5.0 (Windows NT 10.0; Win64; x64; rv:134.0) Gecko/20100101 Firefox/135.0"
91.202.233.115 - - [20/Sep/2026:05:17:23 +0200] "GET /?p=4432 HTTP/1.1" 301 5674 "https://grupo-seg.com/" "Mozilla/5.0 (Windows NT 10.0; Win64; x64) AppleWebKit/537.36 (KHTML, like Gecko) Chrome/133.0.0.0 Safari/537.36"
91.202.233.115 - - [20/Sep/2026:05:17:24 +0200] "GET /supervision-de-la-construccion-del-centro-tecnologico-para-el-tratamiento-de-la-informacion-sunat-lima-peru/ HTTP/1.1" 200 120991 "https://grupo-seg.com/" "Mozilla/5.0 (Windows NT 10.0; Win64; x64) AppleWebKit/537.36 (KHTML, like Gecko) Chrome/133.0.0.0 Safari/537.36"
89.248.107.232 - - [20/Sep/2026:05:17:30 +0200] "POST /wp-cron.php?doing_wp_cron=1789874250.0829479694366455078125 HTTP/1.1" 200 5512 "-" "WordPress/6.6.2; https://grupo-seg.com"
91.202.233.115 - - [20/Sep/2026:05:17:29 +0200] "GET /?p=4371 HTTP/1.1" 301 5689 "https://grupo-seg.com/" "Mozilla/5.0 (Windows NT 10.0; Win64; x64; rv:134.0) Gecko/20100101 Firefox/135.0"
91.202.233.115 - - [20/Sep/2026:05:17:30 +0200] "GET /fiscalizacion-de-las-obras-de-renovacion-del-belgrano-sur-entre-estaciones-tapiales-y-marinos-del-crucero-general-belgrano/ HTTP/1.1" 200 129151 "https://grupo-seg.com/" "Mozilla/5.0 (Windows NT 10.0; Win64; x64; rv:134.0) Gecko/20100101 Firefox/135.0"
89.248.107.232 - - [20/Sep/2026:05:17:30 +0200] "POST /wp-admin/admin-ajax.php?action=async_litespeed&nonce=c23640a689&litespeed_type=imgoptm HTTP/1.1" 200 5698 "-" "WordPress/6.6.2; https://grupo-seg.com"
91.202.233.115 - - [20/Sep/2026:05:17:35 +0200] "GET /?p=4352 HTTP/1.1" 301 5686 "https://grupo-seg.com/" "Mozilla/5.0 (Windows NT 10.0; Win64; x64) AppleWebKit/537.36 (KHTML, like Gecko) Chrome/133.0.0.0 Safari/537.36"
91.202.233.115 - - [20/Sep/2026:05:17:36 +0200] "GET /interventoria-integral-al-contrato-de-concesion-del-corredor-sabana-de-torres-curumani-troncal-del-magdalena-2-colombia/ HTTP/1.1" 200 120341 "https://grupo-seg.com/" "Mozilla/5.0 (Windows NT 10.0; Win64; x64) AppleWebKit/537.36 (KHTML, like Gecko) Chrome/133.0.0.0 Safari/537.36"
89.248.107.232 - - [20/Sep/2026:05:17:42 +0200] "POST /wp-cron.php?doing_wp_cron=1789874262.1924080848693847656250 HTTP/1.1" 200 5512 "-" "WordPress/6.6.2; https://grupo-seg.com"
91.202.233.115 - - [20/Sep/2026:05:17:41 +0200] "GET /?p=4315 HTTP/1.1" 301 5610 "https://grupo-seg.com/" "Mozilla/5.0 (Windows NT 10.0; Win64; x64; rv:134.0) Gecko/20100101 Firefox/135.0"
91.202.233.115 - - [20/Sep/2026:05:17:42 +0200] "GET /renovacion-de-la-linea-9-de-metro-de-madrid/ HTTP/1.1" 200 116140 "https://grupo-seg.com/" "Mozilla/5.0 (Windows NT 10.0; Win64; x64; rv:134.0) Gecko/20100101 Firefox/135.0"
91.202.233.115 - - [20/Sep/2026:05:17:47 +0200] "GET /?p=4309 HTTP/1.1" 301 5604 "https://grupo-seg.com/" "Mozilla/5.0 (Windows NT 10.0; Win64; x64) AppleWebKit/537.36 (KHTML, like Gecko) Chrome/133.0.0.0 Safari/537.36"
91.202.233.115 - - [20/Sep/2026:05:17:48 +0200] "GET /renovacion-linea-9-de-metro-de-madrid/ HTTP/1.1" 200 130891 "https://grupo-seg.com/" "Mozilla/5.0 (Windows NT 10.0; Win64; x64) AppleWebKit/537.36 (KHTML, like Gecko) Chrome/133.0.0.0 Safari/537.36"
89.248.107.232 - - [20/Sep/2026:05:17:54 +0200] "POST /wp-cron.php?doing_wp_cron=1789874274.2478570938110351562500 HTTP/1.1" 200 5512 "-" "WordPress/6.6.2; https://grupo-seg.com"
91.202.233.115 - - [20/Sep/2026:05:17:53 +0200] "GET /?p=3352 HTTP/1.1" 301 5621 "https://grupo-seg.com/" "Mozilla/5.0 (Windows NT 10.0; Win64; x64) AppleWebKit/537.36 (KHTML, like Gecko) Chrome/133.0.0.0 Safari/537.36"
91.202.233.115 - - [20/Sep/2026:05:17:54 +0200] "GET /continua-la-ejecucion-del-tunel-tres-bocas-en-paraguay/ HTTP/1.1" 200 122710 "https://grupo-seg.com/" "Mozilla/5.0 (Windows NT 10.0; Win64; x64) AppleWebKit/537.36 (KHTML, like Gecko) Chrome/133.0.0.0 Safari/537.36"
89.248.107.232 - - [20/Sep/2026:05:18:00 +0200] "POST /wp-cron.php?doing_wp_cron=1789874280.7120630741119384765625 HTTP/1.1" 200 5512 "-" "WordPress/6.6.2; https://grupo-seg.com"
91.202.233.115 - - [20/Sep/2026:05:18:00 +0200] "GET /?p=3347 HTTP/1.1" 301 5634 "https://grupo-seg.com/" "Mozilla/5.0 (Windows NT 10.0; Win64; x64) AppleWebKit/537.36 (KHTML, like Gecko) Chrome/133.0.0.0 Safari/537.36"
91.202.233.115 - - [20/Sep/2026:05:18:00 +0200] "GET /se-completan-los-trabajos-de-ingenieria-en-el-tramo-santiago-batuco/ HTTP/1.1" 200 120808 "https://grupo-seg.com/" "Mozilla/5.0 (Windows NT 10.0; Win64; x64) AppleWebKit/537.36 (KHTML, like Gecko) Chrome/133.0.0.0 Safari/537.36"
89.248.107.232 - - [20/Sep/2026:05:18:06 +0200] "POST /wp-cron.php?doing_wp_cron=1789874286.7502810955047607421875 HTTP/1.1" 200 5512 "-" "WordPress/6.6.2; https://grupo-seg.com"
91.202.233.115 - - [20/Sep/2026:05:18:06 +0200] "GET /?p=3341 HTTP/1.1" 301 5657 "https://grupo-seg.com/" "Mozilla/5.0 (Windows NT 10.0; Win64; x64) AppleWebKit/537.36 (KHTML, like Gecko) Chrome/133.0.0.0 Safari/537.36"
91.202.233.115 - - [20/Sep/2026:05:18:06 +0200] "GET /avanzan-las-obras-de-restitucion-del-ferrocarril-en-la-linea-madrid-hendaya-gabiria-espana/ HTTP/1.1" 200 122850 "https://grupo-seg.com/" "Mozilla/5.0 (Windows NT 10.0; Win64; x64) AppleWebKit/537.36 (KHTML, like Gecko) Chrome/133.0.0.0 Safari/537.36"
91.202.233.115 - - [20/Sep/2026:05:18:12 +0200] "GET /?p=2592 HTTP/1.1" 301 5640 "https://grupo-seg.com/" "Mozilla/5.0 (Windows NT 10.0; Win64; x64; rv:134.0) Gecko/20100101 Firefox/135.0"
91.202.233.115 - - [20/Sep/2026:05:18:12 +0200] "GET /grupo-seg-en-las-obras-de-renovacion-de-la-linea-ferroviaria-belgrano-sur/ HTTP/1.1" 200 122957 "https://grupo-seg.com/" "Mozilla/5.0 (Windows NT 10.0; Win64; x64; rv:134.0) Gecko/20100101 Firefox/135.0"
91.202.233.115 - - [20/Sep/2026:05:18:18 +0200] "GET /?p=2248 HTTP/1.1" 301 5619 "https://grupo-seg.com/" "Mozilla/5.0 (Windows NT 10.0; Win64; x64) AppleWebKit/537.36 (KHTML, like Gecko) Chrome/133.0.0.0 Safari/537.36"
91.202.233.115 - - [20/Sep/2026:05:18:18 +0200] "GET /avances-en-el-corredor-verde-de-la-septima-en-bogota/ HTTP/1.1" 200 122863 "https://grupo-seg.com/" "Mozilla/5.0 (Windows NT 10.0; Win64; x64) AppleWebKit/537.36 (KHTML, like Gecko) Chrome/133.0.0.0 Safari/537.36"
91.202.233.115 - - [20/Sep/2026:05:18:24 +0200] "GET /?author=1 HTTP/1.1" 404 73720 "https://grupo-seg.com/" "Mozilla/5.0 (Windows NT 10.0; Win64; x64; rv:134.0) Gecko/20100101 Firefox/135.0"
89.248.107.232 - - [20/Sep/2026:05:18:30 +0200] "POST /wp-cron.php?doing_wp_cron=1789874310.0043489933013916015625 HTTP/1.1" 200 5512 "-" "WordPress/6.6.2; https://grupo-seg.com"
91.202.233.115 - - [20/Sep/2026:05:18:29 +0200] "GET /?author=2 HTTP/1.1" 404 73801 "https://grupo-seg.com/" "Mozilla/5.0 (Windows NT 10.0; Win64; x64; rv:134.0) Gecko/20100101 Firefox/135.0"
89.248.107.232 - - [20/Sep/2026:05:18:30 +0200] "POST /wp-admin/admin-ajax.php?action=async_litespeed&nonce=c23640a689&litespeed_type=imgoptm HTTP/1.1" 200 5698 "-" "WordPress/6.6.2; https://grupo-seg.com"
91.202.233.115 - - [20/Sep/2026:05:18:35 +0200] "GET /?author=3 HTTP/1.1" 404 73720 "https://grupo-seg.com/" "Mozilla/5.0 (Windows NT 10.0; Win64; x64) AppleWebKit/537.36 (KHTML, like Gecko) Chrome/133.0.0.0 Safari/537.36"
89.248.107.232 - - [20/Sep/2026:05:18:40 +0200] "POST /wp-cron.php?doing_wp_cron=1789874320.8317708969116210937500 HTTP/1.1" 200 5512 "-" "WordPress/6.6.2; https://grupo-seg.com"
91.202.233.115 - - [20/Sep/2026:05:18:40 +0200] "GET / HTTP/1.1" 200 165847 "https://grupo-seg.com/" "Mozilla/5.0 (Windows NT 10.0; Win64; x64; rv:134.0) Gecko/20100101 Firefox/135.0"
89.248.107.232 - - [20/Sep/2026:05:19:38 +0200] "POST /wp-cron.php?doing_wp_cron=1789874378.2210159301757812500000 HTTP/1.1" 200 5512 "-" "WordPress/6.6.2; https://grupo-seg.com/en/"
152.245.27.2 - - [20/Sep/2026:05:19:37 +0200] "GET /en/supervision-and-control-of-the-normandia-hydroelectric-project HTTP/1.1" 301 5624 "https://grupo-seg.com/" "Mozilla/5.0 (Windows NT 6.2; Win64; x64) AppleWebKit/537.36 (KHTML, like Gecko) Chrome/76.0.3341.154 Safari/537.36"
89.248.107.232 - - [20/Sep/2026:05:19:38 +0200] "POST /wp-admin/admin-ajax.php?action=async_litespeed&nonce=c23640a689&litespeed_type=imgoptm HTTP/1.1" 200 5698 "-" "WordPress/6.6.2; https://grupo-seg.com"
152.245.27.2 - - [20/Sep/2026:05:19:38 +0200] "GET /en/portfolio/supervision-and-control-of-the-normandia-hydroelectric-project/ HTTP/1.1" 200 117210 "https://grupo-seg.com/" "Mozilla/5.0 (Windows NT 6.2; Win64; x64) AppleWebKit/537.36 (KHTML, like Gecko) Chrome/76.0.3341.154 Safari/537.36"
89.248.107.232 - - [20/Sep/2026:05:20:45 +0200] "POST /wp-cron.php?doing_wp_cron=1789874445.4343988895416259765625 HTTP/1.1" 200 5512 "-" "WordPress/6.6.2; https://grupo-seg.com"
40.88.21.235 - - [20/Sep/2026:05:20:45 +0200] "GET / HTTP/1.1" 200 165847 "http://grupo-seg.com" "DuckDuckBot/1.1; (+http://duckduckgo.com/duckduckbot.html)"
89.248.107.232 - - [20/Sep/2026:05:20:46 +0200] "POST /wp-admin/admin-ajax.php?action=async_litespeed&nonce=c23640a689&litespeed_type=imgoptm HTTP/1.1" 200 5698 "-" "WordPress/6.6.2; https://grupo-seg.com"
40.88.21.235 - - [20/Sep/2026:05:20:47 +0200] "GET /wp-content/uploads/2021/07/cropped-SED_FAV-32x32.png HTTP/1.1" 200 199 "-" "DuckDuckBot/1.1; (+http://duckduckgo.com/duckduckbot.html)"
89.248.107.232 - - [20/Sep/2026:05:24:39 +0200] "POST /wp-cron.php?doing_wp_cron=1789874679.1347630023956298828125 HTTP/1.1" 200 5512 "-" "WordPress/6.6.2; https://grupo-seg.com"
59.177.12.53 - - [20/Sep/2026:05:24:38 +0200] "POST /xmlrpc.php HTTP/1.1" 200 5904 "-" "Jetpack by WordPress.com"
89.248.107.232 - - [20/Sep/2026:05:24:39 +0200] "POST /wp-admin/admin-ajax.php?action=async_litespeed&nonce=c23640a689&litespeed_type=imgoptm HTTP/1.1" 200 5698 "-" "WordPress/6.6.2; https://grupo-seg.com"
59.177.12.53 - - [20/Sep/2026:05:24:40 +0200] "GET /wp-json/wp/v2/users?ver=0.9198339697510707 HTTP/1.1" 401 5951 "-" "Jetpack/12.5; WordPress/6.4; http://site32247694.com"
59.177.12.53 - - [20/Sep/2026:05:24:40 +0200] "GET /feed/ HTTP/1.1" 200 100983 "-" "WordPress.com; https://wordpress.com"
89.248.107.232 - - [20/Sep/2026:05:24:43 +0200] "POST /wp-cron.php?doing_wp_cron=1789874683.4932940006256103515625 HTTP/1.1" 200 5512 "-" "WordPress/6.6.2; https://grupo-seg.com"
59.177.12.53 - - [20/Sep/2026:05:24:42 +0200] "GET /wp-sitemap-users-1.xml HTTP/1.1" 200 115759 "-" "Jetpack by WordPress.com"
59.177.12.53 - - [20/Sep/2026:05:24:45 +0200] "GET /wp-json/wp/v2/users?ver=0.3778666533773504 HTTP/1.1" 401 5951 "-" "Jetpack/13.0; WordPress/6.4; http://site75351589.com"
89.248.107.232 - - [20/Sep/2026:05:25:48 +0200] "POST /wp-cron.php?doing_wp_cron=1789874747.9713668823242187500000 HTTP/1.1" 200 5512 "-" "WordPress/6.6.2; https://grupo-seg.com"
40.77.167.59 - - [20/Sep/2026:05:25:47 +0200] "GET /ozuy981976rscpuii/buzon-sugerencias.html HTTP/1.1" 301 5699 "-" "Mozilla/5.0 AppleWebKit/537.36 (KHTML, like Gecko; compatible; bingbot/2.0; +http://www.bing.com/bingbot.htm) Chrome/116.0.1938.76 Safari/537.36"
152.163.18.209 - - [20/Sep/2026:05:25:48 +0200] "GET /en/portfolio/rehabilitation-of-la-gavia-park/ HTTP/1.1" 200 116826 "-" "Mozilla/5.0 (compatible; ExaSearchBot/1.0; +https://crawler.exa.ai/)"
89.248.107.232 - - [20/Sep/2026:05:25:48 +0200] "POST /wp-admin/admin-ajax.php?action=async_litespeed&nonce=c23640a689&litespeed_type=imgoptm HTTP/1.1" 200 5698 "-" "WordPress/6.6.2; https://grupo-seg.com"
89.248.107.232 - - [20/Sep/2026:05:26:26 +0200] "POST /wp-cron.php?doing_wp_cron=1789874786.6138479709625244140625 HTTP/1.1" 200 5512 "-" "WordPress/6.6.2; https://grupo-seg.com"
35.198.113.100 - - [20/Sep/2026:05:26:26 +0200] "GET /robots.txt HTTP/1.1" 200 5679 "-" "LinkupBot/1.0 (LinkupBot for web indexing; https://linkup.so/bot; bot@linkup.so)"
35.198.113.100 - - [20/Sep/2026:05:26:26 +0200] "GET /en/portfolio/technical-file-for-the-construction-investment-at-the-mayor-general-fap-armando-revoredo-iglesias-de-cajamarca-airport/ HTTP/1.1" 200 117786 "-" "LinkupBot/1.0 (LinkupBot for web indexing; https://linkup.so/bot; bot@linkup.so)"
89.248.107.232 - - [20/Sep/2026:05:26:27 +0200] "POST /wp-admin/admin-ajax.php?action=async_litespeed&nonce=c23640a689&litespeed_type=imgoptm HTTP/1.1" 200 5698 "-" "WordPress/6.6.2; https://grupo-seg.com"
35.198.113.100 - - [20/Sep/2026:05:26:30 +0200] "GET /portfolio/fiscalizacion-de-las-obras-de-renovacion-del-belgrano-sur-entre-estaciones-tapiales-y-marinos-del-crucero-general-belgrano/ HTTP/1.1" 200 117967 "-" "LinkupBot/1.0 (LinkupBot for web indexing; https://linkup.so/bot; bot@linkup.so)"
35.198.113.100 - - [20/Sep/2026:05:26:32 +0200] "GET /en/category/ecuador-en/ HTTP/1.1" 200 102856 "-" "LinkupBot/1.0 (LinkupBot for web indexing; https://linkup.so/bot; bot@linkup.so)"
35.198.113.100 - - [20/Sep/2026:05:26:34 +0200] "GET /portfolio/proyecto-de-adecuacion-de-pista-y-franja-en-el-aeropuerto-de-la-palma/ HTTP/1.1" 200 117113 "-" "LinkupBot/1.0 (LinkupBot for web indexing; https://linkup.so/bot; bot@linkup.so)"
35.198.113.100 - - [20/Sep/2026:05:26:36 +0200] "GET /portfolio/interventoria-para-cerramiento-construccion-de-franjas-de-seguridad-y-mantenimiento-de-pista-calle-de-rodaje-y-plataforma-del-aeropuerto-leticia/ HTTP/1.1" 200 118108 "-" "LinkupBot/1.0 (LinkupBot for web indexing; https://linkup.so/bot; bot@linkup.so)"
35.198.113.100 - - [20/Sep/2026:05:26:38 +0200] "GET /portfolio/supervision-y-control-del-proyecto-hidroelectrico-normandia/ HTTP/1.1" 200 116875 "-" "LinkupBot/1.0 (LinkupBot for web indexing; https://linkup.so/bot; bot@linkup.so)"
43.157.52.37 - - [20/Sep/2026:05:26:39 +0200] "GET / HTTP/1.1" 200 156989 "http://grupo-seg.com" "Mozilla/5.0 (iPhone; CPU iPhone OS 13_2_3 like Mac OS X) AppleWebKit/605.1.15 (KHTML, like Gecko) Version/13.0.3 Mobile/15E148 Safari/604.1"
89.248.107.232 - - [20/Sep/2026:05:26:55 +0200] "POST /wp-cron.php?doing_wp_cron=1789874815.7639849185943603515625 HTTP/1.1" 200 5512 "-" "WordPress/6.6.2; https://grupo-seg.com"
15.204.182.106 - - [20/Sep/2026:05:26:55 +0200] "GET / HTTP/1.1" 301 5612 "https://alben4000.com/" "Mozilla/5.0 (Windows NT 10.0; Win64; x64) AppleWebKit/537.36 (KHTML, like Gecko) Chrome/153.0.0.0 Safari/537.36"
15.204.182.106 - - [20/Sep/2026:05:26:56 +0200] "GET / HTTP/1.1" 200 165847 "https://www.grupo-seg.com/" "Mozilla/5.0 (Windows NT 10.0; Win64; x64) AppleWebKit/537.36 (KHTML, like Gecko) Chrome/153.0.0.0 Safari/537.36"
89.248.107.232 - - [20/Sep/2026:05:27:03 +0200] "POST /wp-cron.php?doing_wp_cron=1789874823.4540469646453857421875 HTTP/1.1" 200 5512 "-" "WordPress/6.6.2; https://grupo-seg.com/en/"
152.163.18.210 - - [20/Sep/2026:05:27:03 +0200] "GET /en/portfolio/guadalupe-interchange-underpass/ HTTP/1.1" 200 116912 "-" "Mozilla/5.0 (compatible; ExaSearchBot/1.0; +https://crawler.exa.ai/)"
89.248.107.232 - - [20/Sep/2026:05:31:30 +0200] "POST /wp-cron.php?doing_wp_cron=1789875090.2005760669708251953125 HTTP/1.1" 200 5512 "-" "WordPress/6.6.2; https://grupo-seg.com/en/"
116.179.32.15 - - [20/Sep/2026:05:31:29 +0200] "GET /en/portfolio/supervision-of-port-concession-contracts/feed/ HTTP/1.1" 404 97704 "-" "Mozilla/5.0 (compatible; Baiduspider/2.0; +http://www.baidu.com/search/spider.html)"
89.248.107.232 - - [20/Sep/2026:05:31:31 +0200] "POST /wp-admin/admin-ajax.php?action=async_litespeed&nonce=c23640a689&litespeed_type=imgoptm HTTP/1.1" 200 5698 "-" "WordPress/6.6.2; https://grupo-seg.com"
89.248.107.232 - - [20/Sep/2026:05:36:42 +0200] "POST /wp-cron.php?doing_wp_cron=1789875401.9974288940429687500000 HTTP/1.1" 200 5512 "-" "WordPress/6.6.2; https://grupo-seg.com"
35.198.113.100 - - [20/Sep/2026:05:36:41 +0200] "GET /robots.txt HTTP/1.1" 200 5679 "-" "LinkupBot/1.0 (LinkupBot for web indexing; https://linkup.so/bot; bot@linkup.so)"
89.248.107.232 - - [20/Sep/2026:05:36:42 +0200] "POST /wp-admin/admin-ajax.php?action=async_litespeed&nonce=c23640a689&litespeed_type=imgoptm HTTP/1.1" 200 5698 "-" "WordPress/6.6.2; https://grupo-seg.com"
35.198.113.100 - - [20/Sep/2026:05:36:42 +0200] "GET /portfolio/interventoria-tecnica-administrativa-y-financiera-para-la-construccion-de-terminal-y-obras-de-mantenimiento-del-aeropuerto-el-eden-de-armenia/ HTTP/1.1" 200 118052 "-" "LinkupBot/1.0 (LinkupBot for web indexing; https://linkup.so/bot; bot@linkup.so)"
35.198.113.100 - - [20/Sep/2026:05:36:45 +0200] "GET /project-type/varios/ HTTP/1.1" 200 116571 "-" "LinkupBot/1.0 (LinkupBot for web indexing; https://linkup.so/bot; bot@linkup.so)"
89.248.107.232 - - [20/Sep/2026:05:36:56 +0200] "POST /wp-cron.php?doing_wp_cron=1789875416.6339249610900878906250 HTTP/1.1" 200 5512 "-" "WordPress/6.6.2; https://grupo-seg.com/en/"
192.178.4.4 - - [20/Sep/2026:05:36:56 +0200] "GET /en/feed/ HTTP/1.1" 200 101198 "-" "Mozilla/5.0 (Linux; Android 6.0.1; Nexus 5X Build/MMB29P) AppleWebKit/537.36 (KHTML, like Gecko) Chrome/153.0.8010.47 Mobile Safari/537.36 (compatible; Googlebot/2.1; +http://www.google.com/bot.html)"
89.248.107.232 - - [20/Sep/2026:05:37:51 +0200] "POST /wp-cron.php?doing_wp_cron=1789875471.4478619098663330078125 HTTP/1.1" 200 5512 "-" "WordPress/6.6.2; https://grupo-seg.com"
