157.55.39.202 - - [20/Sep/2026:05:37:51 +0200] "GET /rmsy715240diurtdo/posdidogc HTTP/1.1" 404 97436 "-" "Mozilla/5.0 AppleWebKit/537.36 (KHTML, like Gecko; compatible; bingbot/2.0; +http://www.bing.com/bingbot.htm) Chrome/116.0.1938.76 Safari/537.36"
89.248.107.232 - - [20/Sep/2026:05:37:52 +0200] "POST /wp-admin/admin-ajax.php?action=async_litespeed&nonce=c23640a689&litespeed_type=imgoptm HTTP/1.1" 200 5698 "-" "WordPress/6.6.2; https://grupo-seg.com"
5.180.148.106 - - [20/Sep/2026:05:39:48 +0200] "GET /wp-content/uploads/2023/05/SEG_Proyectos_Obras_Top_04.jpg HTTP/2.0" 200 398804 "-" "Mozilla/5.0 (Windows NT 10.0; Win64; x64) AppleWebKit/537.36 (KHTML, like Gecko) Chrome/107.0.0.0 Safari/537.36"
89.248.107.232 - - [20/Sep/2026:05:40:07 +0200] "POST /wp-cron.php?doing_wp_cron=1789875607.3119781017303466796875 HTTP/1.1" 200 5512 "-" "WordPress/6.6.2; https://grupo-seg.com"
157.55.39.202 - - [20/Sep/2026:05:40:06 +0200] "GET /gwuc67951ssdpito/mit.htm HTTP/1.1" 404 97436 "-" "Mozilla/5.0 AppleWebKit/537.36 (KHTML, like Gecko; compatible; bingbot/2.0; +http://www.bing.com/bingbot.htm) Chrome/116.0.1938.76 Safari/537.36"
89.248.107.232 - - [20/Sep/2026:05:40:08 +0200] "POST /wp-admin/admin-ajax.php?action=async_litespeed&nonce=c23640a689&litespeed_type=imgoptm HTTP/1.1" 200 5698 "-" "WordPress/6.6.2; https://grupo-seg.com"
89.248.107.232 - - [20/Sep/2026:05:40:31 +0200] "POST /wp-cron.php?doing_wp_cron=1789875631.2927560806274414062500 HTTP/1.1" 200 5512 "-" "WordPress/6.6.2; https://grupo-seg.com"
207.46.13.54 - - [20/Sep/2026:05:40:30 +0200] "GET /irsc1421255esitt/mim.html HTTP/1.1" 301 5684 "-" "Mozilla/5.0 AppleWebKit/537.36 (KHTML, like Gecko; compatible; bingbot/2.0; +http://www.bing.com/bingbot.htm) Chrome/116.0.1938.76 Safari/537.36"
89.248.107.232 - - [20/Sep/2026:05:40:31 +0200] "POST /wp-admin/admin-ajax.php?action=async_litespeed&nonce=c23640a689&litespeed_type=imgoptm HTTP/1.1" 200 5698 "-" "WordPress/6.6.2; https://grupo-seg.com"
89.248.107.232 - - [20/Sep/2026:05:40:45 +0200] "POST /wp-cron.php?doing_wp_cron=1789875645.6040279865264892578125 HTTP/1.1" 200 5512 "-" "WordPress/6.6.2; https://grupo-seg.com"
207.46.13.52 - - [20/Sep/2026:05:40:45 +0200] "GET /kfue1742693gidsdot/odpoiss.html HTTP/1.1" 404 97436 "-" "Mozilla/5.0 AppleWebKit/537.36 (KHTML, like Gecko; compatible; bingbot/2.0; +http://www.bing.com/bingbot.htm) Chrome/116.0.1938.76 Safari/537.36"
40.77.167.28 - - [20/Sep/2026:05:40:46 +0200] "GET /tnsl1577128idirm/ptteusocd HTTP/1.1" 404 97421 "-" "Mozilla/5.0 AppleWebKit/537.36 (KHTML, like Gecko; compatible; bingbot/2.0; +http://www.bing.com/bingbot.htm) Chrome/116.0.1938.76 Safari/537.36"
89.248.107.232 - - [20/Sep/2026:05:46:43 +0200] "POST /wp-cron.php?doing_wp_cron=1789876003.3002510070800781250000 HTTP/1.1" 200 5512 "-" "WordPress/6.6.2; https://grupo-seg.com"
62.106.66.158 - - [20/Sep/2026:05:46:42 +0200] "GET / HTTP/1.1" 200 165847 "-" "Mozilla/5.0 (CentOS; Linux i686) AppleWebKit/537.36 (KHTML, like Gecko) Chrome/139.0.0.0 Safari/537.36"
89.248.107.232 - - [20/Sep/2026:05:46:44 +0200] "POST /wp-admin/admin-ajax.php?action=async_litespeed&nonce=c23640a689&litespeed_type=imgoptm HTTP/1.1" 200 5698 "-" "WordPress/6.6.2; https://grupo-seg.com"
89.248.107.232 - - [20/Sep/2026:05:46:44 +0200] "POST /wp-admin/admin-ajax.php?action=wordfence_testAjax HTTP/1.1" 200 5678 "-" "WordPress/6.6.2; https://grupo-seg.com"
89.248.107.232 - - [20/Sep/2026:05:46:45 +0200] "GET /wp-admin/admin-ajax.php?action=wordfence_doScan&isFork=0&scanMode=quick&cronKey=e24a385e0d31e9d7a923c165dd6352a7&signature=5ca351e60ee78f16f89a2acc5bd6a8b83f725f63c07f24337681439053a68b38 HTTP/1.1" 200 5678 "-" "WordPress/6.6.2; https://grupo-seg.com"
64.89.163.182 - - [20/Sep/2026:05:47:15 +0200] "GET /000.php HTTP/1.1" 403 6501 "http://grupo-seg.com/000.php" "Go-http-client/2.0"
64.89.163.182 - - [20/Sep/2026:05:47:16 +0200] "GET /wp-content/about.php HTTP/1.1" 403 6501 "http://grupo-seg.com/wp-content/about.php" "Go-http-client/2.0"
89.248.107.232 - - [20/Sep/2026:05:47:17 +0200] "POST /wp-cron.php?doing_wp_cron=1789876037.2166769504547119140625 HTTP/1.1" 200 5512 "-" "WordPress/6.6.2; https://grupo-seg.com"
64.89.163.182 - - [20/Sep/2026:05:47:16 +0200] "GET /wp-admin/css/admin.php HTTP/1.1" 404 97611 "http://grupo-seg.com/wp-admin/css/admin.php" "Go-http-client/2.0"
64.89.163.182 - - [20/Sep/2026:05:47:18 +0200] "GET //wp-admin/css/about.php HTTP/1.1" 403 6501 "http://grupo-seg.com//wp-admin/css/about.php" "Go-http-client/2.0"
64.89.163.182 - - [20/Sep/2026:05:47:18 +0200] "GET /wp-content/wp-setting.php HTTP/1.1" 403 6501 "http://grupo-seg.com/wp-content/wp-setting.php#admin@admin" "Go-http-client/2.0"
64.89.163.182 - - [20/Sep/2026:05:47:19 +0200] "GET /wp-includes/hp2.php HTTP/1.1" 403 6501 "http://grupo-seg.com/wp-includes/hp2.php" "Go-http-client/2.0"
64.89.163.182 - - [20/Sep/2026:05:47:19 +0200] "GET /bless.php HTTP/1.1" 403 6501 "http://grupo-seg.com/bless.php#888xyz999" "Go-http-client/2.0"
89.248.107.232 - - [20/Sep/2026:05:47:28 +0200] "POST /wp-cron.php?doing_wp_cron=1789876048.6225550174713134765625 HTTP/1.1" 200 5512 "-" "WordPress/6.6.2; https://grupo-seg.com"
35.198.113.100 - - [20/Sep/2026:05:47:28 +0200] "GET /robots.txt HTTP/1.1" 200 5679 "-" "LinkupBot/1.0 (LinkupBot for web indexing; https://linkup.so/bot; bot@linkup.so)"
89.248.107.232 - - [20/Sep/2026:05:47:29 +0200] "POST /wp-admin/admin-ajax.php?action=async_litespeed&nonce=c23640a689&litespeed_type=imgoptm HTTP/1.1" 200 5698 "-" "WordPress/6.6.2; https://grupo-seg.com"
35.198.113.100 - - [20/Sep/2026:05:47:28 +0200] "GET /en/portfolio/pavement-regeneration-on-the-runway-at-the-adolfo-suarez-madrid-barajas-airport/ HTTP/1.1" 200 117564 "-" "LinkupBot/1.0 (LinkupBot for web indexing; https://linkup.so/bot; bot@linkup.so)"
35.198.113.100 - - [20/Sep/2026:05:47:31 +0200] "GET /en/portfolio/project-management-of-the-manilva-ii-urban-development-in-malaga/ HTTP/1.1" 200 117351 "-" "LinkupBot/1.0 (LinkupBot for web indexing; https://linkup.so/bot; bot@linkup.so)"
47.128.37.88 - - [20/Sep/2026:05:47:33 +0200] "GET /wp-sitemap.xml HTTP/1.1" 200 6217 "-" "Mozilla/5.0 (Linux; Android 5.0) AppleWebKit/537.36 (KHTML, like Gecko) Mobile Safari/537.36 (compatible; Bytespider; spider-feedback@bytedance.com)"
35.198.113.100 - - [20/Sep/2026:05:47:34 +0200] "GET /en/countries/chile/ HTTP/1.1" 200 156914 "-" "LinkupBot/1.0 (LinkupBot for web indexing; https://linkup.so/bot; bot@linkup.so)"
35.198.113.100 - - [20/Sep/2026:05:47:37 +0200] "GET /en/legal-notice/ HTTP/1.1" 200 122624 "-" "LinkupBot/1.0 (LinkupBot for web indexing; https://linkup.so/bot; bot@linkup.so)"
35.198.113.100 - - [20/Sep/2026:05:47:39 +0200] "GET /project-type/espana/ HTTP/1.1" 200 116820 "-" "LinkupBot/1.0 (LinkupBot for web indexing; https://linkup.so/bot; bot@linkup.so)"
89.248.107.232 - - [20/Sep/2026:05:47:41 +0200] "POST /wp-cron.php?doing_wp_cron=1789876061.4203510284423828125000 HTTP/1.1" 200 5512 "-" "WordPress/6.6.2; https://grupo-seg.com/en/"
35.198.113.100 - - [20/Sep/2026:05:47:41 +0200] "GET /en/portfolio/supervision-of-the-improvement-works-of-the-maria-auxiliadora-hospital-of-the-amazonas-region/ HTTP/1.1" 200 117721 "-" "LinkupBot/1.0 (LinkupBot for web indexing; https://linkup.so/bot; bot@linkup.so)"
89.248.107.232 - - [20/Sep/2026:05:48:30 +0200] "POST /wp-cron.php?doing_wp_cron=1789876110.5361199378967285156250 HTTP/1.1" 200 5512 "-" "WordPress/6.6.2; https://grupo-seg.com"
66.249.88.102 - - [20/Sep/2026:05:48:30 +0200] "GET /.well-known/traffic-advice HTTP/1.1" 404 97421 "-" "Chrome Privacy Preserving Prefetch Proxy"
162.120.186.125 - - [20/Sep/2026:05:48:30 +0200] "GET /category/peru/ HTTP/1.1" 200 97835 "https://www.google.com/" "Mozilla/5.0 (Linux; Android 10; K) AppleWebKit/537.36 (KHTML, like Gecko) Chrome/152.0.0.0 Mobile Safari/537.36"
89.248.107.232 - - [20/Sep/2026:05:48:32 +0200] "POST /wp-admin/admin-ajax.php?action=async_litespeed&nonce=c23640a689&litespeed_type=imgoptm HTTP/1.1" 200 5698 "-" "WordPress/6.6.2; https://grupo-seg.com"
89.248.107.232 - - [20/Sep/2026:05:48:43 +0200] "POST /wp-cron.php?doing_wp_cron=1789876123.4515340328216552734375 HTTP/1.1" 200 5512 "-" "WordPress/6.6.2; https://grupo-seg.com"
193.186.4.249 - - [20/Sep/2026:05:48:43 +0200] "GET /category/peru/ HTTP/1.1" 200 97820 "https://www.google.com/" "Mozilla/5.0 (Linux; Android 10; K) AppleWebKit/537.36 (KHTML, like Gecko) Chrome/152.0.0.0 Mobile Safari/537.36"
162.120.186.177 - - [20/Sep/2026:05:48:46 +0200] "GET /paises/peru/ HTTP/1.1" 200 154403 "https://www.google.com/" "Mozilla/5.0 (Linux; Android 10; K) AppleWebKit/537.36 (KHTML, like Gecko) Chrome/152.0.0.0 Mobile Safari/537.36"
89.248.107.232 - - [20/Sep/2026:05:48:56 +0200] "POST /wp-cron.php?doing_wp_cron=1789876136.4124209880828857421875 HTTP/1.1" 200 5512 "-" "WordPress/6.6.2; https://grupo-seg.com"
207.46.13.102 - - [20/Sep/2026:05:48:56 +0200] "GET /fundefukusufukashi/0004967318.html HTTP/1.1" 301 5693 "-" "Mozilla/5.0 AppleWebKit/537.36 (KHTML, like Gecko; compatible; bingbot/2.0; +http://www.bing.com/bingbot.htm) Chrome/116.0.1938.76 Safari/537.36"
207.46.13.102 - - [20/Sep/2026:05:48:56 +0200] "GET /iesj728731dgisdip/servicios.html HTTP/1.1" 301 5691 "-" "Mozilla/5.0 AppleWebKit/537.36 (KHTML, like Gecko; compatible; bingbot/2.0; +http://www.bing.com/bingbot.htm) Chrome/116.0.1938.76 Safari/537.36"
89.248.107.232 - - [20/Sep/2026:05:49:21 +0200] "POST /wp-cron.php?doing_wp_cron=1789876161.6489160060882568359375 HTTP/1.1" 200 5512 "-" "WordPress/6.6.2; https://grupo-seg.com"
47.128.37.7 - - [20/Sep/2026:05:49:21 +0200] "GET /wp-sitemap-taxonomies-category-1.xml HTTP/1.1" 200 6256 "-" "Mozilla/5.0 (Linux; Android 5.0) AppleWebKit/537.36 (KHTML, like Gecko) Mobile Safari/537.36 (compatible; Bytespider; spider-feedback@bytedance.com)"
89.248.107.232 - - [20/Sep/2026:05:53:00 +0200] "POST /wp-cron.php?doing_wp_cron=1789876380.5385129451751708984375 HTTP/1.1" 200 5512 "-" "WordPress/6.6.2; https://grupo-seg.com"
40.77.167.105 - - [20/Sep/2026:05:53:00 +0200] "GET /robots.txt HTTP/1.1" 301 5576 "-" "Mozilla/5.0 AppleWebKit/537.36 (KHTML, like Gecko; compatible; bingbot/2.0; +http://www.bing.com/bingbot.htm) Chrome/116.0.1938.76 Safari/537.36"
89.248.107.232 - - [20/Sep/2026:05:53:01 +0200] "POST /wp-admin/admin-ajax.php?action=async_litespeed&nonce=c23640a689&litespeed_type=imgoptm HTTP/1.1" 200 5698 "-" "WordPress/6.6.2; https://grupo-seg.com"
40.77.167.105 - - [20/Sep/2026:05:53:01 +0200] "GET /robots.txt HTTP/1.1" 200 5679 "-" "Mozilla/5.0 AppleWebKit/537.36 (KHTML, like Gecko; compatible; bingbot/2.0; +http://www.bing.com/bingbot.htm) Chrome/116.0.1938.76 Safari/537.36"
40.77.167.105 - - [20/Sep/2026:05:53:01 +0200] "GET /robots.txt HTTP/1.1" 301 5576 "-" "Mozilla/5.0 AppleWebKit/537.36 (KHTML, like Gecko; compatible; bingbot/2.0; +http://www.bing.com/bingbot.htm) Chrome/116.0.1938.76 Safari/537.36"
40.77.167.105 - - [20/Sep/2026:05:53:02 +0200] "GET /robots.txt HTTP/1.1" 200 5679 "-" "Mozilla/5.0 AppleWebKit/537.36 (KHTML, like Gecko; compatible; bingbot/2.0; +http://www.bing.com/bingbot.htm) Chrome/116.0.1938.76 Safari/537.36"
89.248.107.232 - - [20/Sep/2026:05:53:42 +0200] "POST /wp-cron.php?doing_wp_cron=1789876422.2251670360565185546875 HTTP/1.1" 200 5512 "-" "WordPress/6.6.2; https://grupo-seg.com"
51.75.119.154 - - [20/Sep/2026:05:53:41 +0200] "GET /robots.txt HTTP/1.1" 200 5679 "-" "Mozilla/5.0 (compatible; MJ12bot/v1.4.8; http://mj12bot.com/)"
89.248.107.232 - - [20/Sep/2026:05:53:43 +0200] "POST /wp-admin/admin-ajax.php?action=async_litespeed&nonce=c23640a689&litespeed_type=imgoptm HTTP/1.1" 200 5698 "-" "WordPress/6.6.2; https://grupo-seg.com"
51.75.119.154 - - [20/Sep/2026:05:53:44 +0200] "GET /en/project-type/%C2%B7-airports/ HTTP/1.1" 200 117821 "-" "Mozilla/5.0 (compatible; MJ12bot/v1.4.8; http://mj12bot.com/)"
51.75.119.154 - - [20/Sep/2026:05:53:46 +0200] "GET /en/project-type/%C2%B7-airports/feed/ HTTP/1.1" 200 17890 "-" "Mozilla/5.0 (compatible; MJ12bot/v1.4.8; http://mj12bot.com/)"
51.75.119.154 - - [20/Sep/2026:05:53:49 +0200] "GET /en/project-type/%C2%B7-argentina/ HTTP/1.1" 200 102604 "-" "Mozilla/5.0 (compatible; MJ12bot/v1.4.8; http://mj12bot.com/)"
51.75.119.154 - - [20/Sep/2026:05:53:51 +0200] "GET /en/project-type/%C2%B7-argentina/feed/ HTTP/1.1" 200 9728 "-" "Mozilla/5.0 (compatible; MJ12bot/v1.4.8; http://mj12bot.com/)"
89.248.107.232 - - [20/Sep/2026:05:53:56 +0200] "POST /wp-cron.php?doing_wp_cron=1789876436.1510729789733886718750 HTTP/1.1" 200 5512 "-" "WordPress/6.6.2; https://grupo-seg.com/en/"
51.75.119.154 - - [20/Sep/2026:05:53:55 +0200] "GET /en/project-type/%C2%B7-bolivia-en/ HTTP/1.1" 200 102845 "-" "Mozilla/5.0 (compatible; MJ12bot/v1.4.8; http://mj12bot.com/)"
51.75.119.154 - - [20/Sep/2026:05:53:58 +0200] "GET /en/project-type/%C2%B7-colombia/ HTTP/1.1" 200 115653 "-" "Mozilla/5.0 (compatible; MJ12bot/v1.4.8; http://mj12bot.com/)"
89.248.107.232 - - [20/Sep/2026:05:54:02 +0200] "POST /wp-cron.php?doing_wp_cron=1789876442.2063670158386230468750 HTTP/1.1" 200 5512 "-" "WordPress/6.6.2; https://grupo-seg.com/en/"
51.75.119.154 - - [20/Sep/2026:05:54:01 +0200] "GET /en/project-type/%C2%B7-colombia/feed/ HTTP/1.1" 200 16592 "-" "Mozilla/5.0 (compatible; MJ12bot/v1.4.8; http://mj12bot.com/)"
89.248.107.232 - - [20/Sep/2026:05:54:04 +0200] "POST /wp-cron.php?doing_wp_cron=1789876444.2437629699707031250000 HTTP/1.1" 200 5512 "-" "WordPress/6.6.2; https://grupo-seg.com/en/"
51.75.119.154 - - [20/Sep/2026:05:54:03 +0200] "GET /en/project-type/%C2%B7-nicaragua/ HTTP/1.1" 200 102759 "-" "Mozilla/5.0 (compatible; MJ12bot/v1.4.8; http://mj12bot.com/)"
51.75.119.154 - - [20/Sep/2026:05:54:06 +0200] "GET /en/project-type/%C2%B7-nicaragua/feed/ HTTP/1.1" 200 8752 "-" "Mozilla/5.0 (compatible; MJ12bot/v1.4.8; http://mj12bot.com/)"
51.75.119.154 - - [20/Sep/2026:05:54:08 +0200] "GET /en/project-type/%C2%B7-roads/ HTTP/1.1" 200 117194 "-" "Mozilla/5.0 (compatible; MJ12bot/v1.4.8; http://mj12bot.com/)"
51.75.119.154 - - [20/Sep/2026:05:54:11 +0200] "GET /en/project-type/%C2%B7-roads/feed/ HTTP/1.1" 200 17924 "-" "Mozilla/5.0 (compatible; MJ12bot/v1.4.8; http://mj12bot.com/)"
51.75.119.154 - - [20/Sep/2026:05:54:13 +0200] "GET /en/project-type/%C2%B7-spain/ HTTP/1.1" 200 117278 "-" "Mozilla/5.0 (compatible; MJ12bot/v1.4.8; http://mj12bot.com/)"
51.75.119.154 - - [20/Sep/2026:05:54:17 +0200] "GET /en/project-type/%C2%B7-spain/feed/ HTTP/1.1" 200 16723 "-" "Mozilla/5.0 (compatible; MJ12bot/v1.4.8; http://mj12bot.com/)"
51.75.119.154 - - [20/Sep/2026:05:54:20 +0200] "GET /en/project-type/%C2%B7-various/ HTTP/1.1" 200 116876 "-" "Mozilla/5.0 (compatible; MJ12bot/v1.4.8; http://mj12bot.com/)"
51.75.119.154 - - [20/Sep/2026:05:54:23 +0200] "GET /en/project-type/%C2%B7-various/feed/ HTTP/1.1" 200 16564 "-" "Mozilla/5.0 (compatible; MJ12bot/v1.4.8; http://mj12bot.com/)"
89.248.107.232 - - [20/Sep/2026:05:54:27 +0200] "POST /wp-cron.php?doing_wp_cron=1789876467.2412600517272949218750 HTTP/1.1" 200 5512 "-" "WordPress/6.6.2; https://grupo-seg.com/en/"
51.75.119.154 - - [20/Sep/2026:05:54:26 +0200] "GET /en/project-type/%C2%B7-airports/page/2/ HTTP/1.1" 200 104713 "-" "Mozilla/5.0 (compatible; MJ12bot/v1.4.8; http://mj12bot.com/)"
89.248.107.232 - - [20/Sep/2026:05:54:27 +0200] "POST /wp-admin/admin-ajax.php?action=async_litespeed&nonce=c23640a689&litespeed_type=imgoptm HTTP/1.1" 200 5698 "-" "WordPress/6.6.2; https://grupo-seg.com"
51.75.119.154 - - [20/Sep/2026:05:54:29 +0200] "GET /en/project-type/%C2%B7-roads/page/2/ HTTP/1.1" 200 100873 "-" "Mozilla/5.0 (compatible; MJ12bot/v1.4.8; http://mj12bot.com/)"
157.55.39.7 - - [20/Sep/2026:05:54:31 +0200] "GET /couk504555z482i90t36e7ms15.htm HTTP/1.1" 404 97436 "-" "Mozilla/5.0 AppleWebKit/537.36 (KHTML, like Gecko; compatible; bingbot/2.0; +http://www.bing.com/bingbot.htm) Chrome/116.0.1938.76 Safari/537.36"
51.75.119.154 - - [20/Sep/2026:05:54:32 +0200] "GET /en/project-type/%C2%B7-spain/page/2/ HTTP/1.1" 200 116815 "-" "Mozilla/5.0 (compatible; MJ12bot/v1.4.8; http://mj12bot.com/)"
51.75.119.154 - - [20/Sep/2026:05:54:35 +0200] "GET /project-type/%C2%B7-bolivia/ HTTP/1.1" 200 102512 "-" "Mozilla/5.0 (compatible; MJ12bot/v1.4.8; http://mj12bot.com/)"
51.75.119.154 - - [20/Sep/2026:05:54:37 +0200] "GET /project-type/%C2%B7-bolivia/feed/ HTTP/1.1" 200 8375 "-" "Mozilla/5.0 (compatible; MJ12bot/v1.4.8; http://mj12bot.com/)"
89.248.107.232 - - [20/Sep/2026:05:54:45 +0200] "POST /wp-cron.php?doing_wp_cron=1789876485.8208301067352294921875 HTTP/1.1" 200 5512 "-" "WordPress/6.6.2; https://grupo-seg.com"
157.55.39.205 - - [20/Sep/2026:05:54:45 +0200] "GET /htsr974466dstmiodogi HTTP/1.1" 404 97436 "-" "Mozilla/5.0 AppleWebKit/537.36 (KHTML, like Gecko; compatible; bingbot/2.0; +http://www.bing.com/bingbot.htm) Chrome/116.0.1938.76 Safari/537.36"
89.248.107.232 - - [20/Sep/2026:05:55:56 +0200] "POST /wp-cron.php?doing_wp_cron=1789876556.3975319862365722656250 HTTP/1.1" 200 5512 "-" "WordPress/6.6.2; https://grupo-seg.com"
52.167.144.19 - - [20/Sep/2026:05:55:55 +0200] "GET /iruw175706z4s3i61725t9em08 HTTP/1.1" 404 97436 "-" "Mozilla/5.0 AppleWebKit/537.36 (KHTML, like Gecko; compatible; bingbot/2.0; +http://www.bing.com/bingbot.htm) Chrome/116.0.1938.76 Safari/537.36"
89.248.107.232 - - [20/Sep/2026:05:55:57 +0200] "POST /wp-admin/admin-ajax.php?action=async_litespeed&nonce=c23640a689&litespeed_type=imgoptm HTTP/1.1" 200 5698 "-" "WordPress/6.6.2; https://grupo-seg.com"
89.248.107.232 - - [20/Sep/2026:05:56:44 +0200] "POST /wp-cron.php?doing_wp_cron=1789876604.3940279483795166015625 HTTP/1.1" 200 5512 "-" "WordPress/6.6.2; https://grupo-seg.com"
52.167.144.19 - - [20/Sep/2026:05:56:43 +0200] "GET /kfue1876592spisidgoosddot.html HTTP/1.1" 404 97436 "-" "Mozilla/5.0 AppleWebKit/537.36 (KHTML, like Gecko; compatible; bingbot/2.0; +http://www.bing.com/bingbot.htm) Chrome/116.0.1938.76 Safari/537.36"
89.248.107.232 - - [20/Sep/2026:05:56:45 +0200] "POST /wp-admin/admin-ajax.php?action=async_litespeed&nonce=c23640a689&litespeed_type=imgoptm HTTP/1.1" 200 5698 "-" "WordPress/6.6.2; https://grupo-seg.com"
89.248.107.232 - - [20/Sep/2026:05:57:21 +0200] "POST /wp-cron.php?doing_wp_cron=1789876641.0748870372772216796875 HTTP/1.1" 200 5512 "-" "WordPress/6.6.2; https://grupo-seg.com"
35.198.113.100 - - [20/Sep/2026:05:57:20 +0200] "GET /robots.txt HTTP/1.1" 200 5679 "-" "LinkupBot/1.0 (LinkupBot for web indexing; https://linkup.so/bot; bot@linkup.so)"
35.198.113.100 - - [20/Sep/2026:05:57:21 +0200] "GET /en/portfolio/san-patricio-phase-i-urbanization-adaptation-of-the-urbanization/ HTTP/1.1" 200 117373 "-" "LinkupBot/1.0 (LinkupBot for web indexing; https://linkup.so/bot; bot@linkup.so)"
89.248.107.232 - - [20/Sep/2026:05:57:27 +0200] "POST /wp-cron.php?doing_wp_cron=1789876647.6357529163360595703125 HTTP/1.1" 200 5512 "-" "WordPress/6.6.2; https://grupo-seg.com/en/"
35.198.113.100 - - [20/Sep/2026:05:57:27 +0200] "GET /en/category/paraguay-en/ HTTP/1.1" 200 107565 "-" "LinkupBot/1.0 (LinkupBot for web indexing; https://linkup.so/bot; bot@linkup.so)"
89.248.107.232 - - [20/Sep/2026:05:57:28 +0200] "POST /wp-admin/admin-ajax.php?action=async_litespeed&nonce=c23640a689&litespeed_type=imgoptm HTTP/1.1" 200 5698 "-" "WordPress/6.6.2; https://grupo-seg.com"
35.198.113.100 - - [20/Sep/2026:05:57:29 +0200] "GET /en/countries/paraguay/ HTTP/1.1" 200 170023 "-" "LinkupBot/1.0 (LinkupBot for web indexing; https://linkup.so/bot; bot@linkup.so)"
89.248.107.232 - - [20/Sep/2026:05:57:44 +0200] "POST /wp-cron.php?doing_wp_cron=1789876664.4184989929199218750000 HTTP/1.1" 200 5512 "-" "WordPress/6.6.2; https://grupo-seg.com"
170.106.161.78 - - [20/Sep/2026:05:57:44 +0200] "GET / HTTP/1.1" 301 5612 "http://www.serynco.es" "Mozilla/5.0 (iPhone; CPU iPhone OS 13_2_3 like Mac OS X) AppleWebKit/605.1.15 (KHTML, like Gecko) Version/13.0.3 Mobile/15E148 Safari/604.1"
170.106.161.78 - - [20/Sep/2026:05:57:45 +0200] "GET / HTTP/1.1" 200 156989 "https://www.grupo-seg.com/" "Mozilla/5.0 (iPhone; CPU iPhone OS 13_2_3 like Mac OS X) AppleWebKit/605.1.15 (KHTML, like Gecko) Version/13.0.3 Mobile/15E148 Safari/604.1"
189.188.48.244 - - [20/Sep/2026:05:58:38 +0200] "GET /wp-content/litespeed/js/6d6320907ddc3a1971a904f89423d12d.js?ver=04cf4 HTTP/1.1" 200 707520 "-" "Mozilla/5.0 (X11; Linux x86_64) AppleWebKit/537.36 (KHTML, like Gecko) Chrome/123.0.0.0 Safari/537.36 Edg/123.0.0.0"
89.248.107.232 - - [20/Sep/2026:05:58:43 +0200] "POST /wp-cron.php?doing_wp_cron=1789876723.7791860103607177734375 HTTP/1.1" 200 5512 "-" "WordPress/6.6.2; https://grupo-seg.com"
189.188.48.244 - - [20/Sep/2026:05:58:43 +0200] "GET /servicios HTTP/1.1" 301 5576 "-" "Mozilla/5.0 (X11; Linux x86_64) AppleWebKit/537.36 (KHTML, like Gecko) Chrome/123.0.0.0 Safari/537.36 Edg/123.0.0.0"
89.248.107.232 - - [20/Sep/2026:05:58:44 +0200] "POST /wp-admin/admin-ajax.php?action=async_litespeed&nonce=c23640a689&litespeed_type=imgoptm HTTP/1.1" 200 5698 "-" "WordPress/6.6.2; https://grupo-seg.com"
189.188.48.244 - - [20/Sep/2026:05:58:44 +0200] "GET /servicios/ HTTP/1.1" 200 202626 "-" "Mozilla/5.0 (X11; Linux x86_64) AppleWebKit/537.36 (KHTML, like Gecko) Chrome/123.0.0.0 Safari/537.36 Edg/123.0.0.0"
89.248.107.232 - - [20/Sep/2026:05:58:56 +0200] "POST /wp-cron.php?doing_wp_cron=1789876736.3210859298706054687500 HTTP/1.1" 200 5512 "-" "WordPress/6.6.2; https://grupo-seg.com"
52.167.144.19 - - [20/Sep/2026:05:58:55 +0200] "GET /ptse1252029ioisodtsemgd.htm HTTP/1.1" 404 97421 "-" "Mozilla/5.0 AppleWebKit/537.36 (KHTML, like Gecko; compatible; bingbot/2.0; +http://www.bing.com/bingbot.htm) Chrome/116.0.1938.76 Safari/537.36"
89.248.107.232 - - [20/Sep/2026:06:01:03 +0200] "POST /wp-cron.php?doing_wp_cron=1789876863.1948680877685546875000 HTTP/1.1" 200 5512 "-" "WordPress/6.6.2; https://grupo-seg.com"
43.164.0.21 - - [20/Sep/2026:06:01:02 +0200] "GET / HTTP/1.1" 200 156989 "https://www.seg-sa.es/" "Mozilla/5.0 (iPhone; CPU iPhone OS 13_2_3 like Mac OS X) AppleWebKit/605.1.15 (KHTML, like Gecko) Version/13.0.3 Mobile/15E148 Safari/604.1"
89.248.107.232 - - [20/Sep/2026:06:01:04 +0200] "POST /wp-admin/admin-ajax.php?action=async_litespeed&nonce=c23640a689&litespeed_type=imgoptm HTTP/1.1" 200 5698 "-" "WordPress/6.6.2; https://grupo-seg.com"
157.55.39.200 - - [20/Sep/2026:06:01:07 +0200] "GET /elsr578336iptitoesmsds.html HTTP/1.1" 404 97436 "-" "Mozilla/5.0 AppleWebKit/537.36 (KHTML, like Gecko; compatible; bingbot/2.0; +http://www.bing.com/bingbot.htm) Chrome/116.0.1938.76 Safari/537.36"
157.55.39.205 - - [20/Sep/2026:06:01:12 +0200] "GET /htsr1884495ogdtdisosdpios.htm HTTP/1.1" 404 97421 "-" "Mozilla/5.0 AppleWebKit/537.36 (KHTML, like Gecko; compatible; bingbot/2.0; +http://www.bing.com/bingbot.htm) Chrome/116.0.1938.76 Safari/537.36"
52.167.144.19 - - [20/Sep/2026:06:01:17 +0200] "GET /crispin12/g0e80sth.html HTTP/1.1" 404 97436 "-" "Mozilla/5.0 AppleWebKit/537.36 (KHTML, like Gecko; compatible; bingbot/2.0; +http://www.bing.com/bingbot.htm) Chrome/116.0.1938.76 Safari/537.36"
89.248.107.232 - - [20/Sep/2026:06:01:53 +0200] "POST /wp-cron.php?doing_wp_cron=1789876913.3791670799255371093750 HTTP/1.1" 200 5512 "-" "WordPress/6.6.2; https://grupo-seg.com"
185.200.112.241 - - [20/Sep/2026:06:01:52 +0200] "GET /wp-login.php HTTP/1.1" 200 13732 "-" "Mozilla/5.0 (Windows NT 10.0; Win64; x64) AppleWebKit/537.36 (KHTML, like Gecko) Chrome/151.0.0.0 Safari/537.36"
89.248.107.232 - - [20/Sep/2026:06:01:53 +0200] "POST /wp-admin/admin-ajax.php?action=async_litespeed&nonce=c23640a689&litespeed_type=imgoptm HTTP/1.1" 200 5698 "-" "WordPress/6.6.2; https://grupo-seg.com"
185.200.112.241 - - [20/Sep/2026:06:01:54 +0200] "POST /wp-login.php HTTP/1.1" 200 14223 "https://grupo-seg.com/wp-login.php" "Mozilla/5.0 (Windows NT 10.0; Win64; x64) AppleWebKit/537.36 (KHTML, like Gecko) Chrome/151.0.0.0 Safari/537.36"
89.248.107.232 - - [20/Sep/2026:06:03:15 +0200] "POST /wp-cron.php?doing_wp_cron=1789876995.1049261093139648437500 HTTP/1.1" 200 5512 "-" "WordPress/6.6.2; https://grupo-seg.com"
82.156.116.86 - - [20/Sep/2026:06:03:14 +0200] "GET / HTTP/1.1" 301 5612 "http://alben4000.com" "Mozilla/5.0 (iPhone; CPU iPhone OS 13_2_3 like Mac OS X) AppleWebKit/605.1.15 (KHTML, like Gecko) Version/13.0.3 Mobile/15E148 Safari/604.1"
89.248.107.232 - - [20/Sep/2026:06:03:15 +0200] "POST /wp-admin/admin-ajax.php?action=async_litespeed&nonce=c23640a689&litespeed_type=imgoptm HTTP/1.1" 200 5698 "-" "WordPress/6.6.2; https://grupo-seg.com"
89.248.107.232 - - [20/Sep/2026:06:04:54 +0200] "POST /wp-cron.php?doing_wp_cron=1789877093.9986600875854492187500 HTTP/1.1" 200 5512 "-" "WordPress/6.6.2; https://grupo-seg.com"
162.62.231.139 - - [20/Sep/2026:06:04:53 +0200] "GET / HTTP/1.1" 200 157019 "https://seg-sa.es/" "Mozilla/5.0 (iPhone; CPU iPhone OS 13_2_3 like Mac OS X) AppleWebKit/605.1.15 (KHTML, like Gecko) Version/13.0.3 Mobile/15E148 Safari/604.1"
89.248.107.232 - - [20/Sep/2026:06:04:54 +0200] "POST /wp-admin/admin-ajax.php?action=async_litespeed&nonce=c23640a689&litespeed_type=imgoptm HTTP/1.1" 200 5698 "-" "WordPress/6.6.2; https://grupo-seg.com"
89.248.107.232 - - [20/Sep/2026:06:06:07 +0200] "POST /wp-cron.php?doing_wp_cron=1789877167.4297559261322021484375 HTTP/1.1" 200 5512 "-" "WordPress/6.6.2; https://grupo-seg.com"
207.46.13.141 - - [20/Sep/2026:06:06:06 +0200] "GET /npsi1368956etimtsim.html HTTP/1.1" 404 97421 "-" "Mozilla/5.0 AppleWebKit/537.36 (KHTML, like Gecko; compatible; bingbot/2.0; +http://www.bing.com/bingbot.htm) Chrome/116.0.1938.76 Safari/537.36"
89.248.107.232 - - [20/Sep/2026:06:06:08 +0200] "POST /wp-admin/admin-ajax.php?action=async_litespeed&nonce=c23640a689&litespeed_type=imgoptm HTTP/1.1" 200 5698 "-" "WordPress/6.6.2; https://grupo-seg.com"
89.248.107.232 - - [20/Sep/2026:06:06:44 +0200] "POST /wp-cron.php?doing_wp_cron=1789877204.4096839427947998046875 HTTP/1.1" 200 5512 "-" "WordPress/6.6.2; https://grupo-seg.com"
35.198.113.100 - - [20/Sep/2026:06:06:43 +0200] "GET /robots.txt HTTP/1.1" 200 5679 "-" "LinkupBot/1.0 (LinkupBot for web indexing; https://linkup.so/bot; bot@linkup.so)"
89.248.107.232 - - [20/Sep/2026:06:06:45 +0200] "POST /wp-admin/admin-ajax.php?action=async_litespeed&nonce=c23640a689&litespeed_type=imgoptm HTTP/1.1" 200 5698 "-" "WordPress/6.6.2; https://grupo-seg.com"
35.198.113.100 - - [20/Sep/2026:06:06:44 +0200] "GET /continua-la-ejecucion-del-tunel-tres-bocas-en-paraguay/ HTTP/1.1" 200 122710 "-" "LinkupBot/1.0 (LinkupBot for web indexing; https://linkup.so/bot; bot@linkup.so)"
89.248.107.232 - - [20/Sep/2026:06:07:01 +0200] "POST /wp-cron.php?doing_wp_cron=1789877221.8118751049041748046875 HTTP/1.1" 200 5512 "-" "WordPress/6.6.2; https://grupo-seg.com"
35.198.113.100 - - [20/Sep/2026:06:07:01 +0200] "GET /portfolio/estudio-de-preinversion-del-proyecto-construccion-y-ampliacion-del-sistema-de-irrigacion-integral-acora-totorani/ HTTP/1.1" 200 117643 "-" "LinkupBot/1.0 (LinkupBot for web indexing; https://linkup.so/bot; bot@linkup.so)"
89.248.107.232 - - [20/Sep/2026:06:07:04 +0200] "POST /wp-cron.php?doing_wp_cron=1789877224.7449989318847656250000 HTTP/1.1" 200 5512 "-" "WordPress/6.6.2; https://grupo-seg.com"
157.55.39.201 - - [20/Sep/2026:06:07:04 +0200] "GET /rmsy715693siddidp/stooosg.htm HTTP/1.1" 301 5688 "-" "Mozilla/5.0 AppleWebKit/537.36 (KHTML, like Gecko; compatible; bingbot/2.0; +http://www.bing.com/bingbot.htm) Chrome/116.0.1938.76 Safari/537.36"
35.198.113.100 - - [20/Sep/2026:06:07:04 +0200] "GET /category/actualidad/noticias/ HTTP/1.1" 200 116724 "-" "LinkupBot/1.0 (LinkupBot for web indexing; https://linkup.so/bot; bot@linkup.so)"
35.198.113.100 - - [20/Sep/2026:06:07:06 +0200] "GET /en/portfolio/feasibility-study-for-the-improvement-of-urban-and-interurban-roadways-in-the-city-of-san-lorenzo/ HTTP/1.1" 200 117869 "-" "LinkupBot/1.0 (LinkupBot for web indexing; https://linkup.so/bot; bot@linkup.so)"
35.198.113.100 - - [20/Sep/2026:06:07:09 +0200] "GET /en/own-elaboration-and-three-bocas-road-project/ HTTP/1.1" 200 131153 "-" "LinkupBot/1.0 (LinkupBot for web indexing; https://linkup.so/bot; bot@linkup.so)"
89.248.107.232 - - [20/Sep/2026:06:09:19 +0200] "POST /wp-cron.php?doing_wp_cron=1789877359.4270610809326171875000 HTTP/1.1" 200 5512 "-" "WordPress/6.6.2; https://grupo-seg.com"
51.8.102.10 - - [20/Sep/2026:06:09:18 +0200] "GET /robots.txt HTTP/1.1" 301 5576 "-" "Mozilla/5.0 (Macintosh; Intel Mac OS X 10_15_7) AppleWebKit/537.36 (KHTML, like Gecko) Chrome/131.0.0.0 Safari/537.36; compatible; OAI-SearchBot/1.0; +https://openai.com/searchbot"
51.8.102.16 - - [20/Sep/2026:06:09:20 +0200] "GET /robots.txt HTTP/1.1" 200 5679 "-" "Mozilla/5.0 (Macintosh; Intel Mac OS X 10_15_7) AppleWebKit/537.36 (KHTML, like Gecko) Chrome/131.0.0.0 Safari/537.36; compatible; OAI-SearchBot/1.0; +https://openai.com/searchbot"
89.248.107.232 - - [20/Sep/2026:06:09:20 +0200] "POST /wp-admin/admin-ajax.php?action=async_litespeed&nonce=c23640a689&litespeed_type=imgoptm HTTP/1.1" 200 5698 "-" "WordPress/6.6.2; https://grupo-seg.com"
89.248.107.232 - - [20/Sep/2026:06:10:24 +0200] "POST /wp-cron.php?doing_wp_cron=1789877424.0850410461425781250000 HTTP/1.1" 200 5512 "-" "WordPress/6.6.2; https://grupo-seg.com"
57.141.22.7 - - [20/Sep/2026:06:10:23 +0200] "GET /sitemap.xml HTTP/1.1" 302 5555 "-" "Mozilla/5.0 (Macintosh; Intel Mac OS X 10_15_7) AppleWebKit/537.36 (KHTML, like Gecko) Chrome/145.0.0.0 Safari/537.36 (compatible; meta-webindexer/1.1 (+https://developers.facebook.com/docs/sharing/webmasters/crawler))"
89.248.107.232 - - [20/Sep/2026:06:10:24 +0200] "POST /wp-admin/admin-ajax.php?action=async_litespeed&nonce=c23640a689&litespeed_type=imgoptm HTTP/1.1" 200 5698 "-" "WordPress/6.6.2; https://grupo-seg.com"
89.248.107.232 - - [20/Sep/2026:06:10:26 +0200] "POST /wp-cron.php?doing_wp_cron=1789877426.8441100120544433593750 HTTP/1.1" 200 5512 "-" "WordPress/6.6.2; https://grupo-seg.com"
57.141.22.52 - - [20/Sep/2026:06:10:26 +0200] "GET /wp-sitemap.xml HTTP/1.1" 200 6217 "-" "Mozilla/5.0 (Macintosh; Intel Mac OS X 10_15_7) AppleWebKit/537.36 (KHTML, like Gecko) Chrome/145.0.0.0 Safari/537.36 (compatible; meta-webindexer/1.1 (+https://developers.facebook.com/docs/sharing/webmasters/crawler))"
89.248.107.232 - - [20/Sep/2026:06:10:27 +0200] "POST /wp-admin/admin-ajax.php?action=async_litespeed&nonce=c23640a689&litespeed_type=imgoptm HTTP/1.1" 200 5698 "-" "WordPress/6.6.2; https://grupo-seg.com"
89.248.107.232 - - [20/Sep/2026:06:13:53 +0200] "POST /wp-cron.php?doing_wp_cron=1789877633.6659688949584960937500 HTTP/1.1" 200 5512 "-" "WordPress/6.6.2; https://grupo-seg.com"
198.244.183.156 - - [20/Sep/2026:06:13:53 +0200] "GET /wp-sitemap.xml HTTP/1.1" 200 6217 "-" "Mozilla/5.0 (compatible; AhrefsBot/7.0; +http://ahrefs.com/robot/)"
54.38.147.247 - - [20/Sep/2026:06:13:54 +0200] "GET /wp-sitemap-posts-post-1.xml HTTP/1.1" 200 8170 "-" "Mozilla/5.0 (compatible; AhrefsBot/7.0; +http://ahrefs.com/robot/)"
89.248.107.232 - - [20/Sep/2026:06:13:54 +0200] "POST /wp-admin/admin-ajax.php?action=async_litespeed&nonce=c23640a689&litespeed_type=imgoptm HTTP/1.1" 200 5698 "-" "WordPress/6.6.2; https://grupo-seg.com"
89.248.107.232 - - [20/Sep/2026:06:14:00 +0200] "POST /wp-cron.php?doing_wp_cron=1789877640.3694810867309570312500 HTTP/1.1" 200 5512 "-" "WordPress/6.6.2; https://grupo-seg.com"
198.244.240.209 - - [20/Sep/2026:06:14:00 +0200] "GET /wp-sitemap-posts-page-1.xml HTTP/1.1" 200 9189 "-" "Mozilla/5.0 (compatible; AhrefsBot/7.0; +http://ahrefs.com/robot/)"
51.195.215.101 - - [20/Sep/2026:06:14:01 +0200] "GET /wp-sitemap-posts-portfolio-1.xml HTTP/1.1" 200 17286 "-" "Mozilla/5.0 (compatible; AhrefsBot/7.0; +http://ahrefs.com/robot/)"
198.244.168.213 - - [20/Sep/2026:06:14:02 +0200] "GET /wp-sitemap-posts-mgeo_map-1.xml HTTP/1.1" 200 6011 "-" "Mozilla/5.0 (compatible; AhrefsBot/7.0; +http://ahrefs.com/robot/)"
89.248.107.232 - - [20/Sep/2026:06:14:03 +0200] "POST /wp-cron.php?doing_wp_cron=1789877643.4782919883728027343750 HTTP/1.1" 200 5512 "-" "WordPress/6.6.2; https://grupo-seg.com"
51.195.183.192 - - [20/Sep/2026:06:14:03 +0200] "GET /wp-sitemap-taxonomies-category-1.xml HTTP/1.1" 200 6256 "-" "Mozilla/5.0 (compatible; AhrefsBot/7.0; +http://ahrefs.com/robot/)"
198.244.242.69 - - [20/Sep/2026:06:14:04 +0200] "GET /wp-sitemap-taxonomies-project-type-1.xml HTTP/1.1" 200 6924 "-" "Mozilla/5.0 (compatible; AhrefsBot/7.0; +http://ahrefs.com/robot/)"
89.248.107.232 - - [20/Sep/2026:06:14:34 +0200] "POST /wp-cron.php?doing_wp_cron=1789877674.7422959804534912109375 HTTP/1.1" 200 5512 "-" "WordPress/6.6.2; https://grupo-seg.com"
94.208.196.113 - - [20/Sep/2026:06:14:34 +0200] "GET /wp-login.php HTTP/1.1" 200 13732 "https://seg-sa.es/" "Mozilla/5.0 (Windows NT 10.0; Win64; x64) AppleWebKit/537.36 (KHTML, like Gecko) Chrome/151.0.0.0 Safari/537.36"
89.248.107.232 - - [20/Sep/2026:06:14:35 +0200] "POST /wp-admin/admin-ajax.php?action=async_litespeed&nonce=c23640a689&litespeed_type=imgoptm HTTP/1.1" 200 5698 "-" "WordPress/6.6.2; https://grupo-seg.com"
94.208.196.113 - - [20/Sep/2026:06:14:35 +0200] "POST /wp-login.php HTTP/1.1" 503 25291 "https://seg-sa.es/wp-login.php" "Mozilla/5.0 (Windows NT 10.0; Win64; x64) AppleWebKit/537.36 (KHTML, like Gecko) Chrome/151.0.0.0 Safari/537.36"
94.208.196.113 - - [20/Sep/2026:06:14:39 +0200] "POST /wp-login.php HTTP/1.1" 503 24038 "https://seg-sa.es/wp-login.php" "Mozilla/5.0 (Windows NT 10.0; Win64; x64) AppleWebKit/537.36 (KHTML, like Gecko) Chrome/151.0.0.0 Safari/537.36"
94.208.196.113 - - [20/Sep/2026:06:14:42 +0200] "POST /wp-login.php HTTP/1.1" 503 24038 "https://seg-sa.es/wp-login.php" "Mozilla/5.0 (Windows NT 10.0; Win64; x64) AppleWebKit/537.36 (KHTML, like Gecko) Chrome/151.0.0.0 Safari/537.36"
89.248.107.232 - - [20/Sep/2026:06:15:16 +0200] "POST /?wordfence_syncAttackData=1789877716.4654 HTTP/1.1" 200 5452 "-" "WordPress/6.6.2; https://grupo-seg.com"
89.248.107.232 - - [20/Sep/2026:06:15:17 +0200] "POST /wp-cron.php?doing_wp_cron=1789877717.0402228832244873046875 HTTP/1.1" 200 5512 "-" "WordPress/6.6.2; https://grupo-seg.com"
35.205.89.72 - - [20/Sep/2026:06:15:16 +0200] "GET /pagina-ejemplo/feed/ HTTP/1.1" 200 6619 "-" "okhttp/4.12.0"
35.205.89.72 - - [20/Sep/2026:06:15:17 +0200] "GET /wp-sitemap.xml HTTP/1.1" 200 6217 "-" "okhttp/4.12.0"
35.205.89.72 - - [20/Sep/2026:06:15:17 +0200] "GET /wp-sitemap-posts-post-1.xml HTTP/1.1" 200 8170 "-" "okhttp/4.12.0"
35.205.89.72 - - [20/Sep/2026:06:15:18 +0200] "GET /wp-sitemap-posts-page-1.xml HTTP/1.1" 200 9189 "-" "okhttp/4.12.0"
35.205.89.72 - - [20/Sep/2026:06:15:18 +0200] "GET /wp-sitemap-posts-portfolio-1.xml HTTP/1.1" 200 17286 "-" "okhttp/4.12.0"
35.205.89.72 - - [20/Sep/2026:06:15:18 +0200] "GET /wp-sitemap-posts-mgeo_map-1.xml HTTP/1.1" 200 6011 "-" "okhttp/4.12.0"
35.205.89.72 - - [20/Sep/2026:06:15:19 +0200] "GET /wp-sitemap-taxonomies-category-1.xml HTTP/1.1" 200 6256 "-" "okhttp/4.12.0"
35.205.89.72 - - [20/Sep/2026:06:15:19 +0200] "GET /wp-sitemap-taxonomies-project-type-1.xml HTTP/1.1" 200 6924 "-" "okhttp/4.12.0"
35.205.89.72 - - [20/Sep/2026:06:15:20 +0200] "GET /feed/ HTTP/1.1" 200 100983 "-" "okhttp/4.12.0"
89.248.107.232 - - [20/Sep/2026:06:17:09 +0200] "POST /wp-cron.php?doing_wp_cron=1789877829.0951631069183349609375 HTTP/1.1" 200 5512 "-" "WordPress/6.6.2; https://grupo-seg.com"
35.198.113.100 - - [20/Sep/2026:06:17:08 +0200] "GET /robots.txt HTTP/1.1" 200 5679 "-" "LinkupBot/1.0 (LinkupBot for web indexing; https://linkup.so/bot; bot@linkup.so)"
89.248.107.232 - - [20/Sep/2026:06:17:09 +0200] "POST /wp-admin/admin-ajax.php?action=async_litespeed&nonce=c23640a689&litespeed_type=imgoptm HTTP/1.1" 200 5698 "-" "WordPress/6.6.2; https://grupo-seg.com"
35.198.113.100 - - [20/Sep/2026:06:17:09 +0200] "GET /en/portfolio/consultancy-for-the-construction-of-the-perimeter-fence-of-the-airports-of-arequipa-ayacucho-juliaca-puerto-maldonado-and-tacna/ HTTP/1.1" 200 118185 "-" "LinkupBot/1.0 (LinkupBot for web indexing; https://linkup.so/bot; bot@linkup.so)"
35.198.113.100 - - [20/Sep/2026:06:17:12 +0200] "GET /category/actualidad/noticias/page/2/ HTTP/1.1" 200 107876 "-" "LinkupBot/1.0 (LinkupBot for web indexing; https://linkup.so/bot; bot@linkup.so)"
89.248.107.232 - - [20/Sep/2026:06:17:42 +0200] "POST /wp-cron.php?doing_wp_cron=1789877862.7511858940124511718750 HTTP/1.1" 200 5512 "-" "WordPress/6.6.2; https://grupo-seg.com"
192.178.4.4 - - [20/Sep/2026:06:17:42 +0200] "GET / HTTP/1.1" 200 157019 "-" "Mozilla/5.0 (Linux; Android 6.0.1; Nexus 5X Build/MMB29P) AppleWebKit/537.36 (KHTML, like Gecko) Chrome/153.0.8010.47 Mobile Safari/537.36 (compatible; Googlebot/2.1; +http://www.google.com/bot.html)"
89.248.107.232 - - [20/Sep/2026:06:17:43 +0200] "POST /wp-admin/admin-ajax.php?action=async_litespeed&nonce=c23640a689&litespeed_type=imgoptm HTTP/1.1" 200 5698 "-" "WordPress/6.6.2; https://grupo-seg.com"
192.178.4.3 - - [20/Sep/2026:06:18:03 +0200] "POST /wp-content/plugins/litespeed-cache/guest.vary.php HTTP/1.1" 403 6501 "https://grupo-seg.com/" "Mozilla/5.0 (Linux; Android 6.0.1; Nexus 5X Build/MMB29P) AppleWebKit/537.36 (KHTML, like Gecko) Chrome/153.0.8010.47 Mobile Safari/537.36 (compatible; Googlebot/2.1; +http://www.google.com/bot.html)"
89.248.107.232 - - [20/Sep/2026:06:18:08 +0200] "POST /wp-cron.php?doing_wp_cron=1789877888.1949710845947265625000 HTTP/1.1" 200 5512 "-" "WordPress/6.6.2; https://grupo-seg.com"
43.130.31.17 - - [20/Sep/2026:06:18:07 +0200] "GET / HTTP/1.1" 301 5612 "http://www.grupo-seg.com" "Mozilla/5.0 (iPhone; CPU iPhone OS 13_2_3 like Mac OS X) AppleWebKit/605.1.15 (KHTML, like Gecko) Version/13.0.3 Mobile/15E148 Safari/604.1"
43.130.31.17 - - [20/Sep/2026:06:18:09 +0200] "GET / HTTP/1.1" 200 156989 "https://www.grupo-seg.com/" "Mozilla/5.0 (iPhone; CPU iPhone OS 13_2_3 like Mac OS X) AppleWebKit/605.1.15 (KHTML, like Gecko) Version/13.0.3 Mobile/15E148 Safari/604.1"
89.248.107.232 - - [20/Sep/2026:06:19:38 +0200] "POST /wp-cron.php?doing_wp_cron=1789877978.2269930839538574218750 HTTP/1.1" 200 5512 "-" "WordPress/6.6.2; https://grupo-seg.com"
192.178.4.3 - - [20/Sep/2026:06:19:37 +0200] "GET / HTTP/1.1" 200 156989 "-" "Mozilla/5.0 (Linux; Android 6.0.1; Nexus 5X Build/MMB29P) AppleWebKit/537.36 (KHTML, like Gecko) Chrome/99.0.4844.84 Mobile Safari/537.36 (compatible; Googlebot/2.1; +http://www.google.com/bot.html)"
89.248.107.232 - - [20/Sep/2026:06:19:38 +0200] "POST /wp-admin/admin-ajax.php?action=async_litespeed&nonce=c23640a689&litespeed_type=imgoptm HTTP/1.1" 200 5698 "-" "WordPress/6.6.2; https://grupo-seg.com"
192.178.4.4 - - [20/Sep/2026:06:19:39 +0200] "GET / HTTP/1.1" 200 165847 "-" "Mozilla/5.0 (compatible; Googlebot/2.1; +http://www.google.com/bot.html)"
89.248.107.232 - - [20/Sep/2026:06:22:36 +0200] "POST /wp-cron.php?doing_wp_cron=1789878156.4043679237365722656250 HTTP/1.1" 200 5512 "-" "WordPress/6.6.2; https://grupo-seg.com"
34.198.2.0 - - [20/Sep/2026:06:22:36 +0200] "GET /robots.txt HTTP/1.1" 301 5576 "-" "Mozilla/5.0 (Macintosh; Intel Mac OS X 10_10_1) AppleWebKit/600.2.5 (KHTML, like Gecko) Version/8.0.2 Safari/600.2.5 (Gort)"
3.226.202.248 - - [20/Sep/2026:06:22:36 +0200] "GET /robots.txt HTTP/1.1" 200 5679 "-" "Mozilla/5.0 (Macintosh; Intel Mac OS X 10_10_1) AppleWebKit/600.2.5 (KHTML, like Gecko) Version/8.0.2 Safari/600.2.5 (Gort)"
109.234.26.46 - - [20/Sep/2026:06:22:37 +0200] "GET /en/renovation-of-line-9-of-the-madrid-metro HTTP/1.1" 301 5610 "https://grupo-seg.com/" "Mozilla/5.0 (Windows NT 6.3; Win64; x64) AppleWebKit/537.36 (KHTML, like Gecko) Chrome/74.0.2969.196 Safari/537.36"
89.248.107.232 - - [20/Sep/2026:06:22:37 +0200] "POST /wp-admin/admin-ajax.php?action=async_litespeed&nonce=c23640a689&litespeed_type=imgoptm HTTP/1.1" 200 5698 "-" "WordPress/6.6.2; https://grupo-seg.com"
109.234.26.46 - - [20/Sep/2026:06:22:38 +0200] "GET /en/renovation-of-line-9-of-the-madrid-metro/ HTTP/1.1" 200 116368 "https://grupo-seg.com/" "Mozilla/5.0 (Windows NT 6.3; Win64; x64) AppleWebKit/537.36 (KHTML, like Gecko) Chrome/74.0.2969.196 Safari/537.36"
89.248.107.232 - - [20/Sep/2026:06:22:42 +0200] "POST /wp-cron.php?doing_wp_cron=1789878162.6324169635772705078125 HTTP/1.1" 200 5512 "-" "WordPress/6.6.2; https://grupo-seg.com"
192.178.4.2 - - [20/Sep/2026:06:22:42 +0200] "GET /news/zyxniforprepsihwteribrtsi-25928.html HTTP/1.1" 404 88607 "-" "Mozilla/5.0 (Linux; Android 6.0.1; Nexus 5X Build/MMB29P) AppleWebKit/537.36 (KHTML, like Gecko) Chrome/153.0.8010.47 Mobile Safari/537.36 (compatible; Googlebot/2.1; +http://www.google.com/bot.html)"
89.248.107.232 - - [20/Sep/2026:06:23:17 +0200] "POST /wp-cron.php?doing_wp_cron=1789878196.9466400146484375000000 HTTP/1.1" 200 5512 "-" "WordPress/6.6.2; https://grupo-seg.com"
172.203.190.129 - - [20/Sep/2026:06:23:16 +0200] "GET /robots.txt HTTP/1.1" 200 5679 "-" "Mozilla/5.0 (Macintosh; Intel Mac OS X 10_15_7) AppleWebKit/537.36 (KHTML, like Gecko) Chrome/131.0.0.0 Safari/537.36; compatible; OAI-SearchBot/1.0; +https://openai.com/searchbot"
207.46.13.52 - - [20/Sep/2026:06:23:23 +0200] "GET /rmsy1264551cistiguproddodod.htm HTTP/1.1" 404 97436 "-" "Mozilla/5.0 AppleWebKit/537.36 (KHTML, like Gecko; compatible; bingbot/2.0; +http://www.bing.com/bingbot.htm) Chrome/116.0.1938.76 Safari/537.36"
89.248.107.232 - - [20/Sep/2026:06:23:26 +0200] "POST /wp-cron.php?doing_wp_cron=1789878206.1621348857879638671875 HTTP/1.1" 200 5512 "-" "WordPress/6.6.2; https://grupo-seg.com"
52.167.144.25 - - [20/Sep/2026:06:23:25 +0200] "GET /htsr663546idisodtoemgs HTTP/1.1" 404 97421 "-" "Mozilla/5.0 AppleWebKit/537.36 (KHTML, like Gecko; compatible; bingbot/2.0; +http://www.bing.com/bingbot.htm) Chrome/116.0.1938.76 Safari/537.36"
207.46.13.52 - - [20/Sep/2026:06:23:25 +0200] "GET /tnsl1255832odstipiestms.html HTTP/1.1" 404 97436 "-" "Mozilla/5.0 AppleWebKit/537.36 (KHTML, like Gecko; compatible; bingbot/2.0; +http://www.bing.com/bingbot.htm) Chrome/116.0.1938.76 Safari/537.36"
89.248.107.232 - - [20/Sep/2026:06:23:26 +0200] "POST /wp-admin/admin-ajax.php?action=async_litespeed&nonce=c23640a689&litespeed_type=imgoptm HTTP/1.1" 200 5698 "-" "WordPress/6.6.2; https://grupo-seg.com"
89.248.107.232 - - [20/Sep/2026:06:24:52 +0200] "POST /wp-cron.php?doing_wp_cron=1789878292.0692698955535888671875 HTTP/1.1" 200 5512 "-" "WordPress/6.6.2; https://grupo-seg.com"
52.167.144.181 - - [20/Sep/2026:06:24:51 +0200] "GET /rmsy660226mdgdsoe/otiis HTTP/1.1" 301 5682 "-" "Mozilla/5.0 AppleWebKit/537.36 (KHTML, like Gecko; compatible; bingbot/2.0; +http://www.bing.com/bingbot.htm) Chrome/116.0.1938.76 Safari/537.36"
89.248.107.232 - - [20/Sep/2026:06:24:52 +0200] "POST /wp-admin/admin-ajax.php?action=async_litespeed&nonce=c23640a689&litespeed_type=imgoptm HTTP/1.1" 200 5698 "-" "WordPress/6.6.2; https://grupo-seg.com"
89.248.107.232 - - [20/Sep/2026:06:25:06 +0200] "POST /wp-cron.php?doing_wp_cron=1789878306.9139790534973144531250 HTTP/1.1" 200 5512 "-" "WordPress/6.6.2; https://grupo-seg.com/en/"
51.89.129.49 - - [20/Sep/2026:06:25:06 +0200] "GET /en/ciudad-esperanza-project-in-arraijan/ HTTP/1.1" 301 5598 "-" "Mozilla/5.0 (compatible; AhrefsBot/7.0; +http://ahrefs.com/robot/)"
89.248.107.232 - - [20/Sep/2026:06:25:40 +0200] "POST /wp-cron.php?doing_wp_cron=1789878340.0582289695739746093750 HTTP/1.1" 200 5512 "-" "WordPress/6.6.2; https://grupo-seg.com"
35.198.113.100 - - [20/Sep/2026:06:25:39 +0200] "GET /robots.txt HTTP/1.1" 200 5679 "-" "LinkupBot/1.0 (LinkupBot for web indexing; https://linkup.so/bot; bot@linkup.so)"
89.248.107.232 - - [20/Sep/2026:06:25:40 +0200] "POST /wp-admin/admin-ajax.php?action=async_litespeed&nonce=c23640a689&litespeed_type=imgoptm HTTP/1.1" 200 5698 "-" "WordPress/6.6.2; https://grupo-seg.com"
35.198.113.100 - - [20/Sep/2026:06:25:40 +0200] "GET /en/portfolio/consultancy-for-the-construction-of-the-perimeter-fence-of-the-airports-of-arequipa-ayacucho-juliaca-puerto-maldonado-and-tacna/ HTTP/1.1" 200 118176 "-" "LinkupBot/1.0 (LinkupBot for web indexing; https://linkup.so/bot; bot@linkup.so)"
156.67.82.53 - - [20/Sep/2026:06:25:40 +0200] "GET /wp-content/uploads/2021/06/Noticia-PNSV-Paraguay-04-1024x461.jpeg HTTP/2.0" 200 78256 "-" "Mozilla/5.0 (Macintosh; Intel Mac OS X 10_15_7) AppleWebKit/537.36 (KHTML, like Gecko) Chrome/123.0.0.0 Safari/537.36"
89.248.107.232 - - [20/Sep/2026:06:25:43 +0200] "POST /wp-cron.php?doing_wp_cron=1789878343.2527239322662353515625 HTTP/1.1" 200 5512 "-" "WordPress/6.6.2; https://grupo-seg.com"
35.198.113.100 - - [20/Sep/2026:06:25:42 +0200] "GET /category/actualidad/noticias/page/2/ HTTP/1.1" 200 107876 "-" "LinkupBot/1.0 (LinkupBot for web indexing; https://linkup.so/bot; bot@linkup.so)"
35.198.113.100 - - [20/Sep/2026:06:25:45 +0200] "GET /portfolio/paso-a-desnivel-enlace-de-guadalupe/ HTTP/1.1" 200 116600 "-" "LinkupBot/1.0 (LinkupBot for web indexing; https://linkup.so/bot; bot@linkup.so)"
35.198.113.100 - - [20/Sep/2026:06:25:49 +0200] "GET /en/portfolio/technical-file-for-the-construction-investment-at-the-mayor-general-fap-armando-revoredo-iglesias-airport-in-cajamarca/ HTTP/1.1" 200 118077 "-" "LinkupBot/1.0 (LinkupBot for web indexing; https://linkup.so/bot; bot@linkup.so)"
35.198.113.100 - - [20/Sep/2026:06:25:51 +0200] "GET /category/argentina/ HTTP/1.1" 200 104305 "-" "LinkupBot/1.0 (LinkupBot for web indexing; https://linkup.so/bot; bot@linkup.so)"
35.198.113.100 - - [20/Sep/2026:06:25:53 +0200] "GET /en/author/roberto/ HTTP/1.1" 200 109346 "-" "LinkupBot/1.0 (LinkupBot for web indexing; https://linkup.so/bot; bot@linkup.so)"
89.248.107.232 - - [20/Sep/2026:06:25:55 +0200] "POST /wp-cron.php?doing_wp_cron=1789878355.6741549968719482421875 HTTP/1.1" 200 5512 "-" "WordPress/6.6.2; https://grupo-seg.com/en/"
35.198.113.100 - - [20/Sep/2026:06:25:55 +0200] "GET /en/countries/nicaragua/ HTTP/1.1" 200 171305 "-" "LinkupBot/1.0 (LinkupBot for web indexing; https://linkup.so/bot; bot@linkup.so)"
35.198.113.100 - - [20/Sep/2026:06:25:57 +0200] "GET /portfolio/ampliacion-desarenadores-en-hidroabanico/ HTTP/1.1" 200 116681 "-" "LinkupBot/1.0 (LinkupBot for web indexing; https://linkup.so/bot; bot@linkup.so)"
89.248.107.232 - - [20/Sep/2026:06:26:03 +0200] "POST /wp-cron.php?doing_wp_cron=1789878363.7274699211120605468750 HTTP/1.1" 200 5512 "-" "WordPress/6.6.2; https://grupo-seg.com"
74.7.241.13 - - [20/Sep/2026:06:26:03 +0200] "GET /wp-sitemap.xml HTTP/1.1" 200 6217 "-" "Mozilla/5.0 AppleWebKit/537.36 (KHTML, like Gecko; compatible; GPTBot/1.4; +https://openai.com/gptbot)"
15.204.182.106 - - [20/Sep/2026:06:26:18 +0200] "GET / HTTP/1.1" 301 5612 "https://www.alben4000.com/" "Mozilla/5.0 (Windows NT 10.0; Win64; x64) AppleWebKit/537.36 (KHTML, like Gecko) Chrome/153.0.0.0 Safari/537.36"
15.204.182.106 - - [20/Sep/2026:06:26:19 +0200] "GET / HTTP/1.1" 200 165847 "https://www.grupo-seg.com/" "Mozilla/5.0 (Windows NT 10.0; Win64; x64) AppleWebKit/537.36 (KHTML, like Gecko) Chrome/153.0.0.0 Safari/537.36"
89.248.107.232 - - [20/Sep/2026:06:27:52 +0200] "POST /wp-cron.php?doing_wp_cron=1789878472.5571229457855224609375 HTTP/1.1" 200 5512 "-" "WordPress/6.6.2; https://grupo-seg.com"
27.72.144.88 - - [20/Sep/2026:06:27:52 +0200] "GET /wp-json/wp/v2/categories/2 HTTP/1.1" 200 6417 "https://grupo-seg.com/" "Mozilla/5.0 (Windows NT 6.3; Win64; x64) AppleWebKit/537.36 (KHTML, like Gecko) Chrome/78.0.3726.64 Safari/537.36"
89.248.107.232 - - [20/Sep/2026:06:27:53 +0200] "POST /wp-admin/admin-ajax.php?action=async_litespeed&nonce=c23640a689&litespeed_type=imgoptm HTTP/1.1" 200 5698 "-" "WordPress/6.6.2; https://grupo-seg.com"
89.248.107.232 - - [20/Sep/2026:06:27:58 +0200] "POST /wp-cron.php?doing_wp_cron=1789878478.7934980392456054687500 HTTP/1.1" 200 5512 "-" "WordPress/6.6.2; https://grupo-seg.com/en/"
31.155.59.26 - - [20/Sep/2026:06:27:58 +0200] "GET /en/countries/bolivia/ HTTP/1.1" 200 174141 "-" "Mozilla/5.0 (Windows NT 10.0; Win64; x64; rv:131.0) Gecko/20100101 Firefox/131.0"
89.248.107.232 - - [20/Sep/2026:06:28:14 +0200] "POST /wp-cron.php?doing_wp_cron=1789878494.5403120517730712890625 HTTP/1.1" 200 5512 "-" "WordPress/6.6.2; https://grupo-seg.com"
157.55.39.58 - - [20/Sep/2026:06:28:14 +0200] "GET /ibsc241203segmoitoddis.htm HTTP/1.1" 404 97436 "-" "Mozilla/5.0 AppleWebKit/537.36 (KHTML, like Gecko; compatible; bingbot/2.0; +http://www.bing.com/bingbot.htm) Chrome/116.0.1938.76 Safari/537.36"
40.77.167.27 - - [20/Sep/2026:06:28:21 +0200] "GET /ozuy647112z412i607t9e8ms35 HTTP/1.1" 404 97436 "-" "Mozilla/5.0 AppleWebKit/537.36 (KHTML, like Gecko; compatible; bingbot/2.0; +http://www.bing.com/bingbot.htm) Chrome/116.0.1938.76 Safari/537.36"
89.248.107.232 - - [20/Sep/2026:06:28:31 +0200] "POST /wp-cron.php?doing_wp_cron=1789878511.0347700119018554687500 HTTP/1.1" 200 5512 "-" "WordPress/6.6.2; https://grupo-seg.com"
207.46.13.52 - - [20/Sep/2026:06:28:30 +0200] "GET /htsr153026z41ei32t69m8s057.html HTTP/1.1" 404 97436 "-" "Mozilla/5.0 AppleWebKit/537.36 (KHTML, like Gecko; compatible; bingbot/2.0; +http://www.bing.com/bingbot.htm) Chrome/116.0.1938.76 Safari/537.36"
89.248.107.232 - - [20/Sep/2026:06:28:31 +0200] "POST /wp-admin/admin-ajax.php?action=async_litespeed&nonce=c23640a689&litespeed_type=imgoptm HTTP/1.1" 200 5698 "-" "WordPress/6.6.2; https://grupo-seg.com"
89.248.107.232 - - [20/Sep/2026:06:28:51 +0200] "POST /wp-cron.php?doing_wp_cron=1789878531.3713850975036621093750 HTTP/1.1" 200 5512 "-" "WordPress/6.6.2; https://grupo-seg.com"
207.46.13.83 - - [20/Sep/2026:06:28:50 +0200] "GET /tsuruyaredesugoru/0004475405.html HTTP/1.1" 301 5692 "-" "Mozilla/5.0 AppleWebKit/537.36 (KHTML, like Gecko; compatible; bingbot/2.0; +http://www.bing.com/bingbot.htm) Chrome/116.0.1938.76 Safari/537.36"
89.248.107.232 - - [20/Sep/2026:06:29:05 +0200] "POST /wp-cron.php?doing_wp_cron=1789878545.4035639762878417968750 HTTP/1.1" 200 5512 "-" "WordPress/6.6.2; https://grupo-seg.com"
40.77.167.130 - - [20/Sep/2026:06:29:04 +0200] "GET /ptse289627imtpt/contacto.html HTTP/1.1" 301 5688 "-" "Mozilla/5.0 AppleWebKit/537.36 (KHTML, like Gecko; compatible; bingbot/2.0; +http://www.bing.com/bingbot.htm) Chrome/116.0.1938.76 Safari/537.36"
